Jul 23 22:26:54.735909 np0000186419 systemd[1]: Starting devstack@n-api-meta.service - Devstack devstack@n-api-meta.service...
Jul 23 22:26:54.744634 np0000186419 devstack@n-api-meta.service[107301]: [uWSGI] getting INI configuration from /etc/nova/nova-metadata-uwsgi.ini
Jul 23 22:26:54.747692 np0000186419 devstack@n-api-meta.service[107301]: *** Starting uWSGI 2.0.24-debian (64bit) on [Thu Jul 23 22:26:54 2026] ***
Jul 23 22:26:54.747692 np0000186419 devstack@n-api-meta.service[107301]: compiled with version: 13.2.0 on 17 April 2024 16:23:48
Jul 23 22:26:54.747692 np0000186419 devstack@n-api-meta.service[107301]: os: Linux-6.8.0-136-generic #136-Ubuntu SMP PREEMPT_DYNAMIC Wed Jul 1 21:53:05 UTC 2026
Jul 23 22:26:54.747692 np0000186419 devstack@n-api-meta.service[107301]: nodename: np0000186419
Jul 23 22:26:54.747692 np0000186419 devstack@n-api-meta.service[107301]: machine: x86_64
Jul 23 22:26:54.747692 np0000186419 devstack@n-api-meta.service[107301]: clock source: unix
Jul 23 22:26:54.747692 np0000186419 devstack@n-api-meta.service[107301]: pcre jit disabled
Jul 23 22:26:54.747692 np0000186419 devstack@n-api-meta.service[107301]: detected number of CPU cores: 16
Jul 23 22:26:54.747692 np0000186419 devstack@n-api-meta.service[107301]: current working directory: /
Jul 23 22:26:54.747692 np0000186419 devstack@n-api-meta.service[107301]: detected binary path: /usr/bin/uwsgi-core
Jul 23 22:26:54.747692 np0000186419 devstack@n-api-meta.service[107301]: your processes number limit is 256916
Jul 23 22:26:54.747692 np0000186419 devstack@n-api-meta.service[107301]: your memory page size is 4096 bytes
Jul 23 22:26:54.747692 np0000186419 devstack@n-api-meta.service[107301]: detected max file descriptor number: 2048
Jul 23 22:26:54.747692 np0000186419 devstack@n-api-meta.service[107301]: lock engine: pthread robust mutexes
Jul 23 22:26:54.748798 np0000186419 devstack@n-api-meta.service[107301]: thunder lock: enabled
Jul 23 22:26:54.748798 np0000186419 devstack@n-api-meta.service[107301]: uWSGI http bound on 0.0.0.0:8775 fd 5
Jul 23 22:26:54.748798 np0000186419 devstack@n-api-meta.service[107301]: uwsgi socket 0 bound to TCP address 127.0.0.1:40121 (port auto-assigned) fd 4
Jul 23 22:26:54.748798 np0000186419 devstack@n-api-meta.service[107301]: Python version: 3.12.3 (main, Jun 19 2026, 12:46:00) [GCC 13.3.0]
Jul 23 22:26:54.748798 np0000186419 devstack@n-api-meta.service[107301]: PEP 405 virtualenv detected: /opt/stack/data/venv
Jul 23 22:26:54.748798 np0000186419 devstack@n-api-meta.service[107301]: Set PythonHome to /opt/stack/data/venv
Jul 23 22:26:54.782884 np0000186419 devstack@n-api-meta.service[107301]: Python main interpreter initialized at 0x7c032b6a4668
Jul 23 22:26:54.782884 np0000186419 devstack@n-api-meta.service[107301]: python threads support enabled
Jul 23 22:26:54.782884 np0000186419 devstack@n-api-meta.service[107301]: your server socket listen backlog is limited to 100 connections
Jul 23 22:26:54.782884 np0000186419 devstack@n-api-meta.service[107301]: your mercy for graceful operations on workers is 80 seconds
Jul 23 22:26:54.783369 np0000186419 devstack@n-api-meta.service[107301]: mapped 671795 bytes (656 KB) for 4 cores
Jul 23 22:26:54.783565 np0000186419 devstack@n-api-meta.service[107301]: *** Operational MODE: preforking ***
Jul 23 22:26:54.783733 np0000186419 devstack@n-api-meta.service[107301]: *** uWSGI is running in multiple interpreter mode ***
Jul 23 22:26:54.783733 np0000186419 devstack@n-api-meta.service[107301]: spawned uWSGI master process (pid: 107301)
Jul 23 22:26:54.783973 np0000186419 systemd[1]: Started devstack@n-api-meta.service - Devstack devstack@n-api-meta.service.
Jul 23 22:26:54.784400 np0000186419 devstack@n-api-meta.service[107301]: spawned uWSGI worker 1 (pid: 107302, cores: 1)
Jul 23 22:26:54.784915 np0000186419 devstack@n-api-meta.service[107301]: spawned uWSGI worker 2 (pid: 107303, cores: 1)
Jul 23 22:26:54.785416 np0000186419 devstack@n-api-meta.service[107301]: spawned uWSGI worker 3 (pid: 107304, cores: 1)
Jul 23 22:26:54.785838 np0000186419 devstack@n-api-meta.service[107301]: spawned uWSGI worker 4 (pid: 107305, cores: 1)
Jul 23 22:26:54.786459 np0000186419 devstack@n-api-meta.service[107301]: spawned uWSGI http 1 (pid: 107306)
Jul 23 22:26:54.786459 np0000186419 devstack@n-api-meta.service[107301]: running "unix_signal:15 gracefully_kill_them_all" (master-start)...
Jul 23 22:26:56.385368 np0000186419 devstack@n-api-meta.service[107303]: INFO dbcounter [None req-d0e1bda1-1df2-475a-9a55-75f0d027b3cb None None] Registered counter for database nova_api
Jul 23 22:26:56.434539 np0000186419 devstack@n-api-meta.service[107303]: DEBUG oslo_db.sqlalchemy.engines [None req-d0e1bda1-1df2-475a-9a55-75f0d027b3cb None None] MySQL server mode set to STRICT_TRANS_TABLES,STRICT_ALL_TABLES,NO_ZERO_IN_DATE,NO_ZERO_DATE,ERROR_FOR_DIVISION_BY_ZERO,TRADITIONAL,NO_ENGINE_SUBSTITUTION {{(pid=107303) _check_effective_sql_mode /opt/stack/data/venv/lib/python3.12/site-packages/oslo_db/sqlalchemy/engines.py:325}}
Jul 23 22:26:56.441828 np0000186419 devstack@n-api-meta.service[107302]: INFO dbcounter [None req-ecf9ef60-8597-42a1-8af6-a113c3b7b8de None None] Registered counter for database nova_api
Jul 23 22:26:56.454057 np0000186419 devstack@n-api-meta.service[107305]: INFO dbcounter [None req-cad74241-a48e-4431-9593-2c8b612dba7f None None] Registered counter for database nova_api
Jul 23 22:26:56.463900 np0000186419 devstack@n-api-meta.service[107304]: INFO dbcounter [None req-48a29453-96e2-4e9f-86fa-046bbe632ec7 None None] Registered counter for database nova_api
Jul 23 22:26:56.468314 np0000186419 devstack@n-api-meta.service[107303]: DEBUG dbcounter [-] [107303] Writer thread running {{(pid=107303) stat_writer /opt/stack/data/venv/lib/python3.12/site-packages/dbcounter.py:102}}
Jul 23 22:26:56.470688 np0000186419 devstack@n-api-meta.service[107303]: DEBUG nova.context [None req-d0e1bda1-1df2-475a-9a55-75f0d027b3cb None None] Found 2 cells: 00000000-0000-0000-0000-000000000000(cell0),ff42dd1c-ec63-4a9f-a464-b98efd37875f(cell1) {{(pid=107303) load_cells /opt/stack/nova/nova/context.py:509}}
Jul 23 22:26:56.470897 np0000186419 devstack@n-api-meta.service[107303]: INFO nova.utils [None req-d0e1bda1-1df2-475a-9a55-75f0d027b3cb None None] The cell worker thread pool MainProcess.cell_worker is initialized
Jul 23 22:26:56.472763 np0000186419 devstack@n-api-meta.service[107303]: DEBUG oslo_concurrency.lockutils [None req-d0e1bda1-1df2-475a-9a55-75f0d027b3cb None None] Acquiring lock "00000000-0000-0000-0000-000000000000" by "nova.context.set_target_cell..get_or_set_cached_cell_and_set_connections" {{(pid=107303) inner /opt/stack/data/venv/lib/python3.12/site-packages/oslo_concurrency/lockutils.py:512}}
Jul 23 22:26:56.472927 np0000186419 devstack@n-api-meta.service[107303]: DEBUG oslo_concurrency.lockutils [None req-d0e1bda1-1df2-475a-9a55-75f0d027b3cb None None] Lock "00000000-0000-0000-0000-000000000000" acquired by "nova.context.set_target_cell..get_or_set_cached_cell_and_set_connections" :: waited 0.000s {{(pid=107303) inner /opt/stack/data/venv/lib/python3.12/site-packages/oslo_concurrency/lockutils.py:525}}
Jul 23 22:26:56.473306 np0000186419 devstack@n-api-meta.service[107303]: DEBUG oslo_concurrency.lockutils [None req-d0e1bda1-1df2-475a-9a55-75f0d027b3cb None None] Lock "00000000-0000-0000-0000-000000000000" "released" by "nova.context.set_target_cell..get_or_set_cached_cell_and_set_connections" :: held 0.000s {{(pid=107303) inner /opt/stack/data/venv/lib/python3.12/site-packages/oslo_concurrency/lockutils.py:544}}
Jul 23 22:26:56.474181 np0000186419 devstack@n-api-meta.service[107303]: DEBUG oslo_concurrency.lockutils [None req-d0e1bda1-1df2-475a-9a55-75f0d027b3cb None None] Acquiring lock "ff42dd1c-ec63-4a9f-a464-b98efd37875f" by "nova.context.set_target_cell..get_or_set_cached_cell_and_set_connections" {{(pid=107303) inner /opt/stack/data/venv/lib/python3.12/site-packages/oslo_concurrency/lockutils.py:512}}
Jul 23 22:26:56.474339 np0000186419 devstack@n-api-meta.service[107303]: DEBUG oslo_concurrency.lockutils [None req-d0e1bda1-1df2-475a-9a55-75f0d027b3cb None None] Lock "ff42dd1c-ec63-4a9f-a464-b98efd37875f" acquired by "nova.context.set_target_cell..get_or_set_cached_cell_and_set_connections" :: waited 0.000s {{(pid=107303) inner /opt/stack/data/venv/lib/python3.12/site-packages/oslo_concurrency/lockutils.py:525}}
Jul 23 22:26:56.475427 np0000186419 devstack@n-api-meta.service[107303]: DEBUG oslo_concurrency.lockutils [None req-d0e1bda1-1df2-475a-9a55-75f0d027b3cb None None] Lock "ff42dd1c-ec63-4a9f-a464-b98efd37875f" "released" by "nova.context.set_target_cell..get_or_set_cached_cell_and_set_connections" :: held 0.001s {{(pid=107303) inner /opt/stack/data/venv/lib/python3.12/site-packages/oslo_concurrency/lockutils.py:544}}
Jul 23 22:26:56.477734 np0000186419 devstack@n-api-meta.service[107303]: INFO dbcounter [None req-d0e1bda1-1df2-475a-9a55-75f0d027b3cb None None] Registered counter for database nova_cell0
Jul 23 22:26:56.484208 np0000186419 devstack@n-api-meta.service[107303]: INFO dbcounter [None req-d0e1bda1-1df2-475a-9a55-75f0d027b3cb None None] Registered counter for database nova_cell1
Jul 23 22:26:56.493194 np0000186419 devstack@n-api-meta.service[107302]: DEBUG oslo_db.sqlalchemy.engines [None req-ecf9ef60-8597-42a1-8af6-a113c3b7b8de None None] MySQL server mode set to STRICT_TRANS_TABLES,STRICT_ALL_TABLES,NO_ZERO_IN_DATE,NO_ZERO_DATE,ERROR_FOR_DIVISION_BY_ZERO,TRADITIONAL,NO_ENGINE_SUBSTITUTION {{(pid=107302) _check_effective_sql_mode /opt/stack/data/venv/lib/python3.12/site-packages/oslo_db/sqlalchemy/engines.py:325}}
Jul 23 22:26:56.502072 np0000186419 devstack@n-api-meta.service[107305]: DEBUG oslo_db.sqlalchemy.engines [None req-cad74241-a48e-4431-9593-2c8b612dba7f None None] MySQL server mode set to STRICT_TRANS_TABLES,STRICT_ALL_TABLES,NO_ZERO_IN_DATE,NO_ZERO_DATE,ERROR_FOR_DIVISION_BY_ZERO,TRADITIONAL,NO_ENGINE_SUBSTITUTION {{(pid=107305) _check_effective_sql_mode /opt/stack/data/venv/lib/python3.12/site-packages/oslo_db/sqlalchemy/engines.py:325}}
Jul 23 22:26:56.512286 np0000186419 devstack@n-api-meta.service[107304]: DEBUG oslo_db.sqlalchemy.engines [None req-48a29453-96e2-4e9f-86fa-046bbe632ec7 None None] MySQL server mode set to STRICT_TRANS_TABLES,STRICT_ALL_TABLES,NO_ZERO_IN_DATE,NO_ZERO_DATE,ERROR_FOR_DIVISION_BY_ZERO,TRADITIONAL,NO_ENGINE_SUBSTITUTION {{(pid=107304) _check_effective_sql_mode /opt/stack/data/venv/lib/python3.12/site-packages/oslo_db/sqlalchemy/engines.py:325}}
Jul 23 22:26:56.534225 np0000186419 devstack@n-api-meta.service[107303]: DEBUG oslo_db.sqlalchemy.engines [None req-d0e1bda1-1df2-475a-9a55-75f0d027b3cb None None] MySQL server mode set to STRICT_TRANS_TABLES,STRICT_ALL_TABLES,NO_ZERO_IN_DATE,NO_ZERO_DATE,ERROR_FOR_DIVISION_BY_ZERO,TRADITIONAL,NO_ENGINE_SUBSTITUTION {{(pid=107303) _check_effective_sql_mode /opt/stack/data/venv/lib/python3.12/site-packages/oslo_db/sqlalchemy/engines.py:325}}
Jul 23 22:26:56.534485 np0000186419 devstack@n-api-meta.service[107305]: DEBUG dbcounter [-] [107305] Writer thread running {{(pid=107305) stat_writer /opt/stack/data/venv/lib/python3.12/site-packages/dbcounter.py:102}}
Jul 23 22:26:56.535664 np0000186419 devstack@n-api-meta.service[107302]: DEBUG dbcounter [-] [107302] Writer thread running {{(pid=107302) stat_writer /opt/stack/data/venv/lib/python3.12/site-packages/dbcounter.py:102}}
Jul 23 22:26:56.536796 np0000186419 devstack@n-api-meta.service[107305]: DEBUG nova.context [None req-cad74241-a48e-4431-9593-2c8b612dba7f None None] Found 2 cells: 00000000-0000-0000-0000-000000000000(cell0),ff42dd1c-ec63-4a9f-a464-b98efd37875f(cell1) {{(pid=107305) load_cells /opt/stack/nova/nova/context.py:509}}
Jul 23 22:26:56.537002 np0000186419 devstack@n-api-meta.service[107305]: INFO nova.utils [None req-cad74241-a48e-4431-9593-2c8b612dba7f None None] The cell worker thread pool MainProcess.cell_worker is initialized
Jul 23 22:26:56.539165 np0000186419 devstack@n-api-meta.service[107302]: DEBUG nova.context [None req-ecf9ef60-8597-42a1-8af6-a113c3b7b8de None None] Found 2 cells: 00000000-0000-0000-0000-000000000000(cell0),ff42dd1c-ec63-4a9f-a464-b98efd37875f(cell1) {{(pid=107302) load_cells /opt/stack/nova/nova/context.py:509}}
Jul 23 22:26:56.539238 np0000186419 devstack@n-api-meta.service[107305]: DEBUG oslo_concurrency.lockutils [None req-cad74241-a48e-4431-9593-2c8b612dba7f None None] Acquiring lock "00000000-0000-0000-0000-000000000000" by "nova.context.set_target_cell..get_or_set_cached_cell_and_set_connections" {{(pid=107305) inner /opt/stack/data/venv/lib/python3.12/site-packages/oslo_concurrency/lockutils.py:512}}
Jul 23 22:26:56.539348 np0000186419 devstack@n-api-meta.service[107302]: INFO nova.utils [None req-ecf9ef60-8597-42a1-8af6-a113c3b7b8de None None] The cell worker thread pool MainProcess.cell_worker is initialized
Jul 23 22:26:56.539404 np0000186419 devstack@n-api-meta.service[107305]: DEBUG oslo_concurrency.lockutils [None req-cad74241-a48e-4431-9593-2c8b612dba7f None None] Lock "00000000-0000-0000-0000-000000000000" acquired by "nova.context.set_target_cell..get_or_set_cached_cell_and_set_connections" :: waited 0.000s {{(pid=107305) inner /opt/stack/data/venv/lib/python3.12/site-packages/oslo_concurrency/lockutils.py:525}}
Jul 23 22:26:56.539404 np0000186419 devstack@n-api-meta.service[107305]: DEBUG oslo_concurrency.lockutils [None req-cad74241-a48e-4431-9593-2c8b612dba7f None None] Lock "00000000-0000-0000-0000-000000000000" "released" by "nova.context.set_target_cell..get_or_set_cached_cell_and_set_connections" :: held 0.000s {{(pid=107305) inner /opt/stack/data/venv/lib/python3.12/site-packages/oslo_concurrency/lockutils.py:544}}
Jul 23 22:26:56.539987 np0000186419 devstack@n-api-meta.service[107305]: DEBUG oslo_concurrency.lockutils [None req-cad74241-a48e-4431-9593-2c8b612dba7f None None] Acquiring lock "ff42dd1c-ec63-4a9f-a464-b98efd37875f" by "nova.context.set_target_cell..get_or_set_cached_cell_and_set_connections" {{(pid=107305) inner /opt/stack/data/venv/lib/python3.12/site-packages/oslo_concurrency/lockutils.py:512}}
Jul 23 22:26:56.540121 np0000186419 devstack@n-api-meta.service[107305]: DEBUG oslo_concurrency.lockutils [None req-cad74241-a48e-4431-9593-2c8b612dba7f None None] Lock "ff42dd1c-ec63-4a9f-a464-b98efd37875f" acquired by "nova.context.set_target_cell..get_or_set_cached_cell_and_set_connections" :: waited 0.000s {{(pid=107305) inner /opt/stack/data/venv/lib/python3.12/site-packages/oslo_concurrency/lockutils.py:525}}
Jul 23 22:26:56.540993 np0000186419 devstack@n-api-meta.service[107305]: DEBUG oslo_concurrency.lockutils [None req-cad74241-a48e-4431-9593-2c8b612dba7f None None] Lock "ff42dd1c-ec63-4a9f-a464-b98efd37875f" "released" by "nova.context.set_target_cell..get_or_set_cached_cell_and_set_connections" :: held 0.001s {{(pid=107305) inner /opt/stack/data/venv/lib/python3.12/site-packages/oslo_concurrency/lockutils.py:544}}
Jul 23 22:26:56.541308 np0000186419 devstack@n-api-meta.service[107302]: DEBUG oslo_concurrency.lockutils [None req-ecf9ef60-8597-42a1-8af6-a113c3b7b8de None None] Acquiring lock "00000000-0000-0000-0000-000000000000" by "nova.context.set_target_cell..get_or_set_cached_cell_and_set_connections" {{(pid=107302) inner /opt/stack/data/venv/lib/python3.12/site-packages/oslo_concurrency/lockutils.py:512}}
Jul 23 22:26:56.541572 np0000186419 devstack@n-api-meta.service[107302]: DEBUG oslo_concurrency.lockutils [None req-ecf9ef60-8597-42a1-8af6-a113c3b7b8de None None] Lock "00000000-0000-0000-0000-000000000000" acquired by "nova.context.set_target_cell..get_or_set_cached_cell_and_set_connections" :: waited 0.000s {{(pid=107302) inner /opt/stack/data/venv/lib/python3.12/site-packages/oslo_concurrency/lockutils.py:525}}
Jul 23 22:26:56.542256 np0000186419 devstack@n-api-meta.service[107302]: DEBUG oslo_concurrency.lockutils [None req-ecf9ef60-8597-42a1-8af6-a113c3b7b8de None None] Lock "00000000-0000-0000-0000-000000000000" "released" by "nova.context.set_target_cell..get_or_set_cached_cell_and_set_connections" :: held 0.001s {{(pid=107302) inner /opt/stack/data/venv/lib/python3.12/site-packages/oslo_concurrency/lockutils.py:544}}
Jul 23 22:26:56.543114 np0000186419 devstack@n-api-meta.service[107302]: DEBUG oslo_concurrency.lockutils [None req-ecf9ef60-8597-42a1-8af6-a113c3b7b8de None None] Acquiring lock "ff42dd1c-ec63-4a9f-a464-b98efd37875f" by "nova.context.set_target_cell..get_or_set_cached_cell_and_set_connections" {{(pid=107302) inner /opt/stack/data/venv/lib/python3.12/site-packages/oslo_concurrency/lockutils.py:512}}
Jul 23 22:26:56.543359 np0000186419 devstack@n-api-meta.service[107302]: DEBUG oslo_concurrency.lockutils [None req-ecf9ef60-8597-42a1-8af6-a113c3b7b8de None None] Lock "ff42dd1c-ec63-4a9f-a464-b98efd37875f" acquired by "nova.context.set_target_cell..get_or_set_cached_cell_and_set_connections" :: waited 0.000s {{(pid=107302) inner /opt/stack/data/venv/lib/python3.12/site-packages/oslo_concurrency/lockutils.py:525}}
Jul 23 22:26:56.544597 np0000186419 devstack@n-api-meta.service[107302]: DEBUG oslo_concurrency.lockutils [None req-ecf9ef60-8597-42a1-8af6-a113c3b7b8de None None] Lock "ff42dd1c-ec63-4a9f-a464-b98efd37875f" "released" by "nova.context.set_target_cell..get_or_set_cached_cell_and_set_connections" :: held 0.001s {{(pid=107302) inner /opt/stack/data/venv/lib/python3.12/site-packages/oslo_concurrency/lockutils.py:544}}
Jul 23 22:26:56.544702 np0000186419 devstack@n-api-meta.service[107304]: DEBUG dbcounter [-] [107304] Writer thread running {{(pid=107304) stat_writer /opt/stack/data/venv/lib/python3.12/site-packages/dbcounter.py:102}}
Jul 23 22:26:56.544792 np0000186419 devstack@n-api-meta.service[107305]: INFO dbcounter [None req-cad74241-a48e-4431-9593-2c8b612dba7f None None] Registered counter for database nova_cell0
Jul 23 22:26:56.547078 np0000186419 devstack@n-api-meta.service[107304]: DEBUG nova.context [None req-48a29453-96e2-4e9f-86fa-046bbe632ec7 None None] Found 2 cells: 00000000-0000-0000-0000-000000000000(cell0),ff42dd1c-ec63-4a9f-a464-b98efd37875f(cell1) {{(pid=107304) load_cells /opt/stack/nova/nova/context.py:509}}
Jul 23 22:26:56.547302 np0000186419 devstack@n-api-meta.service[107304]: INFO nova.utils [None req-48a29453-96e2-4e9f-86fa-046bbe632ec7 None None] The cell worker thread pool MainProcess.cell_worker is initialized
Jul 23 22:26:56.547801 np0000186419 devstack@n-api-meta.service[107302]: INFO dbcounter [None req-ecf9ef60-8597-42a1-8af6-a113c3b7b8de None None] Registered counter for database nova_cell0
Jul 23 22:26:56.549075 np0000186419 devstack@n-api-meta.service[107304]: DEBUG oslo_concurrency.lockutils [None req-48a29453-96e2-4e9f-86fa-046bbe632ec7 None None] Acquiring lock "00000000-0000-0000-0000-000000000000" by "nova.context.set_target_cell..get_or_set_cached_cell_and_set_connections" {{(pid=107304) inner /opt/stack/data/venv/lib/python3.12/site-packages/oslo_concurrency/lockutils.py:512}}
Jul 23 22:26:56.549256 np0000186419 devstack@n-api-meta.service[107304]: DEBUG oslo_concurrency.lockutils [None req-48a29453-96e2-4e9f-86fa-046bbe632ec7 None None] Lock "00000000-0000-0000-0000-000000000000" acquired by "nova.context.set_target_cell..get_or_set_cached_cell_and_set_connections" :: waited 0.000s {{(pid=107304) inner /opt/stack/data/venv/lib/python3.12/site-packages/oslo_concurrency/lockutils.py:525}}
Jul 23 22:26:56.549657 np0000186419 devstack@n-api-meta.service[107304]: DEBUG oslo_concurrency.lockutils [None req-48a29453-96e2-4e9f-86fa-046bbe632ec7 None None] Lock "00000000-0000-0000-0000-000000000000" "released" by "nova.context.set_target_cell..get_or_set_cached_cell_and_set_connections" :: held 0.000s {{(pid=107304) inner /opt/stack/data/venv/lib/python3.12/site-packages/oslo_concurrency/lockutils.py:544}}
Jul 23 22:26:56.550416 np0000186419 devstack@n-api-meta.service[107304]: DEBUG oslo_concurrency.lockutils [None req-48a29453-96e2-4e9f-86fa-046bbe632ec7 None None] Acquiring lock "ff42dd1c-ec63-4a9f-a464-b98efd37875f" by "nova.context.set_target_cell..get_or_set_cached_cell_and_set_connections" {{(pid=107304) inner /opt/stack/data/venv/lib/python3.12/site-packages/oslo_concurrency/lockutils.py:512}}
Jul 23 22:26:56.550562 np0000186419 devstack@n-api-meta.service[107304]: DEBUG oslo_concurrency.lockutils [None req-48a29453-96e2-4e9f-86fa-046bbe632ec7 None None] Lock "ff42dd1c-ec63-4a9f-a464-b98efd37875f" acquired by "nova.context.set_target_cell..get_or_set_cached_cell_and_set_connections" :: waited 0.000s {{(pid=107304) inner /opt/stack/data/venv/lib/python3.12/site-packages/oslo_concurrency/lockutils.py:525}}
Jul 23 22:26:56.550613 np0000186419 devstack@n-api-meta.service[107305]: INFO dbcounter [None req-cad74241-a48e-4431-9593-2c8b612dba7f None None] Registered counter for database nova_cell1
Jul 23 22:26:56.551383 np0000186419 devstack@n-api-meta.service[107304]: DEBUG oslo_concurrency.lockutils [None req-48a29453-96e2-4e9f-86fa-046bbe632ec7 None None] Lock "ff42dd1c-ec63-4a9f-a464-b98efd37875f" "released" by "nova.context.set_target_cell..get_or_set_cached_cell_and_set_connections" :: held 0.001s {{(pid=107304) inner /opt/stack/data/venv/lib/python3.12/site-packages/oslo_concurrency/lockutils.py:544}}
Jul 23 22:26:56.554430 np0000186419 devstack@n-api-meta.service[107304]: INFO dbcounter [None req-48a29453-96e2-4e9f-86fa-046bbe632ec7 None None] Registered counter for database nova_cell0
Jul 23 22:26:56.555038 np0000186419 devstack@n-api-meta.service[107302]: INFO dbcounter [None req-ecf9ef60-8597-42a1-8af6-a113c3b7b8de None None] Registered counter for database nova_cell1
Jul 23 22:26:56.559193 np0000186419 devstack@n-api-meta.service[107304]: INFO dbcounter [None req-48a29453-96e2-4e9f-86fa-046bbe632ec7 None None] Registered counter for database nova_cell1
Jul 23 22:26:56.559659 np0000186419 devstack@n-api-meta.service[107303]: DEBUG oslo_db.sqlalchemy.engines [None req-d0e1bda1-1df2-475a-9a55-75f0d027b3cb None None] MySQL server mode set to STRICT_TRANS_TABLES,STRICT_ALL_TABLES,NO_ZERO_IN_DATE,NO_ZERO_DATE,ERROR_FOR_DIVISION_BY_ZERO,TRADITIONAL,NO_ENGINE_SUBSTITUTION {{(pid=107303) _check_effective_sql_mode /opt/stack/data/venv/lib/python3.12/site-packages/oslo_db/sqlalchemy/engines.py:325}}
Jul 23 22:26:56.613432 np0000186419 devstack@n-api-meta.service[107305]: DEBUG oslo_db.sqlalchemy.engines [None req-cad74241-a48e-4431-9593-2c8b612dba7f None None] MySQL server mode set to STRICT_TRANS_TABLES,STRICT_ALL_TABLES,NO_ZERO_IN_DATE,NO_ZERO_DATE,ERROR_FOR_DIVISION_BY_ZERO,TRADITIONAL,NO_ENGINE_SUBSTITUTION {{(pid=107305) _check_effective_sql_mode /opt/stack/data/venv/lib/python3.12/site-packages/oslo_db/sqlalchemy/engines.py:325}}
Jul 23 22:26:56.617039 np0000186419 devstack@n-api-meta.service[107305]: DEBUG oslo_db.sqlalchemy.engines [None req-cad74241-a48e-4431-9593-2c8b612dba7f None None] MySQL server mode set to STRICT_TRANS_TABLES,STRICT_ALL_TABLES,NO_ZERO_IN_DATE,NO_ZERO_DATE,ERROR_FOR_DIVISION_BY_ZERO,TRADITIONAL,NO_ENGINE_SUBSTITUTION {{(pid=107305) _check_effective_sql_mode /opt/stack/data/venv/lib/python3.12/site-packages/oslo_db/sqlalchemy/engines.py:325}}
Jul 23 22:26:56.622672 np0000186419 devstack@n-api-meta.service[107304]: DEBUG oslo_db.sqlalchemy.engines [None req-48a29453-96e2-4e9f-86fa-046bbe632ec7 None None] MySQL server mode set to STRICT_TRANS_TABLES,STRICT_ALL_TABLES,NO_ZERO_IN_DATE,NO_ZERO_DATE,ERROR_FOR_DIVISION_BY_ZERO,TRADITIONAL,NO_ENGINE_SUBSTITUTION {{(pid=107304) _check_effective_sql_mode /opt/stack/data/venv/lib/python3.12/site-packages/oslo_db/sqlalchemy/engines.py:325}}
Jul 23 22:26:56.626368 np0000186419 devstack@n-api-meta.service[107304]: DEBUG oslo_db.sqlalchemy.engines [None req-48a29453-96e2-4e9f-86fa-046bbe632ec7 None None] MySQL server mode set to STRICT_TRANS_TABLES,STRICT_ALL_TABLES,NO_ZERO_IN_DATE,NO_ZERO_DATE,ERROR_FOR_DIVISION_BY_ZERO,TRADITIONAL,NO_ENGINE_SUBSTITUTION {{(pid=107304) _check_effective_sql_mode /opt/stack/data/venv/lib/python3.12/site-packages/oslo_db/sqlalchemy/engines.py:325}}
Jul 23 22:26:56.630093 np0000186419 devstack@n-api-meta.service[107302]: DEBUG oslo_db.sqlalchemy.engines [None req-ecf9ef60-8597-42a1-8af6-a113c3b7b8de None None] MySQL server mode set to STRICT_TRANS_TABLES,STRICT_ALL_TABLES,NO_ZERO_IN_DATE,NO_ZERO_DATE,ERROR_FOR_DIVISION_BY_ZERO,TRADITIONAL,NO_ENGINE_SUBSTITUTION {{(pid=107302) _check_effective_sql_mode /opt/stack/data/venv/lib/python3.12/site-packages/oslo_db/sqlalchemy/engines.py:325}}
Jul 23 22:26:56.637590 np0000186419 devstack@n-api-meta.service[107302]: DEBUG oslo_db.sqlalchemy.engines [None req-ecf9ef60-8597-42a1-8af6-a113c3b7b8de None None] MySQL server mode set to STRICT_TRANS_TABLES,STRICT_ALL_TABLES,NO_ZERO_IN_DATE,NO_ZERO_DATE,ERROR_FOR_DIVISION_BY_ZERO,TRADITIONAL,NO_ENGINE_SUBSTITUTION {{(pid=107302) _check_effective_sql_mode /opt/stack/data/venv/lib/python3.12/site-packages/oslo_db/sqlalchemy/engines.py:325}}
Jul 23 22:26:56.653243 np0000186419 devstack@n-api-meta.service[107303]: DEBUG dbcounter [-] [107303] Writer thread running {{(pid=107303) stat_writer /opt/stack/data/venv/lib/python3.12/site-packages/dbcounter.py:102}}
Jul 23 22:26:56.661668 np0000186419 devstack@n-api-meta.service[107303]: DEBUG dbcounter [-] [107303] Writer thread running {{(pid=107303) stat_writer /opt/stack/data/venv/lib/python3.12/site-packages/dbcounter.py:102}}
Jul 23 22:26:56.668124 np0000186419 devstack@n-api-meta.service[107303]: INFO dbcounter [None req-d0e1bda1-1df2-475a-9a55-75f0d027b3cb None None] Registered counter for database nova_cell0
Jul 23 22:26:56.713538 np0000186419 devstack@n-api-meta.service[107303]: DEBUG oslo_db.sqlalchemy.engines [None req-d0e1bda1-1df2-475a-9a55-75f0d027b3cb None None] MySQL server mode set to STRICT_TRANS_TABLES,STRICT_ALL_TABLES,NO_ZERO_IN_DATE,NO_ZERO_DATE,ERROR_FOR_DIVISION_BY_ZERO,TRADITIONAL,NO_ENGINE_SUBSTITUTION {{(pid=107303) _check_effective_sql_mode /opt/stack/data/venv/lib/python3.12/site-packages/oslo_db/sqlalchemy/engines.py:325}}
Jul 23 22:26:56.717473 np0000186419 devstack@n-api-meta.service[107305]: DEBUG dbcounter [-] [107305] Writer thread running {{(pid=107305) stat_writer /opt/stack/data/venv/lib/python3.12/site-packages/dbcounter.py:102}}
Jul 23 22:26:56.718050 np0000186419 devstack@n-api-meta.service[107305]: DEBUG dbcounter [-] [107305] Writer thread running {{(pid=107305) stat_writer /opt/stack/data/venv/lib/python3.12/site-packages/dbcounter.py:102}}
Jul 23 22:26:56.721928 np0000186419 devstack@n-api-meta.service[107303]: DEBUG dbcounter [-] [107303] Writer thread running {{(pid=107303) stat_writer /opt/stack/data/venv/lib/python3.12/site-packages/dbcounter.py:102}}
Jul 23 22:26:56.723564 np0000186419 devstack@n-api-meta.service[107305]: INFO dbcounter [None req-cad74241-a48e-4431-9593-2c8b612dba7f None None] Registered counter for database nova_cell0
Jul 23 22:26:56.744755 np0000186419 devstack@n-api-meta.service[107304]: DEBUG dbcounter [-] [107304] Writer thread running {{(pid=107304) stat_writer /opt/stack/data/venv/lib/python3.12/site-packages/dbcounter.py:102}}
Jul 23 22:26:56.745547 np0000186419 devstack@n-api-meta.service[107302]: DEBUG dbcounter [-] [107302] Writer thread running {{(pid=107302) stat_writer /opt/stack/data/venv/lib/python3.12/site-packages/dbcounter.py:102}}
Jul 23 22:26:56.746321 np0000186419 devstack@n-api-meta.service[107304]: DEBUG dbcounter [-] [107304] Writer thread running {{(pid=107304) stat_writer /opt/stack/data/venv/lib/python3.12/site-packages/dbcounter.py:102}}
Jul 23 22:26:56.752101 np0000186419 devstack@n-api-meta.service[107304]: INFO dbcounter [None req-48a29453-96e2-4e9f-86fa-046bbe632ec7 None None] Registered counter for database nova_cell0
Jul 23 22:26:56.752200 np0000186419 devstack@n-api-meta.service[107302]: DEBUG dbcounter [-] [107302] Writer thread running {{(pid=107302) stat_writer /opt/stack/data/venv/lib/python3.12/site-packages/dbcounter.py:102}}
Jul 23 22:26:56.756892 np0000186419 devstack@n-api-meta.service[107302]: INFO dbcounter [None req-ecf9ef60-8597-42a1-8af6-a113c3b7b8de None None] Registered counter for database nova_cell0
Jul 23 22:26:56.765617 np0000186419 devstack@n-api-meta.service[107305]: DEBUG oslo_db.sqlalchemy.engines [None req-cad74241-a48e-4431-9593-2c8b612dba7f None None] MySQL server mode set to STRICT_TRANS_TABLES,STRICT_ALL_TABLES,NO_ZERO_IN_DATE,NO_ZERO_DATE,ERROR_FOR_DIVISION_BY_ZERO,TRADITIONAL,NO_ENGINE_SUBSTITUTION {{(pid=107305) _check_effective_sql_mode /opt/stack/data/venv/lib/python3.12/site-packages/oslo_db/sqlalchemy/engines.py:325}}
Jul 23 22:26:56.766178 np0000186419 devstack@n-api-meta.service[107303]: WARNING nova.api.metadata.handler [None req-d0e1bda1-1df2-475a-9a55-75f0d027b3cb None None] metadata_proxy_shared_secret is not configured, the metadata information returned by the proxy cannot be trusted
Jul 23 22:26:56.769039 np0000186419 devstack@n-api-meta.service[107303]: DEBUG nova.api.openstack.wsgi_app [None req-d0e1bda1-1df2-475a-9a55-75f0d027b3cb None None] ******************************************************************************** {{(pid=107303) log_opt_values /opt/stack/data/venv/lib/python3.12/site-packages/oslo_config/cfg.py:3226}}
Jul 23 22:26:56.769118 np0000186419 devstack@n-api-meta.service[107303]: DEBUG nova.api.openstack.wsgi_app [None req-d0e1bda1-1df2-475a-9a55-75f0d027b3cb None None] Configuration options gathered from: {{(pid=107303) log_opt_values /opt/stack/data/venv/lib/python3.12/site-packages/oslo_config/cfg.py:3227}}
Jul 23 22:26:56.769243 np0000186419 devstack@n-api-meta.service[107303]: DEBUG nova.api.openstack.wsgi_app [None req-d0e1bda1-1df2-475a-9a55-75f0d027b3cb None None] command line args: [] {{(pid=107303) log_opt_values /opt/stack/data/venv/lib/python3.12/site-packages/oslo_config/cfg.py:3228}}
Jul 23 22:26:56.769482 np0000186419 devstack@n-api-meta.service[107303]: DEBUG nova.api.openstack.wsgi_app [None req-d0e1bda1-1df2-475a-9a55-75f0d027b3cb None None] config files: ['/etc/nova/api-paste.ini', '/etc/nova/nova.conf'] {{(pid=107303) log_opt_values /opt/stack/data/venv/lib/python3.12/site-packages/oslo_config/cfg.py:3229}}
Jul 23 22:26:56.769585 np0000186419 devstack@n-api-meta.service[107303]: DEBUG nova.api.openstack.wsgi_app [None req-d0e1bda1-1df2-475a-9a55-75f0d027b3cb None None] ================================================================================ {{(pid=107303) log_opt_values /opt/stack/data/venv/lib/python3.12/site-packages/oslo_config/cfg.py:3234}}
Jul 23 22:26:56.769765 np0000186419 devstack@n-api-meta.service[107303]: DEBUG nova.api.openstack.wsgi_app [None req-d0e1bda1-1df2-475a-9a55-75f0d027b3cb None None] allow_resize_to_same_host = True {{(pid=107303) log_opt_values /opt/stack/data/venv/lib/python3.12/site-packages/oslo_config/cfg.py:3242}}
Jul 23 22:26:56.769897 np0000186419 devstack@n-api-meta.service[107303]: DEBUG nova.api.openstack.wsgi_app [None req-d0e1bda1-1df2-475a-9a55-75f0d027b3cb None None] arq_binding_timeout = 300 {{(pid=107303) log_opt_values /opt/stack/data/venv/lib/python3.12/site-packages/oslo_config/cfg.py:3242}}
Jul 23 22:26:56.770101 np0000186419 devstack@n-api-meta.service[107303]: DEBUG nova.api.openstack.wsgi_app [None req-d0e1bda1-1df2-475a-9a55-75f0d027b3cb None None] block_device_allocate_retries = 60 {{(pid=107303) log_opt_values /opt/stack/data/venv/lib/python3.12/site-packages/oslo_config/cfg.py:3242}}
Jul 23 22:26:56.770246 np0000186419 devstack@n-api-meta.service[107303]: DEBUG nova.api.openstack.wsgi_app [None req-d0e1bda1-1df2-475a-9a55-75f0d027b3cb None None] block_device_allocate_retries_interval = 3 {{(pid=107303) log_opt_values /opt/stack/data/venv/lib/python3.12/site-packages/oslo_config/cfg.py:3242}}
Jul 23 22:26:56.770395 np0000186419 devstack@n-api-meta.service[107303]: DEBUG nova.api.openstack.wsgi_app [None req-d0e1bda1-1df2-475a-9a55-75f0d027b3cb None None] cell_worker_thread_pool_size = 5 {{(pid=107303) log_opt_values /opt/stack/data/venv/lib/python3.12/site-packages/oslo_config/cfg.py:3242}}
Jul 23 22:26:56.770533 np0000186419 devstack@n-api-meta.service[107303]: DEBUG nova.api.openstack.wsgi_app [None req-d0e1bda1-1df2-475a-9a55-75f0d027b3cb None None] cert = self.pem {{(pid=107303) log_opt_values /opt/stack/data/venv/lib/python3.12/site-packages/oslo_config/cfg.py:3242}}
Jul 23 22:26:56.770672 np0000186419 devstack@n-api-meta.service[107303]: DEBUG nova.api.openstack.wsgi_app [None req-d0e1bda1-1df2-475a-9a55-75f0d027b3cb None None] compute_driver = libvirt.LibvirtDriver {{(pid=107303) log_opt_values /opt/stack/data/venv/lib/python3.12/site-packages/oslo_config/cfg.py:3242}}
Jul 23 22:26:56.770805 np0000186419 devstack@n-api-meta.service[107303]: DEBUG nova.api.openstack.wsgi_app [None req-d0e1bda1-1df2-475a-9a55-75f0d027b3cb None None] compute_monitors = [] {{(pid=107303) log_opt_values /opt/stack/data/venv/lib/python3.12/site-packages/oslo_config/cfg.py:3242}}
Jul 23 22:26:56.770942 np0000186419 devstack@n-api-meta.service[107303]: DEBUG nova.api.openstack.wsgi_app [None req-d0e1bda1-1df2-475a-9a55-75f0d027b3cb None None] concurrency_backend = auto {{(pid=107303) log_opt_values /opt/stack/data/venv/lib/python3.12/site-packages/oslo_config/cfg.py:3242}}
Jul 23 22:26:56.771073 np0000186419 devstack@n-api-meta.service[107303]: DEBUG nova.api.openstack.wsgi_app [None req-d0e1bda1-1df2-475a-9a55-75f0d027b3cb None None] config_dir = [] {{(pid=107303) log_opt_values /opt/stack/data/venv/lib/python3.12/site-packages/oslo_config/cfg.py:3242}}
Jul 23 22:26:56.771225 np0000186419 devstack@n-api-meta.service[107303]: DEBUG nova.api.openstack.wsgi_app [None req-d0e1bda1-1df2-475a-9a55-75f0d027b3cb None None] config_drive_format = iso9660 {{(pid=107303) log_opt_values /opt/stack/data/venv/lib/python3.12/site-packages/oslo_config/cfg.py:3242}}
Jul 23 22:26:56.771341 np0000186419 devstack@n-api-meta.service[107303]: DEBUG nova.api.openstack.wsgi_app [None req-d0e1bda1-1df2-475a-9a55-75f0d027b3cb None None] config_file = ['/etc/nova/api-paste.ini', '/etc/nova/nova.conf'] {{(pid=107303) log_opt_values /opt/stack/data/venv/lib/python3.12/site-packages/oslo_config/cfg.py:3242}}
Jul 23 22:26:56.771473 np0000186419 devstack@n-api-meta.service[107303]: DEBUG nova.api.openstack.wsgi_app [None req-d0e1bda1-1df2-475a-9a55-75f0d027b3cb None None] config_source = [] {{(pid=107303) log_opt_values /opt/stack/data/venv/lib/python3.12/site-packages/oslo_config/cfg.py:3242}}
Jul 23 22:26:56.771609 np0000186419 devstack@n-api-meta.service[107303]: DEBUG nova.api.openstack.wsgi_app [None req-d0e1bda1-1df2-475a-9a55-75f0d027b3cb None None] console_host = np0000186419 {{(pid=107303) log_opt_values /opt/stack/data/venv/lib/python3.12/site-packages/oslo_config/cfg.py:3242}}
Jul 23 22:26:56.771744 np0000186419 devstack@n-api-meta.service[107303]: DEBUG nova.api.openstack.wsgi_app [None req-d0e1bda1-1df2-475a-9a55-75f0d027b3cb None None] control_exchange = nova {{(pid=107303) log_opt_values /opt/stack/data/venv/lib/python3.12/site-packages/oslo_config/cfg.py:3242}}
Jul 23 22:26:56.771871 np0000186419 devstack@n-api-meta.service[107303]: DEBUG nova.api.openstack.wsgi_app [None req-d0e1bda1-1df2-475a-9a55-75f0d027b3cb None None] cpu_allocation_ratio = None {{(pid=107303) log_opt_values /opt/stack/data/venv/lib/python3.12/site-packages/oslo_config/cfg.py:3242}}
Jul 23 22:26:56.771997 np0000186419 devstack@n-api-meta.service[107303]: DEBUG nova.api.openstack.wsgi_app [None req-d0e1bda1-1df2-475a-9a55-75f0d027b3cb None None] daemon = False {{(pid=107303) log_opt_values /opt/stack/data/venv/lib/python3.12/site-packages/oslo_config/cfg.py:3242}}
Jul 23 22:26:56.772148 np0000186419 devstack@n-api-meta.service[107303]: DEBUG nova.api.openstack.wsgi_app [None req-d0e1bda1-1df2-475a-9a55-75f0d027b3cb None None] debug = True {{(pid=107303) log_opt_values /opt/stack/data/venv/lib/python3.12/site-packages/oslo_config/cfg.py:3242}}
Jul 23 22:26:56.772330 np0000186419 devstack@n-api-meta.service[107303]: DEBUG nova.api.openstack.wsgi_app [None req-d0e1bda1-1df2-475a-9a55-75f0d027b3cb None None] default_access_ip_network_name = None {{(pid=107303) log_opt_values /opt/stack/data/venv/lib/python3.12/site-packages/oslo_config/cfg.py:3242}}
Jul 23 22:26:56.772463 np0000186419 devstack@n-api-meta.service[107303]: DEBUG nova.api.openstack.wsgi_app [None req-d0e1bda1-1df2-475a-9a55-75f0d027b3cb None None] default_availability_zone = nova {{(pid=107303) log_opt_values /opt/stack/data/venv/lib/python3.12/site-packages/oslo_config/cfg.py:3242}}
Jul 23 22:26:56.772597 np0000186419 devstack@n-api-meta.service[107303]: DEBUG nova.api.openstack.wsgi_app [None req-d0e1bda1-1df2-475a-9a55-75f0d027b3cb None None] default_ephemeral_format = ext4 {{(pid=107303) log_opt_values /opt/stack/data/venv/lib/python3.12/site-packages/oslo_config/cfg.py:3242}}
Jul 23 22:26:56.772727 np0000186419 devstack@n-api-meta.service[107303]: DEBUG nova.api.openstack.wsgi_app [None req-d0e1bda1-1df2-475a-9a55-75f0d027b3cb None None] default_green_pool_size = 1000 {{(pid=107303) log_opt_values /opt/stack/data/venv/lib/python3.12/site-packages/oslo_config/cfg.py:3242}}
Jul 23 22:26:56.772937 np0000186419 devstack@n-api-meta.service[107303]: DEBUG nova.api.openstack.wsgi_app [None req-d0e1bda1-1df2-475a-9a55-75f0d027b3cb None None] default_log_levels = ['amqp=WARN', 'boto=WARN', 'sqlalchemy=WARN', 'suds=INFO', 'oslo.messaging=INFO', 'oslo_messaging=INFO', 'iso8601=WARN', 'requests.packages.urllib3.connectionpool=WARN', 'urllib3.connectionpool=WARN', 'websocket=WARN', 'requests.packages.urllib3.util.retry=WARN', 'urllib3.util.retry=WARN', 'keystonemiddleware=WARN', 'routes.middleware=WARN', 'stevedore=WARN', 'taskflow=WARN', 'keystoneauth=WARN', 'oslo.cache=INFO', 'oslo_policy=INFO', 'dogpile.core.dogpile=INFO', 'glanceclient=WARN', 'oslo.privsep.daemon=INFO'] {{(pid=107303) log_opt_values /opt/stack/data/venv/lib/python3.12/site-packages/oslo_config/cfg.py:3242}}
Jul 23 22:26:56.773054 np0000186419 devstack@n-api-meta.service[107303]: DEBUG nova.api.openstack.wsgi_app [None req-d0e1bda1-1df2-475a-9a55-75f0d027b3cb None None] default_schedule_zone = None {{(pid=107303) log_opt_values /opt/stack/data/venv/lib/python3.12/site-packages/oslo_config/cfg.py:3242}}
Jul 23 22:26:56.773205 np0000186419 devstack@n-api-meta.service[107303]: DEBUG nova.api.openstack.wsgi_app [None req-d0e1bda1-1df2-475a-9a55-75f0d027b3cb None None] default_thread_pool_size = 10 {{(pid=107303) log_opt_values /opt/stack/data/venv/lib/python3.12/site-packages/oslo_config/cfg.py:3242}}
Jul 23 22:26:56.773355 np0000186419 devstack@n-api-meta.service[107303]: DEBUG nova.api.openstack.wsgi_app [None req-d0e1bda1-1df2-475a-9a55-75f0d027b3cb None None] disk_allocation_ratio = None {{(pid=107303) log_opt_values /opt/stack/data/venv/lib/python3.12/site-packages/oslo_config/cfg.py:3242}}
Jul 23 22:26:56.773478 np0000186419 devstack@n-api-meta.service[107303]: DEBUG nova.api.openstack.wsgi_app [None req-d0e1bda1-1df2-475a-9a55-75f0d027b3cb None None] enable_new_services = True {{(pid=107303) log_opt_values /opt/stack/data/venv/lib/python3.12/site-packages/oslo_config/cfg.py:3242}}
Jul 23 22:26:56.773604 np0000186419 devstack@n-api-meta.service[107303]: DEBUG nova.api.openstack.wsgi_app [None req-d0e1bda1-1df2-475a-9a55-75f0d027b3cb None None] flat_injected = False {{(pid=107303) log_opt_values /opt/stack/data/venv/lib/python3.12/site-packages/oslo_config/cfg.py:3242}}
Jul 23 22:26:56.773731 np0000186419 devstack@n-api-meta.service[107303]: DEBUG nova.api.openstack.wsgi_app [None req-d0e1bda1-1df2-475a-9a55-75f0d027b3cb None None] force_config_drive = False {{(pid=107303) log_opt_values /opt/stack/data/venv/lib/python3.12/site-packages/oslo_config/cfg.py:3242}}
Jul 23 22:26:56.773858 np0000186419 devstack@n-api-meta.service[107303]: DEBUG nova.api.openstack.wsgi_app [None req-d0e1bda1-1df2-475a-9a55-75f0d027b3cb None None] force_raw_images = True {{(pid=107303) log_opt_values /opt/stack/data/venv/lib/python3.12/site-packages/oslo_config/cfg.py:3242}}
Jul 23 22:26:56.774022 np0000186419 devstack@n-api-meta.service[107303]: DEBUG nova.api.openstack.wsgi_app [None req-d0e1bda1-1df2-475a-9a55-75f0d027b3cb None None] graceful_shutdown_timeout = 5 {{(pid=107303) log_opt_values /opt/stack/data/venv/lib/python3.12/site-packages/oslo_config/cfg.py:3242}}
Jul 23 22:26:56.774079 np0000186419 devstack@n-api-meta.service[107305]: DEBUG dbcounter [-] [107305] Writer thread running {{(pid=107305) stat_writer /opt/stack/data/venv/lib/python3.12/site-packages/dbcounter.py:102}}
Jul 23 22:26:56.774169 np0000186419 devstack@n-api-meta.service[107303]: DEBUG nova.api.openstack.wsgi_app [None req-d0e1bda1-1df2-475a-9a55-75f0d027b3cb None None] heal_instance_info_cache_interval = -1 {{(pid=107303) log_opt_values /opt/stack/data/venv/lib/python3.12/site-packages/oslo_config/cfg.py:3242}}
Jul 23 22:26:56.774367 np0000186419 devstack@n-api-meta.service[107303]: DEBUG nova.api.openstack.wsgi_app [None req-d0e1bda1-1df2-475a-9a55-75f0d027b3cb None None] host = np0000186419 {{(pid=107303) log_opt_values /opt/stack/data/venv/lib/python3.12/site-packages/oslo_config/cfg.py:3242}}
Jul 23 22:26:56.774498 np0000186419 devstack@n-api-meta.service[107303]: DEBUG nova.api.openstack.wsgi_app [None req-d0e1bda1-1df2-475a-9a55-75f0d027b3cb None None] initial_cpu_allocation_ratio = 4.0 {{(pid=107303) log_opt_values /opt/stack/data/venv/lib/python3.12/site-packages/oslo_config/cfg.py:3242}}
Jul 23 22:26:56.774629 np0000186419 devstack@n-api-meta.service[107303]: DEBUG nova.api.openstack.wsgi_app [None req-d0e1bda1-1df2-475a-9a55-75f0d027b3cb None None] initial_disk_allocation_ratio = 1.0 {{(pid=107303) log_opt_values /opt/stack/data/venv/lib/python3.12/site-packages/oslo_config/cfg.py:3242}}
Jul 23 22:26:56.774759 np0000186419 devstack@n-api-meta.service[107303]: DEBUG nova.api.openstack.wsgi_app [None req-d0e1bda1-1df2-475a-9a55-75f0d027b3cb None None] initial_ram_allocation_ratio = 1.0 {{(pid=107303) log_opt_values /opt/stack/data/venv/lib/python3.12/site-packages/oslo_config/cfg.py:3242}}
Jul 23 22:26:56.774932 np0000186419 devstack@n-api-meta.service[107303]: DEBUG nova.api.openstack.wsgi_app [None req-d0e1bda1-1df2-475a-9a55-75f0d027b3cb None None] injected_network_template = /opt/stack/nova/nova/virt/interfaces.template {{(pid=107303) log_opt_values /opt/stack/data/venv/lib/python3.12/site-packages/oslo_config/cfg.py:3242}}
Jul 23 22:26:56.775106 np0000186419 devstack@n-api-meta.service[107303]: DEBUG nova.api.openstack.wsgi_app [None req-d0e1bda1-1df2-475a-9a55-75f0d027b3cb None None] instance_build_timeout = 0 {{(pid=107303) log_opt_values /opt/stack/data/venv/lib/python3.12/site-packages/oslo_config/cfg.py:3242}}
Jul 23 22:26:56.775314 np0000186419 devstack@n-api-meta.service[107303]: DEBUG nova.api.openstack.wsgi_app [None req-d0e1bda1-1df2-475a-9a55-75f0d027b3cb None None] instance_delete_interval = 300 {{(pid=107303) log_opt_values /opt/stack/data/venv/lib/python3.12/site-packages/oslo_config/cfg.py:3242}}
Jul 23 22:26:56.775488 np0000186419 devstack@n-api-meta.service[107303]: DEBUG nova.api.openstack.wsgi_app [None req-d0e1bda1-1df2-475a-9a55-75f0d027b3cb None None] instance_format = [instance: %(uuid)s] {{(pid=107303) log_opt_values /opt/stack/data/venv/lib/python3.12/site-packages/oslo_config/cfg.py:3242}}
Jul 23 22:26:56.775663 np0000186419 devstack@n-api-meta.service[107303]: DEBUG nova.api.openstack.wsgi_app [None req-d0e1bda1-1df2-475a-9a55-75f0d027b3cb None None] instance_name_template = instance-%08x {{(pid=107303) log_opt_values /opt/stack/data/venv/lib/python3.12/site-packages/oslo_config/cfg.py:3242}}
Jul 23 22:26:56.775845 np0000186419 devstack@n-api-meta.service[107303]: DEBUG nova.api.openstack.wsgi_app [None req-d0e1bda1-1df2-475a-9a55-75f0d027b3cb None None] instance_usage_audit = False {{(pid=107303) log_opt_values /opt/stack/data/venv/lib/python3.12/site-packages/oslo_config/cfg.py:3242}}
Jul 23 22:26:56.776054 np0000186419 devstack@n-api-meta.service[107303]: DEBUG nova.api.openstack.wsgi_app [None req-d0e1bda1-1df2-475a-9a55-75f0d027b3cb None None] instance_usage_audit_period = month {{(pid=107303) log_opt_values /opt/stack/data/venv/lib/python3.12/site-packages/oslo_config/cfg.py:3242}}
Jul 23 22:26:56.776238 np0000186419 devstack@n-api-meta.service[107303]: DEBUG nova.api.openstack.wsgi_app [None req-d0e1bda1-1df2-475a-9a55-75f0d027b3cb None None] instance_uuid_format = [instance: %(uuid)s] {{(pid=107303) log_opt_values /opt/stack/data/venv/lib/python3.12/site-packages/oslo_config/cfg.py:3242}}
Jul 23 22:26:56.776454 np0000186419 devstack@n-api-meta.service[107303]: DEBUG nova.api.openstack.wsgi_app [None req-d0e1bda1-1df2-475a-9a55-75f0d027b3cb None None] instances_path = /opt/stack/data/nova/instances {{(pid=107303) log_opt_values /opt/stack/data/venv/lib/python3.12/site-packages/oslo_config/cfg.py:3242}}
Jul 23 22:26:56.776647 np0000186419 devstack@n-api-meta.service[107303]: DEBUG nova.api.openstack.wsgi_app [None req-d0e1bda1-1df2-475a-9a55-75f0d027b3cb None None] internal_service_availability_zone = internal {{(pid=107303) log_opt_values /opt/stack/data/venv/lib/python3.12/site-packages/oslo_config/cfg.py:3242}}
Jul 23 22:26:56.776782 np0000186419 devstack@n-api-meta.service[107303]: DEBUG nova.api.openstack.wsgi_app [None req-d0e1bda1-1df2-475a-9a55-75f0d027b3cb None None] key = None {{(pid=107303) log_opt_values /opt/stack/data/venv/lib/python3.12/site-packages/oslo_config/cfg.py:3242}}
Jul 23 22:26:56.776912 np0000186419 devstack@n-api-meta.service[107303]: DEBUG nova.api.openstack.wsgi_app [None req-d0e1bda1-1df2-475a-9a55-75f0d027b3cb None None] live_migration_retry_count = 30 {{(pid=107303) log_opt_values /opt/stack/data/venv/lib/python3.12/site-packages/oslo_config/cfg.py:3242}}
Jul 23 22:26:56.777056 np0000186419 devstack@n-api-meta.service[107303]: DEBUG nova.api.openstack.wsgi_app [None req-d0e1bda1-1df2-475a-9a55-75f0d027b3cb None None] log_color = False {{(pid=107303) log_opt_values /opt/stack/data/venv/lib/python3.12/site-packages/oslo_config/cfg.py:3242}}
Jul 23 22:26:56.777193 np0000186419 devstack@n-api-meta.service[107303]: DEBUG nova.api.openstack.wsgi_app [None req-d0e1bda1-1df2-475a-9a55-75f0d027b3cb None None] log_config_append = None {{(pid=107303) log_opt_values /opt/stack/data/venv/lib/python3.12/site-packages/oslo_config/cfg.py:3242}}
Jul 23 22:26:56.777373 np0000186419 devstack@n-api-meta.service[107303]: DEBUG nova.api.openstack.wsgi_app [None req-d0e1bda1-1df2-475a-9a55-75f0d027b3cb None None] log_date_format = %Y-%m-%d %H:%M:%S {{(pid=107303) log_opt_values /opt/stack/data/venv/lib/python3.12/site-packages/oslo_config/cfg.py:3242}}
Jul 23 22:26:56.777499 np0000186419 devstack@n-api-meta.service[107303]: DEBUG nova.api.openstack.wsgi_app [None req-d0e1bda1-1df2-475a-9a55-75f0d027b3cb None None] log_dir = None {{(pid=107303) log_opt_values /opt/stack/data/venv/lib/python3.12/site-packages/oslo_config/cfg.py:3242}}
Jul 23 22:26:56.777627 np0000186419 devstack@n-api-meta.service[107303]: DEBUG nova.api.openstack.wsgi_app [None req-d0e1bda1-1df2-475a-9a55-75f0d027b3cb None None] log_file = None {{(pid=107303) log_opt_values /opt/stack/data/venv/lib/python3.12/site-packages/oslo_config/cfg.py:3242}}
Jul 23 22:26:56.777728 np0000186419 devstack@n-api-meta.service[107303]: DEBUG nova.api.openstack.wsgi_app [None req-d0e1bda1-1df2-475a-9a55-75f0d027b3cb None None] log_options = True {{(pid=107303) log_opt_values /opt/stack/data/venv/lib/python3.12/site-packages/oslo_config/cfg.py:3242}}
Jul 23 22:26:56.777860 np0000186419 devstack@n-api-meta.service[107303]: DEBUG nova.api.openstack.wsgi_app [None req-d0e1bda1-1df2-475a-9a55-75f0d027b3cb None None] log_rotate_interval = 1 {{(pid=107303) log_opt_values /opt/stack/data/venv/lib/python3.12/site-packages/oslo_config/cfg.py:3242}}
Jul 23 22:26:56.778034 np0000186419 devstack@n-api-meta.service[107303]: DEBUG nova.api.openstack.wsgi_app [None req-d0e1bda1-1df2-475a-9a55-75f0d027b3cb None None] log_rotate_interval_type = days {{(pid=107303) log_opt_values /opt/stack/data/venv/lib/python3.12/site-packages/oslo_config/cfg.py:3242}}
Jul 23 22:26:56.778174 np0000186419 devstack@n-api-meta.service[107303]: DEBUG nova.api.openstack.wsgi_app [None req-d0e1bda1-1df2-475a-9a55-75f0d027b3cb None None] log_rotation_type = none {{(pid=107303) log_opt_values /opt/stack/data/venv/lib/python3.12/site-packages/oslo_config/cfg.py:3242}}
Jul 23 22:26:56.778303 np0000186419 devstack@n-api-meta.service[107303]: DEBUG nova.api.openstack.wsgi_app [None req-d0e1bda1-1df2-475a-9a55-75f0d027b3cb None None] logging_context_format_string = %(color)s%(levelname)s %(name)s [%(global_request_id)s %(request_id)s %(project_name)s %(user_name)s%(color)s] %(instance)s%(color)s%(message)s {{(pid=107303) log_opt_values /opt/stack/data/venv/lib/python3.12/site-packages/oslo_config/cfg.py:3242}}
Jul 23 22:26:56.778406 np0000186419 devstack@n-api-meta.service[107303]: DEBUG nova.api.openstack.wsgi_app [None req-d0e1bda1-1df2-475a-9a55-75f0d027b3cb None None] logging_debug_format_suffix = {{(pid=%(process)d) %(funcName)s %(pathname)s:%(lineno)d}} {{(pid=107303) log_opt_values /opt/stack/data/venv/lib/python3.12/site-packages/oslo_config/cfg.py:3242}}
Jul 23 22:26:56.778539 np0000186419 devstack@n-api-meta.service[107303]: DEBUG nova.api.openstack.wsgi_app [None req-d0e1bda1-1df2-475a-9a55-75f0d027b3cb None None] logging_default_format_string = %(color)s%(levelname)s %(name)s [-%(color)s] %(instance)s%(color)s%(message)s {{(pid=107303) log_opt_values /opt/stack/data/venv/lib/python3.12/site-packages/oslo_config/cfg.py:3242}}
Jul 23 22:26:56.778685 np0000186419 devstack@n-api-meta.service[107303]: DEBUG nova.api.openstack.wsgi_app [None req-d0e1bda1-1df2-475a-9a55-75f0d027b3cb None None] logging_exception_prefix = ERROR %(name)s %(instance)s {{(pid=107303) log_opt_values /opt/stack/data/venv/lib/python3.12/site-packages/oslo_config/cfg.py:3242}}
