Jul 23 22:30:31.175612 np0000186419 devstack@n-api.service[98825]: DEBUG nova.api.openstack.wsgi [None req-0785f642-1201-4003-ae6a-b992d9f93bef demo demo] Calling method '>' {{(pid=98825) _process_stack /opt/stack/nova/nova/api/openstack/wsgi.py:551}}
Jul 23 22:30:31.207232 np0000186419 devstack@n-api.service[98825]: INFO nova.api.openstack.requestlog [None req-0785f642-1201-4003-ae6a-b992d9f93bef demo demo] 199.204.45.205 "GET /compute/v2.1/flavors/detail?is_public=None" status: 200 len: 5262 microversion: 2.61 time: 0.035429
Jul 23 22:30:31.207799 np0000186419 devstack@n-api.service[98825]: [pid: 98825|app: 0|req: 16/64] 199.204.45.205 () {68 vars in 1424 bytes} [Thu Jul 23 22:30:31 2026] GET /compute/v2.1/flavors/detail?is_public=None => generated 5262 bytes in 36 msecs (HTTP/1.1 200) 9 headers in 360 bytes (1 switches on core 0)
Jul 23 22:30:31.495039 np0000186419 devstack@n-api.service[98827]: DEBUG nova.api.openstack.wsgi [None req-546ed3ec-39ba-4da9-83c3-4948608aa5c9 admin admin] Calling method '>' {{(pid=98827) _process_stack /opt/stack/nova/nova/api/openstack/wsgi.py:551}}
Jul 23 22:30:31.498649 np0000186419 devstack@n-api.service[98827]: INFO nova.api.openstack.requestlog [None req-546ed3ec-39ba-4da9-83c3-4948608aa5c9 admin admin] 199.204.45.205 "GET /compute/v2.1" status: 200 len: 393 microversion: 2.1 time: 0.003749
Jul 23 22:30:31.498895 np0000186419 devstack@n-api.service[98827]: [pid: 98827|app: 0|req: 16/65] 199.204.45.205 () {62 vars in 1063 bytes} [Thu Jul 23 22:30:31 2026] GET /compute/v2.1 => generated 393 bytes in 4 msecs (HTTP/1.1 200) 9 headers in 357 bytes (1 switches on core 0)
Jul 23 22:30:31.534615 np0000186419 devstack@n-api.service[98826]: DEBUG nova.api.openstack.wsgi [None req-0560eeae-a2fd-4d06-b687-f3300d1d52e3 admin admin] Calling method '>' {{(pid=98826) _process_stack /opt/stack/nova/nova/api/openstack/wsgi.py:551}}
Jul 23 22:30:31.541341 np0000186419 devstack@n-api.service[98826]: INFO nova.api.openstack.requestlog [None req-0560eeae-a2fd-4d06-b687-f3300d1d52e3 admin admin] 199.204.45.205 "GET /compute/v2.1/" status: 200 len: 393 microversion: 2.1 time: 0.007142
Jul 23 22:30:31.541720 np0000186419 devstack@n-api.service[98826]: [pid: 98826|app: 0|req: 18/66] 199.204.45.205 () {62 vars in 1066 bytes} [Thu Jul 23 22:30:31 2026] GET /compute/v2.1/ => generated 393 bytes in 8 msecs (HTTP/1.1 200) 9 headers in 357 bytes (1 switches on core 0)
Jul 23 22:30:31.579557 np0000186419 devstack@n-api.service[98824]: DEBUG nova.api.openstack.wsgi [None req-33f45350-0ee6-4955-9524-88d7d30dc589 demo demo] Calling method '>' {{(pid=98824) _process_stack /opt/stack/nova/nova/api/openstack/wsgi.py:551}}
Jul 23 22:30:31.603793 np0000186419 devstack@n-api.service[98824]: INFO nova.api.openstack.requestlog [None req-33f45350-0ee6-4955-9524-88d7d30dc589 demo demo] 199.204.45.205 "GET /compute/v2.1/flavors/detail?is_public=None" status: 200 len: 5262 microversion: 2.61 time: 0.027771
Jul 23 22:30:31.604090 np0000186419 devstack@n-api.service[98824]: [pid: 98824|app: 0|req: 17/67] 199.204.45.205 () {68 vars in 1424 bytes} [Thu Jul 23 22:30:31 2026] GET /compute/v2.1/flavors/detail?is_public=None => generated 5262 bytes in 29 msecs (HTTP/1.1 200) 9 headers in 360 bytes (1 switches on core 0)
Jul 23 22:30:31.658404 np0000186419 devstack@n-api.service[98825]: DEBUG nova.api.openstack.wsgi [None req-df141e7a-20db-4244-b7ad-f53d7d297aaf demo demo] Calling method '>' {{(pid=98825) _process_stack /opt/stack/nova/nova/api/openstack/wsgi.py:551}}
Jul 23 22:30:31.682053 np0000186419 devstack@n-api.service[98825]: INFO nova.api.openstack.requestlog [None req-df141e7a-20db-4244-b7ad-f53d7d297aaf demo demo] 199.204.45.205 "GET /compute/v2.1/flavors/detail?is_public=None" status: 200 len: 5262 microversion: 2.61 time: 0.027050
Jul 23 22:30:31.682425 np0000186419 devstack@n-api.service[98825]: [pid: 98825|app: 0|req: 17/68] 199.204.45.205 () {68 vars in 1424 bytes} [Thu Jul 23 22:30:31 2026] GET /compute/v2.1/flavors/detail?is_public=None => generated 5262 bytes in 28 msecs (HTTP/1.1 200) 9 headers in 360 bytes (1 switches on core 0)
Jul 23 22:30:35.772738 np0000186419 devstack@n-api.service[98827]: DEBUG nova.api.openstack.wsgi [None req-546ed3ec-39ba-4da9-83c3-4948608aa5c9 admin admin] Calling method '>' {{(pid=98827) _process_stack /opt/stack/nova/nova/api/openstack/wsgi.py:551}}
Jul 23 22:30:35.779166 np0000186419 devstack@n-api.service[98827]: INFO nova.api.openstack.requestlog [None req-546ed3ec-39ba-4da9-83c3-4948608aa5c9 admin admin] 199.204.45.205 "GET /compute/v2.1" status: 200 len: 393 microversion: 2.1 time: 0.007124
Jul 23 22:30:35.779616 np0000186419 devstack@n-api.service[98827]: [pid: 98827|app: 0|req: 17/69] 199.204.45.205 () {62 vars in 1063 bytes} [Thu Jul 23 22:30:35 2026] GET /compute/v2.1 => generated 393 bytes in 8 msecs (HTTP/1.1 200) 9 headers in 357 bytes (1 switches on core 0)
Jul 23 22:30:35.827069 np0000186419 devstack@n-api.service[98826]: DEBUG nova.api.openstack.wsgi [None req-0560eeae-a2fd-4d06-b687-f3300d1d52e3 admin admin] Calling method '>' {{(pid=98826) _process_stack /opt/stack/nova/nova/api/openstack/wsgi.py:551}}
Jul 23 22:30:35.833032 np0000186419 devstack@n-api.service[98826]: INFO nova.api.openstack.requestlog [None req-0560eeae-a2fd-4d06-b687-f3300d1d52e3 admin admin] 199.204.45.205 "GET /compute/v2.1/" status: 200 len: 393 microversion: 2.1 time: 0.006295
Jul 23 22:30:35.833773 np0000186419 devstack@n-api.service[98826]: [pid: 98826|app: 0|req: 19/70] 199.204.45.205 () {62 vars in 1066 bytes} [Thu Jul 23 22:30:35 2026] GET /compute/v2.1/ => generated 393 bytes in 7 msecs (HTTP/1.1 200) 9 headers in 357 bytes (1 switches on core 0)
Jul 23 22:30:35.884977 np0000186419 devstack@n-api.service[98824]: DEBUG nova.api.openstack.wsgi [None req-9d0a4cd8-63de-49ec-944c-d24e38fe1bdd demo demo] Calling method '>' {{(pid=98824) _process_stack /opt/stack/nova/nova/api/openstack/wsgi.py:551}}
Jul 23 22:30:35.905853 np0000186419 devstack@n-api.service[98824]: INFO nova.api.openstack.requestlog [None req-9d0a4cd8-63de-49ec-944c-d24e38fe1bdd demo demo] 199.204.45.205 "GET /compute/v2.1/flavors/detail?is_public=None" status: 200 len: 5262 microversion: 2.61 time: 0.024014
Jul 23 22:30:35.906006 np0000186419 devstack@n-api.service[98824]: [pid: 98824|app: 0|req: 18/71] 199.204.45.205 () {68 vars in 1424 bytes} [Thu Jul 23 22:30:35 2026] GET /compute/v2.1/flavors/detail?is_public=None => generated 5262 bytes in 25 msecs (HTTP/1.1 200) 9 headers in 360 bytes (1 switches on core 0)
Jul 23 22:30:35.963532 np0000186419 devstack@n-api.service[98825]: DEBUG nova.api.openstack.wsgi [None req-c8655121-5808-403e-bd24-3d9dec8a7b65 demo demo] Calling method '>' {{(pid=98825) _process_stack /opt/stack/nova/nova/api/openstack/wsgi.py:551}}
Jul 23 22:30:35.987526 np0000186419 devstack@n-api.service[98825]: INFO nova.api.openstack.requestlog [None req-c8655121-5808-403e-bd24-3d9dec8a7b65 demo demo] 199.204.45.205 "GET /compute/v2.1/flavors/detail?is_public=None" status: 200 len: 5262 microversion: 2.61 time: 0.027847
Jul 23 22:30:35.987796 np0000186419 devstack@n-api.service[98825]: [pid: 98825|app: 0|req: 18/72] 199.204.45.205 () {68 vars in 1424 bytes} [Thu Jul 23 22:30:35 2026] GET /compute/v2.1/flavors/detail?is_public=None => generated 5262 bytes in 29 msecs (HTTP/1.1 200) 9 headers in 360 bytes (1 switches on core 0)
Jul 23 22:30:36.135807 np0000186419 devstack@n-api.service[98827]: DEBUG nova.api.openstack.wsgi [None req-546ed3ec-39ba-4da9-83c3-4948608aa5c9 admin admin] Calling method '>' {{(pid=98827) _process_stack /opt/stack/nova/nova/api/openstack/wsgi.py:551}}
Jul 23 22:30:36.139333 np0000186419 devstack@n-api.service[98827]: INFO nova.api.openstack.requestlog [None req-546ed3ec-39ba-4da9-83c3-4948608aa5c9 admin admin] 199.204.45.205 "GET /compute/v2.1" status: 200 len: 393 microversion: 2.1 time: 0.003824
Jul 23 22:30:36.139552 np0000186419 devstack@n-api.service[98827]: [pid: 98827|app: 0|req: 18/73] 199.204.45.205 () {62 vars in 1063 bytes} [Thu Jul 23 22:30:36 2026] GET /compute/v2.1 => generated 393 bytes in 4 msecs (HTTP/1.1 200) 9 headers in 357 bytes (1 switches on core 0)
Jul 23 22:30:36.177886 np0000186419 devstack@n-api.service[98826]: DEBUG nova.api.openstack.wsgi [None req-0560eeae-a2fd-4d06-b687-f3300d1d52e3 admin admin] Calling method '>' {{(pid=98826) _process_stack /opt/stack/nova/nova/api/openstack/wsgi.py:551}}
Jul 23 22:30:36.183640 np0000186419 devstack@n-api.service[98826]: INFO nova.api.openstack.requestlog [None req-0560eeae-a2fd-4d06-b687-f3300d1d52e3 admin admin] 199.204.45.205 "GET /compute/v2.1/" status: 200 len: 393 microversion: 2.1 time: 0.006151
Jul 23 22:30:36.183977 np0000186419 devstack@n-api.service[98826]: [pid: 98826|app: 0|req: 20/74] 199.204.45.205 () {62 vars in 1066 bytes} [Thu Jul 23 22:30:36 2026] GET /compute/v2.1/ => generated 393 bytes in 7 msecs (HTTP/1.1 200) 9 headers in 357 bytes (1 switches on core 0)
Jul 23 22:30:36.225895 np0000186419 devstack@n-api.service[98824]: DEBUG nova.api.openstack.wsgi [None req-45014f4c-4d8a-41d9-877b-70b88e8e22b7 demo demo] Calling method '>' {{(pid=98824) _process_stack /opt/stack/nova/nova/api/openstack/wsgi.py:551}}
Jul 23 22:30:36.245078 np0000186419 devstack@n-api.service[98824]: INFO nova.api.openstack.requestlog [None req-45014f4c-4d8a-41d9-877b-70b88e8e22b7 demo demo] 199.204.45.205 "GET /compute/v2.1/flavors/detail?is_public=None" status: 200 len: 5262 microversion: 2.61 time: 0.021495
Jul 23 22:30:36.245396 np0000186419 devstack@n-api.service[98824]: [pid: 98824|app: 0|req: 19/75] 199.204.45.205 () {68 vars in 1424 bytes} [Thu Jul 23 22:30:36 2026] GET /compute/v2.1/flavors/detail?is_public=None => generated 5262 bytes in 22 msecs (HTTP/1.1 200) 9 headers in 360 bytes (1 switches on core 0)
Jul 23 22:30:36.292114 np0000186419 devstack@n-api.service[98825]: DEBUG nova.api.openstack.wsgi [None req-f3cd9555-1a03-4e23-ba2d-79c166b92d3e demo demo] Calling method '>' {{(pid=98825) _process_stack /opt/stack/nova/nova/api/openstack/wsgi.py:551}}
Jul 23 22:30:36.316396 np0000186419 devstack@n-api.service[98825]: INFO nova.api.openstack.requestlog [None req-f3cd9555-1a03-4e23-ba2d-79c166b92d3e demo demo] 199.204.45.205 "GET /compute/v2.1/flavors/detail?is_public=None" status: 200 len: 5262 microversion: 2.61 time: 0.027991
Jul 23 22:30:36.316699 np0000186419 devstack@n-api.service[98825]: [pid: 98825|app: 0|req: 19/76] 199.204.45.205 () {68 vars in 1424 bytes} [Thu Jul 23 22:30:36 2026] GET /compute/v2.1/flavors/detail?is_public=None => generated 5262 bytes in 29 msecs (HTTP/1.1 200) 9 headers in 360 bytes (1 switches on core 0)
Jul 23 22:30:40.080210 np0000186419 devstack@n-api.service[98827]: DEBUG nova.api.openstack.wsgi [None req-546ed3ec-39ba-4da9-83c3-4948608aa5c9 admin admin] Calling method '>' {{(pid=98827) _process_stack /opt/stack/nova/nova/api/openstack/wsgi.py:551}}
Jul 23 22:30:40.083145 np0000186419 devstack@n-api.service[98827]: INFO nova.api.openstack.requestlog [None req-546ed3ec-39ba-4da9-83c3-4948608aa5c9 admin admin] 199.204.45.205 "GET /compute/v2.1" status: 200 len: 393 microversion: 2.1 time: 0.003154
Jul 23 22:30:40.083552 np0000186419 devstack@n-api.service[98827]: [pid: 98827|app: 0|req: 19/77] 199.204.45.205 () {62 vars in 1074 bytes} [Thu Jul 23 22:30:40 2026] GET /compute/v2.1 => generated 393 bytes in 3 msecs (HTTP/1.1 200) 9 headers in 357 bytes (1 switches on core 0)
Jul 23 22:30:40.117055 np0000186419 devstack@n-api.service[98826]: DEBUG nova.api.openstack.wsgi [None req-0560eeae-a2fd-4d06-b687-f3300d1d52e3 admin admin] Calling method '>' {{(pid=98826) _process_stack /opt/stack/nova/nova/api/openstack/wsgi.py:551}}
Jul 23 22:30:40.122036 np0000186419 devstack@n-api.service[98826]: INFO nova.api.openstack.requestlog [None req-0560eeae-a2fd-4d06-b687-f3300d1d52e3 admin admin] 199.204.45.205 "GET /compute/v2.1/" status: 200 len: 393 microversion: 2.1 time: 0.006254
Jul 23 22:30:40.122262 np0000186419 devstack@n-api.service[98826]: [pid: 98826|app: 0|req: 21/78] 199.204.45.205 () {62 vars in 1077 bytes} [Thu Jul 23 22:30:40 2026] GET /compute/v2.1/ => generated 393 bytes in 7 msecs (HTTP/1.1 200) 9 headers in 357 bytes (1 switches on core 0)
Jul 23 22:30:40.165072 np0000186419 devstack@n-api.service[98824]: DEBUG nova.api.openstack.wsgi [None req-9ef10a38-f63b-485e-b4dd-69137ab6528f demo demo] Calling method '>' {{(pid=98824) _process_stack /opt/stack/nova/nova/api/openstack/wsgi.py:551}}
Jul 23 22:30:40.190512 np0000186419 devstack@n-api.service[98824]: INFO nova.api.openstack.requestlog [None req-9ef10a38-f63b-485e-b4dd-69137ab6528f demo demo] 199.204.45.205 "GET /compute/v2.1/os-server-groups" status: 200 len: 21 microversion: 2.64 time: 0.028910
Jul 23 22:30:40.190732 np0000186419 devstack@n-api.service[98824]: [pid: 98824|app: 0|req: 20/79] 199.204.45.205 () {68 vars in 1412 bytes} [Thu Jul 23 22:30:40 2026] GET /compute/v2.1/os-server-groups => generated 21 bytes in 29 msecs (HTTP/1.1 200) 9 headers in 358 bytes (1 switches on core 0)
Jul 23 22:30:40.227299 np0000186419 devstack@n-api.service[98825]: DEBUG nova.api.openstack.wsgi [None req-f3cd9555-1a03-4e23-ba2d-79c166b92d3e demo demo] Calling method '>' {{(pid=98825) _process_stack /opt/stack/nova/nova/api/openstack/wsgi.py:551}}
Jul 23 22:30:40.232484 np0000186419 devstack@n-api.service[98825]: INFO nova.api.openstack.requestlog [None req-f3cd9555-1a03-4e23-ba2d-79c166b92d3e demo demo] 199.204.45.205 "GET /compute/v2.1" status: 200 len: 393 microversion: 2.1 time: 0.006275
Jul 23 22:30:40.232870 np0000186419 devstack@n-api.service[98825]: [pid: 98825|app: 0|req: 20/80] 199.204.45.205 () {62 vars in 1074 bytes} [Thu Jul 23 22:30:40 2026] GET /compute/v2.1 => generated 393 bytes in 8 msecs (HTTP/1.1 200) 9 headers in 357 bytes (1 switches on core 0)
Jul 23 22:30:40.271061 np0000186419 devstack@n-api.service[98827]: DEBUG nova.api.openstack.wsgi [None req-546ed3ec-39ba-4da9-83c3-4948608aa5c9 admin admin] Calling method '>' {{(pid=98827) _process_stack /opt/stack/nova/nova/api/openstack/wsgi.py:551}}
Jul 23 22:30:40.278011 np0000186419 devstack@n-api.service[98827]: INFO nova.api.openstack.requestlog [None req-546ed3ec-39ba-4da9-83c3-4948608aa5c9 admin admin] 199.204.45.205 "GET /compute/v2.1/" status: 200 len: 393 microversion: 2.1 time: 0.007478
Jul 23 22:30:40.278463 np0000186419 devstack@n-api.service[98827]: [pid: 98827|app: 0|req: 20/81] 199.204.45.205 () {62 vars in 1077 bytes} [Thu Jul 23 22:30:40 2026] GET /compute/v2.1/ => generated 393 bytes in 8 msecs (HTTP/1.1 200) 9 headers in 357 bytes (1 switches on core 0)
Jul 23 22:30:40.317299 np0000186419 devstack@n-api.service[98826]: DEBUG nova.api.openstack.wsgi [None req-a823eeaa-0acf-4570-bb9e-24e3053bbfcf demo demo] Action: 'create', calling method: >, body: {"server_group": {"name": "kube-eyr1z", "policy": "soft-anti-affinity"}} {{(pid=98826) _process_stack /opt/stack/nova/nova/api/openstack/wsgi.py:549}}
Jul 23 22:30:40.339638 np0000186419 devstack@n-api.service[98826]: DEBUG nova.quota [None req-a823eeaa-0acf-4570-bb9e-24e3053bbfcf demo demo] Getting quotas for project 39032352b739416cbbb526a21a9e4927. Resources: {'server_groups'} {{(pid=98826) _get_quotas /opt/stack/nova/nova/quota.py:389}}
Jul 23 22:30:40.342688 np0000186419 devstack@n-api.service[98826]: DEBUG nova.quota [None req-a823eeaa-0acf-4570-bb9e-24e3053bbfcf demo demo] Getting quotas for user 0a1a2ebe70a74b78a2f563ed6cbe20ce and project 39032352b739416cbbb526a21a9e4927. Resources: {'server_groups'} {{(pid=98826) _get_quotas /opt/stack/nova/nova/quota.py:379}}
Jul 23 22:30:40.395688 np0000186419 devstack@n-api.service[98826]: DEBUG nova.quota [None req-a823eeaa-0acf-4570-bb9e-24e3053bbfcf demo demo] Getting quotas for project 39032352b739416cbbb526a21a9e4927. Resources: {'server_groups'} {{(pid=98826) _get_quotas /opt/stack/nova/nova/quota.py:389}}
Jul 23 22:30:40.397764 np0000186419 devstack@n-api.service[98826]: DEBUG nova.quota [None req-a823eeaa-0acf-4570-bb9e-24e3053bbfcf demo demo] Getting quotas for user 0a1a2ebe70a74b78a2f563ed6cbe20ce and project 39032352b739416cbbb526a21a9e4927. Resources: {'server_groups'} {{(pid=98826) _get_quotas /opt/stack/nova/nova/quota.py:379}}
Jul 23 22:30:40.405802 np0000186419 devstack@n-api.service[98826]: INFO nova.api.openstack.requestlog [None req-a823eeaa-0acf-4570-bb9e-24e3053bbfcf demo demo] 199.204.45.205 "POST /compute/v2.1/os-server-groups" status: 200 len: 243 microversion: 2.64 time: 0.092838
Jul 23 22:30:40.406142 np0000186419 devstack@n-api.service[98826]: [pid: 98826|app: 0|req: 22/82] 199.204.45.205 () {72 vars in 1452 bytes} [Thu Jul 23 22:30:40 2026] POST /compute/v2.1/os-server-groups => generated 243 bytes in 94 msecs (HTTP/1.1 200) 9 headers in 359 bytes (1 switches on core 0)
Jul 23 22:30:40.453745 np0000186419 devstack@n-api.service[98824]: DEBUG nova.api.openstack.wsgi [None req-9ef10a38-f63b-485e-b4dd-69137ab6528f demo demo] Calling method '>' {{(pid=98824) _process_stack /opt/stack/nova/nova/api/openstack/wsgi.py:551}}
Jul 23 22:30:40.458958 np0000186419 devstack@n-api.service[98824]: INFO nova.api.openstack.requestlog [None req-9ef10a38-f63b-485e-b4dd-69137ab6528f demo demo] 199.204.45.205 "GET /compute/v2.1" status: 200 len: 393 microversion: 2.1 time: 0.005790
Jul 23 22:30:40.459184 np0000186419 devstack@n-api.service[98824]: [pid: 98824|app: 0|req: 21/83] 199.204.45.205 () {62 vars in 1074 bytes} [Thu Jul 23 22:30:40 2026] GET /compute/v2.1 => generated 393 bytes in 6 msecs (HTTP/1.1 200) 9 headers in 357 bytes (1 switches on core 0)
Jul 23 22:30:40.498172 np0000186419 devstack@n-api.service[98825]: DEBUG nova.api.openstack.wsgi [None req-f3cd9555-1a03-4e23-ba2d-79c166b92d3e demo demo] Calling method '>' {{(pid=98825) _process_stack /opt/stack/nova/nova/api/openstack/wsgi.py:551}}
Jul 23 22:30:40.501321 np0000186419 devstack@n-api.service[98825]: INFO nova.api.openstack.requestlog [None req-f3cd9555-1a03-4e23-ba2d-79c166b92d3e demo demo] 199.204.45.205 "GET /compute/v2.1/" status: 200 len: 393 microversion: 2.1 time: 0.003201
Jul 23 22:30:40.502054 np0000186419 devstack@n-api.service[98825]: [pid: 98825|app: 0|req: 21/84] 199.204.45.205 () {62 vars in 1077 bytes} [Thu Jul 23 22:30:40 2026] GET /compute/v2.1/ => generated 393 bytes in 4 msecs (HTTP/1.1 200) 9 headers in 357 bytes (1 switches on core 0)
Jul 23 22:30:40.545153 np0000186419 devstack@n-api.service[98827]: DEBUG nova.api.openstack.wsgi [None req-86756ba3-e98b-413b-ab5b-02eac02aca2e demo demo] Calling method '>' {{(pid=98827) _process_stack /opt/stack/nova/nova/api/openstack/wsgi.py:551}}
Jul 23 22:30:40.565865 np0000186419 devstack@n-api.service[98827]: INFO nova.api.openstack.requestlog [None req-86756ba3-e98b-413b-ab5b-02eac02aca2e demo demo] 199.204.45.205 "GET /compute/v2.1/os-server-groups" status: 200 len: 246 microversion: 2.64 time: 0.025244
Jul 23 22:30:40.566116 np0000186419 devstack@n-api.service[98827]: [pid: 98827|app: 0|req: 21/85] 199.204.45.205 () {68 vars in 1412 bytes} [Thu Jul 23 22:30:40 2026] GET /compute/v2.1/os-server-groups => generated 246 bytes in 26 msecs (HTTP/1.1 200) 9 headers in 359 bytes (1 switches on core 0)
Jul 23 22:30:40.611526 np0000186419 devstack@n-api.service[98826]: DEBUG nova.api.openstack.wsgi [None req-a823eeaa-0acf-4570-bb9e-24e3053bbfcf demo demo] Calling method '>' {{(pid=98826) _process_stack /opt/stack/nova/nova/api/openstack/wsgi.py:551}}
Jul 23 22:30:40.617187 np0000186419 devstack@n-api.service[98826]: INFO nova.api.openstack.requestlog [None req-a823eeaa-0acf-4570-bb9e-24e3053bbfcf demo demo] 199.204.45.205 "GET /compute/v2.1" status: 200 len: 393 microversion: 2.1 time: 0.006194
Jul 23 22:30:40.617491 np0000186419 devstack@n-api.service[98826]: [pid: 98826|app: 0|req: 23/86] 199.204.45.205 () {62 vars in 1074 bytes} [Thu Jul 23 22:30:40 2026] GET /compute/v2.1 => generated 393 bytes in 7 msecs (HTTP/1.1 200) 9 headers in 357 bytes (1 switches on core 0)
Jul 23 22:30:40.715736 np0000186419 devstack@n-api.service[98824]: DEBUG nova.api.openstack.wsgi [None req-9ef10a38-f63b-485e-b4dd-69137ab6528f demo demo] Calling method '>' {{(pid=98824) _process_stack /opt/stack/nova/nova/api/openstack/wsgi.py:551}}
Jul 23 22:30:40.723484 np0000186419 devstack@n-api.service[98824]: INFO nova.api.openstack.requestlog [None req-9ef10a38-f63b-485e-b4dd-69137ab6528f demo demo] 199.204.45.205 "GET /compute/v2.1/" status: 200 len: 393 microversion: 2.1 time: 0.008124
Jul 23 22:30:40.724153 np0000186419 devstack@n-api.service[98824]: [pid: 98824|app: 0|req: 22/87] 199.204.45.205 () {62 vars in 1077 bytes} [Thu Jul 23 22:30:40 2026] GET /compute/v2.1/ => generated 393 bytes in 9 msecs (HTTP/1.1 200) 9 headers in 357 bytes (1 switches on core 0)
Jul 23 22:30:40.763923 np0000186419 devstack@n-api.service[98825]: DEBUG nova.api.openstack.wsgi [None req-3a6ccc26-e89d-491a-bd9e-71453d980eb2 demo demo] Action: 'create', calling method: >, body: {"server_group": {"name": "kube-eyr1z-default-worker", "policy": "soft-anti-affinity"}} {{(pid=98825) _process_stack /opt/stack/nova/nova/api/openstack/wsgi.py:549}}
Jul 23 22:30:40.797890 np0000186419 devstack@n-api.service[98825]: DEBUG nova.quota [None req-3a6ccc26-e89d-491a-bd9e-71453d980eb2 demo demo] Getting quotas for project 39032352b739416cbbb526a21a9e4927. Resources: {'server_groups'} {{(pid=98825) _get_quotas /opt/stack/nova/nova/quota.py:389}}
Jul 23 22:30:40.801088 np0000186419 devstack@n-api.service[98825]: DEBUG nova.quota [None req-3a6ccc26-e89d-491a-bd9e-71453d980eb2 demo demo] Getting quotas for user 0a1a2ebe70a74b78a2f563ed6cbe20ce and project 39032352b739416cbbb526a21a9e4927. Resources: {'server_groups'} {{(pid=98825) _get_quotas /opt/stack/nova/nova/quota.py:379}}
Jul 23 22:30:40.854517 np0000186419 devstack@n-api.service[98825]: DEBUG nova.quota [None req-3a6ccc26-e89d-491a-bd9e-71453d980eb2 demo demo] Getting quotas for project 39032352b739416cbbb526a21a9e4927. Resources: {'server_groups'} {{(pid=98825) _get_quotas /opt/stack/nova/nova/quota.py:389}}
Jul 23 22:30:40.856692 np0000186419 devstack@n-api.service[98825]: DEBUG nova.quota [None req-3a6ccc26-e89d-491a-bd9e-71453d980eb2 demo demo] Getting quotas for user 0a1a2ebe70a74b78a2f563ed6cbe20ce and project 39032352b739416cbbb526a21a9e4927. Resources: {'server_groups'} {{(pid=98825) _get_quotas /opt/stack/nova/nova/quota.py:379}}
Jul 23 22:30:40.865025 np0000186419 devstack@n-api.service[98825]: INFO nova.api.openstack.requestlog [None req-3a6ccc26-e89d-491a-bd9e-71453d980eb2 demo demo] 199.204.45.205 "POST /compute/v2.1/os-server-groups" status: 200 len: 258 microversion: 2.64 time: 0.104933
Jul 23 22:30:40.865255 np0000186419 devstack@n-api.service[98825]: [pid: 98825|app: 0|req: 22/88] 199.204.45.205 () {72 vars in 1452 bytes} [Thu Jul 23 22:30:40 2026] POST /compute/v2.1/os-server-groups => generated 258 bytes in 106 msecs (HTTP/1.1 200) 9 headers in 359 bytes (1 switches on core 0)
Jul 23 22:30:44.091250 np0000186419 devstack@n-api.service[98827]: DEBUG nova.api.openstack.wsgi [None req-86756ba3-e98b-413b-ab5b-02eac02aca2e demo demo] Calling method '>' {{(pid=98827) _process_stack /opt/stack/nova/nova/api/openstack/wsgi.py:551}}
Jul 23 22:30:44.096260 np0000186419 devstack@n-api.service[98827]: INFO nova.api.openstack.requestlog [None req-86756ba3-e98b-413b-ab5b-02eac02aca2e demo demo] 199.204.45.205 "GET /compute/v2.1" status: 200 len: 393 microversion: 2.1 time: 0.005565
Jul 23 22:30:44.096525 np0000186419 devstack@n-api.service[98827]: [pid: 98827|app: 0|req: 22/89] 199.204.45.205 () {62 vars in 1074 bytes} [Thu Jul 23 22:30:44 2026] GET /compute/v2.1 => generated 393 bytes in 6 msecs (HTTP/1.1 200) 9 headers in 357 bytes (1 switches on core 0)
Jul 23 22:30:44.136108 np0000186419 devstack@n-api.service[98826]: DEBUG nova.api.openstack.wsgi [None req-a823eeaa-0acf-4570-bb9e-24e3053bbfcf demo demo] Calling method '>' {{(pid=98826) _process_stack /opt/stack/nova/nova/api/openstack/wsgi.py:551}}
Jul 23 22:30:44.140895 np0000186419 devstack@n-api.service[98826]: INFO nova.api.openstack.requestlog [None req-a823eeaa-0acf-4570-bb9e-24e3053bbfcf demo demo] 199.204.45.205 "GET /compute/v2.1/" status: 200 len: 393 microversion: 2.1 time: 0.005293
Jul 23 22:30:44.141161 np0000186419 devstack@n-api.service[98826]: [pid: 98826|app: 0|req: 24/90] 199.204.45.205 () {62 vars in 1077 bytes} [Thu Jul 23 22:30:44 2026] GET /compute/v2.1/ => generated 393 bytes in 6 msecs (HTTP/1.1 200) 9 headers in 357 bytes (1 switches on core 0)
Jul 23 22:30:44.185974 np0000186419 devstack@n-api.service[98824]: DEBUG nova.api.openstack.wsgi [None req-e6baab4d-e8be-4584-8be6-f6864f605d93 demo demo] Calling method '>' {{(pid=98824) _process_stack /opt/stack/nova/nova/api/openstack/wsgi.py:551}}
Jul 23 22:30:44.207809 np0000186419 devstack@n-api.service[98824]: INFO nova.api.openstack.requestlog [None req-e6baab4d-e8be-4584-8be6-f6864f605d93 demo demo] 199.204.45.205 "GET /compute/v2.1/flavors/detail?is_public=None" status: 200 len: 5262 microversion: 2.61 time: 0.025473
Jul 23 22:30:44.208078 np0000186419 devstack@n-api.service[98824]: [pid: 98824|app: 0|req: 23/91] 199.204.45.205 () {68 vars in 1435 bytes} [Thu Jul 23 22:30:44 2026] GET /compute/v2.1/flavors/detail?is_public=None => generated 5262 bytes in 26 msecs (HTTP/1.1 200) 9 headers in 360 bytes (1 switches on core 0)
Jul 23 22:30:44.262411 np0000186419 devstack@n-api.service[98825]: DEBUG nova.api.openstack.wsgi [None req-38c98a14-50b4-41f2-bcb6-b16e29b2578b demo demo] Calling method '>' {{(pid=98825) _process_stack /opt/stack/nova/nova/api/openstack/wsgi.py:551}}
Jul 23 22:30:44.285560 np0000186419 devstack@n-api.service[98825]: INFO nova.api.openstack.requestlog [None req-38c98a14-50b4-41f2-bcb6-b16e29b2578b demo demo] 199.204.45.205 "GET /compute/v2.1/flavors/detail?is_public=None" status: 200 len: 5262 microversion: 2.61 time: 0.026752
Jul 23 22:30:44.285852 np0000186419 devstack@n-api.service[98825]: [pid: 98825|app: 0|req: 23/92] 199.204.45.205 () {68 vars in 1435 bytes} [Thu Jul 23 22:30:44 2026] GET /compute/v2.1/flavors/detail?is_public=None => generated 5262 bytes in 28 msecs (HTTP/1.1 200) 9 headers in 360 bytes (1 switches on core 0)
Jul 23 22:30:44.455315 np0000186419 devstack@n-api.service[98827]: DEBUG nova.api.openstack.wsgi [None req-86756ba3-e98b-413b-ab5b-02eac02aca2e demo demo] Calling method '>' {{(pid=98827) _process_stack /opt/stack/nova/nova/api/openstack/wsgi.py:551}}
Jul 23 22:30:44.460132 np0000186419 devstack@n-api.service[98827]: INFO nova.api.openstack.requestlog [None req-86756ba3-e98b-413b-ab5b-02eac02aca2e demo demo] 199.204.45.205 "GET /compute/v2.1" status: 200 len: 393 microversion: 2.1 time: 0.005143
Jul 23 22:30:44.460454 np0000186419 devstack@n-api.service[98827]: [pid: 98827|app: 0|req: 23/93] 199.204.45.205 () {62 vars in 1074 bytes} [Thu Jul 23 22:30:44 2026] GET /compute/v2.1 => generated 393 bytes in 6 msecs (HTTP/1.1 200) 9 headers in 357 bytes (1 switches on core 0)
Jul 23 22:30:44.496252 np0000186419 devstack@n-api.service[98826]: DEBUG nova.api.openstack.wsgi [None req-a823eeaa-0acf-4570-bb9e-24e3053bbfcf demo demo] Calling method '>' {{(pid=98826) _process_stack /opt/stack/nova/nova/api/openstack/wsgi.py:551}}
Jul 23 22:30:44.502258 np0000186419 devstack@n-api.service[98826]: INFO nova.api.openstack.requestlog [None req-a823eeaa-0acf-4570-bb9e-24e3053bbfcf demo demo] 199.204.45.205 "GET /compute/v2.1/" status: 200 len: 393 microversion: 2.1 time: 0.006358
Jul 23 22:30:44.502757 np0000186419 devstack@n-api.service[98826]: [pid: 98826|app: 0|req: 25/94] 199.204.45.205 () {62 vars in 1077 bytes} [Thu Jul 23 22:30:44 2026] GET /compute/v2.1/ => generated 393 bytes in 7 msecs (HTTP/1.1 200) 9 headers in 357 bytes (1 switches on core 0)
Jul 23 22:30:44.538696 np0000186419 devstack@n-api.service[98824]: DEBUG nova.api.openstack.wsgi [None req-8cd9aaba-75f4-4817-9213-0a29e73c0802 demo demo] Calling method '>' {{(pid=98824) _process_stack /opt/stack/nova/nova/api/openstack/wsgi.py:551}}
Jul 23 22:30:44.558640 np0000186419 devstack@n-api.service[98824]: INFO nova.api.openstack.requestlog [None req-8cd9aaba-75f4-4817-9213-0a29e73c0802 demo demo] 199.204.45.205 "GET /compute/v2.1/flavors/detail?is_public=None" status: 200 len: 5262 microversion: 2.61 time: 0.021495
Jul 23 22:30:44.558898 np0000186419 devstack@n-api.service[98824]: [pid: 98824|app: 0|req: 24/95] 199.204.45.205 () {68 vars in 1435 bytes} [Thu Jul 23 22:30:44 2026] GET /compute/v2.1/flavors/detail?is_public=None => generated 5262 bytes in 22 msecs (HTTP/1.1 200) 9 headers in 360 bytes (1 switches on core 0)
Jul 23 22:30:50.401641 np0000186419 devstack@n-api.service[98826]: DEBUG dbcounter [-] [98826] Writing DB stats nova_cell0:SELECT=4 {{(pid=98826) stat_writer /opt/stack/data/venv/lib/python3.12/site-packages/dbcounter.py:115}}
Jul 23 22:30:50.403139 np0000186419 devstack@n-api.service[98826]: DEBUG dbcounter [-] [98826] Writing DB stats nova_api:SELECT=14,nova_api:INSERT=2 {{(pid=98826) stat_writer /opt/stack/data/venv/lib/python3.12/site-packages/dbcounter.py:115}}
Jul 23 22:30:50.563097 np0000186419 devstack@n-api.service[98827]: DEBUG dbcounter [-] [98827] Writing DB stats nova_api:SELECT=2 {{(pid=98827) stat_writer /opt/stack/data/venv/lib/python3.12/site-packages/dbcounter.py:115}}
Jul 23 22:30:50.860178 np0000186419 devstack@n-api.service[98825]: DEBUG dbcounter [-] [98825] Writing DB stats nova_cell0:SELECT=4 {{(pid=98825) stat_writer /opt/stack/data/venv/lib/python3.12/site-packages/dbcounter.py:115}}
Jul 23 22:30:54.272110 np0000186419 devstack@n-api.service[98825]: DEBUG dbcounter [-] [98825] Writing DB stats nova_api:SELECT=19,nova_api:INSERT=2 {{(pid=98825) stat_writer /opt/stack/data/venv/lib/python3.12/site-packages/dbcounter.py:115}}
Jul 23 22:30:54.542919 np0000186419 devstack@n-api.service[98824]: DEBUG dbcounter [-] [98824] Writing DB stats nova_api:SELECT=8 {{(pid=98824) stat_writer /opt/stack/data/venv/lib/python3.12/site-packages/dbcounter.py:115}}
Jul 23 22:31:06.398160 np0000186419 devstack@n-api.service[98825]: DEBUG nova.api.openstack.wsgi [None req-38c98a14-50b4-41f2-bcb6-b16e29b2578b demo demo] Calling method '>' {{(pid=98825) _process_stack /opt/stack/nova/nova/api/openstack/wsgi.py:551}}
Jul 23 22:31:06.401866 np0000186419 devstack@n-api.service[98825]: INFO nova.api.openstack.requestlog [None req-38c98a14-50b4-41f2-bcb6-b16e29b2578b demo demo] 172.18.0.2 "GET /compute/v2.1/" status: 200 len: 393 microversion: 2.1 time: 0.004143
Jul 23 22:31:06.402121 np0000186419 devstack@n-api.service[98825]: [pid: 98825|app: 0|req: 24/96] 199.204.45.205 () {64 vars in 1272 bytes} [Thu Jul 23 22:31:06 2026] GET /compute/v2.1/ => generated 393 bytes in 5 msecs (HTTP/1.1 200) 9 headers in 357 bytes (1 switches on core 0)
Jul 23 22:31:06.412067 np0000186419 devstack@n-api.service[98827]: DEBUG nova.api.openstack.wsgi [None req-ea8ef286-b8dc-4f7f-a194-656c5e3d0db0 demo demo] Calling method '>' {{(pid=98827) _process_stack /opt/stack/nova/nova/api/openstack/wsgi.py:551}}
Jul 23 22:31:06.414758 np0000186419 devstack@n-api.service[98827]: DEBUG oslo_concurrency.lockutils [None req-ea8ef286-b8dc-4f7f-a194-656c5e3d0db0 demo demo] Acquiring lock "00000000-0000-0000-0000-000000000000" by "nova.context.set_target_cell..get_or_set_cached_cell_and_set_connections" {{(pid=98827) inner /opt/stack/data/venv/lib/python3.12/site-packages/oslo_concurrency/lockutils.py:512}}
Jul 23 22:31:06.415027 np0000186419 devstack@n-api.service[98827]: DEBUG oslo_concurrency.lockutils [None req-ea8ef286-b8dc-4f7f-a194-656c5e3d0db0 demo demo] Lock "00000000-0000-0000-0000-000000000000" acquired by "nova.context.set_target_cell..get_or_set_cached_cell_and_set_connections" :: waited 0.000s {{(pid=98827) inner /opt/stack/data/venv/lib/python3.12/site-packages/oslo_concurrency/lockutils.py:525}}
Jul 23 22:31:06.415214 np0000186419 devstack@n-api.service[98827]: DEBUG oslo_concurrency.lockutils [None req-ea8ef286-b8dc-4f7f-a194-656c5e3d0db0 demo demo] Lock "00000000-0000-0000-0000-000000000000" "released" by "nova.context.set_target_cell..get_or_set_cached_cell_and_set_connections" :: held 0.000s {{(pid=98827) inner /opt/stack/data/venv/lib/python3.12/site-packages/oslo_concurrency/lockutils.py:544}}
Jul 23 22:31:06.416330 np0000186419 devstack@n-api.service[98827]: DEBUG oslo_concurrency.lockutils [None req-ea8ef286-b8dc-4f7f-a194-656c5e3d0db0 demo demo] Acquiring lock "ff42dd1c-ec63-4a9f-a464-b98efd37875f" by "nova.context.set_target_cell..get_or_set_cached_cell_and_set_connections" {{(pid=98827) inner /opt/stack/data/venv/lib/python3.12/site-packages/oslo_concurrency/lockutils.py:512}}
Jul 23 22:31:06.416540 np0000186419 devstack@n-api.service[98827]: DEBUG oslo_concurrency.lockutils [None req-ea8ef286-b8dc-4f7f-a194-656c5e3d0db0 demo demo] Lock "ff42dd1c-ec63-4a9f-a464-b98efd37875f" acquired by "nova.context.set_target_cell..get_or_set_cached_cell_and_set_connections" :: waited 0.000s {{(pid=98827) inner /opt/stack/data/venv/lib/python3.12/site-packages/oslo_concurrency/lockutils.py:525}}
Jul 23 22:31:06.416735 np0000186419 devstack@n-api.service[98827]: DEBUG oslo_concurrency.lockutils [None req-ea8ef286-b8dc-4f7f-a194-656c5e3d0db0 demo demo] Lock "ff42dd1c-ec63-4a9f-a464-b98efd37875f" "released" by "nova.context.set_target_cell..get_or_set_cached_cell_and_set_connections" :: held 0.000s {{(pid=98827) inner /opt/stack/data/venv/lib/python3.12/site-packages/oslo_concurrency/lockutils.py:544}}
Jul 23 22:31:06.484931 np0000186419 devstack@n-api.service[98827]: INFO nova.api.openstack.requestlog [None req-ea8ef286-b8dc-4f7f-a194-656c5e3d0db0 demo demo] 172.18.0.2 "GET /compute/v2.1/os-availability-zone" status: 200 len: 97 microversion: 2.38 time: 0.075717
Jul 23 22:31:06.485464 np0000186419 devstack@n-api.service[98827]: [pid: 98827|app: 0|req: 24/97] 199.204.45.205 () {68 vars in 1415 bytes} [Thu Jul 23 22:31:06 2026] GET /compute/v2.1/os-availability-zone => generated 97 bytes in 77 msecs (HTTP/1.1 200) 9 headers in 358 bytes (1 switches on core 0)
Jul 23 22:31:07.378707 np0000186419 devstack@n-api.service[98826]: DEBUG nova.api.openstack.wsgi [None req-a823eeaa-0acf-4570-bb9e-24e3053bbfcf demo demo] Calling method '>' {{(pid=98826) _process_stack /opt/stack/nova/nova/api/openstack/wsgi.py:551}}
Jul 23 22:31:07.384310 np0000186419 devstack@n-api.service[98826]: INFO nova.api.openstack.requestlog [None req-a823eeaa-0acf-4570-bb9e-24e3053bbfcf demo demo] 172.18.0.2 "GET /compute/v2.1/" status: 200 len: 393 microversion: 2.1 time: 0.005948
Jul 23 22:31:07.384568 np0000186419 devstack@n-api.service[98826]: [pid: 98826|app: 0|req: 26/98] 199.204.45.205 () {64 vars in 1272 bytes} [Thu Jul 23 22:31:07 2026] GET /compute/v2.1/ => generated 393 bytes in 7 msecs (HTTP/1.1 200) 9 headers in 357 bytes (1 switches on core 0)
Jul 23 22:31:07.395027 np0000186419 devstack@n-api.service[98824]: DEBUG nova.api.openstack.wsgi [None req-b561f258-a0d1-423f-bc46-31e4fb2caaa9 demo demo] Calling method '>' {{(pid=98824) _process_stack /opt/stack/nova/nova/api/openstack/wsgi.py:551}}
Jul 23 22:31:07.398693 np0000186419 devstack@n-api.service[98824]: DEBUG oslo_concurrency.lockutils [None req-b561f258-a0d1-423f-bc46-31e4fb2caaa9 demo demo] Acquiring lock "00000000-0000-0000-0000-000000000000" by "nova.context.set_target_cell..get_or_set_cached_cell_and_set_connections" {{(pid=98824) inner /opt/stack/data/venv/lib/python3.12/site-packages/oslo_concurrency/lockutils.py:512}}
Jul 23 22:31:07.399073 np0000186419 devstack@n-api.service[98824]: DEBUG oslo_concurrency.lockutils [None req-b561f258-a0d1-423f-bc46-31e4fb2caaa9 demo demo] Lock "00000000-0000-0000-0000-000000000000" acquired by "nova.context.set_target_cell..get_or_set_cached_cell_and_set_connections" :: waited 0.000s {{(pid=98824) inner /opt/stack/data/venv/lib/python3.12/site-packages/oslo_concurrency/lockutils.py:525}}
Jul 23 22:31:07.399480 np0000186419 devstack@n-api.service[98824]: DEBUG oslo_concurrency.lockutils [None req-b561f258-a0d1-423f-bc46-31e4fb2caaa9 demo demo] Lock "00000000-0000-0000-0000-000000000000" "released" by "nova.context.set_target_cell..get_or_set_cached_cell_and_set_connections" :: held 0.000s {{(pid=98824) inner /opt/stack/data/venv/lib/python3.12/site-packages/oslo_concurrency/lockutils.py:544}}
Jul 23 22:31:07.400745 np0000186419 devstack@n-api.service[98824]: DEBUG oslo_concurrency.lockutils [None req-b561f258-a0d1-423f-bc46-31e4fb2caaa9 demo demo] Acquiring lock "ff42dd1c-ec63-4a9f-a464-b98efd37875f" by "nova.context.set_target_cell..get_or_set_cached_cell_and_set_connections" {{(pid=98824) inner /opt/stack/data/venv/lib/python3.12/site-packages/oslo_concurrency/lockutils.py:512}}
Jul 23 22:31:07.400894 np0000186419 devstack@n-api.service[98824]: DEBUG oslo_concurrency.lockutils [None req-b561f258-a0d1-423f-bc46-31e4fb2caaa9 demo demo] Lock "ff42dd1c-ec63-4a9f-a464-b98efd37875f" acquired by "nova.context.set_target_cell..get_or_set_cached_cell_and_set_connections" :: waited 0.000s {{(pid=98824) inner /opt/stack/data/venv/lib/python3.12/site-packages/oslo_concurrency/lockutils.py:525}}
Jul 23 22:31:07.401025 np0000186419 devstack@n-api.service[98824]: DEBUG oslo_concurrency.lockutils [None req-b561f258-a0d1-423f-bc46-31e4fb2caaa9 demo demo] Lock "ff42dd1c-ec63-4a9f-a464-b98efd37875f" "released" by "nova.context.set_target_cell..get_or_set_cached_cell_and_set_connections" :: held 0.000s {{(pid=98824) inner /opt/stack/data/venv/lib/python3.12/site-packages/oslo_concurrency/lockutils.py:544}}
Jul 23 22:31:07.470670 np0000186419 devstack@n-api.service[98824]: INFO nova.api.openstack.requestlog [None req-b561f258-a0d1-423f-bc46-31e4fb2caaa9 demo demo] 172.18.0.2 "GET /compute/v2.1/os-availability-zone" status: 200 len: 97 microversion: 2.38 time: 0.078855
Jul 23 22:31:07.471076 np0000186419 devstack@n-api.service[98824]: [pid: 98824|app: 0|req: 25/99] 199.204.45.205 () {68 vars in 1415 bytes} [Thu Jul 23 22:31:07 2026] GET /compute/v2.1/os-availability-zone => generated 97 bytes in 80 msecs (HTTP/1.1 200) 9 headers in 358 bytes (1 switches on core 0)
Jul 23 22:31:08.134441 np0000186419 devstack@n-api.service[98825]: DEBUG nova.api.openstack.wsgi [None req-38c98a14-50b4-41f2-bcb6-b16e29b2578b demo demo] Calling method '>' {{(pid=98825) _process_stack /opt/stack/nova/nova/api/openstack/wsgi.py:551}}
Jul 23 22:31:08.140825 np0000186419 devstack@n-api.service[98825]: INFO nova.api.openstack.requestlog [None req-38c98a14-50b4-41f2-bcb6-b16e29b2578b demo demo] 172.18.0.2 "GET /compute/v2.1/" status: 200 len: 393 microversion: 2.1 time: 0.007196
Jul 23 22:31:08.140989 np0000186419 devstack@n-api.service[98825]: [pid: 98825|app: 0|req: 25/100] 199.204.45.205 () {64 vars in 1272 bytes} [Thu Jul 23 22:31:08 2026] GET /compute/v2.1/ => generated 393 bytes in 8 msecs (HTTP/1.1 200) 9 headers in 357 bytes (1 switches on core 0)
Jul 23 22:31:08.149115 np0000186419 devstack@n-api.service[98827]: DEBUG nova.api.openstack.wsgi [None req-783c7ec8-02d0-4ca2-ab64-d893f11960ea demo demo] Calling method '>' {{(pid=98827) _process_stack /opt/stack/nova/nova/api/openstack/wsgi.py:551}}
Jul 23 22:31:08.151446 np0000186419 devstack@n-api.service[98827]: DEBUG oslo_concurrency.lockutils [None req-783c7ec8-02d0-4ca2-ab64-d893f11960ea demo demo] Acquiring lock "00000000-0000-0000-0000-000000000000" by "nova.context.set_target_cell..get_or_set_cached_cell_and_set_connections" {{(pid=98827) inner /opt/stack/data/venv/lib/python3.12/site-packages/oslo_concurrency/lockutils.py:512}}
Jul 23 22:31:08.151664 np0000186419 devstack@n-api.service[98827]: DEBUG oslo_concurrency.lockutils [None req-783c7ec8-02d0-4ca2-ab64-d893f11960ea demo demo] Lock "00000000-0000-0000-0000-000000000000" acquired by "nova.context.set_target_cell..get_or_set_cached_cell_and_set_connections" :: waited 0.000s {{(pid=98827) inner /opt/stack/data/venv/lib/python3.12/site-packages/oslo_concurrency/lockutils.py:525}}
Jul 23 22:31:08.151875 np0000186419 devstack@n-api.service[98827]: DEBUG oslo_concurrency.lockutils [None req-783c7ec8-02d0-4ca2-ab64-d893f11960ea demo demo] Lock "00000000-0000-0000-0000-000000000000" "released" by "nova.context.set_target_cell..get_or_set_cached_cell_and_set_connections" :: held 0.000s {{(pid=98827) inner /opt/stack/data/venv/lib/python3.12/site-packages/oslo_concurrency/lockutils.py:544}}
Jul 23 22:31:08.152887 np0000186419 devstack@n-api.service[98827]: DEBUG oslo_concurrency.lockutils [None req-783c7ec8-02d0-4ca2-ab64-d893f11960ea demo demo] Acquiring lock "ff42dd1c-ec63-4a9f-a464-b98efd37875f" by "nova.context.set_target_cell..get_or_set_cached_cell_and_set_connections" {{(pid=98827) inner /opt/stack/data/venv/lib/python3.12/site-packages/oslo_concurrency/lockutils.py:512}}
Jul 23 22:31:08.153090 np0000186419 devstack@n-api.service[98827]: DEBUG oslo_concurrency.lockutils [None req-783c7ec8-02d0-4ca2-ab64-d893f11960ea demo demo] Lock "ff42dd1c-ec63-4a9f-a464-b98efd37875f" acquired by "nova.context.set_target_cell..get_or_set_cached_cell_and_set_connections" :: waited 0.000s {{(pid=98827) inner /opt/stack/data/venv/lib/python3.12/site-packages/oslo_concurrency/lockutils.py:525}}
Jul 23 22:31:08.153297 np0000186419 devstack@n-api.service[98827]: DEBUG oslo_concurrency.lockutils [None req-783c7ec8-02d0-4ca2-ab64-d893f11960ea demo demo] Lock "ff42dd1c-ec63-4a9f-a464-b98efd37875f" "released" by "nova.context.set_target_cell..get_or_set_cached_cell_and_set_connections" :: held 0.000s {{(pid=98827) inner /opt/stack/data/venv/lib/python3.12/site-packages/oslo_concurrency/lockutils.py:544}}
Jul 23 22:31:08.172085 np0000186419 devstack@n-api.service[98827]: INFO nova.api.openstack.requestlog [None req-783c7ec8-02d0-4ca2-ab64-d893f11960ea demo demo] 172.18.0.2 "GET /compute/v2.1/os-availability-zone" status: 200 len: 97 microversion: 2.38 time: 0.025130
Jul 23 22:31:08.172630 np0000186419 devstack@n-api.service[98827]: [pid: 98827|app: 0|req: 25/101] 199.204.45.205 () {68 vars in 1415 bytes} [Thu Jul 23 22:31:08 2026] GET /compute/v2.1/os-availability-zone => generated 97 bytes in 26 msecs (HTTP/1.1 200) 9 headers in 358 bytes (1 switches on core 0)
Jul 23 22:31:08.781480 np0000186419 devstack@n-api.service[98826]: DEBUG nova.api.openstack.wsgi [None req-a823eeaa-0acf-4570-bb9e-24e3053bbfcf demo demo] Calling method '>' {{(pid=98826) _process_stack /opt/stack/nova/nova/api/openstack/wsgi.py:551}}
Jul 23 22:31:08.785781 np0000186419 devstack@n-api.service[98826]: INFO nova.api.openstack.requestlog [None req-a823eeaa-0acf-4570-bb9e-24e3053bbfcf demo demo] 172.18.0.2 "GET /compute/v2.1/" status: 200 len: 393 microversion: 2.1 time: 0.004621
Jul 23 22:31:08.786077 np0000186419 devstack@n-api.service[98826]: [pid: 98826|app: 0|req: 27/102] 199.204.45.205 () {64 vars in 1272 bytes} [Thu Jul 23 22:31:08 2026] GET /compute/v2.1/ => generated 393 bytes in 5 msecs (HTTP/1.1 200) 9 headers in 357 bytes (1 switches on core 0)
Jul 23 22:31:08.798075 np0000186419 devstack@n-api.service[98824]: DEBUG nova.api.openstack.wsgi [None req-413e7899-5b95-4b26-9e97-c43724548204 demo demo] Calling method '>' {{(pid=98824) _process_stack /opt/stack/nova/nova/api/openstack/wsgi.py:551}}
Jul 23 22:31:08.801564 np0000186419 devstack@n-api.service[98824]: DEBUG oslo_concurrency.lockutils [None req-413e7899-5b95-4b26-9e97-c43724548204 demo demo] Acquiring lock "00000000-0000-0000-0000-000000000000" by "nova.context.set_target_cell..get_or_set_cached_cell_and_set_connections" {{(pid=98824) inner /opt/stack/data/venv/lib/python3.12/site-packages/oslo_concurrency/lockutils.py:512}}
Jul 23 22:31:08.801799 np0000186419 devstack@n-api.service[98824]: DEBUG oslo_concurrency.lockutils [None req-413e7899-5b95-4b26-9e97-c43724548204 demo demo] Lock "00000000-0000-0000-0000-000000000000" acquired by "nova.context.set_target_cell..get_or_set_cached_cell_and_set_connections" :: waited 0.000s {{(pid=98824) inner /opt/stack/data/venv/lib/python3.12/site-packages/oslo_concurrency/lockutils.py:525}}
Jul 23 22:31:08.802099 np0000186419 devstack@n-api.service[98824]: DEBUG oslo_concurrency.lockutils [None req-413e7899-5b95-4b26-9e97-c43724548204 demo demo] Lock "00000000-0000-0000-0000-000000000000" "released" by "nova.context.set_target_cell..get_or_set_cached_cell_and_set_connections" :: held 0.000s {{(pid=98824) inner /opt/stack/data/venv/lib/python3.12/site-packages/oslo_concurrency/lockutils.py:544}}
Jul 23 22:31:08.802956 np0000186419 devstack@n-api.service[98824]: DEBUG oslo_concurrency.lockutils [None req-413e7899-5b95-4b26-9e97-c43724548204 demo demo] Acquiring lock "ff42dd1c-ec63-4a9f-a464-b98efd37875f" by "nova.context.set_target_cell..get_or_set_cached_cell_and_set_connections" {{(pid=98824) inner /opt/stack/data/venv/lib/python3.12/site-packages/oslo_concurrency/lockutils.py:512}}
Jul 23 22:31:08.803208 np0000186419 devstack@n-api.service[98824]: DEBUG oslo_concurrency.lockutils [None req-413e7899-5b95-4b26-9e97-c43724548204 demo demo] Lock "ff42dd1c-ec63-4a9f-a464-b98efd37875f" acquired by "nova.context.set_target_cell..get_or_set_cached_cell_and_set_connections" :: waited 0.000s {{(pid=98824) inner /opt/stack/data/venv/lib/python3.12/site-packages/oslo_concurrency/lockutils.py:525}}
Jul 23 22:31:08.803474 np0000186419 devstack@n-api.service[98824]: DEBUG oslo_concurrency.lockutils [None req-413e7899-5b95-4b26-9e97-c43724548204 demo demo] Lock "ff42dd1c-ec63-4a9f-a464-b98efd37875f" "released" by "nova.context.set_target_cell..get_or_set_cached_cell_and_set_connections" :: held 0.000s {{(pid=98824) inner /opt/stack/data/venv/lib/python3.12/site-packages/oslo_concurrency/lockutils.py:544}}
Jul 23 22:31:08.830677 np0000186419 devstack@n-api.service[98824]: INFO nova.api.openstack.requestlog [None req-413e7899-5b95-4b26-9e97-c43724548204 demo demo] 172.18.0.2 "GET /compute/v2.1/os-availability-zone" status: 200 len: 97 microversion: 2.38 time: 0.035728
Jul 23 22:31:08.831454 np0000186419 devstack@n-api.service[98824]: [pid: 98824|app: 0|req: 26/103] 199.204.45.205 () {68 vars in 1415 bytes} [Thu Jul 23 22:31:08 2026] GET /compute/v2.1/os-availability-zone => generated 97 bytes in 37 msecs (HTTP/1.1 200) 9 headers in 358 bytes (1 switches on core 0)
Jul 23 22:31:13.128653 np0000186419 devstack@n-api.service[98825]: DEBUG nova.api.openstack.wsgi [None req-38c98a14-50b4-41f2-bcb6-b16e29b2578b demo demo] Calling method '>' {{(pid=98825) _process_stack /opt/stack/nova/nova/api/openstack/wsgi.py:551}}
Jul 23 22:31:13.134010 np0000186419 devstack@n-api.service[98825]: INFO nova.api.openstack.requestlog [None req-38c98a14-50b4-41f2-bcb6-b16e29b2578b demo demo] 172.18.0.2 "GET /compute/v2.1/" status: 200 len: 393 microversion: 2.1 time: 0.005840
Jul 23 22:31:13.134325 np0000186419 devstack@n-api.service[98825]: [pid: 98825|app: 0|req: 26/104] 199.204.45.205 () {64 vars in 1272 bytes} [Thu Jul 23 22:31:13 2026] GET /compute/v2.1/ => generated 393 bytes in 6 msecs (HTTP/1.1 200) 9 headers in 357 bytes (1 switches on core 0)
Jul 23 22:31:13.144717 np0000186419 devstack@n-api.service[98827]: DEBUG nova.api.openstack.wsgi [None req-cc17febb-32f4-40be-a928-be7378b6acbf demo demo] Calling method '>' {{(pid=98827) _process_stack /opt/stack/nova/nova/api/openstack/wsgi.py:551}}
Jul 23 22:31:13.171768 np0000186419 devstack@n-api.service[98827]: INFO nova.api.openstack.requestlog [None req-cc17febb-32f4-40be-a928-be7378b6acbf demo demo] 172.18.0.2 "GET /compute/v2.1/flavors/detail" status: 200 len: 4022 microversion: 2.38 time: 0.031640
Jul 23 22:31:13.172095 np0000186419 devstack@n-api.service[98827]: [pid: 98827|app: 0|req: 26/105] 199.204.45.205 () {68 vars in 1397 bytes} [Thu Jul 23 22:31:13 2026] GET /compute/v2.1/flavors/detail => generated 4022 bytes in 32 msecs (HTTP/1.1 200) 9 headers in 360 bytes (1 switches on core 0)
Jul 23 22:31:13.858836 np0000186419 devstack@n-api.service[98826]: DEBUG nova.api.openstack.wsgi [None req-a823eeaa-0acf-4570-bb9e-24e3053bbfcf demo demo] Calling method '>' {{(pid=98826) _process_stack /opt/stack/nova/nova/api/openstack/wsgi.py:551}}
Jul 23 22:31:13.864584 np0000186419 devstack@n-api.service[98826]: INFO nova.api.openstack.requestlog [None req-a823eeaa-0acf-4570-bb9e-24e3053bbfcf demo demo] 172.18.0.2 "GET /compute/v2.1/" status: 200 len: 393 microversion: 2.1 time: 0.006137
Jul 23 22:31:13.864852 np0000186419 devstack@n-api.service[98826]: [pid: 98826|app: 0|req: 28/106] 199.204.45.205 () {64 vars in 1272 bytes} [Thu Jul 23 22:31:13 2026] GET /compute/v2.1/ => generated 393 bytes in 7 msecs (HTTP/1.1 200) 9 headers in 357 bytes (1 switches on core 0)
Jul 23 22:31:13.875952 np0000186419 devstack@n-api.service[98824]: DEBUG nova.api.openstack.wsgi [None req-32562c65-9af5-4ae7-b074-4b78f1eafc5e demo demo] Calling method '>' {{(pid=98824) _process_stack /opt/stack/nova/nova/api/openstack/wsgi.py:551}}
Jul 23 22:31:13.880854 np0000186419 devstack@n-api.service[98824]: DEBUG nova.policy [None req-32562c65-9af5-4ae7-b074-4b78f1eafc5e demo demo] Policy check for os_compute_api:servers:allow_all_filters failed with credentials {'is_admin': False, 'user_id': '0a1a2ebe70a74b78a2f563ed6cbe20ce', 'user_domain_id': 'default', 'system_scope': None, 'domain_id': None, 'project_id': '39032352b739416cbbb526a21a9e4927', 'project_domain_id': 'default', 'roles': ['reader', 'anotherrole', 'load-balancer_member', 'member'], 'is_admin_project': True, 'service_user_id': None, 'service_user_domain_id': None, 'service_project_id': None, 'service_project_domain_id': None, 'service_roles': []} {{(pid=98824) authorize /opt/stack/nova/nova/policy.py:192}}
Jul 23 22:31:13.881168 np0000186419 devstack@n-api.service[98824]: DEBUG nova.compute.api [None req-32562c65-9af5-4ae7-b074-4b78f1eafc5e demo demo] Searching by: {'name': '^kube-eyr1z-m95kl-n29wr$', 'deleted': False, 'project_id': '39032352b739416cbbb526a21a9e4927'} {{(pid=98824) get_all /opt/stack/nova/nova/compute/api.py:3110}}
