2026-07-25 11:21:06.403 8 INFO neutron_taas.services.taas.tap_mirror_plugin [req-4a59c4b7-51a6-4a0b-86b7-39498be6b0c5 req-1107b4ea-f50e-4680-81e1-be7f193218b7 b5ebc8d6cc65490f9eadd2eca954220a 75b066a0a2484ff4845826c64f9c9a56 - - default default] Tap Mirror: Handle Delete Port: 587ca5b6-f3f4-4c16-a764-63eaf11be35d
2026-07-25 11:21:06.590 8 INFO neutron.db.l3_db [req-4a59c4b7-51a6-4a0b-86b7-39498be6b0c5 req-1107b4ea-f50e-4680-81e1-be7f193218b7 b5ebc8d6cc65490f9eadd2eca954220a 75b066a0a2484ff4845826c64f9c9a56 - - default default] Floating IP 65eeaa01-1942-4a29-abe6-dea499ff9461 disassociated. External IP: 10.96.250.214, port: 587ca5b6-f3f4-4c16-a764-63eaf11be35d. [pid: 8|app: 0|req: 556/1220] 199.204.45.61 () {36 vars in 995 bytes} [Sat Jul 25 11:21:06 2026] DELETE /v2.0/ports/587ca5b6-f3f4-4c16-a764-63eaf11be35d => generated 0 bytes in 456 msecs (HTTP/1.1 204) 3 headers in 131 bytes (1 switches on core 0) [pid: 8|app: 0|req: 557/1221] 10.0.0.63 () {32 vars in 798 bytes} [Sat Jul 25 11:21:06 2026] GET /v2.0/extensions => generated 20541 bytes in 6 msecs (HTTP/1.1 200) 4 headers in 159 bytes (1 switches on core 0)
2026-07-25 11:21:06.752 8 INFO neutron.notifiers.nova [-] Nova event matching ['req-125837d6-7423-4be4-8f69-c8efc54dcc2b'] response: {'server_uuid': '0e5d3107-d9d3-4843-96e2-21230ee3ec6c', 'name': 'network-vif-deleted', 'tag': '587ca5b6-f3f4-4c16-a764-63eaf11be35d', 'status': 'completed', 'code': 200}
2026-07-25 11:21:06.835 7 INFO neutron.notifiers.nova [-] Nova event matching ['req-d160f8d2-4b7e-48d3-adb3-d3b4104efe0b'] response: {'server_uuid': '0e5d3107-d9d3-4843-96e2-21230ee3ec6c', 'name': 'network-vif-unplugged', 'status': 'completed', 'tag': '587ca5b6-f3f4-4c16-a764-63eaf11be35d', 'code': 200}
2026-07-25 11:21:06.919 8 WARNING neutron.scheduler.dhcp_agent_scheduler [None req-4ea19fb8-39b3-4aa1-82b3-235097ced1cc f8816fa09697464da139320085724c29 5b2643267c1f47ec8f75a3bdc54a00b3 - - default default] No more DHCP agents
2026-07-25 11:21:06.921 8 WARNING neutron.api.rpc.agentnotifiers.dhcp_rpc_agent_api [None req-4ea19fb8-39b3-4aa1-82b3-235097ced1cc f8816fa09697464da139320085724c29 5b2643267c1f47ec8f75a3bdc54a00b3 - - default default] Unable to schedule network f265f65e-87c0-4e98-a7a1-778d35fddaea: no agents available; will retry on subsequent port and subnet creation events. [pid: 7|app: 0|req: 665/1222] 10.0.0.6 () {32 vars in 721 bytes} [Sat Jul 25 11:21:05 2026] DELETE /v2.0/routers/8600a9df-9d80-48bd-b8d7-be435c735b6f => generated 0 bytes in 1312 msecs (HTTP/1.1 204) 2 headers in 112 bytes (1 switches on core 0) /var/lib/openstack/lib/python3.12/site-packages/pycadf/identifier.py:70: UserWarning: Invalid uuid: neutron. To ensure interoperability, identifiers should be a valid uuid. warnings.warn(('Invalid uuid: %s. To ensure interoperability, ' [pid: 7|app: 0|req: 666/1223] 10.0.0.166 () {34 vars in 989 bytes} [Sat Jul 25 11:21:06 2026] GET /v2.0/ports?device_id=0e5d3107-d9d3-4843-96e2-21230ee3ec6c => generated 12 bytes in 20 msecs (HTTP/1.1 200) 4 headers in 156 bytes (1 switches on core 0) [pid: 7|app: 0|req: 667/1224] 10.0.0.63 () {30 vars in 722 bytes} [Sat Jul 25 11:21:07 2026] GET /v2.0/quotas/2837a79ffead42f0ac732ed2f0d04c1a/details => generated 847 bytes in 94 msecs (HTTP/1.1 200) 4 headers in 157 bytes (1 switches on core 0) [pid: 7|app: 0|req: 668/1225] 10.0.0.6 () {32 vars in 721 bytes} [Sat Jul 25 11:21:07 2026] DELETE /v2.0/subnets/ae64a1e0-24e1-431d-8627-87d24f36116d => generated 0 bytes in 186 msecs (HTTP/1.1 204) 3 headers in 131 bytes (1 switches on core 0)
2026-07-25 11:21:07.421 7 INFO neutron_taas.services.taas.taas_plugin [None req-af9ed8e1-c7fd-49fe-a79d-3b5c017684f0 e955f6efd8574528b779215b0150fb64 2e6b8bfa800b4b77b6e5c03c08f2bba2 - - default default] TaaS: Handle Delete Port: fec043e5-9f0a-4ee0-ad92-3b7c2d506a46
2026-07-25 11:21:07.425 7 INFO neutron_taas.services.taas.tap_mirror_plugin [None req-af9ed8e1-c7fd-49fe-a79d-3b5c017684f0 e955f6efd8574528b779215b0150fb64 2e6b8bfa800b4b77b6e5c03c08f2bba2 - - default default] Tap Mirror: Handle Delete Port: fec043e5-9f0a-4ee0-ad92-3b7c2d506a46
2026-07-25 11:21:07.440 8 INFO neutron.db.ovn_revision_numbers_db [None req-0a94861e-f7a8-42df-b0ae-308165e923f9 - - - - - -] Successfully bumped revision number for resource c3bf1d04-a29b-404e-a389-f2e8593c2442 (type: ports) to 2
2026-07-25 11:21:07.479 8 INFO neutron.db.ovn_revision_numbers_db [None req-0a94861e-f7a8-42df-b0ae-308165e923f9 - - - - - -] Successfully bumped revision number for resource d4c5d7cd-13bd-4b99-addc-4b7beaac7354 (type: subnets) to 0 [pid: 8|app: 0|req: 558/1226] 10.0.0.6 () {34 vars in 666 bytes} [Sat Jul 25 11:21:06 2026] POST /v2.0/subnets => generated 626 bytes in 784 msecs (HTTP/1.1 201) 4 headers in 162 bytes (1 switches on core 0)
2026-07-25 11:21:07.611 7 INFO neutron.services.segments.plugin [-] Segment 6f8c5624-2e4c-440d-a738-a96a6c1dcd74 resource provider aggregate not found
2026-07-25 11:21:07.615 7 INFO neutron.services.segments.plugin [-] Segment 6f8c5624-2e4c-440d-a738-a96a6c1dcd74 resource provider aggregate not found
2026-07-25 11:21:07.634 7 INFO neutron.services.segments.plugin [-] Segment 6f8c5624-2e4c-440d-a738-a96a6c1dcd74 resource provider not found; error: Placement Client Error (4xx): {"errors": [{"status": 404, "title": "Not Found", "detail": "The resource could not be found.\n\n No resource provider with uuid 6f8c5624-2e4c-440d-a738-a96a6c1dcd74 found for delete ", "request_id": "req-9c7358ad-b8df-4056-b8e4-bb5e209552a8"}]}
2026-07-25 11:21:07.636 7 INFO neutron.services.segments.plugin [-] Segment 6f8c5624-2e4c-440d-a738-a96a6c1dcd74 resource provider not found; error: Placement Client Error (4xx): {"errors": [{"status": 404, "title": "Not Found", "detail": "The resource could not be found.\n\n No resource provider with uuid 6f8c5624-2e4c-440d-a738-a96a6c1dcd74 found for delete ", "request_id": "req-63020341-81b9-477e-b435-cb1a7f6f639e"}]} [pid: 7|app: 0|req: 669/1227] 10.0.0.6 () {32 vars in 723 bytes} [Sat Jul 25 11:21:07 2026] DELETE /v2.0/networks/6ee9c98b-b5a9-4951-87af-e4b07d707f48 => generated 0 bytes in 377 msecs (HTTP/1.1 204) 3 headers in 131 bytes (1 switches on core 0)
2026-07-25 11:21:07.816 8 WARNING neutron.scheduler.dhcp_agent_scheduler [None req-9ea9870d-1646-4a90-bb11-a25f9712e490 f8816fa09697464da139320085724c29 5b2643267c1f47ec8f75a3bdc54a00b3 - - default default] No more DHCP agents
2026-07-25 11:21:07.818 8 WARNING neutron.api.rpc.agentnotifiers.dhcp_rpc_agent_api [None req-9ea9870d-1646-4a90-bb11-a25f9712e490 f8816fa09697464da139320085724c29 5b2643267c1f47ec8f75a3bdc54a00b3 - - default default] Unable to schedule network f265f65e-87c0-4e98-a7a1-778d35fddaea: no agents available; will retry on subsequent port and subnet creation events. [pid: 7|app: 0|req: 670/1228] 10.0.0.6 () {32 vars in 771 bytes} [Sat Jul 25 11:21:07 2026] GET /v2.0/security-groups?tenant_id=edc348c4428b4d7895c2d2300b75fc38&name=default => generated 2925 bytes in 36 msecs (HTTP/1.1 200) 4 headers in 158 bytes (1 switches on core 0)
2026-07-25 11:21:07.942 8 INFO neutron.plugins.ml2.drivers.ovn.mech_driver.mech_driver [None req-51167daa-6a67-4817-a8c1-c6ca6d30e8c7 - - - - - -] OVN reports status down for port: d27e3d0c-8b0f-4922-8f47-26469ee7d65a
2026-07-25 11:21:08.071 8 INFO neutron.db.ovn_revision_numbers_db [None req-9ea9870d-1646-4a90-bb11-a25f9712e490 f8816fa09697464da139320085724c29 5b2643267c1f47ec8f75a3bdc54a00b3 - - default default] Successfully bumped revision number for resource d27e3d0c-8b0f-4922-8f47-26469ee7d65a (type: ports) to 1 [pid: 7|app: 0|req: 671/1229] 10.0.0.6 () {32 vars in 737 bytes} [Sat Jul 25 11:21:07 2026] DELETE /v2.0/security-groups/2edf3b99-9068-42bd-9f1a-70cd32b84b08 => generated 0 bytes in 236 msecs (HTTP/1.1 204) 2 headers in 112 bytes (1 switches on core 0) [pid: 7|app: 0|req: 672/1230] 10.0.0.166 () {34 vars in 989 bytes} [Sat Jul 25 11:21:08 2026] GET /v2.0/ports?device_id=0e5d3107-d9d3-4843-96e2-21230ee3ec6c => generated 12 bytes in 22 msecs (HTTP/1.1 200) 4 headers in 156 bytes (1 switches on core 0) [pid: 8|app: 0|req: 559/1231] 10.0.0.6 () {34 vars in 662 bytes} [Sat Jul 25 11:21:07 2026] POST /v2.0/ports => generated 950 bytes in 645 msecs (HTTP/1.1 201) 4 headers in 162 bytes (1 switches on core 0)
2026-07-25 11:21:08.341 7 INFO neutron_taas.services.taas.taas_plugin [None req-452316f8-8c09-4a91-93e2-d68964a78d4c f8816fa09697464da139320085724c29 5b2643267c1f47ec8f75a3bdc54a00b3 - - default default] TaaS: Handle Delete Port: d27e3d0c-8b0f-4922-8f47-26469ee7d65a
2026-07-25 11:21:08.344 7 INFO neutron_taas.services.taas.tap_mirror_plugin [None req-452316f8-8c09-4a91-93e2-d68964a78d4c f8816fa09697464da139320085724c29 5b2643267c1f47ec8f75a3bdc54a00b3 - - default default] Tap Mirror: Handle Delete Port: d27e3d0c-8b0f-4922-8f47-26469ee7d65a [pid: 7|app: 0|req: 673/1232] 10.0.0.6 () {32 vars in 717 bytes} [Sat Jul 25 11:21:08 2026] DELETE /v2.0/ports/d27e3d0c-8b0f-4922-8f47-26469ee7d65a => generated 0 bytes in 358 msecs (HTTP/1.1 204) 3 headers in 131 bytes (1 switches on core 0) /var/lib/openstack/lib/python3.12/site-packages/pycadf/identifier.py:70: UserWarning: Invalid uuid: neutron. To ensure interoperability, identifiers should be a valid uuid. warnings.warn(('Invalid uuid: %s. To ensure interoperability, '
2026-07-25 11:21:08.530 8 INFO neutron.pecan_wsgi.hooks.translation [None req-867ca13d-1c46-4b91-bc7e-20f7d4d97bc5 f8816fa09697464da139320085724c29 5b2643267c1f47ec8f75a3bdc54a00b3 - - default default] DELETE failed (client error): The resource could not be found. [pid: 8|app: 0|req: 560/1233] 10.0.0.6 () {32 vars in 717 bytes} [Sat Jul 25 11:21:08 2026] DELETE /v2.0/ports/d27e3d0c-8b0f-4922-8f47-26469ee7d65a => generated 132 bytes in 20 msecs (HTTP/1.1 404) 4 headers in 164 bytes (1 switches on core 0)
2026-07-25 11:21:08.555 7 INFO neutron.pecan_wsgi.hooks.translation [None req-926fbe5a-2304-4b68-8ece-a5e60a33d27a f8816fa09697464da139320085724c29 5b2643267c1f47ec8f75a3bdc54a00b3 - - default default] GET failed (client error): The resource could not be found. [pid: 7|app: 0|req: 674/1234] 10.0.0.6 () {32 vars in 714 bytes} [Sat Jul 25 11:21:08 2026] GET /v2.0/ports/d27e3d0c-8b0f-4922-8f47-26469ee7d65a => generated 132 bytes in 19 msecs (HTTP/1.1 404) 4 headers in 164 bytes (1 switches on core 0) [pid: 8|app: 0|req: 561/1235] 10.0.0.6 () {32 vars in 721 bytes} [Sat Jul 25 11:21:08 2026] DELETE /v2.0/subnets/d4c5d7cd-13bd-4b99-addc-4b7beaac7354 => generated 0 bytes in 179 msecs (HTTP/1.1 204) 3 headers in 131 bytes (1 switches on core 0)
2026-07-25 11:21:08.863 7 INFO neutron_taas.services.taas.taas_plugin [None req-9e76dd51-5b6b-48b1-bb14-90d5993f54bd f8816fa09697464da139320085724c29 5b2643267c1f47ec8f75a3bdc54a00b3 - - default default] TaaS: Handle Delete Port: c3bf1d04-a29b-404e-a389-f2e8593c2442
2026-07-25 11:21:08.866 7 INFO neutron_taas.services.taas.tap_mirror_plugin [None req-9e76dd51-5b6b-48b1-bb14-90d5993f54bd f8816fa09697464da139320085724c29 5b2643267c1f47ec8f75a3bdc54a00b3 - - default default] Tap Mirror: Handle Delete Port: c3bf1d04-a29b-404e-a389-f2e8593c2442 [pid: 7|app: 0|req: 675/1236] 10.0.0.6 () {32 vars in 723 bytes} [Sat Jul 25 11:21:08 2026] DELETE /v2.0/networks/f265f65e-87c0-4e98-a7a1-778d35fddaea => generated 0 bytes in 343 msecs (HTTP/1.1 204) 3 headers in 131 bytes (1 switches on core 0)
2026-07-25 11:21:09.186 8 INFO neutron.db.segments_db [None req-03b32969-f9e2-4713-9ba7-8c4b70608018 f8816fa09697464da139320085724c29 5b2643267c1f47ec8f75a3bdc54a00b3 - - default default] Added segment 2e26ffc0-41f1-418e-a6d0-c75d8c9541e9 of type geneve for network 471fd637-f1bb-4db4-95be-3faaf1ea4f5a [pid: 7|app: 0|req: 676/1237] 10.0.0.166 () {34 vars in 989 bytes} [Sat Jul 25 11:21:09 2026] GET /v2.0/ports?device_id=0e5d3107-d9d3-4843-96e2-21230ee3ec6c => generated 12 bytes in 19 msecs (HTTP/1.1 200) 4 headers in 156 bytes (1 switches on core 0)
2026-07-25 11:21:09.298 8 INFO neutron.db.ovn_revision_numbers_db [None req-03b32969-f9e2-4713-9ba7-8c4b70608018 f8816fa09697464da139320085724c29 5b2643267c1f47ec8f75a3bdc54a00b3 - - default default] Successfully bumped revision number for resource 471fd637-f1bb-4db4-95be-3faaf1ea4f5a (type: networks) to 1
2026-07-25 11:21:09.494 8 WARNING neutron.scheduler.dhcp_agent_scheduler [None req-03b32969-f9e2-4713-9ba7-8c4b70608018 f8816fa09697464da139320085724c29 5b2643267c1f47ec8f75a3bdc54a00b3 - - default default] No more DHCP agents
2026-07-25 11:21:09.495 8 WARNING neutron.api.rpc.agentnotifiers.dhcp_rpc_agent_api [None req-03b32969-f9e2-4713-9ba7-8c4b70608018 f8816fa09697464da139320085724c29 5b2643267c1f47ec8f75a3bdc54a00b3 - - default default] Unable to schedule network 471fd637-f1bb-4db4-95be-3faaf1ea4f5a: no agents available; will retry on subsequent port and subnet creation events.
2026-07-25 11:21:09.640 8 INFO neutron.plugins.ml2.drivers.ovn.mech_driver.mech_driver [None req-51167daa-6a67-4817-a8c1-c6ca6d30e8c7 - - - - - -] OVN reports status down for port: e75d3866-e694-4a8c-b13a-2edd13b52b27
2026-07-25 11:21:09.652 7 INFO neutron.services.segments.plugin [-] Segment b5bba7e7-53ba-4a77-b803-bd12df9a4a00 resource provider aggregate not found
2026-07-25 11:21:09.657 7 INFO neutron.services.segments.plugin [-] Segment b5bba7e7-53ba-4a77-b803-bd12df9a4a00 resource provider aggregate not found
2026-07-25 11:21:09.668 7 INFO neutron.services.segments.plugin [-] Segment b5bba7e7-53ba-4a77-b803-bd12df9a4a00 resource provider not found; error: Placement Client Error (4xx): {"errors": [{"status": 404, "title": "Not Found", "detail": "The resource could not be found.\n\n No resource provider with uuid b5bba7e7-53ba-4a77-b803-bd12df9a4a00 found for delete ", "request_id": "req-bb4c40e2-fe88-4193-a2a4-f4e7d3dca7b5"}]}
2026-07-25 11:21:09.671 7 INFO neutron.services.segments.plugin [-] Segment b5bba7e7-53ba-4a77-b803-bd12df9a4a00 resource provider not found; error: Placement Client Error (4xx): {"errors": [{"status": 404, "title": "Not Found", "detail": "The resource could not be found.\n\n No resource provider with uuid b5bba7e7-53ba-4a77-b803-bd12df9a4a00 found for delete ", "request_id": "req-4cf370bd-d8c0-48af-8417-67712157138d"}]}
2026-07-25 11:21:09.683 8 INFO neutron.db.ovn_revision_numbers_db [None req-03b32969-f9e2-4713-9ba7-8c4b70608018 f8816fa09697464da139320085724c29 5b2643267c1f47ec8f75a3bdc54a00b3 - - default default] Successfully bumped revision number for resource e75d3866-e694-4a8c-b13a-2edd13b52b27 (type: ports) to 1 [pid: 8|app: 0|req: 562/1238] 10.0.0.6 () {34 vars in 667 bytes} [Sat Jul 25 11:21:09 2026] POST /v2.0/networks => generated 651 bytes in 632 msecs (HTTP/1.1 201) 4 headers in 162 bytes (1 switches on core 0)
2026-07-25 11:21:09.950 7 WARNING neutron.scheduler.dhcp_agent_scheduler [None req-ca0b1758-1ba1-41c6-bc67-aad3692f661e f8816fa09697464da139320085724c29 5b2643267c1f47ec8f75a3bdc54a00b3 - - default default] No more DHCP agents
2026-07-25 11:21:09.952 7 WARNING neutron.api.rpc.agentnotifiers.dhcp_rpc_agent_api [None req-ca0b1758-1ba1-41c6-bc67-aad3692f661e f8816fa09697464da139320085724c29 5b2643267c1f47ec8f75a3bdc54a00b3 - - default default] Unable to schedule network 471fd637-f1bb-4db4-95be-3faaf1ea4f5a: no agents available; will retry on subsequent port and subnet creation events.
2026-07-25 11:21:10.244 8 INFO neutron.db.ovn_revision_numbers_db [None req-355cbd20-34ed-43dc-ad4c-d9d52b79a6a6 e955f6efd8574528b779215b0150fb64 2e6b8bfa800b4b77b6e5c03c08f2bba2 - - default default] Successfully bumped revision number for resource aaef5409-527a-499e-8a53-24ad00f48722 (type: security_groups) to 1
2026-07-25 11:21:10.257 8 INFO neutron.db.ovn_revision_numbers_db [None req-355cbd20-34ed-43dc-ad4c-d9d52b79a6a6 e955f6efd8574528b779215b0150fb64 2e6b8bfa800b4b77b6e5c03c08f2bba2 - - default default] Successfully bumped revision number for resource 373ec6bd-38fe-4366-8b33-2f408c74716a (type: security_group_rules) to 0
2026-07-25 11:21:10.273 8 INFO neutron.db.ovn_revision_numbers_db [None req-355cbd20-34ed-43dc-ad4c-d9d52b79a6a6 e955f6efd8574528b779215b0150fb64 2e6b8bfa800b4b77b6e5c03c08f2bba2 - - default default] Successfully bumped revision number for resource 837edcc1-98de-4f4f-a876-f2e84852a69e (type: security_group_rules) to 0
2026-07-25 11:21:10.284 8 INFO neutron.db.ovn_revision_numbers_db [None req-355cbd20-34ed-43dc-ad4c-d9d52b79a6a6 e955f6efd8574528b779215b0150fb64 2e6b8bfa800b4b77b6e5c03c08f2bba2 - - default default] Successfully bumped revision number for resource 88cf1eec-2b3b-4788-8410-90a555d555af (type: security_group_rules) to 0
2026-07-25 11:21:10.295 8 INFO neutron.db.ovn_revision_numbers_db [None req-355cbd20-34ed-43dc-ad4c-d9d52b79a6a6 e955f6efd8574528b779215b0150fb64 2e6b8bfa800b4b77b6e5c03c08f2bba2 - - default default] Successfully bumped revision number for resource cb8a9167-29f5-4bb4-a128-eec5b885d624 (type: security_group_rules) to 0
2026-07-25 11:21:10.376 8 INFO neutron.db.segments_db [None req-355cbd20-34ed-43dc-ad4c-d9d52b79a6a6 e955f6efd8574528b779215b0150fb64 2e6b8bfa800b4b77b6e5c03c08f2bba2 - - default default] Added segment 29f07d82-789e-489f-a6ca-8c1be3ef7190 of type geneve for network a95b3653-e4aa-401b-af4c-95317052adf6
2026-07-25 11:21:10.397 7 INFO neutron.db.ovn_revision_numbers_db [None req-b4b8c07d-0b66-4854-9c63-e1cd7d9d95ed - - - - - -] Successfully bumped revision number for resource e75d3866-e694-4a8c-b13a-2edd13b52b27 (type: ports) to 2
2026-07-25 11:21:10.430 7 INFO neutron.db.ovn_revision_numbers_db [None req-b4b8c07d-0b66-4854-9c63-e1cd7d9d95ed - - - - - -] Successfully bumped revision number for resource f3e27f8d-5aae-4bea-a719-1dd274c22abd (type: subnets) to 0 [pid: 7|app: 0|req: 677/1239] 10.0.0.6 () {34 vars in 666 bytes} [Sat Jul 25 11:21:09 2026] POST /v2.0/subnets => generated 626 bytes in 715 msecs (HTTP/1.1 201) 4 headers in 162 bytes (1 switches on core 0)
2026-07-25 11:21:10.486 8 INFO neutron.db.ovn_revision_numbers_db [None req-355cbd20-34ed-43dc-ad4c-d9d52b79a6a6 e955f6efd8574528b779215b0150fb64 2e6b8bfa800b4b77b6e5c03c08f2bba2 - - default default] Successfully bumped revision number for resource a95b3653-e4aa-401b-af4c-95317052adf6 (type: networks) to 1 [pid: 7|app: 0|req: 678/1240] 10.0.0.6 () {32 vars in 737 bytes} [Sat Jul 25 11:21:10 2026] DELETE /v2.0/security-groups/142c4683-1a95-4267-9aff-7e5189b5bc0b => generated 0 bytes in 135 msecs (HTTP/1.1 204) 2 headers in 112 bytes (1 switches on core 0)
2026-07-25 11:21:10.642 8 WARNING neutron.scheduler.dhcp_agent_scheduler [None req-355cbd20-34ed-43dc-ad4c-d9d52b79a6a6 e955f6efd8574528b779215b0150fb64 2e6b8bfa800b4b77b6e5c03c08f2bba2 - - default default] No more DHCP agents
2026-07-25 11:21:10.643 8 WARNING neutron.api.rpc.agentnotifiers.dhcp_rpc_agent_api [None req-355cbd20-34ed-43dc-ad4c-d9d52b79a6a6 e955f6efd8574528b779215b0150fb64 2e6b8bfa800b4b77b6e5c03c08f2bba2 - - default default] Unable to schedule network a95b3653-e4aa-401b-af4c-95317052adf6: no agents available; will retry on subsequent port and subnet creation events.
2026-07-25 11:21:10.708 7 INFO neutron.plugins.ml2.drivers.ovn.mech_driver.mech_driver [None req-6f98d73a-b767-48a8-8878-35c4f9a02fe7 - - - - - -] OVN reports status down for port: f53e616c-ccf2-45f5-88d1-57855d74b8c4
2026-07-25 11:21:10.724 8 INFO neutron.db.ovn_revision_numbers_db [None req-355cbd20-34ed-43dc-ad4c-d9d52b79a6a6 e955f6efd8574528b779215b0150fb64 2e6b8bfa800b4b77b6e5c03c08f2bba2 - - default default] Successfully bumped revision number for resource f53e616c-ccf2-45f5-88d1-57855d74b8c4 (type: ports) to 1 [pid: 8|app: 0|req: 563/1241] 10.0.0.6 () {34 vars in 668 bytes} [Sat Jul 25 11:21:09 2026] POST /v2.0/networks => generated 765 bytes in 888 msecs (HTTP/1.1 201) 4 headers in 162 bytes (1 switches on core 0)
2026-07-25 11:21:10.888 7 INFO neutron.db.ovn_revision_numbers_db [None req-70cbe2dc-9150-475c-84ac-d3a0ed6206d6 e955f6efd8574528b779215b0150fb64 2e6b8bfa800b4b77b6e5c03c08f2bba2 - - default default] Successfully bumped revision number for resource c9b2eeb6-8d97-4120-a4bb-7360f05a2c42 (type: security_groups) to 1
2026-07-25 11:21:10.903 7 INFO neutron.db.ovn_revision_numbers_db [None req-70cbe2dc-9150-475c-84ac-d3a0ed6206d6 e955f6efd8574528b779215b0150fb64 2e6b8bfa800b4b77b6e5c03c08f2bba2 - - default default] Successfully bumped revision number for resource 49402806-700b-48fa-91b1-e2776459c6d5 (type: security_group_rules) to 0
2026-07-25 11:21:10.915 7 INFO neutron.db.ovn_revision_numbers_db [None req-70cbe2dc-9150-475c-84ac-d3a0ed6206d6 e955f6efd8574528b779215b0150fb64 2e6b8bfa800b4b77b6e5c03c08f2bba2 - - default default] Successfully bumped revision number for resource 5102e767-90fe-4f7d-9641-b72fc97755f0 (type: security_group_rules) to 0
2026-07-25 11:21:10.927 7 INFO neutron.db.ovn_revision_numbers_db [None req-70cbe2dc-9150-475c-84ac-d3a0ed6206d6 e955f6efd8574528b779215b0150fb64 2e6b8bfa800b4b77b6e5c03c08f2bba2 - - default default] Successfully bumped revision number for resource 8abb7ece-c089-4d35-89b6-3ea5e706da35 (type: security_group_rules) to 0
2026-07-25 11:21:10.937 7 INFO neutron.db.ovn_revision_numbers_db [None req-70cbe2dc-9150-475c-84ac-d3a0ed6206d6 e955f6efd8574528b779215b0150fb64 2e6b8bfa800b4b77b6e5c03c08f2bba2 - - default default] Successfully bumped revision number for resource ca7681aa-25f2-46aa-b22c-a8b8c868eb56 (type: security_group_rules) to 0 [pid: 7|app: 0|req: 679/1242] 10.0.0.6 () {32 vars in 771 bytes} [Sat Jul 25 11:21:10 2026] GET /v2.0/security-groups?tenant_id=2837a79ffead42f0ac732ed2f0d04c1a&name=default => generated 2925 bytes in 394 msecs (HTTP/1.1 200) 4 headers in 158 bytes (1 switches on core 0)
2026-07-25 11:21:10.987 7 INFO neutron.api.v2.resource [None req-2bdaa2a1-d93a-423a-8981-52e2e8481bd0 b5ebc8d6cc65490f9eadd2eca954220a 75b066a0a2484ff4845826c64f9c9a56 - - default default] show failed (client error): The resource could not be found. [pid: 7|app: 0|req: 680/1243] 10.0.0.6 () {32 vars in 734 bytes} [Sat Jul 25 11:21:10 2026] GET /v2.0/security-groups/142c4683-1a95-4267-9aff-7e5189b5bc0b => generated 146 bytes in 11 msecs (HTTP/1.1 404) 4 headers in 164 bytes (1 switches on core 0)
2026-07-25 11:21:11.042 8 WARNING neutron.scheduler.dhcp_agent_scheduler [None req-44db8ec6-164e-418e-895e-dec8e0826230 f8816fa09697464da139320085724c29 5b2643267c1f47ec8f75a3bdc54a00b3 - - default default] No more DHCP agents
2026-07-25 11:21:11.043 8 WARNING neutron.api.rpc.agentnotifiers.dhcp_rpc_agent_api [None req-44db8ec6-164e-418e-895e-dec8e0826230 f8816fa09697464da139320085724c29 5b2643267c1f47ec8f75a3bdc54a00b3 - - default default] Unable to schedule network 471fd637-f1bb-4db4-95be-3faaf1ea4f5a: no agents available; will retry on subsequent port and subnet creation events.
2026-07-25 11:21:11.111 7 WARNING neutron.scheduler.dhcp_agent_scheduler [None req-18cfc280-ee5b-4c95-9a28-5c2ce7763483 e955f6efd8574528b779215b0150fb64 2e6b8bfa800b4b77b6e5c03c08f2bba2 - - default default] No more DHCP agents
2026-07-25 11:21:11.112 7 WARNING neutron.api.rpc.agentnotifiers.dhcp_rpc_agent_api [None req-18cfc280-ee5b-4c95-9a28-5c2ce7763483 e955f6efd8574528b779215b0150fb64 2e6b8bfa800b4b77b6e5c03c08f2bba2 - - default default] Unable to schedule network a95b3653-e4aa-401b-af4c-95317052adf6: no agents available; will retry on subsequent port and subnet creation events.
2026-07-25 11:21:11.178 8 INFO neutron.db.ovn_revision_numbers_db [None req-44db8ec6-164e-418e-895e-dec8e0826230 f8816fa09697464da139320085724c29 5b2643267c1f47ec8f75a3bdc54a00b3 - - default default] Successfully bumped revision number for resource 20165e94-0885-40aa-88d6-10b25845f268 (type: ports) to 1
2026-07-25 11:21:11.186 7 INFO neutron.plugins.ml2.drivers.ovn.mech_driver.mech_driver [None req-6f98d73a-b767-48a8-8878-35c4f9a02fe7 - - - - - -] OVN reports status down for port: 20165e94-0885-40aa-88d6-10b25845f268 [pid: 8|app: 0|req: 564/1244] 10.0.0.6 () {34 vars in 662 bytes} [Sat Jul 25 11:21:10 2026] POST /v2.0/ports => generated 916 bytes in 489 msecs (HTTP/1.1 201) 4 headers in 162 bytes (1 switches on core 0) [pid: 8|app: 0|req: 565/1245] 10.0.0.6 () {32 vars in 737 bytes} [Sat Jul 25 11:21:11 2026] DELETE /v2.0/security-groups/c9b2eeb6-8d97-4120-a4bb-7360f05a2c42 => generated 0 bytes in 223 msecs (HTTP/1.1 204) 2 headers in 112 bytes (1 switches on core 0)
2026-07-25 11:21:11.590 8 INFO neutron_taas.services.taas.taas_plugin [None req-8e3c2907-8308-4cce-b8ed-96e8c44272d4 b5ebc8d6cc65490f9eadd2eca954220a 75b066a0a2484ff4845826c64f9c9a56 - - default default] TaaS: Handle Delete Port: 06b4271e-edae-4455-8f26-804ff1db181e
2026-07-25 11:21:11.593 8 INFO neutron_taas.services.taas.tap_mirror_plugin [None req-8e3c2907-8308-4cce-b8ed-96e8c44272d4 b5ebc8d6cc65490f9eadd2eca954220a 75b066a0a2484ff4845826c64f9c9a56 - - default default] Tap Mirror: Handle Delete Port: 06b4271e-edae-4455-8f26-804ff1db181e
2026-07-25 11:21:11.680 7 INFO neutron.db.ovn_revision_numbers_db [None req-e9f9c14f-1264-4354-bb6b-d8c2ae221b53 - - - - - -] Successfully bumped revision number for resource f53e616c-ccf2-45f5-88d1-57855d74b8c4 (type: ports) to 2
2026-07-25 11:21:11.721 7 INFO neutron.db.ovn_revision_numbers_db [None req-e9f9c14f-1264-4354-bb6b-d8c2ae221b53 - - - - - -] Successfully bumped revision number for resource 1691e27e-364b-412d-b102-d131b6f14e53 (type: subnets) to 0 [pid: 7|app: 0|req: 681/1246] 10.0.0.6 () {34 vars in 666 bytes} [Sat Jul 25 11:21:10 2026] POST /v2.0/subnets => generated 690 bytes in 749 msecs (HTTP/1.1 201) 4 headers in 162 bytes (1 switches on core 0) [pid: 8|app: 0|req: 566/1247] 10.0.0.6 () {32 vars in 729 bytes} [Sat Jul 25 11:21:11 2026] DELETE /v2.0/floatingips/65eeaa01-1942-4a29-abe6-dea499ff9461 => generated 0 bytes in 300 msecs (HTTP/1.1 204) 2 headers in 112 bytes (1 switches on core 0)
2026-07-25 11:21:11.868 7 INFO neutron_taas.services.taas.taas_plugin [None req-51393ee5-ac83-4aac-96d9-807b181a6331 f8816fa09697464da139320085724c29 5b2643267c1f47ec8f75a3bdc54a00b3 - - default default] TaaS: Handle Delete Port: 20165e94-0885-40aa-88d6-10b25845f268
2026-07-25 11:21:11.872 7 INFO neutron_taas.services.taas.tap_mirror_plugin [None req-51393ee5-ac83-4aac-96d9-807b181a6331 f8816fa09697464da139320085724c29 5b2643267c1f47ec8f75a3bdc54a00b3 - - default default] Tap Mirror: Handle Delete Port: 20165e94-0885-40aa-88d6-10b25845f268 [pid: 7|app: 0|req: 682/1248] 10.0.0.6 () {32 vars in 717 bytes} [Sat Jul 25 11:21:11 2026] DELETE /v2.0/ports/20165e94-0885-40aa-88d6-10b25845f268 => generated 0 bytes in 306 msecs (HTTP/1.1 204) 3 headers in 131 bytes (1 switches on core 0)
2026-07-25 11:21:12.220 8 WARNING neutron.scheduler.dhcp_agent_scheduler [None req-f42d71b0-03ab-4195-973f-e50af5fbfef4 e955f6efd8574528b779215b0150fb64 2e6b8bfa800b4b77b6e5c03c08f2bba2 - - default default] No more DHCP agents
2026-07-25 11:21:12.222 8 WARNING neutron.api.rpc.agentnotifiers.dhcp_rpc_agent_api [None req-f42d71b0-03ab-4195-973f-e50af5fbfef4 e955f6efd8574528b779215b0150fb64 2e6b8bfa800b4b77b6e5c03c08f2bba2 - - default default] Unable to schedule network b72bbc40-5de0-4805-ac08-f8918603a734: no agents available; will retry on subsequent port and subnet creation events.
2026-07-25 11:21:12.354 7 INFO neutron.plugins.ml2.drivers.ovn.mech_driver.mech_driver [None req-6f98d73a-b767-48a8-8878-35c4f9a02fe7 - - - - - -] OVN reports status down for port: 6e19fb84-5569-412a-8341-ef382a9e3aea
2026-07-25 11:21:12.371 8 INFO neutron.db.ovn_revision_numbers_db [None req-f42d71b0-03ab-4195-973f-e50af5fbfef4 e955f6efd8574528b779215b0150fb64 2e6b8bfa800b4b77b6e5c03c08f2bba2 - - default default] Successfully bumped revision number for resource 6e19fb84-5569-412a-8341-ef382a9e3aea (type: ports) to 1
2026-07-25 11:21:12.517 7 INFO neutron_taas.services.taas.taas_plugin [None req-10a9fda9-8eeb-419c-a36d-4000e4eefcb5 e955f6efd8574528b779215b0150fb64 2e6b8bfa800b4b77b6e5c03c08f2bba2 - - default default] TaaS: Handle Delete Port: 1c4b539c-f698-4184-b79c-6d569e032a07
2026-07-25 11:21:12.520 7 INFO neutron_taas.services.taas.tap_mirror_plugin [None req-10a9fda9-8eeb-419c-a36d-4000e4eefcb5 e955f6efd8574528b779215b0150fb64 2e6b8bfa800b4b77b6e5c03c08f2bba2 - - default default] Tap Mirror: Handle Delete Port: 1c4b539c-f698-4184-b79c-6d569e032a07
2026-07-25 11:21:13.018 8 INFO neutron.plugins.ml2.drivers.ovn.mech_driver.ovsdb.commands [None req-a2b4a0b7-539a-4b2a-be61-0766b93994e0 - - - - - -] Schedule LRP lrp-6e19fb84-5569-412a-8341-ef382a9e3aea on gateway c7bfa300-b068-4e25-b293-d177cd90ea01 with priority 1
2026-07-25 11:21:13.079 7 INFO neutron.plugins.ml2.drivers.ovn.mech_driver.ovsdb.ovsdb_monitor [None req-7365d8a1-376d-4dfe-a305-e04959274d17 - - - - - -] Router 7df39c0a-e95d-4b79-9de6-11c0e1a7555e is bound to host instance
2026-07-25 11:21:13.098 7 INFO neutron.plugins.ml2.drivers.ovn.mech_driver.mech_driver [None req-6f98d73a-b767-48a8-8878-35c4f9a02fe7 - - - - - -] OVN reports status up for port: 6e19fb84-5569-412a-8341-ef382a9e3aea
2026-07-25 11:21:13.107 8 INFO neutron.db.ovn_revision_numbers_db [None req-f42d71b0-03ab-4195-973f-e50af5fbfef4 e955f6efd8574528b779215b0150fb64 2e6b8bfa800b4b77b6e5c03c08f2bba2 - - default default] Successfully bumped revision number for resource 6e19fb84-5569-412a-8341-ef382a9e3aea (type: router_ports) to 1
2026-07-25 11:21:13.177 7 INFO neutron.plugins.ml2.plugin [None req-6f98d73a-b767-48a8-8878-35c4f9a02fe7 - - - - - -] Attempt 1 to provision port 6e19fb84-5569-412a-8341-ef382a9e3aea
2026-07-25 11:21:13.192 8 INFO neutron.db.ovn_revision_numbers_db [None req-f42d71b0-03ab-4195-973f-e50af5fbfef4 e955f6efd8574528b779215b0150fb64 2e6b8bfa800b4b77b6e5c03c08f2bba2 - - default default] Successfully bumped revision number for resource 7df39c0a-e95d-4b79-9de6-11c0e1a7555e (type: routers) to 2 [pid: 8|app: 0|req: 567/1249] 10.0.0.6 () {34 vars in 666 bytes} [Sat Jul 25 11:21:11 2026] POST /v2.0/routers => generated 968 bytes in 1445 msecs (HTTP/1.1 201) 4 headers in 162 bytes (1 switches on core 0)
2026-07-25 11:21:13.223 8 INFO neutron.pecan_wsgi.hooks.translation [None req-a2a79cc1-3c4b-4904-a07b-0b7fe32b748e f8816fa09697464da139320085724c29 5b2643267c1f47ec8f75a3bdc54a00b3 - - default default] GET failed (client error): The resource could not be found. [pid: 8|app: 0|req: 568/1250] 10.0.0.6 () {32 vars in 714 bytes} [Sat Jul 25 11:21:13 2026] GET /v2.0/ports/20165e94-0885-40aa-88d6-10b25845f268 => generated 132 bytes in 16 msecs (HTTP/1.1 404) 4 headers in 164 bytes (1 switches on core 0) [pid: 7|app: 0|req: 683/1251] 10.0.0.6 () {34 vars in 786 bytes} [Sat Jul 25 11:21:12 2026] PUT /v2.0/routers/fc49639b-74e7-44d2-8659-315dd66b9d0a/remove_router_interface => generated 309 bytes in 1389 msecs (HTTP/1.1 200) 4 headers in 157 bytes (1 switches on core 0) /var/lib/openstack/lib/python3.12/site-packages/pycadf/identifier.py:70: UserWarning: Invalid uuid: neutron. To ensure interoperability, identifiers should be a valid uuid. warnings.warn(('Invalid uuid: %s. To ensure interoperability, '
2026-07-25 11:21:13.649 8 WARNING neutron.scheduler.dhcp_agent_scheduler [None req-60a71e6e-cb08-401f-9e0c-6b72697b9ba7 e955f6efd8574528b779215b0150fb64 2e6b8bfa800b4b77b6e5c03c08f2bba2 - - default default] No more DHCP agents
2026-07-25 11:21:13.650 8 WARNING neutron.api.rpc.agentnotifiers.dhcp_rpc_agent_api [None req-60a71e6e-cb08-401f-9e0c-6b72697b9ba7 e955f6efd8574528b779215b0150fb64 2e6b8bfa800b4b77b6e5c03c08f2bba2 - - default default] Unable to schedule network a95b3653-e4aa-401b-af4c-95317052adf6: no agents available; will retry on subsequent port and subnet creation events. [pid: 7|app: 0|req: 684/1252] 10.0.0.6 () {32 vars in 721 bytes} [Sat Jul 25 11:21:13 2026] DELETE /v2.0/subnets/f3e27f8d-5aae-4bea-a719-1dd274c22abd => generated 0 bytes in 305 msecs (HTTP/1.1 204) 3 headers in 131 bytes (1 switches on core 0)
2026-07-25 11:21:13.804 8 INFO neutron.db.ovn_revision_numbers_db [None req-60a71e6e-cb08-401f-9e0c-6b72697b9ba7 e955f6efd8574528b779215b0150fb64 2e6b8bfa800b4b77b6e5c03c08f2bba2 - - default default] Successfully bumped revision number for resource 4f3bc386-3edb-464b-b65c-9a5fe6d6c89a (type: ports) to 1
2026-07-25 11:21:14.342 7 INFO neutron_taas.services.taas.taas_plugin [None req-e126a4fc-0d45-478f-a95a-5177829c7735 e955f6efd8574528b779215b0150fb64 2e6b8bfa800b4b77b6e5c03c08f2bba2 - - default default] TaaS: Handle Delete Port: 93df4ce1-1e71-4db2-9af5-f0f20b0a67aa
2026-07-25 11:21:14.347 7 INFO neutron_taas.services.taas.tap_mirror_plugin [None req-e126a4fc-0d45-478f-a95a-5177829c7735 e955f6efd8574528b779215b0150fb64 2e6b8bfa800b4b77b6e5c03c08f2bba2 - - default default] Tap Mirror: Handle Delete Port: 93df4ce1-1e71-4db2-9af5-f0f20b0a67aa
2026-07-25 11:21:14.473 8 WARNING neutron.scheduler.dhcp_agent_scheduler [None req-60a71e6e-cb08-401f-9e0c-6b72697b9ba7 e955f6efd8574528b779215b0150fb64 2e6b8bfa800b4b77b6e5c03c08f2bba2 - - default default] No more DHCP agents
2026-07-25 11:21:14.474 8 WARNING neutron.api.rpc.agentnotifiers.dhcp_rpc_agent_api [None req-60a71e6e-cb08-401f-9e0c-6b72697b9ba7 e955f6efd8574528b779215b0150fb64 2e6b8bfa800b4b77b6e5c03c08f2bba2 - - default default] Unable to schedule network a95b3653-e4aa-401b-af4c-95317052adf6: no agents available; will retry on subsequent port and subnet creation events.
2026-07-25 11:21:14.713 7 INFO neutron.db.ovn_revision_numbers_db [None req-c45900a9-52fb-4a76-af9d-b4f7fe78049c - - - - - -] Successfully bumped revision number for resource 6e19fb84-5569-412a-8341-ef382a9e3aea (type: ports) to 4
2026-07-25 11:21:15.009 8 INFO neutron.db.ovn_revision_numbers_db [None req-60a71e6e-cb08-401f-9e0c-6b72697b9ba7 e955f6efd8574528b779215b0150fb64 2e6b8bfa800b4b77b6e5c03c08f2bba2 - - default default] Successfully bumped revision number for resource 4f3bc386-3edb-464b-b65c-9a5fe6d6c89a (type: router_ports) to 1 [pid: 8|app: 0|req: 569/1253] 10.0.0.6 () {34 vars in 780 bytes} [Sat Jul 25 11:21:13 2026] PUT /v2.0/routers/7df39c0a-e95d-4b79-9de6-11c0e1a7555e/add_router_interface => generated 309 bytes in 1790 msecs (HTTP/1.1 200) 4 headers in 157 bytes (1 switches on core 0)
2026-07-25 11:21:15.144 8 INFO neutron_taas.services.taas.taas_plugin [None req-ed433708-b411-4a2a-aa53-71455f97f67e f8816fa09697464da139320085724c29 5b2643267c1f47ec8f75a3bdc54a00b3 - - default default] TaaS: Handle Delete Port: e75d3866-e694-4a8c-b13a-2edd13b52b27
2026-07-25 11:21:15.148 8 INFO neutron_taas.services.taas.tap_mirror_plugin [None req-ed433708-b411-4a2a-aa53-71455f97f67e f8816fa09697464da139320085724c29 5b2643267c1f47ec8f75a3bdc54a00b3 - - default default] Tap Mirror: Handle Delete Port: e75d3866-e694-4a8c-b13a-2edd13b52b27 [pid: 7|app: 0|req: 685/1254] 10.0.0.6 () {32 vars in 721 bytes} [Sat Jul 25 11:21:13 2026] DELETE /v2.0/routers/fc49639b-74e7-44d2-8659-315dd66b9d0a => generated 0 bytes in 1497 msecs (HTTP/1.1 204) 2 headers in 112 bytes (1 switches on core 0)
2026-07-25 11:21:15.392 8 INFO neutron.services.segments.plugin [-] Segment 2e26ffc0-41f1-418e-a6d0-c75d8c9541e9 resource provider aggregate not found
2026-07-25 11:21:15.398 8 INFO neutron.services.segments.plugin [-] Segment 2e26ffc0-41f1-418e-a6d0-c75d8c9541e9 resource provider aggregate not found
2026-07-25 11:21:15.420 8 INFO neutron.services.segments.plugin [-] Segment 2e26ffc0-41f1-418e-a6d0-c75d8c9541e9 resource provider not found; error: Placement Client Error (4xx): {"errors": [{"status": 404, "title": "Not Found", "detail": "The resource could not be found.\n\n No resource provider with uuid 2e26ffc0-41f1-418e-a6d0-c75d8c9541e9 found for delete ", "request_id": "req-cabbe1d2-6169-4394-b047-be23362ed66a"}]}
2026-07-25 11:21:15.422 8 INFO neutron.services.segments.plugin [-] Segment 2e26ffc0-41f1-418e-a6d0-c75d8c9541e9 resource provider not found; error: Placement Client Error (4xx): {"errors": [{"status": 404, "title": "Not Found", "detail": "The resource could not be found.\n\n No resource provider with uuid 2e26ffc0-41f1-418e-a6d0-c75d8c9541e9 found for delete ", "request_id": "req-cdb87df2-ac90-4a3e-87e2-009cacbd9864"}]} [pid: 8|app: 0|req: 570/1255] 10.0.0.6 () {32 vars in 723 bytes} [Sat Jul 25 11:21:15 2026] DELETE /v2.0/networks/471fd637-f1bb-4db4-95be-3faaf1ea4f5a => generated 0 bytes in 424 msecs (HTTP/1.1 204) 3 headers in 131 bytes (1 switches on core 0)
2026-07-25 11:21:15.557 7 INFO neutron.db.ovn_revision_numbers_db [None req-c45900a9-52fb-4a76-af9d-b4f7fe78049c - - - - - -] Successfully bumped revision number for resource 6e19fb84-5569-412a-8341-ef382a9e3aea (type: ports) to 5 [pid: 7|app: 0|req: 686/1258] 10.0.0.6 () {32 vars in 721 bytes} [Sat Jul 25 11:21:15 2026] DELETE /v2.0/subnets/d8f55987-621a-4a6a-9865-165834a2a788 => generated 0 bytes in 360 msecs (HTTP/1.1 204) 3 headers in 131 bytes (1 switches on core 0)
2026-07-25 11:21:15.686 8 WARNING neutron.scheduler.dhcp_agent_scheduler [None req-b3c05577-b2bc-49b0-ac18-4b457456cfb9 f8816fa09697464da139320085724c29 5b2643267c1f47ec8f75a3bdc54a00b3 - - default default] No more DHCP agents
2026-07-25 11:21:15.687 8 WARNING neutron.api.rpc.agentnotifiers.dhcp_rpc_agent_api [None req-b3c05577-b2bc-49b0-ac18-4b457456cfb9 f8816fa09697464da139320085724c29 5b2643267c1f47ec8f75a3bdc54a00b3 - - default default] Unable to schedule network d8b0e218-ae1b-4f4c-96d7-09ffe7110e19: no agents available; will retry on subsequent port and subnet creation events.
2026-07-25 11:21:15.792 8 INFO neutron.db.ovn_revision_numbers_db [None req-b3c05577-b2bc-49b0-ac18-4b457456cfb9 f8816fa09697464da139320085724c29 5b2643267c1f47ec8f75a3bdc54a00b3 - - default default] Successfully bumped revision number for resource 6a7f3daa-9f0e-44b8-8dab-04ebd23e2ffa (type: ports) to 1 [pid: 8|app: 0|req: 573/1259] 10.0.0.6 () {34 vars in 662 bytes} [Sat Jul 25 11:21:15 2026] POST /v2.0/ports => generated 775 bytes in 394 msecs (HTTP/1.1 201) 4 headers in 162 bytes (1 switches on core 0) /var/lib/openstack/lib/python3.12/site-packages/pycadf/identifier.py:70: UserWarning: Invalid uuid: neutron. To ensure interoperability, identifiers should be a valid uuid. warnings.warn(('Invalid uuid: %s. To ensure interoperability, '
2026-07-25 11:21:15.981 7 WARNING neutron.scheduler.dhcp_agent_scheduler [None req-c9409118-7346-4515-bff1-42e1de31c984 793532c915064f1b8cd706b5e43e2ee8 51d34abcf0824e21805b3aef30b6474c - - default default] No more DHCP agents
2026-07-25 11:21:15.983 7 WARNING neutron.api.rpc.agentnotifiers.dhcp_rpc_agent_api [None req-c9409118-7346-4515-bff1-42e1de31c984 793532c915064f1b8cd706b5e43e2ee8 51d34abcf0824e21805b3aef30b6474c - - default default] Unable to schedule network b72bbc40-5de0-4805-ac08-f8918603a734: no agents available; will retry on subsequent port and subnet creation events.
2026-07-25 11:21:15.995 8 INFO neutron.db.ovn_revision_numbers_db [None req-c8b4e9f0-2009-48ce-802e-5d6a8a075edf 3b29487fda824df896e1698c7be16c89 d51adee2cf6e469fabd8ae339ee28595 - - default default] Successfully bumped revision number for resource 4b6c26c6-ab99-490f-8cb8-76ecf7ae2f74 (type: security_groups) to 1
2026-07-25 11:21:16.010 8 INFO neutron.db.ovn_revision_numbers_db [None req-c8b4e9f0-2009-48ce-802e-5d6a8a075edf 3b29487fda824df896e1698c7be16c89 d51adee2cf6e469fabd8ae339ee28595 - - default default] Successfully bumped revision number for resource 4fe94b3b-4c3a-4f1b-a1c0-58948186c9bc (type: security_group_rules) to 0
2026-07-25 11:21:16.021 8 INFO neutron.db.ovn_revision_numbers_db [None req-c8b4e9f0-2009-48ce-802e-5d6a8a075edf 3b29487fda824df896e1698c7be16c89 d51adee2cf6e469fabd8ae339ee28595 - - default default] Successfully bumped revision number for resource c7bf2423-7d09-497e-8ed1-fbcfc1cd2460 (type: security_group_rules) to 0 [pid: 8|app: 0|req: 574/1260] 10.0.0.6 () {34 vars in 682 bytes} [Sat Jul 25 11:21:15 2026] POST /v2.0/security-groups => generated 1661 bytes in 218 msecs (HTTP/1.1 201) 4 headers in 163 bytes (1 switches on core 0)
2026-07-25 11:21:16.170 8 INFO neutron_taas.services.taas.taas_plugin [None req-76e51f50-790c-408e-9c42-33c63d34bfda e955f6efd8574528b779215b0150fb64 2e6b8bfa800b4b77b6e5c03c08f2bba2 - - default default] TaaS: Handle Delete Port: ac2ac084-9b98-43be-8b44-3667dafb0d87
2026-07-25 11:21:16.173 8 INFO neutron_taas.services.taas.tap_mirror_plugin [None req-76e51f50-790c-408e-9c42-33c63d34bfda e955f6efd8574528b779215b0150fb64 2e6b8bfa800b4b77b6e5c03c08f2bba2 - - default default] Tap Mirror: Handle Delete Port: ac2ac084-9b98-43be-8b44-3667dafb0d87
2026-07-25 11:21:16.189 7 INFO neutron.plugins.ml2.drivers.ovn.mech_driver.mech_driver [None req-6f98d73a-b767-48a8-8878-35c4f9a02fe7 - - - - - -] OVN reports status down for port: 4f3bc386-3edb-464b-b65c-9a5fe6d6c89a
2026-07-25 11:21:16.300 7 WARNING neutron.plugins.ml2.drivers.ovn.mech_driver.ovsdb.ovn_client [None req-6f98d73a-b767-48a8-8878-35c4f9a02fe7 - - - - - -] Logical_Switch_Port %s host information not removed, the port state is up
2026-07-25 11:21:16.301 7 INFO neutron.plugins.ml2.drivers.ovn.mech_driver.mech_driver [None req-6f98d73a-b767-48a8-8878-35c4f9a02fe7 - - - - - -] OVN reports status up for port: 4f3bc386-3edb-464b-b65c-9a5fe6d6c89a
2026-07-25 11:21:16.319 7 INFO neutron.plugins.ml2.plugin [None req-6f98d73a-b767-48a8-8878-35c4f9a02fe7 - - - - - -] Attempt 1 to provision port 4f3bc386-3edb-464b-b65c-9a5fe6d6c89a [pid: 8|app: 0|req: 575/1261] 10.0.0.6 () {32 vars in 723 bytes} [Sat Jul 25 11:21:16 2026] DELETE /v2.0/networks/c0376eab-6a37-4ced-9d13-a5f1974d9f4c => generated 0 bytes in 317 msecs (HTTP/1.1 204) 3 headers in 131 bytes (1 switches on core 0) [pid: 7|app: 0|req: 687/1262] 10.0.0.6 () {34 vars in 673 bytes} [Sat Jul 25 11:21:15 2026] POST /v2.0/floatingips => generated 552 bytes in 788 msecs (HTTP/1.1 201) 4 headers in 162 bytes (1 switches on core 0)
2026-07-25 11:21:16.642 8 INFO neutron.db.ovn_revision_numbers_db [None req-84c3a27b-d5e1-4849-b270-543cb932ce23 f8816fa09697464da139320085724c29 5b2643267c1f47ec8f75a3bdc54a00b3 - - default default] Successfully bumped revision number for resource 6a7f3daa-9f0e-44b8-8dab-04ebd23e2ffa (type: ports) to 2 [pid: 8|app: 0|req: 576/1263] 10.0.0.6 () {34 vars in 734 bytes} [Sat Jul 25 11:21:16 2026] PUT /v2.0/ports/6a7f3daa-9f0e-44b8-8dab-04ebd23e2ffa => generated 752 bytes in 287 msecs (HTTP/1.1 200) 4 headers in 157 bytes (1 switches on core 0)
2026-07-25 11:21:16.666 7 INFO neutron.db.ovn_revision_numbers_db [None req-8f57c3ba-ffa5-47b4-940c-b59a1abb6ecd 3b29487fda824df896e1698c7be16c89 d51adee2cf6e469fabd8ae339ee28595 - - default default] Successfully bumped revision number for resource 411208bc-b13a-4ec7-8498-c16e22d4b534 (type: security_group_rules) to 0 /var/lib/openstack/lib/python3.12/site-packages/pycadf/identifier.py:70: UserWarning: Invalid uuid: neutron. To ensure interoperability, identifiers should be a valid uuid. warnings.warn(('Invalid uuid: %s. To ensure interoperability, ' [pid: 7|app: 0|req: 688/1264] 10.0.0.6 () {34 vars in 692 bytes} [Sat Jul 25 11:21:16 2026] POST /v2.0/security-group-rules => generated 597 bytes in 315 msecs (HTTP/1.1 201) 4 headers in 162 bytes (1 switches on core 0) [pid: 7|app: 0|req: 689/1265] 10.0.0.6 () {32 vars in 771 bytes} [Sat Jul 25 11:21:16 2026] GET /v2.0/security-groups?tenant_id=75b066a0a2484ff4845826c64f9c9a56&name=default => generated 2925 bytes in 40 msecs (HTTP/1.1 200) 4 headers in 158 bytes (1 switches on core 0)
2026-07-25 11:21:16.891 8 WARNING neutron.scheduler.dhcp_agent_scheduler [None req-1f4b3040-d2a9-4369-b072-d2688bfcf894 793532c915064f1b8cd706b5e43e2ee8 51d34abcf0824e21805b3aef30b6474c - - default default] No more DHCP agents
2026-07-25 11:21:16.892 8 WARNING neutron.api.rpc.agentnotifiers.dhcp_rpc_agent_api [None req-1f4b3040-d2a9-4369-b072-d2688bfcf894 793532c915064f1b8cd706b5e43e2ee8 51d34abcf0824e21805b3aef30b6474c - - default default] Unable to schedule network b72bbc40-5de0-4805-ac08-f8918603a734: no agents available; will retry on subsequent port and subnet creation events.
2026-07-25 11:21:17.026 7 INFO neutron_taas.services.taas.taas_plugin [None req-cfb49469-1065-44ff-8d63-3677b77e1601 f8816fa09697464da139320085724c29 5b2643267c1f47ec8f75a3bdc54a00b3 - - default default] TaaS: Handle Delete Port: 6a7f3daa-9f0e-44b8-8dab-04ebd23e2ffa
2026-07-25 11:21:17.031 7 INFO neutron_taas.services.taas.tap_mirror_plugin [None req-cfb49469-1065-44ff-8d63-3677b77e1601 f8816fa09697464da139320085724c29 5b2643267c1f47ec8f75a3bdc54a00b3 - - default default] Tap Mirror: Handle Delete Port: 6a7f3daa-9f0e-44b8-8dab-04ebd23e2ffa
2026-07-25 11:21:17.046 7 INFO neutron.db.ovn_revision_numbers_db [None req-6f98d73a-b767-48a8-8878-35c4f9a02fe7 - - - - - -] Successfully bumped revision number for resource 4f3bc386-3edb-464b-b65c-9a5fe6d6c89a (type: ports) to 2 [pid: 8|app: 0|req: 577/1266] 10.0.0.6 () {34 vars in 673 bytes} [Sat Jul 25 11:21:16 2026] POST /v2.0/floatingips => generated 552 bytes in 555 msecs (HTTP/1.1 201) 4 headers in 162 bytes (1 switches on core 0) [pid: 7|app: 0|req: 690/1267] 10.0.0.6 () {32 vars in 717 bytes} [Sat Jul 25 11:21:16 2026] DELETE /v2.0/ports/6a7f3daa-9f0e-44b8-8dab-04ebd23e2ffa => generated 0 bytes in 487 msecs (HTTP/1.1 204) 3 headers in 131 bytes (1 switches on core 0)
2026-07-25 11:21:17.379 8 INFO neutron.db.ovn_revision_numbers_db [None req-46a63522-fea7-4a4e-9b3e-d399a3a989ec 3b29487fda824df896e1698c7be16c89 d51adee2cf6e469fabd8ae339ee28595 - - default default] Successfully bumped revision number for resource c93f9a12-8e54-4d43-a026-edb6048d5c68 (type: security_group_rules) to 0 [pid: 8|app: 0|req: 578/1268] 10.0.0.6 () {34 vars in 692 bytes} [Sat Jul 25 11:21:17 2026] POST /v2.0/security-group-rules => generated 602 bytes in 196 msecs (HTTP/1.1 201) 4 headers in 162 bytes (1 switches on core 0)
2026-07-25 11:21:17.457 8 INFO neutron.services.segments.plugin [-] Segment b011edbb-3e36-4608-bf8c-c44969fea6f9 resource provider aggregate not found [pid: 7|app: 0|req: 691/1269] 10.0.0.6 () {32 vars in 737 bytes} [Sat Jul 25 11:21:17 2026] DELETE /v2.0/security-groups/93fe3070-0959-4ae8-9df7-c7218590148f => generated 0 bytes in 222 msecs (HTTP/1.1 204) 2 headers in 112 bytes (1 switches on core 0)
2026-07-25 11:21:17.471 8 INFO neutron.services.segments.plugin [-] Segment b011edbb-3e36-4608-bf8c-c44969fea6f9 resource provider aggregate not found
2026-07-25 11:21:17.479 8 INFO neutron.services.segments.plugin [-] Segment b011edbb-3e36-4608-bf8c-c44969fea6f9 resource provider not found; error: Placement Client Error (4xx): {"errors": [{"status": 404, "title": "Not Found", "detail": "The resource could not be found.\n\n No resource provider with uuid b011edbb-3e36-4608-bf8c-c44969fea6f9 found for delete ", "request_id": "req-1a4d2ab4-bb3a-4a37-83f7-c5db91ef56ea"}]}
2026-07-25 11:21:17.501 8 INFO neutron.services.segments.plugin [-] Segment b011edbb-3e36-4608-bf8c-c44969fea6f9 resource provider not found; error: Placement Client Error (4xx): {"errors": [{"status": 404, "title": "Not Found", "detail": "The resource could not be found.\n\n No resource provider with uuid b011edbb-3e36-4608-bf8c-c44969fea6f9 found for delete ", "request_id": "req-e677f842-3044-41dc-a116-e8abbb8ca698"}]} [pid: 7|app: 0|req: 692/1270] 10.0.0.6 () {32 vars in 640 bytes} [Sat Jul 25 11:21:17 2026] GET /v2.0/ports => generated 1533 bytes in 41 msecs (HTTP/1.1 200) 4 headers in 158 bytes (1 switches on core 0)
2026-07-25 11:21:17.708 8 WARNING neutron.scheduler.dhcp_agent_scheduler [None req-1d599e43-464c-456c-a2e5-37392a079baa 793532c915064f1b8cd706b5e43e2ee8 51d34abcf0824e21805b3aef30b6474c - - default default] No more DHCP agents
2026-07-25 11:21:17.709 8 WARNING neutron.api.rpc.agentnotifiers.dhcp_rpc_agent_api [None req-1d599e43-464c-456c-a2e5-37392a079baa 793532c915064f1b8cd706b5e43e2ee8 51d34abcf0824e21805b3aef30b6474c - - default default] Unable to schedule network b72bbc40-5de0-4805-ac08-f8918603a734: no agents available; will retry on subsequent port and subnet creation events.
2026-07-25 11:21:17.735 7 WARNING neutron.scheduler.dhcp_agent_scheduler [None req-2471f571-b079-4d72-ade3-51010fc221ef 3b29487fda824df896e1698c7be16c89 d51adee2cf6e469fabd8ae339ee28595 - - default default] No more DHCP agents
2026-07-25 11:21:17.736 7 WARNING neutron.api.rpc.agentnotifiers.dhcp_rpc_agent_api [None req-2471f571-b079-4d72-ade3-51010fc221ef 3b29487fda824df896e1698c7be16c89 d51adee2cf6e469fabd8ae339ee28595 - - default default] Unable to schedule network b72bbc40-5de0-4805-ac08-f8918603a734: no agents available; will retry on subsequent port and subnet creation events. [pid: 8|app: 0|req: 579/1271] 10.0.0.6 () {34 vars in 673 bytes} [Sat Jul 25 11:21:17 2026] POST /v2.0/floatingips => generated 552 bytes in 605 msecs (HTTP/1.1 201) 4 headers in 162 bytes (1 switches on core 0)
2026-07-25 11:21:18.035 8 INFO neutron.pecan_wsgi.hooks.translation [None req-18d87f84-baec-472c-8c88-e5eb3a561653 f8816fa09697464da139320085724c29 5b2643267c1f47ec8f75a3bdc54a00b3 - - default default] GET failed (client error): The resource could not be found. [pid: 8|app: 0|req: 580/1272] 10.0.0.6 () {32 vars in 714 bytes} [Sat Jul 25 11:21:18 2026] GET /v2.0/ports/6a7f3daa-9f0e-44b8-8dab-04ebd23e2ffa => generated 132 bytes in 13 msecs (HTTP/1.1 404) 4 headers in 164 bytes (1 switches on core 0) [pid: 7|app: 0|req: 693/1273] 10.0.0.6 () {34 vars in 673 bytes} [Sat Jul 25 11:21:17 2026] POST /v2.0/floatingips => generated 552 bytes in 555 msecs (HTTP/1.1 201) 4 headers in 162 bytes (1 switches on core 0) [pid: 7|app: 0|req: 694/1274] 10.0.0.6 () {32 vars in 640 bytes} [Sat Jul 25 11:21:18 2026] GET /v2.0/ports => generated 1533 bytes in 37 msecs (HTTP/1.1 200) 4 headers in 158 bytes (1 switches on core 0) [pid: 7|app: 0|req: 695/1275] 10.0.0.6 () {32 vars in 714 bytes} [Sat Jul 25 11:21:18 2026] GET /v2.0/ports/8c6584be-e98d-4234-86ce-9b748f7fe063 => generated 774 bytes in 34 msecs (HTTP/1.1 200) 4 headers in 157 bytes (1 switches on core 0)
