2026-07-25 11:29:21.962 8 INFO neutron.notifiers.nova [-] Nova event matching ['req-bdcdbb3f-2d5e-4510-85e2-685a12619b5b'] response: {'server_uuid': 'ce9155ea-8c93-4ae6-bf9a-ef588d941318', 'name': 'network-vif-unplugged', 'status': 'completed', 'tag': 'a2fdfb55-0d48-4d0d-89aa-8dbbdc01f3e5', 'code': 200} [pid: 7|app: 0|req: 1843/3523] 199.204.45.61 () {34 vars in 992 bytes} [Sat Jul 25 11:29:22 2026] GET /v2.0/ports?device_id=ce9155ea-8c93-4ae6-bf9a-ef588d941318 => generated 1194 bytes in 81 msecs (HTTP/1.1 200) 4 headers in 158 bytes (1 switches on core 0) /var/lib/openstack/lib/python3.12/site-packages/pycadf/identifier.py:70: UserWarning: Invalid uuid: neutron. To ensure interoperability, identifiers should be a valid uuid. warnings.warn(('Invalid uuid: %s. To ensure interoperability, '
2026-07-25 11:29:22.513 8 INFO neutron_taas.services.taas.taas_plugin [req-5c0ebe41-9375-45ad-824c-f223b027a2eb req-787e9541-a3ce-4a5e-8254-4db3413eba4f 27937afece2d4fb886484199a17530e5 9ef8979ab6dc44d2828c1c47015fce98 - - default default] TaaS: Handle Delete Port: a2fdfb55-0d48-4d0d-89aa-8dbbdc01f3e5
2026-07-25 11:29:22.516 8 INFO neutron_taas.services.taas.tap_mirror_plugin [req-5c0ebe41-9375-45ad-824c-f223b027a2eb req-787e9541-a3ce-4a5e-8254-4db3413eba4f 27937afece2d4fb886484199a17530e5 9ef8979ab6dc44d2828c1c47015fce98 - - default default] Tap Mirror: Handle Delete Port: a2fdfb55-0d48-4d0d-89aa-8dbbdc01f3e5 [pid: 8|app: 0|req: 1681/3524] 199.204.45.61 () {36 vars in 995 bytes} [Sat Jul 25 11:29:22 2026] DELETE /v2.0/ports/a2fdfb55-0d48-4d0d-89aa-8dbbdc01f3e5 => generated 0 bytes in 274 msecs (HTTP/1.1 204) 3 headers in 131 bytes (1 switches on core 0)
2026-07-25 11:29:24.003 8 INFO neutron.notifiers.nova [-] Nova event matching ['req-891e9af7-2ee4-4388-8cd8-da5bd851385c'] response: {'server_uuid': 'ce9155ea-8c93-4ae6-bf9a-ef588d941318', 'name': 'network-vif-deleted', 'tag': 'a2fdfb55-0d48-4d0d-89aa-8dbbdc01f3e5', 'status': 'completed', 'code': 200} [pid: 7|app: 0|req: 1844/3525] 10.0.0.166 () {34 vars in 989 bytes} [Sat Jul 25 11:29:25 2026] GET /v2.0/ports?device_id=ce9155ea-8c93-4ae6-bf9a-ef588d941318 => generated 12 bytes in 23 msecs (HTTP/1.1 200) 4 headers in 156 bytes (1 switches on core 0) [pid: 8|app: 0|req: 1682/3528] 10.0.0.6 () {32 vars in 747 bytes} [Sat Jul 25 11:29:30 2026] DELETE /v2.0/security-group-rules/34cf606a-afe8-4b22-9b27-1955f949c631 => generated 0 bytes in 159 msecs (HTTP/1.1 204) 2 headers in 112 bytes (1 switches on core 0)
2026-07-25 11:29:30.525 7 INFO neutron.api.v2.resource [None req-0712cd8c-1183-4f38-a855-ff27cc0cc58c 27937afece2d4fb886484199a17530e5 9ef8979ab6dc44d2828c1c47015fce98 - - default default] show failed (client error): The resource could not be found. [pid: 7|app: 0|req: 1847/3529] 10.0.0.6 () {32 vars in 744 bytes} [Sat Jul 25 11:29:30 2026] GET /v2.0/security-group-rules/34cf606a-afe8-4b22-9b27-1955f949c631 => generated 155 bytes in 14 msecs (HTTP/1.1 404) 4 headers in 164 bytes (1 switches on core 0) [pid: 8|app: 0|req: 1683/3530] 10.0.0.6 () {32 vars in 747 bytes} [Sat Jul 25 11:29:30 2026] DELETE /v2.0/security-group-rules/cc96468d-43d1-4dfe-b22b-8ea71bd98959 => generated 0 bytes in 145 msecs (HTTP/1.1 204) 2 headers in 112 bytes (1 switches on core 0)
2026-07-25 11:29:30.699 7 INFO neutron.api.v2.resource [None req-ca9608fc-54fe-425b-b1bc-bd98f29d193f 27937afece2d4fb886484199a17530e5 9ef8979ab6dc44d2828c1c47015fce98 - - default default] show failed (client error): The resource could not be found. [pid: 7|app: 0|req: 1848/3531] 10.0.0.6 () {32 vars in 744 bytes} [Sat Jul 25 11:29:30 2026] GET /v2.0/security-group-rules/cc96468d-43d1-4dfe-b22b-8ea71bd98959 => generated 155 bytes in 19 msecs (HTTP/1.1 404) 4 headers in 164 bytes (1 switches on core 0) [pid: 8|app: 0|req: 1684/3532] 10.0.0.6 () {32 vars in 747 bytes} [Sat Jul 25 11:29:30 2026] DELETE /v2.0/security-group-rules/3d5f8b0d-cf8d-4489-9106-e3323c6d0e46 => generated 0 bytes in 149 msecs (HTTP/1.1 204) 2 headers in 112 bytes (1 switches on core 0)
2026-07-25 11:29:30.871 7 INFO neutron.api.v2.resource [None req-ab3d3c76-ba6c-432b-86ed-fac4419f00ab 27937afece2d4fb886484199a17530e5 9ef8979ab6dc44d2828c1c47015fce98 - - default default] show failed (client error): The resource could not be found. [pid: 7|app: 0|req: 1849/3533] 10.0.0.6 () {32 vars in 744 bytes} [Sat Jul 25 11:29:30 2026] GET /v2.0/security-group-rules/3d5f8b0d-cf8d-4489-9106-e3323c6d0e46 => generated 155 bytes in 11 msecs (HTTP/1.1 404) 4 headers in 164 bytes (1 switches on core 0) [pid: 8|app: 0|req: 1685/3534] 10.0.0.6 () {32 vars in 747 bytes} [Sat Jul 25 11:29:30 2026] DELETE /v2.0/security-group-rules/64e42038-2b06-45b7-b48f-e592decac2e2 => generated 0 bytes in 152 msecs (HTTP/1.1 204) 2 headers in 112 bytes (1 switches on core 0)
2026-07-25 11:29:31.046 7 INFO neutron.api.v2.resource [None req-a6099ecd-0648-4a22-aaf9-3ac81b3a7298 27937afece2d4fb886484199a17530e5 9ef8979ab6dc44d2828c1c47015fce98 - - default default] show failed (client error): The resource could not be found. [pid: 7|app: 0|req: 1850/3535] 10.0.0.6 () {32 vars in 744 bytes} [Sat Jul 25 11:29:31 2026] GET /v2.0/security-group-rules/64e42038-2b06-45b7-b48f-e592decac2e2 => generated 155 bytes in 12 msecs (HTTP/1.1 404) 4 headers in 164 bytes (1 switches on core 0) [pid: 8|app: 0|req: 1686/3536] 10.0.0.6 () {32 vars in 747 bytes} [Sat Jul 25 11:29:31 2026] DELETE /v2.0/security-group-rules/6e6092b3-54c8-4662-ac29-b32e5db5b782 => generated 0 bytes in 121 msecs (HTTP/1.1 204) 2 headers in 112 bytes (1 switches on core 0)
2026-07-25 11:29:31.187 7 INFO neutron.api.v2.resource [None req-3d248ad5-7972-47e8-a287-3a2da94f5583 27937afece2d4fb886484199a17530e5 9ef8979ab6dc44d2828c1c47015fce98 - - default default] show failed (client error): The resource could not be found. [pid: 7|app: 0|req: 1851/3537] 10.0.0.6 () {32 vars in 744 bytes} [Sat Jul 25 11:29:31 2026] GET /v2.0/security-group-rules/6e6092b3-54c8-4662-ac29-b32e5db5b782 => generated 155 bytes in 10 msecs (HTTP/1.1 404) 4 headers in 164 bytes (1 switches on core 0) [pid: 8|app: 0|req: 1687/3538] 10.0.0.6 () {32 vars in 747 bytes} [Sat Jul 25 11:29:31 2026] DELETE /v2.0/security-group-rules/4f6c7320-f106-4a38-bafa-ad0bcf1209c0 => generated 0 bytes in 149 msecs (HTTP/1.1 204) 2 headers in 112 bytes (1 switches on core 0)
2026-07-25 11:29:31.360 7 INFO neutron.api.v2.resource [None req-2b0d4758-54b0-4730-8138-8c39ba58cd38 27937afece2d4fb886484199a17530e5 9ef8979ab6dc44d2828c1c47015fce98 - - default default] show failed (client error): The resource could not be found. [pid: 7|app: 0|req: 1852/3539] 10.0.0.6 () {32 vars in 744 bytes} [Sat Jul 25 11:29:31 2026] GET /v2.0/security-group-rules/4f6c7320-f106-4a38-bafa-ad0bcf1209c0 => generated 155 bytes in 14 msecs (HTTP/1.1 404) 4 headers in 164 bytes (1 switches on core 0) [pid: 8|app: 0|req: 1688/3540] 10.0.0.6 () {32 vars in 747 bytes} [Sat Jul 25 11:29:31 2026] DELETE /v2.0/security-group-rules/de735abc-a964-43fc-b2a5-dd2d0c1cadfd => generated 0 bytes in 127 msecs (HTTP/1.1 204) 2 headers in 112 bytes (1 switches on core 0)
2026-07-25 11:29:31.507 7 INFO neutron.api.v2.resource [None req-95c28ee6-e4f2-443e-922d-2de075e27656 27937afece2d4fb886484199a17530e5 9ef8979ab6dc44d2828c1c47015fce98 - - default default] show failed (client error): The resource could not be found. [pid: 7|app: 0|req: 1853/3541] 10.0.0.6 () {32 vars in 744 bytes} [Sat Jul 25 11:29:31 2026] GET /v2.0/security-group-rules/de735abc-a964-43fc-b2a5-dd2d0c1cadfd => generated 155 bytes in 10 msecs (HTTP/1.1 404) 4 headers in 164 bytes (1 switches on core 0) [pid: 8|app: 0|req: 1689/3542] 10.0.0.6 () {32 vars in 747 bytes} [Sat Jul 25 11:29:31 2026] DELETE /v2.0/security-group-rules/99855729-d784-4bdc-a292-ce387e66b239 => generated 0 bytes in 127 msecs (HTTP/1.1 204) 2 headers in 112 bytes (1 switches on core 0)
2026-07-25 11:29:31.659 7 INFO neutron.api.v2.resource [None req-e691efff-58ad-46a9-b106-c167d37f32d5 27937afece2d4fb886484199a17530e5 9ef8979ab6dc44d2828c1c47015fce98 - - default default] show failed (client error): The resource could not be found. [pid: 7|app: 0|req: 1854/3543] 10.0.0.6 () {32 vars in 744 bytes} [Sat Jul 25 11:29:31 2026] GET /v2.0/security-group-rules/99855729-d784-4bdc-a292-ce387e66b239 => generated 155 bytes in 14 msecs (HTTP/1.1 404) 4 headers in 164 bytes (1 switches on core 0) [pid: 8|app: 0|req: 1690/3544] 10.0.0.6 () {32 vars in 747 bytes} [Sat Jul 25 11:29:31 2026] DELETE /v2.0/security-group-rules/130471ae-4476-487c-b0bb-349b268676b6 => generated 0 bytes in 124 msecs (HTTP/1.1 204) 2 headers in 112 bytes (1 switches on core 0)
2026-07-25 11:29:31.802 7 INFO neutron.api.v2.resource [None req-ec76fa64-95f4-42bd-948e-730c8287f5bb 27937afece2d4fb886484199a17530e5 9ef8979ab6dc44d2828c1c47015fce98 - - default default] show failed (client error): The resource could not be found. [pid: 7|app: 0|req: 1855/3545] 10.0.0.6 () {32 vars in 744 bytes} [Sat Jul 25 11:29:31 2026] GET /v2.0/security-group-rules/130471ae-4476-487c-b0bb-349b268676b6 => generated 155 bytes in 11 msecs (HTTP/1.1 404) 4 headers in 164 bytes (1 switches on core 0) [pid: 8|app: 0|req: 1691/3546] 10.0.0.6 () {32 vars in 747 bytes} [Sat Jul 25 11:29:31 2026] DELETE /v2.0/security-group-rules/057271bc-c375-4204-b577-5854e2130bab => generated 0 bytes in 113 msecs (HTTP/1.1 204) 2 headers in 112 bytes (1 switches on core 0)
2026-07-25 11:29:31.939 7 INFO neutron.api.v2.resource [None req-91c2d71b-6c2e-4fb9-900d-9fbf464fc7f3 27937afece2d4fb886484199a17530e5 9ef8979ab6dc44d2828c1c47015fce98 - - default default] show failed (client error): The resource could not be found. [pid: 7|app: 0|req: 1856/3547] 10.0.0.6 () {32 vars in 744 bytes} [Sat Jul 25 11:29:31 2026] GET /v2.0/security-group-rules/057271bc-c375-4204-b577-5854e2130bab => generated 155 bytes in 16 msecs (HTTP/1.1 404) 4 headers in 164 bytes (1 switches on core 0) [pid: 8|app: 0|req: 1692/3548] 10.0.0.6 () {32 vars in 747 bytes} [Sat Jul 25 11:29:31 2026] DELETE /v2.0/security-group-rules/036d1f2a-e93d-4198-9751-feaa9b9e9981 => generated 0 bytes in 121 msecs (HTTP/1.1 204) 2 headers in 112 bytes (1 switches on core 0)
2026-07-25 11:29:32.083 7 INFO neutron.api.v2.resource [None req-de6943c1-5bb2-43ac-8a95-25d3a55bf69e 27937afece2d4fb886484199a17530e5 9ef8979ab6dc44d2828c1c47015fce98 - - default default] show failed (client error): The resource could not be found. [pid: 7|app: 0|req: 1857/3549] 10.0.0.6 () {32 vars in 744 bytes} [Sat Jul 25 11:29:32 2026] GET /v2.0/security-group-rules/036d1f2a-e93d-4198-9751-feaa9b9e9981 => generated 155 bytes in 13 msecs (HTTP/1.1 404) 4 headers in 164 bytes (1 switches on core 0) [pid: 8|app: 0|req: 1693/3550] 10.0.0.6 () {32 vars in 737 bytes} [Sat Jul 25 11:29:32 2026] DELETE /v2.0/security-groups/ea830db5-48c0-42bc-ac28-77b172f6cde3 => generated 0 bytes in 148 msecs (HTTP/1.1 204) 2 headers in 112 bytes (1 switches on core 0)
2026-07-25 11:29:32.256 7 INFO neutron.api.v2.resource [None req-d40291cf-a1f7-4314-8f18-4bb6bb60df99 27937afece2d4fb886484199a17530e5 9ef8979ab6dc44d2828c1c47015fce98 - - default default] show failed (client error): The resource could not be found. [pid: 7|app: 0|req: 1858/3551] 10.0.0.6 () {32 vars in 734 bytes} [Sat Jul 25 11:29:32 2026] GET /v2.0/security-groups/ea830db5-48c0-42bc-ac28-77b172f6cde3 => generated 146 bytes in 14 msecs (HTTP/1.1 404) 4 headers in 164 bytes (1 switches on core 0)
2026-07-25 11:29:32.575 8 INFO neutron_taas.services.taas.taas_plugin [None req-d1666a11-3f76-48c0-8afe-eb4765961722 27937afece2d4fb886484199a17530e5 9ef8979ab6dc44d2828c1c47015fce98 - - default default] TaaS: Handle Delete Port: 9ecada50-5a51-44b7-a33f-38a378ae77cc
2026-07-25 11:29:32.578 8 INFO neutron_taas.services.taas.tap_mirror_plugin [None req-d1666a11-3f76-48c0-8afe-eb4765961722 27937afece2d4fb886484199a17530e5 9ef8979ab6dc44d2828c1c47015fce98 - - default default] Tap Mirror: Handle Delete Port: 9ecada50-5a51-44b7-a33f-38a378ae77cc [pid: 8|app: 0|req: 1694/3552] 10.0.0.6 () {34 vars in 786 bytes} [Sat Jul 25 11:29:32 2026] PUT /v2.0/routers/6eb52c91-d3de-4754-b39c-00d6f795bf41/remove_router_interface => generated 309 bytes in 838 msecs (HTTP/1.1 200) 4 headers in 157 bytes (1 switches on core 0)
2026-07-25 11:29:33.247 7 INFO neutron.api.v2.resource [None req-2a2263d5-004f-4f9f-a709-dd03918f0e13 27937afece2d4fb886484199a17530e5 9ef8979ab6dc44d2828c1c47015fce98 - - default default] remove_router_interface failed (client error): The resource could not be found. [pid: 7|app: 0|req: 1859/3553] 10.0.0.6 () {34 vars in 786 bytes} [Sat Jul 25 11:29:33 2026] PUT /v2.0/routers/6eb52c91-d3de-4754-b39c-00d6f795bf41/remove_router_interface => generated 198 bytes in 108 msecs (HTTP/1.1 404) 4 headers in 164 bytes (1 switches on core 0) /var/lib/openstack/lib/python3.12/site-packages/pycadf/identifier.py:70: UserWarning: Invalid uuid: neutron. To ensure interoperability, identifiers should be a valid uuid. warnings.warn(('Invalid uuid: %s. To ensure interoperability, '
2026-07-25 11:29:33.537 8 INFO neutron_taas.services.taas.taas_plugin [None req-2f1809ec-f7d5-4e61-9ccb-684483ca5385 27937afece2d4fb886484199a17530e5 9ef8979ab6dc44d2828c1c47015fce98 - - default default] TaaS: Handle Delete Port: b353a59b-c2a9-428a-bc64-c866d0f15c18
2026-07-25 11:29:33.540 8 INFO neutron_taas.services.taas.tap_mirror_plugin [None req-2f1809ec-f7d5-4e61-9ccb-684483ca5385 27937afece2d4fb886484199a17530e5 9ef8979ab6dc44d2828c1c47015fce98 - - default default] Tap Mirror: Handle Delete Port: b353a59b-c2a9-428a-bc64-c866d0f15c18 [pid: 8|app: 0|req: 1695/3554] 10.0.0.6 () {34 vars in 786 bytes} [Sat Jul 25 11:29:33 2026] PUT /v2.0/routers/6eb52c91-d3de-4754-b39c-00d6f795bf41/remove_router_interface => generated 309 bytes in 841 msecs (HTTP/1.1 200) 4 headers in 157 bytes (1 switches on core 0)
2026-07-25 11:29:34.183 7 INFO neutron.api.v2.resource [None req-819170e0-7520-4844-8f5e-8778b6331cdf 27937afece2d4fb886484199a17530e5 9ef8979ab6dc44d2828c1c47015fce98 - - default default] remove_router_interface failed (client error): The resource could not be found. [pid: 7|app: 0|req: 1860/3555] 10.0.0.6 () {34 vars in 786 bytes} [Sat Jul 25 11:29:34 2026] PUT /v2.0/routers/6eb52c91-d3de-4754-b39c-00d6f795bf41/remove_router_interface => generated 198 bytes in 88 msecs (HTTP/1.1 404) 4 headers in 164 bytes (1 switches on core 0) /var/lib/openstack/lib/python3.12/site-packages/pycadf/identifier.py:70: UserWarning: Invalid uuid: neutron. To ensure interoperability, identifiers should be a valid uuid. warnings.warn(('Invalid uuid: %s. To ensure interoperability, '
2026-07-25 11:29:34.462 8 INFO neutron_taas.services.taas.taas_plugin [None req-122e31ee-f211-486d-89e5-08d952bb6a13 27937afece2d4fb886484199a17530e5 9ef8979ab6dc44d2828c1c47015fce98 - - default default] TaaS: Handle Delete Port: 67feb87c-d97d-41a1-a3d8-d04459585c31
2026-07-25 11:29:34.465 8 INFO neutron_taas.services.taas.tap_mirror_plugin [None req-122e31ee-f211-486d-89e5-08d952bb6a13 27937afece2d4fb886484199a17530e5 9ef8979ab6dc44d2828c1c47015fce98 - - default default] Tap Mirror: Handle Delete Port: 67feb87c-d97d-41a1-a3d8-d04459585c31 [pid: 8|app: 0|req: 1696/3556] 10.0.0.6 () {34 vars in 786 bytes} [Sat Jul 25 11:29:34 2026] PUT /v2.0/routers/6eb52c91-d3de-4754-b39c-00d6f795bf41/remove_router_interface => generated 309 bytes in 849 msecs (HTTP/1.1 200) 4 headers in 157 bytes (1 switches on core 0)
2026-07-25 11:29:35.124 7 INFO neutron.api.v2.resource [None req-14aa2e21-cdaa-41c2-b26c-2fd3958ec601 27937afece2d4fb886484199a17530e5 9ef8979ab6dc44d2828c1c47015fce98 - - default default] remove_router_interface failed (client error): The resource could not be found. [pid: 7|app: 0|req: 1861/3557] 10.0.0.6 () {34 vars in 786 bytes} [Sat Jul 25 11:29:35 2026] PUT /v2.0/routers/6eb52c91-d3de-4754-b39c-00d6f795bf41/remove_router_interface => generated 198 bytes in 84 msecs (HTTP/1.1 404) 4 headers in 164 bytes (1 switches on core 0) /var/lib/openstack/lib/python3.12/site-packages/pycadf/identifier.py:70: UserWarning: Invalid uuid: neutron. To ensure interoperability, identifiers should be a valid uuid. warnings.warn(('Invalid uuid: %s. To ensure interoperability, '
2026-07-25 11:29:35.443 8 INFO neutron_taas.services.taas.taas_plugin [None req-8a47068f-df88-4744-b80b-db9aa8b1a623 27937afece2d4fb886484199a17530e5 9ef8979ab6dc44d2828c1c47015fce98 - - default default] TaaS: Handle Delete Port: cb533c7a-f81e-49ac-a32d-675888cdfaa1
2026-07-25 11:29:35.447 8 INFO neutron_taas.services.taas.tap_mirror_plugin [None req-8a47068f-df88-4744-b80b-db9aa8b1a623 27937afece2d4fb886484199a17530e5 9ef8979ab6dc44d2828c1c47015fce98 - - default default] Tap Mirror: Handle Delete Port: cb533c7a-f81e-49ac-a32d-675888cdfaa1 [pid: 8|app: 0|req: 1697/3558] 10.0.0.6 () {32 vars in 721 bytes} [Sat Jul 25 11:29:35 2026] DELETE /v2.0/routers/6eb52c91-d3de-4754-b39c-00d6f795bf41 => generated 0 bytes in 753 msecs (HTTP/1.1 204) 2 headers in 112 bytes (1 switches on core 0)
2026-07-25 11:29:35.910 7 INFO neutron.api.v2.resource [None req-2ef86594-f903-4ada-bec8-d8e018ba9355 27937afece2d4fb886484199a17530e5 9ef8979ab6dc44d2828c1c47015fce98 - - default default] show failed (client error): The resource could not be found. [pid: 7|app: 0|req: 1862/3559] 10.0.0.6 () {32 vars in 718 bytes} [Sat Jul 25 11:29:35 2026] GET /v2.0/routers/6eb52c91-d3de-4754-b39c-00d6f795bf41 => generated 135 bytes in 23 msecs (HTTP/1.1 404) 4 headers in 164 bytes (1 switches on core 0) [pid: 8|app: 0|req: 1698/3560] 10.0.0.6 () {32 vars in 721 bytes} [Sat Jul 25 11:29:35 2026] DELETE /v2.0/subnets/ec960196-5f35-4667-be26-b2a58c7dbced => generated 0 bytes in 141 msecs (HTTP/1.1 204) 3 headers in 131 bytes (1 switches on core 0)
2026-07-25 11:29:36.079 7 INFO neutron.pecan_wsgi.hooks.translation [None req-90b8e30e-55ea-47d7-8e49-9c39d0237e49 27937afece2d4fb886484199a17530e5 9ef8979ab6dc44d2828c1c47015fce98 - - default default] GET failed (client error): The resource could not be found. [pid: 7|app: 0|req: 1863/3561] 10.0.0.6 () {32 vars in 718 bytes} [Sat Jul 25 11:29:36 2026] GET /v2.0/subnets/ec960196-5f35-4667-be26-b2a58c7dbced => generated 136 bytes in 18 msecs (HTTP/1.1 404) 4 headers in 164 bytes (1 switches on core 0) [pid: 8|app: 0|req: 1699/3562] 10.0.0.6 () {32 vars in 721 bytes} [Sat Jul 25 11:29:36 2026] DELETE /v2.0/subnets/76be153e-e84b-47b5-a72e-840bc9a0f1da => generated 0 bytes in 162 msecs (HTTP/1.1 204) 3 headers in 131 bytes (1 switches on core 0)
2026-07-25 11:29:36.265 7 INFO neutron.pecan_wsgi.hooks.translation [None req-36f334a2-38d6-4c63-b289-c8c92508eaf4 27937afece2d4fb886484199a17530e5 9ef8979ab6dc44d2828c1c47015fce98 - - default default] GET failed (client error): The resource could not be found. [pid: 7|app: 0|req: 1864/3563] 10.0.0.6 () {32 vars in 718 bytes} [Sat Jul 25 11:29:36 2026] GET /v2.0/subnets/76be153e-e84b-47b5-a72e-840bc9a0f1da => generated 136 bytes in 14 msecs (HTTP/1.1 404) 4 headers in 164 bytes (1 switches on core 0)
2026-07-25 11:29:36.377 8 INFO neutron_taas.services.taas.taas_plugin [None req-2ffbb5bc-b047-42c4-81f2-42d7fed9ea09 27937afece2d4fb886484199a17530e5 9ef8979ab6dc44d2828c1c47015fce98 - - default default] TaaS: Handle Delete Port: 1678e62a-96ff-499d-af08-cae7d7b07b9d
2026-07-25 11:29:36.380 8 INFO neutron_taas.services.taas.tap_mirror_plugin [None req-2ffbb5bc-b047-42c4-81f2-42d7fed9ea09 27937afece2d4fb886484199a17530e5 9ef8979ab6dc44d2828c1c47015fce98 - - default default] Tap Mirror: Handle Delete Port: 1678e62a-96ff-499d-af08-cae7d7b07b9d
2026-07-25 11:29:36.551 8 INFO neutron.services.segments.plugin [-] Segment d4117843-ef9e-4c6a-82e8-15544137d898 resource provider aggregate not found
2026-07-25 11:29:36.554 8 INFO neutron.services.segments.plugin [-] Segment d4117843-ef9e-4c6a-82e8-15544137d898 resource provider aggregate not found
2026-07-25 11:29:36.573 8 INFO neutron.services.segments.plugin [-] Segment d4117843-ef9e-4c6a-82e8-15544137d898 resource provider not found; error: Placement Client Error (4xx): {"errors": [{"status": 404, "title": "Not Found", "detail": "The resource could not be found.\n\n No resource provider with uuid d4117843-ef9e-4c6a-82e8-15544137d898 found for delete ", "request_id": "req-a286dc23-1635-4911-bfa6-1b5ae382f19d"}]}
2026-07-25 11:29:36.576 8 INFO neutron.services.segments.plugin [-] Segment d4117843-ef9e-4c6a-82e8-15544137d898 resource provider not found; error: Placement Client Error (4xx): {"errors": [{"status": 404, "title": "Not Found", "detail": "The resource could not be found.\n\n No resource provider with uuid d4117843-ef9e-4c6a-82e8-15544137d898 found for delete ", "request_id": "req-64841883-0515-4a3d-b6b4-129ab6905242"}]} [pid: 8|app: 0|req: 1700/3564] 10.0.0.6 () {32 vars in 723 bytes} [Sat Jul 25 11:29:36 2026] DELETE /v2.0/networks/9db3b1ef-d2f6-4f61-8305-e1d70946e6a1 => generated 0 bytes in 321 msecs (HTTP/1.1 204) 3 headers in 131 bytes (1 switches on core 0)
2026-07-25 11:29:36.608 7 INFO neutron.pecan_wsgi.hooks.translation [None req-10cab4a9-60bc-450b-b1dc-b4a30579ebab 27937afece2d4fb886484199a17530e5 9ef8979ab6dc44d2828c1c47015fce98 - - default default] GET failed (client error): The resource could not be found. [pid: 7|app: 0|req: 1865/3565] 10.0.0.6 () {32 vars in 720 bytes} [Sat Jul 25 11:29:36 2026] GET /v2.0/networks/9db3b1ef-d2f6-4f61-8305-e1d70946e6a1 => generated 138 bytes in 13 msecs (HTTP/1.1 404) 4 headers in 164 bytes (1 switches on core 0) [pid: 8|app: 0|req: 1701/3566] 10.0.0.6 () {32 vars in 721 bytes} [Sat Jul 25 11:29:36 2026] DELETE /v2.0/subnets/8be02295-6fbd-46f3-b4da-a43f3956d744 => generated 0 bytes in 145 msecs (HTTP/1.1 204) 3 headers in 131 bytes (1 switches on core 0)
2026-07-25 11:29:36.774 7 INFO neutron.pecan_wsgi.hooks.translation [None req-b364ae84-9449-4ab9-b8d9-dbe9f9866f66 27937afece2d4fb886484199a17530e5 9ef8979ab6dc44d2828c1c47015fce98 - - default default] GET failed (client error): The resource could not be found. [pid: 7|app: 0|req: 1866/3567] 10.0.0.6 () {32 vars in 718 bytes} [Sat Jul 25 11:29:36 2026] GET /v2.0/subnets/8be02295-6fbd-46f3-b4da-a43f3956d744 => generated 136 bytes in 13 msecs (HTTP/1.1 404) 4 headers in 164 bytes (1 switches on core 0) [pid: 8|app: 0|req: 1702/3568] 10.0.0.6 () {32 vars in 721 bytes} [Sat Jul 25 11:29:36 2026] DELETE /v2.0/subnets/ed64baae-31b6-4d84-bfd6-532bcc9208c0 => generated 0 bytes in 185 msecs (HTTP/1.1 204) 3 headers in 131 bytes (1 switches on core 0)
2026-07-25 11:29:36.986 7 INFO neutron.pecan_wsgi.hooks.translation [None req-abf3795b-a289-4d17-985c-d8c24c0d1b4c 27937afece2d4fb886484199a17530e5 9ef8979ab6dc44d2828c1c47015fce98 - - default default] GET failed (client error): The resource could not be found. [pid: 7|app: 0|req: 1867/3569] 10.0.0.6 () {32 vars in 718 bytes} [Sat Jul 25 11:29:36 2026] GET /v2.0/subnets/ed64baae-31b6-4d84-bfd6-532bcc9208c0 => generated 136 bytes in 16 msecs (HTTP/1.1 404) 4 headers in 164 bytes (1 switches on core 0)
2026-07-25 11:29:37.101 8 INFO neutron_taas.services.taas.taas_plugin [None req-b4164992-a21c-4024-9500-a842de5a5866 27937afece2d4fb886484199a17530e5 9ef8979ab6dc44d2828c1c47015fce98 - - default default] TaaS: Handle Delete Port: b0e2ef6f-17cd-4cac-bcea-47c7a0cdc7fb
2026-07-25 11:29:37.104 8 INFO neutron_taas.services.taas.tap_mirror_plugin [None req-b4164992-a21c-4024-9500-a842de5a5866 27937afece2d4fb886484199a17530e5 9ef8979ab6dc44d2828c1c47015fce98 - - default default] Tap Mirror: Handle Delete Port: b0e2ef6f-17cd-4cac-bcea-47c7a0cdc7fb [pid: 8|app: 0|req: 1703/3570] 10.0.0.6 () {32 vars in 723 bytes} [Sat Jul 25 11:29:36 2026] DELETE /v2.0/networks/c98ef1c8-e6e3-428a-b88f-4b9c57397d87 => generated 0 bytes in 323 msecs (HTTP/1.1 204) 3 headers in 131 bytes (1 switches on core 0)
2026-07-25 11:29:37.337 7 INFO neutron.pecan_wsgi.hooks.translation [None req-3c5ed364-6f54-4484-a494-2a74cb29738b 27937afece2d4fb886484199a17530e5 9ef8979ab6dc44d2828c1c47015fce98 - - default default] GET failed (client error): The resource could not be found. [pid: 7|app: 0|req: 1868/3571] 10.0.0.6 () {32 vars in 720 bytes} [Sat Jul 25 11:29:37 2026] GET /v2.0/networks/c98ef1c8-e6e3-428a-b88f-4b9c57397d87 => generated 138 bytes in 20 msecs (HTTP/1.1 404) 4 headers in 164 bytes (1 switches on core 0) [pid: 8|app: 0|req: 1704/3572] 10.0.0.6 () {32 vars in 721 bytes} [Sat Jul 25 11:29:37 2026] DELETE /v2.0/subnets/6f699de9-350a-4b5c-85e3-d312a5216d89 => generated 0 bytes in 137 msecs (HTTP/1.1 204) 3 headers in 131 bytes (1 switches on core 0)
2026-07-25 11:29:37.507 7 INFO neutron.pecan_wsgi.hooks.translation [None req-5458698f-c9ed-4ecc-ac0b-50eeb47aeebd 27937afece2d4fb886484199a17530e5 9ef8979ab6dc44d2828c1c47015fce98 - - default default] GET failed (client error): The resource could not be found. [pid: 7|app: 0|req: 1869/3573] 10.0.0.6 () {32 vars in 718 bytes} [Sat Jul 25 11:29:37 2026] GET /v2.0/subnets/6f699de9-350a-4b5c-85e3-d312a5216d89 => generated 136 bytes in 25 msecs (HTTP/1.1 404) 4 headers in 164 bytes (1 switches on core 0) [pid: 8|app: 0|req: 1705/3574] 10.0.0.6 () {32 vars in 721 bytes} [Sat Jul 25 11:29:37 2026] DELETE /v2.0/subnets/6fe7e3cb-79c0-46c0-83e2-7dfbb2d5d8da => generated 0 bytes in 185 msecs (HTTP/1.1 204) 3 headers in 131 bytes (1 switches on core 0)
2026-07-25 11:29:37.720 7 INFO neutron.pecan_wsgi.hooks.translation [None req-f4f79f51-400d-479c-8952-bdf1522faed6 27937afece2d4fb886484199a17530e5 9ef8979ab6dc44d2828c1c47015fce98 - - default default] GET failed (client error): The resource could not be found. [pid: 7|app: 0|req: 1870/3575] 10.0.0.6 () {32 vars in 718 bytes} [Sat Jul 25 11:29:37 2026] GET /v2.0/subnets/6fe7e3cb-79c0-46c0-83e2-7dfbb2d5d8da => generated 136 bytes in 17 msecs (HTTP/1.1 404) 4 headers in 164 bytes (1 switches on core 0)
2026-07-25 11:29:37.835 8 INFO neutron_taas.services.taas.taas_plugin [None req-786c4870-1fa7-4439-aa48-eea5e71996d5 27937afece2d4fb886484199a17530e5 9ef8979ab6dc44d2828c1c47015fce98 - - default default] TaaS: Handle Delete Port: ba6424fc-3043-44d1-bf3e-cd553af61c11
2026-07-25 11:29:37.838 8 INFO neutron_taas.services.taas.tap_mirror_plugin [None req-786c4870-1fa7-4439-aa48-eea5e71996d5 27937afece2d4fb886484199a17530e5 9ef8979ab6dc44d2828c1c47015fce98 - - default default] Tap Mirror: Handle Delete Port: ba6424fc-3043-44d1-bf3e-cd553af61c11 [pid: 8|app: 0|req: 1706/3576] 10.0.0.6 () {32 vars in 723 bytes} [Sat Jul 25 11:29:37 2026] DELETE /v2.0/networks/fe9ebc78-707c-4810-b292-f9e7a27f307b => generated 0 bytes in 345 msecs (HTTP/1.1 204) 3 headers in 131 bytes (1 switches on core 0)
2026-07-25 11:29:38.089 7 INFO neutron.pecan_wsgi.hooks.translation [None req-88033dc7-8946-4947-af76-3064a6ed1333 27937afece2d4fb886484199a17530e5 9ef8979ab6dc44d2828c1c47015fce98 - - default default] GET failed (client error): The resource could not be found. [pid: 7|app: 0|req: 1871/3577] 10.0.0.6 () {32 vars in 720 bytes} [Sat Jul 25 11:29:38 2026] GET /v2.0/networks/fe9ebc78-707c-4810-b292-f9e7a27f307b => generated 138 bytes in 14 msecs (HTTP/1.1 404) 4 headers in 164 bytes (1 switches on core 0)
2026-07-25 11:29:38.592 8 INFO neutron.services.segments.plugin [-] Segment dad9aaa0-1624-46ee-afe3-fa6fb68f7fea resource provider aggregate not found
2026-07-25 11:29:38.595 8 INFO neutron.services.segments.plugin [-] Segment dad9aaa0-1624-46ee-afe3-fa6fb68f7fea resource provider aggregate not found
2026-07-25 11:29:38.605 8 INFO neutron.services.segments.plugin [-] Segment dad9aaa0-1624-46ee-afe3-fa6fb68f7fea resource provider not found; error: Placement Client Error (4xx): {"errors": [{"status": 404, "title": "Not Found", "detail": "The resource could not be found.\n\n No resource provider with uuid dad9aaa0-1624-46ee-afe3-fa6fb68f7fea found for delete ", "request_id": "req-9035b569-ba17-451c-a948-0059099d40b3"}]}
2026-07-25 11:29:38.609 8 INFO neutron.services.segments.plugin [-] Segment dad9aaa0-1624-46ee-afe3-fa6fb68f7fea resource provider not found; error: Placement Client Error (4xx): {"errors": [{"status": 404, "title": "Not Found", "detail": "The resource could not be found.\n\n No resource provider with uuid dad9aaa0-1624-46ee-afe3-fa6fb68f7fea found for delete ", "request_id": "req-dfb64d21-602d-4a0b-ab61-771175b6e33c"}]}
2026-07-25 11:29:38.619 8 INFO neutron.services.segments.plugin [-] Segment 2f552da9-088e-4db6-b36c-9b08e82b0284 resource provider aggregate not found
2026-07-25 11:29:38.625 8 INFO neutron.services.segments.plugin [-] Segment 2f552da9-088e-4db6-b36c-9b08e82b0284 resource provider aggregate not found
2026-07-25 11:29:38.639 8 INFO neutron.services.segments.plugin [-] Segment 2f552da9-088e-4db6-b36c-9b08e82b0284 resource provider not found; error: Placement Client Error (4xx): {"errors": [{"status": 404, "title": "Not Found", "detail": "The resource could not be found.\n\n No resource provider with uuid 2f552da9-088e-4db6-b36c-9b08e82b0284 found for delete ", "request_id": "req-9fdc4d77-f515-43c4-968a-ff1409263428"}]}
2026-07-25 11:29:38.640 8 INFO neutron.services.segments.plugin [-] Segment 2f552da9-088e-4db6-b36c-9b08e82b0284 resource provider not found; error: Placement Client Error (4xx): {"errors": [{"status": 404, "title": "Not Found", "detail": "The resource could not be found.\n\n No resource provider with uuid 2f552da9-088e-4db6-b36c-9b08e82b0284 found for delete ", "request_id": "req-b016f6a5-dc93-4f69-a80b-5454913f849a"}]}
2026-07-25 11:29:40.162 8 INFO neutron.db.ovn_revision_numbers_db [None req-f7923bda-9aa9-4d2e-b4d5-0858e813db81 e955f6efd8574528b779215b0150fb64 2e6b8bfa800b4b77b6e5c03c08f2bba2 - - default default] Successfully bumped revision number for resource 93d662c0-c1f0-4f8b-b0d1-f72711993d14 (type: security_groups) to 1
2026-07-25 11:29:40.174 8 INFO neutron.db.ovn_revision_numbers_db [None req-f7923bda-9aa9-4d2e-b4d5-0858e813db81 e955f6efd8574528b779215b0150fb64 2e6b8bfa800b4b77b6e5c03c08f2bba2 - - default default] Successfully bumped revision number for resource 6d4717c7-34b9-48f6-9237-33444e5dd019 (type: security_group_rules) to 0
2026-07-25 11:29:40.184 8 INFO neutron.db.ovn_revision_numbers_db [None req-f7923bda-9aa9-4d2e-b4d5-0858e813db81 e955f6efd8574528b779215b0150fb64 2e6b8bfa800b4b77b6e5c03c08f2bba2 - - default default] Successfully bumped revision number for resource a6e49693-3cf7-446b-8a5c-2fb2e5b33344 (type: security_group_rules) to 0
2026-07-25 11:29:40.197 8 INFO neutron.db.ovn_revision_numbers_db [None req-f7923bda-9aa9-4d2e-b4d5-0858e813db81 e955f6efd8574528