2026-07-25 11:21:47.249 8 INFO neutron.db.ovn_revision_numbers_db [None req-dc367fca-5191-4769-a714-fa8b1af8a215 e955f6efd8574528b779215b0150fb64 2e6b8bfa800b4b77b6e5c03c08f2bba2 - - default default] Successfully bumped revision number for resource f272b89f-33a0-4202-b096-6fb1b5d98b65 (type: security_group_rules) to 0 [pid: 8|app: 0|req: 681/1525] 10.0.0.6 () {32 vars in 771 bytes} [Sat Jul 25 11:21:46 2026] GET /v2.0/security-groups?tenant_id=470a950b1771458cb24d8328c083f3d1&name=default => generated 2925 bytes in 546 msecs (HTTP/1.1 200) 4 headers in 158 bytes (1 switches on core 0) [pid: 7|app: 0|req: 845/1526] 10.0.0.6 () {32 vars in 737 bytes} [Sat Jul 25 11:21:47 2026] DELETE /v2.0/security-groups/4161b862-31ac-4bb3-bf1a-36e04215e3c6 => generated 0 bytes in 251 msecs (HTTP/1.1 204) 2 headers in 112 bytes (1 switches on core 0)
2026-07-25 11:21:48.580 8 INFO neutron_taas.services.taas.taas_plugin [None req-5f44a672-c07e-41f8-95d8-af8db195b72a e955f6efd8574528b779215b0150fb64 2e6b8bfa800b4b77b6e5c03c08f2bba2 - - default default] TaaS: Handle Delete Port: 009bd3ac-5311-4a1a-b2f1-d7f6d2474a4b
2026-07-25 11:21:48.583 8 INFO neutron_taas.services.taas.tap_mirror_plugin [None req-5f44a672-c07e-41f8-95d8-af8db195b72a e955f6efd8574528b779215b0150fb64 2e6b8bfa800b4b77b6e5c03c08f2bba2 - - default default] Tap Mirror: Handle Delete Port: 009bd3ac-5311-4a1a-b2f1-d7f6d2474a4b
2026-07-25 11:21:49.085 7 INFO neutron.db.ovn_revision_numbers_db [None req-180e6bbe-7612-45eb-b7e3-c8765452819e 4d249f6c2f2242d4917b762ba1d6d983 a94cd2e55f1a422c853df2cd759898eb - - default default] Successfully bumped revision number for resource 92ae4a7b-dc93-4855-bf51-02c575223eeb (type: security_groups) to 1
2026-07-25 11:21:49.098 7 INFO neutron.db.ovn_revision_numbers_db [None req-180e6bbe-7612-45eb-b7e3-c8765452819e 4d249f6c2f2242d4917b762ba1d6d983 a94cd2e55f1a422c853df2cd759898eb - - default default] Successfully bumped revision number for resource 464fdf68-a01e-4b2a-9869-b79fb777e70d (type: security_group_rules) to 0
2026-07-25 11:21:49.109 7 INFO neutron.db.ovn_revision_numbers_db [None req-180e6bbe-7612-45eb-b7e3-c8765452819e 4d249f6c2f2242d4917b762ba1d6d983 a94cd2e55f1a422c853df2cd759898eb - - default default] Successfully bumped revision number for resource 478d282e-9ced-441a-8ca4-67f1f3e05cce (type: security_group_rules) to 0
2026-07-25 11:21:49.119 7 INFO neutron.db.ovn_revision_numbers_db [None req-180e6bbe-7612-45eb-b7e3-c8765452819e 4d249f6c2f2242d4917b762ba1d6d983 a94cd2e55f1a422c853df2cd759898eb - - default default] Successfully bumped revision number for resource a6141532-6051-4426-9029-dde01fbe6f46 (type: security_group_rules) to 0
2026-07-25 11:21:49.131 7 INFO neutron.db.ovn_revision_numbers_db [None req-180e6bbe-7612-45eb-b7e3-c8765452819e 4d249f6c2f2242d4917b762ba1d6d983 a94cd2e55f1a422c853df2cd759898eb - - default default] Successfully bumped revision number for resource f2fe8366-de08-4057-b3da-502d43031cc4 (type: security_group_rules) to 0 [pid: 8|app: 0|req: 682/1527] 10.0.0.6 () {34 vars in 786 bytes} [Sat Jul 25 11:21:48 2026] PUT /v2.0/routers/9f32ec14-7460-4d45-86e6-cff949578464/remove_router_interface => generated 309 bytes in 884 msecs (HTTP/1.1 200) 4 headers in 157 bytes (1 switches on core 0) /var/lib/openstack/lib/python3.12/site-packages/pycadf/identifier.py:70: UserWarning: Invalid uuid: neutron. To ensure interoperability, identifiers should be a valid uuid. warnings.warn(('Invalid uuid: %s. To ensure interoperability, '
2026-07-25 11:21:49.208 7 INFO neutron.db.segments_db [None req-180e6bbe-7612-45eb-b7e3-c8765452819e 4d249f6c2f2242d4917b762ba1d6d983 a94cd2e55f1a422c853df2cd759898eb - - default default] Added segment 2d620f76-8107-4881-ad9c-90ecf1428751 of type geneve for network 96be9c92-a973-4ec2-9c0e-a9fa899f8682
2026-07-25 11:21:49.310 7 INFO neutron.db.ovn_revision_numbers_db [None req-180e6bbe-7612-45eb-b7e3-c8765452819e 4d249f6c2f2242d4917b762ba1d6d983 a94cd2e55f1a422c853df2cd759898eb - - default default] Successfully bumped revision number for resource 96be9c92-a973-4ec2-9c0e-a9fa899f8682 (type: networks) to 1
2026-07-25 11:21:49.471 7 WARNING neutron.scheduler.dhcp_agent_scheduler [None req-180e6bbe-7612-45eb-b7e3-c8765452819e 4d249f6c2f2242d4917b762ba1d6d983 a94cd2e55f1a422c853df2cd759898eb - - default default] No more DHCP agents
2026-07-25 11:21:49.472 7 WARNING neutron.api.rpc.agentnotifiers.dhcp_rpc_agent_api [None req-180e6bbe-7612-45eb-b7e3-c8765452819e 4d249f6c2f2242d4917b762ba1d6d983 a94cd2e55f1a422c853df2cd759898eb - - default default] Unable to schedule network 96be9c92-a973-4ec2-9c0e-a9fa899f8682: no agents available; will retry on subsequent port and subnet creation events.
2026-07-25 11:21:49.515 7 INFO neutron.plugins.ml2.drivers.ovn.mech_driver.mech_driver [None req-d1e7f7d4-c83b-4029-916b-a3cc0302ca6c - - - - - -] OVN reports status down for port: b6f46dd7-2adb-46e6-968a-c42e2848fe24
2026-07-25 11:21:49.557 8 INFO neutron_taas.services.taas.taas_plugin [None req-20130344-42b8-4d11-95e2-41ede633d660 e955f6efd8574528b779215b0150fb64 2e6b8bfa800b4b77b6e5c03c08f2bba2 - - default default] TaaS: Handle Delete Port: 02c65eac-98e3-4139-b6b4-575dd779b971
2026-07-25 11:21:49.561 8 INFO neutron_taas.services.taas.tap_mirror_plugin [None req-20130344-42b8-4d11-95e2-41ede633d660 e955f6efd8574528b779215b0150fb64 2e6b8bfa800b4b77b6e5c03c08f2bba2 - - default default] Tap Mirror: Handle Delete Port: 02c65eac-98e3-4139-b6b4-575dd779b971
2026-07-25 11:21:49.568 7 INFO neutron.db.ovn_revision_numbers_db [None req-180e6bbe-7612-45eb-b7e3-c8765452819e 4d249f6c2f2242d4917b762ba1d6d983 a94cd2e55f1a422c853df2cd759898eb - - default default] Successfully bumped revision number for resource b6f46dd7-2adb-46e6-968a-c42e2848fe24 (type: ports) to 1 [pid: 7|app: 0|req: 846/1528] 10.0.0.6 () {34 vars in 667 bytes} [Sat Jul 25 11:21:48 2026] POST /v2.0/networks => generated 651 bytes in 885 msecs (HTTP/1.1 201) 4 headers in 162 bytes (1 switches on core 0)
2026-07-25 11:21:49.882 7 WARNING neutron.scheduler.dhcp_agent_scheduler [None req-d74e6fdb-0db8-4a18-a2c2-dce70465f727 4d249f6c2f2242d4917b762ba1d6d983 a94cd2e55f1a422c853df2cd759898eb - - default default] No more DHCP agents
2026-07-25 11:21:49.883 7 WARNING neutron.api.rpc.agentnotifiers.dhcp_rpc_agent_api [None req-d74e6fdb-0db8-4a18-a2c2-dce70465f727 4d249f6c2f2242d4917b762ba1d6d983 a94cd2e55f1a422c853df2cd759898eb - - default default] Unable to schedule network 96be9c92-a973-4ec2-9c0e-a9fa899f8682: no agents available; will retry on subsequent port and subnet creation events.
2026-07-25 11:21:49.939 7 INFO neutron.plugins.ml2.drivers.ovn.mech_driver.mech_driver [None req-d1e7f7d4-c83b-4029-916b-a3cc0302ca6c - - - - - -] OVN reports status down for port: ed0c9fdf-2a50-41f3-afcf-662d63add434 [pid: 8|app: 0|req: 683/1529] 10.0.0.6 () {32 vars in 721 bytes} [Sat Jul 25 11:21:49 2026] DELETE /v2.0/routers/9f32ec14-7460-4d45-86e6-cff949578464 => generated 0 bytes in 804 msecs (HTTP/1.1 204) 2 headers in 112 bytes (1 switches on core 0)
2026-07-25 11:21:50.055 7 INFO neutron.db.ovn_revision_numbers_db [None req-d74e6fdb-0db8-4a18-a2c2-dce70465f727 4d249f6c2f2242d4917b762ba1d6d983 a94cd2e55f1a422c853df2cd759898eb - - default default] Successfully bumped revision number for resource ed0c9fdf-2a50-41f3-afcf-662d63add434 (type: ports) to 1 [pid: 7|app: 0|req: 847/1530] 10.0.0.6 () {34 vars in 661 bytes} [Sat Jul 25 11:21:49 2026] POST /v2.0/ports => generated 743 bytes in 476 msecs (HTTP/1.1 201) 4 headers in 162 bytes (1 switches on core 0) /var/lib/openstack/lib/python3.12/site-packages/pycadf/identifier.py:70: UserWarning: Invalid uuid: neutron. To ensure interoperability, identifiers should be a valid uuid. warnings.warn(('Invalid uuid: %s. To ensure interoperability, '
2026-07-25 11:21:50.258 8 INFO neutron.db.ovn_revision_numbers_db [None req-23c7c325-edab-464c-b8dd-12ea0982633d e955f6efd8574528b779215b0150fb64 2e6b8bfa800b4b77b6e5c03c08f2bba2 - - default default] Successfully bumped revision number for resource 9275c44f-3ab5-469e-b329-f84d5516e3f9 (type: security_groups) to 1 [pid: 7|app: 0|req: 848/1531] 10.0.0.6 () {32 vars in 721 bytes} [Sat Jul 25 11:21:50 2026] DELETE /v2.0/subnets/799aacc1-b1f5-4e05-a99e-24f00074f418 => generated 0 bytes in 153 msecs (HTTP/1.1 204) 3 headers in 131 bytes (1 switches on core 0)
2026-07-25 11:21:50.271 8 INFO neutron.db.ovn_revision_numbers_db [None req-23c7c325-edab-464c-b8dd-12ea0982633d e955f6efd8574528b779215b0150fb64 2e6b8bfa800b4b77b6e5c03c08f2bba2 - - default default] Successfully bumped revision number for resource 6c33ab69-0523-4e91-8862-28e76fcf3cf2 (type: security_group_rules) to 0
2026-07-25 11:21:50.285 8 INFO neutron.db.ovn_revision_numbers_db [None req-23c7c325-edab-464c-b8dd-12ea0982633d e955f6efd8574528b779215b0150fb64 2e6b8bfa800b4b77b6e5c03c08f2bba2 - - default default] Successfully bumped revision number for resource 76b29039-bc70-498c-b907-f5a6c34b76b3 (type: security_group_rules) to 0
2026-07-25 11:21:50.300 8 INFO neutron.db.ovn_revision_numbers_db [None req-23c7c325-edab-464c-b8dd-12ea0982633d e955f6efd8574528b779215b0150fb64 2e6b8bfa800b4b77b6e5c03c08f2bba2 - - default default] Successfully bumped revision number for resource 8fc67f8b-4edd-4048-85eb-5c097b119c10 (type: security_group_rules) to 0
2026-07-25 11:21:50.310 8 INFO neutron.db.ovn_revision_numbers_db [None req-23c7c325-edab-464c-b8dd-12ea0982633d e955f6efd8574528b779215b0150fb64 2e6b8bfa800b4b77b6e5c03c08f2bba2 - - default default] Successfully bumped revision number for resource db5d2c5a-32d6-424a-9296-ce4f58bb3684 (type: security_group_rules) to 0 [pid: 8|app: 0|req: 684/1532] 10.0.0.6 () {32 vars in 771 bytes} [Sat Jul 25 11:21:49 2026] GET /v2.0/security-groups?tenant_id=ba293a99c4fa46b8a717daad82e155b3&name=default => generated 2925 bytes in 353 msecs (HTTP/1.1 200) 4 headers in 158 bytes (1 switches on core 0)
2026-07-25 11:21:50.425 8 INFO neutron_taas.services.taas.taas_plugin [None req-40a4bf55-316a-410a-8572-9b0335e345a7 e955f6efd8574528b779215b0150fb64 2e6b8bfa800b4b77b6e5c03c08f2bba2 - - default default] TaaS: Handle Delete Port: 7168a680-663c-4761-9d9a-67bf3cd501ef
2026-07-25 11:21:50.427 8 INFO neutron_taas.services.taas.tap_mirror_plugin [None req-40a4bf55-316a-410a-8572-9b0335e345a7 e955f6efd8574528b779215b0150fb64 2e6b8bfa800b4b77b6e5c03c08f2bba2 - - default default] Tap Mirror: Handle Delete Port: 7168a680-663c-4761-9d9a-67bf3cd501ef [pid: 7|app: 0|req: 849/1533] 10.0.0.6 () {34 vars in 663 bytes} [Sat Jul 25 11:21:50 2026] POST /v2.0/trunks => generated 409 bytes in 209 msecs (HTTP/1.1 201) 4 headers in 162 bytes (1 switches on core 0)
2026-07-25 11:21:50.582 8 INFO neutron.services.segments.plugin [-] Segment 79ee00de-cedb-475a-8b87-c91874cc4aa7 resource provider aggregate not found
2026-07-25 11:21:50.588 8 INFO neutron.services.segments.plugin [-] Segment 79ee00de-cedb-475a-8b87-c91874cc4aa7 resource provider aggregate not found
2026-07-25 11:21:50.606 8 INFO neutron.services.segments.plugin [-] Segment 79ee00de-cedb-475a-8b87-c91874cc4aa7 resource provider not found; error: Placement Client Error (4xx): {"errors": [{"status": 404, "title": "Not Found", "detail": "The resource could not be found.\n\n No resource provider with uuid 79ee00de-cedb-475a-8b87-c91874cc4aa7 found for delete ", "request_id": "req-1da61d43-b9d0-420f-a5bc-1a29c39fdf37"}]}
2026-07-25 11:21:50.608 8 INFO neutron.services.segments.plugin [-] Segment 79ee00de-cedb-475a-8b87-c91874cc4aa7 resource provider not found; error: Placement Client Error (4xx): {"errors": [{"status": 404, "title": "Not Found", "detail": "The resource could not be found.\n\n No resource provider with uuid 79ee00de-cedb-475a-8b87-c91874cc4aa7 found for delete ", "request_id": "req-fc81e915-d65c-442a-a007-0fffb6cb0e2b"}]} [pid: 8|app: 0|req: 685/1534] 10.0.0.6 () {32 vars in 723 bytes} [Sat Jul 25 11:21:50 2026] DELETE /v2.0/networks/117b95be-a8a4-4c69-9450-d4638e226051 => generated 0 bytes in 289 msecs (HTTP/1.1 204) 3 headers in 131 bytes (1 switches on core 0) [pid: 7|app: 0|req: 850/1535] 10.0.0.6 () {32 vars in 737 bytes} [Sat Jul 25 11:21:50 2026] DELETE /v2.0/security-groups/9275c44f-3ab5-469e-b329-f84d5516e3f9 => generated 0 bytes in 217 msecs (HTTP/1.1 204) 2 headers in 112 bytes (1 switches on core 0)
2026-07-25 11:21:50.711 8 INFO neutron.db.segments_db [None req-47b1c995-24d3-484a-bd84-936bdd3f54af 4d249f6c2f2242d4917b762ba1d6d983 a94cd2e55f1a422c853df2cd759898eb - - default default] Added segment d2b5370d-8108-4e21-82f5-79b4bdd7febf of type geneve for network 5bb24b57-eb09-4fe3-ac6d-964a4858555e
2026-07-25 11:21:50.807 8 INFO neutron.db.ovn_revision_numbers_db [None req-47b1c995-24d3-484a-bd84-936bdd3f54af 4d249f6c2f2242d4917b762ba1d6d983 a94cd2e55f1a422c853df2cd759898eb - - default default] Successfully bumped revision number for resource 5bb24b57-eb09-4fe3-ac6d-964a4858555e (type: networks) to 1
2026-07-25 11:21:50.991 8 WARNING neutron.scheduler.dhcp_agent_scheduler [None req-47b1c995-24d3-484a-bd84-936bdd3f54af 4d249f6c2f2242d4917b762ba1d6d983 a94cd2e55f1a422c853df2cd759898eb - - default default] No more DHCP agents
2026-07-25 11:21:50.992 8 WARNING neutron.api.rpc.agentnotifiers.dhcp_rpc_agent_api [None req-47b1c995-24d3-484a-bd84-936bdd3f54af 4d249f6c2f2242d4917b762ba1d6d983 a94cd2e55f1a422c853df2cd759898eb - - default default] Unable to schedule network 5bb24b57-eb09-4fe3-ac6d-964a4858555e: no agents available; will retry on subsequent port and subnet creation events.
2026-07-25 11:21:51.041 8 INFO neutron.plugins.ml2.drivers.ovn.mech_driver.mech_driver [None req-e3f68e5a-2239-4d02-a563-8769658df09b - - - - - -] OVN reports status down for port: 2d817ad6-5e5f-4d1c-aa2c-2f25bf6d83b7
2026-07-25 11:21:51.053 7 INFO neutron.db.ovn_revision_numbers_db [None req-63831672-bd3b-4600-9fa0-88061c2b01bb fe8e843f93d746a389274e00af0d9740 18fedbe090804dbeaa09fbc78e324aba - - default default] Successfully bumped revision number for resource 972eb410-88cb-4371-ae4e-c51a36ff5cba (type: security_groups) to 1
2026-07-25 11:21:51.065 7 INFO neutron.db.ovn_revision_numbers_db [None req-63831672-bd3b-4600-9fa0-88061c2b01bb fe8e843f93d746a389274e00af0d9740 18fedbe090804dbeaa09fbc78e324aba - - default default] Successfully bumped revision number for resource 3990ce4d-cdd6-4432-9306-5728baba76c7 (type: security_group_rules) to 0
2026-07-25 11:21:51.076 7 INFO neutron.db.ovn_revision_numbers_db [None req-63831672-bd3b-4600-9fa0-88061c2b01bb fe8e843f93d746a389274e00af0d9740 18fedbe090804dbeaa09fbc78e324aba - - default default] Successfully bumped revision number for resource 4888b5ca-ccbd-40dd-9c3c-3dd4a5af2f6c (type: security_group_rules) to 0
2026-07-25 11:21:51.088 7 INFO neutron.db.ovn_revision_numbers_db [None req-63831672-bd3b-4600-9fa0-88061c2b01bb fe8e843f93d746a389274e00af0d9740 18fedbe090804dbeaa09fbc78e324aba - - default default] Successfully bumped revision number for resource 962956a2-38ef-4a4f-b6bc-0fa1323819e6 (type: security_group_rules) to 0
2026-07-25 11:21:51.099 8 INFO neutron.db.ovn_revision_numbers_db [None req-47b1c995-24d3-484a-bd84-936bdd3f54af 4d249f6c2f2242d4917b762ba1d6d983 a94cd2e55f1a422c853df2cd759898eb - - default default] Successfully bumped revision number for resource 2d817ad6-5e5f-4d1c-aa2c-2f25bf6d83b7 (type: ports) to 1
2026-07-25 11:21:51.101 7 INFO neutron.db.ovn_revision_numbers_db [None req-63831672-bd3b-4600-9fa0-88061c2b01bb fe8e843f93d746a389274e00af0d9740 18fedbe090804dbeaa09fbc78e324aba - - default default] Successfully bumped revision number for resource c72434a7-661a-4d48-b9b8-9f63f53638ab (type: security_group_rules) to 0 [pid: 8|app: 0|req: 686/1536] 10.0.0.6 () {34 vars in 667 bytes} [Sat Jul 25 11:21:50 2026] POST /v2.0/networks => generated 650 bytes in 517 msecs (HTTP/1.1 201) 4 headers in 162 bytes (1 switches on core 0)
2026-07-25 11:21:51.186 7 INFO neutron.db.segments_db [None req-63831672-bd3b-4600-9fa0-88061c2b01bb fe8e843f93d746a389274e00af0d9740 18fedbe090804dbeaa09fbc78e324aba - - default default] Added segment eae2bc96-5dad-4bb5-8560-e06a162ea24c of type geneve for network 9cd6be8a-d4fb-4373-82d2-f418c457bfd0
2026-07-25 11:21:51.258 8 INFO neutron.db.ovn_revision_numbers_db [None req-7d454919-b2c4-41b6-99ee-212a176af0e5 e955f6efd8574528b779215b0150fb64 2e6b8bfa800b4b77b6e5c03c08f2bba2 - - default default] Successfully bumped revision number for resource f581fae7-a03c-4cd8-afd5-1a0ebbe4bd4a (type: security_groups) to 1
2026-07-25 11:21:51.273 8 INFO neutron.db.ovn_revision_numbers_db [None req-7d454919-b2c4-41b6-99ee-212a176af0e5 e955f6efd8574528b779215b0150fb64 2e6b8bfa800b4b77b6e5c03c08f2bba2 - - default default] Successfully bumped revision number for resource 4e897436-fa7f-4d2e-84e3-0dcb9e430532 (type: security_group_rules) to 0
2026-07-25 11:21:51.283 8 INFO neutron.db.ovn_revision_numbers_db [None req-7d454919-b2c4-41b6-99ee-212a176af0e5 e955f6efd8574528b779215b0150fb64 2e6b8bfa800b4b77b6e5c03c08f2bba2 - - default default] Successfully bumped revision number for resource 4f7e68cd-82ce-4932-aea2-693eb9957df2 (type: security_group_rules) to 0
2026-07-25 11:21:51.293 8 INFO neutron.db.ovn_revision_numbers_db [None req-7d454919-b2c4-41b6-99ee-212a176af0e5 e955f6efd8574528b779215b0150fb64 2e6b8bfa800b4b77b6e5c03c08f2bba2 - - default default] Successfully bumped revision number for resource 6e818dcf-1e49-4a1d-9f37-684ecdbe6542 (type: security_group_rules) to 0
2026-07-25 11:21:51.295 7 INFO neutron.db.ovn_revision_numbers_db [None req-63831672-bd3b-4600-9fa0-88061c2b01bb fe8e843f93d746a389274e00af0d9740 18fedbe090804dbeaa09fbc78e324aba - - default default] Successfully bumped revision number for resource 9cd6be8a-d4fb-4373-82d2-f418c457bfd0 (type: networks) to 1
2026-07-25 11:21:51.305 8 INFO neutron.db.ovn_revision_numbers_db [None req-7d454919-b2c4-41b6-99ee-212a176af0e5 e955f6efd8574528b779215b0150fb64 2e6b8bfa800b4b77b6e5c03c08f2bba2 - - default default] Successfully bumped revision number for resource b25d7776-c2fb-4032-a268-5d1564567e07 (type: security_group_rules) to 0 [pid: 8|app: 0|req: 687/1537] 10.0.0.6 () {32 vars in 771 bytes} [Sat Jul 25 11:21:51 2026] GET /v2.0/security-groups?tenant_id=6edf61ba979f4734aca290aee8469323&name=default => generated 2925 bytes in 190 msecs (HTTP/1.1 200) 4 headers in 158 bytes (1 switches on core 0) [pid: 8|app: 0|req: 688/1538] 10.0.0.6 () {32 vars in 771 bytes} [Sat Jul 25 11:21:51 2026] GET /v2.0/security-groups?tenant_id=27867b189b69473e83ac893f496ae982&name=default => generated 2925 bytes in 26 msecs (HTTP/1.1 200) 4 headers in 158 bytes (1 switches on core 0)
2026-07-25 11:21:51.452 7 WARNING neutron.scheduler.dhcp_agent_scheduler [None req-63831672-bd3b-4600-9fa0-88061c2b01bb fe8e843f93d746a389274e00af0d9740 18fedbe090804dbeaa09fbc78e324aba - - default default] No more DHCP agents
2026-07-25 11:21:51.454 7 WARNING neutron.api.rpc.agentnotifiers.dhcp_rpc_agent_api [None req-63831672-bd3b-4600-9fa0-88061c2b01bb fe8e843f93d746a389274e00af0d9740 18fedbe090804dbeaa09fbc78e324aba - - default default] Unable to schedule network 9cd6be8a-d4fb-4373-82d2-f418c457bfd0: no agents available; will retry on subsequent port and subnet creation events.
2026-07-25 11:21:51.527 7 INFO neutron.db.ovn_revision_numbers_db [None req-63831672-bd3b-4600-9fa0-88061c2b01bb fe8e843f93d746a389274e00af0d9740 18fedbe090804dbeaa09fbc78e324aba - - default default] Successfully bumped revision number for resource b0310887-0a14-4bda-914d-f564b67590a2 (type: ports) to 1
2026-07-25 11:21:51.531 8 INFO neutron.plugins.ml2.drivers.ovn.mech_driver.mech_driver [None req-e3f68e5a-2239-4d02-a563-8769658df09b - - - - - -] OVN reports status down for port: b0310887-0a14-4bda-914d-f564b67590a2 [pid: 7|app: 0|req: 851/1539] 10.0.0.6 () {34 vars in 668 bytes} [Sat Jul 25 11:21:50 2026] POST /v2.0/networks => generated 652 bytes in 874 msecs (HTTP/1.1 201) 4 headers in 162 bytes (1 switches on core 0)
2026-07-25 11:21:51.645 8 WARNING neutron.scheduler.dhcp_agent_scheduler [None req-259ad07d-8f31-4c36-ac94-38840a6cab42 4d249f6c2f2242d4917b762ba1d6d983 a94cd2e55f1a422c853df2cd759898eb - - default default] No more DHCP agents
2026-07-25 11:21:51.647 8 WARNING neutron.api.rpc.agentnotifiers.dhcp_rpc_agent_api [None req-259ad07d-8f31-4c36-ac94-38840a6cab42 4d249f6c2f2242d4917b762ba1d6d983 a94cd2e55f1a422c853df2cd759898eb - - default default] Unable to schedule network 5bb24b57-eb09-4fe3-ac6d-964a4858555e: no agents available; will retry on subsequent port and subnet creation events.
2026-07-25 11:21:51.697 7 INFO neutron.plugins.ml2.drivers.ovn.mech_driver.mech_driver [None req-d1e7f7d4-c83b-4029-916b-a3cc0302ca6c - - - - - -] OVN reports status down for port: c9dac127-b72a-4515-9453-2f96459ce885
2026-07-25 11:21:51.727 8 INFO neutron.db.ovn_revision_numbers_db [None req-259ad07d-8f31-4c36-ac94-38840a6cab42 4d249f6c2f2242d4917b762ba1d6d983 a94cd2e55f1a422c853df2cd759898eb - - default default] Successfully bumped revision number for resource c9dac127-b72a-4515-9453-2f96459ce885 (type: ports) to 1 [pid: 8|app: 0|req: 689/1540] 10.0.0.6 () {34 vars in 661 bytes} [Sat Jul 25 11:21:51 2026] POST /v2.0/ports => generated 743 bytes in 417 msecs (HTTP/1.1 201) 4 headers in 162 bytes (1 switches on core 0) /var/lib/openstack/lib/python3.12/site-packages/pycadf/identifier.py:70: UserWarning: Invalid uuid: neutron. To ensure interoperability, identifiers should be a valid uuid. warnings.warn(('Invalid uuid: %s. To ensure interoperability, ' [pid: 7|app: 0|req: 852/1541] 10.0.0.6 () {32 vars in 737 bytes} [Sat Jul 25 11:21:51 2026] DELETE /v2.0/security-groups/f581fae7-a03c-4cd8-afd5-1a0ebbe4bd4a => generated 0 bytes in 265 msecs (HTTP/1.1 204) 2 headers in 112 bytes (1 switches on core 0) [pid: 8|app: 0|req: 690/1542] 10.0.0.6 () {32 vars in 737 bytes} [Sat Jul 25 11:21:51 2026] DELETE /v2.0/security-groups/c71fabcf-c368-45ea-bdb7-9c91a546d216 => generated 0 bytes in 256 msecs (HTTP/1.1 204) 2 headers in 112 bytes (1 switches on core 0)
2026-07-25 11:21:52.242 7 WARNING neutron.scheduler.dhcp_agent_scheduler [None req-140de97d-af2e-43c0-932a-c12150e1a21d fe8e843f93d746a389274e00af0d9740 18fedbe090804dbeaa09fbc78e324aba - - default default] No more DHCP agents
2026-07-25 11:21:52.243 7 WARNING neutron.api.rpc.agentnotifiers.dhcp_rpc_agent_api [None req-140de97d-af2e-43c0-932a-c12150e1a21d fe8e843f93d746a389274e00af0d9740 18fedbe090804dbeaa09fbc78e324aba - - default default] Unable to schedule network b72bbc40-5de0-4805-ac08-f8918603a734: no agents available; will retry on subsequent port and subnet creation events. [pid: 8|app: 0|req: 691/1543] 10.0.0.6 () {34 vars in 663 bytes} [Sat Jul 25 11:21:52 2026] POST /v2.0/trunks => generated 409 bytes in 205 msecs (HTTP/1.1 201) 4 headers in 162 bytes (1 switches on core 0)
2026-07-25 11:21:52.333 8 INFO neutron.db.segments_db [None req-70214022-e751-40ca-a2cf-094979f92bcd 4d249f6c2f2242d4917b762ba1d6d983 a94cd2e55f1a422c853df2cd759898eb - - default default] Added segment 549bc798-b7e3-4f79-8431-9c5209c8c95a of type geneve for network 65eae5b3-98cb-415e-b924-879925463ed9
2026-07-25 11:21:52.356 8 INFO neutron.plugins.ml2.drivers.ovn.mech_driver.mech_driver [None req-e3f68e5a-2239-4d02-a563-8769658df09b - - - - - -] OVN reports status down for port: 2a0e6ac9-0850-45fc-96e7-46f84f5c0ad0
2026-07-25 11:21:52.378 7 INFO neutron.db.ovn_revision_numbers_db [None req-140de97d-af2e-43c0-932a-c12150e1a21d fe8e843f93d746a389274e00af0d9740 18fedbe090804dbeaa09fbc78e324aba - - default default] Successfully bumped revision number for resource 2a0e6ac9-0850-45fc-96e7-46f84f5c0ad0 (type: ports) to 1
2026-07-25 11:21:52.507 8 INFO neutron.db.ovn_revision_numbers_db [None req-70214022-e751-40ca-a2cf-094979f92bcd 4d249f6c2f2242d4917b762ba1d6d983 a94cd2e55f1a422c853df2cd759898eb - - default default] Successfully bumped revision number for resource 65eae5b3-98cb-415e-b924-879925463ed9 (type: networks) to 1
2026-07-25 11:21:52.648 8 WARNING neutron.scheduler.dhcp_agent_scheduler [None req-70214022-e751-40ca-a2cf-094979f92bcd 4d249f6c2f2242d4917b762ba1d6d983 a94cd2e55f1a422c853df2cd759898eb - - default default] No more DHCP agents
2026-07-25 11:21:52.650 8 WARNING neutron.api.rpc.agentnotifiers.dhcp_rpc_agent_api [None req-70214022-e751-40ca-a2cf-094979f92bcd 4d249f6c2f2242d4917b762ba1d6d983 a94cd2e55f1a422c853df2cd759898eb - - default default] Unable to schedule network 65eae5b3-98cb-415e-b924-879925463ed9: no agents available; will retry on subsequent port and subnet creation events.
2026-07-25 11:21:52.678 8 INFO neutron.plugins.ml2.drivers.ovn.mech_driver.mech_driver [None req-e3f68e5a-2239-4d02-a563-8769658df09b - - - - - -] OVN reports status down for port: a44c7619-9e54-4553-96ad-be9216f45b89
2026-07-25 11:21:52.729 8 INFO neutron.db.ovn_revision_numbers_db [None req-70214022-e751-40ca-a2cf-094979f92bcd 4d249f6c2f2242d4917b762ba1d6d983 a94cd2e55f1a422c853df2cd759898eb - - default default] Successfully bumped revision number for resource a44c7619-9e54-4553-96ad-be9216f45b89 (type: ports) to 1 [pid: 8|app: 0|req: 692/1544] 10.0.0.6 () {34 vars in 667 bytes} [Sat Jul 25 11:21:52 2026] POST /v2.0/networks => generated 651 bytes in 544 msecs (HTTP/1.1 201) 4 headers in 162 bytes (1 switches on core 0)
2026-07-25 11:21:52.855 7 INFO neutron.plugins.ml2.drivers.ovn.mech_driver.ovsdb.commands [None req-12fbfca1-3a4b-4e15-94e0-147d0c23ee23 - - - - - -] Schedule LRP lrp-2a0e6ac9-0850-45fc-96e7-46f84f5c0ad0 on gateway c7bfa300-b068-4e25-b293-d177cd90ea01 with priority 1
2026-07-25 11:21:52.903 8 INFO neutron.plugins.ml2.drivers.ovn.mech_driver.mech_driver [None req-e3f68e5a-2239-4d02-a563-8769658df09b - - - - - -] OVN reports status up for port: 2a0e6ac9-0850-45fc-96e7-46f84f5c0ad0
2026-07-25 11:21:52.919 7 INFO neutron.db.ovn_revision_numbers_db [None req-140de97d-af2e-43c0-932a-c12150e1a21d fe8e843f93d746a389274e00af0d9740 18fedbe090804dbeaa09fbc78e324aba - - default default] Successfully bumped revision number for resource 2a0e6ac9-0850-45fc-96e7-46f84f5c0ad0 (type: router_ports) to 1
2026-07-25 11:21:52.972 8 INFO neutron.plugins.ml2.drivers.ovn.mech_driver.ovsdb.ovsdb_monitor [None req-069f00bf-9261-4d28-9f59-e938ab58bb2f - - - - - -] Router 422d5a25-1199-40c5-9c06-2bdc6c6a59c8 is bound to host instance
2026-07-25 11:21:52.974 7 INFO neutron.db.ovn_revision_numbers_db [None req-140de97d-af2e-43c0-932a-c12150e1a21d fe8e843f93d746a389274e00af0d9740 18fedbe090804dbeaa09fbc78e324aba - - default default] Successfully bumped revision number for resource 422d5a25-1199-40c5-9c06-2bdc6c6a59c8 (type: routers) to 2
2026-07-25 11:21:52.974 8 INFO neutron.plugins.ml2.plugin [None req-e3f68e5a-2239-4d02-a563-8769658df09b - - - - - -] Attempt 1 to provision port 2a0e6ac9-0850-45fc-96e7-46f84f5c0ad0 [pid: 7|app: 0|req: 853/1545] 10.0.0.6 () {34 vars in 666 bytes} [Sat Jul 25 11:21:51 2026] POST /v2.0/routers => generated 954 bytes in 1163 msecs (HTTP/1.1 201) 4 headers in 162 bytes (1 switches on core 0) [pid: 7|app: 0|req: 854/1546] 10.0.0.6 () {32 vars in 773 bytes} [Sat Jul 25 11:21:52 2026] GET /v2.0/subnets?project_id=18fedbe090804dbeaa09fbc78e324aba&cidr=10.100.0.0%2F28 => generated 14 bytes in 251 msecs (HTTP/1.1 200) 4 headers in 156 bytes (1 switches on core 0) [pid: 7|app: 0|req: 855/1547] 10.0.0.6 () {32 vars in 691 bytes} [Sat Jul 25 11:21:53 2026] GET /v2.0/networks?router%3Aexternal=True => generated 791 bytes in 48 msecs (HTTP/1.1 200) 4 headers in 157 bytes (1 switches on core 0)
2026-07-25 11:21:53.319 8 WARNING neutron.scheduler.dhcp_agent_scheduler [None req-ef3a4818-4d06-4b77-a766-50de168e59e1 4d249f6c2f2242d4917b762ba1d6d983 a94cd2e55f1a422c853df2cd759898eb - - default default] No more DHCP agents
2026-07-25 11:21:53.322 8 WARNING neutron.api.rpc.agentnotifiers.dhcp_rpc_agent_api [None req-ef3a4818-4d06-4b77-a766-50de168e59e1 4d249f6c2f2242d4917b762ba1d6d983 a94cd2e55f1a422c853df2cd759898eb - - default default] Unable to schedule network 65eae5b3-98cb-415e-b924-879925463ed9: no agents available; will retry on subsequent port and subnet creation events. [pid: 7|app: 0|req: 856/1548] 10.0.0.6 () {32 vars in 781 bytes} [Sat Jul 25 11:21:53 2026] GET /v2.0/subnets?network_id=b72bbc40-5de0-4805-ac08-f8918603a734&cidr=10.100.0.0%2F28 => generated 14 bytes in 21 msecs (HTTP/1.1 200) 4 headers in 156 bytes (1 switches on core 0)
2026-07-25 11:21:53.403 7 INFO neutron.plugins.ml2.drivers.ovn.mech_driver.mech_driver [None req-d1e7f7d4-c83b-4029-916b-a3cc0302ca6c - - - - - -] OVN reports status down for port: ccedf852-718f-4dcf-9160-71922a2e50e5
2026-07-25 11:21:53.489 8 INFO neutron.db.ovn_revision_numbers_db [None req-ef3a4818-4d06-4b77-a766-50de168e59e1 4d249f6c2f2242d4917b762ba1d6d983 a94cd2e55f1a422c853df2cd759898eb - - default default] Successfully bumped revision number for resource ccedf852-718f-4dcf-9160-71922a2e50e5 (type: ports) to 1 [pid: 8|app: 0|req: 693/1549] 10.0.0.6 () {34 vars in 661 bytes} [Sat Jul 25 11:21:52 2026] POST /v2.0/ports => generated 743 bytes in 778 msecs (HTTP/1.1 201) 4 headers in 162 bytes (1 switches on core 0) /var/lib/openstack/lib/python3.12/site-packages/pycadf/identifier.py:70: UserWarning: Invalid uuid: neutron. To ensure interoperability, identifiers should be a valid uuid. warnings.warn(('Invalid uuid: %s. To ensure interoperability, '
2026-07-25 11:21:53.594 7 WARNING neutron.scheduler.dhcp_agent_scheduler [None req-0cb8a292-a785-43ca-87ed-2b2aec52bcaa fe8e843f93d746a389274e00af0d9740 18fedbe090804dbeaa09fbc78e324aba - - default default] No more DHCP agents
2026-07-25 11:21:53.595 7 WARNING neutron.api.rpc.agentnotifiers.dhcp_rpc_agent_api [None req-0cb8a292-a785-43ca-87ed-2b2aec52bcaa fe8e843f93d746a389274e00af0d9740 18fedbe090804dbeaa09fbc78e324aba - - default default] Unable to schedule network 9cd6be8a-d4fb-4373-82d2-f418c457bfd0: no agents available; will retry on subsequent port and subnet creation events. [pid: 8|app: 0|req: 694/1550] 10.0.0.6 () {34 vars in 663 bytes} [Sat Jul 25 11:21:53 2026] POST /v2.0/trunks => generated 409 bytes in 322 msecs (HTTP/1.1 201) 4 headers in 162 bytes (1 switches on core 0)
2026-07-25 11:21:54.059 8 INFO neutron.db.segments_db [None req-b96c02f5-0371-4fe9-91ce-96e3f9080c16 4d249f6c2f2242d4917b762ba1d6d983 a94cd2e55f1a422c853df2cd759898eb - - default default] Added segment 9fd3620c-c5a4-4f51-9168-36d166ac3481 of type geneve for network 813a8b03-e4ca-4f2b-ab62-5a2fa227d0bc
2026-07-25 11:21:54.062 7 INFO neutron.db.ovn_revision_numbers_db [None req-b2f9b775-da38-4a99-b6a4-7870840263a3 - - - - - -] Successfully bumped revision number for resource b0310887-0a14-4bda-914d-f564b67590a2 (type: ports) to 2
2026-07-25 11:21:54.093 7 INFO neutron.db.ovn_revision_numbers_db [None req-b2f9b775-da38-4a99-b6a4-7870840263a3 - - - - - -] Successfully bumped revision number for resource eb0b437e-9b37-4256-b2ee-ad8d3d0793eb (type: subnets) to 0 [pid: 7|app: 0|req: 857/1551] 10.0.0.6 () {34 vars in 666 bytes} [Sat Jul 25 11:21:53 2026] POST /v2.0/subnets => generated 656 bytes in 770 msecs (HTTP/1.1 201) 4 headers in 162 bytes (1 switches on core 0)
2026-07-25 11:21:54.266 8 INFO neutron.db.ovn_revision_numbers_db [None req-b96c02f5-0371-4fe9-91ce-96e3f9080c16 4d249f6c2f2242d4917b762ba1d6d983 a94cd2e55f1a422c853df2cd759898eb - - default default] Successfully bumped revision number for resource 813a8b03-e4ca-4f2b-ab62-5a2fa227d0bc (type: networks) to 1
2026-07-25 11:21:54.579 8 INFO neutron.db.ovn_revision_numbers_db [None req-ecafc91d-162c-45f2-8df5-fb9448b3c757 - - - - - -] Successfully bumped revision number for resource 2a0e6ac9-0850-45fc-96e7-46f84f5c0ad0 (type: ports) to 4
2026-07-25 11:21:54.622 7 WARNING neutron.scheduler.dhcp_agent_scheduler [None req-08be61f9-811a-4d40-8ed1-15564c3e6430 fe8e843f93d746a389274e00af0d9740 18fedbe090804dbeaa09fbc78e324aba - - default default] No more DHCP agents
2026-07-25 11:21:54.624 7 WARNING neutron.api.rpc.agentnotifiers.dhcp_rpc_agent_api [None req-08be61f9-811a-4d40-8ed1-15564c3e6430 fe8e843f93d746a389274e00af0d9740 18fedbe090804dbeaa09fbc78e324aba - - default default] Unable to schedule network 9cd6be8a-d4fb-4373-82d2-f418c457bfd0: no agents available; will retry on subsequent port and subnet creation events.
2026-07-25 11:21:54.641 8 WARNING neutron.scheduler.dhcp_agent_scheduler [None req-b96c02f5-0371-4fe9-91ce-96e3f9080c16 4d249f6c2f2242d4917b762ba1d6d983 a94cd2e55f1a422c853df2cd759898eb - - default default] No more DHCP agents
2026-07-25 11:21:54.647 8 WARNING neutron.api.rpc.agentnotifiers.dhcp_rpc_agent_api [None req-b96c02f5-0371-4fe9-91ce-96e3f9080c16 4d249f6c2f2242d4917b762ba1d6d983 a94cd2e55f1a422c853df2cd759898eb - - default default] Unable to schedule network 813a8b03-e4ca-4f2b-ab62-5a2fa227d0bc: no agents available; will retry on subsequent port and subnet creation events.
2026-07-25 11:21:54.786 7 INFO neutron.db.ovn_revision_numbers_db [None req-08be61f9-811a-4d40-8ed1-15564c3e6430 fe8e843f93d746a389274e00af0d9740 18fedbe090804dbeaa09fbc78e324aba - - default default] Successfully bumped revision number for resource c4a13d74-6e72-418f-8256-021824d32de3 (type: ports) to 1
2026-07-25 11:21:54.832 8 INFO neutron.db.ovn_revision_numbers_db [None req-b96c02f5-0371-4fe9-91ce-96e3f9080c16 4d249f6c2f2242d4917b762ba1d6d983 a94cd2e55f1a422c853df2cd759898eb - - default default] Successfully bumped revision number for resource 6ab29924-e971-48ba-b64b-58600238f4ee (type: ports) to 1 [pid: 8|app: 0|req: 695/1552] 10.0.0.6 () {34 vars in 667 bytes} [Sat Jul 25 11:21:53 2026] POST /v2.0/networks => generated 651 bytes in 973 msecs (HTTP/1.1 201) 4 headers in 162 bytes (1 switches on core 0)
2026-07-25 11:21:55.105 8 INFO neutron.db.ovn_revision_numbers_db [None req-ecafc91d-162c-45f2-8df5-fb9448b3c757 - - - - - -] Successfully bumped revision number for resource 2a0e6ac9-0850-45fc-96e7-46f84f5c0ad0 (type: ports) to 5
2026-07-25 11:21:55.260 8 INFO neutron.db.ovn_revision_numbers_db [None req-308c2e0d-e837-4a21-8a6a-4f1570c0a130 e955f6efd8574528b779215b0150fb64 2e6b8bfa800b4b77b6e5c03c08f2bba2 - - default default] Successfully bumped revision number for resource 75c8b9be-2aec-48a0-9613-ab72bfffbe62 (type: security_groups) to 1
2026-07-25 11:21:55.276 8 INFO neutron.db.ovn_revision_numbers_db [None req-308c2e0d-e837-4a21-8a6a-4f1570c0a130 e955f6efd8574528b779215b0150fb64 2e6b8bfa800b4b77b6e5c03c08f2bba2 - - default default] Successfully bumped revision number for resource 52f1606e-ba13-43bb-b4dc-a4566f3f50a3 (type: security_group_rules) to 0
2026-07-25 11:21:55.284 8 INFO neutron.db.ovn_revision_numbers_db [None req-308c2e0d-e837-4a21-8a6a-4f1570c0a130 e955f6efd8574528b779215b0150fb64 2e6b8bfa800b4b77b6e5c03c08f2bba2 - - default default] Successfully bumped revision number for resource 64705f81-0d70-488f-a626-f34eefd7d49f (type: security_group_rules) to 0
2026-07-25 11:21:55.295 8 INFO neutron.db.ovn_revision_numbers_db [None req-308c2e0d-e837-4a21-8a6a-4f1570c0a130 e955f6efd8574528b779215b0150fb64 2e6b8bfa800b4b77b6e5c03c08f2bba2 - - default default] Successfully bumped revision number for resource de25c6f0-04f7-49c6-a1d7-71856c39ffd3 (type: security_group_rules) to 0
2026-07-25 11:21:55.306 8 INFO neutron.db.ovn_revision_numbers_db [None req-308c2e0d-e837-4a21-8a6a-4f1570c0a130 e955f6efd8574528b779215b0150fb64 2e6b8bfa800b4b77b6e5c03c08f2bba2 - - default default] Successfully bumped revision number for resource ef1ba23f-d53e-4b5c-8b66-d9fff2ab63dd (type: security_group_rules) to 0
2026-07-25 11:21:55.361 8 INFO neutron.plugins.ml2.drivers.ovn.mech_driver.mech_driver [None req-e3f68e5a-2239-4d02-a563-8769658df09b - - - - - -] OVN reports status down for port: c4a13d74-6e72-418f-8256-021824d32de3 [pid: 8|app: 0|req: 696/1553] 10.0.0.6 () {32 vars in 771 bytes} [Sat Jul 25 11:21:54 2026] GET /v2.0/security-groups?tenant_id=6317d922986849788a9d37d4ba75e007&name=default => generated 2925 bytes in 479 msecs (HTTP/1.1 200) 4 headers in 158 bytes (1 switches on core 0)
2026-07-25 11:21:55.453 8 WARNING neutron.plugins.ml2.drivers.ovn.mech_driver.ovsdb.ovn_client [None req-e3f68e5a-2239-4d02-a563-8769658df09b - - - - - -] Logical_Switch_Port %s host information not removed, the port state is up
2026-07-25 11:21:55.453 8 INFO neutron.plugins.ml2.drivers.ovn.mech_driver.mech_driver [None req-e3f68e5a-2239-4d02-a563-8769658df09b - - - - - -] OVN reports status down for port: 6ab29924-e971-48ba-b64b-58600238f4ee
2026-07-25 11:21:55.517 7 WARNING neutron.scheduler.dhcp_agent_scheduler [None req-08be61f9-811a-4d40-8ed1-15564c3e6430 fe8e843f93d746a389274e00af0d9740 18fedbe090804dbeaa09fbc78e324aba - - default default] No more DHCP agents
2026-07-25 11:21:55.518 7 WARNING neutron.api.rpc.agentnotifiers.dhcp_rpc_agent_api [None req-08be61f9-811a-4d40-8ed1-15564c3e6430 fe8e843f93d746a389274e00af0d9740 18fedbe090804dbeaa09fbc78e324aba - - default default] Unable to schedule network 9cd6be8a-d4fb-4373-82d2-f418c457bfd0: no agents available; will retry on subsequent port and subnet creation events.
2026-07-25 11:21:55.577 8 INFO neutron.plugins.ml2.drivers.ovn.mech_driver.mech_driver [None req-e3f68e5a-2239-4d02-a563-8769658df09b - - - - - -] OVN reports status up for port: c4a13d74-6e72-418f-8256-021824d32de3
2026-07-25 11:21:55.592 8 INFO neutron.plugins.ml2.plugin [None req-e3f68e5a-2239-4d02-a563-8769658df09b - - - - - -] Attempt 1 to provision port c4a13d74-6e72-418f-8256-021824d32de3
2026-07-25 11:21:55.641 8 INFO neutron.db.ovn_revision_numbers_db [None req-febe5b76-c154-47ea-8d49-8a770c39684f e955f6efd8574528b779215b0150fb64 2e6b8bfa800b4b77b6e5c03c08f2bba2 - - default default] Successfully bumped revision number for resource 405962b1-de72-4540-a7f8-126d95ba2d01 (type: security_groups) to 1
2026-07-25 11:21:55.659 8 INFO neutron.db.ovn_revision_numbers_db [None req-febe5b76-c154-47ea-8d49-8a770c39684f e955f6efd8574528b779215b0150fb64 2e6b8bfa800b4b77b6e5c03c08f2bba2 - - default default] Successfully bumped revision number for resource 150203fa-a9e3-4fe4-83d2-6d0cdc12acc6 (type: security_group_rules) to 0
2026-07-25 11:21:55.679 8 INFO neutron.db.ovn_revision_numbers_db [None req-febe5b76-c154-47ea-8d49-8a770c39684f e955f6efd8574528b779215b0150fb64 2e6b8bfa800b4b77b6e5c03c08f2bba2 - - default default] Successfully bumped revision number for resource 1840e9ee-f4e5-4a1e-8ec5-f7c4ce323ded (type: security_group_rules) to 0
2026-07-25 11:21:55.699 8 INFO neutron.db.ovn_revision_numbers_db [None req-febe5b76-c154-47ea-8d49-8a770c39684f e955f6efd8574528b779215b0150fb64 2e6b8bfa800b4b77b6e5c03c08f2bba2 - - default default] Successfully bumped revision number for resource 8c0b499a-1605-4534-b180-37cd9db5be78 (type: security_group_rules) to 0
2026-07-25 11:21:55.719 8 INFO neutron.db.ovn_revision_numbers_db [None req-febe5b76-c154-47ea-8d49-8a770c39684f e955f6efd8574528b779215b0150fb64 2e6b8bfa800b4b77b6e5c03c08f2bba2 - - default default] Successfully bumped revision number for resource bcb0e2d0-467f-4f89-a2d4-55c9e46eee7c (type: security_group_rules) to 0
2026-07-25 11:21:55.797 7 INFO neutron.db.ovn_revision_numbers_db [None req-08be61f9-811a-4d40-8ed1-15564c3e6430 fe8e843f93d746a389274e00af0d9740 18fedbe090804dbeaa09fbc78e324aba - - default default] Successfully bumped revision number for resource c4a13d74-6e72-418f-8256-021824d32de3 (type: router_ports) to 1 [pid: 7|app: 0|req: 858/1554] 10.0.0.6 () {34 vars in 780 bytes} [Sat Jul 25 11:21:54 2026] PUT /v2.0/routers/422d5a25-1199-40c5-9c06-2bdc6c6a59c8/add_router_interface => generated 309 bytes in 1690 msecs (HTTP/1.1 200) 4 headers in 157 bytes (1 switches on core 0) [pid: 8|app: 0|req: 697/1555] 10.0.0.6 () {32 vars in 771 bytes} [Sat Jul 25 11:21:55 2026] GET /v2.0/security-groups?tenant_id=130447956f824b4cb2ad01349472c3c5&name=default => generated 2925 bytes in 523 msecs (HTTP/1.1 200) 4 headers in 158 bytes (1 switches on core 0)
2026-07-25 11:21:56.044 7 WARNING neutron.scheduler.dhcp_agent_scheduler [None req-b07acf5b-9644-4023-a8d1-ae5613e18523 4d249f6c2f2242d4917b762ba1d6d983 a94cd2e55f1a422c853df2cd759898eb - - default default] No more DHCP agents
2026-07-25 11:21:56.045 7 WARNING neutron.api.rpc.agentnotifiers.dhcp_rpc_agent_api [None req-b07acf5b-9644-4023-a8d1-ae5613e18523 4d249f6c2f2242d4917b762ba1d6d983 a94cd2e55f1a422c853df2cd759898eb - - default default] Unable to schedule network 813a8b03-e4ca-4f2b-ab62-5a2fa227d0bc: no agents available; will retry on subsequent port and subnet creation events.
2026-07-25 11:21:56.128 7 INFO neutron.db.ovn_revision_numbers_db [None req-b07acf5b-9644-4023-a8d1-ae5613e18523 4d249f6c2f2242d4917b762ba1d6d983 a94cd2e55f1a422c853df2cd759898eb - - default default] Successfully bumped revision number for resource 2611b7ef-d9cd-4de2-aa0e-d6dbcda5f237 (type: ports) to 1 [pid: 7|app: 0|req: 859/1556] 10.0.0.6 () {34 vars in 661 bytes} [Sat Jul 25 11:21:55 2026] POST /v2.0/ports => generated 743 bytes in 370 msecs (HTTP/1.1 201) 4 headers in 162 bytes (1 switches on core 0) /var/lib/openstack/lib/python3.12/site-packages/pycadf/identifier.py:70: UserWarning: Invalid uuid: neutron. To ensure interoperability, identifiers should be a valid uuid. warnings.warn(('Invalid uuid: %s. To ensure interoperability, ' [pid: 7|app: 0|req: 860/1557] 10.0.0.6 () {32 vars in 646 bytes} [Sat Jul 25 11:21:56 2026] GET /v2.0/networks => generated 6049 bytes in 74 msecs (HTTP/1.1 200) 4 headers in 158 bytes (1 switches on core 0)
2026-07-25 11:21:56.320 8 INFO neutron.db.ovn_revision_numbers_db [None req-e3f68e5a-2239-4d02-a563-8769658df09b - - - - - -] Successfully bumped revision number for resource c4a13d74-6e72-418f-8256-021824d32de3 (type: ports) to 2 [pid: 8|app: 0|req: 698/1558] 10.0.0.6 () {32 vars in 737 bytes} [Sat Jul 25 11:21:55 2026] DELETE /v2.0/security-groups/75c8b9be-2aec-48a0-9613-ab72bfffbe62 => generated 0 bytes in 450 msecs (HTTP/1.1 204) 2 headers in 112 bytes (1 switches on core 0) [pid: 7|app: 0|req: 861/1559] 10.0.0.6 () {32 vars in 737 bytes} [Sat Jul 25 11:21:56 2026] DELETE /v2.0/security-groups/405962b1-de72-4540-a7f8-126d95ba2d01 => generated 0 bytes in 203 msecs (HTTP/1.1 204) 2 headers in 112 bytes (1 switches on core 0) [pid: 7|app: 0|req: 862/1560] 10.0.0.6 () {32 vars in 644 bytes} [Sat Jul 25 11:21:56 2026] GET /v2.0/subnets => generated 1972 bytes in 39 msecs (HTTP/1.1 200) 4 headers in 158 bytes (1 switches on core 0) [pid: 7|app: 0|req: 863/1561] 10.0.0.6 () {32 vars in 644 bytes} [Sat Jul 25 11:21:56 2026] GET /v2.0/routers => generated 975 bytes in 83 msecs (HTTP/1.1 200) 4 headers in 157 bytes (1 switches on core 0) [pid: 8|app: 0|req: 699/1562] 10.0.0.6 () {34 vars in 663 bytes} [Sat Jul 25 11:21:56 2026] POST /v2.0/trunks => generated 409 bytes in 255 msecs (HTTP/1.1 201) 4 headers in 162 bytes (1 switches on core 0)
2026-07-25 11:21:56.684 7 INFO neutron.db.segments_db [None req-662d892d-aa6d-4098-b7a9-ceaa312942a9 4d249f6c2f2242d4917b762ba1d6d983 a94cd2e55f1a422c853df2cd759898eb - - default default] Added segment e9032bb8-9b41-4f24-b7f0-4a435a14152b of type geneve for network 10455416-ef59-445c-97bc-1c62c7c92c39
2026-07-25 11:21:56.804 7 INFO neutron.db.ovn_revision_numbers_db [None req-662d892d-aa6d-4098-b7a9-ceaa312942a9 4d249f6c2f2242d4917b762ba1d6d983 a94cd2e55f1a422c853df2cd759898eb - - default default] Successfully bumped revision number for resource 10455416-ef59-445c-97bc-1c62c7c92c39 (type: networks) to 1
2026-07-25 11:21:56.809 8 INFO neutron.db.ovn_revision_numbers_db [None req-207a5c09-2bb4-4b4c-82ce-6f59c684aee3 fe8e843f93d746a389274e00af0d9740 18fedbe090804dbeaa09fbc78e324aba - - default default] Successfully bumped revision number for resource 74c945dc-d4ed-4a55-8927-ebfb71e1a0bc (type: security_groups) to 1
2026-07-25 11:21:56.822 8 INFO neutron.db.ovn_revision_numbers_db [None req-207a5c09-2bb4-4b4c-82ce-6f59c684aee3 fe8e843f93d746a389274e00af0d9740 18fedbe090804dbeaa09fbc78e324aba - - default default] Successfully bumped revision number for resource cc27c26e-2aa3-431f-be29-f7e386934519 (type: security_group_rules) to 0
2026-07-25 11:21:56.840 8 INFO neutron.db.ovn_revision_numbers_db [None req-207a5c09-2bb4-4b4c-82ce-6f59c684aee3 fe8e843f93d746a389274e00af0d9740 18fedbe090804dbeaa09fbc78e324aba - - default default] Successfully bumped revision number for resource ffd34636-2282-4d4a-9f9e-0f1233af8fe7 (type: security_group_rules) to 0 [pid: 8|app: 0|req: 700/1563] 10.0.0.6 () {34 vars in 682 bytes} [Sat Jul 25 11:21:56 2026] POST /v2.0/security-groups => generated 1675 bytes in 259 msecs (HTTP/1.1 201) 4 headers in 163 bytes (1 switches on core 0)
2026-07-25 11:21:56.997 7 WARNING neutron.scheduler.dhcp_agent_scheduler [None req-662d892d-aa6d-4098-b7a9-ceaa312942a9 4d249f6c2f2242d4917b762ba1d6d983 a94cd2e55f1a422c853df2cd759898eb - - default default] No more DHCP agents
2026-07-25 11:21:56.998 7 WARNING neutron.api.rpc.agentnotifiers.dhcp_rpc_agent_api [None req-662d892d-aa6d-4098-b7a9-ceaa312942a9 4d249f6c2f2242d4917b762ba1d6d983 a94cd2e55f1a422c853df2cd759898eb - - default default] Unable to schedule network 10455416-ef59-445c-97bc-1c62c7c92c39: no agents available; will retry on subsequent port and subnet creation events.
2026-07-25 11:21:57.043 7 INFO neutron.plugins.ml2.drivers.ovn.mech_driver.mech_driver [None req-d1e7f7d4-c83b-4029-916b-a3cc0302ca6c - - - - - -] OVN reports status down for port: b9ce2cfc-bc86-4243-adde-f9974a6fd32a
2026-07-25 11:21:57.075 8 INFO neutron.db.ovn_revision_numbers_db [None req-ac241b22-a705-4e7d-953a-41e4612ad2e5 fe8e843f93d746a389274e00af0d9740 18fedbe090804dbeaa09fbc78e324aba - - default default] Successfully bumped revision number for resource 8b1b0034-8485-4b91-ad97-cd7e4f9d0c56 (type: security_group_rules) to 0 [pid: 8|app: 0|req: 701/1564] 10.0.0.6 () {34 vars in 692 bytes} [Sat Jul 25 11:21:56 2026] POST /v2.0/security-group-rules => generated 597 bytes in 204 msecs (HTTP/1.1 201) 4 headers in 162 bytes (1 switches on core 0)
2026-07-25 11:21:57.111 7 INFO neutron.db.ovn_revision_numbers_db [None req-662d892d-aa6d-4098-b7a9-ceaa312942a9 4d249f6c2f2242d4917b762ba1d6d983 a94cd2e55f1a422c853df2cd759898eb - - default default] Successfully bumped revision number for resource b9ce2cfc-bc86-4243-adde-f9974a6fd32a (type: ports) to 1 [pid: 7|app: 0|req: 864/1565] 10.0.0.6 () {34 vars in 667 bytes} [Sat Jul 25 11:21:56 2026] POST /v2.0/networks => generated 651 bytes in 559 msecs (HTTP/1.1 201) 4 headers in 162 bytes (1 switches on core 0)
2026-07-25 11:21:57.257 8 INFO neutron.db.ovn_revision_numbers_db [None req-43d58487-454e-4a7a-9e99-5fd0670c6333 fe8e843f93d746a389274e00af0d9740 18fedbe090804dbeaa09fbc78e324aba - - default default] Successfully bumped revision number for resource 6f65c5eb-2c55-4aa3-9a63-76c34cfbe7ee (type: security_group_rules) to 0 [pid: 8|app: 0|req: 702/1566] 10.0.0.6 () {34 vars in 692 bytes} [Sat Jul 25 11:21:57 2026] POST /v2.0/security-group-rules => generated 596 bytes in 178 msecs (HTTP/1.1 201) 4 headers in 162 bytes (1 switches on core 0)
2026-07-25 11:21:57.406 7 WARNING neutron.scheduler.dhcp_agent_scheduler [None req-db3b469e-3bd7-48a3-9bda-2f484d463557 4d249f6c2f2242d4917b762ba1d6d983 a94cd2e55f1a422c853df2cd759898eb - - default default] No more DHCP agents
2026-07-25 11:21:57.410 7 WARNING neutron.api.rpc.agentnotifiers.dhcp_rpc_agent_api [None req-db3b469e-3bd7-48a3-9bda-2f484d463557 4d249f6c2f2242d4917b762ba1d6d983 a94cd2e55f1a422c853df2cd759898eb - - default default] Unable to schedule network 10455416-ef59-445c-97bc-1c62c7c92c39: no agents available; will retry on subsequent port and subnet creation events.
2026-07-25 11:21:57.445 8 INFO neutron.db.ovn_revision_numbers_db [None req-4b2741c0-6ff4-4974-a814-abfb4219b50e fe8e843f93d746a389274e00af0d9740 18fedbe090804dbeaa09fbc78e324aba - - default default] Successfully bumped revision number for resource f5873306-9ab8-495d-9058-67ef9ce83fd9 (type: security_group_rules) to 0 [pid: 8|app: 0|req: 703/1567] 10.0.0.6 () {34 vars in 692 bytes} [Sat Jul 25 11:21:57 2026] POST /v2.0/security-group-rules => generated 602 bytes in 214 msecs (HTTP/1.1 201) 4 headers in 162 bytes (1 switches on core 0)
2026-07-25 11:21:57.505 7 INFO neutron.db.ovn_revision_numbers_db [None req-db3b469e-3bd7-48a3-9bda-2f484d463557 4d249f6c2f2242d4917b762ba1d6d983 a94cd2e55f1a422c853df2cd759898eb - - default default] Successfully bumped revision number for resource bbd882d5-13f9-415d-a60d-153b6910b1ec (type: ports) to 1 [pid: 7|app: 0|req: 865/1568] 10.0.0.6 () {34 vars in 661 bytes} [Sat Jul 25 11:21:57 2026] POST /v2.0/ports => generated 743 bytes in 389 msecs (HTTP/1.1 201) 4 headers in 162 bytes (1 switches on core 0) /var/lib/openstack/lib/python3.12/site-packages/pycadf/identifier.py:70: UserWarning: Invalid uuid: neutron. To ensure interoperability, identifiers should be a valid uuid. warnings.warn(('Invalid uuid: %s. To ensure interoperability, '
2026-07-25 11:21:57.681 8 INFO neutron.db.ovn_revision_numbers_db [None req-05861a5c-07f5-4e44-83b5-b4fc57db52db fe8e843f93d746a389274e00af0d9740 18fedbe090804dbeaa09fbc78e324aba - - default default] Successfully bumped revision number for resource 86893883-82f3-4a75-92f1-88b4accf2112 (type: security_group_rules) to 0 [pid: 8|app: 0|req: 704/1569] 10.0.0.6 () {34 vars in 692 bytes} [Sat Jul 25 11:21:57 2026] POST /v2.0/security-group-rules => generated 601 bytes in 199 msecs (HTTP/1.1 201) 4 headers in 162 bytes (1 switches on core 0)
