2026-07-25 11:24:45.431 8 INFO neutron.db.ovn_revision_numbers_db [None req-67fa1fcc-070e-4f1a-a2c9-d3c8b8992b87 - - - - - -] Successfully bumped revision number for resource b62af7b7-664a-493d-9ff6-25593fa295d9 (type: subnets) to 0 [pid: 8|app: 0|req: 1311/2784] 10.0.0.6 () {34 vars in 666 bytes} [Sat Jul 25 11:24:44 2026] POST /v2.0/subnets => generated 647 bytes in 666 msecs (HTTP/1.1 201) 4 headers in 162 bytes (1 switches on core 0) [pid: 7|app: 0|req: 1474/2785] 10.0.0.6 () {34 vars in 678 bytes} [Sat Jul 25 11:24:45 2026] POST /v2.0/rbac-policies => generated 324 bytes in 219 msecs (HTTP/1.1 201) 4 headers in 162 bytes (1 switches on core 0) [pid: 8|app: 0|req: 1312/2786] 10.0.0.68 () {28 vars in 581 bytes} [Sat Jul 25 11:24:45 2026] GET /v2.0/routers => generated 15 bytes in 70 msecs (HTTP/1.1 200) 4 headers in 156 bytes (1 switches on core 0) [pid: 7|app: 0|req: 1475/2787] 10.0.0.68 () {28 vars in 622 bytes} [Sat Jul 25 11:24:45 2026] GET /v2.0/agents?binary=ovn-controller => generated 416 bytes in 17 msecs (HTTP/1.1 200) 4 headers in 157 bytes (1 switches on core 0) [pid: 8|app: 0|req: 1313/2788] 10.0.0.68 () {28 vars in 579 bytes} [Sat Jul 25 11:24:45 2026] GET /v2.0/agents => generated 1214 bytes in 22 msecs (HTTP/1.1 200) 4 headers in 158 bytes (1 switches on core 0) [pid: 7|app: 0|req: 1476/2789] 10.0.0.68 () {28 vars in 617 bytes} [Sat Jul 25 11:24:45 2026] GET /v2.0/network-ip-availabilities => generated 1518 bytes in 20 msecs (HTTP/1.1 200) 4 headers in 158 bytes (1 switches on core 0) [pid: 8|app: 0|req: 1314/2790] 10.0.0.68 () {28 vars in 577 bytes} [Sat Jul 25 11:24:45 2026] GET /v2.0/ports => generated 6230 bytes in 58 msecs (HTTP/1.1 200) 4 headers in 158 bytes (1 switches on core 0) [pid: 7|app: 0|req: 1477/2791] 10.0.0.68 () {28 vars in 597 bytes} [Sat Jul 25 11:24:45 2026] GET /v2.0/security-groups => generated 20309 bytes in 39 msecs (HTTP/1.1 200) 4 headers in 159 bytes (1 switches on core 0) [pid: 7|app: 0|req: 1478/2792] 10.0.0.68 () {28 vars in 581 bytes} [Sat Jul 25 11:24:46 2026] GET /v2.0/subnets => generated 1945 bytes in 37 msecs (HTTP/1.1 200) 4 headers in 158 bytes (1 switches on core 0) [pid: 7|app: 0|req: 1479/2793] 10.0.0.68 () {28 vars in 589 bytes} [Sat Jul 25 11:24:46 2026] GET /v2.0/subnetpools => generated 19 bytes in 8 msecs (HTTP/1.1 200) 4 headers in 156 bytes (1 switches on core 0) [pid: 8|app: 0|req: 1315/2794] 10.0.0.6 () {32 vars in 720 bytes} [Sat Jul 25 11:24:46 2026] GET /v2.0/networks/a3d7561b-5e2d-4d03-828c-e424a368977a => generated 692 bytes in 78 msecs (HTTP/1.1 200) 4 headers in 157 bytes (1 switches on core 0) [pid: 7|app: 0|req: 1480/2795] 10.0.0.68 () {28 vars in 581 bytes} [Sat Jul 25 11:24:46 2026] GET /v2.0/subnets => generated 1945 bytes in 32 msecs (HTTP/1.1 200) 4 headers in 158 bytes (1 switches on core 0) [pid: 8|app: 0|req: 1316/2796] 10.0.0.68 () {28 vars in 583 bytes} [Sat Jul 25 11:24:46 2026] GET /v2.0/networks => generated 3069 bytes in 59 msecs (HTTP/1.1 200) 4 headers in 158 bytes (1 switches on core 0) [pid: 7|app: 0|req: 1481/2797] 10.0.0.68 () {28 vars in 589 bytes} [Sat Jul 25 11:24:46 2026] GET /v2.0/floatingips => generated 19 bytes in 17 msecs (HTTP/1.1 200) 4 headers in 156 bytes (1 switches on core 0)
2026-07-25 11:24:46.527 8 INFO neutron.pecan_wsgi.hooks.translation [None req-2168b535-ccf5-4dc3-bc8a-936a0952ef03 767f8749166f497cabaeb0e73b31a41b 01cc3cbdf52845ff84870a6243e1ed77 - - default default] GET failed (client error): The resource could not be found. [pid: 8|app: 0|req: 1317/2798] 10.0.0.6 () {32 vars in 720 bytes} [Sat Jul 25 11:24:46 2026] GET /v2.0/networks/a3d7561b-5e2d-4d03-828c-e424a368977a => generated 138 bytes in 66 msecs (HTTP/1.1 404) 4 headers in 164 bytes (1 switches on core 0)
2026-07-25 11:24:46.696 7 INFO neutron_taas.services.taas.taas_plugin [None req-09cb0e5c-7bf9-486d-bc67-c7e9f57d3e45 5ed91d46a2f14fbf9ed69b253f63c151 910ae71f60f54878a881bbc03b15f31e - - default default] TaaS: Handle Delete Port: ec444667-d381-4502-aa54-610e194b1bbd
2026-07-25 11:24:46.699 7 INFO neutron_taas.services.taas.tap_mirror_plugin [None req-09cb0e5c-7bf9-486d-bc67-c7e9f57d3e45 5ed91d46a2f14fbf9ed69b253f63c151 910ae71f60f54878a881bbc03b15f31e - - default default] Tap Mirror: Handle Delete Port: ec444667-d381-4502-aa54-610e194b1bbd
2026-07-25 11:24:47.020 7 INFO neutron.services.segments.plugin [-] Segment 57386fbe-5671-4588-a517-36b8c67059b4 resource provider aggregate not found
2026-07-25 11:24:47.030 7 INFO neutron.services.segments.plugin [-] Segment 57386fbe-5671-4588-a517-36b8c67059b4 resource provider aggregate not found
2026-07-25 11:24:47.043 7 INFO neutron.services.segments.plugin [-] Segment 57386fbe-5671-4588-a517-36b8c67059b4 resource provider not found; error: Placement Client Error (4xx): {"errors": [{"status": 404, "title": "Not Found", "detail": "The resource could not be found.\n\n No resource provider with uuid 57386fbe-5671-4588-a517-36b8c67059b4 found for delete ", "request_id": "req-3115a879-cba9-4942-bc49-a19d1893ddd5"}]}
2026-07-25 11:24:47.047 7 INFO neutron.services.segments.plugin [-] Segment 57386fbe-5671-4588-a517-36b8c67059b4 resource provider not found; error: Placement Client Error (4xx): {"errors": [{"status": 404, "title": "Not Found", "detail": "The resource could not be found.\n\n No resource provider with uuid 57386fbe-5671-4588-a517-36b8c67059b4 found for delete ", "request_id": "req-e0d4933e-14c8-4540-bc32-198cc5ad692e"}]} [pid: 7|app: 0|req: 1482/2799] 10.0.0.6 () {32 vars in 723 bytes} [Sat Jul 25 11:24:46 2026] DELETE /v2.0/networks/a3d7561b-5e2d-4d03-828c-e424a368977a => generated 0 bytes in 529 msecs (HTTP/1.1 204) 3 headers in 131 bytes (1 switches on core 0)
2026-07-25 11:24:47.089 8 INFO neutron.pecan_wsgi.hooks.translation [None req-73a8528c-b857-43e3-bdd2-086d6aeaf3bd 5ed91d46a2f14fbf9ed69b253f63c151 910ae71f60f54878a881bbc03b15f31e - - default default] DELETE failed (client error): The resource could not be found. [pid: 8|app: 0|req: 1318/2800] 10.0.0.6 () {32 vars in 721 bytes} [Sat Jul 25 11:24:47 2026] DELETE /v2.0/subnets/c0c3368e-b895-48b4-b4b8-3337c74d6ae9 => generated 136 bytes in 13 msecs (HTTP/1.1 404) 4 headers in 164 bytes (1 switches on core 0)
2026-07-25 11:24:47.119 7 INFO neutron.pecan_wsgi.hooks.translation [None req-9e1419dd-43d1-4e2e-b321-0d8f9b3e8b1e 5ed91d46a2f14fbf9ed69b253f63c151 910ae71f60f54878a881bbc03b15f31e - - default default] DELETE failed (client error): The resource could not be found. [pid: 7|app: 0|req: 1483/2801] 10.0.0.6 () {32 vars in 721 bytes} [Sat Jul 25 11:24:47 2026] DELETE /v2.0/subnets/995de140-c915-4328-9299-a68cb3ee7096 => generated 136 bytes in 18 msecs (HTTP/1.1 404) 4 headers in 164 bytes (1 switches on core 0)
2026-07-25 11:24:47.138 8 INFO neutron.pecan_wsgi.hooks.translation [None req-0022e653-29fc-4380-b8bd-7eddc9e6082d 5ed91d46a2f14fbf9ed69b253f63c151 910ae71f60f54878a881bbc03b15f31e - - default default] DELETE failed (client error): The resource could not be found. [pid: 8|app: 0|req: 1319/2802] 10.0.0.6 () {32 vars in 721 bytes} [Sat Jul 25 11:24:47 2026] DELETE /v2.0/subnets/b62af7b7-664a-493d-9ff6-25593fa295d9 => generated 136 bytes in 15 msecs (HTTP/1.1 404) 4 headers in 164 bytes (1 switches on core 0)
2026-07-25 11:24:48.144 7 INFO neutron.db.ovn_revision_numbers_db [None req-caac8dd7-ca76-408c-98e7-f3fd261041f0 e955f6efd8574528b779215b0150fb64 2e6b8bfa800b4b77b6e5c03c08f2bba2 - - default default] Successfully bumped revision number for resource 57d18e96-b514-4d72-b1ff-cb6e024ae195 (type: security_groups) to 1
2026-07-25 11:24:48.156 7 INFO neutron.db.ovn_revision_numbers_db [None req-caac8dd7-ca76-408c-98e7-f3fd261041f0 e955f6efd8574528b779215b0150fb64 2e6b8bfa800b4b77b6e5c03c08f2bba2 - - default default] Successfully bumped revision number for resource 09c87a21-e105-4086-8cd0-2565025ec91b (type: security_group_rules) to 0
2026-07-25 11:24:48.167 7 INFO neutron.db.ovn_revision_numbers_db [None req-caac8dd7-ca76-408c-98e7-f3fd261041f0 e955f6efd8574528b779215b0150fb64 2e6b8bfa800b4b77b6e5c03c08f2bba2 - - default default] Successfully bumped revision number for resource 2577cb12-b62b-4afe-a018-b3586334316d (type: security_group_rules) to 0
2026-07-25 11:24:48.177 7 INFO neutron.db.ovn_revision_numbers_db [None req-caac8dd7-ca76-408c-98e7-f3fd261041f0 e955f6efd8574528b779215b0150fb64 2e6b8bfa800b4b77b6e5c03c08f2bba2 - - default default] Successfully bumped revision number for resource 6636c79c-fb43-4378-8378-f477b7d77635 (type: security_group_rules) to 0
2026-07-25 11:24:48.187 7 INFO neutron.db.ovn_revision_numbers_db [None req-caac8dd7-ca76-408c-98e7-f3fd261041f0 e955f6efd8574528b779215b0150fb64 2e6b8bfa800b4b77b6e5c03c08f2bba2 - - default default] Successfully bumped revision number for resource a2370af7-3b80-474e-aa24-a5df1669e4b5 (type: security_group_rules) to 0 [pid: 7|app: 0|req: 1484/2803] 10.0.0.6 () {32 vars in 771 bytes} [Sat Jul 25 11:24:47 2026] GET /v2.0/security-groups?tenant_id=01cc3cbdf52845ff84870a6243e1ed77&name=default => generated 2929 bytes in 379 msecs (HTTP/1.1 200) 4 headers in 158 bytes (1 switches on core 0) [pid: 8|app: 0|req: 1320/2804] 10.0.0.6 () {32 vars in 737 bytes} [Sat Jul 25 11:24:48 2026] DELETE /v2.0/security-groups/57d18e96-b514-4d72-b1ff-cb6e024ae195 => generated 0 bytes in 192 msecs (HTTP/1.1 204) 2 headers in 112 bytes (1 switches on core 0)
2026-07-25 11:24:48.597 7 INFO neutron.db.ovn_revision_numbers_db [None req-fa404f9d-9afd-441a-9713-e96749014a0e e955f6efd8574528b779215b0150fb64 2e6b8bfa800b4b77b6e5c03c08f2bba2 - - default default] Successfully bumped revision number for resource c2b2c26f-0761-4749-b21d-8a21c057ff1a (type: security_groups) to 1
2026-07-25 11:24:48.609 7 INFO neutron.db.ovn_revision_numbers_db [None req-fa404f9d-9afd-441a-9713-e96749014a0e e955f6efd8574528b779215b0150fb64 2e6b8bfa800b4b77b6e5c03c08f2bba2 - - default default] Successfully bumped revision number for resource 5cb19265-02bc-421c-8b55-e3a9ae84b595 (type: security_group_rules) to 0
2026-07-25 11:24:48.619 7 INFO neutron.db.ovn_revision_numbers_db [None req-fa404f9d-9afd-441a-9713-e96749014a0e e955f6efd8574528b779215b0150fb64 2e6b8bfa800b4b77b6e5c03c08f2bba2 - - default default] Successfully bumped revision number for resource aabb10e7-5061-4611-ae07-c298f12b74b2 (type: security_group_rules) to 0
2026-07-25 11:24:48.629 7 INFO neutron.db.ovn_revision_numbers_db [None req-fa404f9d-9afd-441a-9713-e96749014a0e e955f6efd8574528b779215b0150fb64 2e6b8bfa800b4b77b6e5c03c08f2bba2 - - default default] Successfully bumped revision number for resource e90bcd09-c3aa-4b95-b978-948722a20e86 (type: security_group_rules) to 0
2026-07-25 11:24:48.638 7 INFO neutron.db.ovn_revision_numbers_db [None req-fa404f9d-9afd-441a-9713-e96749014a0e e955f6efd8574528b779215b0150fb64 2e6b8bfa800b4b77b6e5c03c08f2bba2 - - default default] Successfully bumped revision number for resource fa6096e3-ddd7-4e7b-81b7-b4b3eada305b (type: security_group_rules) to 0 [pid: 7|app: 0|req: 1485/2805] 10.0.0.6 () {32 vars in 771 bytes} [Sat Jul 25 11:24:48 2026] GET /v2.0/security-groups?tenant_id=0fcc3d823da54ee3bf0831aa86f04a2f&name=default => generated 2929 bytes in 172 msecs (HTTP/1.1 200) 4 headers in 158 bytes (1 switches on core 0) [pid: 8|app: 0|req: 1321/2806] 10.0.0.6 () {32 vars in 737 bytes} [Sat Jul 25 11:24:48 2026] DELETE /v2.0/security-groups/c2b2c26f-0761-4749-b21d-8a21c057ff1a => generated 0 bytes in 206 msecs (HTTP/1.1 204) 2 headers in 112 bytes (1 switches on core 0) [pid: 7|app: 0|req: 1486/2807] 10.0.0.6 () {32 vars in 771 bytes} [Sat Jul 25 11:24:49 2026] GET /v2.0/security-groups?tenant_id=910ae71f60f54878a881bbc03b15f31e&name=default => generated 2929 bytes in 25 msecs (HTTP/1.1 200) 4 headers in 158 bytes (1 switches on core 0) [pid: 8|app: 0|req: 1322/2808] 10.0.0.6 () {32 vars in 737 bytes} [Sat Jul 25 11:24:49 2026] DELETE /v2.0/security-groups/6ee1373c-32e1-4818-9024-c8bbb49573a3 => generated 0 bytes in 210 msecs (HTTP/1.1 204) 2 headers in 112 bytes (1 switches on core 0)
2026-07-25 11:24:53.543 7 INFO neutron.db.ovn_revision_numbers_db [None req-ebcf8221-6da1-478f-9db8-00dc73f3908c 4e405ec1d8904c819d2a4fe20368b625 950ea8fe2c4947c1bd3788d6addb23ef - - default default] Successfully bumped revision number for resource 4724a5ba-9e29-4a7c-9bf6-8f303f969e69 (type: security_groups) to 1
2026-07-25 11:24:53.555 7 INFO neutron.db.ovn_revision_numbers_db [None req-ebcf8221-6da1-478f-9db8-00dc73f3908c 4e405ec1d8904c819d2a4fe20368b625 950ea8fe2c4947c1bd3788d6addb23ef - - default default] Successfully bumped revision number for resource 22a1848d-196c-47b0-8c97-9cb525003740 (type: security_group_rules) to 0
2026-07-25 11:24:53.567 7 INFO neutron.db.ovn_revision_numbers_db [None req-ebcf8221-6da1-478f-9db8-00dc73f3908c 4e405ec1d8904c819d2a4fe20368b625 950ea8fe2c4947c1bd3788d6addb23ef - - default default] Successfully bumped revision number for resource 955855c3-61e0-4f05-9532-b751fbf8dfc6 (type: security_group_rules) to 0
2026-07-25 11:24:53.578 7 INFO neutron.db.ovn_revision_numbers_db [None req-ebcf8221-6da1-478f-9db8-00dc73f3908c 4e405ec1d8904c819d2a4fe20368b625 950ea8fe2c4947c1bd3788d6addb23ef - - default default] Successfully bumped revision number for resource c5631085-c5ff-4a6e-898f-0ab5898f5999 (type: security_group_rules) to 0
2026-07-25 11:24:53.591 7 INFO neutron.db.ovn_revision_numbers_db [None req-ebcf8221-6da1-478f-9db8-00dc73f3908c 4e405ec1d8904c819d2a4fe20368b625 950ea8fe2c4947c1bd3788d6addb23ef - - default default] Successfully bumped revision number for resource c9ed7f5c-5835-4c34-acc2-36d14f67ade0 (type: security_group_rules) to 0
2026-07-25 11:24:53.667 7 INFO neutron.db.segments_db [None req-ebcf8221-6da1-478f-9db8-00dc73f3908c 4e405ec1d8904c819d2a4fe20368b625 950ea8fe2c4947c1bd3788d6addb23ef - - default default] Added segment 9178f3b1-5b67-44f0-a45a-afa92e68a923 of type geneve for network fb82f46e-b676-4037-a00e-0b8e643544d1
2026-07-25 11:24:53.773 7 INFO neutron.db.ovn_revision_numbers_db [None req-ebcf8221-6da1-478f-9db8-00dc73f3908c 4e405ec1d8904c819d2a4fe20368b625 950ea8fe2c4947c1bd3788d6addb23ef - - default default] Successfully bumped revision number for resource fb82f46e-b676-4037-a00e-0b8e643544d1 (type: networks) to 1
2026-07-25 11:24:53.988 7 WARNING neutron.scheduler.dhcp_agent_scheduler [None req-ebcf8221-6da1-478f-9db8-00dc73f3908c 4e405ec1d8904c819d2a4fe20368b625 950ea8fe2c4947c1bd3788d6addb23ef - - default default] No more DHCP agents
2026-07-25 11:24:53.989 7 WARNING neutron.api.rpc.agentnotifiers.dhcp_rpc_agent_api [None req-ebcf8221-6da1-478f-9db8-00dc73f3908c 4e405ec1d8904c819d2a4fe20368b625 950ea8fe2c4947c1bd3788d6addb23ef - - default default] Unable to schedule network fb82f46e-b676-4037-a00e-0b8e643544d1: no agents available; will retry on subsequent port and subnet creation events.
2026-07-25 11:24:54.028 8 INFO neutron.plugins.ml2.drivers.ovn.mech_driver.mech_driver [None req-290a2524-a65f-41ec-a4dd-976f39a6bc36 - - - - - -] OVN reports status down for port: 009e2d34-1e13-4485-89ee-f2eae1cde72f
2026-07-25 11:24:54.059 7 INFO neutron.db.ovn_revision_numbers_db [None req-ebcf8221-6da1-478f-9db8-00dc73f3908c 4e405ec1d8904c819d2a4fe20368b625 950ea8fe2c4947c1bd3788d6addb23ef - - default default] Successfully bumped revision number for resource 009e2d34-1e13-4485-89ee-f2eae1cde72f (type: ports) to 1 [pid: 7|app: 0|req: 1487/2809] 10.0.0.6 () {34 vars in 667 bytes} [Sat Jul 25 11:24:53 2026] POST /v2.0/networks => generated 650 bytes in 816 msecs (HTTP/1.1 201) 4 headers in 162 bytes (1 switches on core 0)
2026-07-25 11:24:54.170 8 INFO neutron.db.segments_db [None req-740e16ae-4f1b-498d-bcea-8b605fc3b4ab 4e405ec1d8904c819d2a4fe20368b625 950ea8fe2c4947c1bd3788d6addb23ef - - default default] Added segment b2ec56c6-60eb-4c47-8c89-2ac4f874fdfa of type geneve for network 4670d59f-5a0b-49c6-9104-3a7e81d0becd
2026-07-25 11:24:54.270 8 INFO neutron.db.ovn_revision_numbers_db [None req-740e16ae-4f1b-498d-bcea-8b605fc3b4ab 4e405ec1d8904c819d2a4fe20368b625 950ea8fe2c4947c1bd3788d6addb23ef - - default default] Successfully bumped revision number for resource 4670d59f-5a0b-49c6-9104-3a7e81d0becd (type: networks) to 1
2026-07-25 11:24:54.433 8 WARNING neutron.scheduler.dhcp_agent_scheduler [None req-740e16ae-4f1b-498d-bcea-8b605fc3b4ab 4e405ec1d8904c819d2a4fe20368b625 950ea8fe2c4947c1bd3788d6addb23ef - - default default] No more DHCP agents
2026-07-25 11:24:54.435 8 WARNING neutron.api.rpc.agentnotifiers.dhcp_rpc_agent_api [None req-740e16ae-4f1b-498d-bcea-8b605fc3b4ab 4e405ec1d8904c819d2a4fe20368b625 950ea8fe2c4947c1bd3788d6addb23ef - - default default] Unable to schedule network 4670d59f-5a0b-49c6-9104-3a7e81d0becd: no agents available; will retry on subsequent port and subnet creation events.
2026-07-25 11:24:54.478 8 INFO neutron.plugins.ml2.drivers.ovn.mech_driver.mech_driver [None req-290a2524-a65f-41ec-a4dd-976f39a6bc36 - - - - - -] OVN reports status down for port: 348beefe-385e-47ed-81fd-fd00e5c9f5c1
2026-07-25 11:24:54.548 8 INFO neutron.db.ovn_revision_numbers_db [None req-740e16ae-4f1b-498d-bcea-8b605fc3b4ab 4e405ec1d8904c819d2a4fe20368b625 950ea8fe2c4947c1bd3788d6addb23ef - - default default] Successfully bumped revision number for resource 348beefe-385e-47ed-81fd-fd00e5c9f5c1 (type: ports) to 1 [pid: 8|app: 0|req: 1323/2810] 10.0.0.6 () {34 vars in 667 bytes} [Sat Jul 25 11:24:54 2026] POST /v2.0/networks => generated 651 bytes in 519 msecs (HTTP/1.1 201) 4 headers in 162 bytes (1 switches on core 0)
2026-07-25 11:24:54.699 7 INFO neutron.db.segments_db [None req-2c81827c-625c-4987-b835-a09d0087d68a 4e405ec1d8904c819d2a4fe20368b625 950ea8fe2c4947c1bd3788d6addb23ef - - default default] Added segment c088cac3-2c01-454b-a263-9009265eae96 of type geneve for network 228d5bdf-87c7-498f-8ae4-aaa22d49dd89
2026-07-25 11:24:54.796 7 INFO neutron.db.ovn_revision_numbers_db [None req-2c81827c-625c-4987-b835-a09d0087d68a 4e405ec1d8904c819d2a4fe20368b625 950ea8fe2c4947c1bd3788d6addb23ef - - default default] Successfully bumped revision number for resource 228d5bdf-87c7-498f-8ae4-aaa22d49dd89 (type: networks) to 1
2026-07-25 11:24:54.973 7 WARNING neutron.scheduler.dhcp_agent_scheduler [None req-2c81827c-625c-4987-b835-a09d0087d68a 4e405ec1d8904c819d2a4fe20368b625 950ea8fe2c4947c1bd3788d6addb23ef - - default default] No more DHCP agents
2026-07-25 11:24:54.975 7 WARNING neutron.api.rpc.agentnotifiers.dhcp_rpc_agent_api [None req-2c81827c-625c-4987-b835-a09d0087d68a 4e405ec1d8904c819d2a4fe20368b625 950ea8fe2c4947c1bd3788d6addb23ef - - default default] Unable to schedule network 228d5bdf-87c7-498f-8ae4-aaa22d49dd89: no agents available; will retry on subsequent port and subnet creation events.
2026-07-25 11:24:55.012 7 INFO neutron.plugins.ml2.drivers.ovn.mech_driver.mech_driver [None req-cdd89147-e1a9-4306-baf4-2cfa976baaf5 - - - - - -] OVN reports status down for port: 6b03dab6-23b4-4beb-acea-552083a24310
2026-07-25 11:24:55.071 7 INFO neutron.db.ovn_revision_numbers_db [None req-2c81827c-625c-4987-b835-a09d0087d68a 4e405ec1d8904c819d2a4fe20368b625 950ea8fe2c4947c1bd3788d6addb23ef - - default default] Successfully bumped revision number for resource 6b03dab6-23b4-4beb-acea-552083a24310 (type: ports) to 1 [pid: 7|app: 0|req: 1488/2811] 10.0.0.6 () {34 vars in 667 bytes} [Sat Jul 25 11:24:54 2026] POST /v2.0/networks => generated 651 bytes in 500 msecs (HTTP/1.1 201) 4 headers in 162 bytes (1 switches on core 0)
2026-07-25 11:24:55.193 8 INFO neutron.db.segments_db [None req-315338f5-55a6-4278-89be-1d112e46710e 4e405ec1d8904c819d2a4fe20368b625 950ea8fe2c4947c1bd3788d6addb23ef - - default default] Added segment 8dd51d94-972c-45b9-a299-88d5d95c8d8f of type geneve for network 4bcf9e19-60a5-4879-aaff-4f26619cf4e7
2026-07-25 11:24:55.288 8 INFO neutron.db.ovn_revision_numbers_db [None req-315338f5-55a6-4278-89be-1d112e46710e 4e405ec1d8904c819d2a4fe20368b625 950ea8fe2c4947c1bd3788d6addb23ef - - default default] Successfully bumped revision number for resource 4bcf9e19-60a5-4879-aaff-4f26619cf4e7 (type: networks) to 1
2026-07-25 11:24:55.467 8 WARNING neutron.scheduler.dhcp_agent_scheduler [None req-315338f5-55a6-4278-89be-1d112e46710e 4e405ec1d8904c819d2a4fe20368b625 950ea8fe2c4947c1bd3788d6addb23ef - - default default] No more DHCP agents
2026-07-25 11:24:55.469 8 WARNING neutron.api.rpc.agentnotifiers.dhcp_rpc_agent_api [None req-315338f5-55a6-4278-89be-1d112e46710e 4e405ec1d8904c819d2a4fe20368b625 950ea8fe2c4947c1bd3788d6addb23ef - - default default] Unable to schedule network 4bcf9e19-60a5-4879-aaff-4f26619cf4e7: no agents available; will retry on subsequent port and subnet creation events.
2026-07-25 11:24:55.520 8 INFO neutron.plugins.ml2.drivers.ovn.mech_driver.mech_driver [None req-290a2524-a65f-41ec-a4dd-976f39a6bc36 - - - - - -] OVN reports status down for port: 040da5ff-7c0b-4c6f-9d16-4e9c022eaa4e
2026-07-25 11:24:55.575 8 INFO neutron.db.ovn_revision_numbers_db [None req-315338f5-55a6-4278-89be-1d112e46710e 4e405ec1d8904c819d2a4fe20368b625 950ea8fe2c4947c1bd3788d6addb23ef - - default default] Successfully bumped revision number for resource 040da5ff-7c0b-4c6f-9d16-4e9c022eaa4e (type: ports) to 1 [pid: 8|app: 0|req: 1324/2812] 10.0.0.6 () {34 vars in 667 bytes} [Sat Jul 25 11:24:55 2026] POST /v2.0/networks => generated 651 bytes in 507 msecs (HTTP/1.1 201) 4 headers in 162 bytes (1 switches on core 0)
2026-07-25 11:24:55.731 7 INFO neutron.db.segments_db [None req-550cb5e3-e806-4dc2-9930-295ddc38fdc0 4e405ec1d8904c819d2a4fe20368b625 950ea8fe2c4947c1bd3788d6addb23ef - - default default] Added segment 189ff342-ca2e-4c7d-bb64-a6ab47b7eb2f of type geneve for network 5da7f92c-07df-4928-b412-c3d4ddc00766
2026-07-25 11:24:55.847 7 INFO neutron.db.ovn_revision_numbers_db [None req-550cb5e3-e806-4dc2-9930-295ddc38fdc0 4e405ec1d8904c819d2a4fe20368b625 950ea8fe2c4947c1bd3788d6addb23ef - - default default] Successfully bumped revision number for resource 5da7f92c-07df-4928-b412-c3d4ddc00766 (type: networks) to 1
2026-07-25 11:24:56.035 7 WARNING neutron.scheduler.dhcp_agent_scheduler [None req-550cb5e3-e806-4dc2-9930-295ddc38fdc0 4e405ec1d8904c819d2a4fe20368b625 950ea8fe2c4947c1bd3788d6addb23ef - - default default] No more DHCP agents
2026-07-25 11:24:56.036 7 WARNING neutron.api.rpc.agentnotifiers.dhcp_rpc_agent_api [None req-550cb5e3-e806-4dc2-9930-295ddc38fdc0 4e405ec1d8904c819d2a4fe20368b625 950ea8fe2c4947c1bd3788d6addb23ef - - default default] Unable to schedule network 5da7f92c-07df-4928-b412-c3d4ddc00766: no agents available; will retry on subsequent port and subnet creation events.
2026-07-25 11:24:56.074 7 INFO neutron.plugins.ml2.drivers.ovn.mech_driver.mech_driver [None req-cdd89147-e1a9-4306-baf4-2cfa976baaf5 - - - - - -] OVN reports status down for port: cf7a7259-36e5-402d-b6a3-edd13d2de90d
2026-07-25 11:24:56.111 7 INFO neutron.db.ovn_revision_numbers_db [None req-550cb5e3-e806-4dc2-9930-295ddc38fdc0 4e405ec1d8904c819d2a4fe20368b625 950ea8fe2c4947c1bd3788d6addb23ef - - default default] Successfully bumped revision number for resource cf7a7259-36e5-402d-b6a3-edd13d2de90d (type: ports) to 1 [pid: 7|app: 0|req: 1489/2813] 10.0.0.6 () {34 vars in 667 bytes} [Sat Jul 25 11:24:55 2026] POST /v2.0/networks => generated 650 bytes in 527 msecs (HTTP/1.1 201) 4 headers in 162 bytes (1 switches on core 0) [pid: 8|app: 0|req: 1325/2814] 10.0.0.6 () {34 vars in 750 bytes} [Sat Jul 25 11:24:56 2026] PUT /v2.0/networks/fb82f46e-b676-4037-a00e-0b8e643544d1/tags => generated 17 bytes in 51 msecs (HTTP/1.1 200) 4 headers in 156 bytes (1 switches on core 0) [pid: 7|app: 0|req: 1490/2815] 10.0.0.6 () {34 vars in 750 bytes} [Sat Jul 25 11:24:56 2026] PUT /v2.0/networks/4670d59f-5a0b-49c6-9104-3a7e81d0becd/tags => generated 25 bytes in 52 msecs (HTTP/1.1 200) 4 headers in 156 bytes (1 switches on core 0) [pid: 8|app: 0|req: 1326/2816] 10.0.0.6 () {34 vars in 750 bytes} [Sat Jul 25 11:24:56 2026] PUT /v2.0/networks/228d5bdf-87c7-498f-8ae4-aaa22d49dd89/tags => generated 34 bytes in 55 msecs (HTTP/1.1 200) 4 headers in 156 bytes (1 switches on core 0) [pid: 7|app: 0|req: 1491/2817] 10.0.0.6 () {34 vars in 750 bytes} [Sat Jul 25 11:24:56 2026] PUT /v2.0/networks/4bcf9e19-60a5-4879-aaff-4f26619cf4e7/tags => generated 19 bytes in 56 msecs (HTTP/1.1 200) 4 headers in 156 bytes (1 switches on core 0) [pid: 8|app: 0|req: 1327/2818] 10.0.0.6 () {32 vars in 663 bytes} [Sat Jul 25 11:24:56 2026] GET /v2.0/networks?tags=red => generated 1988 bytes in 49 msecs (HTTP/1.1 200) 4 headers in 158 bytes (1 switches on core 0) [pid: 7|app: 0|req: 1492/2819] 10.0.0.6 () {32 vars in 677 bytes} [Sat Jul 25 11:24:56 2026] GET /v2.0/networks?tags=red%2Cblue => generated 1338 bytes in 52 msecs (HTTP/1.1 200) 4 headers in 158 bytes (1 switches on core 0) [pid: 8|app: 0|req: 1328/2820] 10.0.0.6 () {32 vars in 673 bytes} [Sat Jul 25 11:24:56 2026] GET /v2.0/networks?tags-any=blue => generated 1338 bytes in 50 msecs (HTTP/1.1 200) 4 headers in 158 bytes (1 switches on core 0) [pid: 7|app: 0|req: 1493/2821] 10.0.0.6 () {32 vars in 685 bytes} [Sat Jul 25 11:24:56 2026] GET /v2.0/networks?tags-any=red%2Cblue => generated 1988 bytes in 49 msecs (HTTP/1.1 200) 4 headers in 158 bytes (1 switches on core 0) [pid: 8|app: 0|req: 1329/2822] 10.0.0.6 () {32 vars in 671 bytes} [Sat Jul 25 11:24:56 2026] GET /v2.0/networks?not-tags=red => generated 1987 bytes in 74 msecs (HTTP/1.1 200) 4 headers in 158 bytes (1 switches on core 0) [pid: 7|app: 0|req: 1494/2823] 10.0.0.6 () {32 vars in 685 bytes} [Sat Jul 25 11:24:56 2026] GET /v2.0/networks?not-tags=red%2Cblue => generated 2637 bytes in 65 msecs (HTTP/1.1 200) 4 headers in 158 bytes (1 switches on core 0) [pid: 8|app: 0|req: 1330/2824] 10.0.0.6 () {32 vars in 681 bytes} [Sat Jul 25 11:24:56 2026] GET /v2.0/networks?not-tags-any=blue => generated 2637 bytes in 75 msecs (HTTP/1.1 200) 4 headers in 158 bytes (1 switches on core 0) [pid: 7|app: 0|req: 1495/2825] 10.0.0.6 () {32 vars in 693 bytes} [Sat Jul 25 11:24:56 2026] GET /v2.0/networks?not-tags-any=red%2Cblue => generated 1987 bytes in 79 msecs (HTTP/1.1 200) 4 headers in 158 bytes (1 switches on core 0)
2026-07-25 11:24:57.103 8 INFO neutron_taas.services.taas.taas_plugin [None req-5cb3d501-1ddc-4499-8f45-5d6380cb30cf 4e405ec1d8904c819d2a4fe20368b625 950ea8fe2c4947c1bd3788d6addb23ef - - default default] TaaS: Handle Delete Port: 009e2d34-1e13-4485-89ee-f2eae1cde72f
2026-07-25 11:24:57.106 8 INFO neutron_taas.services.taas.tap_mirror_plugin [None req-5cb3d501-1ddc-4499-8f45-5d6380cb30cf 4e405ec1d8904c819d2a4fe20368b625 950ea8fe2c4947c1bd3788d6addb23ef - - default default] Tap Mirror: Handle Delete Port: 009e2d34-1e13-4485-89ee-f2eae1cde72f
2026-07-25 11:24:57.255 8 INFO neutron.services.segments.plugin [-] Segment 9178f3b1-5b67-44f0-a45a-afa92e68a923 resource provider aggregate not found
2026-07-25 11:24:57.263 8 INFO neutron.services.segments.plugin [-] Segment 9178f3b1-5b67-44f0-a45a-afa92e68a923 resource provider aggregate not found
2026-07-25 11:24:57.271 8 INFO neutron.services.segments.plugin [-] Segment 9178f3b1-5b67-44f0-a45a-afa92e68a923 resource provider not found; error: Placement Client Error (4xx): {"errors": [{"status": 404, "title": "Not Found", "detail": "The resource could not be found.\n\n No resource provider with uuid 9178f3b1-5b67-44f0-a45a-afa92e68a923 found for delete ", "request_id": "req-28106639-bd0d-4803-b2da-4a81be87068f"}]}
2026-07-25 11:24:57.287 8 INFO neutron.services.segments.plugin [-] Segment 9178f3b1-5b67-44f0-a45a-afa92e68a923 resource provider not found; error: Placement Client Error (4xx): {"errors": [{"status": 404, "title": "Not Found", "detail": "The resource could not be found.\n\n No resource provider with uuid 9178f3b1-5b67-44f0-a45a-afa92e68a923 found for delete ", "request_id": "req-07e677ef-855e-4e60-b2c6-efe51ad11497"}]} [pid: 8|app: 0|req: 1331/2826] 10.0.0.6 () {32 vars in 723 bytes} [Sat Jul 25 11:24:56 2026] DELETE /v2.0/networks/fb82f46e-b676-4037-a00e-0b8e643544d1 => generated 0 bytes in 375 msecs (HTTP/1.1 204) 3 headers in 131 bytes (1 switches on core 0)
2026-07-25 11:24:57.442 7 INFO neutron_taas.services.taas.taas_plugin [None req-1604b3bf-d5eb-419b-a256-448338fd16c0 4e405ec1d8904c819d2a4fe20368b625 950ea8fe2c4947c1bd3788d6addb23ef - - default default] TaaS: Handle Delete Port: 348beefe-385e-47ed-81fd-fd00e5c9f5c1
2026-07-25 11:24:57.445 7 INFO neutron_taas.services.taas.tap_mirror_plugin [None req-1604b3bf-d5eb-419b-a256-448338fd16c0 4e405ec1d8904c819d2a4fe20368b625 950ea8fe2c4947c1bd3788d6addb23ef - - default default] Tap Mirror: Handle Delete Port: 348beefe-385e-47ed-81fd-fd00e5c9f5c1
2026-07-25 11:24:57.625 7 INFO neutron.services.segments.plugin [-] Segment b2ec56c6-60eb-4c47-8c89-2ac4f874fdfa resource provider aggregate not found
2026-07-25 11:24:57.632 7 INFO neutron.services.segments.plugin [-] Segment b2ec56c6-60eb-4c47-8c89-2ac4f874fdfa resource provider aggregate not found
2026-07-25 11:24:57.647 7 INFO neutron.services.segments.plugin [-] Segment b2ec56c6-60eb-4c47-8c89-2ac4f874fdfa resource provider not found; error: Placement Client Error (4xx): {"errors": [{"status": 404, "title": "Not Found", "detail": "The resource could not be found.\n\n No resource provider with uuid b2ec56c6-60eb-4c47-8c89-2ac4f874fdfa found for delete ", "request_id": "req-f990ec56-5092-42de-b553-808ef4566906"}]}
2026-07-25 11:24:57.655 7 INFO neutron.services.segments.plugin [-] Segment b2ec56c6-60eb-4c47-8c89-2ac4f874fdfa resource provider not found; error: Placement Client Error (4xx): {"errors": [{"status": 404, "title": "Not Found", "detail": "The resource could not be found.\n\n No resource provider with uuid b2ec56c6-60eb-4c47-8c89-2ac4f874fdfa found for delete ", "request_id": "req-d088e5f3-dc51-4564-8070-5664a7052084"}]} [pid: 7|app: 0|req: 1496/2827] 10.0.0.6 () {32 vars in 723 bytes} [Sat Jul 25 11:24:57 2026] DELETE /v2.0/networks/4670d59f-5a0b-49c6-9104-3a7e81d0becd => generated 0 bytes in 357 msecs (HTTP/1.1 204) 3 headers in 131 bytes (1 switches on core 0)
2026-07-25 11:24:57.787 8 INFO neutron_taas.services.taas.taas_plugin [None req-803a725b-f5d0-44e7-9bba-c0192e97c1dd 4e405ec1d8904c819d2a4fe20368b625 950ea8fe2c4947c1bd3788d6addb23ef - - default default] TaaS: Handle Delete Port: 6b03dab6-23b4-4beb-acea-552083a24310
2026-07-25 11:24:57.790 8 INFO neutron_taas.services.taas.tap_mirror_plugin [None req-803a725b-f5d0-44e7-9bba-c0192e97c1dd 4e405ec1d8904c819d2a4fe20368b625 950ea8fe2c4947c1bd3788d6addb23ef - - default default] Tap Mirror: Handle Delete Port: 6b03dab6-23b4-4beb-acea-552083a24310 [pid: 8|app: 0|req: 1332/2828] 10.0.0.6 () {32 vars in 723 bytes} [Sat Jul 25 11:24:57 2026] DELETE /v2.0/networks/228d5bdf-87c7-498f-8ae4-aaa22d49dd89 => generated 0 bytes in 324 msecs (HTTP/1.1 204) 3 headers in 131 bytes (1 switches on core 0)
2026-07-25 11:24:58.125 7 INFO neutron_taas.services.taas.taas_plugin [None req-876617a9-b29e-4e1e-b8fb-2dd9fa834ea4 4e405ec1d8904c819d2a4fe20368b625 950ea8fe2c4947c1bd3788d6addb23ef - - default default] TaaS: Handle Delete Port: 040da5ff-7c0b-4c6f-9d16-4e9c022eaa4e
2026-07-25 11:24:58.128 7 INFO neutron_taas.services.taas.tap_mirror_plugin [None req-876617a9-b29e-4e1e-b8fb-2dd9fa834ea4 4e405ec1d8904c819d2a4fe20368b625 950ea8fe2c4947c1bd3788d6addb23ef - - default default] Tap Mirror: Handle Delete Port: 040da5ff-7c0b-4c6f-9d16-4e9c022eaa4e [pid: 7|app: 0|req: 1497/2829] 10.0.0.6 () {32 vars in 723 bytes} [Sat Jul 25 11:24:58 2026] DELETE /v2.0/networks/4bcf9e19-60a5-4879-aaff-4f26619cf4e7 => generated 0 bytes in 319 msecs (HTTP/1.1 204) 3 headers in 131 bytes (1 switches on core 0)
2026-07-25 11:24:58.438 8 INFO neutron_taas.services.taas.taas_plugin [None req-ebb80e67-2fc1-4731-a8db-8050d27a7345 4e405ec1d8904c819d2a4fe20368b625 950ea8fe2c4947c1bd3788d6addb23ef - - default default] TaaS: Handle Delete Port: cf7a7259-36e5-402d-b6a3-edd13d2de90d
2026-07-25 11:24:58.441 8 INFO neutron_taas.services.taas.tap_mirror_plugin [None req-ebb80e67-2fc1-4731-a8db-8050d27a7345 4e405ec1d8904c819d2a4fe20368b625 950ea8fe2c4947c1bd3788d6addb23ef - - default default] Tap Mirror: Handle Delete Port: cf7a7259-36e5-402d-b6a3-edd13d2de90d [pid: 8|app: 0|req: 1333/2830] 10.0.0.6 () {32 vars in 723 bytes} [Sat Jul 25 11:24:58 2026] DELETE /v2.0/networks/5da7f92c-07df-4928-b412-c3d4ddc00766 => generated 0 bytes in 306 msecs (HTTP/1.1 204) 3 headers in 131 bytes (1 switches on core 0)
2026-07-25 11:24:59.292 8 INFO neutron.services.segments.plugin [-] Segment c088cac3-2c01-454b-a263-9009265eae96 resource provider aggregate not found
2026-07-25 11:24:59.306 8 INFO neutron.services.segments.plugin [-] Segment c088cac3-2c01-454b-a263-9009265eae96 resource provider not found; error: Placement Client Error (4xx): {"errors": [{"status": 404, "title": "Not Found", "detail": "The resource could not be found.\n\n No resource provider with uuid c088cac3-2c01-454b-a263-9009265eae96 found for delete ", "request_id": "req-9693d53f-810e-459a-a283-342722d60cdf"}]}
2026-07-25 11:24:59.310 8 INFO neutron.services.segments.plugin [-] Segment c088cac3-2c01-454b-a263-9009265eae96 resource provider aggregate not found
2026-07-25 11:24:59.325 8 INFO neutron.services.segments.plugin [-] Segment 189ff342-ca2e-4c7d-bb64-a6ab47b7eb2f resource provider aggregate not found
2026-07-25 11:24:59.330 8 INFO neutron.services.segments.plugin [-] Segment c088cac3-2c01-454b-a263-9009265eae96 resource provider not found; error: Placement Client Error (4xx): {"errors": [{"status": 404, "title": "Not Found", "detail": "The resource could not be found.\n\n No resource provider with uuid c088cac3-2c01-454b-a263-9009265eae96 found for delete ", "request_id": "req-87f2744f-832b-41f9-9534-55f2f5d51af7"}]}
2026-07-25 11:24:59.345 8 INFO neutron.services.segments.plugin [-] Segment 189ff342-ca2e-4c7d-bb64-a6ab47b7eb2f resource provider not found; error: Placement Client Error (4xx): {"errors": [{"status": 404, "title": "Not Found", "detail": "The resource could not be found.\n\n No resource provider with uuid 189ff342-ca2e-4c7d-bb64-a6ab47b7eb2f found for delete ", "request_id": "req-5e8fa530-2e7f-4637-ab03-6ab9f7dbb9ba"}]}
2026-07-25 11:24:59.348 8 INFO neutron.services.segments.plugin [-] Segment 189ff342-ca2e-4c7d-bb64-a6ab47b7eb2f resource provider aggregate not found
2026-07-25 11:24:59.360 8 INFO neutron.services.segments.plugin [-] Segment 189ff342-ca2e-4c7d-bb64-a6ab47b7eb2f resource provider not found; error: Placement Client Error (4xx): {"errors": [{"status": 404, "title": "Not Found", "detail": "The resource could not be found.\n\n No resource provider with uuid 189ff342-ca2e-4c7d-bb64-a6ab47b7eb2f found for delete ", "request_id": "req-db687dbd-a95f-46ad-9735-d6d68f5ad69b"}]}
2026-07-25 11:24:59.634 7 INFO neutron.db.ovn_revision_numbers_db [None req-ac9fc0f1-56a7-4b01-9838-68205cc52a6c e955f6efd8574528b779215b0150fb64 2e6b8bfa800b4b77b6e5c03c08f2bba2 - - default default] Successfully bumped revision number for resource 7f089f6e-8e6a-4b57-8cf4-ef067e24d79e (type: security_groups) to 1
2026-07-25 11:24:59.646 7 INFO neutron.db.ovn_revision_numbers_db [None req-ac9fc0f1-56a7-4b01-9838-68205cc52a6c e955f6efd8574528b779215b0150fb64 2e6b8bfa800b4b77b6e5c03c08f2bba2 - - default default] Successfully bumped revision number for resource 23571e08-3af4-43dd-9770-f79ec748864f (type: security_group_rules) to 0
2026-07-25 11:24:59.668 7 INFO neutron.db.ovn_revision_numbers_db [None req-ac9fc0f1-56a7-4b01-9838-68205cc52a6c e955f6efd8574528b779215b0150fb64 2e6b8bfa800b4b77b6e5c03c08f2bba2 - - default default] Successfully bumped revision number for resource 461c3989-f6e5-462a-84ae-44fbc83ca9aa (type: security_group_rules) to 0
2026-07-25 11:24:59.675 7 INFO neutron.services.segments.plugin [-] Segment 8dd51d94-972c-45b9-a299-88d5d95c8d8f resource provider aggregate not found
2026-07-25 11:24:59.684 7 INFO neutron.services.segments.plugin [-] Segment 8dd51d94-972c-45b9-a299-88d5d95c8d8f resource provider aggregate not found
2026-07-25 11:24:59.695 7 INFO neutron.db.ovn_revision_numbers_db [None req-ac9fc0f1-56a7-4b01-9838-68205cc52a6c e955f6efd8574528b779215b0150fb64 2e6b8bfa800b4b77b6e5c03c08f2bba2 - - default default] Successfully bumped revision number for resource 76fe2a4a-6ceb-4ec9-af07-f2de4012ee02 (type: security_group_rules) to 0
2026-07-25 11:24:59.698 7 INFO neutron.services.segments.plugin [-] Segment 8dd51d94-972c-45b9-a299-88d5d95c8d8f resource provider not found; error: Placement Client Error (4xx): {"errors": [{"status": 404, "title": "Not Found", "detail": "The resource could not be found.\n\n No resource provider with uuid 8dd51d94-972c-45b9-a299-88d5d95c8d8f found for delete ", "request_id": "req-4e01dd45-30aa-4d61-a8f2-8d88580a30e9"}]}
2026-07-25 11:24:59.703 7 INFO neutron.services.segments.plugin [-] Segment 8dd51d94-972c-45b9-a299-88d5d95c8d8f resource provider not found; error: Placement Client Error (4xx): {"errors": [{"status": 404, "title": "Not Found", "detail": "The resource could not be found.\n\n No resource provider with uuid 8dd51d94-972c-45b9-a299-88d5d95c8d8f found for delete ", "request_id": "req-d20a1f7f-300e-414a-be91-8c82fd394805"}]}
2026-07-25 11:24:59.710 7 INFO neutron.db.ovn_revision_numbers_db [None req-ac9fc0f1-56a7-4b01-9838-68205cc52a6c e955f6efd8574528b779215b0150fb64 2e6b8bfa800b4b77b6e5c03c08f2bba2 - - default default] Successfully bumped revision number for resource 8224731e-7889-4521-857d-1c5e60650628 (type: security_group_rules) to 0 [pid: 7|app: 0|req: 1498/2831] 10.0.0.6 () {32 vars in 771 bytes} [Sat Jul 25 11:24:59 2026] GET /v2.0/security-groups?tenant_id=c8a788d5bacb4a15bfae081aa0d6a387&name=default => generated 2929 bytes in 363 msecs (HTTP/1.1 200) 4 headers in 158 bytes (1 switches on core 0) [pid: 8|app: 0|req: 1334/2832] 10.0.0.6 () {32 vars in 737 bytes} [Sat Jul 25 11:24:59 2026] DELETE /v2.0/security-groups/7f089f6e-8e6a-4b57-8cf4-ef067e24d79e => generated 0 bytes in 227 msecs (HTTP/1.1 204) 2 headers in 112 bytes (1 switches on core 0) [pid: 7|app: 0|req: 1499/2833] 10.0.0.6 () {32 vars in 771 bytes} [Sat Jul 25 11:25:00 2026] GET /v2.0/security-groups?tenant_id=950ea8fe2c4947c1bd3788d6addb23ef&name=default => generated 2929 bytes in 32 msecs (HTTP/1.1 200) 4 headers in 158 bytes (1 switches on core 0) [pid: 8|app: 0|req: 1335/2834] 10.0.0.6 () {32 vars in 737 bytes} [Sat Jul 25 11:25:00 2026] DELETE /v2.0/security-groups/4724a5ba-9e29-4a7c-9bf6-8f303f969e69 => generated 0 bytes in 167 msecs (HTTP/1.1 204) 2 headers in 112 bytes (1 switches on core 0)
2026-07-25 11:25:00.523 7 INFO neutron.db.ovn_revision_numbers_db [None req-0fe2973f-6fc5-45af-8144-88e984f51ac5 e955f6efd8574528b779215b0150fb64 2e6b8bfa800b4b77b6e5c03c08f2bba2 - - default default] Successfully bumped revision number for resource 1a1d02a4-e850-43e3-8df0-15b3322f00bd (type: security_groups) to 1
2026-07-25 11:25:00.536 7 INFO neutron.db.ovn_revision_numbers_db [None req-0fe2973f-6fc5-45af-8144-88e984f51ac5 e955f6efd8574528b779215b0150fb64 2e6b8bfa800b4b77b6e5c03c08f2bba2 - - default default] Successfully bumped revision number for resource 61a251ca-b083-4dbc-8843-8f47507050aa (type: security_group_rules) to 0
2026-07-25 11:25:00.548 7 INFO neutron.db.ovn_revision_numbers_db [None req-0fe2973f-6fc5-45af-8144-88e984f51ac5 e955f6efd8574528b779215b0150fb64 2e6b8bfa800b4b77b6e5c03c08f2bba2 - - default default] Successfully bumped revision number for resource 66367c17-c85f-428e-96bd-abef2cd65930 (type: security_group_rules) to 0
2026-07-25 11:25:00.561 7 INFO neutron.db.ovn_revision_numbers_db [None req-0fe2973f-6fc5-45af-8144-88e984f51ac5 e955f6efd8574528b779215b0150fb64 2e6b8bfa800b4b77b6e5c03c08f2bba2 - - default default] Successfully bumped revision number for resource 99b7d538-f389-4045-b793-629da5e73ea6 (type: security_group_rules) to 0
2026-07-25 11:25:00.578 7 INFO neutron.db.ovn_revision_numbers_db [None req-0fe2973f-6fc5-45af-8144-88e984f51ac5 e955f6efd8574528b779215b0150fb64 2e6b8bfa800b4b77b6e5c03c08f2bba2 - - default default] Successfully bumped revision number for resource ac9b5165-3494-4edf-9815-a90c99438e0f (type: security_group_rules) to 0 [pid: 7|app: 0|req: 1501/2837] 10.0.0.6 () {32 vars in 771 bytes} [Sat Jul 25 11:25:00 2026] GET /v2.0/security-groups?tenant_id=e596a486bf604c6d9d0f025b8fc772f8&name=default => generated 2929 bytes in 233 msecs (HTTP/1.1 200) 4 headers in 158 bytes (1 switches on core 0) [pid: 8|app: 0|req: 1337/2838] 10.0.0.6 () {32 vars in 737 bytes} [Sat Jul 25 11:25:00 2026] DELETE /v2.0/security-groups/1a1d02a4-e850-43e3-8df0-15b3322f00bd => generated 0 bytes in 202 msecs (HTTP/1.1 204) 2 headers in 112 bytes (1 switches on core 0)
2026-07-25 11:25:09.768 7 INFO neutron.db.ovn_revision_numbers_db [None req-99002123-0289-4bff-9a8a-84feac1348eb 27937afece2d4fb886484199a17530e5 9ef8979ab6dc44d2828c1c47015fce98 - - default default] Successfully bumped revision number for resource f1abcfcd-2552-4dad-ae41-4100be1297ec (type: security_groups) to 1
2026-07-25 11:25:09.779 7 INFO neutron.db.ovn_revision_numbers_db [None req-99002123-0289-4bff-9a8a-84feac1348eb 27937afece2d4fb886484199a17530e5 9ef8979ab6dc44d2828c1c47015fce98 - - default default] Successfully bumped revision number for resource 59d65d03-16ac-4949-bf92-44c3436ea1d7 (type: security_group_rules) to 0
2026-07-25 11:25:09.791 7 INFO neutron.db.ovn_revision_numbers_db [None req-99002123-0289-4bff-9a8a-84feac1348eb 27937afece2d4fb886484199a17530e5 9ef8979ab6dc44d2828c1c47015fce98 - - default default] Successfully bumped revision number for resource 7874f162-f151-4afc-9dde-df608c7db8d4 (type: security_group_rules) to 0
2026-07-25 11:25:09.805 7 INFO neutron.db.ovn_revision_numbers_db [None req-99002123-0289-4bff-9a8a-84feac1348eb 27937afece2d4fb886484199a17530e5 9ef8979ab6dc44d2828c1c47015fce98 - - default default] Successfully bumped revision number for resource e1166f8d-33fb-40b1-9c0a-05a2d420b074 (type: security_group_rules) to 0
2026-07-25 11:25:09.816 7 INFO neutron.db.ovn_revision_numbers_db [None req-99002123-0289-4bff-9a8a-84feac1348eb 27937afece2d4fb886484199a17530e5 9ef8979ab6dc44d2828c1c47015fce98 - - default default] Successfully bumped revision number for resource e90536a0-3960-472c-9407-f1775611eba0 (type: security_group_rules) to 0
2026-07-25 11:25:09.974 7 INFO neutron.db.segments_db [None req-99002123-0289-4bff-9a8a-84feac1348eb 27937afece2d4fb886484199a17530e5 9ef8979ab6dc44d2828c1c47015fce98 - - default default] Added segment 2f552da9-088e-4db6-b36c-9b08e82b0284 of type geneve for network fe9ebc78-707c-4810-b292-f9e7a27f307b
2026-07-25 11:25:10.089 7 INFO neutron.db.ovn_revision_numbers_db [None req-99002123-0289-4bff-9a8a-84feac1348eb 27937afece2d4fb886484199a17530e5 9ef8979ab6dc44d2828c1c47015fce98 - - default default] Successfully bumped revision number for resource fe9ebc78-707c-4810-b292-f9e7a27f307b (type: networks) to 1
2026-07-25 11:25:10.272 7 WARNING neutron.scheduler.dhcp_agent_scheduler [None req-99002123-0289-4bff-9a8a-84feac1348eb 27937afece2d4fb886484199a17530e5 9ef8979ab6dc44d2828c1c47015fce98 - - default default] No more DHCP agents
2026-07-25 11:25:10.273 7 WARNING neutron.api.rpc.agentnotifiers.dhcp_rpc_agent_api [None req-99002123-0289-4bff-9a8a-84feac1348eb 27937afece2d4fb886484199a17530e5 9ef8979ab6dc44d2828c1c47015fce98 - - default default] Unable to schedule network fe9ebc78-707c-4810-b292-f9e7a27f307b: no agents available; will retry on subsequent port and subnet creation events.
2026-07-25 11:25:10.325 8 INFO neutron.plugins.ml2.drivers.ovn.mech_driver.mech_driver [None req-290a2524-a65f-41ec-a4dd-976f39a6bc36 - - - - - -] OVN reports status down for port: ba6424fc-3043-44d1-bf3e-cd553af61c11
2026-07-25 11:25:10.344 7 INFO neutron.db.ovn_revision_numbers_db [None req-99002123-0289-4bff-9a8a-84feac1348eb 27937afece2d4fb886484199a17530e5 9ef8979ab6dc44d2828c1c47015fce98 - - default default] Successfully bumped revision number for resource ba6424fc-3043-44d1-bf3e-cd553af61c11 (type: ports) to 1 [pid: 7|app: 0|req: 1502/2839] 10.0.0.6 () {34 vars in 667 bytes} [Sat Jul 25 11:25:09 2026] POST /v2.0/networks => generated 657 bytes in 918 msecs (HTTP/1.1 201) 4 headers in 162 bytes (1 switches on core 0)
2026-07-25 11:25:10.587 8 WARNING neutron.scheduler.dhcp_agent_scheduler [None req-2528ba7b-2b25-4d31-93ca-c3a7b404cc4f 27937afece2d4fb886484199a17530e5 9ef8979ab6dc44d2828c1c47015fce98 - - default default] No more DHCP agents
2026-07-25 11:25:10.588 8 WARNING neutron.api.rpc.agentnotifiers.dhcp_rpc_agent_api [None req-2528ba7b-2b25-4d31-93ca-c3a7b404cc4f 27937afece2d4fb886484199a17530e5 9ef8979ab6dc44d2828c1c47015fce98 - - default default] Unable to schedule network fe9ebc78-707c-4810-b292-f9e7a27f307b: no agents available; will retry on subsequent port and subnet creation events.
2026-07-25 11:25:11.033 8 INFO neutron.db.ovn_revision_numbers_db [None req-9e5e1264-c080-475a-a452-44d2a319210a - - - - - -] Successfully bumped revision number for resource ba6424fc-3043-44d1-bf3e-cd553af61c11 (type: ports) to 2
2026-07-25 11:25:11.067 8 INFO neutron.db.ovn_revision_numbers_db [None req-9e5e1264-c080-475a-a452-44d2a319210a - - - - - -] Successfully bumped revision number for resource 6fe7e3cb-79c0-46c0-83e2-7dfbb2d5d8da (type: subnets) to 0 [pid: 8|app: 0|req: 1338/2840] 10.0.0.6 () {34 vars in 666 bytes} [Sat Jul 25 11:25:10 2026] POST /v2.0/subnets => generated 657 bytes in 716 msecs (HTTP/1.1 201) 4 headers in 162 bytes (1 switches on core 0) [pid: 7|app: 0|req: 1503/2841] 10.0.0.6 () {32 vars in 719 bytes} [Sat Jul 25 11:25:11 2026] GET /v2.0/subnetpools?name=shared-default-subnetpool-v6 => generated 19 bytes in 41 msecs (HTTP/1.1 200) 4 headers in 156 bytes (1 switches on core 0)
2026-07-25 11:25:11.334 8 WARNING neutron.scheduler.dhcp_agent_scheduler [None req-62f4f5b8-508f-462f-bbec-40e5c9912f89 27937afece2d4fb886484199a17530e5 9ef8979ab6dc44d2828c1c47015fce98 - - default default] No more DHCP agents
2026-07-25 11:25:11.336 8 WARNING neutron.api.rpc.agentnotifiers.dhcp_rpc_agent_api [None req-62f4f5b8-508f-462f-bbec-40e5c9912f89 27937afece2d4fb886484199a17530e5 9ef8979ab6dc44d2828c1c47015fce98 - - default default] Unable to schedule network fe9ebc78-707c-4810-b292-f9e7a27f307b: no agents available; will retry on subsequent port and subnet creation events.
2026-07-25 11:25:11.364 8 INFO neutron.db.ovn_revision_numbers_db [None req-62f4f5b8-508f-462f-bbec-40e5c9912f89 27937afece2d4fb886484199a17530e5 9ef8979ab6dc44d2828c1c47015fce98 - - default default] Successfully bumped revision number for resource 6f699de9-350a-4b5c-85e3-d312a5216d89 (type: subnets) to 0 [pid: 8|app: 0|req: 1339/2842] 10.0.0.6 () {34 vars in 666 bytes} [Sat Jul 25 11:25:11 2026] POST /v2.0/subnets => generated 731 bytes in 242 msecs (HTTP/1.1 201) 4 headers in 162 bytes (1 switches on core 0)
2026-07-25 11:25:11.472 7 INFO neutron.db.segments_db [None req-c83a42d2-40fb-404d-96ba-13cf0914a9e8 27937afece2d4fb886484199a17530e5 9ef8979ab6dc44d2828c1c47015fce98 - - default default] Added segment dad9aaa0-1624-46ee-afe3-fa6fb68f7fea of type geneve for network c98ef1c8-e6e3-428a-b88f-4b9c57397d87
2026-07-25 11:25:11.646 7 INFO neutron.db.ovn_revision_numbers_db [None req-c83a42d2-40fb-404d-96ba-13cf0914a9e8 27937afece2d4fb886484199a17530e5 9ef8979ab6dc44d2828c1c47015fce98 - - default default] Successfully bumped revision number for resource c98ef1c8-e6e3-428a-b88f-4b9c57397d87 (type: networks) to 1
2026-07-25 11:25:11.828 7 WARNING neutron.scheduler.dhcp_agent_scheduler [None req-c83a42d2-40fb-404d-96ba-13cf0914a9e8 27937afece2d4fb886484199a17530e5 9ef8979ab6dc44d2828c1c47015fce98 - - default default] No more DHCP agents
2026-07-25 11:25:11.830 7 WARNING neutron.api.rpc.agentnotifiers.dhcp_rpc_agent_api [None req-c83a42d2-40fb-404d-96ba-13cf0914a9e8 27937afece2d4fb886484199a17530e5 9ef8979ab6dc44d2828c1c47015fce98 - - default default] Unable to schedule network c98ef1c8-e6e3-428a-b88f-4b9c57397d87: no agents available; will retry on subsequent port and subnet creation events.
2026-07-25 11:25:11.912 8 INFO neutron.plugins.ml2.drivers.ovn.mech_driver.mech_driver [None req-290a2524-a65f-41ec-a4dd-976f39a6bc36 - - - - - -] OVN reports status down for port: b0e2ef6f-17cd-4cac-bcea-47c7a0cdc7fb
2026-07-25 11:25:11.931 7 INFO neutron.db.ovn_revision_numbers_db [None req-c83a42d2-40fb-404d-96ba-13cf0914a9e8 27937afece2d4fb886484199a17530e5 9ef8979ab6dc44d2828c1c47015fce98 - - default default] Successfully bumped revision number for resource b0e2ef6f-17cd-4cac-bcea-47c7a0cdc7fb (type: ports) to 1 [pid: 7|app: 0|req: 1504/2843] 10.0.0.6 () {34 vars in 667 bytes} [Sat Jul 25 11:25:11 2026] POST /v2.0/networks => generated 656 bytes in 579 msecs (HTTP/1.1 201) 4 headers in 162 bytes (1 switches on core 0)
2026-07-25 11:25:12.158 8 WARNING neutron.scheduler.dhcp_agent_scheduler [None req-4e9759b9-920b-4f74-8960-7508c3d50b18 27937afece2d4fb886484199a17530e5 9ef8979ab6dc44d2828c1c47015fce98 - - default default] No more DHCP agents
2026-07-25 11:25:12.160 8 WARNING neutron.api.rpc.agentnotifiers.dhcp_rpc_agent_api [None req-4e9759b9-920b-4f74-8960-7508c3d50b18 27937afece2d4fb886484199a17530e5 9ef8979ab6dc44d2828c1c47015fce98 - - default default] Unable to schedule network c98ef1c8-e6e3-428a-b88f-4b9c57397d87: no agents available; will retry on subsequent port and subnet creation events.
2026-07-25 11:25:12.560 8 INFO neutron.db.ovn_revision_numbers_db [None req-28f1757b-d39a-4237-8216-2bc12636795f - - - - - -] Successfully bumped revision number for resource b0e2ef6f-17cd-4cac-bcea-47c7a0cdc7fb (type: ports) to 2
2026-07-25 11:25:12.587 8 INFO neutron.db.ovn_revision_numbers_db [None req-28f1757b-d39a-4237-8216-2bc12636795f - - - - - -] Successfully bumped revision number for resource ed64baae-31b6-4d84-bfd6-532bcc9208c0 (type: subnets) to 0 [pid: 8|app: 0|req: 1340/2844] 10.0.0.6 () {34 vars in 666 bytes} [Sat Jul 25 11:25:11 2026] POST /v2.0/subnets => generated 655 bytes in 630 msecs (HTTP/1.1 201) 4 headers in 162 bytes (1 switches on core 0)
