2026-07-25 11:22:06.018 8 INFO neutron.db.ovn_revision_numbers_db [req-70b0cdb3-de67-4e31-8eda-de522da9c11f req-bd8bb2a4-fa7b-4623-a874-172ebc4bb778 f49567ec81d543abb6a184a748229a97 e44cc78ab0174d399eb0d9fb052d0392 - - 0bdd965ecf6342e3ad8deef7c7c4f14e 0bdd965ecf6342e3ad8deef7c7c4f14e] Successfully bumped revision number for resource 4fdfb76d-1538-440f-af16-98f8f29f7ea1 (type: ports) to 4 [pid: 8|app: 0|req: 744/1644] 199.204.45.61 () {38 vars in 1026 bytes} [Sat Jul 25 11:22:05 2026] PUT /v2.0/ports/4fdfb76d-1538-440f-af16-98f8f29f7ea1 => generated 1204 bytes in 645 msecs (HTTP/1.1 200) 4 headers in 158 bytes (1 switches on core 0) /var/lib/openstack/lib/python3.12/site-packages/pycadf/identifier.py:70: UserWarning: Invalid uuid: neutron. To ensure interoperability, identifiers should be a valid uuid. warnings.warn(('Invalid uuid: %s. To ensure interoperability, '
2026-07-25 11:22:06.078 8 INFO neutron.notifiers.nova [-] Nova event matching ['req-fff67874-5a08-4982-84cd-85e54378a7f2'] response: {'name': 'network-changed', 'server_uuid': '7725b73b-75cb-4c59-a8fe-f9f1dd7f63db', 'tag': '4fdfb76d-1538-440f-af16-98f8f29f7ea1', 'status': 'completed', 'code': 200} [pid: 8|app: 0|req: 745/1645] 10.0.0.166 () {34 vars in 1039 bytes} [Sat Jul 25 11:22:06 2026] GET /v2.0/security-groups?id=74c945dc-d4ed-4a55-8927-ebfb71e1a0bc&fields=id&fields=name => generated 114 bytes in 44 msecs (HTTP/1.1 200) 4 headers in 157 bytes (1 switches on core 0)
2026-07-25 11:22:06.092 8 INFO neutron.services.segments.plugin [-] Segment e9032bb8-9b41-4f24-b7f0-4a435a14152b resource provider aggregate not found
2026-07-25 11:22:06.109 8 INFO neutron.services.segments.plugin [-] Segment e9032bb8-9b41-4f24-b7f0-4a435a14152b resource provider not found; error: Placement Client Error (4xx): {"errors": [{"status": 404, "title": "Not Found", "detail": "The resource could not be found.\n\n No resource provider with uuid e9032bb8-9b41-4f24-b7f0-4a435a14152b found for delete ", "request_id": "req-c7b83e41-d099-4c58-b575-b76e2ed828a9"}]}
2026-07-25 11:22:06.118 7 INFO neutron_taas.services.taas.taas_plugin [None req-cb1e2ab5-4ed8-4cd3-9d82-275bdd8e535c 38a2c573bc9d4b879106aa327146fad8 f32042b9a8534e86a0b1ca5f5a89c288 - - default default] TaaS: Handle Delete Port: 0c664a9a-78bd-4e9f-b515-b380757bf24f
2026-07-25 11:22:06.119 8 INFO neutron.services.segments.plugin [-] Segment e9032bb8-9b41-4f24-b7f0-4a435a14152b resource provider aggregate not found
2026-07-25 11:22:06.123 7 INFO neutron_taas.services.taas.tap_mirror_plugin [None req-cb1e2ab5-4ed8-4cd3-9d82-275bdd8e535c 38a2c573bc9d4b879106aa327146fad8 f32042b9a8534e86a0b1ca5f5a89c288 - - default default] Tap Mirror: Handle Delete Port: 0c664a9a-78bd-4e9f-b515-b380757bf24f
2026-07-25 11:22:06.141 8 INFO neutron.services.segments.plugin [-] Segment e9032bb8-9b41-4f24-b7f0-4a435a14152b resource provider not found; error: Placement Client Error (4xx): {"errors": [{"status": 404, "title": "Not Found", "detail": "The resource could not be found.\n\n No resource provider with uuid e9032bb8-9b41-4f24-b7f0-4a435a14152b found for delete ", "request_id": "req-0915a787-2030-4ba1-b602-98910e7de10f"}]} [pid: 8|app: 0|req: 746/1646] 10.0.0.6 () {32 vars in 737 bytes} [Sat Jul 25 11:22:06 2026] DELETE /v2.0/security-groups/c872a061-5824-430b-a8a1-bdf6f29d8a5e => generated 0 bytes in 256 msecs (HTTP/1.1 204) 2 headers in 112 bytes (1 switches on core 0) [pid: 7|app: 0|req: 901/1647] 10.0.0.6 () {34 vars in 786 bytes} [Sat Jul 25 11:22:05 2026] PUT /v2.0/routers/0c4a39d7-770d-45f6-ba66-185ca4698432/remove_router_interface => generated 309 bytes in 667 msecs (HTTP/1.1 200) 4 headers in 157 bytes (1 switches on core 0) /var/lib/openstack/lib/python3.12/site-packages/pycadf/identifier.py:70: UserWarning: Invalid uuid: neutron. To ensure interoperability, identifiers should be a valid uuid. warnings.warn(('Invalid uuid: %s. To ensure interoperability, ' [pid: 7|app: 0|req: 902/1648] 10.0.0.6 () {32 vars in 733 bytes} [Sat Jul 25 11:22:06 2026] GET /v2.0/ports?device_id=0c4a39d7-770d-45f6-ba66-185ca4698432 => generated 12 bytes in 48 msecs (HTTP/1.1 200) 4 headers in 156 bytes (1 switches on core 0)
2026-07-25 11:22:06.582 8 INFO neutron.db.ovn_revision_numbers_db [None req-f3cdaf8d-3331-4294-bca6-216a6c2ce74a e955f6efd8574528b779215b0150fb64 2e6b8bfa800b4b77b6e5c03c08f2bba2 - - default default] Successfully bumped revision number for resource 7e227704-76db-4876-a2d7-0f424d794201 (type: security_groups) to 1
2026-07-25 11:22:06.597 8 INFO neutron.db.ovn_revision_numbers_db [None req-f3cdaf8d-3331-4294-bca6-216a6c2ce74a e955f6efd8574528b779215b0150fb64 2e6b8bfa800b4b77b6e5c03c08f2bba2 - - default default] Successfully bumped revision number for resource 1770b6ef-136f-4bb2-946e-2a395f0efec0 (type: security_group_rules) to 0
2026-07-25 11:22:06.610 8 INFO neutron.db.ovn_revision_numbers_db [None req-f3cdaf8d-3331-4294-bca6-216a6c2ce74a e955f6efd8574528b779215b0150fb64 2e6b8bfa800b4b77b6e5c03c08f2bba2 - - default default] Successfully bumped revision number for resource 48d4b3c8-2abc-439b-a07b-fdbd93842ec9 (type: security_group_rules) to 0
2026-07-25 11:22:06.619 8 INFO neutron.db.ovn_revision_numbers_db [None req-f3cdaf8d-3331-4294-bca6-216a6c2ce74a e955f6efd8574528b779215b0150fb64 2e6b8bfa800b4b77b6e5c03c08f2bba2 - - default default] Successfully bumped revision number for resource 4cb2dd5d-7948-4f71-83a7-bab2c2f49b97 (type: security_group_rules) to 0
2026-07-25 11:22:06.629 8 INFO neutron.db.ovn_revision_numbers_db [None req-f3cdaf8d-3331-4294-bca6-216a6c2ce74a e955f6efd8574528b779215b0150fb64 2e6b8bfa800b4b77b6e5c03c08f2bba2 - - default default] Successfully bumped revision number for resource addef6ae-7d0d-476c-bf3a-4e3b8176f18f (type: security_group_rules) to 0 [pid: 8|app: 0|req: 747/1649] 10.0.0.6 () {32 vars in 771 bytes} [Sat Jul 25 11:22:06 2026] GET /v2.0/security-groups?tenant_id=1071895c5d69409c926b585df92b59ec&name=default => generated 2925 bytes in 245 msecs (HTTP/1.1 200) 4 headers in 158 bytes (1 switches on core 0) [pid: 8|app: 0|req: 748/1650] 199.204.45.61 () {34 vars in 1078 bytes} [Sat Jul 25 11:22:06 2026] GET /v2.0/ports?tenant_id=18fedbe090804dbeaa09fbc78e324aba&device_id=7725b73b-75cb-4c59-a8fe-f9f1dd7f63db => generated 1207 bytes in 33 msecs (HTTP/1.1 200) 4 headers in 158 bytes (1 switches on core 0) [pid: 7|app: 0|req: 903/1651] 10.0.0.6 () {32 vars in 721 bytes} [Sat Jul 25 11:22:06 2026] DELETE /v2.0/routers/0c4a39d7-770d-45f6-ba66-185ca4698432 => generated 0 bytes in 254 msecs (HTTP/1.1 204) 2 headers in 112 bytes (1 switches on core 0) [pid: 7|app: 0|req: 904/1652] 199.204.45.61 () {34 vars in 1016 bytes} [Sat Jul 25 11:22:06 2026] GET /v2.0/networks?tenant_id=18fedbe090804dbeaa09fbc78e324aba&shared=False => generated 798 bytes in 46 msecs (HTTP/1.1 200) 4 headers in 157 bytes (1 switches on core 0) [pid: 8|app: 0|req: 749/1653] 10.0.0.6 () {32 vars in 737 bytes} [Sat Jul 25 11:22:06 2026] DELETE /v2.0/security-groups/7e227704-76db-4876-a2d7-0f424d794201 => generated 0 bytes in 234 msecs (HTTP/1.1 204) 2 headers in 112 bytes (1 switches on core 0) [pid: 7|app: 0|req: 905/1654] 10.0.0.6 () {32 vars in 721 bytes} [Sat Jul 25 11:22:06 2026] DELETE /v2.0/subnets/a7b4246a-d58e-48ec-af08-26484a67ff83 => generated 0 bytes in 176 msecs (HTTP/1.1 204) 3 headers in 131 bytes (1 switches on core 0) [pid: 8|app: 0|req: 750/1655] 199.204.45.61 () {34 vars in 928 bytes} [Sat Jul 25 11:22:06 2026] GET /v2.0/networks?shared=True => generated 791 bytes in 54 msecs (HTTP/1.1 200) 4 headers in 157 bytes (1 switches on core 0) [pid: 8|app: 0|req: 751/1656] 10.0.0.6 () {32 vars in 771 bytes} [Sat Jul 25 11:22:07 2026] GET /v2.0/security-groups?tenant_id=a94cd2e55f1a422c853df2cd759898eb&name=default => generated 2925 bytes in 27 msecs (HTTP/1.1 200) 4 headers in 158 bytes (1 switches on core 0) [pid: 7|app: 0|req: 906/1657] 10.0.0.6 () {32 vars in 721 bytes} [Sat Jul 25 11:22:06 2026] DELETE /v2.0/subnets/2034f1bd-b64b-4602-8d8f-1d63c5832b81 => generated 0 bytes in 159 msecs (HTTP/1.1 204) 3 headers in 131 bytes (1 switches on core 0)
2026-07-25 11:22:07.290 7 INFO neutron_taas.services.taas.taas_plugin [None req-9cc1a311-8f5a-4a71-947d-dfecb22ed62d 38a2c573bc9d4b879106aa327146fad8 f32042b9a8534e86a0b1ca5f5a89c288 - - default default] TaaS: Handle Delete Port: 039d23b4-96f4-4918-bcff-5ed28402d41f
2026-07-25 11:22:07.292 7 INFO neutron_taas.services.taas.tap_mirror_plugin [None req-9cc1a311-8f5a-4a71-947d-dfecb22ed62d 38a2c573bc9d4b879106aa327146fad8 f32042b9a8534e86a0b1ca5f5a89c288 - - default default] Tap Mirror: Handle Delete Port: 039d23b4-96f4-4918-bcff-5ed28402d41f [pid: 8|app: 0|req: 752/1658] 10.0.0.6 () {32 vars in 737 bytes} [Sat Jul 25 11:22:07 2026] DELETE /v2.0/security-groups/92ae4a7b-dc93-4855-bf51-02c575223eeb => generated 0 bytes in 330 msecs (HTTP/1.1 204) 2 headers in 112 bytes (1 switches on core 0) [pid: 8|app: 0|req: 753/1659] 10.0.0.166 () {34 vars in 989 bytes} [Sat Jul 25 11:22:07 2026] GET /v2.0/ports?device_id=7725b73b-75cb-4c59-a8fe-f9f1dd7f63db => generated 969 bytes in 38 msecs (HTTP/1.1 200) 4 headers in 157 bytes (1 switches on core 0)
2026-07-25 11:22:07.485 7 INFO neutron.services.segments.plugin [-] Segment 6226798b-b02a-40e2-85bd-653e0102ffd2 resource provider aggregate not found [pid: 8|app: 0|req: 754/1660] 10.0.0.166 () {34 vars in 1039 bytes} [Sat Jul 25 11:22:07 2026] GET /v2.0/security-groups?id=74c945dc-d4ed-4a55-8927-ebfb71e1a0bc&fields=id&fields=name => generated 114 bytes in 24 msecs (HTTP/1.1 200) 4 headers in 157 bytes (1 switches on core 0)
2026-07-25 11:22:07.500 7 INFO neutron.services.segments.plugin [-] Segment 6226798b-b02a-40e2-85bd-653e0102ffd2 resource provider aggregate not found
2026-07-25 11:22:07.517 7 INFO neutron.services.segments.plugin [-] Segment 6226798b-b02a-40e2-85bd-653e0102ffd2 resource provider not found; error: Placement Client Error (4xx): {"errors": [{"status": 404, "title": "Not Found", "detail": "The resource could not be found.\n\n No resource provider with uuid 6226798b-b02a-40e2-85bd-653e0102ffd2 found for delete ", "request_id": "req-08b1246c-a385-4f8d-9b5f-0c19b8490ccb"}]} [pid: 7|app: 0|req: 907/1661] 10.0.0.6 () {32 vars in 723 bytes} [Sat Jul 25 11:22:07 2026] DELETE /v2.0/networks/464d0935-9762-4fba-a977-0e3474430002 => generated 0 bytes in 388 msecs (HTTP/1.1 204) 3 headers in 131 bytes (1 switches on core 0)
2026-07-25 11:22:07.541 7 INFO neutron.services.segments.plugin [-] Segment 6226798b-b02a-40e2-85bd-653e0102ffd2 resource provider not found; error: Placement Client Error (4xx): {"errors": [{"status": 404, "title": "Not Found", "detail": "The resource could not be found.\n\n No resource provider with uuid 6226798b-b02a-40e2-85bd-653e0102ffd2 found for delete ", "request_id": "req-fc75c2cc-c773-4876-817a-12d61719ea04"}]}
2026-07-25 11:22:07.699 8 INFO neutron_taas.services.taas.taas_plugin [None req-9db840d8-80f9-447b-924a-2efe00cd4fef 38a2c573bc9d4b879106aa327146fad8 f32042b9a8534e86a0b1ca5f5a89c288 - - default default] TaaS: Handle Delete Port: 28b00e34-5a9d-492a-b5a7-7c0e6bb7d277
2026-07-25 11:22:07.702 8 INFO neutron_taas.services.taas.tap_mirror_plugin [None req-9db840d8-80f9-447b-924a-2efe00cd4fef 38a2c573bc9d4b879106aa327146fad8 f32042b9a8534e86a0b1ca5f5a89c288 - - default default] Tap Mirror: Handle Delete Port: 28b00e34-5a9d-492a-b5a7-7c0e6bb7d277 [pid: 8|app: 0|req: 755/1662] 10.0.0.6 () {32 vars in 723 bytes} [Sat Jul 25 11:22:07 2026] DELETE /v2.0/networks/0f4cac23-dbcf-40e1-b91b-d5d9d52de20b => generated 0 bytes in 391 msecs (HTTP/1.1 204) 3 headers in 131 bytes (1 switches on core 0)
2026-07-25 11:22:08.017 8 INFO neutron.db.segments_db [None req-6a996804-0b73-42a0-af57-9394bf24351b 38a2c573bc9d4b879106aa327146fad8 f32042b9a8534e86a0b1ca5f5a89c288 - - default default] Added segment 7372af52-e570-40fa-a936-0e6f111fe490 of type geneve for network 8e062336-c3e2-45d7-9f86-04eee7dec286
2026-07-25 11:22:08.062 7 INFO neutron.db.ovn_revision_numbers_db [None req-0aa8cf33-5717-4071-9f3d-08e05e2b8c1c d36db78386c1476f880be5eae7dddc9b 0313ec276e1b4b4187e5420bd855f225 - - default default] Successfully bumped revision number for resource 893b8889-15ed-4f22-8952-a48fe0ae63d4 (type: security_groups) to 1
2026-07-25 11:22:08.071 7 INFO neutron.db.ovn_revision_numbers_db [None req-0aa8cf33-5717-4071-9f3d-08e05e2b8c1c d36db78386c1476f880be5eae7dddc9b 0313ec276e1b4b4187e5420bd855f225 - - default default] Successfully bumped revision number for resource 2b755594-063d-4d8f-a6ee-2fdd120f1fc2 (type: security_group_rules) to 0
2026-07-25 11:22:08.084 7 INFO neutron.db.ovn_revision_numbers_db [None req-0aa8cf33-5717-4071-9f3d-08e05e2b8c1c d36db78386c1476f880be5eae7dddc9b 0313ec276e1b4b4187e5420bd855f225 - - default default] Successfully bumped revision number for resource aaf407b0-f341-4d94-8b70-778a4e38c341 (type: security_group_rules) to 0
2026-07-25 11:22:08.096 7 INFO neutron.db.ovn_revision_numbers_db [None req-0aa8cf33-5717-4071-9f3d-08e05e2b8c1c d36db78386c1476f880be5eae7dddc9b 0313ec276e1b4b4187e5420bd855f225 - - default default] Successfully bumped revision number for resource c1e92f8c-989f-4dfc-9e42-b29d0f353cd3 (type: security_group_rules) to 0
2026-07-25 11:22:08.114 7 INFO neutron.db.ovn_revision_numbers_db [None req-0aa8cf33-5717-4071-9f3d-08e05e2b8c1c d36db78386c1476f880be5eae7dddc9b 0313ec276e1b4b4187e5420bd855f225 - - default default] Successfully bumped revision number for resource d94936b0-1903-496f-9217-ea055e11ebcc (type: security_group_rules) to 0
2026-07-25 11:22:08.137 8 INFO neutron.services.segments.plugin [-] Segment ec87c24a-e877-4237-b1b6-ca6d10709736 resource provider aggregate not found
2026-07-25 11:22:08.138 8 INFO neutron.db.ovn_revision_numbers_db [None req-6a996804-0b73-42a0-af57-9394bf24351b 38a2c573bc9d4b879106aa327146fad8 f32042b9a8534e86a0b1ca5f5a89c288 - - default default] Successfully bumped revision number for resource 8e062336-c3e2-45d7-9f86-04eee7dec286 (type: networks) to 1
2026-07-25 11:22:08.162 8 INFO neutron.services.segments.plugin [-] Segment ec87c24a-e877-4237-b1b6-ca6d10709736 resource provider not found; error: Placement Client Error (4xx): {"errors": [{"status": 404, "title": "Not Found", "detail": "The resource could not be found.\n\n No resource provider with uuid ec87c24a-e877-4237-b1b6-ca6d10709736 found for delete ", "request_id": "req-c526f99a-b739-4a94-ab2e-941fc210d425"}]}
2026-07-25 11:22:08.171 8 INFO neutron.services.segments.plugin [-] Segment ec87c24a-e877-4237-b1b6-ca6d10709736 resource provider aggregate not found
2026-07-25 11:22:08.204 8 INFO neutron.services.segments.plugin [-] Segment ec87c24a-e877-4237-b1b6-ca6d10709736 resource provider not found; error: Placement Client Error (4xx): {"errors": [{"status": 404, "title": "Not Found", "detail": "The resource could not be found.\n\n No resource provider with uuid ec87c24a-e877-4237-b1b6-ca6d10709736 found for delete ", "request_id": "req-53bd5651-49ab-47c4-bef9-43a297e74b38"}]}
2026-07-25 11:22:08.219 7 INFO neutron.db.segments_db [None req-0aa8cf33-5717-4071-9f3d-08e05e2b8c1c d36db78386c1476f880be5eae7dddc9b 0313ec276e1b4b4187e5420bd855f225 - - default default] Added segment 964dfd17-c031-4561-873e-6eac106d7b54 of type geneve for network f056520e-7bf6-4ddf-a897-6bb39025ba51
2026-07-25 11:22:08.291 7 INFO neutron.db.segments_db [None req-0aa8cf33-5717-4071-9f3d-08e05e2b8c1c d36db78386c1476f880be5eae7dddc9b 0313ec276e1b4b4187e5420bd855f225 - - default default] Added segment 417452ed-f03c-41be-9674-d50b04e399b2 of type geneve for network 0fdd4007-22f7-4f83-a4fe-cdc69d821f38
2026-07-25 11:22:08.321 8 WARNING neutron.scheduler.dhcp_agent_scheduler [None req-6a996804-0b73-42a0-af57-9394bf24351b 38a2c573bc9d4b879106aa327146fad8 f32042b9a8534e86a0b1ca5f5a89c288 - - default default] No more DHCP agents
2026-07-25 11:22:08.323 8 WARNING neutron.api.rpc.agentnotifiers.dhcp_rpc_agent_api [None req-6a996804-0b73-42a0-af57-9394bf24351b 38a2c573bc9d4b879106aa327146fad8 f32042b9a8534e86a0b1ca5f5a89c288 - - default default] Unable to schedule network 8e062336-c3e2-45d7-9f86-04eee7dec286: no agents available; will retry on subsequent port and subnet creation events.
2026-07-25 11:22:08.413 8 INFO neutron.db.ovn_revision_numbers_db [None req-6a996804-0b73-42a0-af57-9394bf24351b 38a2c573bc9d4b879106aa327146fad8 f32042b9a8534e86a0b1ca5f5a89c288 - - default default] Successfully bumped revision number for resource 8001fa0b-074b-4414-8bd1-e101f1e8412d (type: ports) to 1
2026-07-25 11:22:08.422 7 INFO neutron.db.ovn_revision_numbers_db [None req-0aa8cf33-5717-4071-9f3d-08e05e2b8c1c d36db78386c1476f880be5eae7dddc9b 0313ec276e1b4b4187e5420bd855f225 - - default default] Successfully bumped revision number for resource f056520e-7bf6-4ddf-a897-6bb39025ba51 (type: networks) to 1 [pid: 8|app: 0|req: 756/1663] 10.0.0.6 () {34 vars in 667 bytes} [Sat Jul 25 11:22:07 2026] POST /v2.0/networks => generated 652 bytes in 495 msecs (HTTP/1.1 201) 4 headers in 162 bytes (1 switches on core 0) [pid: 8|app: 0|req: 757/1664] 199.204.45.61 () {34 vars in 1078 bytes} [Sat Jul 25 11:22:08 2026] GET /v2.0/ports?tenant_id=18fedbe090804dbeaa09fbc78e324aba&device_id=7725b73b-75cb-4c59-a8fe-f9f1dd7f63db => generated 1207 bytes in 32 msecs (HTTP/1.1 200) 4 headers in 158 bytes (1 switches on core 0)
2026-07-25 11:22:08.564 8 WARNING neutron.plugins.ml2.drivers.ovn.mech_driver.ovsdb.ovn_client [None req-3e61a028-beaf-4d3b-aa66-afc114dd324f - - - - - -] No port found with ID 0c664a9a-78bd-4e9f-b515-b380757bf24f: RuntimeError: No port found with ID 0c664a9a-78bd-4e9f-b515-b380757bf24f
2026-07-25 11:22:08.590 7 WARNING neutron.scheduler.dhcp_agent_scheduler [None req-0aa8cf33-5717-4071-9f3d-08e05e2b8c1c d36db78386c1476f880be5eae7dddc9b 0313ec276e1b4b4187e5420bd855f225 - - default default] No more DHCP agents
2026-07-25 11:22:08.593 7 WARNING neutron.api.rpc.agentnotifiers.dhcp_rpc_agent_api [None req-0aa8cf33-5717-4071-9f3d-08e05e2b8c1c d36db78386c1476f880be5eae7dddc9b 0313ec276e1b4b4187e5420bd855f225 - - default default] Unable to schedule network f056520e-7bf6-4ddf-a897-6bb39025ba51: no agents available; will retry on subsequent port and subnet creation events.
2026-07-25 11:22:08.594 8 INFO neutron.plugins.ml2.drivers.ovn.mech_driver.mech_driver [None req-3e61a028-beaf-4d3b-aa66-afc114dd324f - - - - - -] OVN reports status down for port: 4fdfb76d-1538-440f-af16-98f8f29f7ea1
2026-07-25 11:22:08.703 7 INFO neutron.db.ovn_revision_numbers_db [None req-0aa8cf33-5717-4071-9f3d-08e05e2b8c1c d36db78386c1476f880be5eae7dddc9b 0313ec276e1b4b4187e5420bd855f225 - - default default] Successfully bumped revision number for resource 10ea6af0-8520-453f-8692-5776244a71cb (type: ports) to 1
2026-07-25 11:22:08.745 8 INFO neutron.notifiers.nova [-] Nova event matching ['req-54b35871-0620-4884-bd63-cf8a3cf86b2e'] response: {'server_uuid': '7725b73b-75cb-4c59-a8fe-f9f1dd7f63db', 'name': 'network-vif-unplugged', 'status': 'completed', 'tag': '4fdfb76d-1538-440f-af16-98f8f29f7ea1', 'code': 200}
2026-07-25 11:22:08.752 8 WARNING neutron.scheduler.dhcp_agent_scheduler [None req-f40deeff-fc90-4884-8a6c-7a62d12627e6 38a2c573bc9d4b879106aa327146fad8 f32042b9a8534e86a0b1ca5f5a89c288 - - default default] No more DHCP agents
2026-07-25 11:22:08.754 8 WARNING neutron.api.rpc.agentnotifiers.dhcp_rpc_agent_api [None req-f40deeff-fc90-4884-8a6c-7a62d12627e6 38a2c573bc9d4b879106aa327146fad8 f32042b9a8534e86a0b1ca5f5a89c288 - - default default] Unable to schedule network 8e062336-c3e2-45d7-9f86-04eee7dec286: no agents available; will retry on subsequent port and subnet creation events.
2026-07-25 11:22:08.777 7 INFO neutron.db.ovn_revision_numbers_db [None req-0aa8cf33-5717-4071-9f3d-08e05e2b8c1c d36db78386c1476f880be5eae7dddc9b 0313ec276e1b4b4187e5420bd855f225 - - default default] Successfully bumped revision number for resource 0fdd4007-22f7-4f83-a4fe-cdc69d821f38 (type: networks) to 1
2026-07-25 11:22:08.786 8 INFO neutron.db.ovn_revision_numbers_db [None req-f40deeff-fc90-4884-8a6c-7a62d12627e6 38a2c573bc9d4b879106aa327146fad8 f32042b9a8534e86a0b1ca5f5a89c288 - - default default] Successfully bumped revision number for resource 855ce56a-3270-40df-b8b2-0f83e87e6965 (type: subnets) to 0 [pid: 8|app: 0|req: 758/1665] 10.0.0.6 () {34 vars in 666 bytes} [Sat Jul 25 11:22:08 2026] POST /v2.0/subnets => generated 646 bytes in 335 msecs (HTTP/1.1 201) 4 headers in 162 bytes (1 switches on core 0) [pid: 8|app: 0|req: 759/1666] 199.204.45.61 () {34 vars in 1056 bytes} [Sat Jul 25 11:22:08 2026] GET /v2.0/floatingips?fixed_ip_address=10.100.0.9&port_id=4fdfb76d-1538-440f-af16-98f8f29f7ea1 => generated 19 bytes in 19 msecs (HTTP/1.1 200) 4 headers in 156 bytes (1 switches on core 0) [pid: 8|app: 0|req: 760/1667] 10.0.0.166 () {34 vars in 989 bytes} [Sat Jul 25 11:22:08 2026] GET /v2.0/ports?device_id=7725b73b-75cb-4c59-a8fe-f9f1dd7f63db => generated 969 bytes in 36 msecs (HTTP/1.1 200) 4 headers in 157 bytes (1 switches on core 0)
2026-07-25 11:22:08.977 8 INFO neutron.db.ovn_revision_numbers_db [None req-158d3a59-72a0-4639-8185-1920c178d369 38a2c573bc9d4b879106aa327146fad8 f32042b9a8534e86a0b1ca5f5a89c288 - - default default] Successfully bumped revision number for resource 061da39b-7e62-43ef-8bfb-56e06b3ffdf3 (type: routers) to 1
2026-07-25 11:22:08.986 7 WARNING neutron.scheduler.dhcp_agent_scheduler [None req-0aa8cf33-5717-4071-9f3d-08e05e2b8c1c d36db78386c1476f880be5eae7dddc9b 0313ec276e1b4b4187e5420bd855f225 - - default default] No more DHCP agents
2026-07-25 11:22:08.987 7 WARNING neutron.api.rpc.agentnotifiers.dhcp_rpc_agent_api [None req-0aa8cf33-5717-4071-9f3d-08e05e2b8c1c d36db78386c1476f880be5eae7dddc9b 0313ec276e1b4b4187e5420bd855f225 - - default default] Unable to schedule network 0fdd4007-22f7-4f83-a4fe-cdc69d821f38: no agents available; will retry on subsequent port and subnet creation events. [pid: 8|app: 0|req: 761/1668] 10.0.0.6 () {34 vars in 666 bytes} [Sat Jul 25 11:22:08 2026] POST /v2.0/routers => generated 604 bytes in 132 msecs (HTTP/1.1 201) 4 headers in 162 bytes (1 switches on core 0) [pid: 8|app: 0|req: 762/1669] 199.204.45.61 () {34 vars in 982 bytes} [Sat Jul 25 11:22:08 2026] GET /v2.0/subnets?id=eb0b437e-9b37-4256-b2ee-ad8d3d0793eb => generated 677 bytes in 39 msecs (HTTP/1.1 200) 4 headers in 157 bytes (1 switches on core 0)
2026-07-25 11:22:09.071 8 INFO neutron.plugins.ml2.drivers.ovn.mech_driver.mech_driver [None req-3e61a028-beaf-4d3b-aa66-afc114dd324f - - - - - -] OVN reports status down for port: 004ca3d7-cba5-4ecd-80e5-744671c9a58b
2026-07-25 11:22:09.073 7 INFO neutron.db.ovn_revision_numbers_db [None req-0aa8cf33-5717-4071-9f3d-08e05e2b8c1c d36db78386c1476f880be5eae7dddc9b 0313ec276e1b4b4187e5420bd855f225 - - default default] Successfully bumped revision number for resource 004ca3d7-cba5-4ecd-80e5-744671c9a58b (type: ports) to 1 [pid: 8|app: 0|req: 763/1670] 10.0.0.166 () {34 vars in 1039 bytes} [Sat Jul 25 11:22:09 2026] GET /v2.0/security-groups?id=74c945dc-d4ed-4a55-8927-ebfb71e1a0bc&fields=id&fields=name => generated 114 bytes in 57 msecs (HTTP/1.1 200) 4 headers in 157 bytes (1 switches on core 0) [pid: 7|app: 0|req: 908/1671] 10.0.0.6 () {34 vars in 667 bytes} [Sat Jul 25 11:22:07 2026] POST /v2.0/networks => generated 1283 bytes in 1471 msecs (HTTP/1.1 201) 4 headers in 163 bytes (1 switches on core 0) [pid: 7|app: 0|req: 909/1672] 199.204.45.61 () {34 vars in 1050 bytes} [Sat Jul 25 11:22:09 2026] GET /v2.0/ports?network_id=9cd6be8a-d4fb-4373-82d2-f418c457bfd0&device_owner=network%3Adhcp => generated 12 bytes in 21 msecs (HTTP/1.1 200) 4 headers in 156 bytes (1 switches on core 0) [pid: 7|app: 0|req: 910/1673] 10.0.0.6 () {32 vars in 646 bytes} [Sat Jul 25 11:22:09 2026] GET /v2.0/networks => generated 1970 bytes in 59 msecs (HTTP/1.1 200) 4 headers in 158 bytes (1 switches on core 0) [pid: 7|app: 0|req: 911/1674] 199.204.45.61 () {34 vars in 1010 bytes} [Sat Jul 25 11:22:09 2026] GET /v2.0/networks/9cd6be8a-d4fb-4373-82d2-f418c457bfd0?fields=segments => generated 14 bytes in 41 msecs (HTTP/1.1 200) 4 headers in 156 bytes (1 switches on core 0)
2026-07-25 11:22:09.329 7 INFO neutron_taas.services.taas.taas_plugin [None req-3823963f-8b5e-4701-a12c-1d2def2940c0 d36db78386c1476f880be5eae7dddc9b 0313ec276e1b4b4187e5420bd855f225 - - default default] TaaS: Handle Delete Port: 10ea6af0-8520-453f-8692-5776244a71cb
2026-07-25 11:22:09.332 7 INFO neutron_taas.services.taas.tap_mirror_plugin [None req-3823963f-8b5e-4701-a12c-1d2def2940c0 d36db78386c1476f880be5eae7dddc9b 0313ec276e1b4b4187e5420bd855f225 - - default default] Tap Mirror: Handle Delete Port: 10ea6af0-8520-453f-8692-5776244a71cb
2026-07-25 11:22:09.374 7 WARNING neutron.plugins.ml2.drivers.ovn.mech_driver.ovsdb.ovn_client [None req-b4dae68c-5e43-4a89-ae18-6d51550c02b2 - - - - - -] No port found with ID 67401d90-4a90-4fb4-bc62-05fad82cb06a: RuntimeError: No port found with ID 67401d90-4a90-4fb4-bc62-05fad82cb06a
2026-07-25 11:22:09.396 8 WARNING neutron.scheduler.dhcp_agent_scheduler [None req-fab5ac90-0279-4815-9cd2-57f675611699 38a2c573bc9d4b879106aa327146fad8 f32042b9a8534e86a0b1ca5f5a89c288 - - default default] No more DHCP agents
2026-07-25 11:22:09.397 7 INFO neutron.plugins.ml2.drivers.ovn.mech_driver.mech_driver [None req-b4dae68c-5e43-4a89-ae18-6d51550c02b2 - - - - - -] OVN reports status down for port: 8001fa0b-074b-4414-8bd1-e101f1e8412d
2026-07-25 11:22:09.398 8 WARNING neutron.api.rpc.agentnotifiers.dhcp_rpc_agent_api [None req-fab5ac90-0279-4815-9cd2-57f675611699 38a2c573bc9d4b879106aa327146fad8 f32042b9a8534e86a0b1ca5f5a89c288 - - default default] Unable to schedule network 8e062336-c3e2-45d7-9f86-04eee7dec286: no agents available; will retry on subsequent port and subnet creation events.
2026-07-25 11:22:09.509 8 INFO neutron.db.ovn_revision_numbers_db [None req-fab5ac90-0279-4815-9cd2-57f675611699 38a2c573bc9d4b879106aa327146fad8 f32042b9a8534e86a0b1ca5f5a89c288 - - default default] Successfully bumped revision number for resource 6cec5731-c930-4363-be1a-70645810c6b2 (type: ports) to 1
2026-07-25 11:22:09.517 7 INFO neutron.plugins.ml2.drivers.ovn.mech_driver.mech_driver [None req-b4dae68c-5e43-4a89-ae18-6d51550c02b2 - - - - - -] OVN reports status down for port: 10ea6af0-8520-453f-8692-5776244a71cb [pid: 8|app: 0|req: 764/1675] 10.0.0.6 () {34 vars in 662 bytes} [Sat Jul 25 11:22:09 2026] POST /v2.0/ports => generated 963 bytes in 441 msecs (HTTP/1.1 201) 4 headers in 162 bytes (1 switches on core 0)
2026-07-25 11:22:09.533 7 INFO neutron.plugins.ml2.drivers.ovn.mech_driver.mech_driver [None req-b4dae68c-5e43-4a89-ae18-6d51550c02b2 - - - - - -] OVN reports status down for port: 6cec5731-c930-4363-be1a-70645810c6b2 /var/lib/openstack/lib/python3.12/site-packages/pycadf/identifier.py:70: UserWarning: Invalid uuid: neutron. To ensure interoperability, identifiers should be a valid uuid. warnings.warn(('Invalid uuid: %s. To ensure interoperability, ' [pid: 8|app: 0|req: 765/1676] 199.204.45.61 () {34 vars in 1110 bytes} [Sat Jul 25 11:22:09 2026] GET /v2.0/networks/9cd6be8a-d4fb-4373-82d2-f418c457bfd0?fields=provider%3Aphysical_network&fields=provider%3Anetwork_type => generated 79 bytes in 42 msecs (HTTP/1.1 200) 4 headers in 156 bytes (1 switches on core 0)
2026-07-25 11:22:09.649 7 INFO neutron.services.segments.plugin [-] Segment 964dfd17-c031-4561-873e-6eac106d7b54 resource provider aggregate not found
2026-07-25 11:22:09.659 7 INFO neutron.services.segments.plugin [-] Segment 964dfd17-c031-4561-873e-6eac106d7b54 resource provider aggregate not found
2026-07-25 11:22:09.680 7 INFO neutron.services.segments.plugin [-] Segment 964dfd17-c031-4561-873e-6eac106d7b54 resource provider not found; error: Placement Client Error (4xx): {"errors": [{"status": 404, "title": "Not Found", "detail": "The resource could not be found.\n\n No resource provider with uuid 964dfd17-c031-4561-873e-6eac106d7b54 found for delete ", "request_id": "req-690c61a7-272d-41e4-bf92-65bd089ad1d3"}]}
2026-07-25 11:22:09.683 7 INFO neutron.services.segments.plugin [-] Segment 964dfd17-c031-4561-873e-6eac106d7b54 resource provider not found; error: Placement Client Error (4xx): {"errors": [{"status": 404, "title": "Not Found", "detail": "The resource could not be found.\n\n No resource provider with uuid 964dfd17-c031-4561-873e-6eac106d7b54 found for delete ", "request_id": "req-1816bfa6-bbe0-4e1c-b1ca-acf72a641bd1"}]} [pid: 7|app: 0|req: 912/1677] 10.0.0.6 () {32 vars in 723 bytes} [Sat Jul 25 11:22:09 2026] DELETE /v2.0/networks/f056520e-7bf6-4ddf-a897-6bb39025ba51 => generated 0 bytes in 516 msecs (HTTP/1.1 204) 3 headers in 131 bytes (1 switches on core 0)
2026-07-25 11:22:09.871 7 INFO neutron_taas.services.taas.taas_plugin [None req-690ed1fa-c8be-4440-ae75-a981035e8cb4 d36db78386c1476f880be5eae7dddc9b 0313ec276e1b4b4187e5420bd855f225 - - default default] TaaS: Handle Delete Port: 004ca3d7-cba5-4ecd-80e5-744671c9a58b
2026-07-25 11:22:09.874 7 INFO neutron_taas.services.taas.tap_mirror_plugin [None req-690ed1fa-c8be-4440-ae75-a981035e8cb4 d36db78386c1476f880be5eae7dddc9b 0313ec276e1b4b4187e5420bd855f225 - - default default] Tap Mirror: Handle Delete Port: 004ca3d7-cba5-4ecd-80e5-744671c9a58b
2026-07-25 11:22:10.107 7 INFO neutron.plugins.ml2.drivers.ovn.mech_driver.mech_driver [None req-b4dae68c-5e43-4a89-ae18-6d51550c02b2 - - - - - -] OVN reports status up for port: 6cec5731-c930-4363-be1a-70645810c6b2
2026-07-25 11:22:10.118 8 INFO neutron.db.ovn_revision_numbers_db [None req-efc1bf9a-8a32-40e0-84f0-d6347d053a4f 38a2c573bc9d4b879106aa327146fad8 f32042b9a8534e86a0b1ca5f5a89c288 - - default default] Successfully bumped revision number for resource 6cec5731-c930-4363-be1a-70645810c6b2 (type: ports) to 2
2026-07-25 11:22:10.128 7 INFO neutron.plugins.ml2.plugin [None req-b4dae68c-5e43-4a89-ae18-6d51550c02b2 - - - - - -] Attempt 1 to provision port 6cec5731-c930-4363-be1a-70645810c6b2
2026-07-25 11:22:10.131 8 INFO neutron.plugins.ml2.plugin [None req-efc1bf9a-8a32-40e0-84f0-d6347d053a4f 38a2c573bc9d4b879106aa327146fad8 f32042b9a8534e86a0b1ca5f5a89c288 - - default default] Attempt 1 to provision port 6cec5731-c930-4363-be1a-70645810c6b2 [pid: 7|app: 0|req: 913/1678] 10.0.0.6 () {32 vars in 723 bytes} [Sat Jul 25 11:22:09 2026] DELETE /v2.0/networks/0fdd4007-22f7-4f83-a4fe-cdc69d821f38 => generated 0 bytes in 452 msecs (HTTP/1.1 204) 3 headers in 131 bytes (1 switches on core 0) [pid: 7|app: 0|req: 914/1679] 10.0.0.166 () {34 vars in 989 bytes} [Sat Jul 25 11:22:10 2026] GET /v2.0/ports?device_id=7725b73b-75cb-4c59-a8fe-f9f1dd7f63db => generated 969 bytes in 149 msecs (HTTP/1.1 200) 4 headers in 157 bytes (1 switches on core 0) [pid: 7|app: 0|req: 915/1680] 10.0.0.6 () {32 vars in 646 bytes} [Sat Jul 25 11:22:10 2026] GET /v2.0/networks => generated 689 bytes in 63 msecs (HTTP/1.1 200) 4 headers in 157 bytes (1 switches on core 0) [pid: 7|app: 0|req: 916/1681] 10.0.0.166 () {34 vars in 1039 bytes} [Sat Jul 25 11:22:10 2026] GET /v2.0/security-groups?id=74c945dc-d4ed-4a55-8927-ebfb71e1a0bc&fields=id&fields=name => generated 114 bytes in 45 msecs (HTTP/1.1 200) 4 headers in 157 bytes (1 switches on core 0)
2026-07-25 11:22:10.568 7 INFO neutron.db.segments_db [None req-b7783673-2f02-4fce-9fbd-cdc91d9075cd d36db78386c1476f880be5eae7dddc9b 0313ec276e1b4b4187e5420bd855f225 - - default default] Added segment ad324c56-9b34-4ef6-bc7a-2cae4755590f of type geneve for network dd351077-1009-40d7-a877-ab1e1364d829
2026-07-25 11:22:10.594 7 INFO neutron.db.ovn_revision_numbers_db [None req-b4dae68c-5e43-4a89-ae18-6d51550c02b2 - - - - - -] Successfully bumped revision number for resource 6cec5731-c930-4363-be1a-70645810c6b2 (type: ports) to 3
2026-07-25 11:22:10.683 8 WARNING neutron.scheduler.dhcp_agent_scheduler [None req-efc1bf9a-8a32-40e0-84f0-d6347d053a4f 38a2c573bc9d4b879106aa327146fad8 f32042b9a8534e86a0b1ca5f5a89c288 - - default default] No more DHCP agents
2026-07-25 11:22:10.684 8 WARNING neutron.api.rpc.agentnotifiers.dhcp_rpc_agent_api [None req-efc1bf9a-8a32-40e0-84f0-d6347d053a4f 38a2c573bc9d4b879106aa327146fad8 f32042b9a8534e86a0b1ca5f5a89c288 - - default default] Unable to schedule network 8e062336-c3e2-45d7-9f86-04eee7dec286: no agents available; will retry on subsequent port and subnet creation events.
2026-07-25 11:22:10.727 7 INFO neutron.db.ovn_revision_numbers_db [None req-b7783673-2f02-4fce-9fbd-cdc91d9075cd d36db78386c1476f880be5eae7dddc9b 0313ec276e1b4b4187e5420bd855f225 - - default default] Successfully bumped revision number for resource dd351077-1009-40d7-a877-ab1e1364d829 (type: networks) to 1
2026-07-25 11:22:10.897 8 INFO neutron.db.ovn_revision_numbers_db [None req-efc1bf9a-8a32-40e0-84f0-d6347d053a4f 38a2c573bc9d4b879106aa327146fad8 f32042b9a8534e86a0b1ca5f5a89c288 - - default default] Successfully bumped revision number for resource 6cec5731-c930-4363-be1a-70645810c6b2 (type: router_ports) to 3 [pid: 8|app: 0|req: 766/1682] 10.0.0.6 () {34 vars in 780 bytes} [Sat Jul 25 11:22:09 2026] PUT /v2.0/routers/061da39b-7e62-43ef-8bfb-56e06b3ffdf3/add_router_interface => generated 309 bytes in 1336 msecs (HTTP/1.1 200) 4 headers in 157 bytes (1 switches on core 0)
2026-07-25 11:22:10.979 7 WARNING neutron.scheduler.dhcp_agent_scheduler [None req-b7783673-2f02-4fce-9fbd-cdc91d9075cd d36db78386c1476f880be5eae7dddc9b 0313ec276e1b4b4187e5420bd855f225 - - default default] No more DHCP agents
2026-07-25 11:22:10.982 7 WARNING neutron.api.rpc.agentnotifiers.dhcp_rpc_agent_api [None req-b7783673-2f02-4fce-9fbd-cdc91d9075cd d36db78386c1476f880be5eae7dddc9b 0313ec276e1b4b4187e5420bd855f225 - - default default] Unable to schedule network dd351077-1009-40d7-a877-ab1e1364d829: no agents available; will retry on subsequent port and subnet creation events.
2026-07-25 11:22:11.034 8 INFO neutron.plugins.ml2.drivers.ovn.mech_driver.mech_driver [None req-3e61a028-beaf-4d3b-aa66-afc114dd324f - - - - - -] OVN reports status down for port: 4c339936-d160-4c28-b1b9-0cdec776b35b /var/lib/openstack/lib/python3.12/site-packages/pycadf/identifier.py:70: UserWarning: Invalid uuid: neutron. To ensure interoperability, identifiers should be a valid uuid. warnings.warn(('Invalid uuid: %s. To ensure interoperability, '
2026-07-25 11:22:11.056 7 INFO neutron.db.ovn_revision_numbers_db [None req-b7783673-2f02-4fce-9fbd-cdc91d9075cd d36db78386c1476f880be5eae7dddc9b 0313ec276e1b4b4187e5420bd855f225 - - default default] Successfully bumped revision number for resource 4c339936-d160-4c28-b1b9-0cdec776b35b (type: ports) to 1 [pid: 7|app: 0|req: 917/1683] 10.0.0.6 () {34 vars in 667 bytes} [Sat Jul 25 11:22:10 2026] POST /v2.0/networks => generated 673 bytes in 627 msecs (HTTP/1.1 201) 4 headers in 162 bytes (1 switches on core 0) /var/lib/openstack/lib/python3.12/site-packages/pycadf/identifier.py:70: UserWarning: Invalid uuid: neutron. To ensure interoperability, identifiers should be a valid uuid. warnings.warn(('Invalid uuid: %s. To ensure interoperability, ' [pid: 7|app: 0|req: 918/1684] 10.0.0.6 () {32 vars in 714 bytes} [Sat Jul 25 11:22:11 2026] GET /v2.0/ports/6cec5731-c930-4363-be1a-70645810c6b2 => generated 1025 bytes in 69 msecs (HTTP/1.1 200) 4 headers in 158 bytes (1 switches on core 0)
2026-07-25 11:22:11.219 8 INFO neutron.db.ovn_revision_numbers_db [None req-997e625a-981e-4424-af2f-cd65c19e3b99 82975452328449429caac8bf2fd80d0a 59f2ff629bab48eeb3fe3d81526c7086 - - default default] Successfully bumped revision number for resource 9604f848-84cd-4bf4-b7e6-755ba3192f86 (type: security_groups) to 1
2026-07-25 11:22:11.223 7 INFO neutron.db.segments_db [None req-fa05993b-9e39-4ef8-a6f0-c4961676b991 d36db78386c1476f880be5eae7dddc9b 0313ec276e1b4b4187e5420bd855f225 - - default default] Added segment 4f18c938-724b-4c03-8ff3-b2ac52d80fad of type geneve for network d8eb2cc6-235e-4989-b924-751a9e216dfd
2026-07-25 11:22:11.234 8 INFO neutron.db.ovn_revision_numbers_db [None req-997e625a-981e-4424-af2f-cd65c19e3b99 82975452328449429caac8bf2fd80d0a 59f2ff629bab48eeb3fe3d81526c7086 - - default default] Successfully bumped revision number for resource 3f7afd1c-e542-4322-8917-c0db360458e0 (type: security_group_rules) to 0
2026-07-25 11:22:11.247 8 INFO neutron.db.ovn_revision_numbers_db [None req-997e625a-981e-4424-af2f-cd65c19e3b99 82975452328449429caac8bf2fd80d0a 59f2ff629bab48eeb3fe3d81526c7086 - - default default] Successfully bumped revision number for resource 76e037de-ce90-4335-b14a-e554f5d95b59 (type: security_group_rules) to 0
2026-07-25 11:22:11.259 8 INFO neutron.db.ovn_revision_numbers_db [None req-997e625a-981e-4424-af2f-cd65c19e3b99 82975452328449429caac8bf2fd80d0a 59f2ff629bab48eeb3fe3d81526c7086 - - default default] Successfully bumped revision number for resource 9a288539-be41-4249-b565-2b057bfb2ac2 (type: security_group_rules) to 0
2026-07-25 11:22:11.270 8 INFO neutron.db.ovn_revision_numbers_db [None req-997e625a-981e-4424-af2f-cd65c19e3b99 82975452328449429caac8bf2fd80d0a 59f2ff629bab48eeb3fe3d81526c7086 - - default default] Successfully bumped revision number for resource ca19e253-4847-4930-964b-81318ec18105 (type: security_group_rules) to 0
2026-07-25 11:22:11.341 7 INFO neutron.db.ovn_revision_numbers_db [None req-fa05993b-9e39-4ef8-a6f0-c4961676b991 d36db78386c1476f880be5eae7dddc9b 0313ec276e1b4b4187e5420bd855f225 - - default default] Successfully bumped revision number for resource d8eb2cc6-235e-4989-b924-751a9e216dfd (type: networks) to 1
2026-07-25 11:22:11.355 8 INFO neutron.db.segments_db [None req-997e625a-981e-4424-af2f-cd65c19e3b99 82975452328449429caac8bf2fd80d0a 59f2ff629bab48eeb3fe3d81526c7086 - - default default] Added segment b6635983-4699-4b96-a5e8-402fe26d0c0c of type geneve for network 747f36ea-2e9b-4c47-b8f6-0eb4bce36250
2026-07-25 11:22:11.464 8 INFO neutron.db.ovn_revision_numbers_db [None req-997e625a-981e-4424-af2f-cd65c19e3b99 82975452328449429caac8bf2fd80d0a 59f2ff629bab48eeb3fe3d81526c7086 - - default default] Successfully bumped revision number for resource 747f36ea-2e9b-4c47-b8f6-0eb4bce36250 (type: networks) to 1
2026-07-25 11:22:11.525 7 WARNING neutron.scheduler.dhcp_agent_scheduler [None req-fa05993b-9e39-4ef8-a6f0-c4961676b991 d36db78386c1476f880be5eae7dddc9b 0313ec276e1b4b4187e5420bd855f225 - - default default] No more DHCP agents
2026-07-25 11:22:11.527 7 WARNING neutron.api.rpc.agentnotifiers.dhcp_rpc_agent_api [None req-fa05993b-9e39-4ef8-a6f0-c4961676b991 d36db78386c1476f880be5eae7dddc9b 0313ec276e1b4b4187e5420bd855f225 - - default default] Unable to schedule network d8eb2cc6-235e-4989-b924-751a9e216dfd: no agents available; will retry on subsequent port and subnet creation events.
2026-07-25 11:22:11.650 7 INFO neutron.db.ovn_revision_numbers_db [None req-fa05993b-9e39-4ef8-a6f0-c4961676b991 d36db78386c1476f880be5eae7dddc9b 0313ec276e1b4b4187e5420bd855f225 - - default default] Successfully bumped revision number for resource 3f11274f-6c72-4838-bd8d-6035b34cfacf (type: ports) to 1 [pid: 7|app: 0|req: 919/1685] 10.0.0.6 () {34 vars in 667 bytes} [Sat Jul 25 11:22:11 2026] POST /v2.0/networks => generated 672 bytes in 529 msecs (HTTP/1.1 201) 4 headers in 162 bytes (1 switches on core 0)
2026-07-25 11:22:11.678 8 WARNING neutron.scheduler.dhcp_agent_scheduler [None req-997e625a-981e-4424-af2f-cd65c19e3b99 82975452328449429caac8bf2fd80d0a 59f2ff629bab48eeb3fe3d81526c7086 - - default default] No more DHCP agents
2026-07-25 11:22:11.681 8 WARNING neutron.api.rpc.agentnotifiers.dhcp_rpc_agent_api [None req-997e625a-981e-4424-af2f-cd65c19e3b99 82975452328449429caac8bf2fd80d0a 59f2ff629bab48eeb3fe3d81526c7086 - - default default] Unable to schedule network 747f36ea-2e9b-4c47-b8f6-0eb4bce36250: no agents available; will retry on subsequent port and subnet creation events.
2026-07-25 11:22:11.705 7 INFO neutron.services.segments.plugin [-] Segment 417452ed-f03c-41be-9674-d50b04e399b2 resource provider aggregate not found
2026-07-25 11:22:11.725 7 INFO neutron.services.segments.plugin [-] Segment 417452ed-f03c-41be-9674-d50b04e399b2 resource provider not found; error: Placement Client Error (4xx): {"errors": [{"status": 404, "title": "Not Found", "detail": "The resource could not be found.\n\n No resource provider with uuid 417452ed-f03c-41be-9674-d50b04e399b2 found for delete ", "request_id": "req-cdac43e2-5e7c-4ff1-8917-7c888f4e898b"}]}
2026-07-25 11:22:11.727 7 INFO neutron.services.segments.plugin [-] Segment 417452ed-f03c-41be-9674-d50b04e399b2 resource provider aggregate not found
2026-07-25 11:22:11.739 8 INFO neutron.plugins.ml2.drivers.ovn.mech_driver.mech_driver [None req-3e61a028-beaf-4d3b-aa66-afc114dd324f - - - - - -] OVN reports status down for port: d793ca49-3007-4844-a930-52370c81fd76
2026-07-25 11:22:11.752 7 INFO neutron.services.segments.plugin [-] Segment 417452ed-f03c-41be-9674-d50b04e399b2 resource provider not found; error: Placement Client Error (4xx): {"errors": [{"status": 404, "title": "Not Found", "detail": "The resource could not be found.\n\n No resource provider with uuid 417452ed-f03c-41be-9674-d50b04e399b2 found for delete ", "request_id": "req-9bf19f5a-9439-4386-9378-0b7553cb4925"}]}
2026-07-25 11:22:11.793 8 INFO neutron.db.ovn_revision_numbers_db [None req-997e625a-981e-4424-af2f-cd65c19e3b99 82975452328449429caac8bf2fd80d0a 59f2ff629bab48eeb3fe3d81526c7086 - - default default] Successfully bumped revision number for resource d793ca49-3007-4844-a930-52370c81fd76 (type: ports) to 1 [pid: 8|app: 0|req: 767/1686] 10.0.0.6 () {34 vars in 667 bytes} [Sat Jul 25 11:22:10 2026] POST /v2.0/networks => generated 651 bytes in 935 msecs (HTTP/1.1 201) 4 headers in 162 bytes (1 switches on core 0) [pid: 8|app: 0|req: 768/1687] 10.0.0.166 () {34 vars in 989 bytes} [Sat Jul 25 11:22:11 2026] GET /v2.0/ports?device_id=7725b73b-75cb-4c59-a8fe-f9f1dd7f63db => generated 969 bytes in 114 msecs (HTTP/1.1 200) 4 headers in 157 bytes (1 switches on core 0)
2026-07-25 11:22:12.066 7 INFO neutron_taas.services.taas.taas_plugin [None req-4d16f93a-b77f-4032-b9b2-f6ce3e7661aa 38a2c573bc9d4b879106aa327146fad8 f32042b9a8534e86a0b1ca5f5a89c288 - - default default] TaaS: Handle Delete Port: 6cec5731-c930-4363-be1a-70645810c6b2
2026-07-25 11:22:12.070 7 INFO neutron_taas.services.taas.tap_mirror_plugin [None req-4d16f93a-b77f-4032-b9b2-f6ce3e7661aa 38a2c573bc9d4b879106aa327146fad8 f32042b9a8534e86a0b1ca5f5a89c288 - - default default] Tap Mirror: Handle Delete Port: 6cec5731-c930-4363-be1a-70645810c6b2
2026-07-25 11:22:12.285 8 INFO neutron.plugins.ml2.drivers.ovn.mech_driver.mech_driver [None req-3e61a028-beaf-4d3b-aa66-afc114dd324f - - - - - -] OVN reports status up for port: 4fdfb76d-1538-440f-af16-98f8f29f7ea1
2026-07-25 11:22:12.309 8 INFO neutron.plugins.ml2.plugin [None req-3e61a028-beaf-4d3b-aa66-afc114dd324f - - - - - -] Attempt 1 to provision port 4fdfb76d-1538-440f-af16-98f8f29f7ea1 [pid: 7|app: 0|req: 920/1688] 10.0.0.6 () {34 vars in 786 bytes} [Sat Jul 25 11:22:11 2026] PUT /v2.0/routers/061da39b-7e62-43ef-8bfb-56e06b3ffdf3/remove_router_interface => generated 309 bytes in 747 msecs (HTTP/1.1 200) 4 headers in 157 bytes (1 switches on core 0) /var/lib/openstack/lib/python3.12/site-packages/pycadf/identifier.py:70: UserWarning: Invalid uuid: neutron. To ensure interoperability, identifiers should be a valid uuid. warnings.warn(('Invalid uuid: %s. To ensure interoperability, '
2026-07-25 11:22:12.485 8 WARNING neutron.scheduler.dhcp_agent_scheduler [None req-c4ba9457-c3de-4c21-a8a4-91691f7cd711 d36db78386c1476f880be5eae7dddc9b 0313ec276e1b4b4187e5420bd855f225 - - default default] No more DHCP agents
2026-07-25 11:22:12.487 8 WARNING neutron.api.rpc.agentnotifiers.dhcp_rpc_agent_api [None req-c4ba9457-c3de-4c21-a8a4-91691f7cd711 d36db78386c1476f880be5eae7dddc9b 0313ec276e1b4b4187e5420bd855f225 - - default default] Unable to schedule network dd351077-1009-40d7-a877-ab1e1364d829: no agents available; will retry on subsequent port and subnet creation events. [pid: 7|app: 0|req: 921/1689] 10.0.0.6 () {34 vars in 750 bytes} [Sat Jul 25 11:22:12 2026] PUT /v2.0/networks/747f36ea-2e9b-4c47-b8f6-0eb4bce36250/tags => generated 25 bytes in 88 msecs (HTTP/1.1 200) 4 headers in 156 bytes (1 switches on core 0)
2026-07-25 11:22:12.515 8 INFO neutron.notifiers.nova [-] Nova event matching ['req-575f6473-9dae-4107-99d5-5c93ad226614'] response: {'server_uuid': '7725b73b-75cb-4c59-a8fe-f9f1dd7f63db', 'name': 'network-vif-plugged', 'status': 'completed', 'tag': '4fdfb76d-1538-440f-af16-98f8f29f7ea1', 'code': 200} [pid: 7|app: 0|req: 922/1690] 10.0.0.166 () {34 vars in 1039 bytes} [Sat Jul 25 11:22:12 2026] GET /v2.0/security-groups?id=74c945dc-d4ed-4a55-8927-ebfb71e1a0bc&fields=id&fields=name => generated 114 bytes in 32 msecs (HTTP/1.1 200) 4 headers in 157 bytes (1 switches on core 0)
2026-07-25 11:22:12.639 8 INFO neutron.db.ovn_revision_numbers_db [None req-c4ba9457-c3de-4c21-a8a4-91691f7cd711 d36db78386c1476f880be5eae7dddc9b 0313ec276e1b4b4187e5420bd855f225 - - default default] Successfully bumped revision number for resource 1afeb3b8-27c7-4f06-86da-676fbe338e10 (type: ports) to 1
2026-07-25 11:22:12.654 7 INFO neutron.api.v2.resource [None req-3a50af28-9059-4444-b91c-17c660262225 38a2c573bc9d4b879106aa327146fad8 f32042b9a8534e86a0b1ca5f5a89c288 - - default default] remove_router_interface failed (client error): The resource could not be found. [pid: 7|app: 0|req: 923/1691] 10.0.0.6 () {34 vars in 786 bytes} [Sat Jul 25 11:22:12 2026] PUT /v2.0/routers/061da39b-7e62-43ef-8bfb-56e06b3ffdf3/remove_router_interface => generated 197 bytes in 111 msecs (HTTP/1.1 404) 4 headers in 164 bytes (1 switches on core 0) [pid: 7|app: 0|req: 924/1692] 10.0.0.6 () {32 vars in 730 bytes} [Sat Jul 25 11:22:12 2026] GET /v2.0/networks/747f36ea-2e9b-4c47-b8f6-0eb4bce36250/tags => generated 25 bytes in 61 msecs (HTTP/1.1 200) 4 headers in 156 bytes (1 switches on core 0)
2026-07-25 11:22:12.718 8 WARNING neutron.scheduler.dhcp_agent_scheduler [None req-c4ba9457-c3de-4c21-a8a4-91691f7cd711 d36db78386c1476f880be5eae7dddc9b 0313ec276e1b4b4187e5420bd855f225 - - default default] No more DHCP agents
2026-07-25 11:22:12.720 8 WARNING neutron.api.rpc.agentnotifiers.dhcp_rpc_agent_api [None req-c4ba9457-c3de-4c21-a8a4-91691f7cd711 d36db78386c1476f880be5eae7dddc9b 0313ec276e1b4b4187e5420bd855f225 - - default default] Unable to schedule network d8eb2cc6-235e-4989-b924-751a9e216dfd: no agents available; will retry on subsequent port and subnet creation events.
2026-07-25 11:22:12.722 8 INFO neutron.db.ovn_revision_numbers_db [None req-3e61a028-beaf-4d3b-aa66-afc114dd324f - - - - - -] Successfully bumped revision number for resource 4fdfb76d-1538-440f-af16-98f8f29f7ea1 (type: ports) to 5 [pid: 7|app: 0|req: 925/1693] 10.0.0.6 () {32 vars in 733 bytes} [Sat Jul 25 11:22:12 2026] GET /v2.0/ports?device_id=061da39b-7e62-43ef-8bfb-56e06b3ffdf3 => generated 12 bytes in 17 msecs (HTTP/1.1 200) 4 headers in 156 bytes (1 switches on core 0) [pid: 7|app: 0|req: 926/1694] 10.0.0.6 () {34 vars in 761 bytes} [Sat Jul 25 11:22:12 2026] PUT /v2.0/networks/747f36ea-2e9b-4c47-b8f6-0eb4bce36250/tags/green => generated 4 bytes in 122 msecs (HTTP/1.1 201) 4 headers in 160 bytes (1 switches on core 0)
2026-07-25 11:22:12.898 8 INFO neutron.db.ovn_revision_numbers_db [None req-c4ba9457-c3de-4c21-a8a4-91691f7cd711 d36db78386c1476f880be5eae7dddc9b 0313ec276e1b4b4187e5420bd855f225 - - default default] Successfully bumped revision number for resource 96004f88-4186-4759-b50c-eba96b1da4f5 (type: ports) to 1 [pid: 8|app: 0|req: 769/1695] 10.0.0.6 () {34 vars in 662 bytes} [Sat Jul 25 11:22:11 2026] POST /v2.0/ports => generated 1506 bytes in 1031 msecs (HTTP/1.1 201) 4 headers in 163 bytes (1 switches on core 0) /var/lib/openstack/lib/python3.12/site-packages/pycadf/identifier.py:70: UserWarning: Invalid uuid: neutron. To ensure interoperability, identifiers should be a valid uuid. warnings.warn(('Invalid uuid: %s. To ensure interoperability, ' [pid: 8|app: 0|req: 770/1696] 10.0.0.6 () {32 vars in 730 bytes} [Sat Jul 25 11:22:12 2026] GET /v2.0/networks/747f36ea-2e9b-4c47-b8f6-0eb4bce36250/tags => generated 34 bytes in 41 msecs (HTTP/1.1 200) 4 headers in 156 bytes (1 switches on core 0) [pid: 8|app: 0|req: 771/1697] 10.0.0.6 () {32 vars in 640 bytes} [Sat Jul 25 11:22:13 2026] GET /v2.0/ports => generated 3018 bytes in 52 msecs (HTTP/1.1 200) 4 headers in 158 bytes (1 switches on core 0) [pid: 7|app: 0|req: 927/1698] 10.0.0.6 () {32 vars in 721 bytes} [Sat Jul 25 11:22:12 2026] DELETE /v2.0/routers/061da39b-7e62-43ef-8bfb-56e06b3ffdf3 => generated 0 bytes in 234 msecs (HTTP/1.1 204) 2 headers in 112 bytes (1 switches on core 0) [pid: 8|app: 0|req: 772/1699] 10.0.0.6 () {34 vars in 757 bytes} [Sat Jul 25 11:22:13 2026] PUT /v2.0/networks/747f36ea-2e9b-4c47-b8f6-0eb4bce36250/tags/red => generated 4 bytes in 56 msecs (HTTP/1.1 201) 4 headers in 160 bytes (1 switches on core 0)
2026-07-25 11:22:13.253 7 INFO neutron_taas.services.taas.taas_plugin [None req-a966e1ea-9727-4ea7-a35c-74065b5c69a9 d36db78386c1476f880be5eae7dddc9b 0313ec276e1b4b4187e5420bd855f225 - - default default] TaaS: Handle Delete Port: 1afeb3b8-27c7-4f06-86da-676fbe338e10
