2026-07-25 11:17:38.088 8 INFO neutron.api.v2.resource [None req-01b58349-2dbe-46aa-bbf5-784682908f57 e955f6efd8574528b779215b0150fb64 2e6b8bfa800b4b77b6e5c03c08f2bba2 - - default default] show failed (client error): The resource could not be found. [pid: 8|app: 0|req: 222/434] 199.204.45.61 () {44 vars in 954 bytes} [Sat Jul 25 11:17:38 2026] GET /v2.0/security-groups/lb-mgmt-sec-grp => generated 125 bytes in 47 msecs (HTTP/1.1 404) 4 headers in 164 bytes (1 switches on core 0) [pid: 7|app: 0|req: 213/435] 199.204.45.61 () {44 vars in 976 bytes} [Sat Jul 25 11:17:38 2026] GET /v2.0/security-groups?name=lb-mgmt-sec-grp => generated 2885 bytes in 24 msecs (HTTP/1.1 200) 4 headers in 158 bytes (1 switches on core 0) [pid: 8|app: 0|req: 223/436] 199.204.45.61 () {44 vars in 996 bytes} [Sat Jul 25 11:17:39 2026] GET /v2.0/security-groups/00084908-be56-4982-90c9-38a8cbd00b03 => generated 2886 bytes in 63 msecs (HTTP/1.1 200) 4 headers in 158 bytes (1 switches on core 0) [pid: 7|app: 0|req: 214/437] 199.204.45.61 () {44 vars in 996 bytes} [Sat Jul 25 11:17:39 2026] GET /v2.0/security-groups/00084908-be56-4982-90c9-38a8cbd00b03 => generated 2886 bytes in 30 msecs (HTTP/1.1 200) 4 headers in 158 bytes (1 switches on core 0) [pid: 8|app: 0|req: 224/438] 199.204.45.61 () {44 vars in 1006 bytes} [Sat Jul 25 11:17:39 2026] GET /v2.0/security-group-rules/db777b84-7355-4a95-9297-346b9c101e7c => generated 623 bytes in 19 msecs (HTTP/1.1 200) 4 headers in 157 bytes (1 switches on core 0) [pid: 7|app: 0|req: 215/439] 199.204.45.61 () {44 vars in 996 bytes} [Sat Jul 25 11:17:40 2026] GET /v2.0/security-groups/00084908-be56-4982-90c9-38a8cbd00b03 => generated 2886 bytes in 49 msecs (HTTP/1.1 200) 4 headers in 158 bytes (1 switches on core 0) [pid: 8|app: 0|req: 225/440] 199.204.45.61 () {44 vars in 996 bytes} [Sat Jul 25 11:17:40 2026] GET /v2.0/security-groups/00084908-be56-4982-90c9-38a8cbd00b03 => generated 2886 bytes in 30 msecs (HTTP/1.1 200) 4 headers in 158 bytes (1 switches on core 0) [pid: 7|app: 0|req: 216/441] 199.204.45.61 () {44 vars in 1006 bytes} [Sat Jul 25 11:17:40 2026] GET /v2.0/security-group-rules/d5b0730b-3a04-48dd-9ef0-e366a5a634ad => generated 627 bytes in 23 msecs (HTTP/1.1 200) 4 headers in 157 bytes (1 switches on core 0) [pid: 8|app: 0|req: 227/444] 10.0.0.68 () {28 vars in 589 bytes} [Sat Jul 25 11:17:45 2026] GET /v2.0/floatingips => generated 19 bytes in 55 msecs (HTTP/1.1 200) 4 headers in 156 bytes (1 switches on core 0) [pid: 7|app: 0|req: 218/445] 10.0.0.68 () {28 vars in 577 bytes} [Sat Jul 25 11:17:45 2026] GET /v2.0/ports => generated 5175 bytes in 69 msecs (HTTP/1.1 200) 4 headers in 158 bytes (1 switches on core 0) [pid: 8|app: 0|req: 228/446] 10.0.0.68 () {28 vars in 579 bytes} [Sat Jul 25 11:17:45 2026] GET /v2.0/agents => generated 1214 bytes in 40 msecs (HTTP/1.1 200) 4 headers in 158 bytes (1 switches on core 0) [pid: 7|app: 0|req: 219/447] 10.0.0.68 () {28 vars in 597 bytes} [Sat Jul 25 11:17:45 2026] GET /v2.0/security-groups => generated 17401 bytes in 41 msecs (HTTP/1.1 200) 4 headers in 159 bytes (1 switches on core 0) [pid: 8|app: 0|req: 229/448] 10.0.0.68 () {28 vars in 581 bytes} [Sat Jul 25 11:17:46 2026] GET /v2.0/routers => generated 15 bytes in 24 msecs (HTTP/1.1 200) 4 headers in 156 bytes (1 switches on core 0) [pid: 7|app: 0|req: 220/449] 10.0.0.68 () {28 vars in 622 bytes} [Sat Jul 25 11:17:46 2026] GET /v2.0/agents?binary=ovn-controller => generated 416 bytes in 12 msecs (HTTP/1.1 200) 4 headers in 157 bytes (1 switches on core 0) [pid: 8|app: 0|req: 230/450] 10.0.0.68 () {28 vars in 617 bytes} [Sat Jul 25 11:17:46 2026] GET /v2.0/network-ip-availabilities => generated 1104 bytes in 14 msecs (HTTP/1.1 200) 4 headers in 158 bytes (1 switches on core 0) [pid: 7|app: 0|req: 221/451] 10.0.0.68 () {28 vars in 583 bytes} [Sat Jul 25 11:17:46 2026] GET /v2.0/networks => generated 2288 bytes in 55 msecs (HTTP/1.1 200) 4 headers in 158 bytes (1 switches on core 0) [pid: 8|app: 0|req: 231/452] 10.0.0.68 () {28 vars in 581 bytes} [Sat Jul 25 11:17:46 2026] GET /v2.0/subnets => generated 1308 bytes in 32 msecs (HTTP/1.1 200) 4 headers in 158 bytes (1 switches on core 0) [pid: 7|app: 0|req: 222/453] 10.0.0.68 () {28 vars in 581 bytes} [Sat Jul 25 11:17:46 2026] GET /v2.0/subnets => generated 1308 bytes in 34 msecs (HTTP/1.1 200) 4 headers in 158 bytes (1 switches on core 0) [pid: 8|app: 0|req: 232/454] 10.0.0.68 () {28 vars in 589 bytes} [Sat Jul 25 11:17:46 2026] GET /v2.0/subnetpools => generated 19 bytes in 11 msecs (HTTP/1.1 200) 4 headers in 156 bytes (1 switches on core 0) [pid: 8|app: 0|req: 236/461] 199.204.45.61 () {44 vars in 944 bytes} [Sat Jul 25 11:18:39 2026] GET /v2.0/networks?name=public => generated 791 bytes in 151 msecs (HTTP/1.1 200) 4 headers in 157 bytes (1 switches on core 0) [pid: 7|app: 0|req: 227/464] 10.0.0.68 () {28 vars in 581 bytes} [Sat Jul 25 11:18:45 2026] GET /v2.0/subnets => generated 1308 bytes in 88 msecs (HTTP/1.1 200) 4 headers in 158 bytes (1 switches on core 0) [pid: 8|app: 0|req: 238/465] 10.0.0.68 () {28 vars in 577 bytes} [Sat Jul 25 11:18:45 2026] GET /v2.0/ports => generated 5175 bytes in 54 msecs (HTTP/1.1 200) 4 headers in 158 bytes (1 switches on core 0) [pid: 7|app: 0|req: 228/466] 10.0.0.68 () {28 vars in 579 bytes} [Sat Jul 25 11:18:45 2026] GET /v2.0/agents => generated 1214 bytes in 47 msecs (HTTP/1.1 200) 4 headers in 158 bytes (1 switches on core 0) [pid: 8|app: 0|req: 239/467] 10.0.0.68 () {28 vars in 617 bytes} [Sat Jul 25 11:18:46 2026] GET /v2.0/network-ip-availabilities => generated 1104 bytes in 16 msecs (HTTP/1.1 200) 4 headers in 158 bytes (1 switches on core 0) [pid: 7|app: 0|req: 229/468] 10.0.0.68 () {28 vars in 589 bytes} [Sat Jul 25 11:18:46 2026] GET /v2.0/floatingips => generated 19 bytes in 15 msecs (HTTP/1.1 200) 4 headers in 156 bytes (1 switches on core 0) [pid: 8|app: 0|req: 240/469] 10.0.0.68 () {28 vars in 583 bytes} [Sat Jul 25 11:18:46 2026] GET /v2.0/networks => generated 2288 bytes in 47 msecs (HTTP/1.1 200) 4 headers in 158 bytes (1 switches on core 0) [pid: 7|app: 0|req: 230/470] 10.0.0.68 () {28 vars in 597 bytes} [Sat Jul 25 11:18:46 2026] GET /v2.0/security-groups => generated 17401 bytes in 31 msecs (HTTP/1.1 200) 4 headers in 159 bytes (1 switches on core 0) [pid: 8|app: 0|req: 241/471] 10.0.0.68 () {28 vars in 581 bytes} [Sat Jul 25 11:18:46 2026] GET /v2.0/subnets => generated 1308 bytes in 28 msecs (HTTP/1.1 200) 4 headers in 158 bytes (1 switches on core 0) [pid: 7|app: 0|req: 231/472] 10.0.0.68 () {28 vars in 589 bytes} [Sat Jul 25 11:18:46 2026] GET /v2.0/subnetpools => generated 19 bytes in 9 msecs (HTTP/1.1 200) 4 headers in 156 bytes (1 switches on core 0) [pid: 8|app: 0|req: 242/473] 10.0.0.68 () {28 vars in 581 bytes} [Sat Jul 25 11:18:46 2026] GET /v2.0/routers => generated 15 bytes in 19 msecs (HTTP/1.1 200) 4 headers in 156 bytes (1 switches on core 0) [pid: 7|app: 0|req: 232/474] 10.0.0.68 () {28 vars in 622 bytes} [Sat Jul 25 11:18:46 2026] GET /v2.0/agents?binary=ovn-controller => generated 416 bytes in 11 msecs (HTTP/1.1 200) 4 headers in 157 bytes (1 switches on core 0) [pid: 8|app: 0|req: 244/477] 10.0.0.6 () {32 vars in 646 bytes} [Sat Jul 25 11:19:14 2026] GET /v2.0/networks => generated 2288 bytes in 229 msecs (HTTP/1.1 200) 4 headers in 158 bytes (1 switches on core 0) [pid: 7|app: 0|req: 235/480] 10.0.0.6 () {32 vars in 652 bytes} [Sat Jul 25 11:19:16 2026] GET /v2.0/floatingips => generated 19 bytes in 19 msecs (HTTP/1.1 200) 4 headers in 156 bytes (1 switches on core 0) [pid: 8|app: 0|req: 246/481] 10.0.0.6 () {32 vars in 644 bytes} [Sat Jul 25 11:19:16 2026] GET /v2.0/routers => generated 15 bytes in 17 msecs (HTTP/1.1 200) 4 headers in 156 bytes (1 switches on core 0) [pid: 7|app: 0|req: 236/482] 10.0.0.6 () {32 vars in 640 bytes} [Sat Jul 25 11:19:16 2026] GET /v2.0/ports => generated 5175 bytes in 43 msecs (HTTP/1.1 200) 4 headers in 158 bytes (1 switches on core 0) [pid: 8|app: 0|req: 247/483] 10.0.0.6 () {32 vars in 644 bytes} [Sat Jul 25 11:19:16 2026] GET /v2.0/subnets => generated 1308 bytes in 29 msecs (HTTP/1.1 200) 4 headers in 158 bytes (1 switches on core 0) [pid: 7|app: 0|req: 237/484] 10.0.0.6 () {32 vars in 646 bytes} [Sat Jul 25 11:19:16 2026] GET /v2.0/networks => generated 2288 bytes in 45 msecs (HTTP/1.1 200) 4 headers in 158 bytes (1 switches on core 0) [pid: 8|app: 0|req: 248/485] 10.0.0.6 () {32 vars in 660 bytes} [Sat Jul 25 11:19:16 2026] GET /v2.0/security-groups => generated 17401 bytes in 32 msecs (HTTP/1.1 200) 4 headers in 159 bytes (1 switches on core 0) [pid: 7|app: 0|req: 238/486] 10.0.0.6 () {32 vars in 652 bytes} [Sat Jul 25 11:19:16 2026] GET /v2.0/subnetpools => generated 19 bytes in 13 msecs (HTTP/1.1 200) 4 headers in 156 bytes (1 switches on core 0)
2026-07-25 11:19:27.364 8 INFO neutron.db.ovn_revision_numbers_db [None req-3b615b6d-4b80-47f9-9e70-223c81059bb0 e955f6efd8574528b779215b0150fb64 2e6b8bfa800b4b77b6e5c03c08f2bba2 - - default default] Successfully bumped revision number for resource 55376e67-2b44-469c-b42e-dc58fdcd6375 (type: security_groups) to 1
2026-07-25 11:19:27.365 7 INFO neutron.db.ovn_revision_numbers_db [None req-72840d2e-ecc3-4a92-ba99-f6273a1adc2c e955f6efd8574528b779215b0150fb64 2e6b8bfa800b4b77b6e5c03c08f2bba2 - - default default] Successfully bumped revision number for resource 087e52d5-37a8-4241-9b3d-80e4cefcc28b (type: security_groups) to 1
2026-07-25 11:19:27.378 7 INFO neutron.db.ovn_revision_numbers_db [None req-72840d2e-ecc3-4a92-ba99-f6273a1adc2c e955f6efd8574528b779215b0150fb64 2e6b8bfa800b4b77b6e5c03c08f2bba2 - - default default] Successfully bumped revision number for resource 264d9957-db5e-40ec-9ee3-cf267de585d8 (type: security_group_rules) to 0
2026-07-25 11:19:27.381 8 INFO neutron.db.ovn_revision_numbers_db [None req-3b615b6d-4b80-47f9-9e70-223c81059bb0 e955f6efd8574528b779215b0150fb64 2e6b8bfa800b4b77b6e5c03c08f2bba2 - - default default] Successfully bumped revision number for resource 0dba8036-1a48-4f59-9ea2-88dc3a9cab3e (type: security_group_rules) to 0
2026-07-25 11:19:27.392 7 INFO neutron.db.ovn_revision_numbers_db [None req-72840d2e-ecc3-4a92-ba99-f6273a1adc2c e955f6efd8574528b779215b0150fb64 2e6b8bfa800b4b77b6e5c03c08f2bba2 - - default default] Successfully bumped revision number for resource 480ef15a-c5c0-4f65-b35f-5363a9caeac7 (type: security_group_rules) to 0
2026-07-25 11:19:27.397 8 INFO neutron.db.ovn_revision_numbers_db [None req-3b615b6d-4b80-47f9-9e70-223c81059bb0 e955f6efd8574528b779215b0150fb64 2e6b8bfa800b4b77b6e5c03c08f2bba2 - - default default] Successfully bumped revision number for resource 679e2324-0a81-41f5-ad6e-8fed3ba7b62e (type: security_group_rules) to 0
2026-07-25 11:19:27.404 7 INFO neutron.db.ovn_revision_numbers_db [None req-72840d2e-ecc3-4a92-ba99-f6273a1adc2c e955f6efd8574528b779215b0150fb64 2e6b8bfa800b4b77b6e5c03c08f2bba2 - - default default] Successfully bumped revision number for resource 4845e618-38b3-4b63-bb0e-59ff3a6efa07 (type: security_group_rules) to 0
2026-07-25 11:19:27.409 8 INFO neutron.db.ovn_revision_numbers_db [None req-3b615b6d-4b80-47f9-9e70-223c81059bb0 e955f6efd8574528b779215b0150fb64 2e6b8bfa800b4b77b6e5c03c08f2bba2 - - default default] Successfully bumped revision number for resource d1d7ab57-9c49-42b0-b211-dd9420f87714 (type: security_group_rules) to 0
2026-07-25 11:19:27.419 8 INFO neutron.db.ovn_revision_numbers_db [None req-3b615b6d-4b80-47f9-9e70-223c81059bb0 e955f6efd8574528b779215b0150fb64 2e6b8bfa800b4b77b6e5c03c08f2bba2 - - default default] Successfully bumped revision number for resource f153cb1f-7716-4b31-b86e-09d2bd6f46a7 (type: security_group_rules) to 0
2026-07-25 11:19:27.420 7 INFO neutron.db.ovn_revision_numbers_db [None req-72840d2e-ecc3-4a92-ba99-f6273a1adc2c e955f6efd8574528b779215b0150fb64 2e6b8bfa800b4b77b6e5c03c08f2bba2 - - default default] Successfully bumped revision number for resource fde809fd-b781-49cd-9084-82e8ac20acba (type: security_group_rules) to 0
2026-07-25 11:19:27.516 7 INFO neutron.db.segments_db [None req-72840d2e-ecc3-4a92-ba99-f6273a1adc2c e955f6efd8574528b779215b0150fb64 2e6b8bfa800b4b77b6e5c03c08f2bba2 - - default default] Added segment 3862929c-3682-4f08-a75e-435f9c015ddf of type geneve for network 6b13c0c8-83e0-4f25-9985-3f1648d785e0
2026-07-25 11:19:27.555 8 INFO neutron.db.segments_db [None req-3b615b6d-4b80-47f9-9e70-223c81059bb0 e955f6efd8574528b779215b0150fb64 2e6b8bfa800b4b77b6e5c03c08f2bba2 - - default default] Added segment 68b1a8ad-1ed8-4098-9444-8ba98c3a90dc of type geneve for network 63b4e1da-916c-4b15-a1f3-a8b20d7b9dea
2026-07-25 11:19:27.670 7 INFO neutron.db.ovn_revision_numbers_db [None req-72840d2e-ecc3-4a92-ba99-f6273a1adc2c e955f6efd8574528b779215b0150fb64 2e6b8bfa800b4b77b6e5c03c08f2bba2 - - default default] Successfully bumped revision number for resource 6b13c0c8-83e0-4f25-9985-3f1648d785e0 (type: networks) to 1
2026-07-25 11:19:27.685 8 INFO neutron.db.ovn_revision_numbers_db [None req-3b615b6d-4b80-47f9-9e70-223c81059bb0 e955f6efd8574528b779215b0150fb64 2e6b8bfa800b4b77b6e5c03c08f2bba2 - - default default] Successfully bumped revision number for resource 63b4e1da-916c-4b15-a1f3-a8b20d7b9dea (type: networks) to 1
2026-07-25 11:19:27.841 8 WARNING neutron.scheduler.dhcp_agent_scheduler [None req-3b615b6d-4b80-47f9-9e70-223c81059bb0 e955f6efd8574528b779215b0150fb64 2e6b8bfa800b4b77b6e5c03c08f2bba2 - - default default] No more DHCP agents
2026-07-25 11:19:27.844 8 WARNING neutron.api.rpc.agentnotifiers.dhcp_rpc_agent_api [None req-3b615b6d-4b80-47f9-9e70-223c81059bb0 e955f6efd8574528b779215b0150fb64 2e6b8bfa800b4b77b6e5c03c08f2bba2 - - default default] Unable to schedule network 63b4e1da-916c-4b15-a1f3-a8b20d7b9dea: no agents available; will retry on subsequent port and subnet creation events.
2026-07-25 11:19:27.869 7 WARNING neutron.scheduler.dhcp_agent_scheduler [None req-72840d2e-ecc3-4a92-ba99-f6273a1adc2c e955f6efd8574528b779215b0150fb64 2e6b8bfa800b4b77b6e5c03c08f2bba2 - - default default] No more DHCP agents
2026-07-25 11:19:27.870 7 WARNING neutron.api.rpc.agentnotifiers.dhcp_rpc_agent_api [None req-72840d2e-ecc3-4a92-ba99-f6273a1adc2c e955f6efd8574528b779215b0150fb64 2e6b8bfa800b4b77b6e5c03c08f2bba2 - - default default] Unable to schedule network 6b13c0c8-83e0-4f25-9985-3f1648d785e0: no agents available; will retry on subsequent port and subnet creation events.
2026-07-25 11:19:27.898 8 INFO neutron.plugins.ml2.drivers.ovn.mech_driver.mech_driver [None req-d7d437a0-ec52-4aa6-b46a-b3de8e64b3c6 - - - - - -] OVN reports status down for port: 3807a076-673b-4dae-bf71-2fb6807bf318
2026-07-25 11:19:27.941 7 INFO neutron.plugins.ml2.drivers.ovn.mech_driver.mech_driver [None req-0b64452a-623c-4efb-8b0a-576a2b4ce058 - - - - - -] OVN reports status down for port: f6408ea6-363b-4f2e-b752-7d2d717e6894
2026-07-25 11:19:27.987 8 INFO neutron.db.ovn_revision_numbers_db [None req-3b615b6d-4b80-47f9-9e70-223c81059bb0 e955f6efd8574528b779215b0150fb64 2e6b8bfa800b4b77b6e5c03c08f2bba2 - - default default] Successfully bumped revision number for resource 3807a076-673b-4dae-bf71-2fb6807bf318 (type: ports) to 1
2026-07-25 11:19:28.014 7 INFO neutron.db.ovn_revision_numbers_db [None req-72840d2e-ecc3-4a92-ba99-f6273a1adc2c e955f6efd8574528b779215b0150fb64 2e6b8bfa800b4b77b6e5c03c08f2bba2 - - default default] Successfully bumped revision number for resource f6408ea6-363b-4f2e-b752-7d2d717e6894 (type: ports) to 1 [pid: 8|app: 0|req: 249/487] 10.0.0.6 () {34 vars in 668 bytes} [Sat Jul 25 11:19:27 2026] POST /v2.0/networks => generated 774 bytes in 983 msecs (HTTP/1.1 201) 4 headers in 162 bytes (1 switches on core 0) [pid: 7|app: 0|req: 239/488] 10.0.0.6 () {34 vars in 668 bytes} [Sat Jul 25 11:19:27 2026] POST /v2.0/networks => generated 769 bytes in 981 msecs (HTTP/1.1 201) 4 headers in 162 bytes (1 switches on core 0)
2026-07-25 11:19:28.254 7 INFO neutron.db.ovn_revision_numbers_db [None req-9176b2d1-a8b9-4ed9-b005-25478f3e0408 e955f6efd8574528b779215b0150fb64 2e6b8bfa800b4b77b6e5c03c08f2bba2 - - default default] Successfully bumped revision number for resource c49e5856-4945-46ac-b136-7b8d35efea43 (type: security_groups) to 1
2026-07-25 11:19:28.272 7 INFO neutron.db.ovn_revision_numbers_db [None req-9176b2d1-a8b9-4ed9-b005-25478f3e0408 e955f6efd8574528b779215b0150fb64 2e6b8bfa800b4b77b6e5c03c08f2bba2 - - default default] Successfully bumped revision number for resource b9cc0989-c6ed-42e0-a5f2-fd780c2db467 (type: security_group_rules) to 0
2026-07-25 11:19:28.282 8 INFO neutron.db.ovn_revision_numbers_db [None req-060dbacf-665a-497b-ad12-3c155a9e035b e955f6efd8574528b779215b0150fb64 2e6b8bfa800b4b77b6e5c03c08f2bba2 - - default default] Successfully bumped revision number for resource 67c63b44-3567-4d77-9992-a304fef4e3ca (type: security_groups) to 1
2026-07-25 11:19:28.285 7 INFO neutron.db.ovn_revision_numbers_db [None req-9176b2d1-a8b9-4ed9-b005-25478f3e0408 e955f6efd8574528b779215b0150fb64 2e6b8bfa800b4b77b6e5c03c08f2bba2 - - default default] Successfully bumped revision number for resource bb208255-90d2-49ba-942f-fbb1836b5b89 (type: security_group_rules) to 0
2026-07-25 11:19:28.293 8 INFO neutron.db.ovn_revision_numbers_db [None req-060dbacf-665a-497b-ad12-3c155a9e035b e955f6efd8574528b779215b0150fb64 2e6b8bfa800b4b77b6e5c03c08f2bba2 - - default default] Successfully bumped revision number for resource 0cd35126-09b5-4564-bfcf-d28063c065ba (type: security_group_rules) to 0
2026-07-25 11:19:28.296 7 INFO neutron.db.ovn_revision_numbers_db [None req-9176b2d1-a8b9-4ed9-b005-25478f3e0408 e955f6efd8574528b779215b0150fb64 2e6b8bfa800b4b77b6e5c03c08f2bba2 - - default default] Successfully bumped revision number for resource bfa0c439-98a5-43dd-8a54-d1a87c52eba1 (type: security_group_rules) to 0
2026-07-25 11:19:28.304 8 INFO neutron.db.ovn_revision_numbers_db [None req-060dbacf-665a-497b-ad12-3c155a9e035b e955f6efd8574528b779215b0150fb64 2e6b8bfa800b4b77b6e5c03c08f2bba2 - - default default] Successfully bumped revision number for resource 12f68e03-5727-4803-8bec-02dd45d43c8a (type: security_group_rules) to 0
2026-07-25 11:19:28.306 7 INFO neutron.db.ovn_revision_numbers_db [None req-9176b2d1-a8b9-4ed9-b005-25478f3e0408 e955f6efd8574528b779215b0150fb64 2e6b8bfa800b4b77b6e5c03c08f2bba2 - - default default] Successfully bumped revision number for resource da8079ed-89b5-44cf-a2aa-8a7c4d569f62 (type: security_group_rules) to 0
2026-07-25 11:19:28.313 8 INFO neutron.db.ovn_revision_numbers_db [None req-060dbacf-665a-497b-ad12-3c155a9e035b e955f6efd8574528b779215b0150fb64 2e6b8bfa800b4b77b6e5c03c08f2bba2 - - default default] Successfully bumped revision number for resource 33b7db33-7c77-416c-b60e-6d83d435fefc (type: security_group_rules) to 0
2026-07-25 11:19:28.324 8 INFO neutron.db.ovn_revision_numbers_db [None req-060dbacf-665a-497b-ad12-3c155a9e035b e955f6efd8574528b779215b0150fb64 2e6b8bfa800b4b77b6e5c03c08f2bba2 - - default default] Successfully bumped revision number for resource 9337c001-b62c-4757-8843-b633fad0fb21 (type: security_group_rules) to 0 [pid: 7|app: 0|req: 240/489] 10.0.0.6 () {32 vars in 771 bytes} [Sat Jul 25 11:19:28 2026] GET /v2.0/security-groups?tenant_id=29bb3786cde1404984419ba9191bf908&name=default => generated 2921 bytes in 286 msecs (HTTP/1.1 200) 4 headers in 158 bytes (1 switches on core 0) [pid: 8|app: 0|req: 250/490] 10.0.0.6 () {32 vars in 771 bytes} [Sat Jul 25 11:19:28 2026] GET /v2.0/security-groups?tenant_id=4a1059fdb7184a3d80f0ae429608ab15&name=default => generated 2921 bytes in 324 msecs (HTTP/1.1 200) 4 headers in 158 bytes (1 switches on core 0)
2026-07-25 11:19:28.470 7 WARNING neutron.scheduler.dhcp_agent_scheduler [None req-2a6585fd-6389-4db1-8761-510aae2ef7da e955f6efd8574528b779215b0150fb64 2e6b8bfa800b4b77b6e5c03c08f2bba2 - - default default] No more DHCP agents
2026-07-25 11:19:28.472 7 WARNING neutron.api.rpc.agentnotifiers.dhcp_rpc_agent_api [None req-2a6585fd-6389-4db1-8761-510aae2ef7da e955f6efd8574528b779215b0150fb64 2e6b8bfa800b4b77b6e5c03c08f2bba2 - - default default] Unable to schedule network 63b4e1da-916c-4b15-a1f3-a8b20d7b9dea: no agents available; will retry on subsequent port and subnet creation events.
2026-07-25 11:19:28.494 8 WARNING neutron.scheduler.dhcp_agent_scheduler [None req-166082a8-ebd9-4dc7-91a9-21cee61b16d7 e955f6efd8574528b779215b0150fb64 2e6b8bfa800b4b77b6e5c03c08f2bba2 - - default default] No more DHCP agents
2026-07-25 11:19:28.495 8 WARNING neutron.api.rpc.agentnotifiers.dhcp_rpc_agent_api [None req-166082a8-ebd9-4dc7-91a9-21cee61b16d7 e955f6efd8574528b779215b0150fb64 2e6b8bfa800b4b77b6e5c03c08f2bba2 - - default default] Unable to schedule network 6b13c0c8-83e0-4f25-9985-3f1648d785e0: no agents available; will retry on subsequent port and subnet creation events.
2026-07-25 11:19:28.941 7 INFO neutron.db.ovn_revision_numbers_db [None req-656fcdec-0d11-422a-bda0-9880e074c11c - - - - - -] Successfully bumped revision number for resource 3807a076-673b-4dae-bf71-2fb6807bf318 (type: ports) to 2
2026-07-25 11:19:28.967 8 INFO neutron.db.ovn_revision_numbers_db [None req-47eb5554-e62c-425a-b9bd-c6eea58c4b8d - - - - - -] Successfully bumped revision number for resource f6408ea6-363b-4f2e-b752-7d2d717e6894 (type: ports) to 2
2026-07-25 11:19:28.978 7 INFO neutron.db.ovn_revision_numbers_db [None req-656fcdec-0d11-422a-bda0-9880e074c11c - - - - - -] Successfully bumped revision number for resource d83c6dbc-7eda-4745-b5e4-3b43bb04c70e (type: subnets) to 0 [pid: 7|app: 0|req: 241/491] 10.0.0.6 () {34 vars in 666 bytes} [Sat Jul 25 11:19:28 2026] POST /v2.0/subnets => generated 699 bytes in 644 msecs (HTTP/1.1 201) 4 headers in 162 bytes (1 switches on core 0)
2026-07-25 11:19:28.999 8 INFO neutron.db.ovn_revision_numbers_db [None req-47eb5554-e62c-425a-b9bd-c6eea58c4b8d - - - - - -] Successfully bumped revision number for resource c22e634d-279d-445e-806d-511d5da64260 (type: subnets) to 0 [pid: 8|app: 0|req: 251/492] 10.0.0.6 () {34 vars in 666 bytes} [Sat Jul 25 11:19:28 2026] POST /v2.0/subnets => generated 694 bytes in 646 msecs (HTTP/1.1 201) 4 headers in 162 bytes (1 switches on core 0) [pid: 7|app: 0|req: 242/493] 10.0.0.6 () {32 vars in 737 bytes} [Sat Jul 25 11:19:28 2026] DELETE /v2.0/security-groups/c49e5856-4945-46ac-b136-7b8d35efea43 => generated 0 bytes in 239 msecs (HTTP/1.1 204) 2 headers in 112 bytes (1 switches on core 0) [pid: 8|app: 0|req: 252/494] 10.0.0.6 () {32 vars in 737 bytes} [Sat Jul 25 11:19:29 2026] DELETE /v2.0/security-groups/67c63b44-3567-4d77-9992-a304fef4e3ca => generated 0 bytes in 243 msecs (HTTP/1.1 204) 2 headers in 112 bytes (1 switches on core 0)
2026-07-25 11:19:29.737 8 WARNING neutron.scheduler.dhcp_agent_scheduler [None req-7ab076fd-ae3b-4d07-af0d-28f4b35426c6 e955f6efd8574528b779215b0150fb64 2e6b8bfa800b4b77b6e5c03c08f2bba2 - - default default] No more DHCP agents
2026-07-25 11:19:29.738 8 WARNING neutron.api.rpc.agentnotifiers.dhcp_rpc_agent_api [None req-7ab076fd-ae3b-4d07-af0d-28f4b35426c6 e955f6efd8574528b779215b0150fb64 2e6b8bfa800b4b77b6e5c03c08f2bba2 - - default default] Unable to schedule network b72bbc40-5de0-4805-ac08-f8918603a734: no agents available; will retry on subsequent port and subnet creation events.
2026-07-25 11:19:29.758 7 WARNING neutron.scheduler.dhcp_agent_scheduler [None req-f5e56eb2-b6a3-4c0a-870c-bff932150789 e955f6efd8574528b779215b0150fb64 2e6b8bfa800b4b77b6e5c03c08f2bba2 - - default default] No more DHCP agents
2026-07-25 11:19:29.760 7 WARNING neutron.api.rpc.agentnotifiers.dhcp_rpc_agent_api [None req-f5e56eb2-b6a3-4c0a-870c-bff932150789 e955f6efd8574528b779215b0150fb64 2e6b8bfa800b4b77b6e5c03c08f2bba2 - - default default] Unable to schedule network b72bbc40-5de0-4805-ac08-f8918603a734: no agents available; will retry on subsequent port and subnet creation events.
2026-07-25 11:19:29.829 8 INFO neutron.plugins.ml2.drivers.ovn.mech_driver.mech_driver [None req-d7d437a0-ec52-4aa6-b46a-b3de8e64b3c6 - - - - - -] OVN reports status down for port: 300e63cf-7be0-4e89-b105-342c2cdcf8c2
2026-07-25 11:19:29.874 7 INFO neutron.plugins.ml2.drivers.ovn.mech_driver.mech_driver [None req-0b64452a-623c-4efb-8b0a-576a2b4ce058 - - - - - -] OVN reports status down for port: e7655953-d6a5-4737-81c6-eca1859b8111
2026-07-25 11:19:29.924 8 INFO neutron.db.ovn_revision_numbers_db [None req-7ab076fd-ae3b-4d07-af0d-28f4b35426c6 e955f6efd8574528b779215b0150fb64 2e6b8bfa800b4b77b6e5c03c08f2bba2 - - default default] Successfully bumped revision number for resource 300e63cf-7be0-4e89-b105-342c2cdcf8c2 (type: ports) to 1
2026-07-25 11:19:29.977 7 INFO neutron.db.ovn_revision_numbers_db [None req-f5e56eb2-b6a3-4c0a-870c-bff932150789 e955f6efd8574528b779215b0150fb64 2e6b8bfa800b4b77b6e5c03c08f2bba2 - - default default] Successfully bumped revision number for resource e7655953-d6a5-4737-81c6-eca1859b8111 (type: ports) to 1
2026-07-25 11:19:30.264 8 INFO neutron.plugins.ml2.drivers.ovn.mech_driver.ovsdb.extensions.qos [None req-7ab076fd-ae3b-4d07-af0d-28f4b35426c6 e955f6efd8574528b779215b0150fb64 2e6b8bfa800b4b77b6e5c03c08f2bba2 - - default default] Starting OVNClientQosExtension
2026-07-25 11:19:30.322 7 INFO neutron.plugins.ml2.drivers.ovn.mech_driver.ovsdb.extensions.qos [None req-f5e56eb2-b6a3-4c0a-870c-bff932150789 e955f6efd8574528b779215b0150fb64 2e6b8bfa800b4b77b6e5c03c08f2bba2 - - default default] Starting OVNClientQosExtension
2026-07-25 11:19:30.348 8 WARNING oslo_config.cfg [None req-7ab076fd-ae3b-4d07-af0d-28f4b35426c6 e955f6efd8574528b779215b0150fb64 2e6b8bfa800b4b77b6e5c03c08f2bba2 - - default default] Deprecated: Option "ovn_emit_need_to_frag" from group "ovn" is deprecated for removal (The option is useful only on very old Linux kernels (version < 5.2).). Its value may be silently ignored in the future.
2026-07-25 11:19:30.395 7 WARNING oslo_config.cfg [None req-f5e56eb2-b6a3-4c0a-870c-bff932150789 e955f6efd8574528b779215b0150fb64 2e6b8bfa800b4b77b6e5c03c08f2bba2 - - default default] Deprecated: Option "ovn_emit_need_to_frag" from group "ovn" is deprecated for removal (The option is useful only on very old Linux kernels (version < 5.2).). Its value may be silently ignored in the future.
2026-07-25 11:19:30.602 8 INFO neutron.plugins.ml2.drivers.ovn.mech_driver.ovsdb.commands [None req-a2b4a0b7-539a-4b2a-be61-0766b93994e0 - - - - - -] Schedule LRP lrp-300e63cf-7be0-4e89-b105-342c2cdcf8c2 on gateway c7bfa300-b068-4e25-b293-d177cd90ea01 with priority 1
2026-07-25 11:19:30.628 8 INFO neutron.plugins.ml2.drivers.ovn.mech_driver.ovsdb.ovsdb_monitor [-] Router 8cd64357-0681-480a-a549-ee90524cef4d is bound to host instance
2026-07-25 11:19:30.674 8 INFO neutron.plugins.ml2.drivers.ovn.mech_driver.mech_driver [None req-d7d437a0-ec52-4aa6-b46a-b3de8e64b3c6 - - - - - -] OVN reports status up for port: 300e63cf-7be0-4e89-b105-342c2cdcf8c2
2026-07-25 11:19:30.691 7 INFO neutron.plugins.ml2.drivers.ovn.mech_driver.ovsdb.commands [None req-12fbfca1-3a4b-4e15-94e0-147d0c23ee23 - - - - - -] Schedule LRP lrp-e7655953-d6a5-4737-81c6-eca1859b8111 on gateway c7bfa300-b068-4e25-b293-d177cd90ea01 with priority 1
2026-07-25 11:19:30.739 7 INFO neutron.plugins.ml2.drivers.ovn.mech_driver.mech_driver [None req-0b64452a-623c-4efb-8b0a-576a2b4ce058 - - - - - -] OVN reports status up for port: e7655953-d6a5-4737-81c6-eca1859b8111
2026-07-25 11:19:30.759 8 INFO neutron.plugins.ml2.plugin [None req-d7d437a0-ec52-4aa6-b46a-b3de8e64b3c6 - - - - - -] Attempt 1 to provision port 300e63cf-7be0-4e89-b105-342c2cdcf8c2
2026-07-25 11:19:30.763 7 INFO neutron.plugins.ml2.plugin [None req-0b64452a-623c-4efb-8b0a-576a2b4ce058 - - - - - -] Attempt 1 to provision port e7655953-d6a5-4737-81c6-eca1859b8111
2026-07-25 11:19:30.800 7 INFO neutron.db.ovn_revision_numbers_db [None req-f5e56eb2-b6a3-4c0a-870c-bff932150789 e955f6efd8574528b779215b0150fb64 2e6b8bfa800b4b77b6e5c03c08f2bba2 - - default default] Successfully bumped revision number for resource e7655953-d6a5-4737-81c6-eca1859b8111 (type: router_ports) to 1
2026-07-25 11:19:30.838 8 INFO neutron.db.ovn_revision_numbers_db [None req-7ab076fd-ae3b-4d07-af0d-28f4b35426c6 e955f6efd8574528b779215b0150fb64 2e6b8bfa800b4b77b6e5c03c08f2bba2 - - default default] Successfully bumped revision number for resource 300e63cf-7be0-4e89-b105-342c2cdcf8c2 (type: router_ports) to 1
2026-07-25 11:19:30.918 7 INFO neutron.db.ovn_revision_numbers_db [None req-f5e56eb2-b6a3-4c0a-870c-bff932150789 e955f6efd8574528b779215b0150fb64 2e6b8bfa800b4b77b6e5c03c08f2bba2 - - default default] Successfully bumped revision number for resource 1d377523-3e3b-4d22-84f1-bae86ee7e00a (type: routers) to 2 [pid: 7|app: 0|req: 243/495] 10.0.0.6 () {34 vars in 666 bytes} [Sat Jul 25 11:19:29 2026] POST /v2.0/routers => generated 977 bytes in 1713 msecs (HTTP/1.1 201) 4 headers in 162 bytes (1 switches on core 0)
2026-07-25 11:19:31.055 8 INFO neutron.db.ovn_revision_numbers_db [None req-7ab076fd-ae3b-4d07-af0d-28f4b35426c6 e955f6efd8574528b779215b0150fb64 2e6b8bfa800b4b77b6e5c03c08f2bba2 - - default default] Successfully bumped revision number for resource 8cd64357-0681-480a-a549-ee90524cef4d (type: routers) to 2 [pid: 8|app: 0|req: 253/498] 10.0.0.6 () {34 vars in 666 bytes} [Sat Jul 25 11:19:29 2026] POST /v2.0/routers => generated 972 bytes in 1823 msecs (HTTP/1.1 201) 4 headers in 162 bytes (1 switches on core 0)
2026-07-25 11:19:31.359 7 WARNING neutron.scheduler.dhcp_agent_scheduler [None req-805dfbf7-0932-4501-a52b-bdbf3bf0f600 e955f6efd8574528b779215b0150fb64 2e6b8bfa800b4b77b6e5c03c08f2bba2 - - default default] No more DHCP agents
2026-07-25 11:19:31.361 7 WARNING neutron.api.rpc.agentnotifiers.dhcp_rpc_agent_api [None req-805dfbf7-0932-4501-a52b-bdbf3bf0f600 e955f6efd8574528b779215b0150fb64 2e6b8bfa800b4b77b6e5c03c08f2bba2 - - default default] Unable to schedule network 63b4e1da-916c-4b15-a1f3-a8b20d7b9dea: no agents available; will retry on subsequent port and subnet creation events.
2026-07-25 11:19:31.441 8 INFO neutron.db.ovn_revision_numbers_db [None req-ba49dd39-8862-4a40-9d69-7517cc6df62f e955f6efd8574528b779215b0150fb64 2e6b8bfa800b4b77b6e5c03c08f2bba2 - - default default] Successfully bumped revision number for resource c36206f9-ee75-4ef5-8597-e662cea319c2 (type: security_groups) to 1
2026-07-25 11:19:31.479 7 INFO neutron.db.ovn_revision_numbers_db [None req-805dfbf7-0932-4501-a52b-bdbf3bf0f600 e955f6efd8574528b779215b0150fb64 2e6b8bfa800b4b77b6e5c03c08f2bba2 - - default default] Successfully bumped revision number for resource 232a9a33-e1c5-4b3e-9098-63b7d911deac (type: ports) to 1
2026-07-25 11:19:31.488 8 INFO neutron.db.ovn_revision_numbers_db [None req-ba49dd39-8862-4a40-9d69-7517cc6df62f e955f6efd8574528b779215b0150fb64 2e6b8bfa800b4b77b6e5c03c08f2bba2 - - default default] Successfully bumped revision number for resource 63c3e567-bd03-4361-91ec-476ed14391e6 (type: security_group_rules) to 0
2026-07-25 11:19:31.518 8 INFO neutron.db.ovn_revision_numbers_db [None req-ba49dd39-8862-4a40-9d69-7517cc6df62f e955f6efd8574528b779215b0150fb64 2e6b8bfa800b4b77b6e5c03c08f2bba2 - - default default] Successfully bumped revision number for resource 73f0ce97-5ad4-4175-a2e1-8743c286c0d7 (type: security_group_rules) to 0
2026-07-25 11:19:31.540 8 INFO neutron.db.ovn_revision_numbers_db [None req-ba49dd39-8862-4a40-9d69-7517cc6df62f e955f6efd8574528b779215b0150fb64 2e6b8bfa800b4b77b6e5c03c08f2bba2 - - default default] Successfully bumped revision number for resource a4287465-eefc-467f-9fec-c400e07b0e0d (type: security_group_rules) to 0
2026-07-25 11:19:31.555 8 INFO neutron.db.ovn_revision_numbers_db [None req-ba49dd39-8862-4a40-9d69-7517cc6df62f e955f6efd8574528b779215b0150fb64 2e6b8bfa800b4b77b6e5c03c08f2bba2 - - default default] Successfully bumped revision number for resource bf86eb36-c66d-46f7-90ca-4599af753026 (type: security_group_rules) to 0
2026-07-25 11:19:31.668 8 INFO neutron.db.segments_db [None req-ba49dd39-8862-4a40-9d69-7517cc6df62f e955f6efd8574528b779215b0150fb64 2e6b8bfa800b4b77b6e5c03c08f2bba2 - - default default] Added segment d4085d2c-3b2b-4ce9-895e-ddd5880af795 of type geneve for network c31fa2a7-a5ad-4a8a-8432-9d9c28fe351f
2026-07-25 11:19:31.862 8 INFO neutron.db.ovn_revision_numbers_db [None req-ba49dd39-8862-4a40-9d69-7517cc6df62f e955f6efd8574528b779215b0150fb64 2e6b8bfa800b4b77b6e5c03c08f2bba2 - - default default] Successfully bumped revision number for resource c31fa2a7-a5ad-4a8a-8432-9d9c28fe351f (type: networks) to 1
2026-07-25 11:19:32.104 8 INFO neutron.db.ovn_revision_numbers_db [None req-daf2f905-4f72-4be2-aade-402de8e57bd7 - - - - - -] Successfully bumped revision number for resource 300e63cf-7be0-4e89-b105-342c2cdcf8c2 (type: ports) to 4
2026-07-25 11:19:32.200 8 WARNING neutron.scheduler.dhcp_agent_scheduler [None req-ba49dd39-8862-4a40-9d69-7517cc6df62f e955f6efd8574528b779215b0150fb64 2e6b8bfa800b4b77b6e5c03c08f2bba2 - - default default] No more DHCP agents
2026-07-25 11:19:32.204 8 WARNING neutron.api.rpc.agentnotifiers.dhcp_rpc_agent_api [None req-ba49dd39-8862-4a40-9d69-7517cc6df62f e955f6efd8574528b779215b0150fb64 2e6b8bfa800b4b77b6e5c03c08f2bba2 - - default default] Unable to schedule network c31fa2a7-a5ad-4a8a-8432-9d9c28fe351f: no agents available; will retry on subsequent port and subnet creation events.
2026-07-25 11:19:32.340 8 INFO neutron.db.ovn_revision_numbers_db [None req-ba49dd39-8862-4a40-9d69-7517cc6df62f e955f6efd8574528b779215b0150fb64 2e6b8bfa800b4b77b6e5c03c08f2bba2 - - default default] Successfully bumped revision number for resource 1d8719c4-9acf-4c42-af2a-7479430a29cc (type: ports) to 1 [pid: 8|app: 0|req: 254/499] 10.0.0.6 () {34 vars in 668 bytes} [Sat Jul 25 11:19:31 2026] POST /v2.0/networks => generated 771 bytes in 1298 msecs (HTTP/1.1 201) 4 headers in 162 bytes (1 switches on core 0)
2026-07-25 11:19:32.540 7 WARNING neutron.scheduler.dhcp_agent_scheduler [None req-805dfbf7-0932-4501-a52b-bdbf3bf0f600 e955f6efd8574528b779215b0150fb64 2e6b8bfa800b4b77b6e5c03c08f2bba2 - - default default] No more DHCP agents
2026-07-25 11:19:32.541 7 WARNING neutron.api.rpc.agentnotifiers.dhcp_rpc_agent_api [None req-805dfbf7-0932-4501-a52b-bdbf3bf0f600 e955f6efd8574528b779215b0150fb64 2e6b8bfa800b4b77b6e5c03c08f2bba2 - - default default] Unable to schedule network 63b4e1da-916c-4b15-a1f3-a8b20d7b9dea: no agents available; will retry on subsequent port and subnet creation events.
2026-07-25 11:19:32.998 7 INFO neutron.db.ovn_revision_numbers_db [None req-805dfbf7-0932-4501-a52b-bdbf3bf0f600 e955f6efd8574528b779215b0150fb64 2e6b8bfa800b4b77b6e5c03c08f2bba2 - - default default] Successfully bumped revision number for resource 232a9a33-e1c5-4b3e-9098-63b7d911deac (type: router_ports) to 1 [pid: 7|app: 0|req: 246/500] 10.0.0.6 () {34 vars in 780 bytes} [Sat Jul 25 11:19:30 2026] PUT /v2.0/routers/1d377523-3e3b-4d22-84f1-bae86ee7e00a/add_router_interface => generated 309 bytes in 2052 msecs (HTTP/1.1 200) 4 headers in 157 bytes (1 switches on core 0)
2026-07-25 11:19:33.122 7 WARNING neutron.scheduler.dhcp_agent_scheduler [None req-b7db38bd-72be-43a1-b089-21549a12b33e e955f6efd8574528b779215b0150fb64 2e6b8bfa800b4b77b6e5c03c08f2bba2 - - default default] No more DHCP agents
2026-07-25 11:19:33.123 7 WARNING neutron.api.rpc.agentnotifiers.dhcp_rpc_agent_api [None req-b7db38bd-72be-43a1-b089-21549a12b33e e955f6efd8574528b779215b0150fb64 2e6b8bfa800b4b77b6e5c03c08f2bba2 - - default default] Unable to schedule network c31fa2a7-a5ad-4a8a-8432-9d9c28fe351f: no agents available; will retry on subsequent port and subnet creation events.
2026-07-25 11:19:33.236 8 INFO neutron.db.ovn_revision_numbers_db [None req-daf2f905-4f72-4be2-aade-402de8e57bd7 - - - - - -] Successfully bumped revision number for resource 300e63cf-7be0-4e89-b105-342c2cdcf8c2 (type: ports) to 5
2026-07-25 11:19:33.343 8 INFO neutron.plugins.ml2.drivers.ovn.mech_driver.ovsdb.ovsdb_monitor [None req-daf2f905-4f72-4be2-aade-402de8e57bd7 - - - - - -] Router 1d377523-3e3b-4d22-84f1-bae86ee7e00a is bound to host instance
2026-07-25 11:19:33.510 7 INFO neutron.db.ovn_revision_numbers_db [None req-f1c9a212-58ec-4709-b0b2-9068c12ee815 - - - - - -] Successfully bumped revision number for resource 1d8719c4-9acf-4c42-af2a-7479430a29cc (type: ports) to 2
2026-07-25 11:19:33.535 7 INFO neutron.db.ovn_revision_numbers_db [None req-f1c9a212-58ec-4709-b0b2-9068c12ee815 - - - - - -] Successfully bumped revision number for resource 4671a869-b421-4a5a-9507-38bae8d37d6a (type: subnets) to 0 [pid: 7|app: 0|req: 247/501] 10.0.0.6 () {34 vars in 666 bytes} [Sat Jul 25 11:19:33 2026] POST /v2.0/subnets => generated 696 bytes in 544 msecs (HTTP/1.1 201) 4 headers in 162 bytes (1 switches on core 0)
2026-07-25 11:19:33.601 8 WARNING neutron.scheduler.dhcp_agent_scheduler [None req-67e12ce3-4495-45be-b2d5-f6bca7c09c39 e955f6efd8574528b779215b0150fb64 2e6b8bfa800b4b77b6e5c03c08f2bba2 - - default default] No more DHCP agents
2026-07-25 11:19:33.605 8 WARNING neutron.api.rpc.agentnotifiers.dhcp_rpc_agent_api [None req-67e12ce3-4495-45be-b2d5-f6bca7c09c39 e955f6efd8574528b779215b0150fb64 2e6b8bfa800b4b77b6e5c03c08f2bba2 - - default default] Unable to schedule network 6b13c0c8-83e0-4f25-9985-3f1648d785e0: no agents available; will retry on subsequent port and subnet creation events.
2026-07-25 11:19:33.808 8 INFO neutron.plugins.ml2.drivers.ovn.mech_driver.mech_driver [None req-d7d437a0-ec52-4aa6-b46a-b3de8e64b3c6 - - - - - -] OVN reports status down for port: 232a9a33-e1c5-4b3e-9098-63b7d911deac
2026-07-25 11:19:33.859 8 INFO neutron.db.ovn_revision_numbers_db [None req-67e12ce3-4495-45be-b2d5-f6bca7c09c39 e955f6efd8574528b779215b0150fb64 2e6b8bfa800b4b77b6e5c03c08f2bba2 - - default default] Successfully bumped revision number for resource cc852e05-c094-4e93-9937-a31913c53c2e (type: ports) to 1
2026-07-25 11:19:33.972 7 WARNING neutron.scheduler.dhcp_agent_scheduler [None req-f2331d8d-24a0-4dbe-98a6-fbe31f88bfab e955f6efd8574528b779215b0150fb64 2e6b8bfa800b4b77b6e5c03c08f2bba2 - - default default] No more DHCP agents
2026-07-25 11:19:33.974 7 WARNING neutron.api.rpc.agentnotifiers.dhcp_rpc_agent_api [None req-f2331d8d-24a0-4dbe-98a6-fbe31f88bfab e955f6efd8574528b779215b0150fb64 2e6b8bfa800b4b77b6e5c03c08f2bba2 - - default default] Unable to schedule network b72bbc40-5de0-4805-ac08-f8918603a734: no agents available; will retry on subsequent port and subnet creation events.
2026-07-25 11:19:34.085 7 INFO neutron.db.ovn_revision_numbers_db [None req-f2331d8d-24a0-4dbe-98a6-fbe31f88bfab e955f6efd8574528b779215b0150fb64 2e6b8bfa800b4b77b6e5c03c08f2bba2 - - default default] Successfully bumped revision number for resource caba1d22-4fb4-47b5-884e-4e98fedf8088 (type: ports) to 1
2026-07-25 11:19:34.180 8 WARNING neutron.plugins.ml2.drivers.ovn.mech_driver.ovsdb.ovn_client [None req-d7d437a0-ec52-4aa6-b46a-b3de8e64b3c6 - - - - - -] Logical_Switch_Port %s host information not removed, the port state is up
2026-07-25 11:19:34.180 8 INFO neutron.plugins.ml2.drivers.ovn.mech_driver.mech_driver [None req-d7d437a0-ec52-4aa6-b46a-b3de8e64b3c6 - - - - - -] OVN reports status up for port: 232a9a33-e1c5-4b3e-9098-63b7d911deac
2026-07-25 11:19:34.206 8 INFO neutron.plugins.ml2.plugin [None req-d7d437a0-ec52-4aa6-b46a-b3de8e64b3c6 - - - - - -] Attempt 1 to provision port 232a9a33-e1c5-4b3e-9098-63b7d911deac
2026-07-25 11:19:34.663 7 INFO neutron.plugins.ml2.drivers.ovn.mech_driver.ovsdb.commands [None req-12fbfca1-3a4b-4e15-94e0-147d0c23ee23 - - - - - -] Schedule LRP lrp-caba1d22-4fb4-47b5-884e-4e98fedf8088 on gateway c7bfa300-b068-4e25-b293-d177cd90ea01 with priority 1
2026-07-25 11:19:34.720 7 INFO neutron.db.ovn_revision_numbers_db [None req-f2331d8d-24a0-4dbe-98a6-fbe31f88bfab e955f6efd8574528b779215b0150fb64 2e6b8bfa800b4b77b6e5c03c08f2bba2 - - default default] Successfully bumped revision number for resource caba1d22-4fb4-47b5-884e-4e98fedf8088 (type: router_ports) to 1
2026-07-25 11:19:34.792 7 INFO neutron.db.ovn_revision_numbers_db [None req-f2331d8d-24a0-4dbe-98a6-fbe31f88bfab e955f6efd8574528b779215b0150fb64 2e6b8bfa800b4b77b6e5c03c08f2bba2 - - default default] Successfully bumped revision number for resource 99c2c753-e960-407d-8bbb-5c920d0f73e3 (type: routers) to 2 [pid: 7|app: 0|req: 248/502] 10.0.0.6 () {34 vars in 666 bytes} [Sat Jul 25 11:19:33 2026] POST /v2.0/routers => generated 974 bytes in 1258 msecs (HTTP/1.1 201) 4 headers in 162 bytes (1 switches on core 0)
2026-07-25 11:19:34.940 7 INFO neutron.db.ovn_revision_numbers_db [None req-3d0d3c9c-c1ba-4888-a47b-7d8b71c7da67 28fa3922b2b2429293da436f5318abb9 26833b2e8daf4cf190006c4b7483a065 - - default default] Successfully bumped revision number for resource c9135251-4eb1-40af-955a-b1cf287e2af7 (type: security_groups) to 1
2026-07-25 11:19:34.954 7 INFO neutron.db.ovn_revision_numbers_db [None req-3d0d3c9c-c1ba-4888-a47b-7d8b71c7da67 28fa3922b2b2429293da436f5318abb9 26833b2e8daf4cf190006c4b7483a065 - - default default] Successfully bumped revision number for resource 24cf8e86-c1a3-4d9e-8893-75f2f9b71bc0 (type: security_group_rules) to 0
2026-07-25 11:19:34.970 7 INFO neutron.db.ovn_revision_numbers_db [None req-3d0d3c9c-c1ba-4888-a47b-7d8b71c7da67 28fa3922b2b2429293da436f5318abb9 26833b2e8daf4cf190006c4b7483a065 - - default default] Successfully bumped revision number for resource 69421d60-800b-43a2-9e5c-637b356429ff (type: security_group_rules) to 0 [pid: 7|app: 0|req: 249/503] 10.0.0.6 () {34 vars in 682 bytes} [Sat Jul 25 11:19:34 2026] POST /v2.0/security-groups => generated 1659 bytes in 208 msecs (HTTP/1.1 201) 4 headers in 163 bytes (1 switches on core 0)
2026-07-25 11:19:35.279 7 INFO neutron.db.ovn_revision_numbers_db [None req-51bedf6f-8f22-4db0-bc4f-d8689b6cde06 e955f6efd8574528b779215b0150fb64 2e6b8bfa800b4b77b6e5c03c08f2bba2 - - default default] Successfully bumped revision number for resource 39e63627-da6e-4d0c-9e9e-e40e675e57fe (type: security_groups) to 1
2026-07-25 11:19:35.289 7 INFO neutron.db.ovn_revision_numbers_db [None req-51bedf6f-8f22-4db0-bc4f-d8689b6cde06 e955f6efd8574528b779215b0150fb64 2e6b8bfa800b4b77b6e5c03c08f2bba2 - - default default] Successfully bumped revision number for resource 0a9c1f81-1b6a-4190-a624-e810a9c32c89 (type: security_group_rules) to 0
2026-07-25 11:19:35.305 7 INFO neutron.db.ovn_revision_numbers_db [None req-51bedf6f-8f22-4db0-bc4f-d8689b6cde06 e955f6efd8574528b779215b0150fb64 2e6b8bfa800b4b77b6e5c03c08f2bba2 - - default default] Successfully bumped revision number for resource ae8c6dc9-0f81-43c8-bff0-1ae7f0b9534f (type: security_group_rules) to 0
2026-07-25 11:19:35.317 7 INFO neutron.db.ovn_revision_numbers_db [None req-51bedf6f-8f22-4db0-bc4f-d8689b6cde06 e955f6efd8574528b779215b0150fb64 2e6b8bfa800b4b77b6e5c03c08f2bba2 - - default default] Successfully bumped revision number for resource b5aea1aa-421b-4399-996e-ef64628ba3f3 (type: security_group_rules) to 0
2026-07-25 11:19:35.327 7 INFO neutron.db.ovn_revision_numbers_db [None req-51bedf6f-8f22-4db0-bc4f-d8689b6cde06 e955f6efd8574528b779215b0150fb64 2e6b8bfa800b4b77b6e5c03c08f2bba2 - - default default] Successfully bumped revision number for resource cf776f94-c29e-4b12-a29e-6a27a850d5db (type: security_group_rules) to 0 [pid: 7|app: 0|req: 250/504] 10.0.0.6 () {32 vars in 771 bytes} [Sat Jul 25 11:19:35 2026] GET /v2.0/security-groups?tenant_id=bcf76d63a0724da2bef6a394c7ae246a&name=default => generated 2922 bytes in 342 msecs (HTTP/1.1 200) 4 headers in 158 bytes (1 switches on core 0)
2026-07-25 11:19:35.586 8 INFO neutron.db.ovn_revision_numbers_db [None req-d7d437a0-ec52-4aa6-b46a-b3de8e64b3c6 - - - - - -] Successfully bumped revision number for resource 232a9a33-e1c5-4b3e-9098-63b7d911deac (type: ports) to 2
2026-07-25 11:19:35.786 7 WARNING neutron.scheduler.dhcp_agent_scheduler [None req-abd3d301-3599-4205-b741-d97a197d9be2 e955f6efd8574528b779215b0150fb64 2e6b8bfa800b4b77b6e5c03c08f2bba2 - - default default] No more DHCP agents
2026-07-25 11:19:35.787 7 WARNING neutron.api.rpc.agentnotifiers.dhcp_rpc_agent_api [None req-abd3d301-3599-4205-b741-d97a197d9be2 e955f6efd8574528b779215b0150fb64 2e6b8bfa800b4b77b6e5c03c08f2bba2 - - default default] Unable to schedule network c31fa2a7-a5ad-4a8a-8432-9d9c28fe351f: no agents available; will retry on subsequent port and subnet creation events.
2026-07-25 11:19:35.923 8 INFO neutron.db.ovn_revision_numbers_db [None req-8d5ab8c7-597a-4487-aff6-c665561f7b5c - - - - - -] Successfully bumped revision number for resource e7655953-d6a5-4737-81c6-eca1859b8111 (type: ports) to 4
2026-07-25 11:19:35.931 7 INFO neutron.db.ovn_revision_numbers_db [None req-abd3d301-3599-4205-b741-d97a197d9be2 e955f6efd8574528b779215b0150fb64 2e6b8bfa800b4b77b6e5c03c08f2bba2 - - default default] Successfully bumped revision number for resource 61e733ef-c964-4e66-b5f9-3704006a2b70 (type: ports) to 1
2026-07-25 11:19:35.997 8 WARNING neutron.scheduler.dhcp_agent_scheduler [None req-67e12ce3-4495-45be-b2d5-f6bca7c09c39 e955f6efd8574528b779215b0150fb64 2e6b8bfa800b4b77b6e5c03c08f2bba2 - - default default] No more DHCP agents
2026-07-25 11:19:36.002 8 WARNING neutron.api.rpc.agentnotifiers.dhcp_rpc_agent_api [None req-67e12ce3-4495-45be-b2d5-f6bca7c09c39 e955f6efd8574528b779215b0150fb64 2e6b8bfa800b4b77b6e5c03c08f2bba2 - - default default] Unable to schedule network 6b13c0c8-83e0-4f25-9985-3f1648d785e0: no agents available; will retry on subsequent port and subnet creation events.
2026-07-25 11:19:36.108 7 INFO neutron.plugins.ml2.drivers.ovn.mech_driver.mech_driver [None req-0b64452a-623c-4efb-8b0a-576a2b4ce058 - - - - - -] OVN reports status down for port: 1d8719c4-9acf-4c42-af2a-7479430a29cc
2026-07-25 11:19:36.225 7 INFO neutron.plugins.ml2.drivers.ovn.mech_driver.mech_driver [None req-0b64452a-623c-4efb-8b0a-576a2b4ce058 - - - - - -] OVN reports status down for port: cc852e05-c094-4e93-9937-a31913c53c2e
2026-07-25 11:19:36.329 7 WARNING neutron.plugins.ml2.drivers.ovn.mech_driver.ovsdb.ovn_client [None req-0b64452a-623c-4efb-8b0a-576a2b4ce058 - - - - - -] Logical_Switch_Port %s host information not removed, the port state is up
2026-07-25 11:19:36.330 7 INFO neutron.plugins.ml2.drivers.ovn.mech_driver.mech_driver [None req-0b64452a-623c-4efb-8b0a-576a2b4ce058 - - - - - -] OVN reports status up for port: cc852e05-c094-4e93-9937-a31913c53c2e
2026-07-25 11:19:36.352 7 INFO neutron.plugins.ml2.plugin [None req-0b64452a-623c-4efb-8b0a-576a2b4ce058 - - - - - -] Attempt 1 to provision port cc852e05-c094-4e93-9937-a31913c53c2e
2026-07-25 11:19:36.551 8 INFO neutron.db.ovn_revision_numbers_db [None req-8d5ab8c7-597a-4487-aff6-c665561f7b5c - - - - - -] Successfully bumped revision number for resource e7655953-d6a5-4737-81c6-eca1859b8111 (type: ports) to 5
2026-07-25 11:19:36.691 8 INFO neutron.plugins.ml2.drivers.ovn.mech_driver.ovsdb.ovsdb_monitor [None req-8d5ab8c7-597a-4487-aff6-c665561f7b5c - - - - - -] Router 99c2c753-e960-407d-8bbb-5c920d0f73e3 is bound to host instance
2026-07-25 11:19:36.895 8 INFO neutron.db.ovn_revision_numbers_db [None req-67e12ce3-4495-45be-b2d5-f6bca7c09c39 e955f6efd8574528b779215b0150fb64 2e6b8bfa800b4b77b6e5c03c08f2bba2 - - default default] Successfully bumped revision number for resource cc852e05-c094-4e93-9937-a31913c53c2e (type: router_ports) to 1 [pid: 8|app: 0|req: 255/505] 10.0.0.6 () {34 vars in 780 bytes} [Sat Jul 25 11:19:32 2026] PUT /v2.0/routers/8cd64357-0681-480a-a549-ee90524cef4d/add_router_interface => generated 309 bytes in 4525 msecs (HTTP/1.1 200) 4 headers in 157 bytes (1 switches on core 0)
2026-07-25 11:19:36.956 7 WARNING neutron.scheduler.dhcp_agent_scheduler [None req-abd3d301-3599-4205-b741-d97a197d9be2 e955f6efd8574528b779215b0150fb64 2e6b8bfa800b4b77b6e5c03c08f2bba2 - - default default] No more DHCP agents
2026-07-25 11:19:36.959 7 WARNING neutron.api.rpc.agentnotifiers.dhcp_rpc_agent_api [None req-abd3d301-3599-4205-b741-d97a197d9be2 e955f6efd8574528b779215b0150fb64 2e6b8bfa800b4b77b6e5c03c08f2bba2 - - default default] Unable to schedule network c31fa2a7-a5ad-4a8a-8432-9d9c28fe351f: no agents available; will retry on subsequent port and subnet creation events.
2026-07-25 11:19:37.192 8 INFO neutron.db.ovn_revision_numbers_db [None req-0dcfb51c-a77f-4052-accd-1665986463a5 28fa3922b2b2429293da436f5318abb9 26833b2e8daf4cf190006c4b7483a065 - - default default] Successfully bumped revision number for resource 250fdb5b-c40c-4d92-ae33-34582eb210a0 (type: security_group_rules) to 0
2026-07-25 11:19:37.245 7 INFO neutron.db.ovn_revision_numbers_db [None req-0b64452a-623c-4efb-8b0a-576a2b4ce058 - - - - - -] Successfully bumped revision number for resource cc852e05-c094-4e93-9937-a31913c53c2e (type: ports) to 2 [pid: 8|app: 0|req: 256/506] 10.0.0.6 () {34 vars in 692 bytes} [Sat Jul 25 11:19:36 2026] POST /v2.0/security-group-rules => generated 597 bytes in 361 msecs (HTTP/1.1 201) 4 headers in 162 bytes (1 switches on core 0) [pid: 8|app: 0|req: 257/507] 10.0.0.6 () {32 vars in 737 bytes} [Sat Jul 25 11:19:37 2026] DELETE /v2.0/security-groups/39e63627-da6e-4d0c-9e9e-e40e675e57fe => generated 0 bytes in 433 msecs (HTTP/1.1 204) 2 headers in 112 bytes (1 switches on core 0)
2026-07-25 11:19:37.715 7 INFO neutron.db.ovn_revision_numbers_db [None req-abd3d301-3599-4205-b741-d97a197d9be2 e955f6efd8574528b779215b0150fb64 2e6b8bfa800b4b77b6e5c03c08f2bba2 - - default default] Successfully bumped revision number for resource 61e733ef-c964-4e66-b5f9-3704006a2b70 (type: router_ports) to 1 [pid: 7|app: 0|req: 251/508] 10.0.0.6 () {34 vars in 780 bytes} [Sat Jul 25 11:19:35 2026] PUT /v2.0/routers/99c2c753-e960-407d-8bbb-5c920d0f73e3/add_router_interface => generated 309 bytes in 2358 msecs (HTTP/1.1 200) 4 headers in 157 bytes (1 switches on core 0)
2026-07-25 11:19:37.829 7 INFO neutron.db.ovn_revision_numbers_db [None req-da84f0fe-754f-4ebd-90ce-0cc2a564bf5b cbdef0692e6d40f488435b88c895f1e4 ec33cd77ec8d4508b521066da6ada163 - - default default] Successfully bumped revision number for resource 2af2bd76-7610-4f31-976d-3a748723de9e (type: security_groups) to 1
