2026-07-25 11:23:14.176 8 INFO neutron.services.segments.plugin [-] Segment e2ac87ff-a811-41e7-98e6-2db2267881bb resource provider not found; error: Placement Client Error (4xx): {"errors": [{"status": 404, "title": "Not Found", "detail": "The resource could not be found.\n\n No resource provider with uuid e2ac87ff-a811-41e7-98e6-2db2267881bb found for delete ", "request_id": "req-c6340d91-7081-41b4-879f-ed22bf374054"}]}
2026-07-25 11:23:14.190 8 INFO neutron.services.segments.plugin [-] Segment e2ac87ff-a811-41e7-98e6-2db2267881bb resource provider not found; error: Placement Client Error (4xx): {"errors": [{"status": 404, "title": "Not Found", "detail": "The resource could not be found.\n\n No resource provider with uuid e2ac87ff-a811-41e7-98e6-2db2267881bb found for delete ", "request_id": "req-ea71c5e6-6d7a-43ff-8c29-5fc8cc1b9fd7"}]} [pid: 8|app: 0|req: 996/2167] 10.0.0.6 () {32 vars in 723 bytes} [Sat Jul 25 11:23:13 2026] DELETE /v2.0/networks/397998e6-52b7-414a-b8e2-8be9c045ce5c => generated 0 bytes in 456 msecs (HTTP/1.1 204) 3 headers in 131 bytes (1 switches on core 0)
2026-07-25 11:23:14.596 8 WARNING neutron.scheduler.dhcp_agent_scheduler [None req-dd6e2245-2869-44c7-9101-66adbeea53ce e63428e2c1284be491581af743769bec b8c2344801394cf08f179e46363170cf - - default default] No more DHCP agents
2026-07-25 11:23:14.597 8 WARNING neutron.api.rpc.agentnotifiers.dhcp_rpc_agent_api [None req-dd6e2245-2869-44c7-9101-66adbeea53ce e63428e2c1284be491581af743769bec b8c2344801394cf08f179e46363170cf - - default default] Unable to schedule network b72bbc40-5de0-4805-ac08-f8918603a734: no agents available; will retry on subsequent port and subnet creation events.
2026-07-25 11:23:14.722 7 INFO neutron.plugins.ml2.drivers.ovn.mech_driver.mech_driver [None req-ae5bb530-79ea-43ea-978e-a5a73e1eedbc - - - - - -] OVN reports status down for port: 1164f09a-8bee-48ec-9547-8ca55bd2f5bc
2026-07-25 11:23:14.747 8 INFO neutron.db.ovn_revision_numbers_db [None req-dd6e2245-2869-44c7-9101-66adbeea53ce e63428e2c1284be491581af743769bec b8c2344801394cf08f179e46363170cf - - default default] Successfully bumped revision number for resource 1164f09a-8bee-48ec-9547-8ca55bd2f5bc (type: ports) to 1
2026-07-25 11:23:14.776 7 WARNING neutron.scheduler.dhcp_agent_scheduler [None req-cb21c7ce-d08a-4d1a-8e4c-aab75c76464c 43b87cff3dc44d71b90399e33680b7e2 1668470ad79e43fca85cf759f2e14623 - - default default] No more DHCP agents
2026-07-25 11:23:14.778 7 WARNING neutron.api.rpc.agentnotifiers.dhcp_rpc_agent_api [None req-cb21c7ce-d08a-4d1a-8e4c-aab75c76464c 43b87cff3dc44d71b90399e33680b7e2 1668470ad79e43fca85cf759f2e14623 - - default default] Unable to schedule network f7a126f8-f59f-4131-b00d-b32cf617ced8: no agents available; will retry on subsequent port and subnet creation events.
2026-07-25 11:23:14.963 7 INFO neutron.plugins.ml2.drivers.ovn.mech_driver.mech_driver [None req-ae5bb530-79ea-43ea-978e-a5a73e1eedbc - - - - - -] OVN reports status down for port: 9c27b95d-f1f2-4e1b-8137-20a37809c10e
2026-07-25 11:23:15.029 7 INFO neutron.db.ovn_revision_numbers_db [None req-cb21c7ce-d08a-4d1a-8e4c-aab75c76464c 43b87cff3dc44d71b90399e33680b7e2 1668470ad79e43fca85cf759f2e14623 - - default default] Successfully bumped revision number for resource 9c27b95d-f1f2-4e1b-8137-20a37809c10e (type: ports) to 1
2026-07-25 11:23:15.487 8 INFO neutron.plugins.ml2.drivers.ovn.mech_driver.ovsdb.commands [None req-a2b4a0b7-539a-4b2a-be61-0766b93994e0 - - - - - -] Schedule LRP lrp-1164f09a-8bee-48ec-9547-8ca55bd2f5bc on gateway c7bfa300-b068-4e25-b293-d177cd90ea01 with priority 1
2026-07-25 11:23:15.550 8 INFO neutron.db.ovn_revision_numbers_db [None req-dd6e2245-2869-44c7-9101-66adbeea53ce e63428e2c1284be491581af743769bec b8c2344801394cf08f179e46363170cf - - default default] Successfully bumped revision number for resource 1164f09a-8bee-48ec-9547-8ca55bd2f5bc (type: router_ports) to 1
2026-07-25 11:23:15.562 7 INFO neutron.plugins.ml2.drivers.ovn.mech_driver.mech_driver [None req-ae5bb530-79ea-43ea-978e-a5a73e1eedbc - - - - - -] OVN reports status up for port: 1164f09a-8bee-48ec-9547-8ca55bd2f5bc
2026-07-25 11:23:15.591 7 INFO neutron.plugins.ml2.plugin [None req-ae5bb530-79ea-43ea-978e-a5a73e1eedbc - - - - - -] Attempt 1 to provision port 1164f09a-8bee-48ec-9547-8ca55bd2f5bc
2026-07-25 11:23:15.618 8 INFO neutron.db.ovn_revision_numbers_db [None req-dd6e2245-2869-44c7-9101-66adbeea53ce e63428e2c1284be491581af743769bec b8c2344801394cf08f179e46363170cf - - default default] Successfully bumped revision number for resource de77e8f6-b00f-4909-9647-bdeb8f435dcd (type: routers) to 2 [pid: 8|app: 0|req: 997/2168] 10.0.0.6 () {34 vars in 666 bytes} [Sat Jul 25 11:23:14 2026] POST /v2.0/routers => generated 948 bytes in 1423 msecs (HTTP/1.1 201) 4 headers in 162 bytes (1 switches on core 0) [pid: 8|app: 0|req: 1000/2171] 10.0.0.144 () {34 vars in 989 bytes} [Sat Jul 25 11:23:15 2026] GET /v2.0/ports?device_id=63f0e8db-49da-4601-8e89-9c42d8d07c73 => generated 1209 bytes in 30 msecs (HTTP/1.1 200) 4 headers in 158 bytes (1 switches on core 0) [pid: 8|app: 0|req: 1001/2172] 10.0.0.6 () {32 vars in 718 bytes} [Sat Jul 25 11:23:15 2026] GET /v2.0/routers/de77e8f6-b00f-4909-9647-bdeb8f435dcd => generated 954 bytes in 87 msecs (HTTP/1.1 200) 4 headers in 157 bytes (1 switches on core 0) [pid: 8|app: 0|req: 1002/2173] 10.0.0.144 () {34 vars in 1039 bytes} [Sat Jul 25 11:23:15 2026] GET /v2.0/security-groups?id=7ee315c5-6abc-4950-82f6-feeca27adddb&fields=id&fields=name => generated 114 bytes in 38 msecs (HTTP/1.1 200) 4 headers in 157 bytes (1 switches on core 0) [pid: 8|app: 0|req: 1003/2174] 10.0.0.6 () {32 vars in 644 bytes} [Sat Jul 25 11:23:15 2026] GET /v2.0/routers => generated 957 bytes in 121 msecs (HTTP/1.1 200) 4 headers in 157 bytes (1 switches on core 0)
2026-07-25 11:23:16.147 7 WARNING neutron.scheduler.dhcp_agent_scheduler [None req-cb21c7ce-d08a-4d1a-8e4c-aab75c76464c 43b87cff3dc44d71b90399e33680b7e2 1668470ad79e43fca85cf759f2e14623 - - default default] No more DHCP agents
2026-07-25 11:23:16.148 7 WARNING neutron.api.rpc.agentnotifiers.dhcp_rpc_agent_api [None req-cb21c7ce-d08a-4d1a-8e4c-aab75c76464c 43b87cff3dc44d71b90399e33680b7e2 1668470ad79e43fca85cf759f2e14623 - - default default] Unable to schedule network f7a126f8-f59f-4131-b00d-b32cf617ced8: no agents available; will retry on subsequent port and subnet creation events.
2026-07-25 11:23:16.461 8 INFO neutron.db.ovn_revision_numbers_db [None req-a5494130-1463-44bd-8ece-9ef17836a3b2 e63428e2c1284be491581af743769bec b8c2344801394cf08f179e46363170cf - - default default] Successfully bumped revision number for resource de77e8f6-b00f-4909-9647-bdeb8f435dcd (type: routers) to 3 [pid: 8|app: 0|req: 1004/2175] 10.0.0.6 () {34 vars in 738 bytes} [Sat Jul 25 11:23:15 2026] PUT /v2.0/routers/de77e8f6-b00f-4909-9647-bdeb8f435dcd => generated 961 bytes in 551 msecs (HTTP/1.1 200) 4 headers in 157 bytes (1 switches on core 0)
2026-07-25 11:23:16.549 7 INFO neutron.db.ovn_revision_numbers_db [None req-cb21c7ce-d08a-4d1a-8e4c-aab75c76464c 43b87cff3dc44d71b90399e33680b7e2 1668470ad79e43fca85cf759f2e14623 - - default default] Successfully bumped revision number for resource 9c27b95d-f1f2-4e1b-8137-20a37809c10e (type: router_ports) to 1 [pid: 7|app: 0|req: 1172/2176] 10.0.0.6 () {34 vars in 780 bytes} [Sat Jul 25 11:23:14 2026] PUT /v2.0/routers/52f0c16e-89f7-45f4-b607-90add722b536/add_router_interface => generated 309 bytes in 2385 msecs (HTTP/1.1 200) 4 headers in 157 bytes (1 switches on core 0) [pid: 7|app: 0|req: 1173/2177] 10.0.0.6 () {32 vars in 718 bytes} [Sat Jul 25 11:23:16 2026] GET /v2.0/routers/de77e8f6-b00f-4909-9647-bdeb8f435dcd => generated 961 bytes in 93 msecs (HTTP/1.1 200) 4 headers in 157 bytes (1 switches on core 0)
2026-07-25 11:23:17.287 8 WARNING neutron.plugins.ml2.drivers.ovn.mech_driver.ovsdb.ovn_client [None req-6c041887-3612-4485-ba18-32b17bee9928 - - - - - -] No port found with ID 0e059a80-db53-444f-937f-b5303cb767e3: RuntimeError: No port found with ID 0e059a80-db53-444f-937f-b5303cb767e3
2026-07-25 11:23:17.333 8 INFO neutron.plugins.ml2.drivers.ovn.mech_driver.mech_driver [None req-6c041887-3612-4485-ba18-32b17bee9928 - - - - - -] OVN reports status down for port: 2c8b04e3-006e-4cf7-b936-c274e8f71a70
2026-07-25 11:23:17.348 8 INFO neutron.plugins.ml2.drivers.ovn.mech_driver.mech_driver [None req-6c041887-3612-4485-ba18-32b17bee9928 - - - - - -] OVN reports status down for port: 499d0509-4ac3-4a69-a3d3-2456c5d90313
2026-07-25 11:23:17.391 8 INFO neutron_taas.services.taas.taas_plugin [None req-e0ca021d-ee44-4910-aa2c-362c9bd4120b e955f6efd8574528b779215b0150fb64 2e6b8bfa800b4b77b6e5c03c08f2bba2 - - default default] TaaS: Handle Delete Port: 9bcf167d-9d1b-4341-8e5a-495365244b7c
2026-07-25 11:23:17.396 8 INFO neutron_taas.services.taas.tap_mirror_plugin [None req-e0ca021d-ee44-4910-aa2c-362c9bd4120b e955f6efd8574528b779215b0150fb64 2e6b8bfa800b4b77b6e5c03c08f2bba2 - - default default] Tap Mirror: Handle Delete Port: 9bcf167d-9d1b-4341-8e5a-495365244b7c
2026-07-25 11:23:17.471 8 INFO neutron.plugins.ml2.drivers.ovn.mech_driver.mech_driver [None req-6c041887-3612-4485-ba18-32b17bee9928 - - - - - -] OVN reports status down for port: 7d5e7df8-0a22-41dc-a7f7-171854c6023e
2026-07-25 11:23:17.560 8 WARNING neutron.plugins.ml2.drivers.ovn.mech_driver.ovsdb.ovn_client [None req-6c041887-3612-4485-ba18-32b17bee9928 - - - - - -] Logical_Switch_Port %s host information not removed, the port state is up
2026-07-25 11:23:17.562 8 INFO neutron.plugins.ml2.drivers.ovn.mech_driver.mech_driver [None req-6c041887-3612-4485-ba18-32b17bee9928 - - - - - -] OVN reports status up for port: 7d5e7df8-0a22-41dc-a7f7-171854c6023e
2026-07-25 11:23:17.574 7 WARNING neutron.scheduler.dhcp_agent_scheduler [None req-d2160996-47b2-48fc-8aa7-814995b256c0 - - - - - -] No more DHCP agents
2026-07-25 11:23:17.576 7 WARNING neutron.api.rpc.agentnotifiers.dhcp_rpc_agent_api [None req-d2160996-47b2-48fc-8aa7-814995b256c0 - - - - - -] Unable to schedule network b72bbc40-5de0-4805-ac08-f8918603a734: no agents available; will retry on subsequent port and subnet creation events.
2026-07-25 11:23:17.582 8 INFO neutron.plugins.ml2.plugin [None req-6c041887-3612-4485-ba18-32b17bee9928 - - - - - -] Attempt 1 to provision port 7d5e7df8-0a22-41dc-a7f7-171854c6023e
2026-07-25 11:23:17.745 7 INFO neutron.db.ovn_revision_numbers_db [None req-d2160996-47b2-48fc-8aa7-814995b256c0 - - - - - -] Successfully bumped revision number for resource 87a56635-0aeb-48fe-8478-4e060e46226f (type: ports) to 1
2026-07-25 11:23:18.006 7 INFO neutron.db.ovn_revision_numbers_db [None req-d2160996-47b2-48fc-8aa7-814995b256c0 - - - - - -] Successfully bumped revision number for resource 87a56635-0aeb-48fe-8478-4e060e46226f (type: ports) to 3
2026-07-25 11:23:18.067 7 INFO neutron.db.segments_db [None req-d2160996-47b2-48fc-8aa7-814995b256c0 - - - - - -] Added segment e840a8c1-a08d-4d5d-afc6-16f12b387105 of type geneve for network 52e107cd-f376-4cb7-b712-877312731e74 [pid: 8|app: 0|req: 1005/2178] 10.0.0.6 () {34 vars in 786 bytes} [Sat Jul 25 11:23:16 2026] PUT /v2.0/routers/fbeadbe2-86f9-4f8a-9b83-f6b1c398d15f/remove_router_interface => generated 309 bytes in 1739 msecs (HTTP/1.1 200) 4 headers in 157 bytes (1 switches on core 0) /var/lib/openstack/lib/python3.12/site-packages/pycadf/identifier.py:70: UserWarning: Invalid uuid: neutron. To ensure interoperability, identifiers should be a valid uuid. warnings.warn(('Invalid uuid: %s. To ensure interoperability, '
2026-07-25 11:23:18.219 7 INFO neutron.db.ovn_revision_numbers_db [None req-d9e8745a-65b6-444e-8c5b-6510e80b0ce0 - - - - - -] Successfully bumped revision number for resource 52e107cd-f376-4cb7-b712-877312731e74 (type: networks) to 1 [pid: 8|app: 0|req: 1006/2179] 10.0.0.6 () {32 vars in 733 bytes} [Sat Jul 25 11:23:18 2026] GET /v2.0/ports?device_id=de77e8f6-b00f-4909-9647-bdeb8f435dcd => generated 12 bytes in 18 msecs (HTTP/1.1 200) 4 headers in 156 bytes (1 switches on core 0)
2026-07-25 11:23:18.357 7 WARNING neutron.scheduler.dhcp_agent_scheduler [None req-d9e8745a-65b6-444e-8c5b-6510e80b0ce0 - - - - - -] No more DHCP agents
2026-07-25 11:23:18.359 7 WARNING neutron.api.rpc.agentnotifiers.dhcp_rpc_agent_api [None req-d9e8745a-65b6-444e-8c5b-6510e80b0ce0 - - - - - -] Unable to schedule network 52e107cd-f376-4cb7-b712-877312731e74: no agents available; will retry on subsequent port and subnet creation events.
2026-07-25 11:23:18.433 7 INFO neutron.db.ovn_revision_numbers_db [None req-d9e8745a-65b6-444e-8c5b-6510e80b0ce0 - - - - - -] Successfully bumped revision number for resource edd1d974-f096-4c1d-b8f4-73078125367e (type: ports) to 1
2026-07-25 11:23:18.543 8 INFO neutron_taas.services.taas.taas_plugin [None req-a1c42c6f-f52c-42ea-b86d-7210aedbe8d5 e955f6efd8574528b779215b0150fb64 2e6b8bfa800b4b77b6e5c03c08f2bba2 - - default default] TaaS: Handle Delete Port: a5ca1447-bad7-45ee-9cd1-484fca70b5c8
2026-07-25 11:23:18.546 8 INFO neutron_taas.services.taas.tap_mirror_plugin [None req-a1c42c6f-f52c-42ea-b86d-7210aedbe8d5 e955f6efd8574528b779215b0150fb64 2e6b8bfa800b4b77b6e5c03c08f2bba2 - - default default] Tap Mirror: Handle Delete Port: a5ca1447-bad7-45ee-9cd1-484fca70b5c8
2026-07-25 11:23:18.556 7 WARNING neutron.scheduler.dhcp_agent_scheduler [None req-d9e8745a-65b6-444e-8c5b-6510e80b0ce0 - - - - - -] No more DHCP agents
2026-07-25 11:23:18.557 7 WARNING neutron.api.rpc.agentnotifiers.dhcp_rpc_agent_api [None req-d9e8745a-65b6-444e-8c5b-6510e80b0ce0 - - - - - -] Unable to schedule network 52e107cd-f376-4cb7-b712-877312731e74: no agents available; will retry on subsequent port and subnet creation events.
2026-07-25 11:23:18.581 7 INFO neutron.db.ovn_revision_numbers_db [None req-d9e8745a-65b6-444e-8c5b-6510e80b0ce0 - - - - - -] Successfully bumped revision number for resource b0411759-e75e-47a2-ab58-2ac47acbc451 (type: subnets) to 0 [pid: 8|app: 0|req: 1007/2180] 10.0.0.6 () {32 vars in 721 bytes} [Sat Jul 25 11:23:18 2026] DELETE /v2.0/routers/fbeadbe2-86f9-4f8a-9b83-f6b1c398d15f => generated 0 bytes in 721 msecs (HTTP/1.1 204) 2 headers in 112 bytes (1 switches on core 0)
2026-07-25 11:23:19.035 7 WARNING neutron.scheduler.dhcp_agent_scheduler [None req-d9e8745a-65b6-444e-8c5b-6510e80b0ce0 - - - - - -] No more DHCP agents
2026-07-25 11:23:19.037 7 WARNING neutron.api.rpc.agentnotifiers.dhcp_rpc_agent_api [None req-d9e8745a-65b6-444e-8c5b-6510e80b0ce0 - - - - - -] Unable to schedule network 52e107cd-f376-4cb7-b712-877312731e74: no agents available; will retry on subsequent port and subnet creation events.
2026-07-25 11:23:19.168 7 INFO neutron.db.ovn_revision_numbers_db [None req-d9e8745a-65b6-444e-8c5b-6510e80b0ce0 - - - - - -] Successfully bumped revision number for resource abc987c4-7428-430e-b3c2-300410142707 (type: ports) to 1
2026-07-25 11:23:19.274 8 INFO neutron_taas.services.taas.taas_plugin [None req-2bb06bc9-b6d6-4101-b1f6-457d27d3bfbe e63428e2c1284be491581af743769bec b8c2344801394cf08f179e46363170cf - - default default] TaaS: Handle Delete Port: 1164f09a-8bee-48ec-9547-8ca55bd2f5bc
2026-07-25 11:23:19.278 8 INFO neutron_taas.services.taas.tap_mirror_plugin [None req-2bb06bc9-b6d6-4101-b1f6-457d27d3bfbe e63428e2c1284be491581af743769bec b8c2344801394cf08f179e46363170cf - - default default] Tap Mirror: Handle Delete Port: 1164f09a-8bee-48ec-9547-8ca55bd2f5bc [pid: 8|app: 0|req: 1008/2181] 10.0.0.6 () {32 vars in 721 bytes} [Sat Jul 25 11:23:18 2026] DELETE /v2.0/routers/de77e8f6-b00f-4909-9647-bdeb8f435dcd => generated 0 bytes in 711 msecs (HTTP/1.1 204) 2 headers in 112 bytes (1 switches on core 0)
2026-07-25 11:23:19.818 7 WARNING neutron.scheduler.dhcp_agent_scheduler [None req-d9e8745a-65b6-444e-8c5b-6510e80b0ce0 - - - - - -] No more DHCP agents
2026-07-25 11:23:19.819 7 WARNING neutron.api.rpc.agentnotifiers.dhcp_rpc_agent_api [None req-d9e8745a-65b6-444e-8c5b-6510e80b0ce0 - - - - - -] Unable to schedule network 52e107cd-f376-4cb7-b712-877312731e74: no agents available; will retry on subsequent port and subnet creation events. [pid: 8|app: 0|req: 1009/2182] 10.0.0.6 () {32 vars in 721 bytes} [Sat Jul 25 11:23:19 2026] DELETE /v2.0/subnets/dbbf334c-de5c-4973-8472-28aa3ce2d9e2 => generated 0 bytes in 163 msecs (HTTP/1.1 204) 3 headers in 131 bytes (1 switches on core 0) [pid: 8|app: 0|req: 1010/2183] 10.0.0.166 () {34 vars in 989 bytes} [Sat Jul 25 11:23:19 2026] GET /v2.0/ports?device_id=63f0e8db-49da-4601-8e89-9c42d8d07c73 => generated 971 bytes in 75 msecs (HTTP/1.1 200) 4 headers in 157 bytes (1 switches on core 0) [pid: 8|app: 0|req: 1011/2184] 10.0.0.6 () {32 vars in 733 bytes} [Sat Jul 25 11:23:19 2026] GET /v2.0/ports?device_id=de77e8f6-b00f-4909-9647-bdeb8f435dcd => generated 12 bytes in 20 msecs (HTTP/1.1 200) 4 headers in 156 bytes (1 switches on core 0)
2026-07-25 11:23:20.042 8 INFO neutron_taas.services.taas.taas_plugin [None req-b473d33e-dafa-44ef-b147-6af80bc58a3e e955f6efd8574528b779215b0150fb64 2e6b8bfa800b4b77b6e5c03c08f2bba2 - - default default] TaaS: Handle Delete Port: 99cbe766-8dbd-4d75-8206-44c65980a3ce
2026-07-25 11:23:20.045 8 INFO neutron_taas.services.taas.tap_mirror_plugin [None req-b473d33e-dafa-44ef-b147-6af80bc58a3e e955f6efd8574528b779215b0150fb64 2e6b8bfa800b4b77b6e5c03c08f2bba2 - - default default] Tap Mirror: Handle Delete Port: 99cbe766-8dbd-4d75-8206-44c65980a3ce
2026-07-25 11:23:20.284 8 INFO neutron.services.segments.plugin [-] Segment 59f15548-165e-4665-ba42-163dfa512528 resource provider aggregate not found
2026-07-25 11:23:20.293 8 INFO neutron.services.segments.plugin [-] Segment 59f15548-165e-4665-ba42-163dfa512528 resource provider aggregate not found
2026-07-25 11:23:20.311 8 INFO neutron.services.segments.plugin [-] Segment 59f15548-165e-4665-ba42-163dfa512528 resource provider not found; error: Placement Client Error (4xx): {"errors": [{"status": 404, "title": "Not Found", "detail": "The resource could not be found.\n\n No resource provider with uuid 59f15548-165e-4665-ba42-163dfa512528 found for delete ", "request_id": "req-593239ed-d8f5-4ded-b015-1bb08c08e6fc"}]}
2026-07-25 11:23:20.317 8 INFO neutron.services.segments.plugin [-] Segment 59f15548-165e-4665-ba42-163dfa512528 resource provider not found; error: Placement Client Error (4xx): {"errors": [{"status": 404, "title": "Not Found", "detail": "The resource could not be found.\n\n No resource provider with uuid 59f15548-165e-4665-ba42-163dfa512528 found for delete ", "request_id": "req-ecbaeebd-4bcc-41fa-b093-c0ee6bff3ac4"}]}
2026-07-25 11:23:20.326 7 INFO neutron.db.ovn_revision_numbers_db [None req-d9e8745a-65b6-444e-8c5b-6510e80b0ce0 - - - - - -] Successfully bumped revision number for resource abc987c4-7428-430e-b3c2-300410142707 (type: router_ports) to 1 [pid: 8|app: 0|req: 1012/2185] 10.0.0.6 () {32 vars in 723 bytes} [Sat Jul 25 11:23:19 2026] DELETE /v2.0/networks/f07fe4c7-a62a-40eb-9514-95791dbbdc16 => generated 0 bytes in 484 msecs (HTTP/1.1 204) 3 headers in 131 bytes (1 switches on core 0) [pid: 8|app: 0|req: 1013/2186] 10.0.0.166 () {34 vars in 1039 bytes} [Sat Jul 25 11:23:20 2026] GET /v2.0/security-groups?id=7ee315c5-6abc-4950-82f6-feeca27adddb&fields=id&fields=name => generated 114 bytes in 31 msecs (HTTP/1.1 200) 4 headers in 157 bytes (1 switches on core 0)
2026-07-25 11:23:20.454 8 INFO neutron.api.v2.resource [None req-38d06062-a62d-4e4e-9b38-c6f4cc24d0d5 e63428e2c1284be491581af743769bec b8c2344801394cf08f179e46363170cf - - default default] delete failed (client error): The resource could not be found. [pid: 8|app: 0|req: 1014/2187] 10.0.0.6 () {32 vars in 721 bytes} [Sat Jul 25 11:23:20 2026] DELETE /v2.0/routers/de77e8f6-b00f-4909-9647-bdeb8f435dcd => generated 135 bytes in 17 msecs (HTTP/1.1 404) 4 headers in 164 bytes (1 switches on core 0) [pid: 8|app: 0|req: 1015/2188] 10.0.0.6 () {32 vars in 733 bytes} [Sat Jul 25 11:23:20 2026] GET /v2.0/ports?device_id=7043ebee-56f2-4a6f-9c26-527cdd6244b2 => generated 12 bytes in 23 msecs (HTTP/1.1 200) 4 headers in 156 bytes (1 switches on core 0)
2026-07-25 11:23:20.508 8 INFO neutron.api.v2.resource [None req-09c49880-1a23-44cd-ae09-ce28cac3bba0 e63428e2c1284be491581af743769bec b8c2344801394cf08f179e46363170cf - - default default] delete failed (client error): The resource could not be found. [pid: 8|app: 0|req: 1016/2189] 10.0.0.6 () {32 vars in 721 bytes} [Sat Jul 25 11:23:20 2026] DELETE /v2.0/routers/7043ebee-56f2-4a6f-9c26-527cdd6244b2 => generated 135 bytes in 22 msecs (HTTP/1.1 404) 4 headers in 164 bytes (1 switches on core 0) [pid: 8|app: 0|req: 1017/2190] 10.0.0.6 () {32 vars in 771 bytes} [Sat Jul 25 11:23:20 2026] GET /v2.0/security-groups?tenant_id=f2472b48070a43529c29fea4c548a9ad&name=default => generated 2925 bytes in 22 msecs (HTTP/1.1 200) 4 headers in 158 bytes (1 switches on core 0)
2026-07-25 11:23:20.542 8 INFO neutron.pecan_wsgi.hooks.translation [None req-88ac3186-44f3-494d-a933-23d3d8cbfea2 e63428e2c1284be491581af743769bec b8c2344801394cf08f179e46363170cf - - default default] DELETE failed (client error): The resource could not be found.
2026-07-25 11:23:20.544 7 WARNING neutron.scheduler.dhcp_agent_scheduler [None req-d9e8745a-65b6-444e-8c5b-6510e80b0ce0 - - - - - -] No more DHCP agents [pid: 8|app: 0|req: 1018/2191] 10.0.0.6 () {32 vars in 721 bytes} [Sat Jul 25 11:23:20 2026] DELETE /v2.0/subnets/98c7b8ce-697d-4aa0-a6ad-a0d8a520698b => generated 136 bytes in 12 msecs (HTTP/1.1 404) 4 headers in 164 bytes (1 switches on core 0)
2026-07-25 11:23:20.545 7 WARNING neutron.api.rpc.agentnotifiers.dhcp_rpc_agent_api [None req-d9e8745a-65b6-444e-8c5b-6510e80b0ce0 - - - - - -] Unable to schedule network 52e107cd-f376-4cb7-b712-877312731e74: no agents available; will retry on subsequent port and subnet creation events.
2026-07-25 11:23:20.681 7 INFO neutron.db.ovn_revision_numbers_db [None req-d9e8745a-65b6-444e-8c5b-6510e80b0ce0 - - - - - -] Successfully bumped revision number for resource 468fd8f7-5265-4bd4-a9af-8c67a05fba66 (type: ports) to 1
2026-07-25 11:23:20.774 7 WARNING neutron.plugins.ml2.drivers.ovn.mech_driver.ovsdb.ovn_client [None req-ae5bb530-79ea-43ea-978e-a5a73e1eedbc - - - - - -] No port found with ID 1164f09a-8bee-48ec-9547-8ca55bd2f5bc: RuntimeError: No port found with ID 1164f09a-8bee-48ec-9547-8ca55bd2f5bc
2026-07-25 11:23:20.774 7 INFO neutron.plugins.ml2.drivers.ovn.mech_driver.mech_driver [None req-ae5bb530-79ea-43ea-978e-a5a73e1eedbc - - - - - -] OVN reports status up for port: 9c27b95d-f1f2-4e1b-8137-20a37809c10e
2026-07-25 11:23:20.827 7 INFO neutron.plugins.ml2.plugin [None req-ae5bb530-79ea-43ea-978e-a5a73e1eedbc - - - - - -] Attempt 1 to provision port 9c27b95d-f1f2-4e1b-8137-20a37809c10e [pid: 8|app: 0|req: 1019/2192] 10.0.0.6 () {32 vars in 737 bytes} [Sat Jul 25 11:23:20 2026] DELETE /v2.0/security-groups/ef1ec28a-30e3-4354-ac83-b5f82bb61e17 => generated 0 bytes in 290 msecs (HTTP/1.1 204) 2 headers in 112 bytes (1 switches on core 0) [pid: 8|app: 0|req: 1020/2193] 10.0.0.6 () {32 vars in 733 bytes} [Sat Jul 25 11:23:20 2026] GET /v2.0/ports?device_id=5078d5fe-30a0-4aac-a05c-2d9bb4a90af8 => generated 12 bytes in 33 msecs (HTTP/1.1 200) 4 headers in 156 bytes (1 switches on core 0)
2026-07-25 11:23:20.894 8 INFO neutron.api.v2.resource [None req-9aa599d4-61c8-4edb-a844-829c9e2b1149 e63428e2c1284be491581af743769bec b8c2344801394cf08f179e46363170cf - - default default] delete failed (client error): The resource could not be found. [pid: 8|app: 0|req: 1021/2194] 10.0.0.6 () {32 vars in 721 bytes} [Sat Jul 25 11:23:20 2026] DELETE /v2.0/routers/5078d5fe-30a0-4aac-a05c-2d9bb4a90af8 => generated 135 bytes in 22 msecs (HTTP/1.1 404) 4 headers in 164 bytes (1 switches on core 0)
2026-07-25 11:23:20.915 8 INFO neutron.pecan_wsgi.hooks.translation [None req-ff6b6258-a9aa-4413-94b0-1345965cfbaa e63428e2c1284be491581af743769bec b8c2344801394cf08f179e46363170cf - - default default] DELETE failed (client error): The resource could not be found. [pid: 8|app: 0|req: 1022/2195] 10.0.0.6 () {32 vars in 721 bytes} [Sat Jul 25 11:23:20 2026] DELETE /v2.0/subnets/f67798db-8ee1-48ff-a29f-d7d38c2c21d2 => generated 136 bytes in 17 msecs (HTTP/1.1 404) 4 headers in 164 bytes (1 switches on core 0) [pid: 8|app: 0|req: 1023/2196] 10.0.0.6 () {32 vars in 733 bytes} [Sat Jul 25 11:23:20 2026] GET /v2.0/ports?device_id=b87b79c9-0968-41a9-8fba-3ad6801adfe6 => generated 12 bytes in 22 msecs (HTTP/1.1 200) 4 headers in 156 bytes (1 switches on core 0)
2026-07-25 11:23:20.966 8 INFO neutron.api.v2.resource [None req-ba128a8d-2a82-4c84-b0aa-7cd5b55607af e63428e2c1284be491581af743769bec b8c2344801394cf08f179e46363170cf - - default default] delete failed (client error): The resource could not be found. [pid: 8|app: 0|req: 1024/2197] 10.0.0.6 () {32 vars in 721 bytes} [Sat Jul 25 11:23:20 2026] DELETE /v2.0/routers/b87b79c9-0968-41a9-8fba-3ad6801adfe6 => generated 135 bytes in 21 msecs (HTTP/1.1 404) 4 headers in 164 bytes (1 switches on core 0)
2026-07-25 11:23:20.981 8 INFO neutron.pecan_wsgi.hooks.translation [None req-e2ac8344-012c-4dfa-ba6f-6891638826df e63428e2c1284be491581af743769bec b8c2344801394cf08f179e46363170cf - - default default] DELETE failed (client error): The resource could not be found. [pid: 8|app: 0|req: 1025/2198] 10.0.0.6 () {32 vars in 721 bytes} [Sat Jul 25 11:23:20 2026] DELETE /v2.0/subnets/c2f59202-da04-48bb-98e0-6926ae00336c => generated 136 bytes in 15 msecs (HTTP/1.1 404) 4 headers in 164 bytes (1 switches on core 0)
2026-07-25 11:23:21.002 8 INFO neutron.pecan_wsgi.hooks.translation [None req-2bc43321-6124-431c-b43e-154879a991db e63428e2c1284be491581af743769bec b8c2344801394cf08f179e46363170cf - - default default] DELETE failed (client error): The resource could not be found. [pid: 8|app: 0|req: 1026/2199] 10.0.0.6 () {32 vars in 721 bytes} [Sat Jul 25 11:23:20 2026] DELETE /v2.0/subnets/77c31ce1-2e4c-4862-9c48-0772ab673d0a => generated 136 bytes in 15 msecs (HTTP/1.1 404) 4 headers in 164 bytes (1 switches on core 0)
2026-07-25 11:23:21.131 7 INFO neutron.db.ovn_revision_numbers_db [None req-d9e8745a-65b6-444e-8c5b-6510e80b0ce0 - - - - - -] Successfully bumped revision number for resource 468fd8f7-5265-4bd4-a9af-8c67a05fba66 (type: ports) to 3 [pid: 8|app: 0|req: 1027/2200] 199.204.45.61 () {34 vars in 992 bytes} [Sat Jul 25 11:23:21 2026] GET /v2.0/ports?device_id=63f0e8db-49da-4601-8e89-9c42d8d07c73 => generated 971 bytes in 47 msecs (HTTP/1.1 200) 4 headers in 157 bytes (1 switches on core 0) [pid: 7|app: 0|req: 1174/2201] 10.0.0.6 () {34 vars in 682 bytes} [Sat Jul 25 11:23:16 2026] POST /v2.0/vpn/vpnservices => generated 459 bytes in 4807 msecs (HTTP/1.1 201) 4 headers in 162 bytes (1 switches on core 0) [pid: 7|app: 0|req: 1175/2202] 10.0.0.6 () {32 vars in 660 bytes} [Sat Jul 25 11:23:21 2026] GET /v2.0/vpn/vpnservices => generated 1305 bytes in 38 msecs (HTTP/1.1 200) 4 headers in 158 bytes (1 switches on core 0)
2026-07-25 11:23:21.570 8 INFO neutron_taas.services.taas.taas_plugin [req-cf8db746-4c29-4736-84c0-b106abc52e60 req-b027a733-be7a-4af3-9e69-119a35ccb329 fe8e843f93d746a389274e00af0d9740 18fedbe090804dbeaa09fbc78e324aba - - default default] TaaS: Handle Delete Port: 29d2df29-3b07-495a-b97c-60a51c043170
2026-07-25 11:23:21.574 8 INFO neutron_taas.services.taas.tap_mirror_plugin [req-cf8db746-4c29-4736-84c0-b106abc52e60 req-b027a733-be7a-4af3-9e69-119a35ccb329 fe8e843f93d746a389274e00af0d9740 18fedbe090804dbeaa09fbc78e324aba - - default default] Tap Mirror: Handle Delete Port: 29d2df29-3b07-495a-b97c-60a51c043170 [pid: 7|app: 0|req: 1176/2203] 10.0.0.6 () {32 vars in 771 bytes} [Sat Jul 25 11:23:21 2026] GET /v2.0/security-groups?tenant_id=b8c2344801394cf08f179e46363170cf&name=default => generated 2925 bytes in 177 msecs (HTTP/1.1 200) 4 headers in 158 bytes (1 switches on core 0)
2026-07-25 11:23:21.725 7 INFO neutron.db.ovn_revision_numbers_db [None req-ae5bb530-79ea-43ea-978e-a5a73e1eedbc - - - - - -] Successfully bumped revision number for resource 9c27b95d-f1f2-4e1b-8137-20a37809c10e (type: ports) to 2
2026-07-25 11:23:21.804 8 INFO neutron.db.l3_db [req-cf8db746-4c29-4736-84c0-b106abc52e60 req-b027a733-be7a-4af3-9e69-119a35ccb329 fe8e843f93d746a389274e00af0d9740 18fedbe090804dbeaa09fbc78e324aba - - default default] Floating IP 0bcade8c-13d5-4864-a4d3-0a269a8fb96c disassociated. External IP: 10.96.250.219, port: 29d2df29-3b07-495a-b97c-60a51c043170. [pid: 8|app: 0|req: 1028/2204] 199.204.45.61 () {36 vars in 995 bytes} [Sat Jul 25 11:23:21 2026] DELETE /v2.0/ports/29d2df29-3b07-495a-b97c-60a51c043170 => generated 0 bytes in 589 msecs (HTTP/1.1 204) 3 headers in 131 bytes (1 switches on core 0) [pid: 8|app: 0|req: 1029/2205] 10.0.0.166 () {34 vars in 989 bytes} [Sat Jul 25 11:23:21 2026] GET /v2.0/ports?device_id=63f0e8db-49da-4601-8e89-9c42d8d07c73 => generated 12 bytes in 25 msecs (HTTP/1.1 200) 4 headers in 156 bytes (1 switches on core 0)
2026-07-25 11:23:22.003 8 INFO neutron.notifiers.nova [-] Nova event matching ['req-81ac47a7-21f0-4172-8f28-93b810ad1a09'] response: {'server_uuid': '63f0e8db-49da-4601-8e89-9c42d8d07c73', 'name': 'network-vif-deleted', 'tag': '29d2df29-3b07-495a-b97c-60a51c043170', 'status': 'completed', 'code': 200}
2026-07-25 11:23:22.125 7 INFO neutron_taas.services.taas.taas_plugin [None req-274795a4-84cc-4d94-bf74-6b0dc11ab75c 43b87cff3dc44d71b90399e33680b7e2 1668470ad79e43fca85cf759f2e14623 - - default default] TaaS: Handle Delete Port: 87a56635-0aeb-48fe-8478-4e060e46226f
2026-07-25 11:23:22.131 7 INFO neutron_taas.services.taas.tap_mirror_plugin [None req-274795a4-84cc-4d94-bf74-6b0dc11ab75c 43b87cff3dc44d71b90399e33680b7e2 1668470ad79e43fca85cf759f2e14623 - - default default] Tap Mirror: Handle Delete Port: 87a56635-0aeb-48fe-8478-4e060e46226f [pid: 8|app: 0|req: 1030/2206] 10.0.0.6 () {32 vars in 737 bytes} [Sat Jul 25 11:23:21 2026] DELETE /v2.0/security-groups/897712ca-ec70-4b61-9cba-3f9535227cd6 => generated 0 bytes in 205 msecs (HTTP/1.1 204) 2 headers in 112 bytes (1 switches on core 0)
2026-07-25 11:23:22.374 7 INFO neutron_taas.services.taas.taas_plugin [None req-ba4bdfd2-d83a-41f2-bc69-28ecdb2c0cf4 - - - - - -] TaaS: Handle Delete Port: 468fd8f7-5265-4bd4-a9af-8c67a05fba66
2026-07-25 11:23:22.377 7 INFO neutron_taas.services.taas.tap_mirror_plugin [None req-ba4bdfd2-d83a-41f2-bc69-28ecdb2c0cf4 - - - - - -] Tap Mirror: Handle Delete Port: 468fd8f7-5265-4bd4-a9af-8c67a05fba66
2026-07-25 11:23:22.553 8 WARNING neutron.plugins.ml2.drivers.ovn.mech_driver.ovsdb.ovn_client [None req-6c041887-3612-4485-ba18-32b17bee9928 - - - - - -] No hosting information found for port 7d5e7df8-0a22-41dc-a7f7-171854c6023e: RuntimeError: No hosting information found for port 7d5e7df8-0a22-41dc-a7f7-171854c6023e
2026-07-25 11:23:22.554 8 INFO neutron.plugins.ml2.drivers.ovn.mech_driver.mech_driver [None req-6c041887-3612-4485-ba18-32b17bee9928 - - - - - -] OVN reports status down for port: edd1d974-f096-4c1d-b8f4-73078125367e
2026-07-25 11:23:22.614 8 INFO neutron.plugins.ml2.drivers.ovn.mech_driver.mech_driver [None req-6c041887-3612-4485-ba18-32b17bee9928 - - - - - -] OVN reports status down for port: abc987c4-7428-430e-b3c2-300410142707
2026-07-25 11:23:22.712 8 WARNING neutron.plugins.ml2.drivers.ovn.mech_driver.ovsdb.ovn_client [None req-6c041887-3612-4485-ba18-32b17bee9928 - - - - - -] Logical_Switch_Port %s host information not removed, the port state is up
2026-07-25 11:23:22.713 8 INFO neutron.plugins.ml2.drivers.ovn.mech_driver.mech_driver [None req-6c041887-3612-4485-ba18-32b17bee9928 - - - - - -] OVN reports status up for port: abc987c4-7428-430e-b3c2-300410142707
2026-07-25 11:23:22.724 8 INFO neutron.plugins.ml2.plugin [None req-6c041887-3612-4485-ba18-32b17bee9928 - - - - - -] Attempt 1 to provision port abc987c4-7428-430e-b3c2-300410142707
2026-07-25 11:23:22.769 7 INFO neutron_taas.services.taas.taas_plugin [None req-9eb5abbb-9e04-44ea-a204-c1248d1f49cb - - - - - -] TaaS: Handle Delete Port: abc987c4-7428-430e-b3c2-300410142707
2026-07-25 11:23:22.775 7 INFO neutron_taas.services.taas.tap_mirror_plugin [None req-9eb5abbb-9e04-44ea-a204-c1248d1f49cb - - - - - -] Tap Mirror: Handle Delete Port: abc987c4-7428-430e-b3c2-300410142707
2026-07-25 11:23:23.053 8 ERROR ovsdbapp.backend.ovs_idl.transaction [None req-6c041887-3612-4485-ba18-32b17bee9928 - - - - - -]
Traceback (most recent call last): File "/var/lib/openstack/lib/python3.12/site-packages/neutron/plugins/ml2/drivers/ovn/mech_driver/ovsdb/commands.py", line 267, in run_idl port = idlutils.row_by_value(self.api.idl, 'Logical_Switch_Port', ^^^^^^^^^^^^^^^^^^^^^^^^^^^^^^^^^^^^^^^^^^^^^^^^^^^^^^^^^^
File "/var/lib/openstack/lib/python3.12/site-packages/ovsdbapp/backend/ovs_idl/idlutils.py", line 114, in row_by_value raise RowNotFound(table=table, col=column, match=match) ovsdbapp.backend.ovs_idl.idlutils.RowNotFound: Cannot find Logical_Switch_Port with name=abc987c4-7428-430e-b3c2-300410142707 During handling of the above exception, another exception occurred: Traceback (most recent call last): File "/var/lib/openstack/lib/python3.12/site-packages/ovsdbapp/backend/ovs_idl/connection.py", line 121, in run txn.results.put(txn.do_commit()) ^^^^^^^^^^^^^^^
File "/var/lib/openstack/lib/python3.12/site-packages/ovsdbapp/backend/ovs_idl/transaction.py", line 92, in do_commit command.run_idl(txn)
File "/var/lib/openstack/lib/python3.12/site-packages/neutron/plugins/ml2/drivers/ovn/mech_driver/ovsdb/commands.py", line 273, in run_idl raise RuntimeError(msg) RuntimeError: Logical Switch Port abc987c4-7428-430e-b3c2-300410142707 does not exist
2026-07-25 11:23:23.054 8 ERROR neutron.plugins.ml2.managers [None req-6c041887-3612-4485-ba18-32b17bee9928 - - - - - -] Mechanism driver 'ovn' failed in update_port_postcommit: RuntimeError: Logical Switch Port abc987c4-7428-430e-b3c2-300410142707 does not exist
2026-07-25 11:23:23.054 8 ERROR neutron.plugins.ml2.managers
Traceback (most recent call last):
2026-07-25 11:23:23.054 8 ERROR neutron.plugins.ml2.managers
File "/var/lib/openstack/lib/python3.12/site-packages/neutron/plugins/ml2/drivers/ovn/mech_driver/ovsdb/commands.py", line 267, in run_idl
2026-07-25 11:23:23.054 8 ERROR neutron.plugins.ml2.managers port = idlutils.row_by_value(self.api.idl, 'Logical_Switch_Port',
2026-07-25 11:23:23.054 8 ERROR neutron.plugins.ml2.managers ^^^^^^^^^^^^^^^^^^^^^^^^^^^^^^^^^^^^^^^^^^^^^^^^^^^^^^^^^^
2026-07-25 11:23:23.054 8 ERROR neutron.plugins.ml2.managers
File "/var/lib/openstack/lib/python3.12/site-packages/ovsdbapp/backend/ovs_idl/idlutils.py", line 114, in row_by_value
2026-07-25 11:23:23.054 8 ERROR neutron.plugins.ml2.managers raise RowNotFound(table=table, col=column, match=match)
2026-07-25 11:23:23.054 8 ERROR neutron.plugins.ml2.managers ovsdbapp.backend.ovs_idl.idlutils.RowNotFound: Cannot find Logical_Switch_Port with name=abc987c4-7428-430e-b3c2-300410142707
2026-07-25 11:23:23.054 8 ERROR neutron.plugins.ml2.managers
2026-07-25 11:23:23.054 8 ERROR neutron.plugins.ml2.managers During handling of the above exception, another exception occurred:
2026-07-25 11:23:23.054 8 ERROR neutron.plugins.ml2.managers
2026-07-25 11:23:23.054 8 ERROR neutron.plugins.ml2.managers
Traceback (most recent call last):
2026-07-25 11:23:23.054 8 ERROR neutron.plugins.ml2.managers
File "/var/lib/openstack/lib/python3.12/site-packages/neutron/plugins/ml2/managers.py", line 499, in _call_on_drivers
2026-07-25 11:23:23.054 8 ERROR neutron.plugins.ml2.managers getattr(driver.obj, method_name)(context)
2026-07-25 11:23:23.054 8 ERROR neutron.plugins.ml2.managers
File "/var/lib/openstack/lib/python3.12/site-packages/neutron/plugins/ml2/drivers/ovn/mech_driver/mech_driver.py", line 1034, in update_port_postcommit
2026-07-25 11:23:23.054 8 ERROR neutron.plugins.ml2.managers self._ovn_update_port(context.plugin_context, port, original_port,
2026-07-25 11:23:23.054 8 ERROR neutron.plugins.ml2.managers
File "/var/lib/openstack/lib/python3.12/site-packages/neutron/plugins/ml2/drivers/ovn/mech_driver/mech_driver.py", line 914, in _ovn_update_port
2026-07-25 11:23:23.054 8 ERROR neutron.plugins.ml2.managers self._ovn_client.update_port(plugin_context, port,
2026-07-25 11:23:23.054 8 ERROR neutron.plugins.ml2.managers
File "/var/lib/openstack/lib/python3.12/site-packages/neutron/plugins/ml2/drivers/ovn/mech_driver/ovsdb/ovn_client.py", line 700, in update_port
2026-07-25 11:23:23.054 8 ERROR neutron.plugins.ml2.managers with self._nb_idl.transaction(check_error=True,
2026-07-25 11:23:23.054 8 ERROR neutron.plugins.ml2.managers
File "/usr/lib/python3.12/contextlib.py", line 144, in __exit__
2026-07-25 11:23:23.054 8 ERROR neutron.plugins.ml2.managers next(self.gen)
2026-07-25 11:23:23.054 8 ERROR neutron.plugins.ml2.managers
File "/var/lib/openstack/lib/python3.12/site-packages/neutron/plugins/ml2/drivers/ovn/mech_driver/ovsdb/impl_idl_ovn.py", line 271, in transaction
2026-07-25 11:23:23.054 8 ERROR neutron.plugins.ml2.managers with super().transaction(*args, **kwargs) as t:
2026-07-25 11:23:23.054 8 ERROR neutron.plugins.ml2.managers
File "/usr/lib/python3.12/contextlib.py", line 144, in __exit__
2026-07-25 11:23:23.054 8 ERROR neutron.plugins.ml2.managers next(self.gen)
2026-07-25 11:23:23.054 8 ERROR neutron.plugins.ml2.managers
File "/var/lib/openstack/lib/python3.12/site-packages/ovsdbapp/api.py", line 114, in transaction
2026-07-25 11:23:23.054 8 ERROR neutron.plugins.ml2.managers with self.create_transaction(
2026-07-25 11:23:23.054 8 ERROR neutron.plugins.ml2.managers
File "/var/lib/openstack/lib/python3.12/site-packages/ovsdbapp/api.py", line 71, in __exit__
2026-07-25 11:23:23.054 8 ERROR neutron.plugins.ml2.managers self.result = self.commit()
2026-07-25 11:23:23.054 8 ERROR neutron.plugins.ml2.managers ^^^^^^^^^^^^^
2026-07-25 11:23:23.054 8 ERROR neutron.plugins.ml2.managers
File "/var/lib/openstack/lib/python3.12/site-packages/ovsdbapp/backend/ovs_idl/transaction.py", line 64, in commit
2026-07-25 11:23:23.054 8 ERROR neutron.plugins.ml2.managers raise result.ex
2026-07-25 11:23:23.054 8 ERROR neutron.plugins.ml2.managers
File "/var/lib/openstack/lib/python3.12/site-packages/ovsdbapp/backend/ovs_idl/connection.py", line 121, in run
2026-07-25 11:23:23.054 8 ERROR neutron.plugins.ml2.managers txn.results.put(txn.do_commit())
2026-07-25 11:23:23.054 8 ERROR neutron.plugins.ml2.managers ^^^^^^^^^^^^^^^
2026-07-25 11:23:23.054 8 ERROR neutron.plugins.ml2.managers
File "/var/lib/openstack/lib/python3.12/site-packages/ovsdbapp/backend/ovs_idl/transaction.py", line 92, in do_commit
2026-07-25 11:23:23.054 8 ERROR neutron.plugins.ml2.managers command.run_idl(txn)
2026-07-25 11:23:23.054 8 ERROR neutron.plugins.ml2.managers
File "/var/lib/openstack/lib/python3.12/site-packages/neutron/plugins/ml2/drivers/ovn/mech_driver/ovsdb/commands.py", line 273, in run_idl
2026-07-25 11:23:23.054 8 ERROR neutron.plugins.ml2.managers raise RuntimeError(msg)
2026-07-25 11:23:23.054 8 ERROR neutron.plugins.ml2.managers RuntimeError: Logical Switch Port abc987c4-7428-430e-b3c2-300410142707 does not exist
2026-07-25 11:23:23.054 8 ERROR neutron.plugins.ml2.managers
2026-07-25 11:23:23.092 8 ERROR ovsdbapp.backend.ovs_idl.command [None req-6c041887-3612-4485-ba18-32b17bee9928 - - - - - -] Error executing command (LspGetUpCommand): ovsdbapp.backend.ovs_idl.idlutils.RowNotFound: Cannot find Logical_Switch_Port with name=abc987c4-7428-430e-b3c2-300410142707
2026-07-25 11:23:23.092 8 ERROR ovsdbapp.backend.ovs_idl.command
Traceback (most recent call last):
2026-07-25 11:23:23.092 8 ERROR ovsdbapp.backend.ovs_idl.command
File "/var/lib/openstack/lib/python3.12/site-packages/ovsdbapp/backend/ovs_idl/command.py", line 47, in execute
2026-07-25 11:23:23.092 8 ERROR ovsdbapp.backend.ovs_idl.command self.run_idl(None)
2026-07-25 11:23:23.092 8 ERROR ovsdbapp.backend.ovs_idl.command
File "/var/lib/openstack/lib/python3.12/site-packages/ovsdbapp/schema/ovn_northbound/commands.py", line 681, in run_idl
2026-07-25 11:23:23.092 8 ERROR ovsdbapp.backend.ovs_idl.command lsp = self.api.lookup('Logical_Switch_Port', self.port)
2026-07-25 11:23:23.092 8 ERROR ovsdbapp.backend.ovs_idl.command ^^^^^^^^^^^^^^^^^^^^^^^^^^^^^^^^^^^^^^^^^^^^^^^^^
2026-07-25 11:23:23.092 8 ERROR ovsdbapp.backend.ovs_idl.command
File "/var/lib/openstack/lib/python3.12/site-packages/ovsdbapp/backend/ovs_idl/__init__.py", line 184, in lookup
2026-07-25 11:23:23.092 8 ERROR ovsdbapp.backend.ovs_idl.command return self._lookup(table, record)
2026-07-25 11:23:23.092 8 ERROR ovsdbapp.backend.ovs_idl.command ^^^^^^^^^^^^^^^^^^^^^^^^^^^
2026-07-25 11:23:23.092 8 ERROR ovsdbapp.backend.ovs_idl.command
File "/var/lib/openstack/lib/python3.12/site-packages/ovsdbapp/backend/ovs_idl/__init__.py", line 235, in _lookup
2026-07-25 11:23:23.092 8 ERROR ovsdbapp.backend.ovs_idl.command row = idlutils.row_by_value(self, rl.table, rl.column, record)
2026-07-25 11:23:23.092 8 ERROR ovsdbapp.backend.ovs_idl.command ^^^^^^^^^^^^^^^^^^^^^^^^^^^^^^^^^^^^^^^^^^^^^^^^^^^^^^^^
2026-07-25 11:23:23.092 8 ERROR ovsdbapp.backend.ovs_idl.command
File "/var/lib/openstack/lib/python3.12/site-packages/ovsdbapp/backend/ovs_idl/idlutils.py", line 114, in row_by_value
2026-07-25 11:23:23.092 8 ERROR ovsdbapp.backend.ovs_idl.command raise RowNotFound(table=table, col=column, match=match)
2026-07-25 11:23:23.092 8 ERROR ovsdbapp.backend.ovs_idl.command ovsdbapp.backend.ovs_idl.idlutils.RowNotFound: Cannot find Logical_Switch_Port with name=abc987c4-7428-430e-b3c2-300410142707
2026-07-25 11:23:23.092 8 ERROR ovsdbapp.backend.ovs_idl.command
2026-07-25 11:23:23.095 8 ERROR ovsdbapp.event [None req-6c041887-3612-4485-ba18-32b17bee9928 - - - - - -] Unexpected exception in notify_loop: ovsdbapp.backend.ovs_idl.idlutils.RowNotFound: Cannot find Logical_Switch_Port with name=abc987c4-7428-430e-b3c2-300410142707
2026-07-25 11:23:23.095 8 ERROR ovsdbapp.event
Traceback (most recent call last):
2026-07-25 11:23:23.095 8 ERROR ovsdbapp.event
File "/var/lib/openstack/lib/python3.12/site-packages/ovsdbapp/event.py", line 177, in notify_loop
2026-07-25 11:23:23.095 8 ERROR ovsdbapp.event match.run(event, row, updates)
2026-07-25 11:23:23.095 8 ERROR ovsdbapp.event
File "/var/lib/openstack/lib/python3.12/site-packages/neutron/plugins/ml2/drivers/ovn/mech_driver/ovsdb/ovsdb_monitor.py", line 536, in run
2026-07-25 11:23:23.095 8 ERROR ovsdbapp.event self.driver.set_port_status_up(row.name)
2026-07-25 11:23:23.095 8 ERROR ovsdbapp.event
File "/var/lib/openstack/lib/python3.12/site-packages/neutron/plugins/ml2/drivers/ovn/mech_driver/mech_driver.py", line 1333, in set_port_status_up
2026-07-25 11:23:23.095 8 ERROR ovsdbapp.event self._ovn_client.update_lsp_host_info(admin_context, db_port)
2026-07-25 11:23:23.095 8 ERROR ovsdbapp.event
File "/var/lib/openstack/lib/python3.12/site-packages/neutron/plugins/ml2/drivers/ovn/mech_driver/ovsdb/ovn_client.py", line 305, in update_lsp_host_info
2026-07-25 11:23:23.095 8 ERROR ovsdbapp.event port_up = self._nb_idl.lsp_get_up(db_port.id).execute(
2026-07-25 11:23:23.095 8 ERROR ovsdbapp.event ^^^^^^^^^^^^^^^^^^^^^^^^^^^^^^^^^^^^^^^^^^^^
2026-07-25 11:23:23.095 8 ERROR ovsdbapp.event
File "/var/lib/openstack/lib/python3.12/site-packages/ovsdbapp/backend/ovs_idl/command.py", line 47, in execute
2026-07-25 11:23:23.095 8 ERROR ovsdbapp.event self.run_idl(None)
2026-07-25 11:23:23.095 8 ERROR ovsdbapp.event
File "/var/lib/openstack/lib/python3.12/site-packages/ovsdbapp/schema/ovn_northbound/commands.py", line 681, in run_idl
2026-07-25 11:23:23.095 8 ERROR ovsdbapp.event lsp = self.api.lookup('Logical_Switch_Port', self.port)
2026-07-25 11:23:23.095 8 ERROR ovsdbapp.event ^^^^^^^^^^^^^^^^^^^^^^^^^^^^^^^^^^^^^^^^^^^^^^^^^
2026-07-25 11:23:23.095 8 ERROR ovsdbapp.event
File "/var/lib/openstack/lib/python3.12/site-packages/ovsdbapp/backend/ovs_idl/__init__.py", line 184, in lookup
2026-07-25 11:23:23.095 8 ERROR ovsdbapp.event return self._lookup(table, record)
2026-07-25 11:23:23.095 8 ERROR ovsdbapp.event ^^^^^^^^^^^^^^^^^^^^^^^^^^^
2026-07-25 11:23:23.095 8 ERROR ovsdbapp.event
File "/var/lib/openstack/lib/python3.12/site-packages/ovsdbapp/backend/ovs_idl/__init__.py", line 235, in _lookup
2026-07-25 11:23:23.095 8 ERROR ovsdbapp.event row = idlutils.row_by_value(self, rl.table, rl.column, record)
2026-07-25 11:23:23.095 8 ERROR ovsdbapp.event ^^^^^^^^^^^^^^^^^^^^^^^^^^^^^^^^^^^^^^^^^^^^^^^^^^^^^^^^
2026-07-25 11:23:23.095 8 ERROR ovsdbapp.event
File "/var/lib/openstack/lib/python3.12/site-packages/ovsdbapp/backend/ovs_idl/idlutils.py", line 114, in row_by_value
2026-07-25 11:23:23.095 8 ERROR ovsdbapp.event raise RowNotFound(table=table, col=column, match=match)
2026-07-25 11:23:23.095 8 ERROR ovsdbapp.event ovsdbapp.backend.ovs_idl.idlutils.RowNotFound: Cannot find Logical_Switch_Port with name=abc987c4-7428-430e-b3c2-300410142707
2026-07-25 11:23:23.095 8 ERROR ovsdbapp.event [pid: 8|app: 0|req: 1031/2207] 10.0.0.166 () {34 vars in 989 bytes} [Sat Jul 25 11:23:23 2026] GET /v2.0/ports?device_id=63f0e8db-49da-4601-8e89-9c42d8d07c73 => generated 12 bytes in 38 msecs (HTTP/1.1 200) 4 headers in 156 bytes (1 switches on core 0)
2026-07-25 11:23:23.116 8 INFO neutron.plugins.ml2.drivers.ovn.mech_driver.mech_driver [None req-6c041887-3612-4485-ba18-32b17bee9928 - - - - - -] OVN reports status down for port: 468fd8f7-5265-4bd4-a9af-8c67a05fba66
2026-07-25 11:23:23.666 7 INFO neutron_taas.services.taas.taas_plugin [None req-9eb5abbb-9e04-44ea-a204-c1248d1f49cb - - - - - -] TaaS: Handle Delete Port: edd1d974-f096-4c1d-b8f4-73078125367e
2026-07-25 11:23:23.669 7 INFO neutron_taas.services.taas.tap_mirror_plugin [None req-9eb5abbb-9e04-44ea-a204-c1248d1f49cb - - - - - -] Tap Mirror: Handle Delete Port: edd1d974-f096-4c1d-b8f4-73078125367e
2026-07-25 11:23:23.851 7 INFO neutron.services.segments.plugin [-] Segment e840a8c1-a08d-4d5d-afc6-16f12b387105 resource provider aggregate not found
2026-07-25 11:23:23.861 7 INFO neutron.services.segments.plugin [-] Segment e840a8c1-a08d-4d5d-afc6-16f12b387105 resource provider aggregate not found
2026-07-25 11:23:23.877 7 INFO neutron.services.segments.plugin [-] Segment e840a8c1-a08d-4d5d-afc6-16f12b387105 resource provider not found; error: Placement Client Error (4xx): {"errors": [{"status": 404, "title": "Not Found", "detail": "The resource could not be found.\n\n No resource provider with uuid e840a8c1-a08d-4d5d-afc6-16f12b387105 found for delete ", "request_id": "req-e08486b7-0f4b-49ab-b1c4-eaf69a30262a"}]}
2026-07-25 11:23:23.879 7 INFO neutron.services.segments.plugin [-] Segment e840a8c1-a08d-4d5d-afc6-16f12b387105 resource provider not found; error: Placement Client Error (4xx): {"errors": [{"status": 404, "title": "Not Found", "detail": "The resource could not be found.\n\n No resource provider with uuid e840a8c1-a08d-4d5d-afc6-16f12b387105 found for delete ", "request_id": "req-539bafe8-8f8e-4df6-8925-62593d7c7123"}]} [pid: 7|app: 0|req: 1177/2208] 10.0.0.6 () {32 vars in 737 bytes} [Sat Jul 25 11:23:21 2026] DELETE /v2.0/vpn/vpnservices/418435c6-c7a6-45e8-9224-1f4ae3981896 => generated 0 bytes in 2266 msecs (HTTP/1.1 204) 2 headers in 112 bytes (1 switches on core 0) /var/lib/openstack/lib/python3.12/site-packages/pycadf/identifier.py:70: UserWarning: Invalid uuid: neutron. To ensure interoperability, identifiers should be a valid uuid. warnings.warn(('Invalid uuid: %s. To ensure interoperability, ' [pid: 8|app: 0|req: 1032/2209] 10.0.0.6 () {32 vars in 660 bytes} [Sat Jul 25 11:23:23 2026] GET /v2.0/vpn/vpnservices => generated 860 bytes in 15 msecs (HTTP/1.1 200) 4 headers in 157 bytes (1 switches on core 0) /var/lib/openstack/lib/python3.12/site-packages/pycadf/identifier.py:70: UserWarning: Invalid uuid: neutron. To ensure interoperability, identifiers should be a valid uuid. warnings.warn(('Invalid uuid: %s. To ensure interoperability, '
2026-07-25 11:23:24.029 7 INFO neutron.api.v2.resource [None req-35ca6c44-40df-43ff-bba7-3335f0c0facd 43b87cff3dc44d71b90399e33680b7e2 1668470ad79e43fca85cf759f2e14623 - - default default] create failed (client error): The server could not comply with the request since it is either malformed or otherwise incorrect. [pid: 7|app: 0|req: 1178/2210] 10.0.0.6 () {34 vars in 704 bytes} [Sat Jul 25 11:23:23 2026] POST /v2.0/vpn/ipsec-site-connections => generated 127 bytes in 54 msecs (HTTP/1.1 400) 4 headers in 166 bytes (1 switches on core 0)
2026-07-25 11:23:24.102 8 INFO neutron.api.v2.resource [None req-5a1a3458-cbbc-439b-bf80-e8c8da27a8b7 43b87cff3dc44d71b90399e33680b7e2 1668470ad79e43fca85cf759f2e14623 - - default default] create failed (client error): The server could not comply with the request since it is either malformed or otherwise incorrect. [pid: 8|app: 0|req: 1033/2211] 10.0.0.6 () {34 vars in 704 bytes} [Sat Jul 25 11:23:24 2026] POST /v2.0/vpn/ipsec-site-connections => generated 136 bytes in 67 msecs (HTTP/1.1 400) 4 headers in 166 bytes (1 switches on core 0)
2026-07-25 11:23:24.125 7 WARNING neutron.api.v2.base [None req-ee81fde5-13c0-48d2-9d8f-18e59526dfd6 43b87cff3dc44d71b90399e33680b7e2 1668470ad79e43fca85cf759f2e14623 - - default default] An exception happened while processing the request body. The exception message is [Invalid input for dpd. Reason: '59' is not a dictionary.].: webob.exc.HTTPBadRequest: Invalid input for dpd. Reason: '59' is not a dictionary.
