Jul 23 22:18:59.585827 np0000186407 devstack@neutron-api.service[101749]: DEBUG neutron.quota.resource_registry [None req-29d55d9e-b3ed-43e4-8a5b-5b2adb2e8190 None None] Tracking information for resource: router configured {{(pid=101749) set_tracked_resource /opt/stack/neutron/neutron/quota/resource_registry.py:203}}
Jul 23 22:18:59.585945 np0000186407 devstack@neutron-api.service[101746]: INFO neutron.api.extensions [None req-2b284926-165f-4af1-b864-c7ca062b1553 None None] Loaded extension: dhcp_agent_scheduler
Jul 23 22:18:59.586026 np0000186407 devstack@neutron-api.service[101749]: DEBUG neutron.quota.resource_registry [None req-29d55d9e-b3ed-43e4-8a5b-5b2adb2e8190 None None] Tracking information for resource: floatingip configured {{(pid=101749) set_tracked_resource /opt/stack/neutron/neutron/quota/resource_registry.py:203}}
Jul 23 22:18:59.586026 np0000186407 devstack@neutron-api.service[101749]: INFO neutron.services.ovn_l3.plugin [None req-29d55d9e-b3ed-43e4-8a5b-5b2adb2e8190 None None] Starting OVNL3RouterPlugin
Jul 23 22:18:59.586126 np0000186407 devstack@neutron-api.service[101746]: DEBUG neutron.api.extensions [None req-2b284926-165f-4af1-b864-c7ca062b1553 None None] Loading extension file: dns.py {{(pid=101746) _load_all_extensions_from_path /opt/stack/neutron/neutron/api/extensions.py:449}}
Jul 23 22:18:59.586216 np0000186407 devstack@neutron-api.service[101748]: DEBUG neutron.api.extensions [None req-ee1843c8-09b1-46f9-bfcd-b232d18a2b5f None None] Ext name="Port Bindings Extended" alias="binding-extended" description="Expose port bindings of a virtual port to external application" updated="2017-07-17T10:00:00-00:00" {{(pid=101748) _check_extension /opt/stack/neutron/neutron/api/extensions.py:415}}
Jul 23 22:18:59.586302 np0000186407 devstack@neutron-api.service[101749]: DEBUG neutron_lib.callbacks.manager [None req-29d55d9e-b3ed-43e4-8a5b-5b2adb2e8190 None None] Subscribe: > port_forwarding_plugin after_init 55550000, False {{(pid=101749) subscribe /opt/stack/data/venv/lib/python3.12/site-packages/neutron_lib/callbacks/manager.py:52}}
Jul 23 22:18:59.586400 np0000186407 devstack@neutron-api.service[101748]: INFO neutron.api.extensions [None req-ee1843c8-09b1-46f9-bfcd-b232d18a2b5f None None] Loaded extension: binding-extended
Jul 23 22:18:59.586400 np0000186407 devstack@neutron-api.service[101748]: DEBUG neutron.api.extensions [None req-ee1843c8-09b1-46f9-bfcd-b232d18a2b5f None None] Loading extension file: portsecurity.py {{(pid=101748) _load_all_extensions_from_path /opt/stack/neutron/neutron/api/extensions.py:449}}
Jul 23 22:18:59.586501 np0000186407 devstack@neutron-api.service[101746]: DEBUG neutron.api.extensions [None req-2b284926-165f-4af1-b864-c7ca062b1553 None None] Ext name="DNS Integration" alias="dns-integration" description="Provides integration with DNS." updated="2015-08-15T18:00:00-00:00" {{(pid=101746) _check_extension /opt/stack/neutron/neutron/api/extensions.py:415}}
Jul 23 22:18:59.586948 np0000186407 devstack@neutron-api.service[101749]: DEBUG neutron_lib.callbacks.manager [None req-29d55d9e-b3ed-43e4-8a5b-5b2adb2e8190 None None] Subscribe: > router before_create 55550100, False {{(pid=101749) subscribe /opt/stack/data/venv/lib/python3.12/site-packages/neutron_lib/callbacks/manager.py:52}}
Jul 23 22:18:59.586948 np0000186407 devstack@neutron-api.service[101749]: DEBUG neutron_lib.callbacks.manager [None req-29d55d9e-b3ed-43e4-8a5b-5b2adb2e8190 None None] Subscribe: > router precommit_delete 55550100, False {{(pid=101749) subscribe /opt/stack/data/venv/lib/python3.12/site-packages/neutron_lib/callbacks/manager.py:52}}
Jul 23 22:18:59.587063 np0000186407 devstack@neutron-api.service[101748]: DEBUG neutron.api.extensions [None req-ee1843c8-09b1-46f9-bfcd-b232d18a2b5f None None] Ext name="Port Security" alias="port-security" description="Provides port security" updated="2012-07-23T10:00:00-00:00" {{(pid=101748) _check_extension /opt/stack/neutron/neutron/api/extensions.py:415}}
Jul 23 22:18:59.587164 np0000186407 devstack@neutron-api.service[101746]: INFO neutron.api.extensions [None req-2b284926-165f-4af1-b864-c7ca062b1553 None None] Loaded extension: dns-integration
Jul 23 22:18:59.587292 np0000186407 devstack@neutron-api.service[101749]: DEBUG neutron_lib.callbacks.manager [None req-29d55d9e-b3ed-43e4-8a5b-5b2adb2e8190 None None] Subscribe: > router precommit_create 55550100, False {{(pid=101749) subscribe /opt/stack/data/venv/lib/python3.12/site-packages/neutron_lib/callbacks/manager.py:52}}
Jul 23 22:18:59.587431 np0000186407 devstack@neutron-api.service[101748]: INFO neutron.api.extensions [None req-ee1843c8-09b1-46f9-bfcd-b232d18a2b5f None None] Loaded extension: port-security
Jul 23 22:18:59.587523 np0000186407 devstack@neutron-api.service[101749]: DEBUG neutron_lib.callbacks.manager [None req-29d55d9e-b3ed-43e4-8a5b-5b2adb2e8190 None None] Subscribe: > router precommit_update 55550100, False {{(pid=101749) subscribe /opt/stack/data/venv/lib/python3.12/site-packages/neutron_lib/callbacks/manager.py:52}}
Jul 23 22:18:59.587719 np0000186407 devstack@neutron-api.service[101746]: DEBUG neutron.api.extensions [None req-2b284926-165f-4af1-b864-c7ca062b1553 None None] Loading extension file: dns_domain_ports.py {{(pid=101746) _load_all_extensions_from_path /opt/stack/neutron/neutron/api/extensions.py:449}}
Jul 23 22:18:59.587812 np0000186407 devstack@neutron-api.service[101748]: DEBUG neutron.api.extensions [None req-ee1843c8-09b1-46f9-bfcd-b232d18a2b5f None None] Loading extension file: project_id.py {{(pid=101748) _load_all_extensions_from_path /opt/stack/neutron/neutron/api/extensions.py:449}}
Jul 23 22:18:59.587812 np0000186407 devstack@neutron-api.service[101748]: DEBUG neutron.api.extensions [None req-ee1843c8-09b1-46f9-bfcd-b232d18a2b5f None None] Ext name="project_id field enabled" alias="project-id" description="Extension that indicates that project_id field is enabled." updated="2016-09-09T09:09:09-09:09" {{(pid=101748) _check_extension /opt/stack/neutron/neutron/api/extensions.py:415}}
Jul 23 22:18:59.587957 np0000186407 devstack@neutron-api.service[101746]: DEBUG neutron.api.extensions [None req-2b284926-165f-4af1-b864-c7ca062b1553 None None] Ext name="dns_domain for ports" alias="dns-domain-ports" description="Allows the DNS domain to be specified for a network port." updated="2017-04-24T10:00:00-00:00" {{(pid=101746) _check_extension /opt/stack/neutron/neutron/api/extensions.py:415}}
Jul 23 22:18:59.588069 np0000186407 devstack@neutron-api.service[101748]: INFO neutron.api.extensions [None req-ee1843c8-09b1-46f9-bfcd-b232d18a2b5f None None] Loaded extension: project-id
Jul 23 22:18:59.588069 np0000186407 devstack@neutron-api.service[101748]: DEBUG neutron.api.extensions [None req-ee1843c8-09b1-46f9-bfcd-b232d18a2b5f None None] Loading extension file: providernet.py {{(pid=101748) _load_all_extensions_from_path /opt/stack/neutron/neutron/api/extensions.py:449}}
Jul 23 22:18:59.588381 np0000186407 devstack@neutron-api.service[101746]: INFO neutron.api.extensions [None req-2b284926-165f-4af1-b864-c7ca062b1553 None None] Loaded extension: dns-domain-ports
Jul 23 22:18:59.588516 np0000186407 devstack@neutron-api.service[101748]: DEBUG neutron.api.extensions [None req-ee1843c8-09b1-46f9-bfcd-b232d18a2b5f None None] Ext name="Provider Network" alias="provider" description="Expose mapping of virtual networks to physical networks" updated="2012-09-07T10:00:00-00:00" {{(pid=101748) _check_extension /opt/stack/neutron/neutron/api/extensions.py:415}}
Jul 23 22:18:59.588640 np0000186407 devstack@neutron-api.service[101746]: DEBUG neutron.api.extensions [None req-2b284926-165f-4af1-b864-c7ca062b1553 None None] Loading extension file: dns_integration_domain_keywords.py {{(pid=101746) _load_all_extensions_from_path /opt/stack/neutron/neutron/api/extensions.py:449}}
Jul 23 22:18:59.588792 np0000186407 devstack@neutron-api.service[101748]: INFO neutron.api.extensions [None req-ee1843c8-09b1-46f9-bfcd-b232d18a2b5f None None] Loaded extension: provider
Jul 23 22:18:59.588792 np0000186407 devstack@neutron-api.service[101748]: DEBUG neutron.api.extensions [None req-ee1843c8-09b1-46f9-bfcd-b232d18a2b5f None None] Loading extension file: pvlan.py {{(pid=101748) _load_all_extensions_from_path /opt/stack/neutron/neutron/api/extensions.py:449}}
Jul 23 22:18:59.588915 np0000186407 devstack@neutron-api.service[101746]: DEBUG neutron.api.extensions [None req-2b284926-165f-4af1-b864-c7ca062b1553 None None] Ext name="DNS domain names with keywords allowed" alias="dns-integration-domain-keywords" description="Allows to use keywords like , , and as DNS domain name" updated="2020-06-15T18:00:00-00:00" {{(pid=101746) _check_extension /opt/stack/neutron/neutron/api/extensions.py:415}}
Jul 23 22:18:59.589067 np0000186407 devstack@neutron-api.service[101748]: DEBUG neutron.api.extensions [None req-ee1843c8-09b1-46f9-bfcd-b232d18a2b5f None None] Ext name="Private VLAN" alias="pvlan" description="The Private VLAN semantics extension." updated="2026-02-03T10:00:00-00:00" {{(pid=101748) _check_extension /opt/stack/neutron/neutron/api/extensions.py:415}}
Jul 23 22:18:59.589067 np0000186407 devstack@neutron-api.service[101748]: INFO neutron.api.extensions [None req-ee1843c8-09b1-46f9-bfcd-b232d18a2b5f None None] Extension pvlan not supported by any of loaded plugins
Jul 23 22:18:59.589174 np0000186407 devstack@neutron-api.service[101746]: INFO neutron.api.extensions [None req-2b284926-165f-4af1-b864-c7ca062b1553 None None] Loaded extension: dns-integration-domain-keywords
Jul 23 22:18:59.589282 np0000186407 devstack@neutron-api.service[101748]: DEBUG neutron.api.extensions [None req-ee1843c8-09b1-46f9-bfcd-b232d18a2b5f None None] Loading extension file: qinq.py {{(pid=101748) _load_all_extensions_from_path /opt/stack/neutron/neutron/api/extensions.py:449}}
Jul 23 22:18:59.589384 np0000186407 devstack@neutron-api.service[101746]: DEBUG neutron.api.extensions [None req-2b284926-165f-4af1-b864-c7ca062b1553 None None] Loading extension file: dvr.py {{(pid=101746) _load_all_extensions_from_path /opt/stack/neutron/neutron/api/extensions.py:449}}
Jul 23 22:18:59.589384 np0000186407 devstack@neutron-api.service[101746]: DEBUG neutron.api.extensions [None req-2b284926-165f-4af1-b864-c7ca062b1553 None None] Ext name="Distributed Virtual Router" alias="dvr" description="Enables configuration of Distributed Virtual Routers." updated="2014-06-1T10:00:00-00:00" {{(pid=101746) _check_extension /opt/stack/neutron/neutron/api/extensions.py:415}}
Jul 23 22:18:59.589384 np0000186407 devstack@neutron-api.service[101746]: INFO neutron.api.extensions [None req-2b284926-165f-4af1-b864-c7ca062b1553 None None] Extension dvr not supported by any of loaded plugins
Jul 23 22:18:59.589384 np0000186407 devstack@neutron-api.service[101746]: DEBUG neutron.api.extensions [None req-2b284926-165f-4af1-b864-c7ca062b1553 None None] Loading extension file: ecmp_routes.py {{(pid=101746) _load_all_extensions_from_path /opt/stack/neutron/neutron/api/extensions.py:449}}
Jul 23 22:18:59.589384 np0000186407 devstack@neutron-api.service[101746]: DEBUG neutron.api.extensions [None req-2b284926-165f-4af1-b864-c7ca062b1553 None None] Ext name="Equal Cost Multipath Routing" alias="ecmp_routes" description="Allows traffic to reach thesame destination via multiple different links " updated="2020-11-26T18:00:00-00:00" {{(pid=101746) _check_extension /opt/stack/neutron/neutron/api/extensions.py:415}}
Jul 23 22:18:59.589384 np0000186407 devstack@neutron-api.service[101746]: INFO neutron.api.extensions [None req-2b284926-165f-4af1-b864-c7ca062b1553 None None] Extension ecmp_routes not supported by any of loaded plugins
Jul 23 22:18:59.589384 np0000186407 devstack@neutron-api.service[101746]: DEBUG neutron.api.extensions [None req-2b284926-165f-4af1-b864-c7ca062b1553 None None] Loading extension file: empty_string_filtering.py {{(pid=101746) _load_all_extensions_from_path /opt/stack/neutron/neutron/api/extensions.py:449}}
Jul 23 22:18:59.589638 np0000186407 devstack@neutron-api.service[101746]: DEBUG neutron.api.extensions [None req-2b284926-165f-4af1-b864-c7ca062b1553 None None] Ext name="Empty String Filtering Extension" alias="empty-string-filtering" description="Allow filtering by attributes with empty string value" updated="2018-05-01T10:00:00-00:00" {{(pid=101746) _check_extension /opt/stack/neutron/neutron/api/extensions.py:415}}
Jul 23 22:18:59.589638 np0000186407 devstack@neutron-api.service[101746]: INFO neutron.api.extensions [None req-2b284926-165f-4af1-b864-c7ca062b1553 None None] Loaded extension: empty-string-filtering
Jul 23 22:18:59.589638 np0000186407 devstack@neutron-api.service[101746]: DEBUG neutron.api.extensions [None req-2b284926-165f-4af1-b864-c7ca062b1553 None None] Loading extension file: evpn.py {{(pid=101746) _load_all_extensions_from_path /opt/stack/neutron/neutron/api/extensions.py:449}}
Jul 23 22:18:59.589638 np0000186407 devstack@neutron-api.service[101746]: DEBUG neutron.api.extensions [None req-2b284926-165f-4af1-b864-c7ca062b1553 None None] Ext name="EVPN" alias="evpn" description="Router extension to support EVPN Type-5 route advertisement" updated="2026-04-28T00:00:00-00:00" {{(pid=101746) _check_extension /opt/stack/neutron/neutron/api/extensions.py:415}}
Jul 23 22:18:59.589838 np0000186407 devstack@neutron-api.service[101746]: INFO neutron.api.extensions [None req-2b284926-165f-4af1-b864-c7ca062b1553 None None] Extension evpn not supported by any of loaded plugins
Jul 23 22:18:59.589955 np0000186407 devstack@neutron-api.service[101746]: DEBUG neutron.api.extensions [None req-2b284926-165f-4af1-b864-c7ca062b1553 None None] Loading extension file: expose_l3_conntrack_helper.py {{(pid=101746) _load_all_extensions_from_path /opt/stack/neutron/neutron/api/extensions.py:449}}
Jul 23 22:18:59.590341 np0000186407 devstack@neutron-api.service[101746]: DEBUG neutron.api.extensions [None req-2b284926-165f-4af1-b864-c7ca062b1553 None None] Ext name="Expose CT target rules for conntrack helper" alias="expose-l3-conntrack-helper" description="Expose allow adding CT target rules for conntrack helper" updated="2019-04-04T10:00:00-00:00" {{(pid=101746) _check_extension /opt/stack/neutron/neutron/api/extensions.py:415}}
Jul 23 22:18:59.590618 np0000186407 devstack@neutron-api.service[101746]: INFO neutron.api.extensions [None req-2b284926-165f-4af1-b864-c7ca062b1553 None None] Extension expose-l3-conntrack-helper not supported by any of loaded plugins
Jul 23 22:18:59.590726 np0000186407 devstack@neutron-api.service[101746]: DEBUG neutron.api.extensions [None req-2b284926-165f-4af1-b864-c7ca062b1553 None None] Loading extension file: expose_port_forwarding_in_fip.py {{(pid=101746) _load_all_extensions_from_path /opt/stack/neutron/neutron/api/extensions.py:449}}
Jul 23 22:18:59.591068 np0000186407 devstack@neutron-api.service[101746]: DEBUG neutron.api.extensions [None req-2b284926-165f-4af1-b864-c7ca062b1553 None None] Ext name="Expose Floating IP port forwardings" alias="expose-port-forwarding-in-fip" description="Expose port forwarding fields in floating IP response" updated="2018-06-28T16:00:00-00:00" {{(pid=101746) _check_extension /opt/stack/neutron/neutron/api/extensions.py:415}}
Jul 23 22:18:59.591390 np0000186407 devstack@neutron-api.service[101746]: INFO neutron.api.extensions [None req-2b284926-165f-4af1-b864-c7ca062b1553 None None] Extension expose-port-forwarding-in-fip not supported by any of loaded plugins
Jul 23 22:18:59.591572 np0000186407 devstack@neutron-api.service[101746]: DEBUG neutron.api.extensions [None req-2b284926-165f-4af1-b864-c7ca062b1553 None None] Loading extension file: external_net.py {{(pid=101746) _load_all_extensions_from_path /opt/stack/neutron/neutron/api/extensions.py:449}}
Jul 23 22:18:59.591853 np0000186407 devstack@neutron-api.service[101746]: DEBUG neutron.api.extensions [None req-2b284926-165f-4af1-b864-c7ca062b1553 None None] Ext name="Neutron external network" alias="external-net" description="Adds external network attribute to network resource." updated="2013-01-14T10:00:00-00:00" {{(pid=101746) _check_extension /opt/stack/neutron/neutron/api/extensions.py:415}}
Jul 23 22:18:59.591949 np0000186407 devstack@neutron-api.service[101749]: DEBUG neutron.services.provider_configuration [None req-29d55d9e-b3ed-43e4-8a5b-5b2adb2e8190 None None] Service providers = [] {{(pid=101749) parse_service_provider_opt /opt/stack/neutron/neutron/services/provider_configuration.py:170}}
Jul 23 22:18:59.592041 np0000186407 devstack@neutron-api.service[101749]: DEBUG neutron.db.servicetype_db [None req-29d55d9e-b3ed-43e4-8a5b-5b2adb2e8190 None None] Adding provider configuration for service L3_ROUTER_NAT {{(pid=101749) add_provider_configuration /opt/stack/neutron/neutron/db/servicetype_db.py:45}}
Jul 23 22:18:59.592129 np0000186407 devstack@neutron-api.service[101746]: INFO neutron.api.extensions [None req-2b284926-165f-4af1-b864-c7ca062b1553 None None] Loaded extension: external-net
Jul 23 22:18:59.592288 np0000186407 devstack@neutron-api.service[101746]: DEBUG neutron.api.extensions [None req-2b284926-165f-4af1-b864-c7ca062b1553 None None] Loading extension file: extra_dhcp_opt.py {{(pid=101746) _load_all_extensions_from_path /opt/stack/neutron/neutron/api/extensions.py:449}}
Jul 23 22:18:59.592651 np0000186407 devstack@neutron-api.service[101746]: DEBUG neutron.api.extensions [None req-2b284926-165f-4af1-b864-c7ca062b1553 None None] Ext name="Neutron Extra DHCP options" alias="extra_dhcp_opt" description="Extra options configuration for DHCP. For example PXE boot options to DHCP clients can be specified (e.g. tftp-server, server-ip-address, bootfile-name)" updated="2013-03-17T12:00:00-00:00" {{(pid=101746) _check_extension /opt/stack/neutron/neutron/api/extensions.py:415}}
Jul 23 22:18:59.592906 np0000186407 devstack@neutron-api.service[101746]: INFO neutron.api.extensions [None req-2b284926-165f-4af1-b864-c7ca062b1553 None None] Loaded extension: extra_dhcp_opt
Jul 23 22:18:59.593033 np0000186407 devstack@neutron-api.service[101746]: DEBUG neutron.api.extensions [None req-2b284926-165f-4af1-b864-c7ca062b1553 None None] Loading extension file: extraroute.py {{(pid=101746) _load_all_extensions_from_path /opt/stack/neutron/neutron/api/extensions.py:449}}
Jul 23 22:18:59.593267 np0000186407 devstack@neutron-api.service[101749]: DEBUG neutron_lib.callbacks.manager [None req-29d55d9e-b3ed-43e4-8a5b-5b2adb2e8190 None None] Subscribe: > router precommit_create 55549900, False {{(pid=101749) subscribe /opt/stack/data/venv/lib/python3.12/site-packages/neutron_lib/callbacks/manager.py:52}}
Jul 23 22:18:59.593417 np0000186407 devstack@neutron-api.service[101749]: DEBUG neutron_lib.callbacks.manager [None req-29d55d9e-b3ed-43e4-8a5b-5b2adb2e8190 None None] Subscribe: > router_interface after_create 55550000, False {{(pid=101749) subscribe /opt/stack/data/venv/lib/python3.12/site-packages/neutron_lib/callbacks/manager.py:52}}
Jul 23 22:18:59.593568 np0000186407 devstack@neutron-api.service[101746]: DEBUG neutron.api.extensions [None req-2b284926-165f-4af1-b864-c7ca062b1553 None None] Ext name="Neutron Extra Route" alias="extraroute" description="Extra routes configuration for L3 router" updated="2013-02-01T10:00:00-00:00" {{(pid=101746) _check_extension /opt/stack/neutron/neutron/api/extensions.py:415}}
Jul 23 22:18:59.593723 np0000186407 devstack@neutron-api.service[101749]: DEBUG neutron_lib.callbacks.manager [None req-29d55d9e-b3ed-43e4-8a5b-5b2adb2e8190 None None] Subscribe: > floatingip after_create 55550000, False {{(pid=101749) subscribe /opt/stack/data/venv/lib/python3.12/site-packages/neutron_lib/callbacks/manager.py:52}}
Jul 23 22:18:59.593723 np0000186407 devstack@neutron-api.service[101749]: DEBUG neutron_lib.callbacks.manager [None req-29d55d9e-b3ed-43e4-8a5b-5b2adb2e8190 None None] Subscribe: > floatingip precommit_create 55550000, False {{(pid=101749) subscribe /opt/stack/data/venv/lib/python3.12/site-packages/neutron_lib/callbacks/manager.py:52}}
Jul 23 22:18:59.593885 np0000186407 devstack@neutron-api.service[101746]: INFO neutron.api.extensions [None req-2b284926-165f-4af1-b864-c7ca062b1553 None None] Loaded extension: extraroute
Jul 23 22:18:59.594011 np0000186407 devstack@neutron-api.service[101749]: DEBUG neutron_lib.callbacks.manager [None req-29d55d9e-b3ed-43e4-8a5b-5b2adb2e8190 None None] Subscribe: > floatingip precommit_update 55550000, False {{(pid=101749) subscribe /opt/stack/data/venv/lib/python3.12/site-packages/neutron_lib/callbacks/manager.py:52}}
Jul 23 22:18:59.594011 np0000186407 devstack@neutron-api.service[101749]: DEBUG neutron_lib.callbacks.manager [None req-29d55d9e-b3ed-43e4-8a5b-5b2adb2e8190 None None] Subscribe: > floatingip after_delete 55550000, False {{(pid=101749) subscribe /opt/stack/data/venv/lib/python3.12/site-packages/neutron_lib/callbacks/manager.py:52}}
Jul 23 22:18:59.594238 np0000186407 devstack@neutron-api.service[101746]: DEBUG neutron.api.extensions [None req-2b284926-165f-4af1-b864-c7ca062b1553 None None] Loading extension file: extraroute_atomic.py {{(pid=101746) _load_all_extensions_from_path /opt/stack/neutron/neutron/api/extensions.py:449}}
Jul 23 22:18:59.594362 np0000186407 devstack@neutron-api.service[101749]: DEBUG neutron_lib.callbacks.manager [None req-29d55d9e-b3ed-43e4-8a5b-5b2adb2e8190 None None] Subscribe: > floatingip after_status_update 55550000, False {{(pid=101749) subscribe /opt/stack/data/venv/lib/python3.12/site-packages/neutron_lib/callbacks/manager.py:52}}
Jul 23 22:18:59.594362 np0000186407 devstack@neutron-api.service[101749]: DEBUG neutron_lib.callbacks.manager [None req-29d55d9e-b3ed-43e4-8a5b-5b2adb2e8190 None None] Subscribe: > floatingip after_update 55550000, False {{(pid=101749) subscribe /opt/stack/data/venv/lib/python3.12/site-packages/neutron_lib/callbacks/manager.py:52}}
Jul 23 22:18:59.594362 np0000186407 devstack@neutron-api.service[101749]: DEBUG neutron_lib.callbacks.manager [None req-29d55d9e-b3ed-43e4-8a5b-5b2adb2e8190 None None] Subscribe: > port_forwarding after_create 55550000, False {{(pid=101749) subscribe /opt/stack/data/venv/lib/python3.12/site-packages/neutron_lib/callbacks/manager.py:52}}
Jul 23 22:18:59.594362 np0000186407 devstack@neutron-api.service[101749]: DEBUG neutron_lib.callbacks.manager [None req-29d55d9e-b3ed-43e4-8a5b-5b2adb2e8190 None None] Subscribe: > router_interface after_delete 55550000, False {{(pid=101749) subscribe /opt/stack/data/venv/lib/python3.12/site-packages/neutron_lib/callbacks/manager.py:52}}
Jul 23 22:18:59.594569 np0000186407 devstack@neutron-api.service[101746]: DEBUG neutron.api.extensions [None req-2b284926-165f-4af1-b864-c7ca062b1553 None None] Ext name="Atomically add/remove extra routes" alias="extraroute-atomic" description="Edit extra routes of a router on server side by atomically adding/removing extra routes" updated="2019-07-10T00:00:00+00:00" {{(pid=101746) _check_extension /opt/stack/neutron/neutron/api/extensions.py:415}}
Jul 23 22:18:59.594880 np0000186407 devstack@neutron-api.service[101749]: DEBUG neutron_lib.callbacks.manager [None req-29d55d9e-b3ed-43e4-8a5b-5b2adb2e8190 None None] Subscribe: > router after_create 55550000, False {{(pid=101749) subscribe /opt/stack/data/venv/lib/python3.12/site-packages/neutron_lib/callbacks/manager.py:52}}
Jul 23 22:18:59.594880 np0000186407 devstack@neutron-api.service[101749]: DEBUG neutron_lib.callbacks.manager [None req-29d55d9e-b3ed-43e4-8a5b-5b2adb2e8190 None None] Subscribe: > router precommit_create 55550000, False {{(pid=101749) subscribe /opt/stack/data/venv/lib/python3.12/site-packages/neutron_lib/callbacks/manager.py:52}}
Jul 23 22:18:59.595024 np0000186407 devstack@neutron-api.service[101746]: INFO neutron.api.extensions [None req-2b284926-165f-4af1-b864-c7ca062b1553 None None] Loaded extension: extraroute-atomic
Jul 23 22:18:59.595185 np0000186407 devstack@neutron-api.service[101749]: DEBUG neutron_lib.callbacks.manager [None req-29d55d9e-b3ed-43e4-8a5b-5b2adb2e8190 None None] Subscribe: > router after_delete 55550000, False {{(pid=101749) subscribe /opt/stack/data/venv/lib/python3.12/site-packages/neutron_lib/callbacks/manager.py:52}}
Jul 23 22:18:59.595185 np0000186407 devstack@neutron-api.service[101749]: DEBUG neutron_lib.callbacks.manager [None req-29d55d9e-b3ed-43e4-8a5b-5b2adb2e8190 None None] Subscribe: > router after_update 55550000, False {{(pid=101749) subscribe /opt/stack/data/venv/lib/python3.12/site-packages/neutron_lib/callbacks/manager.py:52}}
Jul 23 22:18:59.595458 np0000186407 devstack@neutron-api.service[101746]: DEBUG neutron.api.extensions [None req-2b284926-165f-4af1-b864-c7ca062b1553 None None] Loading extension file: filter_validation.py {{(pid=101746) _load_all_extensions_from_path /opt/stack/neutron/neutron/api/extensions.py:449}}
Jul 23 22:18:59.595575 np0000186407 devstack@neutron-api.service[101749]: DEBUG neutron.services.service_base [None req-29d55d9e-b3ed-43e4-8a5b-5b2adb2e8190 None None] Loaded 'neutron.services.ovn_l3.service_providers.ovn.OvnDriver' provider for service L3_ROUTER_NAT {{(pid=101749) load_drivers /opt/stack/neutron/neutron/services/service_base.py:49}}
Jul 23 22:18:59.595575 np0000186407 devstack@neutron-api.service[101749]: DEBUG neutron_lib.callbacks.manager [None req-29d55d9e-b3ed-43e4-8a5b-5b2adb2e8190 None None] Subscribe: > process after_init 55550001, True {{(pid=101749) subscribe /opt/stack/data/venv/lib/python3.12/site-packages/neutron_lib/callbacks/manager.py:52}}
Jul 23 22:18:59.595575 np0000186407 devstack@neutron-api.service[101749]: DEBUG neutron.manager [None req-29d55d9e-b3ed-43e4-8a5b-5b2adb2e8190 None None] Successfully loaded L3_ROUTER_NAT plugin. Description: L3 Router Service Plugin for basic L3 forwarding using OVN {{(pid=101749) _create_and_add_service_plugin /opt/stack/neutron/neutron/manager.py:236}}
Jul 23 22:18:59.595971 np0000186407 devstack@neutron-api.service[101746]: DEBUG neutron.api.extensions [None req-2b284926-165f-4af1-b864-c7ca062b1553 None None] Ext name="Filter parameters validation" alias="filter-validation" description="Provides validation on filter parameters." updated="2018-07-04T10:00:00-00:00" {{(pid=101746) _check_extension /opt/stack/neutron/neutron/api/extensions.py:415}}
Jul 23 22:18:59.596041 np0000186407 devstack@neutron-api.service[101749]: INFO neutron.manager [None req-29d55d9e-b3ed-43e4-8a5b-5b2adb2e8190 None None] Loading Plugin: auto_allocate
Jul 23 22:18:59.596192 np0000186407 devstack@neutron-api.service[101746]: INFO neutron.api.extensions [None req-2b284926-165f-4af1-b864-c7ca062b1553 None None] Loaded extension: filter-validation
Jul 23 22:18:59.596192 np0000186407 devstack@neutron-api.service[101746]: DEBUG neutron.api.extensions [None req-2b284926-165f-4af1-b864-c7ca062b1553 None None] Loading extension file: fip_pf_description.py {{(pid=101746) _load_all_extensions_from_path /opt/stack/neutron/neutron/api/extensions.py:449}}
Jul 23 22:18:59.596192 np0000186407 devstack@neutron-api.service[101746]: DEBUG neutron.api.extensions [None req-2b284926-165f-4af1-b864-c7ca062b1553 None None] Ext name="Floating IP Port Forwarding new attribute description" alias="floating-ip-port-forwarding-description" description="Add a description field to Port Forwarding rules" updated="2019-11-01T10:00:00-00:00" {{(pid=101746) _check_extension /opt/stack/neutron/neutron/api/extensions.py:415}}
Jul 23 22:18:59.596338 np0000186407 devstack@neutron-api.service[101749]: DEBUG neutron_lib.callbacks.manager [None req-29d55d9e-b3ed-43e4-8a5b-5b2adb2e8190 None None] Subscribe: network precommit_update 55550000, False {{(pid=101749) subscribe /opt/stack/data/venv/lib/python3.12/site-packages/neutron_lib/callbacks/manager.py:52}}
Jul 23 22:18:59.596338 np0000186407 devstack@neutron-api.service[101749]: DEBUG neutron_lib.callbacks.manager [None req-29d55d9e-b3ed-43e4-8a5b-5b2adb2e8190 None None] Subscribe: network precommit_create 55550000, False {{(pid=101749) subscribe /opt/stack/data/venv/lib/python3.12/site-packages/neutron_lib/callbacks/manager.py:52}}
Jul 23 22:18:59.596508 np0000186407 devstack@neutron-api.service[101746]: INFO neutron.api.extensions [None req-2b284926-165f-4af1-b864-c7ca062b1553 None None] Extension floating-ip-port-forwarding-description not supported by any of loaded plugins
Jul 23 22:18:59.596508 np0000186407 devstack@neutron-api.service[101746]: DEBUG neutron.api.extensions [None req-2b284926-165f-4af1-b864-c7ca062b1553 None None] Loading extension file: fip_pf_detail.py {{(pid=101746) _load_all_extensions_from_path /opt/stack/neutron/neutron/api/extensions.py:449}}
Jul 23 22:18:59.596696 np0000186407 devstack@neutron-api.service[101749]: DEBUG neutron.manager [None req-29d55d9e-b3ed-43e4-8a5b-5b2adb2e8190 None None] Successfully loaded auto-allocated-topology plugin. Description: Auto Allocated Topology - aka get me a network. {{(pid=101749) _create_and_add_service_plugin /opt/stack/neutron/neutron/manager.py:236}}
Jul 23 22:18:59.596696 np0000186407 devstack@neutron-api.service[101749]: INFO neutron.manager [None req-29d55d9e-b3ed-43e4-8a5b-5b2adb2e8190 None None] Loading Plugin: tag
Jul 23 22:18:59.596904 np0000186407 devstack@neutron-api.service[101746]: DEBUG neutron.api.extensions [None req-2b284926-165f-4af1-b864-c7ca062b1553 None None] Ext name="Floating IP port forwarding detail" alias="floating-ip-port-forwarding-detail" description="Allow list floating ip return more port forwarding data, include'id' and 'internal_port_id'" updated="2022-05-06T10:00:00-00:00" {{(pid=101746) _check_extension /opt/stack/neutron/neutron/api/extensions.py:415}}
Jul 23 22:18:59.596904 np0000186407 devstack@neutron-api.service[101746]: INFO neutron.api.extensions [None req-2b284926-165f-4af1-b864-c7ca062b1553 None None] Loaded extension: floating-ip-port-forwarding-detail
Jul 23 22:18:59.597074 np0000186407 devstack@neutron-api.service[101746]: DEBUG neutron.api.extensions [None req-2b284926-165f-4af1-b864-c7ca062b1553 None None] Loading extension file: fip_pf_port_range.py {{(pid=101746) _load_all_extensions_from_path /opt/stack/neutron/neutron/api/extensions.py:449}}
Jul 23 22:18:59.597331 np0000186407 devstack@neutron-api.service[101746]: DEBUG neutron.api.extensions [None req-2b284926-165f-4af1-b864-c7ca062b1553 None None] Ext name="Floating IP Port Forwarding support port ranges" alias="floating-ip-port-forwarding-port-ranges" description="Add support to port ranges" updated="2020-07-01T10:00:00-00:00" {{(pid=101746) _check_extension /opt/stack/neutron/neutron/api/extensions.py:415}}
Jul 23 22:18:59.597696 np0000186407 devstack@neutron-api.service[101746]: INFO neutron.api.extensions [None req-2b284926-165f-4af1-b864-c7ca062b1553 None None] Extension floating-ip-port-forwarding-port-ranges not supported by any of loaded plugins
Jul 23 22:18:59.597696 np0000186407 devstack@neutron-api.service[101746]: DEBUG neutron.api.extensions [None req-2b284926-165f-4af1-b864-c7ca062b1553 None None] Loading extension file: fip_port_details.py {{(pid=101746) _load_all_extensions_from_path /opt/stack/neutron/neutron/api/extensions.py:449}}
Jul 23 22:18:59.598127 np0000186407 devstack@neutron-api.service[101746]: DEBUG neutron.api.extensions [None req-2b284926-165f-4af1-b864-c7ca062b1553 None None] Ext name="Floating IP Port Details Extension" alias="fip-port-details" description="Add port_details attribute to Floating IP resource" updated="2018-04-09T10:00:00-00:00" {{(pid=101746) _check_extension /opt/stack/neutron/neutron/api/extensions.py:415}}
Jul 23 22:18:59.598339 np0000186407 devstack@neutron-api.service[101746]: INFO neutron.api.extensions [None req-2b284926-165f-4af1-b864-c7ca062b1553 None None] Loaded extension: fip-port-details
Jul 23 22:18:59.598529 np0000186407 devstack@neutron-api.service[101746]: DEBUG neutron.api.extensions [None req-2b284926-165f-4af1-b864-c7ca062b1553 None None] Loading extension file: flavors.py {{(pid=101746) _load_all_extensions_from_path /opt/stack/neutron/neutron/api/extensions.py:449}}
Jul 23 22:18:59.598986 np0000186407 devstack@neutron-api.service[101746]: DEBUG neutron.api.extensions [None req-2b284926-165f-4af1-b864-c7ca062b1553 None None] Ext name="Neutron Service Flavors" alias="flavors" description="Flavor specification for Neutron advanced services." updated="2015-09-17T10:00:00-00:00" {{(pid=101746) _check_extension /opt/stack/neutron/neutron/api/extensions.py:415}}
Jul 23 22:18:59.599264 np0000186407 devstack@neutron-api.service[101746]: INFO neutron.api.extensions [None req-2b284926-165f-4af1-b864-c7ca062b1553 None None] Loaded extension: flavors
Jul 23 22:18:59.599411 np0000186407 devstack@neutron-api.service[101746]: DEBUG neutron.api.extensions [None req-2b284926-165f-4af1-b864-c7ca062b1553 None None] Loading extension file: floating_ip_port_forwarding.py {{(pid=101746) _load_all_extensions_from_path /opt/stack/neutron/neutron/api/extensions.py:449}}
Jul 23 22:18:59.600021 np0000186407 devstack@neutron-api.service[101746]: DEBUG neutron.api.extensions [None req-2b284926-165f-4af1-b864-c7ca062b1553 None None] Ext name="Floating IP Port Forwarding" alias="floating-ip-port-forwarding" description="Allow port forwarding from floating IP port to an internal port" updated="2018-01-19T10:00:00-00:00" {{(pid=101746) _check_extension /opt/stack/neutron/neutron/api/extensions.py:415}}
Jul 23 22:18:59.600124 np0000186407 devstack@neutron-api.service[101749]: DEBUG neutron.manager [None req-29d55d9e-b3ed-43e4-8a5b-5b2adb2e8190 None None] Successfully loaded TAG plugin. Description: Tag support {{(pid=101749) _create_and_add_service_plugin /opt/stack/neutron/neutron/manager.py:236}}
Jul 23 22:18:59.600124 np0000186407 devstack@neutron-api.service[101749]: INFO neutron.manager [None req-29d55d9e-b3ed-43e4-8a5b-5b2adb2e8190 None None] Loading Plugin: timestamp
Jul 23 22:18:59.600284 np0000186407 devstack@neutron-api.service[101746]: INFO neutron.api.extensions [None req-2b284926-165f-4af1-b864-c7ca062b1553 None None] Extension floating-ip-port-forwarding not supported by any of loaded plugins
Jul 23 22:18:59.600420 np0000186407 devstack@neutron-api.service[101746]: DEBUG neutron.api.extensions [None req-2b284926-165f-4af1-b864-c7ca062b1553 None None] Loading extension file: floatingip_pools.py {{(pid=101746) _load_all_extensions_from_path /opt/stack/neutron/neutron/api/extensions.py:449}}
Jul 23 22:18:59.600840 np0000186407 devstack@neutron-api.service[101746]: DEBUG neutron.api.extensions [None req-2b284926-165f-4af1-b864-c7ca062b1553 None None] Ext name="Floating IP Pools Extension" alias="floatingip-pools" description="Provides a floating IP pools API." updated="2018-03-21T10:00:00-00:00" {{(pid=101746) _check_extension /opt/stack/neutron/neutron/api/extensions.py:415}}
Jul 23 22:18:59.601093 np0000186407 devstack@neutron-api.service[101746]: INFO neutron.api.extensions [None req-2b284926-165f-4af1-b864-c7ca062b1553 None None] Loaded extension: floatingip-pools
Jul 23 22:18:59.601243 np0000186407 devstack@neutron-api.service[101746]: DEBUG neutron.api.extensions [None req-2b284926-165f-4af1-b864-c7ca062b1553 None None] Loading extension file: ip_allocation.py {{(pid=101746) _load_all_extensions_from_path /opt/stack/neutron/neutron/api/extensions.py:449}}
Jul 23 22:18:59.601317 np0000186407 devstack@neutron-api.service[101749]: DEBUG neutron.manager [None req-29d55d9e-b3ed-43e4-8a5b-5b2adb2e8190 None None] Successfully loaded timestamp plugin. Description: Adds timestamps to Neutron resources with standard attributes {{(pid=101749) _create_and_add_service_plugin /opt/stack/neutron/neutron/manager.py:236}}
Jul 23 22:18:59.601390 np0000186407 devstack@neutron-api.service[101749]: INFO neutron.manager [None req-29d55d9e-b3ed-43e4-8a5b-5b2adb2e8190 None None] Loading Plugin: network_ip_availability
Jul 23 22:18:59.601585 np0000186407 devstack@neutron-api.service[101746]: DEBUG neutron.api.extensions [None req-2b284926-165f-4af1-b864-c7ca062b1553 None None] Ext name="IP Allocation" alias="ip_allocation" description="IP allocation extension." updated="2016-06-10T23:00:00-00:00" {{(pid=101746) _check_extension /opt/stack/neutron/neutron/api/extensions.py:415}}
Jul 23 22:18:59.601843 np0000186407 devstack@neutron-api.service[101746]: INFO neutron.api.extensions [None req-2b284926-165f-4af1-b864-c7ca062b1553 None None] Extension ip_allocation not supported by any of loaded plugins
Jul 23 22:18:59.602169 np0000186407 devstack@neutron-api.service[101746]: DEBUG neutron.api.extensions [None req-2b284926-165f-4af1-b864-c7ca062b1553 None None] Loading extension file: ip_substring_port_filtering.py {{(pid=101746) _load_all_extensions_from_path /opt/stack/neutron/neutron/api/extensions.py:449}}
Jul 23 22:18:59.602308 np0000186407 devstack@neutron-api.service[101746]: DEBUG neutron.api.extensions [None req-2b284926-165f-4af1-b864-c7ca062b1553 None None] Ext name="IP address substring filtering" alias="ip-substring-filtering" description="Provides IP address substring filtering when listing ports" updated="2017-11-28T09:00:00-00:00" {{(pid=101746) _check_extension /opt/stack/neutron/neutron/api/extensions.py:415}}
Jul 23 22:18:59.602618 np0000186407 devstack@neutron-api.service[101746]: INFO neutron.api.extensions [None req-2b284926-165f-4af1-b864-c7ca062b1553 None None] Extension ip-substring-filtering not supported by any of loaded plugins
Jul 23 22:18:59.602734 np0000186407 devstack@neutron-api.service[101746]: DEBUG neutron.api.extensions [None req-2b284926-165f-4af1-b864-c7ca062b1553 None None] Loading extension file: l2_adjacency.py {{(pid=101746) _load_all_extensions_from_path /opt/stack/neutron/neutron/api/extensions.py:449}}
Jul 23 22:18:59.602917 np0000186407 devstack@neutron-api.service[101749]: DEBUG neutron.manager [None req-29d55d9e-b3ed-43e4-8a5b-5b2adb2e8190 None None] Successfully loaded network-ip-availability plugin. Description: Provides IP availability data for each network and subnet. {{(pid=101749) _create_and_add_service_plugin /opt/stack/neutron/neutron/manager.py:236}}
Jul 23 22:18:59.602995 np0000186407 devstack@neutron-api.service[101749]: INFO neutron.manager [None req-29d55d9e-b3ed-43e4-8a5b-5b2adb2e8190 None None] Loading Plugin: flavors
Jul 23 22:18:59.603073 np0000186407 devstack@neutron-api.service[101746]: DEBUG neutron.api.extensions [None req-2b284926-165f-4af1-b864-c7ca062b1553 None None] Ext name="L2 Adjacency" alias="l2_adjacency" description="Display L2 Adjacency for Neutron Networks." updated="2016-04-12T16:00:00-00:00" {{(pid=101746) _check_extension /opt/stack/neutron/neutron/api/extensions.py:415}}
Jul 23 22:18:59.603350 np0000186407 devstack@neutron-api.service[101746]: INFO neutron.api.extensions [None req-2b284926-165f-4af1-b864-c7ca062b1553 None None] Extension l2_adjacency not supported by any of loaded plugins
Jul 23 22:18:59.603430 np0000186407 devstack@neutron-api.service[101746]: DEBUG neutron.api.extensions [None req-2b284926-165f-4af1-b864-c7ca062b1553 None None] Loading extension file: l3.py {{(pid=101746) _load_all_extensions_from_path /opt/stack/neutron/neutron/api/extensions.py:449}}
Jul 23 22:18:59.603820 np0000186407 devstack@neutron-api.service[101749]: DEBUG neutron.manager [None req-29d55d9e-b3ed-43e4-8a5b-5b2adb2e8190 None None] Successfully loaded FLAVORS plugin. Description: Neutron Flavors and Service Profiles manager plugin {{(pid=101749) _create_and_add_service_plugin /opt/stack/neutron/neutron/manager.py:236}}
Jul 23 22:18:59.604348 np0000186407 devstack@neutron-api.service[101749]: INFO neutron.manager [None req-29d55d9e-b3ed-43e4-8a5b-5b2adb2e8190 None None] Loading Plugin: revisions
Jul 23 22:18:59.604432 np0000186407 devstack@neutron-api.service[101746]: DEBUG neutron.api.extensions [None req-2b284926-165f-4af1-b864-c7ca062b1553 None None] Ext name="Neutron L3 Router" alias="router" description="Router abstraction for basic L3 forwarding between L2 Neutron networks and access to external networks via a NAT gateway." updated="2012-07-20T10:00:00-00:00" {{(pid=101746) _check_extension /opt/stack/neutron/neutron/api/extensions.py:415}}
Jul 23 22:18:59.604432 np0000186407 devstack@neutron-api.service[101746]: INFO neutron.api.extensions [None req-2b284926-165f-4af1-b864-c7ca062b1553 None None] Loaded extension: router
Jul 23 22:18:59.604432 np0000186407 devstack@neutron-api.service[101746]: DEBUG neutron.api.extensions [None req-2b284926-165f-4af1-b864-c7ca062b1553 None None] Loading extension file: l3_agent_scheduler_ha_chassis_priority.py {{(pid=101746) _load_all_extensions_from_path /opt/stack/neutron/neutron/api/extensions.py:449}}
Jul 23 22:18:59.604432 np0000186407 devstack@neutron-api.service[101746]: DEBUG neutron.api.extensions [None req-2b284926-165f-4af1-b864-c7ca062b1553 None None] Ext name="L3 Agent Scheduler HA Chassis Priority" alias="l3-agent-scheduler-ha-chassis-priority" description="Exposes the HA_Chassis priority in the L3 Agent Scheduler API responses and allows setting priority when scheduling a router to a chassis." updated="2026-03-31T00:00:00-00:00" {{(pid=101746) _check_extension /opt/stack/neutron/neutron/api/extensions.py:415}}
Jul 23 22:18:59.604614 np0000186407 devstack@neutron-api.service[101746]: INFO neutron.api.extensions [None req-2b284926-165f-4af1-b864-c7ca062b1553 None None] Loaded extension: l3-agent-scheduler-ha-chassis-priority
Jul 23 22:18:59.604745 np0000186407 devstack@neutron-api.service[101746]: DEBUG neutron.api.extensions [None req-2b284926-165f-4af1-b864-c7ca062b1553 None None] Loading extension file: l3_conntrack_helper.py {{(pid=101746) _load_all_extensions_from_path /opt/stack/neutron/neutron/api/extensions.py:449}}
Jul 23 22:18:59.604915 np0000186407 devstack@neutron-api.service[101749]: DEBUG neutron.manager [None req-29d55d9e-b3ed-43e4-8a5b-5b2adb2e8190 None None] Successfully loaded revision_plugin plugin. Description: Adds revision numbers to resources. {{(pid=101749) _create_and_add_service_plugin /opt/stack/neutron/neutron/manager.py:236}}
Jul 23 22:18:59.605299 np0000186407 devstack@neutron-api.service[101749]: DEBUG oslo_concurrency.lockutils [None req-29d55d9e-b3ed-43e4-8a5b-5b2adb2e8190 None None] Lock "manager" "released" by "neutron.manager.NeutronManager._create_instance" :: held 4.834s {{(pid=101749) inner /opt/stack/data/venv/lib/python3.12/site-packages/oslo_concurrency/lockutils.py:544}}
Jul 23 22:18:59.605299 np0000186407 devstack@neutron-api.service[101749]: DEBUG neutron.api.extensions [None req-29d55d9e-b3ed-43e4-8a5b-5b2adb2e8190 None None] get_extension_paths = OrderedDict({'/opt/stack/neutron/neutron/extensions': 1}) {{(pid=101749) get_extensions_path /opt/stack/neutron/neutron/api/extensions.py:640}}
Jul 23 22:18:59.605299 np0000186407 devstack@neutron-api.service[101749]: INFO neutron.api.extensions [None req-29d55d9e-b3ed-43e4-8a5b-5b2adb2e8190 None None] Initializing extension manager.
Jul 23 22:18:59.605442 np0000186407 devstack@neutron-api.service[101746]: DEBUG neutron.api.extensions [None req-2b284926-165f-4af1-b864-c7ca062b1553 None None] Ext name="L3 Conntrack helper" alias="l3-conntrack-helper" description="Allow adding CT target rules for conntrack helper" updated="2019-04-04T10:00:00-00:00" {{(pid=101746) _check_extension /opt/stack/neutron/neutron/api/extensions.py:415}}
Jul 23 22:18:59.605530 np0000186407 devstack@neutron-api.service[101749]: DEBUG neutron.api.extensions [None req-29d55d9e-b3ed-43e4-8a5b-5b2adb2e8190 None None] Loading extension file: __init__.py {{(pid=101749) _load_all_extensions_from_path /opt/stack/neutron/neutron/api/extensions.py:449}}
Jul 23 22:18:59.605593 np0000186407 devstack@neutron-api.service[101746]: INFO neutron.api.extensions [None req-2b284926-165f-4af1-b864-c7ca062b1553 None None] Extension l3-conntrack-helper not supported by any of loaded plugins
Jul 23 22:18:59.605672 np0000186407 devstack@neutron-api.service[101749]: DEBUG neutron.api.extensions [None req-29d55d9e-b3ed-43e4-8a5b-5b2adb2e8190 None None] Loading extension file: __pycache__ {{(pid=101749) _load_all_extensions_from_path /opt/stack/neutron/neutron/api/extensions.py:449}}
Jul 23 22:18:59.605730 np0000186407 devstack@neutron-api.service[101746]: DEBUG neutron.api.extensions [None req-2b284926-165f-4af1-b864-c7ca062b1553 None None] Loading extension file: l3_enable_default_route_bfd.py {{(pid=101746) _load_all_extensions_from_path /opt/stack/neutron/neutron/api/extensions.py:449}}
Jul 23 22:18:59.605800 np0000186407 devstack@neutron-api.service[101749]: DEBUG neutron.api.extensions [None req-29d55d9e-b3ed-43e4-8a5b-5b2adb2e8190 None None] Loading extension file: aap_reject_multicast.py {{(pid=101749) _load_all_extensions_from_path /opt/stack/neutron/neutron/api/extensions.py:449}}
Jul 23 22:18:59.605963 np0000186407 devstack@neutron-api.service[101746]: DEBUG neutron.api.extensions [None req-2b284926-165f-4af1-b864-c7ca062b1553 None None] Ext name="Enable Default Route BFD" alias="enable-default-route-bfd" description="Enables configurable BFD behavior for default routes" updated="2023-02-27T00:00:00-00:00" {{(pid=101746) _check_extension /opt/stack/neutron/neutron/api/extensions.py:415}}
Jul 23 22:18:59.606045 np0000186407 devstack@neutron-api.service[101749]: DEBUG neutron.api.extensions [None req-29d55d9e-b3ed-43e4-8a5b-5b2adb2e8190 None None] Ext name="Allowed address pairs reject multicast extension" alias="aap-reject-multicast" description="Reject multicast addresses in Allowed Address Pairs" updated="2026-04-01T00:00:00-00:00" {{(pid=101749) _check_extension /opt/stack/neutron/neutron/api/extensions.py:415}}
Jul 23 22:18:59.606214 np0000186407 devstack@neutron-api.service[101746]: INFO neutron.api.extensions [None req-2b284926-165f-4af1-b864-c7ca062b1553 None None] Loaded extension: enable-default-route-bfd
Jul 23 22:18:59.606214 np0000186407 devstack@neutron-api.service[101746]: DEBUG neutron.api.extensions [None req-2b284926-165f-4af1-b864-c7ca062b1553 None None] Loading extension file: l3_enable_default_route_ecmp.py {{(pid=101746) _load_all_extensions_from_path /opt/stack/neutron/neutron/api/extensions.py:449}}
Jul 23 22:18:59.606500 np0000186407 devstack@neutron-api.service[101746]: DEBUG neutron.api.extensions [None req-2b284926-165f-4af1-b864-c7ca062b1553 None None] Ext name="Enable Default Route ECMP" alias="enable-default-route-ecmp" description="Enables configurable ECMP behavior for default routes" updated="2023-02-27T00:00:00-00:00" {{(pid=101746) _check_extension /opt/stack/neutron/neutron/api/extensions.py:415}}
Jul 23 22:18:59.606785 np0000186407 devstack@neutron-api.service[101746]: INFO neutron.api.extensions [None req-2b284926-165f-4af1-b864-c7ca062b1553 None None] Loaded extension: enable-default-route-ecmp
Jul 23 22:18:59.606785 np0000186407 devstack@neutron-api.service[101746]: DEBUG neutron.api.extensions [None req-2b284926-165f-4af1-b864-c7ca062b1553 None None] Loading extension file: l3_ext_gw_mode.py {{(pid=101746) _load_all_extensions_from_path /opt/stack/neutron/neutron/api/extensions.py:449}}
Jul 23 22:18:59.606931 np0000186407 devstack@neutron-api.service[101749]: INFO neutron.api.extensions [None req-29d55d9e-b3ed-43e4-8a5b-5b2adb2e8190 None None] Extension aap-reject-multicast not supported by any of loaded plugins
Jul 23 22:18:59.606931 np0000186407 devstack@neutron-api.service[101749]: DEBUG neutron.api.extensions [None req-29d55d9e-b3ed-43e4-8a5b-5b2adb2e8190 None None] Loading extension file: address_group.py {{(pid=101749) _load_all_extensions_from_path /opt/stack/neutron/neutron/api/extensions.py:449}}
Jul 23 22:18:59.607399 np0000186407 devstack@neutron-api.service[101746]: DEBUG neutron.api.extensions [None req-2b284926-165f-4af1-b864-c7ca062b1553 None None] Ext name="Neutron L3 Configurable external gateway mode" alias="ext-gw-mode" description="Extension of the router abstraction for specifying whether SNAT should occur on the external gateway" updated="2013-03-28T10:00:00-00:00" {{(pid=101746) _check_extension /opt/stack/neutron/neutron/api/extensions.py:415}}
Jul 23 22:18:59.607399 np0000186407 devstack@neutron-api.service[101746]: INFO neutron.api.extensions [None req-2b284926-165f-4af1-b864-c7ca062b1553 None None] Loaded extension: ext-gw-mode
Jul 23 22:18:59.607399 np0000186407 devstack@neutron-api.service[101746]: DEBUG neutron.api.extensions [None req-2b284926-165f-4af1-b864-c7ca062b1553 None None] Loading extension file: l3_ext_ha_mode.py {{(pid=101746) _load_all_extensions_from_path /opt/stack/neutron/neutron/api/extensions.py:449}}
Jul 23 22:18:59.607687 np0000186407 devstack@neutron-api.service[101749]: DEBUG neutron.api.extensions [None req-29d55d9e-b3ed-43e4-8a5b-5b2adb2e8190 None None] Ext name="Address group" alias="address-group" description="Support address group" updated="2020-07-15T10:00:00-00:00" {{(pid=101749) _check_extension /opt/stack/neutron/neutron/api/extensions.py:415}}
Jul 23 22:18:59.607687 np0000186407 devstack@neutron-api.service[101749]: INFO neutron.api.extensions [None req-29d55d9e-b3ed-43e4-8a5b-5b2adb2e8190 None None] Loaded extension: address-group
Jul 23 22:18:59.607909 np0000186407 devstack@neutron-api.service[101746]: DEBUG neutron.api.extensions [None req-2b284926-165f-4af1-b864-c7ca062b1553 None None] Ext name="HA Router extension" alias="l3-ha" description="Adds HA capability to routers." updated="2014-04-26T00:00:00-00:00" {{(pid=101746) _check_extension /opt/stack/neutron/neutron/api/extensions.py:415}}
Jul 23 22:18:59.608034 np0000186407 devstack@neutron-api.service[101749]: DEBUG neutron.api.extensions [None req-29d55d9e-b3ed-43e4-8a5b-5b2adb2e8190 None None] Loading extension file: address_scope.py {{(pid=101749) _load_all_extensions_from_path /opt/stack/neutron/neutron/api/extensions.py:449}}
Jul 23 22:18:59.608183 np0000186407 devstack@neutron-api.service[101746]: INFO neutron.api.extensions [None req-2b284926-165f-4af1-b864-c7ca062b1553 None None] Loaded extension: l3-ha
