+ COMMAND=start + start + for KEYSTONE_WSGI_SCRIPT in keystone-wsgi-public ++ type -p keystone-wsgi-public + cp -a /var/lib/openstack/bin/keystone-wsgi-public /var/www/cgi-bin/keystone/ + '[' -f /etc/apache2/envvars ']' + source /etc/apache2/envvars ++ unset HOME ++ '[' '' '!=' '' ']' ++ SUFFIX= ++ export APACHE_RUN_USER=www-data ++ APACHE_RUN_USER=www-data ++ export APACHE_RUN_GROUP=www-data ++ APACHE_RUN_GROUP=www-data ++ export APACHE_PID_FILE=/var/run/apache2/apache2.pid ++ APACHE_PID_FILE=/var/run/apache2/apache2.pid ++ export APACHE_RUN_DIR=/var/run/apache2 ++ APACHE_RUN_DIR=/var/run/apache2 ++ export APACHE_LOCK_DIR=/var/lock/apache2 ++ APACHE_LOCK_DIR=/var/lock/apache2 ++ export APACHE_LOG_DIR=/var/log/apache2 ++ APACHE_LOG_DIR=/var/log/apache2 ++ export LANG=C ++ LANG=C ++ export LANG + '[' -f /var/run/apache2/apache2.pid ']' + exec apache2 -DFOREGROUND AH00558: apache2: Could not reliably determine the server's fully qualified domain name, using 10.0.0.121. Set the 'ServerName' directive globally to suppress this message AH00558: apache2: Could not reliably determine the server's fully qualified domain name, using 10.0.0.121. Set the 'ServerName' directive globally to suppress this message
[Thu Jul 23 03:31:06.963368 2026] [mpm_event:notice] [pid 1:tid 140548948711296] AH00489: Apache/2.4.58 (Ubuntu) mod_wsgi/5.0.0 Python/3.12 configured -- resuming normal operations
[Thu Jul 23 03:31:06.963548 2026] [core:notice] [pid 1:tid 140548948711296] AH00094: Command line: 'apache2 -D FOREGROUND'
[Thu Jul 23 03:32:06.364699 2026] [wsgi:error] [pid 11:tid 140548310890176] /var/lib/openstack/lib/python3.12/site-packages/oslo_utils/importutils.py:77: EventletDeprecationWarning:
[Thu Jul 23 03:32:06.364746 2026] [wsgi:error] [pid 11:tid 140548310890176] Eventlet is deprecated. It is currently being maintained in bugfix mode, and
[Thu Jul 23 03:32:06.364748 2026] [wsgi:error] [pid 11:tid 140548310890176] we strongly recommend against using it for new projects.
[Thu Jul 23 03:32:06.364749 2026] [wsgi:error] [pid 11:tid 140548310890176]
[Thu Jul 23 03:32:06.364750 2026] [wsgi:error] [pid 11:tid 140548310890176] If you are already using Eventlet, we recommend migrating to a different
[Thu Jul 23 03:32:06.364752 2026] [wsgi:error] [pid 11:tid 140548310890176] framework. For more detail see
[Thu Jul 23 03:32:06.364753 2026] [wsgi:error] [pid 11:tid 140548310890176] https://eventlet.readthedocs.io/en/latest/asyncio/migration.html
[Thu Jul 23 03:32:06.364754 2026] [wsgi:error] [pid 11:tid 140548310890176]
[Thu Jul 23 03:32:06.364755 2026] [wsgi:error] [pid 11:tid 140548310890176] __import__(import_str)
[Thu Jul 23 03:32:06.415300 2026] [wsgi:error] [pid 12:tid 140548310890176] /var/lib/openstack/lib/python3.12/site-packages/oslo_utils/importutils.py:77: EventletDeprecationWarning:
[Thu Jul 23 03:32:06.415348 2026] [wsgi:error] [pid 12:tid 140548310890176] Eventlet is deprecated. It is currently being maintained in bugfix mode, and
[Thu Jul 23 03:32:06.415350 2026] [wsgi:error] [pid 12:tid 140548310890176] we strongly recommend against using it for new projects.
[Thu Jul 23 03:32:06.415351 2026] [wsgi:error] [pid 12:tid 140548310890176]
[Thu Jul 23 03:32:06.415352 2026] [wsgi:error] [pid 12:tid 140548310890176] If you are already using Eventlet, we recommend migrating to a different
[Thu Jul 23 03:32:06.415353 2026] [wsgi:error] [pid 12:tid 140548310890176] framework. For more detail see
[Thu Jul 23 03:32:06.415355 2026] [wsgi:error] [pid 12:tid 140548310890176] https://eventlet.readthedocs.io/en/latest/asyncio/migration.html
[Thu Jul 23 03:32:06.415356 2026] [wsgi:error] [pid 12:tid 140548310890176]
[Thu Jul 23 03:32:06.415357 2026] [wsgi:error] [pid 12:tid 140548310890176] __import__(import_str) 10.0.0.62 - - [23/Jul/2026:03:32:05 +0000] "GET /v3/ HTTP/1.1" 200 250 10.0.0.62 - - [23/Jul/2026:03:32:05 +0000] "GET /v3/ HTTP/1.1" 200 250
[Thu Jul 23 03:32:18.926793 2026] [wsgi:error] [pid 9:tid 140548310890176] /var/lib/openstack/lib/python3.12/site-packages/oslo_utils/importutils.py:77: EventletDeprecationWarning:
[Thu Jul 23 03:32:18.926831 2026] [wsgi:error] [pid 9:tid 140548310890176] Eventlet is deprecated. It is currently being maintained in bugfix mode, and
[Thu Jul 23 03:32:18.926833 2026] [wsgi:error] [pid 9:tid 140548310890176] we strongly recommend against using it for new projects.
[Thu Jul 23 03:32:18.926834 2026] [wsgi:error] [pid 9:tid 140548310890176]
[Thu Jul 23 03:32:18.926835 2026] [wsgi:error] [pid 9:tid 140548310890176] If you are already using Eventlet, we recommend migrating to a different
[Thu Jul 23 03:32:18.926836 2026] [wsgi:error] [pid 9:tid 140548310890176] framework. For more detail see
[Thu Jul 23 03:32:18.926838 2026] [wsgi:error] [pid 9:tid 140548310890176] https://eventlet.readthedocs.io/en/latest/asyncio/migration.html
[Thu Jul 23 03:32:18.926839 2026] [wsgi:error] [pid 9:tid 140548310890176]
[Thu Jul 23 03:32:18.926840 2026] [wsgi:error] [pid 9:tid 140548310890176] __import__(import_str) 10.0.0.115 - - [23/Jul/2026:03:32:18 +0000] "GET / HTTP/1.1" 300 295
[Thu Jul 23 03:32:24.354406 2026] [wsgi:error] [pid 10:tid 140548310890176] /var/lib/openstack/lib/python3.12/site-packages/oslo_utils/importutils.py:77: EventletDeprecationWarning:
[Thu Jul 23 03:32:24.354447 2026] [wsgi:error] [pid 10:tid 140548310890176] Eventlet is deprecated. It is currently being maintained in bugfix mode, and
[Thu Jul 23 03:32:24.354450 2026] [wsgi:error] [pid 10:tid 140548310890176] we strongly recommend against using it for new projects.
[Thu Jul 23 03:32:24.354451 2026] [wsgi:error] [pid 10:tid 140548310890176]
[Thu Jul 23 03:32:24.354453 2026] [wsgi:error] [pid 10:tid 140548310890176] If you are already using Eventlet, we recommend migrating to a different
[Thu Jul 23 03:32:24.354455 2026] [wsgi:error] [pid 10:tid 140548310890176] framework. For more detail see
[Thu Jul 23 03:32:24.354456 2026] [wsgi:error] [pid 10:tid 140548310890176] https://eventlet.readthedocs.io/en/latest/asyncio/migration.html
[Thu Jul 23 03:32:24.354457 2026] [wsgi:error] [pid 10:tid 140548310890176]
[Thu Jul 23 03:32:24.354459 2026] [wsgi:error] [pid 10:tid 140548310890176] __import__(import_str)
[Thu Jul 23 03:32:28.984780 2026] [wsgi:error] [pid 10:tid 140548310890176] [remote 10.0.0.115:45712] 2026-07-23 03:32:28.982 10 WARNING keystone.identity.core [None req-502fb98b-0323-4640-bc48-e17a9913286d - - - - - -] Invalid domain name (atmosphere) found in config file name: keystone.exception.DomainNotFound: Could not find domain: atmosphere.
[Thu Jul 23 03:32:29.041564 2026] [wsgi:error] [pid 10:tid 140548310890176] [remote 10.0.0.115:45712] 2026-07-23 03:32:29.041 10 WARNING keystone.common.password_hashing [None req-502fb98b-0323-4640-bc48-e17a9913286d - - - - - -] Truncating password to algorithm specific maximum length 72 characters.
[Thu Jul 23 03:32:29.327285 2026] [wsgi:error] [pid 10:tid 140548310890176] [remote 10.0.0.115:45712] 2026-07-23 03:32:29.327 10 WARNING keystone.common.fernet_utils [None req-502fb98b-0323-4640-bc48-e17a9913286d - - - - - -] key_repository is world readable: /etc/keystone/fernet-keys/ 10.0.0.115 - - [23/Jul/2026:03:32:23 +0000] "POST /v3/auth/tokens HTTP/1.1" 201 1359
[Thu Jul 23 03:32:29.729391 2026] [wsgi:error] [pid 12:tid 140548310890176] [remote 10.0.0.115:45712] 2026-07-23 03:32:29.727 12 WARNING keystone.identity.core [None req-585d9cac-14d5-427a-8158-ac223432f4d1 - - - - - -] Invalid domain name (atmosphere) found in config file name: keystone.exception.DomainNotFound: Could not find domain: atmosphere. 10.0.0.115 - - [23/Jul/2026:03:32:29 +0000] "POST /v3/domains HTTP/1.1" 201 261 10.0.0.215 - - [23/Jul/2026:03:32:42 +0000] "GET / HTTP/1.1" 300 295
[Thu Jul 23 03:32:42.900174 2026] [wsgi:error] [pid 9:tid 140548310890176] [remote 10.0.0.215:47972] 2026-07-23 03:32:42.899 9 WARNING keystone.common.password_hashing [None req-e1b4768c-8156-4c1f-80ea-8dad6f9fc518 - - - - - -] Truncating password to algorithm specific maximum length 72 characters.
[Thu Jul 23 03:32:43.177641 2026] [wsgi:error] [pid 9:tid 140548310890176] [remote 10.0.0.215:47972] 2026-07-23 03:32:43.177 9 WARNING keystone.common.fernet_utils [None req-e1b4768c-8156-4c1f-80ea-8dad6f9fc518 - - - - - -] key_repository is world readable: /etc/keystone/fernet-keys/ 10.0.0.215 - - [23/Jul/2026:03:32:42 +0000] "POST /v3/auth/tokens HTTP/1.1" 201 1359 10.0.0.215 - - [23/Jul/2026:03:32:43 +0000] "GET /v3/roles/admin HTTP/1.1" 404 83
[Thu Jul 23 03:32:43.449945 2026] [wsgi:error] [pid 12:tid 140548310890176] [remote 10.0.0.215:47972] 2026-07-23 03:32:43.449 12 WARNING keystone.common.rbac_enforcer.enforcer [None req-abc95741-794f-4a2e-9cff-f9cda50f57f3 822edac438f5466ab716be9abc0051fc 9044413f661f4bf093e14786b5d4c88a - - default default] Deprecated policy rules found. Use oslopolicy-policy-generator and oslopolicy-policy-upgrade to detect and resolve deprecated policies in your configuration. 10.0.0.215 - - [23/Jul/2026:03:32:43 +0000] "GET /v3/roles?name=admin HTTP/1.1" 200 389
[Thu Jul 23 03:32:43.949299 2026] [wsgi:error] [pid 11:tid 140548310890176] [remote 10.0.0.215:47972] 2026-07-23 03:32:43.949 11 WARNING keystone.common.rbac_enforcer.enforcer [None req-880c6102-d377-4e41-a925-d67e2f971eac 822edac438f5466ab716be9abc0051fc 9044413f661f4bf093e14786b5d4c88a - - default default] Deprecated policy rules found. Use oslopolicy-policy-generator and oslopolicy-policy-upgrade to detect and resolve deprecated policies in your configuration. 10.0.0.215 - - [23/Jul/2026:03:32:43 +0000] "GET /v3/users/admin-RegionOne HTTP/1.1" 404 93
[Thu Jul 23 03:32:44.090363 2026] [wsgi:error] [pid 9:tid 140548310890176] [remote 10.0.0.215:47972] 2026-07-23 03:32:44.090 9 WARNING keystone.common.rbac_enforcer.enforcer [None req-5824ec68-abb9-410e-92a5-0ecbb6f63e47 822edac438f5466ab716be9abc0051fc 9044413f661f4bf093e14786b5d4c88a - - default default] Deprecated policy rules found. Use oslopolicy-policy-generator and oslopolicy-policy-upgrade to detect and resolve deprecated policies in your configuration. 10.0.0.215 - - [23/Jul/2026:03:32:43 +0000] "GET /v3/users?name=admin-RegionOne HTTP/1.1" 200 422
[Thu Jul 23 03:32:44.267926 2026] [wsgi:error] [pid 10:tid 140548310890176] [remote 10.0.0.215:47972] 2026-07-23 03:32:44.267 10 WARNING keystone.common.rbac_enforcer.enforcer [None req-243ff65c-70da-49da-8f9f-e78e2be85dd6 822edac438f5466ab716be9abc0051fc 9044413f661f4bf093e14786b5d4c88a - - default default] Deprecated policy rules found. Use oslopolicy-policy-generator and oslopolicy-policy-upgrade to detect and resolve deprecated policies in your configuration. 10.0.0.215 - - [23/Jul/2026:03:32:44 +0000] "GET /v3/domains/default HTTP/1.1" 200 224 10.0.0.215 - - [23/Jul/2026:03:32:44 +0000] "PUT /v3/domains/default/users/822edac438f5466ab716be9abc0051fc/roles/f716567de1294d3fbc056b679fb2e94e HTTP/1.1" 204 - 10.0.0.62 - - [23/Jul/2026:03:32:54 +0000] "GET / HTTP/1.1" 300 280 10.0.0.62 - - [23/Jul/2026:03:32:55 +0000] "GET /v3 HTTP/1.1" 200 265
[Thu Jul 23 03:32:55.729341 2026] [wsgi:error] [pid 10:tid 140548310890176] [remote 10.0.0.62:35536] 2026-07-23 03:32:55.729 10 WARNING keystone.common.password_hashing [None req-f9804bba-19d2-4339-b8b3-6192bd10af99 - - - - - -] Truncating password to algorithm specific maximum length 72 characters.
[Thu Jul 23 03:32:56.006414 2026] [wsgi:error] [pid 10:tid 140548310890176] [remote 10.0.0.62:35536] 2026-07-23 03:32:56.006 10 WARNING keystone.common.fernet_utils [None req-f9804bba-19d2-4339-b8b3-6192bd10af99 - - - - - -] key_repository is world readable: /etc/keystone/fernet-keys/ 10.0.0.62 - - [23/Jul/2026:03:32:55 +0000] "POST /v3/auth/tokens HTTP/1.1" 201 1359 10.0.0.62 - - [23/Jul/2026:03:32:56 +0000] "GET / HTTP/1.1" 300 280 10.0.0.62 - - [23/Jul/2026:03:32:56 +0000] "GET /v3/domains/atmosphere HTTP/1.1" 404 90 10.0.0.62 - - [23/Jul/2026:03:32:56 +0000] "GET /v3/domains?name=atmosphere HTTP/1.1" 200 368 10.0.0.62 - - [23/Jul/2026:03:32:56 +0000] "GET /v3/domains/2e38949973bb4a24923223dc13252192 HTTP/1.1" 200 246 10.0.0.62 - - [23/Jul/2026:03:32:57 +0000] "GET /v3 HTTP/1.1" 200 265
[Thu Jul 23 03:32:57.168083 2026] [wsgi:error] [pid 11:tid 140548310890176] [remote 10.0.0.62:35522] 2026-07-23 03:32:57.167 11 WARNING keystone.common.password_hashing [None req-e204954a-e18e-42c1-8ae0-0998e7d63375 - - - - - -] Truncating password to algorithm specific maximum length 72 characters.
[Thu Jul 23 03:32:57.454914 2026] [wsgi:error] [pid 11:tid 140548310890176] [remote 10.0.0.62:35522] 2026-07-23 03:32:57.454 11 WARNING keystone.common.fernet_utils [None req-e204954a-e18e-42c1-8ae0-0998e7d63375 - - - - - -] key_repository is world readable: /etc/keystone/fernet-keys/ 10.0.0.62 - - [23/Jul/2026:03:32:57 +0000] "POST /v3/auth/tokens HTTP/1.1" 201 1359 10.0.0.62 - - [23/Jul/2026:03:32:57 +0000] "GET / HTTP/1.1" 300 280 10.0.0.62 - - [23/Jul/2026:03:32:57 +0000] "GET /v3/OS-FEDERATION/identity_providers/atmosphere HTTP/1.1" 404 101 10.0.0.62 - - [23/Jul/2026:03:32:57 +0000] "GET /v3/OS-FEDERATION/identity_providers HTTP/1.1" 200 155 10.0.0.62 - - [23/Jul/2026:03:32:57 +0000] "PUT /v3/OS-FEDERATION/identity_providers/atmosphere HTTP/1.1" 201 340 10.0.0.62 - - [23/Jul/2026:03:32:58 +0000] "GET /v3 HTTP/1.1" 200 265
[Thu Jul 23 03:32:58.186115 2026] [wsgi:error] [pid 10:tid 140548310890176] [remote 10.0.0.62:35536] 2026-07-23 03:32:58.185 10 WARNING keystone.common.password_hashing [None req-91872f74-cf0f-412e-b503-29ae22fcebc7 - - - - - -] Truncating password to algorithm specific maximum length 72 characters.
[Thu Jul 23 03:32:58.475733 2026] [wsgi:error] [pid 10:tid 140548310890176] [remote 10.0.0.62:35536] 2026-07-23 03:32:58.475 10 WARNING keystone.common.fernet_utils [None req-91872f74-cf0f-412e-b503-29ae22fcebc7 - - - - - -] key_repository is world readable: /etc/keystone/fernet-keys/ 10.0.0.62 - - [23/Jul/2026:03:32:58 +0000] "POST /v3/auth/tokens HTTP/1.1" 201 1359 10.0.0.62 - - [23/Jul/2026:03:32:58 +0000] "GET / HTTP/1.1" 300 280 10.0.0.62 - - [23/Jul/2026:03:32:58 +0000] "GET /v3/OS-FEDERATION/mappings/atmosphere-openid HTTP/1.1" 404 98 10.0.0.62 - - [23/Jul/2026:03:32:58 +0000] "GET /v3/OS-FEDERATION/mappings HTTP/1.1" 200 135 10.0.0.62 - - [23/Jul/2026:03:32:58 +0000] "PUT /v3/OS-FEDERATION/mappings/atmosphere-openid HTTP/1.1" 201 356 10.0.0.62 - - [23/Jul/2026:03:32:59 +0000] "GET /v3 HTTP/1.1" 200 265
[Thu Jul 23 03:32:59.182431 2026] [wsgi:error] [pid 11:tid 140548310890176] [remote 10.0.0.62:35522] 2026-07-23 03:32:59.182 11 WARNING keystone.common.password_hashing [None req-bc3eed74-d206-417c-aa1b-de9b8363d6c8 - - - - - -] Truncating password to algorithm specific maximum length 72 characters.
[Thu Jul 23 03:32:59.471325 2026] [wsgi:error] [pid 11:tid 140548310890176] [remote 10.0.0.62:35522] 2026-07-23 03:32:59.471 11 WARNING keystone.common.fernet_utils [None req-bc3eed74-d206-417c-aa1b-de9b8363d6c8 - - - - - -] key_repository is world readable: /etc/keystone/fernet-keys/ 10.0.0.62 - - [23/Jul/2026:03:32:59 +0000] "POST /v3/auth/tokens HTTP/1.1" 201 1359 10.0.0.62 - - [23/Jul/2026:03:32:59 +0000] "GET / HTTP/1.1" 300 280 10.0.0.62 - - [23/Jul/2026:03:32:59 +0000] "GET /v3/OS-FEDERATION/identity_providers/atmosphere/protocols/openid?idp_id=atmosphere HTTP/1.1" 404 131 10.0.0.62 - - [23/Jul/2026:03:32:59 +0000] "GET /v3/OS-FEDERATION/identity_providers/atmosphere/protocols HTTP/1.1" 200 167 10.0.0.62 - - [23/Jul/2026:03:32:59 +0000] "PUT /v3/OS-FEDERATION/identity_providers/atmosphere/protocols/openid HTTP/1.1" 201 222 10.0.0.62 - - [23/Jul/2026:03:33:05 +0000] "GET /v3/ HTTP/1.1" 200 250 10.0.0.62 - - [23/Jul/2026:03:33:05 +0000] "GET /v3/ HTTP/1.1" 200 250 10.0.0.62 - - [23/Jul/2026:03:34:05 +0000] "GET /v3/ HTTP/1.1" 200 250 10.0.0.62 - - [23/Jul/2026:03:34:05 +0000] "GET /v3/ HTTP/1.1" 200 250 10.0.0.223 - - [23/Jul/2026:03:34:21 +0000] "GET / HTTP/1.1" 300 295
[Thu Jul 23 03:34:21.306132 2026] [wsgi:error] [pid 10:tid 140548310890176] [remote 10.0.0.223:41628] 2026-07-23 03:34:21.305 10 WARNING keystone.common.password_hashing [None req-edba3c4d-e406-4338-a3a6-3b43c519df87 - - - - - -] Truncating password to algorithm specific maximum length 72 characters.
[Thu Jul 23 03:34:21.597026 2026] [wsgi:error] [pid 10:tid 140548310890176] [remote 10.0.0.223:41628] 2026-07-23 03:34:21.596 10 WARNING keystone.common.fernet_utils [None req-edba3c4d-e406-4338-a3a6-3b43c519df87 - - - - - -] key_repository is world readable: /etc/keystone/fernet-keys/ 10.0.0.223 - - [23/Jul/2026:03:34:21 +0000] "POST /v3/auth/tokens HTTP/1.1" 201 1359 10.0.0.223 - - [23/Jul/2026:03:34:21 +0000] "GET /v3/services HTTP/1.1" 200 355 10.0.0.223 - - [23/Jul/2026:03:34:25 +0000] "GET / HTTP/1.1" 300 295
[Thu Jul 23 03:34:25.261706 2026] [wsgi:error] [pid 9:tid 140548310890176] [remote 10.0.0.223:41630] 2026-07-23 03:34:25.261 9 WARNING keystone.common.password_hashing [None req-33680b35-24fe-4adc-9bc3-837458d722d5 - - - - - -] Truncating password to algorithm specific maximum length 72 characters.
[Thu Jul 23 03:34:25.532320 2026] [wsgi:error] [pid 9:tid 140548310890176] [remote 10.0.0.223:41630] 2026-07-23 03:34:25.532 9 WARNING keystone.common.fernet_utils [None req-33680b35-24fe-4adc-9bc3-837458d722d5 - - - - - -] key_repository is world readable: /etc/keystone/fernet-keys/ 10.0.0.223 - - [23/Jul/2026:03:34:25 +0000] "POST /v3/auth/tokens HTTP/1.1" 201 1359 10.0.0.223 - - [23/Jul/2026:03:34:25 +0000] "GET /v3/services HTTP/1.1" 200 355 10.0.0.223 - - [23/Jul/2026:03:34:29 +0000] "GET / HTTP/1.1" 300 295
[Thu Jul 23 03:34:29.103491 2026] [wsgi:error] [pid 11:tid 140548310890176] [remote 10.0.0.223:42392] 2026-07-23 03:34:29.103 11 WARNING keystone.common.password_hashing [None req-e5a459f3-4b4c-41e1-86e3-fe8342bde1ef - - - - - -] Truncating password to algorithm specific maximum length 72 characters.
[Thu Jul 23 03:34:29.400359 2026] [wsgi:error] [pid 11:tid 140548310890176] [remote 10.0.0.223:42392] 2026-07-23 03:34:29.400 11 WARNING keystone.common.fernet_utils [None req-e5a459f3-4b4c-41e1-86e3-fe8342bde1ef - - - - - -] key_repository is world readable: /etc/keystone/fernet-keys/ 10.0.0.223 - - [23/Jul/2026:03:34:29 +0000] "POST /v3/auth/tokens HTTP/1.1" 201 1359 10.0.0.223 - - [23/Jul/2026:03:34:29 +0000] "GET /v3/services HTTP/1.1" 200 355 10.0.0.223 - - [23/Jul/2026:03:34:33 +0000] "GET / HTTP/1.1" 300 295
[Thu Jul 23 03:34:33.084037 2026] [wsgi:error] [pid 12:tid 140548310890176] [remote 10.0.0.223:42394] 2026-07-23 03:34:33.083 12 WARNING keystone.common.password_hashing [None req-bdce39c2-53f9-43f4-a792-090e987020fa - - - - - -] Truncating password to algorithm specific maximum length 72 characters.
[Thu Jul 23 03:34:33.368528 2026] [wsgi:error] [pid 12:tid 140548310890176] [remote 10.0.0.223:42394] 2026-07-23 03:34:33.368 12 WARNING keystone.common.fernet_utils [None req-bdce39c2-53f9-43f4-a792-090e987020fa - - - - - -] key_repository is world readable: /etc/keystone/fernet-keys/ 10.0.0.223 - - [23/Jul/2026:03:34:33 +0000] "POST /v3/auth/tokens HTTP/1.1" 201 1359 10.0.0.223 - - [23/Jul/2026:03:34:33 +0000] "POST /v3/services HTTP/1.1" 201 296 10.0.0.248 - - [23/Jul/2026:03:34:44 +0000] "GET / HTTP/1.1" 300 295
[Thu Jul 23 03:34:44.732078 2026] [wsgi:error] [pid 10:tid 140548310890176] [remote 10.0.0.248:45504] 2026-07-23 03:34:44.731 10 WARNING keystone.common.password_hashing [None req-0de856d7-0c5d-4990-812a-8d933dce16b3 - - - - - -] Truncating password to algorithm specific maximum length 72 characters. 10.0.0.248 - - [23/Jul/2026:03:34:44 +0000] "GET / HTTP/1.1" 300 295 10.0.0.248 - - [23/Jul/2026:03:34:44 +0000] "GET / HTTP/1.1" 300 295
[Thu Jul 23 03:34:44.792294 2026] [wsgi:error] [pid 12:tid 140548310890176] [remote 10.0.0.248:45518] 2026-07-23 03:34:44.792 12 WARNING keystone.common.password_hashing [None req-5bde625e-1abd-44d4-a14f-796427f5acf4 - - - - - -] Truncating password to algorithm specific maximum length 72 characters.
[Thu Jul 23 03:34:44.792898 2026] [wsgi:error] [pid 9:tid 140548310890176] [remote 10.0.0.248:45512] 2026-07-23 03:34:44.792 9 WARNING keystone.common.password_hashing [None req-1ad129f5-bd4f-46b6-93c6-af8d82659d3f - - - - - -] Truncating password to algorithm specific maximum length 72 characters.
[Thu Jul 23 03:34:45.008026 2026] [wsgi:error] [pid 10:tid 140548310890176] [remote 10.0.0.248:45504] 2026-07-23 03:34:45.007 10 WARNING keystone.common.fernet_utils [None req-0de856d7-0c5d-4990-812a-8d933dce16b3 - - - - - -] key_repository is world readable: /etc/keystone/fernet-keys/ 10.0.0.248 - - [23/Jul/2026:03:34:44 +0000] "POST /v3/auth/tokens HTTP/1.1" 201 1463
[Thu Jul 23 03:34:45.066086 2026] [wsgi:error] [pid 12:tid 140548310890176] [remote 10.0.0.248:45518] 2026-07-23 03:34:45.065 12 WARNING keystone.common.fernet_utils [None req-5bde625e-1abd-44d4-a14f-796427f5acf4 - - - - - -] key_repository is world readable: /etc/keystone/fernet-keys/
[Thu Jul 23 03:34:45.070097 2026] [wsgi:error] [pid 9:tid 140548310890176] [remote 10.0.0.248:45512] 2026-07-23 03:34:45.069 9 WARNING keystone.common.fernet_utils [None req-1ad129f5-bd4f-46b6-93c6-af8d82659d3f - - - - - -] key_repository is world readable: /etc/keystone/fernet-keys/ 10.0.0.248 - - [23/Jul/2026:03:34:44 +0000] "POST /v3/auth/tokens HTTP/1.1" 201 1463 10.0.0.248 - - [23/Jul/2026:03:34:44 +0000] "POST /v3/auth/tokens HTTP/1.1" 201 1463 10.0.0.248 - - [23/Jul/2026:03:34:45 +0000] "GET /v3/services HTTP/1.1" 200 639 10.0.0.248 - - [23/Jul/2026:03:34:45 +0000] "GET /v3/services HTTP/1.1" 200 639 10.0.0.248 - - [23/Jul/2026:03:34:45 +0000] "GET /v3/services HTTP/1.1" 200 639 10.0.0.248 - - [23/Jul/2026:03:34:46 +0000] "GET / HTTP/1.1" 300 295
[Thu Jul 23 03:34:46.719876 2026] [wsgi:error] [pid 11:tid 140548310890176] [remote 10.0.0.248:45530] 2026-07-23 03:34:46.719 11 WARNING keystone.common.password_hashing [None req-1761835a-8b37-4516-bb53-522e2daa636a - - - - - -] Truncating password to algorithm specific maximum length 72 characters. 10.0.0.248 - - [23/Jul/2026:03:34:46 +0000] "GET / HTTP/1.1" 300 295
[Thu Jul 23 03:34:46.751676 2026] [wsgi:error] [pid 10:tid 140548310890176] [remote 10.0.0.248:45542] 2026-07-23 03:34:46.751 10 WARNING keystone.common.password_hashing [None req-5738997e-c27d-4cc4-9084-7591b3ca7869 - - - - - -] Truncating password to algorithm specific maximum length 72 characters. 10.0.0.248 - - [23/Jul/2026:03:34:46 +0000] "GET / HTTP/1.1" 300 295
[Thu Jul 23 03:34:46.799380 2026] [wsgi:error] [pid 12:tid 140548310890176] [remote 10.0.0.248:45544] 2026-07-23 03:34:46.799 12 WARNING keystone.common.password_hashing [None req-6fa08800-9cb8-4708-9933-dd9fb7df15a2 - - - - - -] Truncating password to algorithm specific maximum length 72 characters.
[Thu Jul 23 03:34:47.000329 2026] [wsgi:error] [pid 11:tid 140548310890176] [remote 10.0.0.248:45530] 2026-07-23 03:34:47.000 11 WARNING keystone.common.fernet_utils [None req-1761835a-8b37-4516-bb53-522e2daa636a - - - - - -] key_repository is world readable: /etc/keystone/fernet-keys/ 10.0.0.248 - - [23/Jul/2026:03:34:46 +0000] "POST /v3/auth/tokens HTTP/1.1" 201 1463
[Thu Jul 23 03:34:47.034504 2026] [wsgi:error] [pid 10:tid 140548310890176] [remote 10.0.0.248:45542] 2026-07-23 03:34:47.034 10 WARNING keystone.common.fernet_utils [None req-5738997e-c27d-4cc4-9084-7591b3ca7869 - - - - - -] key_repository is world readable: /etc/keystone/fernet-keys/ 10.0.0.248 - - [23/Jul/2026:03:34:46 +0000] "POST /v3/auth/tokens HTTP/1.1" 201 1463
[Thu Jul 23 03:34:47.083597 2026] [wsgi:error] [pid 12:tid 140548310890176] [remote 10.0.0.248:45544] 2026-07-23 03:34:47.083 12 WARNING keystone.common.fernet_utils [None req-6fa08800-9cb8-4708-9933-dd9fb7df15a2 - - - - - -] key_repository is world readable: /etc/keystone/fernet-keys/ 10.0.0.248 - - [23/Jul/2026:03:34:46 +0000] "POST /v3/auth/tokens HTTP/1.1" 201 1463 10.0.0.248 - - [23/Jul/2026:03:34:47 +0000] "GET /v3/endpoints HTTP/1.1" 200 1226 10.0.0.248 - - [23/Jul/2026:03:34:47 +0000] "GET /v3/services/05bd15f8ec304d32a9513d57f13cc28e HTTP/1.1" 200 233 10.0.0.248 - - [23/Jul/2026:03:34:47 +0000] "GET /v3/endpoints HTTP/1.1" 200 1226 10.0.0.248 - - [23/Jul/2026:03:34:47 +0000] "GET /v3/services/05bd15f8ec304d32a9513d57f13cc28e HTTP/1.1" 200 233 10.0.0.248 - - [23/Jul/2026:03:34:47 +0000] "GET /v3/services/05bd15f8ec304d32a9513d57f13cc28e HTTP/1.1" 200 233 10.0.0.248 - - [23/Jul/2026:03:34:47 +0000] "GET /v3/services/05bd15f8ec304d32a9513d57f13cc28e HTTP/1.1" 200 233 10.0.0.248 - - [23/Jul/2026:03:34:47 +0000] "GET /v3/endpoints HTTP/1.1" 200 1226 10.0.0.248 - - [23/Jul/2026:03:34:47 +0000] "GET /v3/services/05bd15f8ec304d32a9513d57f13cc28e HTTP/1.1" 200 233 10.0.0.248 - - [23/Jul/2026:03:34:47 +0000] "GET /v3/services/05bd15f8ec304d32a9513d57f13cc28e HTTP/1.1" 200 233 10.0.0.248 - - [23/Jul/2026:03:34:47 +0000] "GET /v3/services/05bd15f8ec304d32a9513d57f13cc28e HTTP/1.1" 200 233 10.0.0.248 - - [23/Jul/2026:03:34:47 +0000] "GET /v3/services/05bd15f8ec304d32a9513d57f13cc28e HTTP/1.1" 200 233 10.0.0.248 - - [23/Jul/2026:03:34:47 +0000] "GET /v3/services/05bd15f8ec304d32a9513d57f13cc28e HTTP/1.1" 200 233 10.0.0.248 - - [23/Jul/2026:03:34:48 +0000] "GET / HTTP/1.1" 300 295
[Thu Jul 23 03:34:48.690500 2026] [wsgi:error] [pid 11:tid 140548310890176] [remote 10.0.0.248:39192] 2026-07-23 03:34:48.690 11 WARNING keystone.common.password_hashing [None req-5ddea55c-575f-4eb1-91b2-164da8584704 - - - - - -] Truncating password to algorithm specific maximum length 72 characters. 10.0.0.248 - - [23/Jul/2026:03:34:48 +0000] "GET / HTTP/1.1" 300 295
[Thu Jul 23 03:34:48.733855 2026] [wsgi:error] [pid 12:tid 140548310890176] [remote 10.0.0.248:39200] 2026-07-23 03:34:48.733 12 WARNING keystone.common.password_hashing [None req-7cf0a3d3-6088-4210-bc60-3834036308bc - - - - - -] Truncating password to algorithm specific maximum length 72 characters. 10.0.0.248 - - [23/Jul/2026:03:34:48 +0000] "GET / HTTP/1.1" 300 295
[Thu Jul 23 03:34:48.885703 2026] [wsgi:error] [pid 10:tid 140548310890176] [remote 10.0.0.248:39206] 2026-07-23 03:34:48.885 10 WARNING keystone.common.password_hashing [None req-1c41a0fc-cb57-47d3-920f-5726d51c8301 - - - - - -] Truncating password to algorithm specific maximum length 72 characters.
[Thu Jul 23 03:34:48.975376 2026] [wsgi:error] [pid 11:tid 140548310890176] [remote 10.0.0.248:39192] 2026-07-23 03:34:48.975 11 WARNING keystone.common.fernet_utils [None req-5ddea55c-575f-4eb1-91b2-164da8584704 - - - - - -] key_repository is world readable: /etc/keystone/fernet-keys/ 10.0.0.248 - - [23/Jul/2026:03:34:48 +0000] "POST /v3/auth/tokens HTTP/1.1" 201 1463
[Thu Jul 23 03:34:49.010211 2026] [wsgi:error] [pid 12:tid 140548310890176] [remote 10.0.0.248:39200] 2026-07-23 03:34:49.010 12 WARNING keystone.common.fernet_utils [None req-7cf0a3d3-6088-4210-bc60-3834036308bc - - - - - -] key_repository is world readable: /etc/keystone/fernet-keys/ 10.0.0.248 - - [23/Jul/2026:03:34:48 +0000] "POST /v3/auth/tokens HTTP/1.1" 201 1463 10.0.0.248 - - [23/Jul/2026:03:34:49 +0000] "GET /v3/services/967f833cb056451d97ad7ee25db8a3cb HTTP/1.1" 200 296 10.0.0.248 - - [23/Jul/2026:03:34:49 +0000] "GET /v3/regions/RegionOne HTTP/1.1" 200 173 10.0.0.248 - - [23/Jul/2026:03:34:49 +0000] "GET /v3/services/967f833cb056451d97ad7ee25db8a3cb HTTP/1.1" 200 296
[Thu Jul 23 03:34:49.161176 2026] [wsgi:error] [pid 10:tid 140548310890176] [remote 10.0.0.248:39206] 2026-07-23 03:34:49.161 10 WARNING keystone.common.fernet_utils [None req-1c41a0fc-cb57-47d3-920f-5726d51c8301 - - - - - -] key_repository is world readable: /etc/keystone/fernet-keys/ 10.0.0.248 - - [23/Jul/2026:03:34:48 +0000] "POST /v3/auth/tokens HTTP/1.1" 201 1463 10.0.0.248 - - [23/Jul/2026:03:34:49 +0000] "GET /v3/regions/RegionOne HTTP/1.1" 200 173 10.0.0.248 - - [23/Jul/2026:03:34:49 +0000] "POST /v3/endpoints HTTP/1.1" 201 383 10.0.0.248 - - [23/Jul/2026:03:34:49 +0000] "GET /v3/services/967f833cb056451d97ad7ee25db8a3cb HTTP/1.1" 200 296 10.0.0.248 - - [23/Jul/2026:03:34:49 +0000] "POST /v3/endpoints HTTP/1.1" 201 380 10.0.0.248 - - [23/Jul/2026:03:34:49 +0000] "GET /v3/regions/RegionOne HTTP/1.1" 200 173 10.0.0.248 - - [23/Jul/2026:03:34:49 +0000] "POST /v3/endpoints HTTP/1.1" 201 369 10.0.0.248 - - [23/Jul/2026:03:34:50 +0000] "GET / HTTP/1.1" 300 295
[Thu Jul 23 03:34:50.689147 2026] [wsgi:error] [pid 9:tid 140548310890176] [remote 10.0.0.248:39214] 2026-07-23 03:34:50.688 9 WARNING keystone.common.password_hashing [None req-2b179bf8-256f-4647-a516-b67c49c1d7c4 - - - - - -] Truncating password to algorithm specific maximum length 72 characters. 10.0.0.248 - - [23/Jul/2026:03:34:50 +0000] "GET / HTTP/1.1" 300 295
[Thu Jul 23 03:34:50.861017 2026] [wsgi:error] [pid 12:tid 140548310890176] [remote 10.0.0.248:39218] 2026-07-23 03:34:50.860 12 WARNING keystone.common.password_hashing [None req-3b566cda-31d7-41da-9295-8394a43e7342 - - - - - -] Truncating password to algorithm specific maximum length 72 characters.
[Thu Jul 23 03:34:50.981618 2026] [wsgi:error] [pid 9:tid 140548310890176] [remote 10.0.0.248:39214] 2026-07-23 03:34:50.981 9 WARNING keystone.common.fernet_utils [None req-2b179bf8-256f-4647-a516-b67c49c1d7c4 - - - - - -] key_repository is world readable: /etc/keystone/fernet-keys/ 10.0.0.248 - - [23/Jul/2026:03:34:50 +0000] "POST /v3/auth/tokens HTTP/1.1" 201 1990 10.0.0.248 - - [23/Jul/2026:03:34:51 +0000] "GET / HTTP/1.1" 300 295
[Thu Jul 23 03:34:51.062317 2026] [wsgi:error] [pid 11:tid 140548310890176] [remote 10.0.0.248:39234] 2026-07-23 03:34:51.062 11 WARNING keystone.common.password_hashing [None req-3e76272a-b3f9-455f-806e-727a1c3252a8 - - - - - -] Truncating password to algorithm specific maximum length 72 characters. 10.0.0.248 - - [23/Jul/2026:03:34:51 +0000] "GET /v3/endpoints/e02e94de81fa4acbabd318df8a02569d HTTP/1.1" 200 383
[Thu Jul 23 03:34:51.137784 2026] [wsgi:error] [pid 12:tid 140548310890176] [remote 10.0.0.248:39218] 2026-07-23 03:34:51.137 12 WARNING keystone.common.fernet_utils [None req-3b566cda-31d7-41da-9295-8394a43e7342 - - - - - -] key_repository is world readable: /etc/keystone/fernet-keys/ 10.0.0.248 - - [23/Jul/2026:03:34:51 +0000] "GET /v3/services/967f833cb056451d97ad7ee25db8a3cb HTTP/1.1" 200 296 10.0.0.248 - - [23/Jul/2026:03:34:50 +0000] "POST /v3/auth/tokens HTTP/1.1" 201 1990 10.0.0.248 - - [23/Jul/2026:03:34:51 +0000] "GET /v3/endpoints/f87da94edbaf4d3abb02523cf143f7fb HTTP/1.1" 200 380 10.0.0.248 - - [23/Jul/2026:03:34:51 +0000] "GET /v3/services/967f833cb056451d97ad7ee25db8a3cb HTTP/1.1" 200 296
[Thu Jul 23 03:34:51.363428 2026] [wsgi:error] [pid 11:tid 140548310890176] [remote 10.0.0.248:39234] 2026-07-23 03:34:51.363 11 WARNING keystone.common.fernet_utils [None req-3e76272a-b3f9-455f-806e-727a1c3252a8 - - - - - -] key_repository is world readable: /etc/keystone/fernet-keys/ 10.0.0.248 - - [23/Jul/2026:03:34:51 +0000] "POST /v3/auth/tokens HTTP/1.1" 201 1990 10.0.0.248 - - [23/Jul/2026:03:34:51 +0000] "GET /v3/endpoints/001e47f5b91e439e887ce0b45c80ba25 HTTP/1.1" 200 369 10.0.0.248 - - [23/Jul/2026:03:34:51 +0000] "GET /v3/services/967f833cb056451d97ad7ee25db8a3cb HTTP/1.1" 200 296 10.0.0.4 - - [23/Jul/2026:03:35:02 +0000] "GET / HTTP/1.1" 300 295
[Thu Jul 23 03:35:02.719264 2026] [wsgi:error] [pid 11:tid 140548310890176] [remote 10.0.0.4:51468] 2026-07-23 03:35:02.719 11 WARNING keystone.common.password_hashing [None req-f67f6925-f799-4595-abb0-12929e0874ec - - - - - -] Truncating password to algorithm specific maximum length 72 characters.
[Thu Jul 23 03:35:03.009679 2026] [wsgi:error] [pid 11:tid 140548310890176] [remote 10.0.0.4:51468] 2026-07-23 03:35:03.009 11 WARNING keystone.common.fernet_utils [None req-f67f6925-f799-4595-abb0-12929e0874ec - - - - - -] key_repository is world readable: /etc/keystone/fernet-keys/ 10.0.0.4 - - [23/Jul/2026:03:35:02 +0000] "POST /v3/auth/tokens HTTP/1.1" 201 1990 10.0.0.4 - - [23/Jul/2026:03:35:03 +0000] "POST /v3/domains HTTP/1.1" 201 284 10.0.0.4 - - [23/Jul/2026:03:35:04 +0000] "GET / HTTP/1.1" 300 295
[Thu Jul 23 03:35:04.697470 2026] [wsgi:error] [pid 10:tid 140548310890176] [remote 10.0.0.4:51478] 2026-07-23 03:35:04.697 10 WARNING keystone.common.password_hashing [None req-fee6602a-f2b4-4e3f-a119-045ce43ab25c - - - - - -] Truncating password to algorithm specific maximum length 72 characters.
[Thu Jul 23 03:35:04.974390 2026] [wsgi:error] [pid 10:tid 140548310890176] [remote 10.0.0.4:51478] 2026-07-23 03:35:04.974 10 WARNING keystone.common.fernet_utils [None req-fee6602a-f2b4-4e3f-a119-045ce43ab25c - - - - - -] key_repository is world readable: /etc/keystone/fernet-keys/ 10.0.0.4 - - [23/Jul/2026:03:35:04 +0000] "POST /v3/auth/tokens HTTP/1.1" 201 1990
[Thu Jul 23 03:35:05.161070 2026] [wsgi:error] [pid 11:tid 140548310890176] [remote 10.0.0.4:51478] 2026-07-23 03:35:05.145 11 ERROR keystone.server.flask.application [None req-eb10582a-9a1d-49e7-86a5-87c3c9ccf95a 822edac438f5466ab716be9abc0051fc 9044413f661f4bf093e14786b5d4c88a - - default default] Conflict occurred attempting to store project - it is not permitted to have two projects acting as domains with the same name: service.: keystone.exception.Conflict: Conflict occurred attempting to store project - it is not permitted to have two projects acting as domains with the same name: service.
[Thu Jul 23 03:35:05.161094 2026] [wsgi:error] [pid 11:tid 140548310890176] [remote 10.0.0.4:51478] 2026-07-23 03:35:05.145 11 ERROR keystone.server.flask.application
Traceback (most recent call last):
[Thu Jul 23 03:35:05.161096 2026] [wsgi:error] [pid 11:tid 140548310890176] [remote 10.0.0.4:51478] 2026-07-23 03:35:05.145 11 ERROR keystone.server.flask.application
File "/var/lib/openstack/lib/python3.12/site-packages/sqlalchemy/engine/base.py", line 1969, in _exec_single_context
[Thu Jul 23 03:35:05.161098 2026] [wsgi:error] [pid 11:tid 140548310890176] [remote 10.0.0.4:51478] 2026-07-23 03:35:05.145 11 ERROR keystone.server.flask.application self.dialect.do_execute(
[Thu Jul 23 03:35:05.161100 2026] [wsgi:error] [pid 11:tid 140548310890176] [remote 10.0.0.4:51478] 2026-07-23 03:35:05.145 11 ERROR keystone.server.flask.application
File "/var/lib/openstack/lib/python3.12/site-packages/sqlalchemy/engine/default.py", line 952, in do_execute
[Thu Jul 23 03:35:05.161101 2026] [wsgi:error] [pid 11:tid 140548310890176] [remote 10.0.0.4:51478] 2026-07-23 03:35:05.145 11 ERROR keystone.server.flask.application cursor.execute(statement, parameters)
[Thu Jul 23 03:35:05.161103 2026] [wsgi:error] [pid 11:tid 140548310890176] [remote 10.0.0.4:51478] 2026-07-23 03:35:05.145 11 ERROR keystone.server.flask.application
File "/var/lib/openstack/lib/python3.12/site-packages/pymysql/cursors.py", line 159, in execute
[Thu Jul 23 03:35:05.161105 2026] [wsgi:error] [pid 11:tid 140548310890176] [remote 10.0.0.4:51478] 2026-07-23 03:35:05.145 11 ERROR keystone.server.flask.application result = self._query(query)
[Thu Jul 23 03:35:05.161106 2026] [wsgi:error] [pid 11:tid 140548310890176] [remote 10.0.0.4:51478] 2026-07-23 03:35:05.145 11 ERROR keystone.server.flask.application ^^^^^^^^^^^^^^^^^^
[Thu Jul 23 03:35:05.161108 2026] [wsgi:error] [pid 11:tid 140548310890176] [remote 10.0.0.4:51478] 2026-07-23 03:35:05.145 11 ERROR keystone.server.flask.application
File "/var/lib/openstack/lib/python3.12/site-packages/pymysql/cursors.py", line 330, in _query
[Thu Jul 23 03:35:05.161109 2026] [wsgi:error] [pid 11:tid 140548310890176] [remote 10.0.0.4:51478] 2026-07-23 03:35:05.145 11 ERROR keystone.server.flask.application conn.query(q)
[Thu Jul 23 03:35:05.161111 2026] [wsgi:error] [pid 11:tid 140548310890176] [remote 10.0.0.4:51478] 2026-07-23 03:35:05.145 11 ERROR keystone.server.flask.application
File "/var/lib/openstack/lib/python3.12/site-packages/pymysql/connections.py", line 582, in query
[Thu Jul 23 03:35:05.161113 2026] [wsgi:error] [pid 11:tid 140548310890176] [remote 10.0.0.4:51478] 2026-07-23 03:35:05.145 11 ERROR keystone.server.flask.application self._affected_rows = self._read_query_result(unbuffered=unbuffered)
[Thu Jul 23 03:35:05.161114 2026] [wsgi:error] [pid 11:tid 140548310890176] [remote 10.0.0.4:51478] 2026-07-23 03:35:05.145 11 ERROR keystone.server.flask.application ^^^^^^^^^^^^^^^^^^^^^^^^^^^^^^^^^^^^^^^^^^^^^^
[Thu Jul 23 03:35:05.161116 2026] [wsgi:error] [pid 11:tid 140548310890176] [remote 10.0.0.4:51478] 2026-07-23 03:35:05.145 11 ERROR keystone.server.flask.application
File "/var/lib/openstack/lib/python3.12/site-packages/pymysql/connections.py", line 847, in _read_query_result
[Thu Jul 23 03:35:05.161118 2026] [wsgi:error] [pid 11:tid 140548310890176] [remote 10.0.0.4:51478] 2026-07-23 03:35:05.145 11 ERROR keystone.server.flask.application result.read()
[Thu Jul 23 03:35:05.161121 2026] [wsgi:error] [pid 11:tid 140548310890176] [remote 10.0.0.4:51478] 2026-07-23 03:35:05.145 11 ERROR keystone.server.flask.application
File "/var/lib/openstack/lib/python3.12/site-packages/pymysql/connections.py", line 1245, in read
[Thu Jul 23 03:35:05.161123 2026] [wsgi:error] [pid 11:tid 140548310890176] [remote 10.0.0.4:51478] 2026-07-23 03:35:05.145 11 ERROR keystone.server.flask.application first_packet = self.connection._read_packet()
[Thu Jul 23 03:35:05.161124 2026] [wsgi:error] [pid 11:tid 140548310890176] [remote 10.0.0.4:51478] 2026-07-23 03:35:05.145 11 ERROR keystone.server.flask.application ^^^^^^^^^^^^^^^^^^^^^^^^^^^^^^
[Thu Jul 23 03:35:05.161125 2026] [wsgi:error] [pid 11:tid 140548310890176] [remote 10.0.0.4:51478] 2026-07-23 03:35:05.145 11 ERROR keystone.server.flask.application
File "/var/lib/openstack/lib/python3.12/site-packages/pymysql/connections.py", line 803, in _read_packet
[Thu Jul 23 03:35:05.161127 2026] [wsgi:error] [pid 11:tid 140548310890176] [remote 10.0.0.4:51478] 2026-07-23 03:35:05.145 11 ERROR keystone.server.flask.application packet.raise_for_error()
[Thu Jul 23 03:35:05.161128 2026] [wsgi:error] [pid 11:tid 140548310890176] [remote 10.0.0.4:51478] 2026-07-23 03:35:05.145 11 ERROR keystone.server.flask.application
File "/var/lib/openstack/lib/python3.12/site-packages/pymysql/protocol.py", line 219, in raise_for_error
[Thu Jul 23 03:35:05.161130 2026] [wsgi:error] [pid 11:tid 140548310890176] [remote 10.0.0.4:51478] 2026-07-23 03:35:05.145 11 ERROR keystone.server.flask.application err.raise_mysql_exception(self._data)
[Thu Jul 23 03:35:05.161131 2026] [wsgi:error] [pid 11:tid 140548310890176] [remote 10.0.0.4:51478] 2026-07-23 03:35:05.145 11 ERROR keystone.server.flask.application
File "/var/lib/openstack/lib/python3.12/site-packages/pymysql/err.py", line 154, in raise_mysql_exception
[Thu Jul 23 03:35:05.161144 2026] [wsgi:error] [pid 11:tid 140548310890176] [remote 10.0.0.4:51478] 2026-07-23 03:35:05.145 11 ERROR keystone.server.flask.application raise errorclass(errno, errval, sqlstate=sqlstate)
[Thu Jul 23 03:35:05.161145 2026] [wsgi:error] [pid 11:tid 140548310890176] [remote 10.0.0.4:51478] 2026-07-23 03:35:05.145 11 ERROR keystone.server.flask.application pymysql.err.IntegrityError: (1062, "Duplicate entry '<>-service' for key 'project.ixu_project_name_domain_id'")
[Thu Jul 23 03:35:05.161147 2026] [wsgi:error] [pid 11:tid 140548310890176] [remote 10.0.0.4:51478] 2026-07-23 03:35:05.145 11 ERROR keystone.server.flask.application
[Thu Jul 23 03:35:05.161148 2026] [wsgi:error] [pid 11:tid 140548310890176] [remote 10.0.0.4:51478] 2026-07-23 03:35:05.145 11 ERROR keystone.server.flask.application The above exception was the direct cause of the following exception:
[Thu Jul 23 03:35:05.161150 2026] [wsgi:error] [pid 11:tid 140548310890176] [remote 10.0.0.4:51478] 2026-07-23 03:35:05.145 11 ERROR keystone.server.flask.application
[Thu Jul 23 03:35:05.161151 2026] [wsgi:error] [pid 11:tid 140548310890176] [remote 10.0.0.4:51478] 2026-07-23 03:35:05.145 11 ERROR keystone.server.flask.application
Traceback (most recent call last):
[Thu Jul 23 03:35:05.161152 2026] [wsgi:error] [pid 11:tid 140548310890176] [remote 10.0.0.4:51478] 2026-07-23 03:35:05.145 11 ERROR keystone.server.flask.application
File "/var/lib/openstack/lib/python3.12/site-packages/keystone/common/sql/core.py", line 575, in wrapper
[Thu Jul 23 03:35:05.161154 2026] [wsgi:error] [pid 11:tid 140548310890176] [remote 10.0.0.4:51478] 2026-07-23 03:35:05.145 11 ERROR keystone.server.flask.application return method(*args, **kwargs)
[Thu Jul 23 03:35:05.161155 2026] [wsgi:error] [pid 11:tid 140548310890176] [remote 10.0.0.4:51478] 2026-07-23 03:35:05.145 11 ERROR keystone.server.flask.application ^^^^^^^^^^^^^^^^^^^^^^^
[Thu Jul 23 03:35:05.161156 2026] [wsgi:error] [pid 11:tid 140548310890176] [remote 10.0.0.4:51478] 2026-07-23 03:35:05.145 11 ERROR keystone.server.flask.application
File "/var/lib/openstack/lib/python3.12/site-packages/keystone/resource/backends/sql.py", line 278, in create_project
[Thu Jul 23 03:35:05.161158 2026] [wsgi:error] [pid 11:tid 140548310890176] [remote 10.0.0.4:51478] 2026-07-23 03:35:05.145 11 ERROR keystone.server.flask.application with sql.session_for_write() as session:
[Thu Jul 23 03:35:05.161159 2026] [wsgi:error] [pid 11:tid 140548310890176] [remote 10.0.0.4:51478] 2026-07-23 03:35:05.145 11 ERROR keystone.server.flask.application
File "/usr/lib/python3.12/contextlib.py", line 144, in __exit__
[Thu Jul 23 03:35:05.161161 2026] [wsgi:error] [pid 11:tid 140548310890176] [remote 10.0.0.4:51478] 2026-07-23 03:35:05.145 11 ERROR keystone.server.flask.application next(self.gen)
[Thu Jul 23 03:35:05.161162 2026] [wsgi:error] [pid 11:tid 140548310890176] [remote 10.0.0.4:51478] 2026-07-23 03:35:05.145 11 ERROR keystone.server.flask.application
File "/var/lib/openstack/lib/python3.12/site-packages/oslo_db/sqlalchemy/enginefacade.py", line 1175, in _transaction_scope
[Thu Jul 23 03:35:05.161164 2026] [wsgi:error] [pid 11:tid 140548310890176] [remote 10.0.0.4:51478] 2026-07-23 03:35:05.145 11 ERROR keystone.server.flask.application with current._produce_block(
[Thu Jul 23 03:35:05.161165 2026] [wsgi:error] [pid 11:tid 140548310890176] [remote 10.0.0.4:51478] 2026-07-23 03:35:05.145 11 ERROR keystone.server.flask.application
File "/usr/lib/python3.12/contextlib.py", line 144, in __exit__
[Thu Jul 23 03:35:05.161166 2026] [wsgi:error] [pid 11:tid 140548310890176] [remote 10.0.0.4:51478] 2026-07-23 03:35:05.145 11 ERROR keystone.server.flask.application next(self.gen)
[Thu Jul 23 03:35:05.161168 2026] [wsgi:error] [pid 11:tid 140548310890176] [remote 10.0.0.4:51478] 2026-07-23 03:35:05.145 11 ERROR keystone.server.flask.application
File "/var/lib/openstack/lib/python3.12/site-packages/oslo_db/sqlalchemy/enginefacade.py", line 837, in _session
[Thu Jul 23 03:35:05.161169 2026] [wsgi:error] [pid 11:tid 140548310890176] [remote 10.0.0.4:51478] 2026-07-23 03:35:05.145 11 ERROR keystone.server.flask.application with excutils.save_and_reraise_exception():
[Thu Jul 23 03:35:05.161171 2026] [wsgi:error] [pid 11:tid 140548310890176] [remote 10.0.0.4:51478] 2026-07-23 03:35:05.145 11 ERROR keystone.server.flask.application
File "/var/lib/openstack/lib/python3.12/site-packages/oslo_utils/excutils.py", line 266, in __exit__
[Thu Jul 23 03:35:05.161172 2026] [wsgi:error] [pid 11:tid 140548310890176] [remote 10.0.0.4:51478] 2026-07-23 03:35:05.145 11 ERROR keystone.server.flask.application self.force_reraise()
[Thu Jul 23 03:35:05.161173 2026] [wsgi:error] [pid 11:tid 140548310890176] [remote 10.0.0.4:51478] 2026-07-23 03:35:05.145 11 ERROR keystone.server.flask.application
File "/var/lib/openstack/lib/python3.12/site-packages/oslo_utils/excutils.py", line 232, in force_reraise
[Thu Jul 23 03:35:05.161175 2026] [wsgi:error] [pid 11:tid 140548310890176] [remote 10.0.0.4:51478] 2026-07-23 03:35:05.145 11 ERROR keystone.server.flask.application raise self.value
[Thu Jul 23 03:35:05.161176 2026] [wsgi:error] [pid 11:tid 140548310890176] [remote 10.0.0.4:51478] 2026-07-23 03:35:05.145 11 ERROR keystone.server.flask.application
File "/var/lib/openstack/lib/python3.12/site-packages/oslo_db/sqlalchemy/enginefacade.py", line 835, in _session
[Thu Jul 23 03:35:05.161178 2026] [wsgi:error] [pid 11:tid 140548310890176] [remote 10.0.0.4:51478] 2026-07-23 03:35:05.145 11 ERROR keystone.server.flask.application self._end_session_transaction(self.session)
[Thu Jul 23 03:35:05.161179 2026] [wsgi:error] [pid 11:tid 140548310890176] [remote 10.0.0.4:51478] 2026-07-23 03:35:05.145 11 ERROR keystone.server.flask.application
File "/var/lib/openstack/lib/python3.12/site-packages/oslo_db/sqlalchemy/enginefacade.py", line 748, in _end_session_transaction
[Thu Jul 23 03:35:05.161181 2026] [wsgi:error] [pid 11:tid 140548310890176] [remote 10.0.0.4:51478] 2026-07-23 03:35:05.145 11 ERROR keystone.server.flask.application session.commit()
[Thu Jul 23 03:35:05.161182 2026] [wsgi:error] [pid 11:tid 140548310890176] [remote 10.0.0.4:51478] 2026-07-23 03:35:05.145 11 ERROR keystone.server.flask.application
File "/var/lib/openstack/lib/python3.12/site-packages/sqlalchemy/orm/session.py", line 2034, in commit
[Thu Jul 23 03:35:05.161184 2026] [wsgi:error] [pid 11:tid 140548310890176] [remote 10.0.0.4:51478] 2026-07-23 03:35:05.145 11 ERROR keystone.server.flask.application trans.commit(_to_root=True)
[Thu Jul 23 03:35:05.161185 2026] [wsgi:error] [pid 11:tid 140548310890176] [remote 10.0.0.4:51478] 2026-07-23 03:35:05.145 11 ERROR keystone.server.flask.application File "", line 2, in commit
[Thu Jul 23 03:35:05.161186 2026] [wsgi:error] [pid 11:tid 140548310890176] [remote 10.0.0.4:51478] 2026-07-23 03:35:05.145 11 ERROR keystone.server.flask.application
File "/var/lib/openstack/lib/python3.12/site-packages/sqlalchemy/orm/state_changes.py", line 137, in _go
[Thu Jul 23 03:35:05.161188 2026] [wsgi:error] [pid 11:tid 140548310890176] [remote 10.0.0.4:51478] 2026-07-23 03:35:05.145 11 ERROR keystone.server.flask.application ret_value = fn(self, *arg, **kw)
[Thu Jul 23 03:35:05.161189 2026] [wsgi:error] [pid 11:tid 140548310890176] [remote 10.0.0.4:51478] 2026-07-23 03:35:05.145 11 ERROR keystone.server.flask.application ^^^^^^^^^^^^^^^^^^^^
[Thu Jul 23 03:35:05.161191 2026] [wsgi:error] [pid 11:tid 140548310890176] [remote 10.0.0.4:51478] 2026-07-23 03:35:05.145 11 ERROR keystone.server.flask.application
File "/var/lib/openstack/lib/python3.12/site-packages/sqlalchemy/orm/session.py", line 1315, in commit
[Thu Jul 23 03:35:05.161192 2026] [wsgi:error] [pid 11:tid 140548310890176] [remote 10.0.0.4:51478] 2026-07-23 03:35:05.145 11 ERROR keystone.server.flask.application self._prepare_impl()
[Thu Jul 23 03:35:05.161194 2026] [wsgi:error] [pid 11:tid 140548310890176] [remote 10.0.0.4:51478] 2026-07-23 03:35:05.145 11 ERROR keystone.server.flask.application File "", line 2, in _prepare_impl
[Thu Jul 23 03:35:05.161195 2026] [wsgi:error] [pid 11:tid 140548310890176] [remote 10.0.0.4:51478] 2026-07-23 03:35:05.145 11 ERROR keystone.server.flask.application
File "/var/lib/openstack/lib/python3.12/site-packages/sqlalchemy/orm/state_changes.py", line 137, in _go
[Thu Jul 23 03:35:05.161196 2026] [wsgi:error] [pid 11:tid 140548310890176] [remote 10.0.0.4:51478] 2026-07-23 03:35:05.145 11 ERROR keystone.server.flask.application ret_value = fn(self, *arg, **kw)
[Thu Jul 23 03:35:05.161198 2026] [wsgi:error] [pid 11:tid 140548310890176] [remote 10.0.0.4:51478] 2026-07-23 03:35:05.145 11 ERROR keystone.server.flask.application ^^^^^^^^^^^^^^^^^^^^
[Thu Jul 23 03:35:05.161199 2026] [wsgi:error] [pid 11:tid 140548310890176] [remote 10.0.0.4:51478] 2026-07-23 03:35:05.145 11 ERROR keystone.server.flask.application
File "/var/lib/openstack/lib/python3.12/site-packages/sqlalchemy/orm/session.py", line 1290, in _prepare_impl
[Thu Jul 23 03:35:05.161201 2026] [wsgi:error] [pid 11:tid 140548310890176] [remote 10.0.0.4:51478] 2026-07-23 03:35:05.145 11 ERROR keystone.server.flask.application self.session.flush()
[Thu Jul 23 03:35:05.161202 2026] [wsgi:error] [pid 11:tid 140548310890176] [remote 10.0.0.4:51478] 2026-07-23 03:35:05.145 11 ERROR keystone.server.flask.application
File "/var/lib/openstack/lib/python3.12/site-packages/sqlalchemy/orm/session.py", line 4352, in flush
[Thu Jul 23 03:35:05.161204 2026] [wsgi:error] [pid 11:tid 140548310890176] [remote 10.0.0.4:51478] 2026-07-23 03:35:05.145 11 ERROR keystone.server.flask.application self._flush(objects)
[Thu Jul 23 03:35:05.161205 2026] [wsgi:error] [pid 11:tid 140548310890176] [remote 10.0.0.4:51478] 2026-07-23 03:35:05.145 11 ERROR keystone.server.flask.application
File "/var/lib/openstack/lib/python3.12/site-packages/sqlalchemy/orm/session.py", line 4487, in _flush
[Thu Jul 23 03:35:05.161206 2026] [wsgi:error] [pid 11:tid 140548310890176] [remote 10.0.0.4:51478] 2026-07-23 03:35:05.145 11 ERROR keystone.server.flask.application with util.safe_reraise():
[Thu Jul 23 03:35:05.161208 2026] [wsgi:error] [pid 11:tid 140548310890176] [remote 10.0.0.4:51478] 2026-07-23 03:35:05.145 11 ERROR keystone.server.flask.application
File "/var/lib/openstack/lib/python3.12/site-packages/sqlalchemy/util/langhelpers.py", line 122, in __exit__
[Thu Jul 23 03:35:05.161209 2026] [wsgi:error] [pid 11:tid 140548310890176] [remote 10.0.0.4:51478] 2026-07-23 03:35:05.145 11 ERROR keystone.server.flask.application raise exc_value.with_traceback(exc_tb)
[Thu Jul 23 03:35:05.161211 2026] [wsgi:error] [pid 11:tid 140548310890176] [remote 10.0.0.4:51478] 2026-07-23 03:35:05.145 11 ERROR keystone.server.flask.application
File "/var/lib/openstack/lib/python3.12/site-packages/sqlalchemy/orm/session.py", line 4448, in _flush
[Thu Jul 23 03:35:05.161212 2026] [wsgi:error] [pid 11:tid 140548310890176] [remote 10.0.0.4:51478] 2026-07-23 03:35:05.145 11 ERROR keystone.server.flask.application flush_context.execute()
[Thu Jul 23 03:35:05.161214 2026] [wsgi:error] [pid 11:tid 140548310890176] [remote 10.0.0.4:51478] 2026-07-23 03:35:05.145 11 ERROR keystone.server.flask.application
File "/var/lib/openstack/lib/python3.12/site-packages/sqlalchemy/orm/unitofwork.py", line 465, in execute
