2026-07-23 04:37:23.616 7 INFO placement.requestlog [None req-29de84ec-457d-4d66-aaf6-a3eb397ecd20 d73940b02dc3464f8a57faeb0b0deb1b 514139525ea4450db9b0461b44c1a00b - - 1f5d7c4db1634f5ebb71649d6b9cb938 1f5d7c4db1634f5ebb71649d6b9cb938] 10.0.0.173 "GET /resource_providers/e006d990-061f-4dc9-b1ed-81edeaae446e/aggregates" status: 404 len: 235 microversion: 1.1 [pid: 7|app: 0|req: 487/964] 10.0.0.173 () {32 vars in 816 bytes} [Thu Jul 23 04:37:23 2026] GET /resource_providers/e006d990-061f-4dc9-b1ed-81edeaae446e/aggregates => generated 235 bytes in 12 msecs (HTTP/1.1 404) 5 headers in 202 bytes (1 switches on core 0)
2026-07-23 04:37:23.633 8 INFO placement.requestlog [None req-ff293f3d-25e2-465b-923a-2c54bad69b3c d73940b02dc3464f8a57faeb0b0deb1b 514139525ea4450db9b0461b44c1a00b - - 1f5d7c4db1634f5ebb71649d6b9cb938 1f5d7c4db1634f5ebb71649d6b9cb938] 10.0.0.173 "DELETE /resource_providers/e006d990-061f-4dc9-b1ed-81edeaae446e" status: 404 len: 246 microversion: 1.1 [pid: 8|app: 0|req: 478/965] 10.0.0.173 () {34 vars in 816 bytes} [Thu Jul 23 04:37:23 2026] DELETE /resource_providers/e006d990-061f-4dc9-b1ed-81edeaae446e => generated 246 bytes in 17 msecs (HTTP/1.1 404) 6 headers in 231 bytes (1 switches on core 0)
2026-07-23 04:37:23.659 7 INFO placement.requestlog [None req-6d621e42-5ef0-4059-ab29-ee806908598c d73940b02dc3464f8a57faeb0b0deb1b 514139525ea4450db9b0461b44c1a00b - - 1f5d7c4db1634f5ebb71649d6b9cb938 1f5d7c4db1634f5ebb71649d6b9cb938] 10.0.0.173 "DELETE /resource_providers/e006d990-061f-4dc9-b1ed-81edeaae446e" status: 404 len: 246 microversion: 1.1 [pid: 7|app: 0|req: 488/966] 10.0.0.173 () {34 vars in 816 bytes} [Thu Jul 23 04:37:23 2026] DELETE /resource_providers/e006d990-061f-4dc9-b1ed-81edeaae446e => generated 246 bytes in 13 msecs (HTTP/1.1 404) 6 headers in 231 bytes (1 switches on core 0)
2026-07-23 04:37:23.670 8 INFO placement.requestlog [None req-e8c22734-5351-4164-bcf4-de28ee748f6f d73940b02dc3464f8a57faeb0b0deb1b 514139525ea4450db9b0461b44c1a00b - - 1f5d7c4db1634f5ebb71649d6b9cb938 1f5d7c4db1634f5ebb71649d6b9cb938] 10.0.0.173 "GET /resource_providers/ddc9fcbd-1cc7-479d-825a-fcd1c58106d6/aggregates" status: 404 len: 235 microversion: 1.1 [pid: 8|app: 0|req: 479/967] 10.0.0.173 () {32 vars in 816 bytes} [Thu Jul 23 04:37:23 2026] GET /resource_providers/ddc9fcbd-1cc7-479d-825a-fcd1c58106d6/aggregates => generated 235 bytes in 14 msecs (HTTP/1.1 404) 5 headers in 202 bytes (1 switches on core 0)
2026-07-23 04:37:23.684 7 INFO placement.requestlog [None req-bf0871aa-9af1-40b6-b4e2-71d4b4196761 d73940b02dc3464f8a57faeb0b0deb1b 514139525ea4450db9b0461b44c1a00b - - 1f5d7c4db1634f5ebb71649d6b9cb938 1f5d7c4db1634f5ebb71649d6b9cb938] 10.0.0.173 "GET /resource_providers/ddc9fcbd-1cc7-479d-825a-fcd1c58106d6/aggregates" status: 404 len: 235 microversion: 1.1 [pid: 7|app: 0|req: 489/968] 10.0.0.173 () {32 vars in 816 bytes} [Thu Jul 23 04:37:23 2026] GET /resource_providers/ddc9fcbd-1cc7-479d-825a-fcd1c58106d6/aggregates => generated 235 bytes in 14 msecs (HTTP/1.1 404) 5 headers in 202 bytes (1 switches on core 0)
2026-07-23 04:37:23.703 8 INFO placement.requestlog [None req-90954fc4-4aef-48ff-948d-037118656709 d73940b02dc3464f8a57faeb0b0deb1b 514139525ea4450db9b0461b44c1a00b - - 1f5d7c4db1634f5ebb71649d6b9cb938 1f5d7c4db1634f5ebb71649d6b9cb938] 10.0.0.173 "DELETE /resource_providers/ddc9fcbd-1cc7-479d-825a-fcd1c58106d6" status: 404 len: 246 microversion: 1.1 [pid: 8|app: 0|req: 480/969] 10.0.0.173 () {34 vars in 816 bytes} [Thu Jul 23 04:37:23 2026] DELETE /resource_providers/ddc9fcbd-1cc7-479d-825a-fcd1c58106d6 => generated 246 bytes in 10 msecs (HTTP/1.1 404) 6 headers in 231 bytes (1 switches on core 0)
2026-07-23 04:37:23.712 7 INFO placement.requestlog [None req-def9d3a6-2d3d-48aa-8591-f617c7c69349 d73940b02dc3464f8a57faeb0b0deb1b 514139525ea4450db9b0461b44c1a00b - - 1f5d7c4db1634f5ebb71649d6b9cb938 1f5d7c4db1634f5ebb71649d6b9cb938] 10.0.0.173 "DELETE /resource_providers/ddc9fcbd-1cc7-479d-825a-fcd1c58106d6" status: 404 len: 246 microversion: 1.1 [pid: 7|app: 0|req: 490/970] 10.0.0.173 () {34 vars in 816 bytes} [Thu Jul 23 04:37:23 2026] DELETE /resource_providers/ddc9fcbd-1cc7-479d-825a-fcd1c58106d6 => generated 246 bytes in 14 msecs (HTTP/1.1 404) 6 headers in 231 bytes (1 switches on core 0)
2026-07-23 04:37:26.868 8 INFO placement.requestlog [req-bde720da-ba64-4a92-8df0-23c655f569c0 req-23816683-633c-4991-83c3-865a3a231808 195388c7368f45b297d3132f3faedf6d 514139525ea4450db9b0461b44c1a00b - - 1f5d7c4db1634f5ebb71649d6b9cb938 1f5d7c4db1634f5ebb71649d6b9cb938] 10.0.0.144 "GET /allocation_candidates?limit=1000&resources=DISK_GB%3A1%2CMEMORY_MB%3A512%2CVCPU%3A1&root_required=%21COMPUTE_STATUS_DISABLED" status: 200 len: 2781 microversion: 1.36 [pid: 8|app: 0|req: 481/971] 10.0.0.144 () {34 vars in 1012 bytes} [Thu Jul 23 04:37:26 2026] GET /allocation_candidates?limit=1000&resources=DISK_GB%3A1%2CMEMORY_MB%3A512%2CVCPU%3A1&root_required=%21COMPUTE_STATUS_DISABLED => generated 2781 bytes in 60 msecs (HTTP/1.1 200) 8 headers in 297 bytes (1 switches on core 0)
2026-07-23 04:37:26.911 7 INFO placement.requestlog [req-bde720da-ba64-4a92-8df0-23c655f569c0 req-3266db3e-6861-413a-b470-13748ce332df 195388c7368f45b297d3132f3faedf6d 514139525ea4450db9b0461b44c1a00b - - 1f5d7c4db1634f5ebb71649d6b9cb938 1f5d7c4db1634f5ebb71649d6b9cb938] 10.0.0.144 "GET /allocations/9e2922bb-93a4-4b83-8668-048692a9483a" status: 200 len: 19 microversion: 1.28 [pid: 7|app: 0|req: 491/972] 10.0.0.144 () {34 vars in 861 bytes} [Thu Jul 23 04:37:26 2026] GET /allocations/9e2922bb-93a4-4b83-8668-048692a9483a => generated 19 bytes in 10 msecs (HTTP/1.1 200) 8 headers in 295 bytes (1 switches on core 0)
2026-07-23 04:37:26.998 8 INFO placement.requestlog [req-bde720da-ba64-4a92-8df0-23c655f569c0 req-84a4953e-9750-4592-b816-e6bea0390b28 195388c7368f45b297d3132f3faedf6d 514139525ea4450db9b0461b44c1a00b - - 1f5d7c4db1634f5ebb71649d6b9cb938 1f5d7c4db1634f5ebb71649d6b9cb938] 10.0.0.144 "PUT /allocations/9e2922bb-93a4-4b83-8668-048692a9483a" status: 204 len: 0 microversion: 1.36 [pid: 8|app: 0|req: 482/973] 10.0.0.144 () {38 vars in 914 bytes} [Thu Jul 23 04:37:26 2026] PUT /allocations/9e2922bb-93a4-4b83-8668-048692a9483a => generated 0 bytes in 79 msecs (HTTP/1.1 204) 5 headers in 199 bytes (1 switches on core 0)
2026-07-23 04:37:27.696 7 INFO placement.requestlog [None req-41e50cca-9995-496b-9e26-e7d81f6598f2 d73940b02dc3464f8a57faeb0b0deb1b 514139525ea4450db9b0461b44c1a00b - - 1f5d7c4db1634f5ebb71649d6b9cb938 1f5d7c4db1634f5ebb71649d6b9cb938] 10.0.0.173 "GET /resource_providers/523b2b54-bcba-4a6b-b545-4228e7acbf9e/aggregates" status: 404 len: 235 microversion: 1.1 [pid: 7|app: 0|req: 492/974] 10.0.0.173 () {32 vars in 816 bytes} [Thu Jul 23 04:37:27 2026] GET /resource_providers/523b2b54-bcba-4a6b-b545-4228e7acbf9e/aggregates => generated 235 bytes in 13 msecs (HTTP/1.1 404) 5 headers in 202 bytes (1 switches on core 0)
2026-07-23 04:37:27.700 8 INFO placement.requestlog [None req-9bb637b1-8bc5-406f-864f-bce985800e0d d73940b02dc3464f8a57faeb0b0deb1b 514139525ea4450db9b0461b44c1a00b - - 1f5d7c4db1634f5ebb71649d6b9cb938 1f5d7c4db1634f5ebb71649d6b9cb938] 10.0.0.173 "GET /resource_providers/523b2b54-bcba-4a6b-b545-4228e7acbf9e/aggregates" status: 404 len: 235 microversion: 1.1 [pid: 8|app: 0|req: 483/975] 10.0.0.173 () {32 vars in 816 bytes} [Thu Jul 23 04:37:27 2026] GET /resource_providers/523b2b54-bcba-4a6b-b545-4228e7acbf9e/aggregates => generated 235 bytes in 10 msecs (HTTP/1.1 404) 5 headers in 202 bytes (1 switches on core 0)
2026-07-23 04:37:27.716 7 INFO placement.requestlog [None req-69082853-2456-4a1c-916e-b6df4fbeed2d d73940b02dc3464f8a57faeb0b0deb1b 514139525ea4450db9b0461b44c1a00b - - 1f5d7c4db1634f5ebb71649d6b9cb938 1f5d7c4db1634f5ebb71649d6b9cb938] 10.0.0.173 "DELETE /resource_providers/523b2b54-bcba-4a6b-b545-4228e7acbf9e" status: 404 len: 246 microversion: 1.1 [pid: 7|app: 0|req: 493/976] 10.0.0.173 () {34 vars in 816 bytes} [Thu Jul 23 04:37:27 2026] DELETE /resource_providers/523b2b54-bcba-4a6b-b545-4228e7acbf9e => generated 246 bytes in 8 msecs (HTTP/1.1 404) 6 headers in 231 bytes (1 switches on core 0)
2026-07-23 04:37:27.728 8 INFO placement.requestlog [None req-0ced7afa-9f5f-4add-9e39-72ee5fea8680 d73940b02dc3464f8a57faeb0b0deb1b 514139525ea4450db9b0461b44c1a00b - - 1f5d7c4db1634f5ebb71649d6b9cb938 1f5d7c4db1634f5ebb71649d6b9cb938] 10.0.0.173 "DELETE /resource_providers/523b2b54-bcba-4a6b-b545-4228e7acbf9e" status: 404 len: 246 microversion: 1.1 [pid: 8|app: 0|req: 484/977] 10.0.0.173 () {34 vars in 816 bytes} [Thu Jul 23 04:37:27 2026] DELETE /resource_providers/523b2b54-bcba-4a6b-b545-4228e7acbf9e => generated 246 bytes in 12 msecs (HTTP/1.1 404) 6 headers in 231 bytes (1 switches on core 0)
2026-07-23 04:37:28.513 7 INFO placement.requestlog [req-bde720da-ba64-4a92-8df0-23c655f569c0 req-fb760b75-192b-428f-bd8a-5bced9471d2f 195388c7368f45b297d3132f3faedf6d 514139525ea4450db9b0461b44c1a00b - - 1f5d7c4db1634f5ebb71649d6b9cb938 1f5d7c4db1634f5ebb71649d6b9cb938] 199.204.45.95 "GET /allocations/9e2922bb-93a4-4b83-8668-048692a9483a" status: 200 len: 257 microversion: 1.28 [pid: 7|app: 0|req: 494/978] 199.204.45.95 () {34 vars in 862 bytes} [Thu Jul 23 04:37:28 2026] GET /allocations/9e2922bb-93a4-4b83-8668-048692a9483a => generated 257 bytes in 13 msecs (HTTP/1.1 200) 8 headers in 296 bytes (1 switches on core 0)
2026-07-23 04:37:29.560 8 INFO placement.requestlog [req-bde720da-ba64-4a92-8df0-23c655f569c0 req-fef434c9-950a-4098-92be-79dd5eeb8f44 195388c7368f45b297d3132f3faedf6d 514139525ea4450db9b0461b44c1a00b - - 1f5d7c4db1634f5ebb71649d6b9cb938 1f5d7c4db1634f5ebb71649d6b9cb938] 199.204.45.95 "GET /resource_providers/1f3caa17-32b3-4bc4-8ca2-f0db73b94fe0/allocations" status: 200 len: 152 microversion: 1.0 [pid: 8|app: 0|req: 485/979] 199.204.45.95 () {32 vars in 856 bytes} [Thu Jul 23 04:37:29 2026] GET /resource_providers/1f3caa17-32b3-4bc4-8ca2-f0db73b94fe0/allocations => generated 152 bytes in 23 msecs (HTTP/1.1 200) 6 headers in 224 bytes (1 switches on core 0)
2026-07-23 04:37:29.582 7 INFO placement.requestlog [req-bde720da-ba64-4a92-8df0-23c655f569c0 req-27a83273-9152-42d0-9d1c-cee200d42517 195388c7368f45b297d3132f3faedf6d 514139525ea4450db9b0461b44c1a00b - - 1f5d7c4db1634f5ebb71649d6b9cb938 1f5d7c4db1634f5ebb71649d6b9cb938] 199.204.45.95 "GET /allocations/9e2922bb-93a4-4b83-8668-048692a9483a" status: 200 len: 257 microversion: 1.28 [pid: 7|app: 0|req: 495/980] 199.204.45.95 () {34 vars in 862 bytes} [Thu Jul 23 04:37:29 2026] GET /allocations/9e2922bb-93a4-4b83-8668-048692a9483a => generated 257 bytes in 11 msecs (HTTP/1.1 200) 8 headers in 296 bytes (1 switches on core 0)
2026-07-23 04:37:29.747 7 INFO placement.requestlog [None req-dde87ed3-65f5-4d8a-b1eb-1aeb5739a7e6 d73940b02dc3464f8a57faeb0b0deb1b 514139525ea4450db9b0461b44c1a00b - - 1f5d7c4db1634f5ebb71649d6b9cb938 1f5d7c4db1634f5ebb71649d6b9cb938] 10.0.0.173 "GET /resource_providers/9fc603f0-c8a4-44e3-9b17-525299845339/aggregates" status: 404 len: 235 microversion: 1.1 [pid: 7|app: 0|req: 496/981] 10.0.0.173 () {32 vars in 816 bytes} [Thu Jul 23 04:37:29 2026] GET /resource_providers/9fc603f0-c8a4-44e3-9b17-525299845339/aggregates => generated 235 bytes in 9 msecs (HTTP/1.1 404) 5 headers in 202 bytes (1 switches on core 0)
2026-07-23 04:37:29.758 8 INFO placement.requestlog [None req-d104987f-5d14-4005-a5f7-c05116ddf403 d73940b02dc3464f8a57faeb0b0deb1b 514139525ea4450db9b0461b44c1a00b - - 1f5d7c4db1634f5ebb71649d6b9cb938 1f5d7c4db1634f5ebb71649d6b9cb938] 10.0.0.173 "GET /resource_providers/9fc603f0-c8a4-44e3-9b17-525299845339/aggregates" status: 404 len: 235 microversion: 1.1 [pid: 8|app: 0|req: 486/982] 10.0.0.173 () {32 vars in 816 bytes} [Thu Jul 23 04:37:29 2026] GET /resource_providers/9fc603f0-c8a4-44e3-9b17-525299845339/aggregates => generated 235 bytes in 20 msecs (HTTP/1.1 404) 5 headers in 202 bytes (1 switches on core 0)
2026-07-23 04:37:29.762 7 INFO placement.requestlog [None req-77df0bf8-4dfb-42f0-a27c-26ca4764d5cb d73940b02dc3464f8a57faeb0b0deb1b 514139525ea4450db9b0461b44c1a00b - - 1f5d7c4db1634f5ebb71649d6b9cb938 1f5d7c4db1634f5ebb71649d6b9cb938] 10.0.0.173 "DELETE /resource_providers/9fc603f0-c8a4-44e3-9b17-525299845339" status: 404 len: 246 microversion: 1.1 [pid: 7|app: 0|req: 497/983] 10.0.0.173 () {34 vars in 816 bytes} [Thu Jul 23 04:37:29 2026] DELETE /resource_providers/9fc603f0-c8a4-44e3-9b17-525299845339 => generated 246 bytes in 7 msecs (HTTP/1.1 404) 6 headers in 231 bytes (1 switches on core 0)
2026-07-23 04:37:29.776 8 INFO placement.requestlog [None req-80b4ef4f-9296-480b-900a-2ff0688ba2ef d73940b02dc3464f8a57faeb0b0deb1b 514139525ea4450db9b0461b44c1a00b - - 1f5d7c4db1634f5ebb71649d6b9cb938 1f5d7c4db1634f5ebb71649d6b9cb938] 10.0.0.173 "DELETE /resource_providers/9fc603f0-c8a4-44e3-9b17-525299845339" status: 404 len: 246 microversion: 1.1 [pid: 8|app: 0|req: 487/984] 10.0.0.173 () {34 vars in 816 bytes} [Thu Jul 23 04:37:29 2026] DELETE /resource_providers/9fc603f0-c8a4-44e3-9b17-525299845339 => generated 246 bytes in 8 msecs (HTTP/1.1 404) 6 headers in 231 bytes (1 switches on core 0)
2026-07-23 04:37:31.469 7 INFO placement.requestlog [None req-dc09e319-7929-4eb5-85ce-562acb5552ab - - - - - -] 10.0.0.62 "GET /" status: 200 len: 136 microversion: 1.0
2026-07-23 04:37:31.469 8 INFO placement.requestlog [None req-09aa3ffc-40e9-4ccd-9bef-76b3ca609ce9 - - - - - -] 10.0.0.62 "GET /" status: 200 len: 136 microversion: 1.0
2026-07-23 04:37:33.600 7 INFO placement.requestlog [None req-df0db50d-627b-482e-82e3-983ed2efe2ff d73940b02dc3464f8a57faeb0b0deb1b 514139525ea4450db9b0461b44c1a00b - - 1f5d7c4db1634f5ebb71649d6b9cb938 1f5d7c4db1634f5ebb71649d6b9cb938] 10.0.0.173 "GET /resource_providers/2905fc10-570d-483c-9954-60175007ecc5/aggregates" status: 404 len: 235 microversion: 1.1 [pid: 7|app: 0|req: 499/987] 10.0.0.173 () {32 vars in 816 bytes} [Thu Jul 23 04:37:33 2026] GET /resource_providers/2905fc10-570d-483c-9954-60175007ecc5/aggregates => generated 235 bytes in 9 msecs (HTTP/1.1 404) 5 headers in 202 bytes (1 switches on core 0)
2026-07-23 04:37:33.605 8 INFO placement.requestlog [None req-0a24514b-b68c-4d1d-a229-ff9d3946a212 d73940b02dc3464f8a57faeb0b0deb1b 514139525ea4450db9b0461b44c1a00b - - 1f5d7c4db1634f5ebb71649d6b9cb938 1f5d7c4db1634f5ebb71649d6b9cb938] 10.0.0.173 "GET /resource_providers/2905fc10-570d-483c-9954-60175007ecc5/aggregates" status: 404 len: 235 microversion: 1.1 [pid: 8|app: 0|req: 489/988] 10.0.0.173 () {32 vars in 816 bytes} [Thu Jul 23 04:37:33 2026] GET /resource_providers/2905fc10-570d-483c-9954-60175007ecc5/aggregates => generated 235 bytes in 9 msecs (HTTP/1.1 404) 5 headers in 202 bytes (1 switches on core 0)
2026-07-23 04:37:33.622 7 INFO placement.requestlog [None req-44ecdbc6-ade1-4aed-91d5-10f196976205 d73940b02dc3464f8a57faeb0b0deb1b 514139525ea4450db9b0461b44c1a00b - - 1f5d7c4db1634f5ebb71649d6b9cb938 1f5d7c4db1634f5ebb71649d6b9cb938] 10.0.0.173 "DELETE /resource_providers/2905fc10-570d-483c-9954-60175007ecc5" status: 404 len: 246 microversion: 1.1 [pid: 7|app: 0|req: 500/989] 10.0.0.173 () {34 vars in 816 bytes} [Thu Jul 23 04:37:33 2026] DELETE /resource_providers/2905fc10-570d-483c-9954-60175007ecc5 => generated 246 bytes in 8 msecs (HTTP/1.1 404) 6 headers in 231 bytes (1 switches on core 0)
2026-07-23 04:37:33.625 8 INFO placement.requestlog [None req-568ed9e0-6e7f-4140-8c8c-e67d02db28b4 d73940b02dc3464f8a57faeb0b0deb1b 514139525ea4450db9b0461b44c1a00b - - 1f5d7c4db1634f5ebb71649d6b9cb938 1f5d7c4db1634f5ebb71649d6b9cb938] 10.0.0.173 "DELETE /resource_providers/2905fc10-570d-483c-9954-60175007ecc5" status: 404 len: 246 microversion: 1.1 [pid: 8|app: 0|req: 490/990] 10.0.0.173 () {34 vars in 816 bytes} [Thu Jul 23 04:37:33 2026] DELETE /resource_providers/2905fc10-570d-483c-9954-60175007ecc5 => generated 246 bytes in 8 msecs (HTTP/1.1 404) 6 headers in 231 bytes (1 switches on core 0)
2026-07-23 04:37:35.642 7 INFO placement.requestlog [None req-2169d927-d8ce-49f8-b597-a3ae48f9b476 d73940b02dc3464f8a57faeb0b0deb1b 514139525ea4450db9b0461b44c1a00b - - 1f5d7c4db1634f5ebb71649d6b9cb938 1f5d7c4db1634f5ebb71649d6b9cb938] 10.0.0.173 "GET /resource_providers/3d2fc838-3fb2-4de4-9934-ce7e906966ca/aggregates" status: 404 len: 235 microversion: 1.1 [pid: 7|app: 0|req: 501/991] 10.0.0.173 () {32 vars in 816 bytes} [Thu Jul 23 04:37:35 2026] GET /resource_providers/3d2fc838-3fb2-4de4-9934-ce7e906966ca/aggregates => generated 235 bytes in 10 msecs (HTTP/1.1 404) 5 headers in 202 bytes (1 switches on core 0)
2026-07-23 04:37:35.644 8 INFO placement.requestlog [None req-da946fbb-0711-4f1a-b639-5e733d1b4339 d73940b02dc3464f8a57faeb0b0deb1b 514139525ea4450db9b0461b44c1a00b - - 1f5d7c4db1634f5ebb71649d6b9cb938 1f5d7c4db1634f5ebb71649d6b9cb938] 10.0.0.173 "GET /resource_providers/3d2fc838-3fb2-4de4-9934-ce7e906966ca/aggregates" status: 404 len: 235 microversion: 1.1 [pid: 8|app: 0|req: 491/992] 10.0.0.173 () {32 vars in 816 bytes} [Thu Jul 23 04:37:35 2026] GET /resource_providers/3d2fc838-3fb2-4de4-9934-ce7e906966ca/aggregates => generated 235 bytes in 9 msecs (HTTP/1.1 404) 5 headers in 202 bytes (1 switches on core 0)
2026-07-23 04:37:35.664 7 INFO placement.requestlog [None req-bd0163b2-3222-4fd4-a2fd-52bf44cd2440 d73940b02dc3464f8a57faeb0b0deb1b 514139525ea4450db9b0461b44c1a00b - - 1f5d7c4db1634f5ebb71649d6b9cb938 1f5d7c4db1634f5ebb71649d6b9cb938] 10.0.0.173 "DELETE /resource_providers/3d2fc838-3fb2-4de4-9934-ce7e906966ca" status: 404 len: 246 microversion: 1.1 [pid: 7|app: 0|req: 502/993] 10.0.0.173 () {34 vars in 816 bytes} [Thu Jul 23 04:37:35 2026] DELETE /resource_providers/3d2fc838-3fb2-4de4-9934-ce7e906966ca => generated 246 bytes in 9 msecs (HTTP/1.1 404) 6 headers in 231 bytes (1 switches on core 0)
2026-07-23 04:37:35.667 8 INFO placement.requestlog [None req-b409d140-b651-4fc6-962c-6d8e088b0ed8 d73940b02dc3464f8a57faeb0b0deb1b 514139525ea4450db9b0461b44c1a00b - - 1f5d7c4db1634f5ebb71649d6b9cb938 1f5d7c4db1634f5ebb71649d6b9cb938] 10.0.0.173 "DELETE /resource_providers/3d2fc838-3fb2-4de4-9934-ce7e906966ca" status: 404 len: 246 microversion: 1.1 [pid: 8|app: 0|req: 492/994] 10.0.0.173 () {34 vars in 816 bytes} [Thu Jul 23 04:37:35 2026] DELETE /resource_providers/3d2fc838-3fb2-4de4-9934-ce7e906966ca => generated 246 bytes in 9 msecs (HTTP/1.1 404) 6 headers in 231 bytes (1 switches on core 0)
2026-07-23 04:37:37.526 7 INFO placement.requestlog [None req-14eb9d63-635b-48c8-934f-7f399b32e1e0 d73940b02dc3464f8a57faeb0b0deb1b 514139525ea4450db9b0461b44c1a00b - - 1f5d7c4db1634f5ebb71649d6b9cb938 1f5d7c4db1634f5ebb71649d6b9cb938] 10.0.0.173 "GET /resource_providers/7667c35d-562f-4c46-8713-8bb47bd1e6da/aggregates" status: 404 len: 235 microversion: 1.1
2026-07-23 04:37:37.526 8 INFO placement.requestlog [None req-68f032f2-e5e8-4b3f-a99d-b7d20227065d d73940b02dc3464f8a57faeb0b0deb1b 514139525ea4450db9b0461b44c1a00b - - 1f5d7c4db1634f5ebb71649d6b9cb938 1f5d7c4db1634f5ebb71649d6b9cb938] 10.0.0.173 "GET /resource_providers/7667c35d-562f-4c46-8713-8bb47bd1e6da/aggregates" status: 404 len: 235 microversion: 1.1 [pid: 7|app: 0|req: 503/996] 10.0.0.173 () {32 vars in 816 bytes} [Thu Jul 23 04:37:37 2026] GET /resource_providers/7667c35d-562f-4c46-8713-8bb47bd1e6da/aggregates => generated 235 bytes in 12 msecs (HTTP/1.1 404) 5 headers in 202 bytes (1 switches on core 0) [pid: 8|app: 0|req: 493/996] 10.0.0.173 () {32 vars in 816 bytes} [Thu Jul 23 04:37:37 2026] GET /resource_providers/7667c35d-562f-4c46-8713-8bb47bd1e6da/aggregates => generated 235 bytes in 12 msecs (HTTP/1.1 404) 5 headers in 202 bytes (1 switches on core 0)
2026-07-23 04:37:37.548 7 INFO placement.requestlog [None req-e2e8583e-73bf-45e2-8c6b-005756908f1a d73940b02dc3464f8a57faeb0b0deb1b 514139525ea4450db9b0461b44c1a00b - - 1f5d7c4db1634f5ebb71649d6b9cb938 1f5d7c4db1634f5ebb71649d6b9cb938] 10.0.0.173 "DELETE /resource_providers/7667c35d-562f-4c46-8713-8bb47bd1e6da" status: 404 len: 246 microversion: 1.1 [pid: 7|app: 0|req: 504/997] 10.0.0.173 () {34 vars in 816 bytes} [Thu Jul 23 04:37:37 2026] DELETE /resource_providers/7667c35d-562f-4c46-8713-8bb47bd1e6da => generated 246 bytes in 8 msecs (HTTP/1.1 404) 6 headers in 231 bytes (1 switches on core 0)
2026-07-23 04:37:37.548 8 INFO placement.requestlog [None req-231135f6-bcc3-481f-91af-ea9ca54f5114 d73940b02dc3464f8a57faeb0b0deb1b 514139525ea4450db9b0461b44c1a00b - - 1f5d7c4db1634f5ebb71649d6b9cb938 1f5d7c4db1634f5ebb71649d6b9cb938] 10.0.0.173 "DELETE /resource_providers/7667c35d-562f-4c46-8713-8bb47bd1e6da" status: 404 len: 246 microversion: 1.1 [pid: 8|app: 0|req: 494/998] 10.0.0.173 () {34 vars in 816 bytes} [Thu Jul 23 04:37:37 2026] DELETE /resource_providers/7667c35d-562f-4c46-8713-8bb47bd1e6da => generated 246 bytes in 9 msecs (HTTP/1.1 404) 6 headers in 231 bytes (1 switches on core 0)
2026-07-23 04:37:37.595 7 INFO placement.requestlog [req-bde720da-ba64-4a92-8df0-23c655f569c0 req-c359f617-e0da-459f-84f5-98b6ea0ca5a6 195388c7368f45b297d3132f3faedf6d 514139525ea4450db9b0461b44c1a00b - - 1f5d7c4db1634f5ebb71649d6b9cb938 1f5d7c4db1634f5ebb71649d6b9cb938] 199.204.45.95 "GET /resource_providers/1f3caa17-32b3-4bc4-8ca2-f0db73b94fe0/allocations" status: 200 len: 152 microversion: 1.0 [pid: 7|app: 0|req: 505/999] 199.204.45.95 () {32 vars in 856 bytes} [Thu Jul 23 04:37:37 2026] GET /resource_providers/1f3caa17-32b3-4bc4-8ca2-f0db73b94fe0/allocations => generated 152 bytes in 18 msecs (HTTP/1.1 200) 6 headers in 224 bytes (1 switches on core 0)
2026-07-23 04:37:37.620 8 INFO placement.requestlog [req-bde720da-ba64-4a92-8df0-23c655f569c0 req-96d37e0a-84d3-4b77-b701-72f11e25f239 195388c7368f45b297d3132f3faedf6d 514139525ea4450db9b0461b44c1a00b - - 1f5d7c4db1634f5ebb71649d6b9cb938 1f5d7c4db1634f5ebb71649d6b9cb938] 199.204.45.95 "GET /allocations/9e2922bb-93a4-4b83-8668-048692a9483a" status: 200 len: 257 microversion: 1.28 [pid: 8|app: 0|req: 495/1000] 199.204.45.95 () {34 vars in 862 bytes} [Thu Jul 23 04:37:37 2026] GET /allocations/9e2922bb-93a4-4b83-8668-048692a9483a => generated 257 bytes in 17 msecs (HTTP/1.1 200) 8 headers in 296 bytes (1 switches on core 0)
2026-07-23 04:37:41.127 7 INFO placement.requestlog [req-bde720da-ba64-4a92-8df0-23c655f569c0 req-445c3ffe-bada-4eec-8afd-f05bad6df5ad 195388c7368f45b297d3132f3faedf6d 514139525ea4450db9b0461b44c1a00b - - 1f5d7c4db1634f5ebb71649d6b9cb938 1f5d7c4db1634f5ebb71649d6b9cb938] 199.204.45.95 "DELETE /allocations/9e2922bb-93a4-4b83-8668-048692a9483a" status: 204 len: 0 microversion: 1.0 [pid: 7|app: 0|req: 506/1001] 199.204.45.95 () {34 vars in 840 bytes} [Thu Jul 23 04:37:41 2026] DELETE /allocations/9e2922bb-93a4-4b83-8668-048692a9483a => generated 0 bytes in 43 msecs (HTTP/1.1 204) 5 headers in 198 bytes (1 switches on core 0)
2026-07-23 04:37:41.470 8 INFO placement.requestlog [None req-2cdc6411-0941-4916-ab16-5f8fea391f54 - - - - - -] 10.0.0.62 "GET /" status: 200 len: 136 microversion: 1.0
2026-07-23 04:37:41.472 7 INFO placement.requestlog [None req-99fc4f55-85a4-4b2a-91a7-bc4451ab12b8 - - - - - -] 10.0.0.62 "GET /" status: 200 len: 136 microversion: 1.0
2026-07-23 04:37:41.492 8 INFO placement.requestlog [req-3c151966-8059-48c5-9458-ff20c87e1257 req-00cdfddf-66a0-4340-a1a8-47b251fcf2eb 195388c7368f45b297d3132f3faedf6d 514139525ea4450db9b0461b44c1a00b - - 1f5d7c4db1634f5ebb71649d6b9cb938 1f5d7c4db1634f5ebb71649d6b9cb938] 10.0.0.182 "DELETE /allocations/9e2922bb-93a4-4b83-8668-048692a9483a" status: 404 len: 228 microversion: 1.0 [pid: 8|app: 0|req: 497/1004] 10.0.0.182 () {34 vars in 830 bytes} [Thu Jul 23 04:37:41 2026] DELETE /allocations/9e2922bb-93a4-4b83-8668-048692a9483a => generated 228 bytes in 17 msecs (HTTP/1.1 404) 6 headers in 231 bytes (1 switches on core 0)
2026-07-23 04:37:43.837 8 INFO placement.requestlog [None req-e727dafa-cabc-4564-9325-a503bf9f2b6e d73940b02dc3464f8a57faeb0b0deb1b 514139525ea4450db9b0461b44c1a00b - - 1f5d7c4db1634f5ebb71649d6b9cb938 1f5d7c4db1634f5ebb71649d6b9cb938] 10.0.0.173 "GET /resource_providers/f40c363d-7a3f-42ae-a9c0-2d88a99fba74/aggregates" status: 404 len: 235 microversion: 1.1
2026-07-23 04:37:43.837 7 INFO placement.requestlog [None req-4fa2fdbf-4a50-4f23-941a-00e8437f3f12 d73940b02dc3464f8a57faeb0b0deb1b 514139525ea4450db9b0461b44c1a00b - - 1f5d7c4db1634f5ebb71649d6b9cb938 1f5d7c4db1634f5ebb71649d6b9cb938] 10.0.0.173 "GET /resource_providers/f40c363d-7a3f-42ae-a9c0-2d88a99fba74/aggregates" status: 404 len: 235 microversion: 1.1 [pid: 8|app: 0|req: 498/1005] 10.0.0.173 () {32 vars in 816 bytes} [Thu Jul 23 04:37:43 2026] GET /resource_providers/f40c363d-7a3f-42ae-a9c0-2d88a99fba74/aggregates => generated 235 bytes in 13 msecs (HTTP/1.1 404) 5 headers in 202 bytes (1 switches on core 0) [pid: 7|app: 0|req: 508/1006] 10.0.0.173 () {32 vars in 816 bytes} [Thu Jul 23 04:37:43 2026] GET /resource_providers/f40c363d-7a3f-42ae-a9c0-2d88a99fba74/aggregates => generated 235 bytes in 15 msecs (HTTP/1.1 404) 5 headers in 202 bytes (1 switches on core 0)
2026-07-23 04:37:43.862 8 INFO placement.requestlog [None req-d8412610-3ea5-4fe9-92dc-de8ce6e84583 d73940b02dc3464f8a57faeb0b0deb1b 514139525ea4450db9b0461b44c1a00b - - 1f5d7c4db1634f5ebb71649d6b9cb938 1f5d7c4db1634f5ebb71649d6b9cb938] 10.0.0.173 "DELETE /resource_providers/f40c363d-7a3f-42ae-a9c0-2d88a99fba74" status: 404 len: 246 microversion: 1.1 [pid: 8|app: 0|req: 499/1007] 10.0.0.173 () {34 vars in 816 bytes} [Thu Jul 23 04:37:43 2026] DELETE /resource_providers/f40c363d-7a3f-42ae-a9c0-2d88a99fba74 => generated 246 bytes in 10 msecs (HTTP/1.1 404) 6 headers in 231 bytes (1 switches on core 0)
2026-07-23 04:37:43.870 7 INFO placement.requestlog [None req-4628dd7f-e658-4c12-928e-ea95f7a94dbd d73940b02dc3464f8a57faeb0b0deb1b 514139525ea4450db9b0461b44c1a00b - - 1f5d7c4db1634f5ebb71649d6b9cb938 1f5d7c4db1634f5ebb71649d6b9cb938] 10.0.0.173 "DELETE /resource_providers/f40c363d-7a3f-42ae-a9c0-2d88a99fba74" status: 404 len: 246 microversion: 1.1 [pid: 7|app: 0|req: 509/1008] 10.0.0.173 () {34 vars in 816 bytes} [Thu Jul 23 04:37:43 2026] DELETE /resource_providers/f40c363d-7a3f-42ae-a9c0-2d88a99fba74 => generated 246 bytes in 15 msecs (HTTP/1.1 404) 6 headers in 231 bytes (1 switches on core 0)
2026-07-23 04:37:45.886 8 INFO placement.requestlog [None req-2e342180-2342-4d9e-a20c-75ce239889fd d73940b02dc3464f8a57faeb0b0deb1b 514139525ea4450db9b0461b44c1a00b - - 1f5d7c4db1634f5ebb71649d6b9cb938 1f5d7c4db1634f5ebb71649d6b9cb938] 10.0.0.173 "GET /resource_providers/c4d25736-4901-4163-a384-f2924cb76c2e/aggregates" status: 404 len: 235 microversion: 1.1 [pid: 8|app: 0|req: 500/1009] 10.0.0.173 () {32 vars in 816 bytes} [Thu Jul 23 04:37:45 2026] GET /resource_providers/c4d25736-4901-4163-a384-f2924cb76c2e/aggregates => generated 235 bytes in 14 msecs (HTTP/1.1 404) 5 headers in 202 bytes (1 switches on core 0)
2026-07-23 04:37:45.902 8 INFO placement.requestlog [None req-370c086b-6a7c-4c4e-ac77-99c5bd1f5976 d73940b02dc3464f8a57faeb0b0deb1b 514139525ea4450db9b0461b44c1a00b - - 1f5d7c4db1634f5ebb71649d6b9cb938 1f5d7c4db1634f5ebb71649d6b9cb938] 10.0.0.173 "GET /resource_providers/c4d25736-4901-4163-a384-f2924cb76c2e/aggregates" status: 404 len: 235 microversion: 1.1
2026-07-23 04:37:45.902 7 INFO placement.requestlog [None req-d8929e2a-83ce-4cf7-b51f-6e7fe3bd21ce d73940b02dc3464f8a57faeb0b0deb1b 514139525ea4450db9b0461b44c1a00b - - 1f5d7c4db1634f5ebb71649d6b9cb938 1f5d7c4db1634f5ebb71649d6b9cb938] 10.0.0.173 "DELETE /resource_providers/c4d25736-4901-4163-a384-f2924cb76c2e" status: 404 len: 246 microversion: 1.1 [pid: 8|app: 0|req: 501/1010] 10.0.0.173 () {32 vars in 816 bytes} [Thu Jul 23 04:37:45 2026] GET /resource_providers/c4d25736-4901-4163-a384-f2924cb76c2e/aggregates => generated 235 bytes in 9 msecs (HTTP/1.1 404) 5 headers in 202 bytes (1 switches on core 0) [pid: 7|app: 0|req: 510/1011] 10.0.0.173 () {34 vars in 816 bytes} [Thu Jul 23 04:37:45 2026] DELETE /resource_providers/c4d25736-4901-4163-a384-f2924cb76c2e => generated 246 bytes in 11 msecs (HTTP/1.1 404) 6 headers in 231 bytes (1 switches on core 0)
2026-07-23 04:37:45.927 8 INFO placement.requestlog [None req-cc3e7d27-bcce-411b-ac18-856b2e3e6da1 d73940b02dc3464f8a57faeb0b0deb1b 514139525ea4450db9b0461b44c1a00b - - 1f5d7c4db1634f5ebb71649d6b9cb938 1f5d7c4db1634f5ebb71649d6b9cb938] 10.0.0.173 "DELETE /resource_providers/c4d25736-4901-4163-a384-f2924cb76c2e" status: 404 len: 246 microversion: 1.1 [pid: 8|app: 0|req: 502/1012] 10.0.0.173 () {34 vars in 816 bytes} [Thu Jul 23 04:37:45 2026] DELETE /resource_providers/c4d25736-4901-4163-a384-f2924cb76c2e => generated 246 bytes in 13 msecs (HTTP/1.1 404) 6 headers in 231 bytes (1 switches on core 0)
2026-07-23 04:37:48.853 7 INFO placement.requestlog [None req-094adf92-7406-49fb-8b79-17e6ad83d404 d73940b02dc3464f8a57faeb0b0deb1b 514139525ea4450db9b0461b44c1a00b - - 1f5d7c4db1634f5ebb71649d6b9cb938 1f5d7c4db1634f5ebb71649d6b9cb938] 10.0.0.173 "GET /resource_providers/bb3b8344-a74e-4959-9840-d7d41b9938d7/aggregates" status: 404 len: 235 microversion: 1.1
2026-07-23 04:37:48.853 8 INFO placement.requestlog [None req-e0f0401d-1d10-4a18-80c4-418a0e01b60e d73940b02dc3464f8a57faeb0b0deb1b 514139525ea4450db9b0461b44c1a00b - - 1f5d7c4db1634f5ebb71649d6b9cb938 1f5d7c4db1634f5ebb71649d6b9cb938] 10.0.0.173 "GET /resource_providers/bb3b8344-a74e-4959-9840-d7d41b9938d7/aggregates" status: 404 len: 235 microversion: 1.1 [pid: 7|app: 0|req: 511/1013] 10.0.0.173 () {32 vars in 816 bytes} [Thu Jul 23 04:37:48 2026] GET /resource_providers/bb3b8344-a74e-4959-9840-d7d41b9938d7/aggregates => generated 235 bytes in 13 msecs (HTTP/1.1 404) 5 headers in 202 bytes (1 switches on core 0) [pid: 8|app: 0|req: 503/1014] 10.0.0.173 () {32 vars in 816 bytes} [Thu Jul 23 04:37:48 2026] GET /resource_providers/bb3b8344-a74e-4959-9840-d7d41b9938d7/aggregates => generated 235 bytes in 11 msecs (HTTP/1.1 404) 5 headers in 202 bytes (1 switches on core 0)
2026-07-23 04:37:48.876 7 INFO placement.requestlog [None req-f94250e5-6db0-4675-9056-41b16b87e1f4 d73940b02dc3464f8a57faeb0b0deb1b 514139525ea4450db9b0461b44c1a00b - - 1f5d7c4db1634f5ebb71649d6b9cb938 1f5d7c4db1634f5ebb71649d6b9cb938] 10.0.0.173 "DELETE /resource_providers/bb3b8344-a74e-4959-9840-d7d41b9938d7" status: 404 len: 246 microversion: 1.1 [pid: 7|app: 0|req: 512/1015] 10.0.0.173 () {34 vars in 816 bytes} [Thu Jul 23 04:37:48 2026] DELETE /resource_providers/bb3b8344-a74e-4959-9840-d7d41b9938d7 => generated 246 bytes in 10 msecs (HTTP/1.1 404) 6 headers in 231 bytes (1 switches on core 0)
2026-07-23 04:37:48.878 8 INFO placement.requestlog [None req-807b69ac-f6bd-4dbd-8131-af97b49cd723 d73940b02dc3464f8a57faeb0b0deb1b 514139525ea4450db9b0461b44c1a00b - - 1f5d7c4db1634f5ebb71649d6b9cb938 1f5d7c4db1634f5ebb71649d6b9cb938] 10.0.0.173 "DELETE /resource_providers/bb3b8344-a74e-4959-9840-d7d41b9938d7" status: 404 len: 246 microversion: 1.1 [pid: 8|app: 0|req: 504/1016] 10.0.0.173 () {34 vars in 816 bytes} [Thu Jul 23 04:37:48 2026] DELETE /resource_providers/bb3b8344-a74e-4959-9840-d7d41b9938d7 => generated 246 bytes in 8 msecs (HTTP/1.1 404) 6 headers in 231 bytes (1 switches on core 0)
2026-07-23 04:37:50.899 7 INFO placement.requestlog [None req-6f45412b-007b-4df7-96eb-d8b91024538c d73940b02dc3464f8a57faeb0b0deb1b 514139525ea4450db9b0461b44c1a00b - - 1f5d7c4db1634f5ebb71649d6b9cb938 1f5d7c4db1634f5ebb71649d6b9cb938] 10.0.0.173 "GET /resource_providers/1d82e9be-5af8-435e-aff3-965350bb0bb0/aggregates" status: 404 len: 235 microversion: 1.1 [pid: 7|app: 0|req: 513/1017] 10.0.0.173 () {32 vars in 816 bytes} [Thu Jul 23 04:37:50 2026] GET /resource_providers/1d82e9be-5af8-435e-aff3-965350bb0bb0/aggregates => generated 235 bytes in 10 msecs (HTTP/1.1 404) 5 headers in 202 bytes (1 switches on core 0)
2026-07-23 04:37:50.901 8 INFO placement.requestlog [None req-4cd72723-da5a-46b3-ac4f-e3f64ff636f6 d73940b02dc3464f8a57faeb0b0deb1b 514139525ea4450db9b0461b44c1a00b - - 1f5d7c4db1634f5ebb71649d6b9cb938 1f5d7c4db1634f5ebb71649d6b9cb938] 10.0.0.173 "GET /resource_providers/1d82e9be-5af8-435e-aff3-965350bb0bb0/aggregates" status: 404 len: 235 microversion: 1.1 [pid: 8|app: 0|req: 505/1018] 10.0.0.173 () {32 vars in 816 bytes} [Thu Jul 23 04:37:50 2026] GET /resource_providers/1d82e9be-5af8-435e-aff3-965350bb0bb0/aggregates => generated 235 bytes in 11 msecs (HTTP/1.1 404) 5 headers in 202 bytes (1 switches on core 0)
2026-07-23 04:37:50.918 7 INFO placement.requestlog [None req-d616ddbf-f1c6-4aae-8202-c62960dd899b d73940b02dc3464f8a57faeb0b0deb1b 514139525ea4450db9b0461b44c1a00b - - 1f5d7c4db1634f5ebb71649d6b9cb938 1f5d7c4db1634f5ebb71649d6b9cb938] 10.0.0.173 "DELETE /resource_providers/1d82e9be-5af8-435e-aff3-965350bb0bb0" status: 404 len: 246 microversion: 1.1 [pid: 7|app: 0|req: 514/1019] 10.0.0.173 () {34 vars in 816 bytes} [Thu Jul 23 04:37:50 2026] DELETE /resource_providers/1d82e9be-5af8-435e-aff3-965350bb0bb0 => generated 246 bytes in 8 msecs (HTTP/1.1 404) 6 headers in 231 bytes (1 switches on core 0)
2026-07-23 04:37:50.929 8 INFO placement.requestlog [None req-cdd7eab7-0681-44be-95f8-b9e6b9bc1ac2 d73940b02dc3464f8a57faeb0b0deb1b 514139525ea4450db9b0461b44c1a00b - - 1f5d7c4db1634f5ebb71649d6b9cb938 1f5d7c4db1634f5ebb71649d6b9cb938] 10.0.0.173 "DELETE /resource_providers/1d82e9be-5af8-435e-aff3-965350bb0bb0" status: 404 len: 246 microversion: 1.1 [pid: 8|app: 0|req: 506/1020] 10.0.0.173 () {34 vars in 816 bytes} [Thu Jul 23 04:37:50 2026] DELETE /resource_providers/1d82e9be-5af8-435e-aff3-965350bb0bb0 => generated 246 bytes in 13 msecs (HTTP/1.1 404) 6 headers in 231 bytes (1 switches on core 0)
2026-07-23 04:37:50.940 7 INFO placement.requestlog [None req-07209ae5-0e39-4658-8f5f-51de4876bd08 d73940b02dc3464f8a57faeb0b0deb1b 514139525ea4450db9b0461b44c1a00b - - 1f5d7c4db1634f5ebb71649d6b9cb938 1f5d7c4db1634f5ebb71649d6b9cb938] 10.0.0.173 "GET /resource_providers/9c84fd36-df2f-45ff-8a5a-434d5105837e/aggregates" status: 404 len: 235 microversion: 1.1 [pid: 7|app: 0|req: 515/1021] 10.0.0.173 () {32 vars in 816 bytes} [Thu Jul 23 04:37:50 2026] GET /resource_providers/9c84fd36-df2f-45ff-8a5a-434d5105837e/aggregates => generated 235 bytes in 12 msecs (HTTP/1.1 404) 5 headers in 202 bytes (1 switches on core 0)
2026-07-23 04:37:50.943 8 INFO placement.requestlog [None req-b3a205fe-ac7f-4383-8fc2-a286d811ac39 d73940b02dc3464f8a57faeb0b0deb1b 514139525ea4450db9b0461b44c1a00b - - 1f5d7c4db1634f5ebb71649d6b9cb938 1f5d7c4db1634f5ebb71649d6b9cb938] 10.0.0.173 "GET /resource_providers/9c84fd36-df2f-45ff-8a5a-434d5105837e/aggregates" status: 404 len: 235 microversion: 1.1 [pid: 8|app: 0|req: 507/1022] 10.0.0.173 () {32 vars in 816 bytes} [Thu Jul 23 04:37:50 2026] GET /resource_providers/9c84fd36-df2f-45ff-8a5a-434d5105837e/aggregates => generated 235 bytes in 8 msecs (HTTP/1.1 404) 5 headers in 202 bytes (1 switches on core 0)
2026-07-23 04:37:50.963 7 INFO placement.requestlog [None req-8fff53d1-72c4-4d1d-95cb-9a0972f5b360 d73940b02dc3464f8a57faeb0b0deb1b 514139525ea4450db9b0461b44c1a00b - - 1f5d7c4db1634f5ebb71649d6b9cb938 1f5d7c4db1634f5ebb71649d6b9cb938] 10.0.0.173 "DELETE /resource_providers/9c84fd36-df2f-45ff-8a5a-434d5105837e" status: 404 len: 246 microversion: 1.1 [pid: 7|app: 0|req: 516/1023] 10.0.0.173 () {34 vars in 816 bytes} [Thu Jul 23 04:37:50 2026] DELETE /resource_providers/9c84fd36-df2f-45ff-8a5a-434d5105837e => generated 246 bytes in 10 msecs (HTTP/1.1 404) 6 headers in 231 bytes (1 switches on core 0)
2026-07-23 04:37:50.965 8 INFO placement.requestlog [None req-cbc2f554-0d68-4a6d-8df6-8ac9f3cd5ad1 d73940b02dc3464f8a57faeb0b0deb1b 514139525ea4450db9b0461b44c1a00b - - 1f5d7c4db1634f5ebb71649d6b9cb938 1f5d7c4db1634f5ebb71649d6b9cb938] 10.0.0.173 "DELETE /resource_providers/9c84fd36-df2f-45ff-8a5a-434d5105837e" status: 404 len: 246 microversion: 1.1 [pid: 8|app: 0|req: 508/1024] 10.0.0.173 () {34 vars in 816 bytes} [Thu Jul 23 04:37:50 2026] DELETE /resource_providers/9c84fd36-df2f-45ff-8a5a-434d5105837e => generated 246 bytes in 10 msecs (HTTP/1.1 404) 6 headers in 231 bytes (1 switches on core 0)
2026-07-23 04:37:51.469 7 INFO placement.requestlog [None req-93e8edef-b24e-47cf-84ab-11cadee0e947 - - - - - -] 10.0.0.62 "GET /" status: 200 len: 136 microversion: 1.0
2026-07-23 04:37:51.470 8 INFO placement.requestlog [None req-2eb11e9b-eceb-45df-ae23-e1457fe4c65e - - - - - -] 10.0.0.62 "GET /" status: 200 len: 136 microversion: 1.0
2026-07-23 04:37:58.115 7 INFO placement.requestlog [None req-098f8827-5191-416c-a97e-23f22e5a0b6d d73940b02dc3464f8a57faeb0b0deb1b 514139525ea4450db9b0461b44c1a00b - - 1f5d7c4db1634f5ebb71649d6b9cb938 1f5d7c4db1634f5ebb71649d6b9cb938] 10.0.0.173 "GET /resource_providers/cbf7a4d3-a682-4dba-8a32-dba91ac3eaa0/aggregates" status: 404 len: 235 microversion: 1.1 [pid: 7|app: 0|req: 518/1027] 10.0.0.173 () {32 vars in 816 bytes} [Thu Jul 23 04:37:58 2026] GET /resource_providers/cbf7a4d3-a682-4dba-8a32-dba91ac3eaa0/aggregates => generated 235 bytes in 13 msecs (HTTP/1.1 404) 5 headers in 202 bytes (1 switches on core 0)
2026-07-23 04:37:58.117 8 INFO placement.requestlog [None req-63141214-4e27-4c90-8e82-ebb9ff8aed77 d73940b02dc3464f8a57faeb0b0deb1b 514139525ea4450db9b0461b44c1a00b - - 1f5d7c4db1634f5ebb71649d6b9cb938 1f5d7c4db1634f5ebb71649d6b9cb938] 10.0.0.173 "GET /resource_providers/cbf7a4d3-a682-4dba-8a32-dba91ac3eaa0/aggregates" status: 404 len: 235 microversion: 1.1 [pid: 8|app: 0|req: 510/1028] 10.0.0.173 () {32 vars in 816 bytes} [Thu Jul 23 04:37:58 2026] GET /resource_providers/cbf7a4d3-a682-4dba-8a32-dba91ac3eaa0/aggregates => generated 235 bytes in 11 msecs (HTTP/1.1 404) 5 headers in 202 bytes (1 switches on core 0)
2026-07-23 04:37:58.139 7 INFO placement.requestlog [None req-c0f4d3cb-d2d5-4e2d-a9ff-ae2940d276ca d73940b02dc3464f8a57faeb0b0deb1b 514139525ea4450db9b0461b44c1a00b - - 1f5d7c4db1634f5ebb71649d6b9cb938 1f5d7c4db1634f5ebb71649d6b9cb938] 10.0.0.173 "DELETE /resource_providers/cbf7a4d3-a682-4dba-8a32-dba91ac3eaa0" status: 404 len: 246 microversion: 1.1 [pid: 7|app: 0|req: 519/1029] 10.0.0.173 () {34 vars in 816 bytes} [Thu Jul 23 04:37:58 2026] DELETE /resource_providers/cbf7a4d3-a682-4dba-8a32-dba91ac3eaa0 => generated 246 bytes in 10 msecs (HTTP/1.1 404) 6 headers in 231 bytes (1 switches on core 0)
2026-07-23 04:37:58.142 8 INFO placement.requestlog [None req-162cf4a7-2454-4f45-bfbd-804f401e34d0 d73940b02dc3464f8a57faeb0b0deb1b 514139525ea4450db9b0461b44c1a00b - - 1f5d7c4db1634f5ebb71649d6b9cb938 1f5d7c4db1634f5ebb71649d6b9cb938] 10.0.0.173 "DELETE /resource_providers/cbf7a4d3-a682-4dba-8a32-dba91ac3eaa0" status: 404 len: 246 microversion: 1.1 [pid: 8|app: 0|req: 511/1030] 10.0.0.173 () {34 vars in 816 bytes} [Thu Jul 23 04:37:58 2026] DELETE /resource_providers/cbf7a4d3-a682-4dba-8a32-dba91ac3eaa0 => generated 246 bytes in 11 msecs (HTTP/1.1 404) 6 headers in 231 bytes (1 switches on core 0)
2026-07-23 04:37:58.887 8 INFO placement.requestlog [None req-aad543c5-400f-459f-9962-0d431d57e1d7 d73940b02dc3464f8a57faeb0b0deb1b 514139525ea4450db9b0461b44c1a00b - - 1f5d7c4db1634f5ebb71649d6b9cb938 1f5d7c4db1634f5ebb71649d6b9cb938] 10.0.0.173 "GET /resource_providers/da5544a8-a6dd-409e-a1c0-752367bb44ac/aggregates" status: 404 len: 235 microversion: 1.1 [pid: 8|app: 0|req: 512/1031] 10.0.0.173 () {32 vars in 816 bytes} [Thu Jul 23 04:37:58 2026] GET /resource_providers/da5544a8-a6dd-409e-a1c0-752367bb44ac/aggregates => generated 235 bytes in 9 msecs (HTTP/1.1 404) 5 headers in 202 bytes (1 switches on core 0)
2026-07-23 04:37:58.889 7 INFO placement.requestlog [None req-1043873b-b729-4e09-a21f-07ad9efedd14 d73940b02dc3464f8a57faeb0b0deb1b 514139525ea4450db9b0461b44c1a00b - - 1f5d7c4db1634f5ebb71649d6b9cb938 1f5d7c4db1634f5ebb71649d6b9cb938] 10.0.0.173 "GET /resource_providers/da5544a8-a6dd-409e-a1c0-752367bb44ac/aggregates" status: 404 len: 235 microversion: 1.1 [pid: 7|app: 0|req: 520/1032] 10.0.0.173 () {32 vars in 816 bytes} [Thu Jul 23 04:37:58 2026] GET /resource_providers/da5544a8-a6dd-409e-a1c0-752367bb44ac/aggregates => generated 235 bytes in 12 msecs (HTTP/1.1 404) 5 headers in 202 bytes (1 switches on core 0)
2026-07-23 04:37:58.911 8 INFO placement.requestlog [None req-22356b80-90f8-4bea-9266-ad8bb9d9f745 d73940b02dc3464f8a57faeb0b0deb1b 514139525ea4450db9b0461b44c1a00b - - 1f5d7c4db1634f5ebb71649d6b9cb938 1f5d7c4db1634f5ebb71649d6b9cb938] 10.0.0.173 "DELETE /resource_providers/da5544a8-a6dd-409e-a1c0-752367bb44ac" status: 404 len: 246 microversion: 1.1 [pid: 8|app: 0|req: 513/1033] 10.0.0.173 () {34 vars in 816 bytes} [Thu Jul 23 04:37:58 2026] DELETE /resource_providers/da5544a8-a6dd-409e-a1c0-752367bb44ac => generated 246 bytes in 9 msecs (HTTP/1.1 404) 6 headers in 231 bytes (1 switches on core 0)
2026-07-23 04:37:58.911 7 INFO placement.requestlog [None req-edb2ee50-ce2f-4ce7-ac1a-472a84f7f69e d73940b02dc3464f8a57faeb0b0deb1b 514139525ea4450db9b0461b44c1a00b - - 1f5d7c4db1634f5ebb71649d6b9cb938 1f5d7c4db1634f5ebb71649d6b9cb938] 10.0.0.173 "DELETE /resource_providers/da5544a8-a6dd-409e-a1c0-752367bb44ac" status: 404 len: 246 microversion: 1.1 [pid: 7|app: 0|req: 521/1034] 10.0.0.173 () {34 vars in 816 bytes} [Thu Jul 23 04:37:58 2026] DELETE /resource_providers/da5544a8-a6dd-409e-a1c0-752367bb44ac => generated 246 bytes in 10 msecs (HTTP/1.1 404) 6 headers in 231 bytes (1 switches on core 0)
2026-07-23 04:38:01.469 7 INFO placement.requestlog [None req-221db3df-9793-4ec3-a6a3-b38384cc4591 - - - - - -] 10.0.0.62 "GET /" status: 200 len: 136 microversion: 1.0
2026-07-23 04:38:01.469 8 INFO placement.requestlog [None req-de0de7ca-6597-4680-b563-fd97aabf52f1 - - - - - -] 10.0.0.62 "GET /" status: 200 len: 136 microversion: 1.0
2026-07-23 04:38:05.088 8 INFO placement.requestlog [None req-49bb2581-64b5-4a90-9654-d6b00878abc1 d73940b02dc3464f8a57faeb0b0deb1b 514139525ea4450db9b0461b44c1a00b - - 1f5d7c4db1634f5ebb71649d6b9cb938 1f5d7c4db1634f5ebb71649d6b9cb938] 10.0.0.173 "GET /resource_providers/afe9f45f-2b2c-431d-b7ec-e53458a07d90/aggregates" status: 404 len: 235 microversion: 1.1 [pid: 8|app: 0|req: 515/1037] 10.0.0.173 () {32 vars in 816 bytes} [Thu Jul 23 04:38:05 2026] GET /resource_providers/afe9f45f-2b2c-431d-b7ec-e53458a07d90/aggregates => generated 235 bytes in 10 msecs (HTTP/1.1 404) 5 headers in 202 bytes (1 switches on core 0)
2026-07-23 04:38:05.090 7 INFO placement.requestlog [None req-b6149c9e-c023-45f1-9222-d941c88980ec d73940b02dc3464f8a57faeb0b0deb1b 514139525ea4450db9b0461b44c1a00b - - 1f5d7c4db1634f5ebb71649d6b9cb938 1f5d7c4db1634f5ebb71649d6b9cb938] 10.0.0.173 "GET /resource_providers/afe9f45f-2b2c-431d-b7ec-e53458a07d90/aggregates" status: 404 len: 235 microversion: 1.1 [pid: 7|app: 0|req: 523/1038] 10.0.0.173 () {32 vars in 816 bytes} [Thu Jul 23 04:38:05 2026] GET /resource_providers/afe9f45f-2b2c-431d-b7ec-e53458a07d90/aggregates => generated 235 bytes in 8 msecs (HTTP/1.1 404) 5 headers in 202 bytes (1 switches on core 0)
2026-07-23 04:38:05.110 8 INFO placement.requestlog [None req-424dda64-ccff-4c38-92df-c74425e5d99d d73940b02dc3464f8a57faeb0b0deb1b 514139525ea4450db9b0461b44c1a00b - - 1f5d7c4db1634f5ebb71649d6b9cb938 1f5d7c4db1634f5ebb71649d6b9cb938] 10.0.0.173 "DELETE /resource_providers/afe9f45f-2b2c-431d-b7ec-e53458a07d90" status: 404 len: 246 microversion: 1.1
2026-07-23 04:38:05.110 7 INFO placement.requestlog [None req-0be2c7fc-a434-4e54-a93d-cf89cd301690 d73940b02dc3464f8a57faeb0b0deb1b 514139525ea4450db9b0461b44c1a00b - - 1f5d7c4db1634f5ebb71649d6b9cb938 1f5d7c4db1634f5ebb71649d6b9cb938] 10.0.0.173 "DELETE /resource_providers/afe9f45f-2b2c-431d-b7ec-e53458a07d90" status: 404 len: 246 microversion: 1.1 [pid: 8|app: 0|req: 516/1039] 10.0.0.173 () {34 vars in 816 bytes} [Thu Jul 23 04:38:05 2026] DELETE /resource_providers/afe9f45f-2b2c-431d-b7ec-e53458a07d90 => generated 246 bytes in 8 msecs (HTTP/1.1 404) 6 headers in 231 bytes (1 switches on core 0) [pid: 7|app: 0|req: 524/1040] 10.0.0.173 () {34 vars in 816 bytes} [Thu Jul 23 04:38:05 2026] DELETE /resource_providers/afe9f45f-2b2c-431d-b7ec-e53458a07d90 => generated 246 bytes in 8 msecs (HTTP/1.1 404) 6 headers in 231 bytes (1 switches on core 0)
2026-07-23 04:38:05.539 8 INFO placement.requestlog [None req-6e1189fe-117f-48c6-bb24-9cc14956961a d73940b02dc3464f8a57faeb0b0deb1b 514139525ea4450db9b0461b44c1a00b - - 1f5d7c4db1634f5ebb71649d6b9cb938 1f5d7c4db1634f5ebb71649d6b9cb938] 10.0.0.173 "GET /resource_providers/98ae9ea4-690e-43c1-8185-9ed3edcd191f/aggregates" status: 404 len: 235 microversion: 1.1 [pid: 8|app: 0|req: 517/1041] 10.0.0.173 () {32 vars in 816 bytes} [Thu Jul 23 04:38:05 2026] GET /resource_providers/98ae9ea4-690e-43c1-8185-9ed3edcd191f/aggregates => generated 235 bytes in 11 msecs (HTTP/1.1 404) 5 headers in 202 bytes (1 switches on core 0)
2026-07-23 04:38:05.542 7 INFO placement.requestlog [None req-8d9d817c-2070-4eda-aba8-96a3dd06d989 d73940b02dc3464f8a57faeb0b0deb1b 514139525ea4450db9b0461b44c1a00b - - 1f5d7c4db1634f5ebb71649d6b9cb938 1f5d7c4db1634f5ebb71649d6b9cb938] 10.0.0.173 "GET /resource_providers/98ae9ea4-690e-43c1-8185-9ed3edcd191f/aggregates" status: 404 len: 235 microversion: 1.1 [pid: 7|app: 0|req: 525/1042] 10.0.0.173 () {32 vars in 816 bytes} [Thu Jul 23 04:38:05 2026] GET /resource_providers/98ae9ea4-690e-43c1-8185-9ed3edcd191f/aggregates => generated 235 bytes in 10 msecs (HTTP/1.1 404) 5 headers in 202 bytes (1 switches on core 0)
2026-07-23 04:38:05.554 8 INFO placement.requestlog [None req-5fed83e9-0ac3-47ca-8ea8-8bdee633afd6 d73940b02dc3464f8a57faeb0b0deb1b 514139525ea4450db9b0461b44c1a00b - - 1f5d7c4db1634f5ebb71649d6b9cb938 1f5d7c4db1634f5ebb71649d6b9cb938] 10.0.0.173 "DELETE /resource_providers/98ae9ea4-690e-43c1-8185-9ed3edcd191f" status: 404 len: 246 microversion: 1.1 [pid: 8|app: 0|req: 518/1043] 10.0.0.173 () {34 vars in 816 bytes} [Thu Jul 23 04:38:05 2026] DELETE /resource_providers/98ae9ea4-690e-43c1-8185-9ed3edcd191f => generated 246 bytes in 5 msecs (HTTP/1.1 404) 6 headers in 231 bytes (1 switches on core 0)
2026-07-23 04:38:05.564 7 INFO placement.requestlog [None req-bd12110b-a475-4580-b66a-3b65f3d4be35 d73940b02dc3464f8a57faeb0b0deb1b 514139525ea4450db9b0461b44c1a00b - - 1f5d7c4db1634f5ebb71649d6b9cb938 1f5d7c4db1634f5ebb71649d6b9cb938] 10.0.0.173 "DELETE /resource_providers/98ae9ea4-690e-43c1-8185-9ed3edcd191f" status: 404 len: 246 microversion: 1.1 [pid: 7|app: 0|req: 526/1044] 10.0.0.173 () {34 vars in 816 bytes} [Thu Jul 23 04:38:05 2026] DELETE /resource_providers/98ae9ea4-690e-43c1-8185-9ed3edcd191f => generated 246 bytes in 11 msecs (HTTP/1.1 404) 6 headers in 231 bytes (1 switches on core 0)
2026-07-23 04:38:06.819 8 INFO placement.requestlog [req-dd84f582-84a3-46e4-bdfb-258b9212778e req-ddf7fcfa-4357-455c-82c1-7b9c03a16ce5 195388c7368f45b297d3132f3faedf6d 514139525ea4450db9b0461b44c1a00b - - 1f5d7c4db1634f5ebb71649d6b9cb938 1f5d7c4db1634f5ebb71649d6b9cb938] 10.0.0.144 "GET /allocation_candidates?limit=1000&resources=DISK_GB%3A1%2CMEMORY_MB%3A512%2CVCPU%3A1&root_required=%21COMPUTE_STATUS_DISABLED" status: 200 len: 2781 microversion: 1.36 [pid: 8|app: 0|req: 519/1045] 10.0.0.144 () {34 vars in 1012 bytes} [Thu Jul 23 04:38:06 2026] GET /allocation_candidates?limit=1000&resources=DISK_GB%3A1%2CMEMORY_MB%3A512%2CVCPU%3A1&root_required=%21COMPUTE_STATUS_DISABLED => generated 2781 bytes in 50 msecs (HTTP/1.1 200) 8 headers in 297 bytes (1 switches on core 0)
2026-07-23 04:38:06.860 7 INFO placement.requestlog [req-dd84f582-84a3-46e4-bdfb-258b9212778e req-6fe619ae-af59-475e-adbc-46e54c36ea2f 195388c7368f45b297d3132f3faedf6d 514139525ea4450db9b0461b44c1a00b - - 1f5d7c4db1634f5ebb71649d6b9cb938 1f5d7c4db1634f5ebb71649d6b9cb938] 10.0.0.144 "GET /allocations/bc9ceeb7-7f78-48aa-b4e5-4defb6ee7ebe" status: 200 len: 19 microversion: 1.28 [pid: 7|app: 0|req: 527/1046] 10.0.0.144 () {34 vars in 861 bytes} [Thu Jul 23 04:38:06 2026] GET /allocations/bc9ceeb7-7f78-48aa-b4e5-4defb6ee7ebe => generated 19 bytes in 16 msecs (HTTP/1.1 200) 8 headers in 295 bytes (1 switches on core 0)
2026-07-23 04:38:06.934 8 INFO placement.requestlog [req-dd84f582-84a3-46e4-bdfb-258b9212778e req-33656148-3dcb-497b-83f4-467d1b423122 195388c7368f45b297d3132f3faedf6d 514139525ea4450db9b0461b44c1a00b - - 1f5d7c4db1634f5ebb71649d6b9cb938 1f5d7c4db1634f5ebb71649d6b9cb938] 10.0.0.144 "PUT /allocations/bc9ceeb7-7f78-48aa-b4e5-4defb6ee7ebe" status: 204 len: 0 microversion: 1.36 [pid: 8|app: 0|req: 520/1047] 10.0.0.144 () {38 vars in 914 bytes} [Thu Jul 23 04:38:06 2026] PUT /allocations/bc9ceeb7-7f78-48aa-b4e5-4defb6ee7ebe => generated 0 bytes in 66 msecs (HTTP/1.1 204) 5 headers in 199 bytes (1 switches on core 0)
2026-07-23 04:38:08.456 7 INFO placement.requestlog [req-dd84f582-84a3-46e4-bdfb-258b9212778e req-a7156a03-da0c-4235-bebc-acc883c015c7 195388c7368f45b297d3132f3faedf6d 514139525ea4450db9b0461b44c1a00b - - 1f5d7c4db1634f5ebb71649d6b9cb938 1f5d7c4db1634f5ebb71649d6b9cb938] 199.204.45.95 "GET /allocations/bc9ceeb7-7f78-48aa-b4e5-4defb6ee7ebe" status: 200 len: 258 microversion: 1.28 [pid: 7|app: 0|req: 528/1048] 199.204.45.95 () {34 vars in 862 bytes} [Thu Jul 23 04:38:08 2026] GET /allocations/bc9ceeb7-7f78-48aa-b4e5-4defb6ee7ebe => generated 258 bytes in 13 msecs (HTTP/1.1 200) 8 headers in 296 bytes (1 switches on core 0)
2026-07-23 04:38:09.517 8 INFO placement.requestlog [req-dd84f582-84a3-46e4-bdfb-258b9212778e req-c9b37ebf-f415-4166-8a31-2c297adc61df 195388c7368f45b297d3132f3faedf6d 514139525ea4450db9b0461b44c1a00b - - 1f5d7c4db1634f5ebb71649d6b9cb938 1f5d7c4db1634f5ebb71649d6b9cb938] 199.204.45.95 "GET /resource_providers/1f3caa17-32b3-4bc4-8ca2-f0db73b94fe0/allocations" status: 200 len: 153 microversion: 1.0 [pid: 8|app: 0|req: 521/1049] 199.204.45.95 () {32 vars in 856 bytes} [Thu Jul 23 04:38:09 2026] GET /resource_providers/1f3caa17-32b3-4bc4-8ca2-f0db73b94fe0/allocations => generated 153 bytes in 23 msecs (HTTP/1.1 200) 6 headers in 224 bytes (1 switches on core 0)
