2026-07-23 04:31:12.394 8 INFO placement.requestlog [req-93831acb-0494-4024-ab09-c165842c7e18 req-52be5a7c-7e08-456f-b1e7-daa1d203739e 195388c7368f45b297d3132f3faedf6d 514139525ea4450db9b0461b44c1a00b - - 1f5d7c4db1634f5ebb71649d6b9cb938 1f5d7c4db1634f5ebb71649d6b9cb938] 199.204.45.95 "GET /resource_providers/1f3caa17-32b3-4bc4-8ca2-f0db73b94fe0/allocations" status: 200 len: 54 microversion: 1.0 [pid: 8|app: 0|req: 296/591] 199.204.45.95 () {32 vars in 856 bytes} [Thu Jul 23 04:31:12 2026] GET /resource_providers/1f3caa17-32b3-4bc4-8ca2-f0db73b94fe0/allocations => generated 54 bytes in 150 msecs (HTTP/1.1 200) 6 headers in 223 bytes (1 switches on core 0)
2026-07-23 04:31:12.424 7 INFO placement.requestlog [req-93831acb-0494-4024-ab09-c165842c7e18 req-eb594f24-b9d9-43f2-8498-e692a4253ed4 195388c7368f45b297d3132f3faedf6d 514139525ea4450db9b0461b44c1a00b - - 1f5d7c4db1634f5ebb71649d6b9cb938 1f5d7c4db1634f5ebb71649d6b9cb938] 199.204.45.95 "GET /resource_providers?in_tree=1f3caa17-32b3-4bc4-8ca2-f0db73b94fe0" status: 200 len: 797 microversion: 1.14 [pid: 7|app: 0|req: 296/592] 199.204.45.95 () {34 vars in 891 bytes} [Thu Jul 23 04:31:12 2026] GET /resource_providers?in_tree=1f3caa17-32b3-4bc4-8ca2-f0db73b94fe0 => generated 797 bytes in 21 msecs (HTTP/1.1 200) 6 headers in 225 bytes (1 switches on core 0)
2026-07-23 04:31:12.454 8 INFO placement.requestlog [req-93831acb-0494-4024-ab09-c165842c7e18 req-c26f84f9-9c4a-4ff4-8629-ff04285c2c0d 195388c7368f45b297d3132f3faedf6d 514139525ea4450db9b0461b44c1a00b - - 1f5d7c4db1634f5ebb71649d6b9cb938 1f5d7c4db1634f5ebb71649d6b9cb938] 199.204.45.95 "GET /resource_providers/1f3caa17-32b3-4bc4-8ca2-f0db73b94fe0/inventories" status: 200 len: 400 microversion: 1.0 [pid: 8|app: 0|req: 297/593] 199.204.45.95 () {32 vars in 856 bytes} [Thu Jul 23 04:31:12 2026] GET /resource_providers/1f3caa17-32b3-4bc4-8ca2-f0db73b94fe0/inventories => generated 400 bytes in 18 msecs (HTTP/1.1 200) 6 headers in 224 bytes (1 switches on core 0)
2026-07-23 04:31:12.472 7 INFO placement.requestlog [req-93831acb-0494-4024-ab09-c165842c7e18 req-ac77f189-d3e9-4436-90b4-b8f1d2f5e1b8 195388c7368f45b297d3132f3faedf6d 514139525ea4450db9b0461b44c1a00b - - 1f5d7c4db1634f5ebb71649d6b9cb938 1f5d7c4db1634f5ebb71649d6b9cb938] 199.204.45.95 "GET /resource_providers/1f3caa17-32b3-4bc4-8ca2-f0db73b94fe0/aggregates" status: 200 len: 53 microversion: 1.19 [pid: 7|app: 0|req: 297/594] 199.204.45.95 () {34 vars in 898 bytes} [Thu Jul 23 04:31:12 2026] GET /resource_providers/1f3caa17-32b3-4bc4-8ca2-f0db73b94fe0/aggregates => generated 53 bytes in 11 msecs (HTTP/1.1 200) 8 headers in 295 bytes (1 switches on core 0)
2026-07-23 04:31:12.498 8 INFO placement.requestlog [req-93831acb-0494-4024-ab09-c165842c7e18 req-458cea39-e3d1-46f0-a5ea-fbcfef8a195d 195388c7368f45b297d3132f3faedf6d 514139525ea4450db9b0461b44c1a00b - - 1f5d7c4db1634f5ebb71649d6b9cb938 1f5d7c4db1634f5ebb71649d6b9cb938] 199.204.45.95 "GET /resource_providers/1f3caa17-32b3-4bc4-8ca2-f0db73b94fe0/traits" status: 200 len: 2316 microversion: 1.6 [pid: 8|app: 0|req: 298/595] 199.204.45.95 () {34 vars in 889 bytes} [Thu Jul 23 04:31:12 2026] GET /resource_providers/1f3caa17-32b3-4bc4-8ca2-f0db73b94fe0/traits => generated 2316 bytes in 21 msecs (HTTP/1.1 200) 6 headers in 225 bytes (1 switches on core 0)
2026-07-23 04:31:12.518 7 INFO placement.requestlog [req-93831acb-0494-4024-ab09-c165842c7e18 req-7234ddf1-2eec-4419-ae0f-c8d27db30043 195388c7368f45b297d3132f3faedf6d 514139525ea4450db9b0461b44c1a00b - - 1f5d7c4db1634f5ebb71649d6b9cb938 1f5d7c4db1634f5ebb71649d6b9cb938] 199.204.45.95 "GET /resource_providers/1f3caa17-32b3-4bc4-8ca2-f0db73b94fe0/allocations" status: 200 len: 54 microversion: 1.0 [pid: 7|app: 0|req: 298/596] 199.204.45.95 () {32 vars in 856 bytes} [Thu Jul 23 04:31:12 2026] GET /resource_providers/1f3caa17-32b3-4bc4-8ca2-f0db73b94fe0/allocations => generated 54 bytes in 13 msecs (HTTP/1.1 200) 6 headers in 223 bytes (1 switches on core 0)
2026-07-23 04:31:21.469 7 INFO placement.requestlog [None req-a7f0ce3d-8eb7-4a62-9f58-87d3aaf64b50 - - - - - -] 10.0.0.62 "GET /" status: 200 len: 136 microversion: 1.0
2026-07-23 04:31:21.469 8 INFO placement.requestlog [None req-3a97984f-5e73-4bf9-8b4c-68d9227ca0a7 - - - - - -] 10.0.0.62 "GET /" status: 200 len: 136 microversion: 1.0
2026-07-23 04:31:31.469 8 INFO placement.requestlog [None req-f44d73d1-3e46-4379-8ca8-3b55c7d78f50 - - - - - -] 10.0.0.62 "GET /" status: 200 len: 136 microversion: 1.0
2026-07-23 04:31:31.469 7 INFO placement.requestlog [None req-d860787a-5506-443b-acd4-6f70833ddf75 - - - - - -] 10.0.0.62 "GET /" status: 200 len: 136 microversion: 1.0
2026-07-23 04:31:41.469 7 INFO placement.requestlog [None req-1d849277-9a20-4966-bb63-1485c4f4d1a9 - - - - - -] 10.0.0.62 "GET /" status: 200 len: 136 microversion: 1.0
2026-07-23 04:31:41.469 8 INFO placement.requestlog [None req-1111bf9d-6e8e-4e73-80db-57ad7f8099a4 - - - - - -] 10.0.0.62 "GET /" status: 200 len: 136 microversion: 1.0
2026-07-23 04:31:51.468 8 INFO placement.requestlog [None req-c9e5ec15-acb6-494b-a48f-22e44f31ceb9 - - - - - -] 10.0.0.62 "GET /" status: 200 len: 136 microversion: 1.0
2026-07-23 04:31:51.468 7 INFO placement.requestlog [None req-7e84c465-3a12-43de-95ad-79264fa9e388 - - - - - -] 10.0.0.62 "GET /" status: 200 len: 136 microversion: 1.0
2026-07-23 04:32:01.469 7 INFO placement.requestlog [None req-84561cad-36f5-45ba-afdf-74828f4589e6 - - - - - -] 10.0.0.62 "GET /" status: 200 len: 136 microversion: 1.0
2026-07-23 04:32:01.469 8 INFO placement.requestlog [None req-51803371-1350-4d7e-bbd1-a754e8dcb3a7 - - - - - -] 10.0.0.62 "GET /" status: 200 len: 136 microversion: 1.0
2026-07-23 04:32:11.468 8 INFO placement.requestlog [None req-3723d970-8acc-48d4-95fe-6a030409c04c - - - - - -] 10.0.0.62 "GET /" status: 200 len: 136 microversion: 1.0
2026-07-23 04:32:11.468 7 INFO placement.requestlog [None req-a0a03535-3ee0-458e-b914-4c3f89890bf4 - - - - - -] 10.0.0.62 "GET /" status: 200 len: 136 microversion: 1.0
2026-07-23 04:32:12.300 8 INFO placement.requestlog [req-f9e37ffc-ac7c-430e-b4ec-49d5d67533da req-6f7a3a76-e0a2-4b83-a036-d8a83b797e50 195388c7368f45b297d3132f3faedf6d 514139525ea4450db9b0461b44c1a00b - - 1f5d7c4db1634f5ebb71649d6b9cb938 1f5d7c4db1634f5ebb71649d6b9cb938] 199.204.45.95 "GET /resource_providers/1f3caa17-32b3-4bc4-8ca2-f0db73b94fe0/allocations" status: 200 len: 54 microversion: 1.0 [pid: 8|app: 0|req: 305/609] 199.204.45.95 () {32 vars in 856 bytes} [Thu Jul 23 04:32:12 2026] GET /resource_providers/1f3caa17-32b3-4bc4-8ca2-f0db73b94fe0/allocations => generated 54 bytes in 30 msecs (HTTP/1.1 200) 6 headers in 223 bytes (1 switches on core 0)
2026-07-23 04:32:12.328 7 INFO placement.requestlog [req-f9e37ffc-ac7c-430e-b4ec-49d5d67533da req-bd27717f-269a-4a17-986c-942b84be2759 195388c7368f45b297d3132f3faedf6d 514139525ea4450db9b0461b44c1a00b - - 1f5d7c4db1634f5ebb71649d6b9cb938 1f5d7c4db1634f5ebb71649d6b9cb938] 199.204.45.95 "GET /resource_providers/1f3caa17-32b3-4bc4-8ca2-f0db73b94fe0/allocations" status: 200 len: 54 microversion: 1.0 [pid: 7|app: 0|req: 305/610] 199.204.45.95 () {32 vars in 856 bytes} [Thu Jul 23 04:32:12 2026] GET /resource_providers/1f3caa17-32b3-4bc4-8ca2-f0db73b94fe0/allocations => generated 54 bytes in 15 msecs (HTTP/1.1 200) 6 headers in 223 bytes (1 switches on core 0)
2026-07-23 04:32:21.469 8 INFO placement.requestlog [None req-88159e8e-b5a9-408f-9e87-a49e5deb7931 - - - - - -] 10.0.0.62 "GET /" status: 200 len: 136 microversion: 1.0
2026-07-23 04:32:21.470 7 INFO placement.requestlog [None req-386ab082-21e4-41f4-97de-a07b29a7620f - - - - - -] 10.0.0.62 "GET /" status: 200 len: 136 microversion: 1.0
2026-07-23 04:32:31.469 7 INFO placement.requestlog [None req-3c57c4d2-aa65-452b-9188-c46bb24f10ec - - - - - -] 10.0.0.62 "GET /" status: 200 len: 136 microversion: 1.0
2026-07-23 04:32:31.469 8 INFO placement.requestlog [None req-eaeaf7ab-2391-4d47-979b-92094ce6e133 - - - - - -] 10.0.0.62 "GET /" status: 200 len: 136 microversion: 1.0
2026-07-23 04:32:41.469 7 INFO placement.requestlog [None req-41487f8e-b055-4000-8b61-e7d51d1ec8d7 - - - - - -] 10.0.0.62 "GET /" status: 200 len: 136 microversion: 1.0
2026-07-23 04:32:41.469 8 INFO placement.requestlog [None req-ebcd8266-88e9-4938-b124-32dd59ae3463 - - - - - -] 10.0.0.62 "GET /" status: 200 len: 136 microversion: 1.0
2026-07-23 04:32:51.469 8 INFO placement.requestlog [None req-fa9c2a99-868c-4e4d-8048-5837f180c52e - - - - - -] 10.0.0.62 "GET /" status: 200 len: 136 microversion: 1.0
2026-07-23 04:32:51.471 7 INFO placement.requestlog [None req-921146bf-7a32-45d0-ae9e-f7fd874d60c2 - - - - - -] 10.0.0.62 "GET /" status: 200 len: 136 microversion: 1.0
2026-07-23 04:33:01.469 7 INFO placement.requestlog [None req-1f8bf3bd-9e11-4709-a729-7253949f374d - - - - - -] 10.0.0.62 "GET /" status: 200 len: 136 microversion: 1.0
2026-07-23 04:33:01.470 8 INFO placement.requestlog [None req-c066ca06-b1ff-4b43-a0cf-21396888dfc2 - - - - - -] 10.0.0.62 "GET /" status: 200 len: 136 microversion: 1.0
2026-07-23 04:33:11.469 7 INFO placement.requestlog [None req-7d829378-9497-4302-95b6-c0270da84fbb - - - - - -] 10.0.0.62 "GET /" status: 200 len: 136 microversion: 1.0
2026-07-23 04:33:11.469 8 INFO placement.requestlog [None req-26e25ed0-0353-4d51-ad7c-b32672a5d93e - - - - - -] 10.0.0.62 "GET /" status: 200 len: 136 microversion: 1.0
2026-07-23 04:33:14.262 7 INFO placement.requestlog [req-b8d660e0-08a6-4c6d-8dcd-cf1022ca3aa0 req-4b09e960-431c-4b94-bc53-c8c9cb9804dd 195388c7368f45b297d3132f3faedf6d 514139525ea4450db9b0461b44c1a00b - - 1f5d7c4db1634f5ebb71649d6b9cb938 1f5d7c4db1634f5ebb71649d6b9cb938] 199.204.45.95 "GET /resource_providers/1f3caa17-32b3-4bc4-8ca2-f0db73b94fe0/allocations" status: 200 len: 54 microversion: 1.0 [pid: 7|app: 0|req: 312/623] 199.204.45.95 () {32 vars in 856 bytes} [Thu Jul 23 04:33:14 2026] GET /resource_providers/1f3caa17-32b3-4bc4-8ca2-f0db73b94fe0/allocations => generated 54 bytes in 18 msecs (HTTP/1.1 200) 6 headers in 223 bytes (1 switches on core 0)
2026-07-23 04:33:14.295 8 INFO placement.requestlog [req-b8d660e0-08a6-4c6d-8dcd-cf1022ca3aa0 req-ca2c17a9-52df-44a3-9320-2d2336bb0e3a 195388c7368f45b297d3132f3faedf6d 514139525ea4450db9b0461b44c1a00b - - 1f5d7c4db1634f5ebb71649d6b9cb938 1f5d7c4db1634f5ebb71649d6b9cb938] 199.204.45.95 "GET /resource_providers/1f3caa17-32b3-4bc4-8ca2-f0db73b94fe0/allocations" status: 200 len: 54 microversion: 1.0 [pid: 8|app: 0|req: 312/624] 199.204.45.95 () {32 vars in 856 bytes} [Thu Jul 23 04:33:14 2026] GET /resource_providers/1f3caa17-32b3-4bc4-8ca2-f0db73b94fe0/allocations => generated 54 bytes in 21 msecs (HTTP/1.1 200) 6 headers in 223 bytes (1 switches on core 0)
2026-07-23 04:33:21.468 8 INFO placement.requestlog [None req-81fabee9-92d8-4a41-a81c-bbc2147bae84 - - - - - -] 10.0.0.62 "GET /" status: 200 len: 136 microversion: 1.0
2026-07-23 04:33:21.469 7 INFO placement.requestlog [None req-649e8dd7-2b8c-43b2-a94c-3cfd842a61b4 - - - - - -] 10.0.0.62 "GET /" status: 200 len: 136 microversion: 1.0
2026-07-23 04:33:31.469 8 INFO placement.requestlog [None req-45dbeb6c-738f-4d4e-aeb4-00a52cc61986 - - - - - -] 10.0.0.62 "GET /" status: 200 len: 136 microversion: 1.0
2026-07-23 04:33:31.469 7 INFO placement.requestlog [None req-5861ac96-b0a7-4397-829d-2e492b140503 - - - - - -] 10.0.0.62 "GET /" status: 200 len: 136 microversion: 1.0
2026-07-23 04:33:41.469 8 INFO placement.requestlog [None req-1037cc9d-295d-4923-b4fe-5c0732d6e330 - - - - - -] 10.0.0.62 "GET /" status: 200 len: 136 microversion: 1.0
2026-07-23 04:33:41.470 7 INFO placement.requestlog [None req-1b903885-3175-4cd8-8e24-db50fac81ac4 - - - - - -] 10.0.0.62 "GET /" status: 200 len: 136 microversion: 1.0
2026-07-23 04:33:51.469 8 INFO placement.requestlog [None req-d3aec1b9-90c8-4a2b-a721-292efe95b634 - - - - - -] 10.0.0.62 "GET /" status: 200 len: 136 microversion: 1.0
2026-07-23 04:33:51.469 7 INFO placement.requestlog [None req-2fdbdfb2-079b-4238-8432-0eb71619f62a - - - - - -] 10.0.0.62 "GET /" status: 200 len: 136 microversion: 1.0
2026-07-23 04:34:01.468 8 INFO placement.requestlog [None req-a3a872a0-b361-40e8-a24f-6a1116eec11a - - - - - -] 10.0.0.62 "GET /" status: 200 len: 136 microversion: 1.0
2026-07-23 04:34:01.469 7 INFO placement.requestlog [None req-0eaa6cbe-a162-4c3c-9c94-5a377885db0c - - - - - -] 10.0.0.62 "GET /" status: 200 len: 136 microversion: 1.0
2026-07-23 04:34:11.468 8 INFO placement.requestlog [None req-5d5df636-8d64-45fa-9e96-e36318e133e0 - - - - - -] 10.0.0.62 "GET /" status: 200 len: 136 microversion: 1.0
2026-07-23 04:34:11.469 7 INFO placement.requestlog [None req-bddf8eee-1980-4745-95d5-4858b1c7807a - - - - - -] 10.0.0.62 "GET /" status: 200 len: 136 microversion: 1.0
2026-07-23 04:34:16.261 8 INFO placement.requestlog [req-55a2fb4d-d57d-42ff-b629-56f2ac6ac845 req-6545acc5-9518-4482-a564-7dc3534b166a 195388c7368f45b297d3132f3faedf6d 514139525ea4450db9b0461b44c1a00b - - 1f5d7c4db1634f5ebb71649d6b9cb938 1f5d7c4db1634f5ebb71649d6b9cb938] 199.204.45.95 "GET /resource_providers/1f3caa17-32b3-4bc4-8ca2-f0db73b94fe0/allocations" status: 200 len: 54 microversion: 1.0 [pid: 8|app: 0|req: 319/637] 199.204.45.95 () {32 vars in 856 bytes} [Thu Jul 23 04:34:16 2026] GET /resource_providers/1f3caa17-32b3-4bc4-8ca2-f0db73b94fe0/allocations => generated 54 bytes in 16 msecs (HTTP/1.1 200) 6 headers in 223 bytes (1 switches on core 0)
2026-07-23 04:34:16.286 7 INFO placement.requestlog [req-55a2fb4d-d57d-42ff-b629-56f2ac6ac845 req-a1e4409d-749e-4d7e-a810-24d27036e7b6 195388c7368f45b297d3132f3faedf6d 514139525ea4450db9b0461b44c1a00b - - 1f5d7c4db1634f5ebb71649d6b9cb938 1f5d7c4db1634f5ebb71649d6b9cb938] 199.204.45.95 "GET /resource_providers/1f3caa17-32b3-4bc4-8ca2-f0db73b94fe0/allocations" status: 200 len: 54 microversion: 1.0 [pid: 7|app: 0|req: 319/638] 199.204.45.95 () {32 vars in 856 bytes} [Thu Jul 23 04:34:16 2026] GET /resource_providers/1f3caa17-32b3-4bc4-8ca2-f0db73b94fe0/allocations => generated 54 bytes in 16 msecs (HTTP/1.1 200) 6 headers in 223 bytes (1 switches on core 0)
2026-07-23 04:34:21.469 7 INFO placement.requestlog [None req-e005771d-db0d-4160-aead-b4fff329bd81 - - - - - -] 10.0.0.62 "GET /" status: 200 len: 136 microversion: 1.0
2026-07-23 04:34:21.469 8 INFO placement.requestlog [None req-09853555-4dd9-43b5-937f-746714c50919 - - - - - -] 10.0.0.62 "GET /" status: 200 len: 136 microversion: 1.0
2026-07-23 04:34:31.469 7 INFO placement.requestlog [None req-3f7210ce-e722-481c-b60f-bb72b675f310 - - - - - -] 10.0.0.62 "GET /" status: 200 len: 136 microversion: 1.0
2026-07-23 04:34:31.469 8 INFO placement.requestlog [None req-743a2d21-d043-42c6-8d0f-15146557f735 - - - - - -] 10.0.0.62 "GET /" status: 200 len: 136 microversion: 1.0
2026-07-23 04:34:41.469 7 INFO placement.requestlog [None req-64234170-cafc-4337-859f-c153cc26ff81 - - - - - -] 10.0.0.62 "GET /" status: 200 len: 136 microversion: 1.0
2026-07-23 04:34:41.469 8 INFO placement.requestlog [None req-35413126-5a8c-4490-be74-e4236a6c967c - - - - - -] 10.0.0.62 "GET /" status: 200 len: 136 microversion: 1.0
2026-07-23 04:34:51.470 8 INFO placement.requestlog [None req-4c4d7bc1-86b2-4467-8130-dbbc6c274bf5 - - - - - -] 10.0.0.62 "GET /" status: 200 len: 136 microversion: 1.0
2026-07-23 04:34:51.471 7 INFO placement.requestlog [None req-d1590f27-d37e-46bb-a5dd-2ffe39efb629 - - - - - -] 10.0.0.62 "GET /" status: 200 len: 136 microversion: 1.0
2026-07-23 04:35:01.470 8 INFO placement.requestlog [None req-0f1235f3-ac38-4177-a3a6-3c7e7dc89acc - - - - - -] 10.0.0.62 "GET /" status: 200 len: 136 microversion: 1.0
2026-07-23 04:35:01.470 7 INFO placement.requestlog [None req-2a6b3464-339a-4ee0-bbfc-d732bf688f31 - - - - - -] 10.0.0.62 "GET /" status: 200 len: 136 microversion: 1.0
2026-07-23 04:35:11.469 7 INFO placement.requestlog [None req-016ab4dc-2fd8-4087-a9f3-5d58e00b3ffb - - - - - -] 10.0.0.62 "GET /" status: 200 len: 136 microversion: 1.0
2026-07-23 04:35:11.469 8 INFO placement.requestlog [None req-12547517-f32d-4a2a-b872-03f1d785e6d0 - - - - - -] 10.0.0.62 "GET /" status: 200 len: 136 microversion: 1.0
2026-07-23 04:35:17.761 7 INFO placement.requestlog [req-f10f95d9-a877-4a95-a09a-551ebe10fc36 req-c4335cc6-6610-4515-84a1-382ef3d6e308 195388c7368f45b297d3132f3faedf6d 514139525ea4450db9b0461b44c1a00b - - 1f5d7c4db1634f5ebb71649d6b9cb938 1f5d7c4db1634f5ebb71649d6b9cb938] 199.204.45.95 "GET /resource_providers/1f3caa17-32b3-4bc4-8ca2-f0db73b94fe0/allocations" status: 200 len: 54 microversion: 1.0 [pid: 7|app: 0|req: 326/651] 199.204.45.95 () {32 vars in 856 bytes} [Thu Jul 23 04:35:17 2026] GET /resource_providers/1f3caa17-32b3-4bc4-8ca2-f0db73b94fe0/allocations => generated 54 bytes in 18 msecs (HTTP/1.1 200) 6 headers in 223 bytes (1 switches on core 0)
2026-07-23 04:35:17.785 8 INFO placement.requestlog [req-f10f95d9-a877-4a95-a09a-551ebe10fc36 req-595f3f02-4917-4adf-a839-b3dd15068f4a 195388c7368f45b297d3132f3faedf6d 514139525ea4450db9b0461b44c1a00b - - 1f5d7c4db1634f5ebb71649d6b9cb938 1f5d7c4db1634f5ebb71649d6b9cb938] 199.204.45.95 "GET /resource_providers/1f3caa17-32b3-4bc4-8ca2-f0db73b94fe0/allocations" status: 200 len: 54 microversion: 1.0 [pid: 8|app: 0|req: 326/652] 199.204.45.95 () {32 vars in 856 bytes} [Thu Jul 23 04:35:17 2026] GET /resource_providers/1f3caa17-32b3-4bc4-8ca2-f0db73b94fe0/allocations => generated 54 bytes in 15 msecs (HTTP/1.1 200) 6 headers in 223 bytes (1 switches on core 0)
2026-07-23 04:35:21.469 7 INFO placement.requestlog [None req-d4b3e063-6799-46b0-ac25-224521cf1e51 - - - - - -] 10.0.0.62 "GET /" status: 200 len: 136 microversion: 1.0
2026-07-23 04:35:21.470 8 INFO placement.requestlog [None req-301f308c-762c-4ce0-8cb0-4ee1d5cf6637 - - - - - -] 10.0.0.62 "GET /" status: 200 len: 136 microversion: 1.0
2026-07-23 04:35:31.469 8 INFO placement.requestlog [None req-deab9850-12d2-4ab2-b1b2-b7e49aee7d8f - - - - - -] 10.0.0.62 "GET /" status: 200 len: 136 microversion: 1.0
2026-07-23 04:35:31.470 7 INFO placement.requestlog [None req-3e6a758e-615a-4c25-9ca8-d7d4533c07a8 - - - - - -] 10.0.0.62 "GET /" status: 200 len: 136 microversion: 1.0
2026-07-23 04:35:38.913 8 INFO placement.requestlog [req-6ffe2706-37ad-4ba6-b5cc-ca68c6cda26c req-9b504bcd-fab7-4205-960b-18f10b7e539f 195388c7368f45b297d3132f3faedf6d 514139525ea4450db9b0461b44c1a00b - - 1f5d7c4db1634f5ebb71649d6b9cb938 1f5d7c4db1634f5ebb71649d6b9cb938] 10.0.0.144 "GET /allocation_candidates?limit=1000&resources=DISK_GB%3A1%2CMEMORY_MB%3A512%2CVCPU%3A1&root_required=%21COMPUTE_STATUS_DISABLED" status: 200 len: 2781 microversion: 1.36 [pid: 8|app: 0|req: 329/657] 10.0.0.144 () {34 vars in 1012 bytes} [Thu Jul 23 04:35:38 2026] GET /allocation_candidates?limit=1000&resources=DISK_GB%3A1%2CMEMORY_MB%3A512%2CVCPU%3A1&root_required=%21COMPUTE_STATUS_DISABLED => generated 2781 bytes in 168 msecs (HTTP/1.1 200) 8 headers in 297 bytes (1 switches on core 0)
2026-07-23 04:35:38.965 7 INFO placement.requestlog [req-6ffe2706-37ad-4ba6-b5cc-ca68c6cda26c req-7c357cd2-5960-475e-a1e4-6307435c2f8b 195388c7368f45b297d3132f3faedf6d 514139525ea4450db9b0461b44c1a00b - - 1f5d7c4db1634f5ebb71649d6b9cb938 1f5d7c4db1634f5ebb71649d6b9cb938] 10.0.0.144 "GET /allocations/eee728cf-2d5e-4ae6-90fe-31c8870bf70e" status: 200 len: 19 microversion: 1.28 [pid: 7|app: 0|req: 329/658] 10.0.0.144 () {34 vars in 861 bytes} [Thu Jul 23 04:35:38 2026] GET /allocations/eee728cf-2d5e-4ae6-90fe-31c8870bf70e => generated 19 bytes in 10 msecs (HTTP/1.1 200) 8 headers in 295 bytes (1 switches on core 0)
2026-07-23 04:35:39.071 8 INFO placement.requestlog [req-6ffe2706-37ad-4ba6-b5cc-ca68c6cda26c req-05c1396c-f5eb-4a24-9c12-7c7148f02b48 195388c7368f45b297d3132f3faedf6d 514139525ea4450db9b0461b44c1a00b - - 1f5d7c4db1634f5ebb71649d6b9cb938 1f5d7c4db1634f5ebb71649d6b9cb938] 10.0.0.144 "PUT /allocations/eee728cf-2d5e-4ae6-90fe-31c8870bf70e" status: 204 len: 0 microversion: 1.36 [pid: 8|app: 0|req: 330/659] 10.0.0.144 () {38 vars in 914 bytes} [Thu Jul 23 04:35:38 2026] PUT /allocations/eee728cf-2d5e-4ae6-90fe-31c8870bf70e => generated 0 bytes in 98 msecs (HTTP/1.1 204) 5 headers in 199 bytes (1 switches on core 0)
2026-07-23 04:35:40.735 7 INFO placement.requestlog [req-6ffe2706-37ad-4ba6-b5cc-ca68c6cda26c req-48599406-86e1-4683-95ac-e3e28a086717 195388c7368f45b297d3132f3faedf6d 514139525ea4450db9b0461b44c1a00b - - 1f5d7c4db1634f5ebb71649d6b9cb938 1f5d7c4db1634f5ebb71649d6b9cb938] 199.204.45.95 "GET /allocations/eee728cf-2d5e-4ae6-90fe-31c8870bf70e" status: 200 len: 257 microversion: 1.28 [pid: 7|app: 0|req: 330/660] 199.204.45.95 () {34 vars in 862 bytes} [Thu Jul 23 04:35:40 2026] GET /allocations/eee728cf-2d5e-4ae6-90fe-31c8870bf70e => generated 257 bytes in 13 msecs (HTTP/1.1 200) 8 headers in 296 bytes (1 switches on core 0)
2026-07-23 04:35:41.469 8 INFO placement.requestlog [None req-71c48ea2-db08-4e2e-810e-817e293db09c - - - - - -] 10.0.0.62 "GET /" status: 200 len: 136 microversion: 1.0
2026-07-23 04:35:41.469 7 INFO placement.requestlog [None req-1cdefd0e-0472-4bb5-8eb1-8436bf816c5c - - - - - -] 10.0.0.62 "GET /" status: 200 len: 136 microversion: 1.0
2026-07-23 04:35:41.584 8 INFO placement.requestlog [None req-8252d4dc-1737-4399-ba85-410a2035b5d2 d73940b02dc3464f8a57faeb0b0deb1b 514139525ea4450db9b0461b44c1a00b - - 1f5d7c4db1634f5ebb71649d6b9cb938 1f5d7c4db1634f5ebb71649d6b9cb938] 10.0.0.173 "GET /resource_providers/53272cd7-8bf6-4619-a69b-d36994c2d23e/aggregates" status: 404 len: 235 microversion: 1.1 [pid: 8|app: 0|req: 332/663] 10.0.0.173 () {32 vars in 816 bytes} [Thu Jul 23 04:35:41 2026] GET /resource_providers/53272cd7-8bf6-4619-a69b-d36994c2d23e/aggregates => generated 235 bytes in 48 msecs (HTTP/1.1 404) 5 headers in 202 bytes (1 switches on core 0)
2026-07-23 04:35:41.608 7 INFO placement.requestlog [None req-6237f1a4-f414-44e3-a9cb-4a66f7d3dad1 d73940b02dc3464f8a57faeb0b0deb1b 514139525ea4450db9b0461b44c1a00b - - 1f5d7c4db1634f5ebb71649d6b9cb938 1f5d7c4db1634f5ebb71649d6b9cb938] 10.0.0.173 "GET /resource_providers/53272cd7-8bf6-4619-a69b-d36994c2d23e/aggregates" status: 404 len: 235 microversion: 1.1 [pid: 7|app: 0|req: 332/664] 10.0.0.173 () {32 vars in 816 bytes} [Thu Jul 23 04:35:41 2026] GET /resource_providers/53272cd7-8bf6-4619-a69b-d36994c2d23e/aggregates => generated 235 bytes in 56 msecs (HTTP/1.1 404) 5 headers in 202 bytes (1 switches on core 0)
2026-07-23 04:35:41.611 8 INFO placement.requestlog [None req-b006d669-e471-4439-9df4-87a6a3292aea d73940b02dc3464f8a57faeb0b0deb1b 514139525ea4450db9b0461b44c1a00b - - 1f5d7c4db1634f5ebb71649d6b9cb938 1f5d7c4db1634f5ebb71649d6b9cb938] 10.0.0.173 "DELETE /resource_providers/53272cd7-8bf6-4619-a69b-d36994c2d23e" status: 404 len: 246 microversion: 1.1 [pid: 8|app: 0|req: 333/665] 10.0.0.173 () {34 vars in 816 bytes} [Thu Jul 23 04:35:41 2026] DELETE /resource_providers/53272cd7-8bf6-4619-a69b-d36994c2d23e => generated 246 bytes in 14 msecs (HTTP/1.1 404) 6 headers in 231 bytes (1 switches on core 0)
2026-07-23 04:35:41.638 7 INFO placement.requestlog [None req-95dd1402-f376-42b1-b8a7-c3ab061bd24a d73940b02dc3464f8a57faeb0b0deb1b 514139525ea4450db9b0461b44c1a00b - - 1f5d7c4db1634f5ebb71649d6b9cb938 1f5d7c4db1634f5ebb71649d6b9cb938] 10.0.0.173 "DELETE /resource_providers/53272cd7-8bf6-4619-a69b-d36994c2d23e" status: 404 len: 246 microversion: 1.1 [pid: 7|app: 0|req: 333/666] 10.0.0.173 () {34 vars in 816 bytes} [Thu Jul 23 04:35:41 2026] DELETE /resource_providers/53272cd7-8bf6-4619-a69b-d36994c2d23e => generated 246 bytes in 16 msecs (HTTP/1.1 404) 6 headers in 231 bytes (1 switches on core 0)
2026-07-23 04:35:41.783 8 INFO placement.requestlog [req-6ffe2706-37ad-4ba6-b5cc-ca68c6cda26c req-44390729-d34f-4e7b-a1f4-f7bc610b9c87 195388c7368f45b297d3132f3faedf6d 514139525ea4450db9b0461b44c1a00b - - 1f5d7c4db1634f5ebb71649d6b9cb938 1f5d7c4db1634f5ebb71649d6b9cb938] 199.204.45.95 "GET /resource_providers/1f3caa17-32b3-4bc4-8ca2-f0db73b94fe0/allocations" status: 200 len: 152 microversion: 1.0 [pid: 8|app: 0|req: 334/667] 199.204.45.95 () {32 vars in 856 bytes} [Thu Jul 23 04:35:41 2026] GET /resource_providers/1f3caa17-32b3-4bc4-8ca2-f0db73b94fe0/allocations => generated 152 bytes in 17 msecs (HTTP/1.1 200) 6 headers in 224 bytes (1 switches on core 0)
2026-07-23 04:35:41.810 7 INFO placement.requestlog [req-6ffe2706-37ad-4ba6-b5cc-ca68c6cda26c req-d531d26f-f164-4912-a729-2641cccb36bb 195388c7368f45b297d3132f3faedf6d 514139525ea4450db9b0461b44c1a00b - - 1f5d7c4db1634f5ebb71649d6b9cb938 1f5d7c4db1634f5ebb71649d6b9cb938] 199.204.45.95 "GET /allocations/eee728cf-2d5e-4ae6-90fe-31c8870bf70e" status: 200 len: 257 microversion: 1.28 [pid: 7|app: 0|req: 334/668] 199.204.45.95 () {34 vars in 862 bytes} [Thu Jul 23 04:35:41 2026] GET /allocations/eee728cf-2d5e-4ae6-90fe-31c8870bf70e => generated 257 bytes in 21 msecs (HTTP/1.1 200) 8 headers in 296 bytes (1 switches on core 0)
2026-07-23 04:35:43.256 8 INFO placement.requestlog [None req-a071ec58-abfa-4b57-a03f-6e82f0dcb8c9 d73940b02dc3464f8a57faeb0b0deb1b 514139525ea4450db9b0461b44c1a00b - - 1f5d7c4db1634f5ebb71649d6b9cb938 1f5d7c4db1634f5ebb71649d6b9cb938] 10.0.0.173 "GET /resource_providers/c9a89594-8b2d-40f1-bcae-aa229e266e74/aggregates" status: 404 len: 235 microversion: 1.1 [pid: 8|app: 0|req: 335/669] 10.0.0.173 () {32 vars in 816 bytes} [Thu Jul 23 04:35:42 2026] GET /resource_providers/c9a89594-8b2d-40f1-bcae-aa229e266e74/aggregates => generated 235 bytes in 265 msecs (HTTP/1.1 404) 5 headers in 202 bytes (1 switches on core 0)
2026-07-23 04:35:43.274 8 INFO placement.requestlog [None req-8fdae0b5-9f54-4bd6-a24c-4d1c88ac2275 d73940b02dc3464f8a57faeb0b0deb1b 514139525ea4450db9b0461b44c1a00b - - 1f5d7c4db1634f5ebb71649d6b9cb938 1f5d7c4db1634f5ebb71649d6b9cb938] 10.0.0.173 "DELETE /resource_providers/c9a89594-8b2d-40f1-bcae-aa229e266e74" status: 404 len: 246 microversion: 1.1 [pid: 8|app: 0|req: 336/670] 10.0.0.173 () {34 vars in 816 bytes} [Thu Jul 23 04:35:43 2026] DELETE /resource_providers/c9a89594-8b2d-40f1-bcae-aa229e266e74 => generated 246 bytes in 11 msecs (HTTP/1.1 404) 6 headers in 231 bytes (1 switches on core 0)
2026-07-23 04:35:43.313 7 INFO placement.requestlog [None req-244e1b8f-4087-4f1f-88e4-453ca2628356 d73940b02dc3464f8a57faeb0b0deb1b 514139525ea4450db9b0461b44c1a00b - - 1f5d7c4db1634f5ebb71649d6b9cb938 1f5d7c4db1634f5ebb71649d6b9cb938] 10.0.0.173 "GET /resource_providers/c9a89594-8b2d-40f1-bcae-aa229e266e74/aggregates" status: 404 len: 235 microversion: 1.1 [pid: 7|app: 0|req: 335/671] 10.0.0.173 () {32 vars in 816 bytes} [Thu Jul 23 04:35:42 2026] GET /resource_providers/c9a89594-8b2d-40f1-bcae-aa229e266e74/aggregates => generated 235 bytes in 321 msecs (HTTP/1.1 404) 5 headers in 202 bytes (1 switches on core 0)
2026-07-23 04:35:43.330 8 INFO placement.requestlog [None req-87e2d428-0ac4-45a9-9379-e6045d5eb6e2 d73940b02dc3464f8a57faeb0b0deb1b 514139525ea4450db9b0461b44c1a00b - - 1f5d7c4db1634f5ebb71649d6b9cb938 1f5d7c4db1634f5ebb71649d6b9cb938] 10.0.0.173 "DELETE /resource_providers/c9a89594-8b2d-40f1-bcae-aa229e266e74" status: 404 len: 246 microversion: 1.1 [pid: 8|app: 0|req: 337/672] 10.0.0.173 () {34 vars in 816 bytes} [Thu Jul 23 04:35:43 2026] DELETE /resource_providers/c9a89594-8b2d-40f1-bcae-aa229e266e74 => generated 246 bytes in 10 msecs (HTTP/1.1 404) 6 headers in 231 bytes (1 switches on core 0)
2026-07-23 04:35:43.639 7 INFO placement.requestlog [None req-22c53ca7-685a-4f34-9423-a215f174bda4 d73940b02dc3464f8a57faeb0b0deb1b 514139525ea4450db9b0461b44c1a00b - - 1f5d7c4db1634f5ebb71649d6b9cb938 1f5d7c4db1634f5ebb71649d6b9cb938] 10.0.0.173 "GET /resource_providers/006cfea3-9218-4254-83bb-e4e53a07deb2/aggregates" status: 404 len: 235 microversion: 1.1 [pid: 7|app: 0|req: 336/673] 10.0.0.173 () {32 vars in 816 bytes} [Thu Jul 23 04:35:43 2026] GET /resource_providers/006cfea3-9218-4254-83bb-e4e53a07deb2/aggregates => generated 235 bytes in 12 msecs (HTTP/1.1 404) 5 headers in 202 bytes (1 switches on core 0)
2026-07-23 04:35:43.661 8 INFO placement.requestlog [None req-7f76374c-023a-4059-af61-2ef7d94b0888 d73940b02dc3464f8a57faeb0b0deb1b 514139525ea4450db9b0461b44c1a00b - - 1f5d7c4db1634f5ebb71649d6b9cb938 1f5d7c4db1634f5ebb71649d6b9cb938] 10.0.0.173 "DELETE /resource_providers/006cfea3-9218-4254-83bb-e4e53a07deb2" status: 404 len: 246 microversion: 1.1 [pid: 8|app: 0|req: 338/674] 10.0.0.173 () {34 vars in 816 bytes} [Thu Jul 23 04:35:43 2026] DELETE /resource_providers/006cfea3-9218-4254-83bb-e4e53a07deb2 => generated 246 bytes in 12 msecs (HTTP/1.1 404) 6 headers in 231 bytes (1 switches on core 0)
2026-07-23 04:35:43.668 7 INFO placement.requestlog [None req-a349a653-07ca-4372-9db1-4adc38f01e9a d73940b02dc3464f8a57faeb0b0deb1b 514139525ea4450db9b0461b44c1a00b - - 1f5d7c4db1634f5ebb71649d6b9cb938 1f5d7c4db1634f5ebb71649d6b9cb938] 10.0.0.173 "GET /resource_providers/006cfea3-9218-4254-83bb-e4e53a07deb2/aggregates" status: 404 len: 235 microversion: 1.1 [pid: 7|app: 0|req: 337/675] 10.0.0.173 () {32 vars in 816 bytes} [Thu Jul 23 04:35:43 2026] GET /resource_providers/006cfea3-9218-4254-83bb-e4e53a07deb2/aggregates => generated 235 bytes in 11 msecs (HTTP/1.1 404) 5 headers in 202 bytes (1 switches on core 0)
2026-07-23 04:35:43.685 8 INFO placement.requestlog [None req-6bc4c4a8-6fc5-450b-ae71-dc1313e2db4d d73940b02dc3464f8a57faeb0b0deb1b 514139525ea4450db9b0461b44c1a00b - - 1f5d7c4db1634f5ebb71649d6b9cb938 1f5d7c4db1634f5ebb71649d6b9cb938] 10.0.0.173 "DELETE /resource_providers/006cfea3-9218-4254-83bb-e4e53a07deb2" status: 404 len: 246 microversion: 1.1 [pid: 8|app: 0|req: 339/676] 10.0.0.173 () {34 vars in 816 bytes} [Thu Jul 23 04:35:43 2026] DELETE /resource_providers/006cfea3-9218-4254-83bb-e4e53a07deb2 => generated 246 bytes in 9 msecs (HTTP/1.1 404) 6 headers in 231 bytes (1 switches on core 0)
2026-07-23 04:35:45.301 7 INFO placement.requestlog [None req-745ee48b-5b32-4bd2-b762-ee528924a8d6 d73940b02dc3464f8a57faeb0b0deb1b 514139525ea4450db9b0461b44c1a00b - - 1f5d7c4db1634f5ebb71649d6b9cb938 1f5d7c4db1634f5ebb71649d6b9cb938] 10.0.0.173 "GET /resource_providers/2653f103-fecc-45a5-a277-80251208af47/aggregates" status: 404 len: 235 microversion: 1.1 [pid: 7|app: 0|req: 338/677] 10.0.0.173 () {32 vars in 816 bytes} [Thu Jul 23 04:35:45 2026] GET /resource_providers/2653f103-fecc-45a5-a277-80251208af47/aggregates => generated 235 bytes in 10 msecs (HTTP/1.1 404) 5 headers in 202 bytes (1 switches on core 0)
2026-07-23 04:35:45.329 8 INFO placement.requestlog [None req-38be4bf3-1d7b-464b-871c-b3fdb5a11b1e d73940b02dc3464f8a57faeb0b0deb1b 514139525ea4450db9b0461b44c1a00b - - 1f5d7c4db1634f5ebb71649d6b9cb938 1f5d7c4db1634f5ebb71649d6b9cb938] 10.0.0.173 "DELETE /resource_providers/2653f103-fecc-45a5-a277-80251208af47" status: 404 len: 246 microversion: 1.1 [pid: 8|app: 0|req: 340/678] 10.0.0.173 () {34 vars in 816 bytes} [Thu Jul 23 04:35:45 2026] DELETE /resource_providers/2653f103-fecc-45a5-a277-80251208af47 => generated 246 bytes in 12 msecs (HTTP/1.1 404) 6 headers in 231 bytes (1 switches on core 0)
2026-07-23 04:35:45.369 7 INFO placement.requestlog [None req-5d28aedb-4dc0-4d84-8bf5-cca8bfbbbbfa d73940b02dc3464f8a57faeb0b0deb1b 514139525ea4450db9b0461b44c1a00b - - 1f5d7c4db1634f5ebb71649d6b9cb938 1f5d7c4db1634f5ebb71649d6b9cb938] 10.0.0.173 "GET /resource_providers/2653f103-fecc-45a5-a277-80251208af47/aggregates" status: 404 len: 235 microversion: 1.1 [pid: 7|app: 0|req: 339/679] 10.0.0.173 () {32 vars in 816 bytes} [Thu Jul 23 04:35:45 2026] GET /resource_providers/2653f103-fecc-45a5-a277-80251208af47/aggregates => generated 235 bytes in 8 msecs (HTTP/1.1 404) 5 headers in 202 bytes (1 switches on core 0)
2026-07-23 04:35:45.415 8 INFO placement.requestlog [None req-5754b308-eaab-4e6a-8cf3-79518386680e d73940b02dc3464f8a57faeb0b0deb1b 514139525ea4450db9b0461b44c1a00b - - 1f5d7c4db1634f5ebb71649d6b9cb938 1f5d7c4db1634f5ebb71649d6b9cb938] 10.0.0.173 "DELETE /resource_providers/2653f103-fecc-45a5-a277-80251208af47" status: 404 len: 246 microversion: 1.1 [pid: 8|app: 0|req: 341/680] 10.0.0.173 () {34 vars in 816 bytes} [Thu Jul 23 04:35:45 2026] DELETE /resource_providers/2653f103-fecc-45a5-a277-80251208af47 => generated 246 bytes in 14 msecs (HTTP/1.1 404) 6 headers in 231 bytes (1 switches on core 0)
2026-07-23 04:35:47.269 7 INFO placement.requestlog [req-9cf60275-6479-43ef-9b06-91799813807c req-0d1e1905-dc2d-444d-ae92-e0f1644d13cb 195388c7368f45b297d3132f3faedf6d 514139525ea4450db9b0461b44c1a00b - - 1f5d7c4db1634f5ebb71649d6b9cb938 1f5d7c4db1634f5ebb71649d6b9cb938] 10.0.0.144 "GET /allocation_candidates?limit=1000&resources=MEMORY_MB%3A512%2CVCPU%3A1&root_required=%21COMPUTE_STATUS_DISABLED" status: 200 len: 2769 microversion: 1.36 [pid: 7|app: 0|req: 340/681] 10.0.0.144 () {34 vars in 984 bytes} [Thu Jul 23 04:35:47 2026] GET /allocation_candidates?limit=1000&resources=MEMORY_MB%3A512%2CVCPU%3A1&root_required=%21COMPUTE_STATUS_DISABLED => generated 2769 bytes in 66 msecs (HTTP/1.1 200) 8 headers in 297 bytes (1 switches on core 0)
2026-07-23 04:35:47.323 8 INFO placement.requestlog [req-9cf60275-6479-43ef-9b06-91799813807c req-197edeb8-e3f3-4c5e-8c31-c086ed1500b6 195388c7368f45b297d3132f3faedf6d 514139525ea4450db9b0461b44c1a00b - - 1f5d7c4db1634f5ebb71649d6b9cb938 1f5d7c4db1634f5ebb71649d6b9cb938] 10.0.0.144 "GET /allocations/c3764344-bdbc-4e9b-a3d3-6020c35d31b1" status: 200 len: 19 microversion: 1.28 [pid: 8|app: 0|req: 342/682] 10.0.0.144 () {34 vars in 861 bytes} [Thu Jul 23 04:35:47 2026] GET /allocations/c3764344-bdbc-4e9b-a3d3-6020c35d31b1 => generated 19 bytes in 10 msecs (HTTP/1.1 200) 8 headers in 295 bytes (1 switches on core 0)
2026-07-23 04:35:47.417 7 INFO placement.requestlog [req-9cf60275-6479-43ef-9b06-91799813807c req-542003b9-1f81-466f-86a6-15c4a20342a5 195388c7368f45b297d3132f3faedf6d 514139525ea4450db9b0461b44c1a00b - - 1f5d7c4db1634f5ebb71649d6b9cb938 1f5d7c4db1634f5ebb71649d6b9cb938] 10.0.0.144 "PUT /allocations/c3764344-bdbc-4e9b-a3d3-6020c35d31b1" status: 204 len: 0 microversion: 1.36 [pid: 7|app: 0|req: 341/683] 10.0.0.144 () {38 vars in 914 bytes} [Thu Jul 23 04:35:47 2026] PUT /allocations/c3764344-bdbc-4e9b-a3d3-6020c35d31b1 => generated 0 bytes in 87 msecs (HTTP/1.1 204) 5 headers in 199 bytes (1 switches on core 0)
2026-07-23 04:35:48.898 8 INFO placement.requestlog [req-9cf60275-6479-43ef-9b06-91799813807c req-0274f3ef-c910-4919-861c-ab27bfb62349 195388c7368f45b297d3132f3faedf6d 514139525ea4450db9b0461b44c1a00b - - 1f5d7c4db1634f5ebb71649d6b9cb938 1f5d7c4db1634f5ebb71649d6b9cb938] 199.204.45.95 "GET /allocations/c3764344-bdbc-4e9b-a3d3-6020c35d31b1" status: 200 len: 243 microversion: 1.28 [pid: 8|app: 0|req: 343/684] 199.204.45.95 () {34 vars in 862 bytes} [Thu Jul 23 04:35:48 2026] GET /allocations/c3764344-bdbc-4e9b-a3d3-6020c35d31b1 => generated 243 bytes in 12 msecs (HTTP/1.1 200) 8 headers in 296 bytes (1 switches on core 0)
2026-07-23 04:35:49.938 7 INFO placement.requestlog [req-9cf60275-6479-43ef-9b06-91799813807c req-ab26811a-0fe1-4809-bd7a-27bd1d3ddfa7 195388c7368f45b297d3132f3faedf6d 514139525ea4450db9b0461b44c1a00b - - 1f5d7c4db1634f5ebb71649d6b9cb938 1f5d7c4db1634f5ebb71649d6b9cb938] 199.204.45.95 "GET /resource_providers/1f3caa17-32b3-4bc4-8ca2-f0db73b94fe0/allocations" status: 200 len: 238 microversion: 1.0 [pid: 7|app: 0|req: 342/685] 199.204.45.95 () {32 vars in 856 bytes} [Thu Jul 23 04:35:49 2026] GET /resource_providers/1f3caa17-32b3-4bc4-8ca2-f0db73b94fe0/allocations => generated 238 bytes in 16 msecs (HTTP/1.1 200) 6 headers in 224 bytes (1 switches on core 0)
2026-07-23 04:35:49.959 8 INFO placement.requestlog [req-9cf60275-6479-43ef-9b06-91799813807c req-7eb217b5-aa04-45ea-92f8-7a3d5f48947e 195388c7368f45b297d3132f3faedf6d 514139525ea4450db9b0461b44c1a00b - - 1f5d7c4db1634f5ebb71649d6b9cb938 1f5d7c4db1634f5ebb71649d6b9cb938] 199.204.45.95 "GET /allocations/eee728cf-2d5e-4ae6-90fe-31c8870bf70e" status: 200 len: 257 microversion: 1.28 [pid: 8|app: 0|req: 344/686] 199.204.45.95 () {34 vars in 862 bytes} [Thu Jul 23 04:35:49 2026] GET /allocations/eee728cf-2d5e-4ae6-90fe-31c8870bf70e => generated 257 bytes in 12 msecs (HTTP/1.1 200) 8 headers in 296 bytes (1 switches on core 0)
2026-07-23 04:35:49.982 7 INFO placement.requestlog [req-9cf60275-6479-43ef-9b06-91799813807c req-a3e636c1-7517-4ec2-9e1c-e8e59ccebb78 195388c7368f45b297d3132f3faedf6d 514139525ea4450db9b0461b44c1a00b - - 1f5d7c4db1634f5ebb71649d6b9cb938 1f5d7c4db1634f5ebb71649d6b9cb938] 199.204.45.95 "GET /allocations/c3764344-bdbc-4e9b-a3d3-6020c35d31b1" status: 200 len: 243 microversion: 1.28 [pid: 7|app: 0|req: 343/687] 199.204.45.95 () {34 vars in 862 bytes} [Thu Jul 23 04:35:49 2026] GET /allocations/c3764344-bdbc-4e9b-a3d3-6020c35d31b1 => generated 243 bytes in 15 msecs (HTTP/1.1 200) 8 headers in 296 bytes (1 switches on core 0)
2026-07-23 04:35:51.064 8 INFO placement.requestlog [req-7422fbc8-eb2d-4182-b5de-eecc21c707c8 req-447b6093-13d6-45d9-8ea1-ffcc34063ab2 195388c7368f45b297d3132f3faedf6d 514139525ea4450db9b0461b44c1a00b - - 1f5d7c4db1634f5ebb71649d6b9cb938 1f5d7c4db1634f5ebb71649d6b9cb938] 10.0.0.144 "GET /allocation_candidates?limit=1000&resources=DISK_GB%3A1%2CMEMORY_MB%3A512%2CVCPU%3A1&root_required=%21COMPUTE_STATUS_DISABLED" status: 200 len: 2784 microversion: 1.36 [pid: 8|app: 0|req: 345/688] 10.0.0.144 () {34 vars in 1012 bytes} [Thu Jul 23 04:35:50 2026] GET /allocation_candidates?limit=1000&resources=DISK_GB%3A1%2CMEMORY_MB%3A512%2CVCPU%3A1&root_required=%21COMPUTE_STATUS_DISABLED => generated 2784 bytes in 67 msecs (HTTP/1.1 200) 8 headers in 297 bytes (1 switches on core 0)
2026-07-23 04:35:51.111 7 INFO placement.requestlog [req-7422fbc8-eb2d-4182-b5de-eecc21c707c8 req-b58a8eab-2cdc-4d9e-bd24-5784a4b35810 195388c7368f45b297d3132f3faedf6d 514139525ea4450db9b0461b44c1a00b - - 1f5d7c4db1634f5ebb71649d6b9cb938 1f5d7c4db1634f5ebb71649d6b9cb938] 10.0.0.144 "GET /allocations/c5bbece8-bb5e-4214-a72a-6115e9559901" status: 200 len: 19 microversion: 1.28 [pid: 7|app: 0|req: 344/689] 10.0.0.144 () {34 vars in 861 bytes} [Thu Jul 23 04:35:51 2026] GET /allocations/c5bbece8-bb5e-4214-a72a-6115e9559901 => generated 19 bytes in 11 msecs (HTTP/1.1 200) 8 headers in 295 bytes (1 switches on core 0)
2026-07-23 04:35:51.232 8 INFO placement.requestlog [req-7422fbc8-eb2d-4182-b5de-eecc21c707c8 req-3d4c2fa2-3f7c-4b48-bc9e-6e1d54af4667 195388c7368f45b297d3132f3faedf6d 514139525ea4450db9b0461b44c1a00b - - 1f5d7c4db1634f5ebb71649d6b9cb938 1f5d7c4db1634f5ebb71649d6b9cb938] 10.0.0.144 "PUT /allocations/c5bbece8-bb5e-4214-a72a-6115e9559901" status: 204 len: 0 microversion: 1.36 [pid: 8|app: 0|req: 346/690] 10.0.0.144 () {38 vars in 914 bytes} [Thu Jul 23 04:35:51 2026] PUT /allocations/c5bbece8-bb5e-4214-a72a-6115e9559901 => generated 0 bytes in 106 msecs (HTTP/1.1 204) 5 headers in 199 bytes (1 switches on core 0)
2026-07-23 04:35:51.468 7 INFO placement.requestlog [None req-abdd9986-7887-446a-babc-789fa35e1939 - - - - - -] 10.0.0.62 "GET /" status: 200 len: 136 microversion: 1.0
2026-07-23 04:35:51.471 8 INFO placement.requestlog [None req-16bd271d-2735-4068-add7-29975ffbcffa - - - - - -] 10.0.0.62 "GET /" status: 200 len: 136 microversion: 1.0
2026-07-23 04:35:52.013 7 INFO placement.requestlog [req-6ffe2706-37ad-4ba6-b5cc-ca68c6cda26c req-33d2822e-ffb2-44fe-9c26-72c3e5f73dd0 195388c7368f45b297d3132f3faedf6d 514139525ea4450db9b0461b44c1a00b - - 1f5d7c4db1634f5ebb71649d6b9cb938 1f5d7c4db1634f5ebb71649d6b9cb938] 199.204.45.95 "GET /resource_providers/1f3caa17-32b3-4bc4-8ca2-f0db73b94fe0/allocations" status: 200 len: 338 microversion: 1.0 [pid: 7|app: 0|req: 346/693] 199.204.45.95 () {32 vars in 856 bytes} [Thu Jul 23 04:35:51 2026] GET /resource_providers/1f3caa17-32b3-4bc4-8ca2-f0db73b94fe0/allocations => generated 338 bytes in 20 msecs (HTTP/1.1 200) 6 headers in 224 bytes (1 switches on core 0)
2026-07-23 04:35:52.043 8 INFO placement.requestlog [req-6ffe2706-37ad-4ba6-b5cc-ca68c6cda26c req-8068ddb0-9047-4fac-a46b-9945a1403108 195388c7368f45b297d3132f3faedf6d 514139525ea4450db9b0461b44c1a00b - - 1f5d7c4db1634f5ebb71649d6b9cb938 1f5d7c4db1634f5ebb71649d6b9cb938] 199.204.45.95 "GET /allocations/eee728cf-2d5e-4ae6-90fe-31c8870bf70e" status: 200 len: 257 microversion: 1.28 [pid: 8|app: 0|req: 348/694] 199.204.45.95 () {34 vars in 862 bytes} [Thu Jul 23 04:35:52 2026] GET /allocations/eee728cf-2d5e-4ae6-90fe-31c8870bf70e => generated 257 bytes in 16 msecs (HTTP/1.1 200) 8 headers in 296 bytes (1 switches on core 0)
2026-07-23 04:35:52.071 7 INFO placement.requestlog [req-6ffe2706-37ad-4ba6-b5cc-ca68c6cda26c req-c0d6e8f9-e884-4030-8328-384e466bafbb 195388c7368f45b297d3132f3faedf6d 514139525ea4450db9b0461b44c1a00b - - 1f5d7c4db1634f5ebb71649d6b9cb938 1f5d7c4db1634f5ebb71649d6b9cb938] 199.204.45.95 "GET /allocations/c5bbece8-bb5e-4214-a72a-6115e9559901" status: 200 len: 257 microversion: 1.28 [pid: 7|app: 0|req: 347/695] 199.204.45.95 () {34 vars in 862 bytes} [Thu Jul 23 04:35:52 2026] GET /allocations/c5bbece8-bb5e-4214-a72a-6115e9559901 => generated 257 bytes in 22 msecs (HTTP/1.1 200) 8 headers in 296 bytes (1 switches on core 0)
2026-07-23 04:35:52.094 8 INFO placement.requestlog [req-6ffe2706-37ad-4ba6-b5cc-ca68c6cda26c req-06073367-bd4b-4703-bfc3-c313e5e9b34f 195388c7368f45b297d3132f3faedf6d 514139525ea4450db9b0461b44c1a00b - - 1f5d7c4db1634f5ebb71649d6b9cb938 1f5d7c4db1634f5ebb71649d6b9cb938] 199.204.45.95 "GET /allocations/c3764344-bdbc-4e9b-a3d3-6020c35d31b1" status: 200 len: 243 microversion: 1.28 [pid: 8|app: 0|req: 349/696] 199.204.45.95 () {34 vars in 862 bytes} [Thu Jul 23 04:35:52 2026] GET /allocations/c3764344-bdbc-4e9b-a3d3-6020c35d31b1 => generated 243 bytes in 14 msecs (HTTP/1.1 200) 8 headers in 296 bytes (1 switches on core 0)
2026-07-23 04:35:52.724 7 INFO placement.requestlog [req-7422fbc8-eb2d-4182-b5de-eecc21c707c8 req-b9dd88c7-71c6-42f2-9838-d20cea84e427 195388c7368f45b297d3132f3faedf6d 514139525ea4450db9b0461b44c1a00b - - 1f5d7c4db1634f5ebb71649d6b9cb938 1f5d7c4db1634f5ebb71649d6b9cb938] 199.204.45.95 "GET /allocations/c5bbece8-bb5e-4214-a72a-6115e9559901" status: 200 len: 257 microversion: 1.28 [pid: 7|app: 0|req: 348/697] 199.204.45.95 () {34 vars in 862 bytes} [Thu Jul 23 04:35:52 2026] GET /allocations/c5bbece8-bb5e-4214-a72a-6115e9559901 => generated 257 bytes in 14 msecs (HTTP/1.1 200) 8 headers in 296 bytes (1 switches on core 0)
2026-07-23 04:35:53.719 8 INFO placement.requestlog [req-a0b46d36-baf3-42cb-86ac-41e145961392 req-f49a792d-3688-42b8-856f-6a5a9117bd44 195388c7368f45b297d3132f3faedf6d 514139525ea4450db9b0461b44c1a00b - - 1f5d7c4db1634f5ebb71649d6b9cb938 1f5d7c4db1634f5ebb71649d6b9cb938] 10.0.0.144 "GET /allocation_candidates?limit=1000&resources=DISK_GB%3A1%2CMEMORY_MB%3A512%2CVCPU%3A1&root_required=%21COMPUTE_STATUS_DISABLED" status: 200 len: 2784 microversion: 1.36 [pid: 8|app: 0|req: 350/698] 10.0.0.144 () {34 vars in 1012 bytes} [Thu Jul 23 04:35:53 2026] GET /allocation_candidates?limit=1000&resources=DISK_GB%3A1%2CMEMORY_MB%3A512%2CVCPU%3A1&root_required=%21COMPUTE_STATUS_DISABLED => generated 2784 bytes in 49 msecs (HTTP/1.1 200) 8 headers in 297 bytes (1 switches on core 0)
2026-07-23 04:35:53.761 7 INFO placement.requestlog [req-a0b46d36-baf3-42cb-86ac-41e145961392 req-5b80dba1-d267-468c-a33b-ebd7767a42f1 195388c7368f45b297d3132f3faedf6d 514139525ea4450db9b0461b44c1a00b - - 1f5d7c4db1634f5ebb71649d6b9cb938 1f5d7c4db1634f5ebb71649d6b9cb938] 10.0.0.144 "GET /allocations/60aeede7-4a5c-471e-8807-918c6599fe61" status: 200 len: 19 microversion: 1.28 [pid: 7|app: 0|req: 349/699] 10.0.0.144 () {34 vars in 861 bytes} [Thu Jul 23 04:35:53 2026] GET /allocations/60aeede7-4a5c-471e-8807-918c6599fe61 => generated 19 bytes in 11 msecs (HTTP/1.1 200) 8 headers in 295 bytes (1 switches on core 0)
2026-07-23 04:35:53.828 8 INFO placement.requestlog [req-a0b46d36-baf3-42cb-86ac-41e145961392 req-aea40bc9-2930-4028-b3bb-8d0f79871e6f 195388c7368f45b297d3132f3faedf6d 514139525ea4450db9b0461b44c1a00b - - 1f5d7c4db1634f5ebb71649d6b9cb938 1f5d7c4db1634f5ebb71649d6b9cb938] 10.0.0.144 "PUT /allocations/60aeede7-4a5c-471e-8807-918c6599fe61" status: 204 len: 0 microversion: 1.36 [pid: 8|app: 0|req: 351/700] 10.0.0.144 () {38 vars in 914 bytes} [Thu Jul 23 04:35:53 2026] PUT /allocations/60aeede7-4a5c-471e-8807-918c6599fe61 => generated 0 bytes in 61 msecs (HTTP/1.1 204) 5 headers in 199 bytes (1 switches on core 0)
2026-07-23 04:35:54.170 7 INFO placement.requestlog [req-7422fbc8-eb2d-4182-b5de-eecc21c707c8 req-a6202098-0edb-4fe2-907c-c35fb0253b2c 195388c7368f45b297d3132f3faedf6d 514139525ea4450db9b0461b44c1a00b - - 1f5d7c4db1634f5ebb71649d6b9cb938 1f5d7c4db1634f5ebb71649d6b9cb938] 199.204.45.95 "GET /resource_providers/1f3caa17-32b3-4bc4-8ca2-f0db73b94fe0/allocations" status: 200 len: 438 microversion: 1.0 [pid: 7|app: 0|req: 350/701] 199.204.45.95 () {32 vars in 856 bytes} [Thu Jul 23 04:35:54 2026] GET /resource_providers/1f3caa17-32b3-4bc4-8ca2-f0db73b94fe0/allocations => generated 438 bytes in 19 msecs (HTTP/1.1 200) 6 headers in 224 bytes (1 switches on core 0)
2026-07-23 04:35:54.199 8 INFO placement.requestlog [req-7422fbc8-eb2d-4182-b5de-eecc21c707c8 req-6886cf84-ee0a-44c9-9ff5-13b8aa8a7161 195388c7368f45b297d3132f3faedf6d 514139525ea4450db9b0461b44c1a00b - - 1f5d7c4db1634f5ebb71649d6b9cb938 1f5d7c4db1634f5ebb71649d6b9cb938] 199.204.45.95 "GET /allocations/eee728cf-2d5e-4ae6-90fe-31c8870bf70e" status: 200 len: 257 microversion: 1.28 [pid: 8|app: 0|req: 352/702] 199.204.45.95 () {34 vars in 862 bytes} [Thu Jul 23 04:35:54 2026] GET /allocations/eee728cf-2d5e-4ae6-90fe-31c8870bf70e => generated 257 bytes in 18 msecs (HTTP/1.1 200) 8 headers in 296 bytes (1 switches on core 0)
2026-07-23 04:35:54.225 7 INFO placement.requestlog [req-7422fbc8-eb2d-4182-b5de-eecc21c707c8 req-cbde87df-79c1-4434-84e2-a495086e9b8f 195388c7368f45b297d3132f3faedf6d 514139525ea4450db9b0461b44c1a00b - - 1f5d7c4db1634f5ebb71649d6b9cb938 1f5d7c4db1634f5ebb71649d6b9cb938] 199.204.45.95 "GET /allocations/c5bbece8-bb5e-4214-a72a-6115e9559901" status: 200 len: 257 microversion: 1.28 [pid: 7|app: 0|req: 351/703] 199.204.45.95 () {34 vars in 862 bytes} [Thu Jul 23 04:35:54 2026] GET /allocations/c5bbece8-bb5e-4214-a72a-6115e9559901 => generated 257 bytes in 17 msecs (HTTP/1.1 200) 8 headers in 296 bytes (1 switches on core 0)
2026-07-23 04:35:54.253 8 INFO placement.requestlog [req-7422fbc8-eb2d-4182-b5de-eecc21c707c8 req-48d4f1b0-aab9-4e9d-9387-037c27b62174 195388c7368f45b297d3132f3faedf6d 514139525ea4450db9b0461b44c1a00b - - 1f5d7c4db1634f5ebb71649d6b9cb938 1f5d7c4db1634f5ebb71649d6b9cb938] 199.204.45.95 "GET /allocations/c3764344-bdbc-4e9b-a3d3-6020c35d31b1" status: 200 len: 243 microversion: 1.28 [pid: 8|app: 0|req: 353/704] 199.204.45.95 () {34 vars in 862 bytes} [Thu Jul 23 04:35:54 2026] GET /allocations/c3764344-bdbc-4e9b-a3d3-6020c35d31b1 => generated 243 bytes in 19 msecs (HTTP/1.1 200) 8 headers in 296 bytes (1 switches on core 0)
2026-07-23 04:35:54.279 7 INFO placement.requestlog [req-7422fbc8-eb2d-4182-b5de-eecc21c707c8 req-925f71d1-6dba-4270-8f26-3e2f03b2a2a7 195388c7368f45b297d3132f3faedf6d 514139525ea4450db9b0461b44c1a00b - - 1f5d7c4db1634f5ebb71649d6b9cb938 1f5d7c4db1634f5ebb71649d6b9cb938] 199.204.45.95 "GET /allocations/60aeede7-4a5c-471e-8807-918c6599fe61" status: 200 len: 257 microversion: 1.28 [pid: 7|app: 0|req: 352/705] 199.204.45.95 () {34 vars in 862 bytes} [Thu Jul 23 04:35:54 2026] GET /allocations/60aeede7-4a5c-471e-8807-918c6599fe61 => generated 257 bytes in 18 msecs (HTTP/1.1 200) 8 headers in 296 bytes (1 switches on core 0)
2026-07-23 04:35:55.367 8 INFO placement.requestlog [req-a0b46d36-baf3-42cb-86ac-41e145961392 req-17fb7ba6-4405-408c-a17a-8e6a7050b129 195388c7368f45b297d3132f3faedf6d 514139525ea4450db9b0461b44c1a00b - - 1f5d7c4db1634f5ebb71649d6b9cb938 1f5d7c4db1634f5ebb71649d6b9cb938] 199.204.45.95 "GET /allocations/60aeede7-4a5c-471e-8807-918c6599fe61" status: 200 len: 257 microversion: 1.28 [pid: 8|app: 0|req: 354/706] 199.204.45.95 () {34 vars in 862 bytes} [Thu Jul 23 04:35:55 2026] GET /allocations/60aeede7-4a5c-471e-8807-918c6599fe61 => generated 257 bytes in 12 msecs (HTTP/1.1 200) 8 headers in 296 bytes (1 switches on core 0)
2026-07-23 04:35:55.663 7 INFO placement.requestlog [req-6ffe2706-37ad-4ba6-b5cc-ca68c6cda26c req-9ffbe268-c5af-43b4-bc73-873788c51375 195388c7368f45b297d3132f3faedf6d 514139525ea4450db9b0461b44c1a00b - - 1f5d7c4db1634f5ebb71649d6b9cb938 1f5d7c4db1634f5ebb71649d6b9cb938] 199.204.45.95 "DELETE /allocations/eee728cf-2d5e-4ae6-90fe-31c8870bf70e" status: 204 len: 0 microversion: 1.0 [pid: 7|app: 0|req: 353/707] 199.204.45.95 () {34 vars in 840 bytes} [Thu Jul 23 04:35:55 2026] DELETE /allocations/eee728cf-2d5e-4ae6-90fe-31c8870bf70e => generated 0 bytes in 24 msecs (HTTP/1.1 204) 5 headers in 198 bytes (1 switches on core 0)
2026-07-23 04:35:56.415 8 INFO placement.requestlog [req-a0b46d36-baf3-42cb-86ac-41e145961392 req-aa1c0105-05bc-4445-854f-4ff586e804b3 195388c7368f45b297d3132f3faedf6d 514139525ea4450db9b0461b44c1a00b - - 1f5d7c4db1634f5ebb71649d6b9cb938 1f5d7c4db1634f5ebb71649d6b9cb938] 199.204.45.95 "GET /resource_providers/1f3caa17-32b3-4bc4-8ca2-f0db73b94fe0/allocations" status: 200 len: 338 microversion: 1.0 [pid: 8|app: 0|req: 355/708] 199.204.45.95 () {32 vars in 856 bytes} [Thu Jul 23 04:35:56 2026] GET /resource_providers/1f3caa17-32b3-4bc4-8ca2-f0db73b94fe0/allocations => generated 338 bytes in 19 msecs (HTTP/1.1 200) 6 headers in 224 bytes (1 switches on core 0)
2026-07-23 04:35:56.434 7 INFO placement.requestlog [req-a0b46d36-baf3-42cb-86ac-41e145961392 req-19ae33b0-f2ad-489f-8002-19a8e920e053 195388c7368f45b297d3132f3faedf6d 514139525ea4450db9b0461b44c1a00b - - 1f5d7c4db1634f5ebb71649d6b9cb938 1f5d7c4db1634f5ebb71649d6b9cb938] 199.204.45.95 "GET /allocations/c3764344-bdbc-4e9b-a3d3-6020c35d31b1" status: 200 len: 243 microversion: 1.28 [pid: 7|app: 0|req: 354/709] 199.204.45.95 () {34 vars in 862 bytes} [Thu Jul 23 04:35:56 2026] GET /allocations/c3764344-bdbc-4e9b-a3d3-6020c35d31b1 => generated 243 bytes in 12 msecs (HTTP/1.1 200) 8 headers in 296 bytes (1 switches on core 0)
