2026-07-14 18:47:21.661 7 INFO placement.requestlog [None req-bc9afcce-7eff-44e3-8621-48d218a6d06a 791dcef5740a42e3b7fd98ecfa351041 a5df5231f7c54ca19b9e3ab4cad0f863 - - a36f33a72e374b96a89dc4a73d9742f4 a36f33a72e374b96a89dc4a73d9742f4] 10.0.0.165 "GET /resource_providers/df9fcbd3-ef19-4eb0-b0e2-4449080a14cf/aggregates" status: 404 len: 235 microversion: 1.1 [pid: 7|app: 0|req: 479/955] 10.0.0.165 () {32 vars in 816 bytes} [Tue Jul 14 18:47:21 2026] GET /resource_providers/df9fcbd3-ef19-4eb0-b0e2-4449080a14cf/aggregates => generated 235 bytes in 14 msecs (HTTP/1.1 404) 5 headers in 202 bytes (1 switches on core 0)
2026-07-14 18:47:21.667 8 INFO placement.requestlog [None req-c6cc3847-44c3-428e-bd1e-b7491c49d806 791dcef5740a42e3b7fd98ecfa351041 a5df5231f7c54ca19b9e3ab4cad0f863 - - a36f33a72e374b96a89dc4a73d9742f4 a36f33a72e374b96a89dc4a73d9742f4] 10.0.0.165 "DELETE /resource_providers/df9fcbd3-ef19-4eb0-b0e2-4449080a14cf" status: 404 len: 246 microversion: 1.1 [pid: 8|app: 0|req: 477/956] 10.0.0.165 () {34 vars in 816 bytes} [Tue Jul 14 18:47:21 2026] DELETE /resource_providers/df9fcbd3-ef19-4eb0-b0e2-4449080a14cf => generated 246 bytes in 8 msecs (HTTP/1.1 404) 6 headers in 231 bytes (1 switches on core 0)
2026-07-14 18:47:21.678 7 INFO placement.requestlog [None req-3409a210-18e8-42fe-9444-170dbe8dfddf 791dcef5740a42e3b7fd98ecfa351041 a5df5231f7c54ca19b9e3ab4cad0f863 - - a36f33a72e374b96a89dc4a73d9742f4 a36f33a72e374b96a89dc4a73d9742f4] 10.0.0.165 "DELETE /resource_providers/df9fcbd3-ef19-4eb0-b0e2-4449080a14cf" status: 404 len: 246 microversion: 1.1 [pid: 7|app: 0|req: 480/957] 10.0.0.165 () {34 vars in 816 bytes} [Tue Jul 14 18:47:21 2026] DELETE /resource_providers/df9fcbd3-ef19-4eb0-b0e2-4449080a14cf => generated 246 bytes in 9 msecs (HTTP/1.1 404) 6 headers in 231 bytes (1 switches on core 0)
2026-07-14 18:47:21.813 7 INFO placement.requestlog [None req-9ded35de-7423-4bd6-84e4-290303d8b6da 791dcef5740a42e3b7fd98ecfa351041 a5df5231f7c54ca19b9e3ab4cad0f863 - - a36f33a72e374b96a89dc4a73d9742f4 a36f33a72e374b96a89dc4a73d9742f4] 10.0.0.165 "GET /resource_providers/d819c885-8fe8-4b51-9980-9e77ce304ece/aggregates" status: 404 len: 235 microversion: 1.1 [pid: 7|app: 0|req: 481/958] 10.0.0.165 () {32 vars in 816 bytes} [Tue Jul 14 18:47:21 2026] GET /resource_providers/d819c885-8fe8-4b51-9980-9e77ce304ece/aggregates => generated 235 bytes in 8 msecs (HTTP/1.1 404) 5 headers in 202 bytes (1 switches on core 0)
2026-07-14 18:47:21.818 8 INFO placement.requestlog [None req-0a4a6ff9-5b1b-48de-be51-74877aeb2f2b 791dcef5740a42e3b7fd98ecfa351041 a5df5231f7c54ca19b9e3ab4cad0f863 - - a36f33a72e374b96a89dc4a73d9742f4 a36f33a72e374b96a89dc4a73d9742f4] 10.0.0.165 "GET /resource_providers/d819c885-8fe8-4b51-9980-9e77ce304ece/aggregates" status: 404 len: 235 microversion: 1.1 [pid: 8|app: 0|req: 478/959] 10.0.0.165 () {32 vars in 816 bytes} [Tue Jul 14 18:47:21 2026] GET /resource_providers/d819c885-8fe8-4b51-9980-9e77ce304ece/aggregates => generated 235 bytes in 13 msecs (HTTP/1.1 404) 5 headers in 202 bytes (1 switches on core 0)
2026-07-14 18:47:21.834 7 INFO placement.requestlog [None req-f5b713ad-a90a-4a30-bbfa-2357a93e0190 791dcef5740a42e3b7fd98ecfa351041 a5df5231f7c54ca19b9e3ab4cad0f863 - - a36f33a72e374b96a89dc4a73d9742f4 a36f33a72e374b96a89dc4a73d9742f4] 10.0.0.165 "DELETE /resource_providers/d819c885-8fe8-4b51-9980-9e77ce304ece" status: 404 len: 246 microversion: 1.1 [pid: 7|app: 0|req: 482/960] 10.0.0.165 () {34 vars in 816 bytes} [Tue Jul 14 18:47:21 2026] DELETE /resource_providers/d819c885-8fe8-4b51-9980-9e77ce304ece => generated 246 bytes in 9 msecs (HTTP/1.1 404) 6 headers in 231 bytes (1 switches on core 0)
2026-07-14 18:47:21.843 8 INFO placement.requestlog [None req-dc718a74-3835-4846-9729-a3901528741f 791dcef5740a42e3b7fd98ecfa351041 a5df5231f7c54ca19b9e3ab4cad0f863 - - a36f33a72e374b96a89dc4a73d9742f4 a36f33a72e374b96a89dc4a73d9742f4] 10.0.0.165 "DELETE /resource_providers/d819c885-8fe8-4b51-9980-9e77ce304ece" status: 404 len: 246 microversion: 1.1 [pid: 8|app: 0|req: 479/961] 10.0.0.165 () {34 vars in 816 bytes} [Tue Jul 14 18:47:21 2026] DELETE /resource_providers/d819c885-8fe8-4b51-9980-9e77ce304ece => generated 246 bytes in 12 msecs (HTTP/1.1 404) 6 headers in 231 bytes (1 switches on core 0)
2026-07-14 18:47:23.013 7 INFO placement.requestlog [None req-6a7a53c4-0d23-4832-8263-fad2869178a5 - - - - - -] 10.0.0.166 "GET /" status: 200 len: 136 microversion: 1.0
2026-07-14 18:47:23.013 8 INFO placement.requestlog [None req-52045ceb-0431-4988-8d3d-c5def7babc08 - - - - - -] 10.0.0.166 "GET /" status: 200 len: 136 microversion: 1.0
2026-07-14 18:47:23.202 7 INFO placement.requestlog [req-f5a111ea-ceaa-4cf5-9c0b-d8a8c3a6092d req-bad38a8e-ea80-44b1-86d2-79ba88971066 6125482d0ff64870879265d29fe94493 a5df5231f7c54ca19b9e3ab4cad0f863 - - a36f33a72e374b96a89dc4a73d9742f4 a36f33a72e374b96a89dc4a73d9742f4] 199.19.213.57 "GET /resource_providers/371e645b-183f-4fcb-ba00-ea3aba1692ef/allocations" status: 200 len: 153 microversion: 1.0 [pid: 7|app: 0|req: 484/964] 199.19.213.57 () {32 vars in 856 bytes} [Tue Jul 14 18:47:23 2026] GET /resource_providers/371e645b-183f-4fcb-ba00-ea3aba1692ef/allocations => generated 153 bytes in 27 msecs (HTTP/1.1 200) 6 headers in 224 bytes (1 switches on core 0)
2026-07-14 18:47:23.221 8 INFO placement.requestlog [req-f5a111ea-ceaa-4cf5-9c0b-d8a8c3a6092d req-fa3f32eb-1fdc-42d1-85d6-946a2ea457f9 6125482d0ff64870879265d29fe94493 a5df5231f7c54ca19b9e3ab4cad0f863 - - a36f33a72e374b96a89dc4a73d9742f4 a36f33a72e374b96a89dc4a73d9742f4] 199.19.213.57 "GET /allocations/45c1726f-94b8-4c94-97ca-a806931826cf" status: 200 len: 258 microversion: 1.28 [pid: 8|app: 0|req: 481/965] 199.19.213.57 () {34 vars in 862 bytes} [Tue Jul 14 18:47:23 2026] GET /allocations/45c1726f-94b8-4c94-97ca-a806931826cf => generated 258 bytes in 12 msecs (HTTP/1.1 200) 8 headers in 296 bytes (1 switches on core 0)
2026-07-14 18:47:23.814 7 INFO placement.requestlog [None req-e03af31c-a576-4893-8419-424073017f0b 791dcef5740a42e3b7fd98ecfa351041 a5df5231f7c54ca19b9e3ab4cad0f863 - - a36f33a72e374b96a89dc4a73d9742f4 a36f33a72e374b96a89dc4a73d9742f4] 10.0.0.165 "GET /resource_providers/cdc31ccb-1990-42b3-8f49-bfbd909cfb7e/aggregates" status: 404 len: 235 microversion: 1.1 [pid: 7|app: 0|req: 485/966] 10.0.0.165 () {32 vars in 816 bytes} [Tue Jul 14 18:47:23 2026] GET /resource_providers/cdc31ccb-1990-42b3-8f49-bfbd909cfb7e/aggregates => generated 235 bytes in 13 msecs (HTTP/1.1 404) 5 headers in 202 bytes (1 switches on core 0)
2026-07-14 18:47:23.817 8 INFO placement.requestlog [None req-655d56a9-3800-4def-aca8-226c1068d097 791dcef5740a42e3b7fd98ecfa351041 a5df5231f7c54ca19b9e3ab4cad0f863 - - a36f33a72e374b96a89dc4a73d9742f4 a36f33a72e374b96a89dc4a73d9742f4] 10.0.0.165 "GET /resource_providers/cdc31ccb-1990-42b3-8f49-bfbd909cfb7e/aggregates" status: 404 len: 235 microversion: 1.1 [pid: 8|app: 0|req: 482/967] 10.0.0.165 () {32 vars in 816 bytes} [Tue Jul 14 18:47:23 2026] GET /resource_providers/cdc31ccb-1990-42b3-8f49-bfbd909cfb7e/aggregates => generated 235 bytes in 7 msecs (HTTP/1.1 404) 5 headers in 202 bytes (1 switches on core 0)
2026-07-14 18:47:23.836 8 INFO placement.requestlog [None req-d4d83e84-011d-4fe8-b255-47ce8fbc7d36 791dcef5740a42e3b7fd98ecfa351041 a5df5231f7c54ca19b9e3ab4cad0f863 - - a36f33a72e374b96a89dc4a73d9742f4 a36f33a72e374b96a89dc4a73d9742f4] 10.0.0.165 "DELETE /resource_providers/cdc31ccb-1990-42b3-8f49-bfbd909cfb7e" status: 404 len: 246 microversion: 1.1 [pid: 8|app: 0|req: 483/968] 10.0.0.165 () {34 vars in 816 bytes} [Tue Jul 14 18:47:23 2026] DELETE /resource_providers/cdc31ccb-1990-42b3-8f49-bfbd909cfb7e => generated 246 bytes in 8 msecs (HTTP/1.1 404) 6 headers in 231 bytes (1 switches on core 0)
2026-07-14 18:47:23.842 7 INFO placement.requestlog [None req-16fa5dd8-d514-4ef5-bb6b-830da59e868a 791dcef5740a42e3b7fd98ecfa351041 a5df5231f7c54ca19b9e3ab4cad0f863 - - a36f33a72e374b96a89dc4a73d9742f4 a36f33a72e374b96a89dc4a73d9742f4] 10.0.0.165 "DELETE /resource_providers/cdc31ccb-1990-42b3-8f49-bfbd909cfb7e" status: 404 len: 246 microversion: 1.1 [pid: 7|app: 0|req: 486/969] 10.0.0.165 () {34 vars in 816 bytes} [Tue Jul 14 18:47:23 2026] DELETE /resource_providers/cdc31ccb-1990-42b3-8f49-bfbd909cfb7e => generated 246 bytes in 14 msecs (HTTP/1.1 404) 6 headers in 231 bytes (1 switches on core 0)
2026-07-14 18:47:25.859 8 INFO placement.requestlog [None req-d0c5f248-59b5-449c-b9ff-d78d2fb4e469 791dcef5740a42e3b7fd98ecfa351041 a5df5231f7c54ca19b9e3ab4cad0f863 - - a36f33a72e374b96a89dc4a73d9742f4 a36f33a72e374b96a89dc4a73d9742f4] 10.0.0.165 "GET /resource_providers/7b770497-c86a-4dd7-af0a-21cf33d3a180/aggregates" status: 404 len: 235 microversion: 1.1 [pid: 8|app: 0|req: 484/970] 10.0.0.165 () {32 vars in 816 bytes} [Tue Jul 14 18:47:25 2026] GET /resource_providers/7b770497-c86a-4dd7-af0a-21cf33d3a180/aggregates => generated 235 bytes in 9 msecs (HTTP/1.1 404) 5 headers in 202 bytes (1 switches on core 0)
2026-07-14 18:47:25.872 7 INFO placement.requestlog [None req-6502724f-e2d2-407c-821d-4fc331d5d28c 791dcef5740a42e3b7fd98ecfa351041 a5df5231f7c54ca19b9e3ab4cad0f863 - - a36f33a72e374b96a89dc4a73d9742f4 a36f33a72e374b96a89dc4a73d9742f4] 10.0.0.165 "GET /resource_providers/7b770497-c86a-4dd7-af0a-21cf33d3a180/aggregates" status: 404 len: 235 microversion: 1.1
2026-07-14 18:47:25.873 8 INFO placement.requestlog [None req-1b51e71c-5a64-4fe4-ab55-170ab14cdc31 791dcef5740a42e3b7fd98ecfa351041 a5df5231f7c54ca19b9e3ab4cad0f863 - - a36f33a72e374b96a89dc4a73d9742f4 a36f33a72e374b96a89dc4a73d9742f4] 10.0.0.165 "DELETE /resource_providers/7b770497-c86a-4dd7-af0a-21cf33d3a180" status: 404 len: 246 microversion: 1.1 [pid: 7|app: 0|req: 487/971] 10.0.0.165 () {32 vars in 816 bytes} [Tue Jul 14 18:47:25 2026] GET /resource_providers/7b770497-c86a-4dd7-af0a-21cf33d3a180/aggregates => generated 235 bytes in 21 msecs (HTTP/1.1 404) 5 headers in 202 bytes (1 switches on core 0) [pid: 8|app: 0|req: 485/972] 10.0.0.165 () {34 vars in 816 bytes} [Tue Jul 14 18:47:25 2026] DELETE /resource_providers/7b770497-c86a-4dd7-af0a-21cf33d3a180 => generated 246 bytes in 8 msecs (HTTP/1.1 404) 6 headers in 231 bytes (1 switches on core 0)
2026-07-14 18:47:25.895 7 INFO placement.requestlog [None req-a245246b-3256-4e61-a3d5-129d219fab59 791dcef5740a42e3b7fd98ecfa351041 a5df5231f7c54ca19b9e3ab4cad0f863 - - a36f33a72e374b96a89dc4a73d9742f4 a36f33a72e374b96a89dc4a73d9742f4] 10.0.0.165 "DELETE /resource_providers/7b770497-c86a-4dd7-af0a-21cf33d3a180" status: 404 len: 246 microversion: 1.1 [pid: 7|app: 0|req: 488/973] 10.0.0.165 () {34 vars in 816 bytes} [Tue Jul 14 18:47:25 2026] DELETE /resource_providers/7b770497-c86a-4dd7-af0a-21cf33d3a180 => generated 246 bytes in 10 msecs (HTTP/1.1 404) 6 headers in 231 bytes (1 switches on core 0)
2026-07-14 18:47:26.640 8 INFO placement.requestlog [req-f5a111ea-ceaa-4cf5-9c0b-d8a8c3a6092d req-8df5a220-b92e-47a6-811b-3bce5fba3dbc 6125482d0ff64870879265d29fe94493 a5df5231f7c54ca19b9e3ab4cad0f863 - - a36f33a72e374b96a89dc4a73d9742f4 a36f33a72e374b96a89dc4a73d9742f4] 199.19.213.57 "DELETE /allocations/45c1726f-94b8-4c94-97ca-a806931826cf" status: 204 len: 0 microversion: 1.0 [pid: 8|app: 0|req: 486/974] 199.19.213.57 () {34 vars in 840 bytes} [Tue Jul 14 18:47:26 2026] DELETE /allocations/45c1726f-94b8-4c94-97ca-a806931826cf => generated 0 bytes in 21 msecs (HTTP/1.1 204) 5 headers in 198 bytes (1 switches on core 0)
2026-07-14 18:47:27.111 7 INFO placement.requestlog [req-8b9fbd63-dbe2-4eff-aa82-b285dec18407 req-6af96541-43e0-4717-92e0-b0f9b1012365 6125482d0ff64870879265d29fe94493 a5df5231f7c54ca19b9e3ab4cad0f863 - - a36f33a72e374b96a89dc4a73d9742f4 a36f33a72e374b96a89dc4a73d9742f4] 10.0.0.154 "DELETE /allocations/45c1726f-94b8-4c94-97ca-a806931826cf" status: 404 len: 228 microversion: 1.0 [pid: 7|app: 0|req: 489/975] 10.0.0.154 () {34 vars in 830 bytes} [Tue Jul 14 18:47:27 2026] DELETE /allocations/45c1726f-94b8-4c94-97ca-a806931826cf => generated 228 bytes in 6 msecs (HTTP/1.1 404) 6 headers in 231 bytes (1 switches on core 0)
2026-07-14 18:47:29.302 8 INFO placement.requestlog [None req-a688a044-a99f-424d-88cd-53007413a61f 791dcef5740a42e3b7fd98ecfa351041 a5df5231f7c54ca19b9e3ab4cad0f863 - - a36f33a72e374b96a89dc4a73d9742f4 a36f33a72e374b96a89dc4a73d9742f4] 10.0.0.165 "GET /resource_providers/869d3326-93eb-4fc5-8be4-1b015e063b7f/aggregates" status: 404 len: 235 microversion: 1.1 [pid: 8|app: 0|req: 487/976] 10.0.0.165 () {32 vars in 816 bytes} [Tue Jul 14 18:47:29 2026] GET /resource_providers/869d3326-93eb-4fc5-8be4-1b015e063b7f/aggregates => generated 235 bytes in 12 msecs (HTTP/1.1 404) 5 headers in 202 bytes (1 switches on core 0)
2026-07-14 18:47:29.308 7 INFO placement.requestlog [None req-ec9f20e2-10b3-4142-8b2e-1f5b9c4682ef 791dcef5740a42e3b7fd98ecfa351041 a5df5231f7c54ca19b9e3ab4cad0f863 - - a36f33a72e374b96a89dc4a73d9742f4 a36f33a72e374b96a89dc4a73d9742f4] 10.0.0.165 "GET /resource_providers/869d3326-93eb-4fc5-8be4-1b015e063b7f/aggregates" status: 404 len: 235 microversion: 1.1 [pid: 7|app: 0|req: 490/977] 10.0.0.165 () {32 vars in 816 bytes} [Tue Jul 14 18:47:29 2026] GET /resource_providers/869d3326-93eb-4fc5-8be4-1b015e063b7f/aggregates => generated 235 bytes in 9 msecs (HTTP/1.1 404) 5 headers in 202 bytes (1 switches on core 0)
2026-07-14 18:47:29.331 8 INFO placement.requestlog [None req-b4d5be1d-d8d4-4c3d-a9cf-4fb51fa4d63c 791dcef5740a42e3b7fd98ecfa351041 a5df5231f7c54ca19b9e3ab4cad0f863 - - a36f33a72e374b96a89dc4a73d9742f4 a36f33a72e374b96a89dc4a73d9742f4] 10.0.0.165 "DELETE /resource_providers/869d3326-93eb-4fc5-8be4-1b015e063b7f" status: 404 len: 246 microversion: 1.1 [pid: 8|app: 0|req: 488/978] 10.0.0.165 () {34 vars in 816 bytes} [Tue Jul 14 18:47:29 2026] DELETE /resource_providers/869d3326-93eb-4fc5-8be4-1b015e063b7f => generated 246 bytes in 15 msecs (HTTP/1.1 404) 6 headers in 231 bytes (1 switches on core 0)
2026-07-14 18:47:29.335 7 INFO placement.requestlog [None req-aca6051a-9a6a-4986-bc29-86c27f5631e1 791dcef5740a42e3b7fd98ecfa351041 a5df5231f7c54ca19b9e3ab4cad0f863 - - a36f33a72e374b96a89dc4a73d9742f4 a36f33a72e374b96a89dc4a73d9742f4] 10.0.0.165 "DELETE /resource_providers/869d3326-93eb-4fc5-8be4-1b015e063b7f" status: 404 len: 246 microversion: 1.1 [pid: 7|app: 0|req: 491/979] 10.0.0.165 () {34 vars in 816 bytes} [Tue Jul 14 18:47:29 2026] DELETE /resource_providers/869d3326-93eb-4fc5-8be4-1b015e063b7f => generated 246 bytes in 10 msecs (HTTP/1.1 404) 6 headers in 231 bytes (1 switches on core 0)
2026-07-14 18:47:31.356 8 INFO placement.requestlog [None req-f13d3ca2-7a33-4516-9740-d4d15c9a8594 791dcef5740a42e3b7fd98ecfa351041 a5df5231f7c54ca19b9e3ab4cad0f863 - - a36f33a72e374b96a89dc4a73d9742f4 a36f33a72e374b96a89dc4a73d9742f4] 10.0.0.165 "GET /resource_providers/55071611-19b4-4a05-a900-d2ce6c13c743/aggregates" status: 404 len: 235 microversion: 1.1 [pid: 8|app: 0|req: 489/980] 10.0.0.165 () {32 vars in 816 bytes} [Tue Jul 14 18:47:31 2026] GET /resource_providers/55071611-19b4-4a05-a900-d2ce6c13c743/aggregates => generated 235 bytes in 7 msecs (HTTP/1.1 404) 5 headers in 202 bytes (1 switches on core 0)
2026-07-14 18:47:31.365 7 INFO placement.requestlog [None req-caa6f328-7d3a-47c9-b4ed-3c390cbea52d 791dcef5740a42e3b7fd98ecfa351041 a5df5231f7c54ca19b9e3ab4cad0f863 - - a36f33a72e374b96a89dc4a73d9742f4 a36f33a72e374b96a89dc4a73d9742f4] 10.0.0.165 "GET /resource_providers/55071611-19b4-4a05-a900-d2ce6c13c743/aggregates" status: 404 len: 235 microversion: 1.1 [pid: 7|app: 0|req: 492/981] 10.0.0.165 () {32 vars in 816 bytes} [Tue Jul 14 18:47:31 2026] GET /resource_providers/55071611-19b4-4a05-a900-d2ce6c13c743/aggregates => generated 235 bytes in 16 msecs (HTTP/1.1 404) 5 headers in 202 bytes (1 switches on core 0)
2026-07-14 18:47:31.389 7 INFO placement.requestlog [None req-c1a4119e-f18e-4ccf-b7fa-e018f84a8ca6 791dcef5740a42e3b7fd98ecfa351041 a5df5231f7c54ca19b9e3ab4cad0f863 - - a36f33a72e374b96a89dc4a73d9742f4 a36f33a72e374b96a89dc4a73d9742f4] 10.0.0.165 "DELETE /resource_providers/55071611-19b4-4a05-a900-d2ce6c13c743" status: 404 len: 246 microversion: 1.1 [pid: 7|app: 0|req: 493/982] 10.0.0.165 () {34 vars in 816 bytes} [Tue Jul 14 18:47:31 2026] DELETE /resource_providers/55071611-19b4-4a05-a900-d2ce6c13c743 => generated 246 bytes in 10 msecs (HTTP/1.1 404) 6 headers in 231 bytes (1 switches on core 0)
2026-07-14 18:47:31.391 8 INFO placement.requestlog [None req-f790827c-dfb4-4ac3-9de7-da248d26d03e 791dcef5740a42e3b7fd98ecfa351041 a5df5231f7c54ca19b9e3ab4cad0f863 - - a36f33a72e374b96a89dc4a73d9742f4 a36f33a72e374b96a89dc4a73d9742f4] 10.0.0.165 "DELETE /resource_providers/55071611-19b4-4a05-a900-d2ce6c13c743" status: 404 len: 246 microversion: 1.1 [pid: 8|app: 0|req: 490/983] 10.0.0.165 () {34 vars in 816 bytes} [Tue Jul 14 18:47:31 2026] DELETE /resource_providers/55071611-19b4-4a05-a900-d2ce6c13c743 => generated 246 bytes in 13 msecs (HTTP/1.1 404) 6 headers in 231 bytes (1 switches on core 0)
2026-07-14 18:47:33.012 8 INFO placement.requestlog [None req-7f1aeb3e-c3c6-486e-8433-b6535ac71668 - - - - - -] 10.0.0.166 "GET /" status: 200 len: 136 microversion: 1.0
2026-07-14 18:47:33.013 7 INFO placement.requestlog [None req-3e5dfccb-a4ec-4e9c-8c7c-1d3a34cd06d0 - - - - - -] 10.0.0.166 "GET /" status: 200 len: 136 microversion: 1.0
2026-07-14 18:47:35.945 8 INFO placement.requestlog [None req-cd97df14-b730-4857-9e42-a030c45229e4 791dcef5740a42e3b7fd98ecfa351041 a5df5231f7c54ca19b9e3ab4cad0f863 - - a36f33a72e374b96a89dc4a73d9742f4 a36f33a72e374b96a89dc4a73d9742f4] 10.0.0.165 "GET /resource_providers/b5dab939-35b3-4059-96c2-5e6fbd1281bf/aggregates" status: 404 len: 235 microversion: 1.1 [pid: 8|app: 0|req: 492/986] 10.0.0.165 () {32 vars in 816 bytes} [Tue Jul 14 18:47:35 2026] GET /resource_providers/b5dab939-35b3-4059-96c2-5e6fbd1281bf/aggregates => generated 235 bytes in 9 msecs (HTTP/1.1 404) 5 headers in 202 bytes (1 switches on core 0)
2026-07-14 18:47:35.954 7 INFO placement.requestlog [None req-f6709938-11e3-42a0-9642-2aa405e3d3fc 791dcef5740a42e3b7fd98ecfa351041 a5df5231f7c54ca19b9e3ab4cad0f863 - - a36f33a72e374b96a89dc4a73d9742f4 a36f33a72e374b96a89dc4a73d9742f4] 10.0.0.165 "GET /resource_providers/b5dab939-35b3-4059-96c2-5e6fbd1281bf/aggregates" status: 404 len: 235 microversion: 1.1 [pid: 7|app: 0|req: 495/987] 10.0.0.165 () {32 vars in 816 bytes} [Tue Jul 14 18:47:35 2026] GET /resource_providers/b5dab939-35b3-4059-96c2-5e6fbd1281bf/aggregates => generated 235 bytes in 14 msecs (HTTP/1.1 404) 5 headers in 202 bytes (1 switches on core 0)
2026-07-14 18:47:35.975 8 INFO placement.requestlog [None req-8ac2be1a-fe83-43ab-ac1a-7a647296e9a3 791dcef5740a42e3b7fd98ecfa351041 a5df5231f7c54ca19b9e3ab4cad0f863 - - a36f33a72e374b96a89dc4a73d9742f4 a36f33a72e374b96a89dc4a73d9742f4] 10.0.0.165 "DELETE /resource_providers/b5dab939-35b3-4059-96c2-5e6fbd1281bf" status: 404 len: 246 microversion: 1.1 [pid: 8|app: 0|req: 493/988] 10.0.0.165 () {34 vars in 816 bytes} [Tue Jul 14 18:47:35 2026] DELETE /resource_providers/b5dab939-35b3-4059-96c2-5e6fbd1281bf => generated 246 bytes in 10 msecs (HTTP/1.1 404) 6 headers in 231 bytes (1 switches on core 0)
2026-07-14 18:47:35.977 7 INFO placement.requestlog [None req-6f56e0fa-fc8d-4099-aed4-eb62104d497b 791dcef5740a42e3b7fd98ecfa351041 a5df5231f7c54ca19b9e3ab4cad0f863 - - a36f33a72e374b96a89dc4a73d9742f4 a36f33a72e374b96a89dc4a73d9742f4] 10.0.0.165 "DELETE /resource_providers/b5dab939-35b3-4059-96c2-5e6fbd1281bf" status: 404 len: 246 microversion: 1.1 [pid: 7|app: 0|req: 496/989] 10.0.0.165 () {34 vars in 816 bytes} [Tue Jul 14 18:47:35 2026] DELETE /resource_providers/b5dab939-35b3-4059-96c2-5e6fbd1281bf => generated 246 bytes in 11 msecs (HTTP/1.1 404) 6 headers in 231 bytes (1 switches on core 0)
2026-07-14 18:47:43.013 8 INFO placement.requestlog [None req-dce98df2-3538-4d42-ace6-1ffee78c8763 - - - - - -] 10.0.0.166 "GET /" status: 200 len: 136 microversion: 1.0
2026-07-14 18:47:43.013 7 INFO placement.requestlog [None req-7ed3d909-665a-486a-9111-b25c43a12a21 - - - - - -] 10.0.0.166 "GET /" status: 200 len: 136 microversion: 1.0
2026-07-14 18:47:44.356 8 INFO placement.requestlog [None req-71736519-c4f0-4c8c-8c6a-2021b0e50cc2 791dcef5740a42e3b7fd98ecfa351041 a5df5231f7c54ca19b9e3ab4cad0f863 - - a36f33a72e374b96a89dc4a73d9742f4 a36f33a72e374b96a89dc4a73d9742f4] 10.0.0.165 "GET /resource_providers/2df9327f-8f1f-4627-81e9-3932e3b6a58f/aggregates" status: 404 len: 235 microversion: 1.1 [pid: 8|app: 0|req: 495/992] 10.0.0.165 () {32 vars in 816 bytes} [Tue Jul 14 18:47:44 2026] GET /resource_providers/2df9327f-8f1f-4627-81e9-3932e3b6a58f/aggregates => generated 235 bytes in 11 msecs (HTTP/1.1 404) 5 headers in 202 bytes (1 switches on core 0)
2026-07-14 18:47:44.359 7 INFO placement.requestlog [None req-d5714a9b-de7e-48d8-bcd3-df7e80a642cd 791dcef5740a42e3b7fd98ecfa351041 a5df5231f7c54ca19b9e3ab4cad0f863 - - a36f33a72e374b96a89dc4a73d9742f4 a36f33a72e374b96a89dc4a73d9742f4] 10.0.0.165 "GET /resource_providers/2df9327f-8f1f-4627-81e9-3932e3b6a58f/aggregates" status: 404 len: 235 microversion: 1.1 [pid: 7|app: 0|req: 498/993] 10.0.0.165 () {32 vars in 816 bytes} [Tue Jul 14 18:47:44 2026] GET /resource_providers/2df9327f-8f1f-4627-81e9-3932e3b6a58f/aggregates => generated 235 bytes in 10 msecs (HTTP/1.1 404) 5 headers in 202 bytes (1 switches on core 0)
2026-07-14 18:47:44.381 8 INFO placement.requestlog [None req-2a59e124-cdb5-4a01-a332-1b625b4de085 791dcef5740a42e3b7fd98ecfa351041 a5df5231f7c54ca19b9e3ab4cad0f863 - - a36f33a72e374b96a89dc4a73d9742f4 a36f33a72e374b96a89dc4a73d9742f4] 10.0.0.165 "DELETE /resource_providers/2df9327f-8f1f-4627-81e9-3932e3b6a58f" status: 404 len: 246 microversion: 1.1 [pid: 8|app: 0|req: 496/994] 10.0.0.165 () {34 vars in 816 bytes} [Tue Jul 14 18:47:44 2026] DELETE /resource_providers/2df9327f-8f1f-4627-81e9-3932e3b6a58f => generated 246 bytes in 9 msecs (HTTP/1.1 404) 6 headers in 231 bytes (1 switches on core 0)
2026-07-14 18:47:44.382 7 INFO placement.requestlog [None req-887a6a51-c417-4102-8e8c-286b78dc854c 791dcef5740a42e3b7fd98ecfa351041 a5df5231f7c54ca19b9e3ab4cad0f863 - - a36f33a72e374b96a89dc4a73d9742f4 a36f33a72e374b96a89dc4a73d9742f4] 10.0.0.165 "DELETE /resource_providers/2df9327f-8f1f-4627-81e9-3932e3b6a58f" status: 404 len: 246 microversion: 1.1 [pid: 7|app: 0|req: 499/995] 10.0.0.165 () {34 vars in 816 bytes} [Tue Jul 14 18:47:44 2026] DELETE /resource_providers/2df9327f-8f1f-4627-81e9-3932e3b6a58f => generated 246 bytes in 9 msecs (HTTP/1.1 404) 6 headers in 231 bytes (1 switches on core 0)
2026-07-14 18:47:44.599 8 INFO placement.requestlog [None req-f1d8dac9-58da-4c58-a9c0-adbb9af59a92 791dcef5740a42e3b7fd98ecfa351041 a5df5231f7c54ca19b9e3ab4cad0f863 - - a36f33a72e374b96a89dc4a73d9742f4 a36f33a72e374b96a89dc4a73d9742f4] 10.0.0.165 "GET /resource_providers/fc8b0aa7-989e-4096-ae2d-db5dda643673/aggregates" status: 404 len: 235 microversion: 1.1 [pid: 8|app: 0|req: 497/996] 10.0.0.165 () {32 vars in 816 bytes} [Tue Jul 14 18:47:44 2026] GET /resource_providers/fc8b0aa7-989e-4096-ae2d-db5dda643673/aggregates => generated 235 bytes in 9 msecs (HTTP/1.1 404) 5 headers in 202 bytes (1 switches on core 0)
2026-07-14 18:47:44.600 7 INFO placement.requestlog [None req-ce46ff33-f42f-4ef6-9ed7-2c4ae86fc244 791dcef5740a42e3b7fd98ecfa351041 a5df5231f7c54ca19b9e3ab4cad0f863 - - a36f33a72e374b96a89dc4a73d9742f4 a36f33a72e374b96a89dc4a73d9742f4] 10.0.0.165 "GET /resource_providers/fc8b0aa7-989e-4096-ae2d-db5dda643673/aggregates" status: 404 len: 235 microversion: 1.1 [pid: 7|app: 0|req: 500/997] 10.0.0.165 () {32 vars in 816 bytes} [Tue Jul 14 18:47:44 2026] GET /resource_providers/fc8b0aa7-989e-4096-ae2d-db5dda643673/aggregates => generated 235 bytes in 10 msecs (HTTP/1.1 404) 5 headers in 202 bytes (1 switches on core 0)
2026-07-14 18:47:44.621 8 INFO placement.requestlog [None req-112a90f2-87d8-49f3-ba72-3733cbf6342d 791dcef5740a42e3b7fd98ecfa351041 a5df5231f7c54ca19b9e3ab4cad0f863 - - a36f33a72e374b96a89dc4a73d9742f4 a36f33a72e374b96a89dc4a73d9742f4] 10.0.0.165 "DELETE /resource_providers/fc8b0aa7-989e-4096-ae2d-db5dda643673" status: 404 len: 246 microversion: 1.1 [pid: 8|app: 0|req: 498/998] 10.0.0.165 () {34 vars in 816 bytes} [Tue Jul 14 18:47:44 2026] DELETE /resource_providers/fc8b0aa7-989e-4096-ae2d-db5dda643673 => generated 246 bytes in 10 msecs (HTTP/1.1 404) 6 headers in 231 bytes (1 switches on core 0)
2026-07-14 18:47:44.623 7 INFO placement.requestlog [None req-7f1eaa46-3bdf-4e2a-a6db-84b718d00bef 791dcef5740a42e3b7fd98ecfa351041 a5df5231f7c54ca19b9e3ab4cad0f863 - - a36f33a72e374b96a89dc4a73d9742f4 a36f33a72e374b96a89dc4a73d9742f4] 10.0.0.165 "DELETE /resource_providers/fc8b0aa7-989e-4096-ae2d-db5dda643673" status: 404 len: 246 microversion: 1.1 [pid: 7|app: 0|req: 501/999] 10.0.0.165 () {34 vars in 816 bytes} [Tue Jul 14 18:47:44 2026] DELETE /resource_providers/fc8b0aa7-989e-4096-ae2d-db5dda643673 => generated 246 bytes in 9 msecs (HTTP/1.1 404) 6 headers in 231 bytes (1 switches on core 0)
2026-07-14 18:47:46.408 8 INFO placement.requestlog [None req-9c68f0c6-edfa-4d78-9ba5-336c37ec93e6 791dcef5740a42e3b7fd98ecfa351041 a5df5231f7c54ca19b9e3ab4cad0f863 - - a36f33a72e374b96a89dc4a73d9742f4 a36f33a72e374b96a89dc4a73d9742f4] 10.0.0.165 "GET /resource_providers/525fe070-329d-497a-9ef9-58f5c5152ad6/aggregates" status: 404 len: 235 microversion: 1.1 [pid: 8|app: 0|req: 499/1000] 10.0.0.165 () {32 vars in 816 bytes} [Tue Jul 14 18:47:46 2026] GET /resource_providers/525fe070-329d-497a-9ef9-58f5c5152ad6/aggregates => generated 235 bytes in 15 msecs (HTTP/1.1 404) 5 headers in 202 bytes (1 switches on core 0)
2026-07-14 18:47:46.410 7 INFO placement.requestlog [None req-b5675d7c-31d5-4cc0-a1f5-a285c75217aa 791dcef5740a42e3b7fd98ecfa351041 a5df5231f7c54ca19b9e3ab4cad0f863 - - a36f33a72e374b96a89dc4a73d9742f4 a36f33a72e374b96a89dc4a73d9742f4] 10.0.0.165 "GET /resource_providers/525fe070-329d-497a-9ef9-58f5c5152ad6/aggregates" status: 404 len: 235 microversion: 1.1 [pid: 7|app: 0|req: 502/1001] 10.0.0.165 () {32 vars in 816 bytes} [Tue Jul 14 18:47:46 2026] GET /resource_providers/525fe070-329d-497a-9ef9-58f5c5152ad6/aggregates => generated 235 bytes in 15 msecs (HTTP/1.1 404) 5 headers in 202 bytes (1 switches on core 0)
2026-07-14 18:47:46.431 7 INFO placement.requestlog [None req-91634b3e-8917-4624-969a-202420c17690 791dcef5740a42e3b7fd98ecfa351041 a5df5231f7c54ca19b9e3ab4cad0f863 - - a36f33a72e374b96a89dc4a73d9742f4 a36f33a72e374b96a89dc4a73d9742f4] 10.0.0.165 "DELETE /resource_providers/525fe070-329d-497a-9ef9-58f5c5152ad6" status: 404 len: 246 microversion: 1.1 [pid: 7|app: 0|req: 503/1002] 10.0.0.165 () {34 vars in 816 bytes} [Tue Jul 14 18:47:46 2026] DELETE /resource_providers/525fe070-329d-497a-9ef9-58f5c5152ad6 => generated 246 bytes in 9 msecs (HTTP/1.1 404) 6 headers in 231 bytes (1 switches on core 0)
2026-07-14 18:47:46.432 8 INFO placement.requestlog [None req-8fc3778c-cc42-4d14-b186-ad31a100f594 791dcef5740a42e3b7fd98ecfa351041 a5df5231f7c54ca19b9e3ab4cad0f863 - - a36f33a72e374b96a89dc4a73d9742f4 a36f33a72e374b96a89dc4a73d9742f4] 10.0.0.165 "DELETE /resource_providers/525fe070-329d-497a-9ef9-58f5c5152ad6" status: 404 len: 246 microversion: 1.1 [pid: 8|app: 0|req: 500/1003] 10.0.0.165 () {34 vars in 816 bytes} [Tue Jul 14 18:47:46 2026] DELETE /resource_providers/525fe070-329d-497a-9ef9-58f5c5152ad6 => generated 246 bytes in 12 msecs (HTTP/1.1 404) 6 headers in 231 bytes (1 switches on core 0)
2026-07-14 18:47:46.449 7 INFO placement.requestlog [None req-79825866-bbca-47e0-9133-589aed4e53e7 791dcef5740a42e3b7fd98ecfa351041 a5df5231f7c54ca19b9e3ab4cad0f863 - - a36f33a72e374b96a89dc4a73d9742f4 a36f33a72e374b96a89dc4a73d9742f4] 10.0.0.165 "GET /resource_providers/d9f96fd4-62a5-4e72-83f7-b0218d51a5a9/aggregates" status: 404 len: 235 microversion: 1.1 [pid: 7|app: 0|req: 504/1004] 10.0.0.165 () {32 vars in 816 bytes} [Tue Jul 14 18:47:46 2026] GET /resource_providers/d9f96fd4-62a5-4e72-83f7-b0218d51a5a9/aggregates => generated 235 bytes in 7 msecs (HTTP/1.1 404) 5 headers in 202 bytes (1 switches on core 0)
2026-07-14 18:47:46.453 8 INFO placement.requestlog [None req-70936442-1445-46ab-bffe-1b348c9fcaa1 791dcef5740a42e3b7fd98ecfa351041 a5df5231f7c54ca19b9e3ab4cad0f863 - - a36f33a72e374b96a89dc4a73d9742f4 a36f33a72e374b96a89dc4a73d9742f4] 10.0.0.165 "GET /resource_providers/d9f96fd4-62a5-4e72-83f7-b0218d51a5a9/aggregates" status: 404 len: 235 microversion: 1.1 [pid: 8|app: 0|req: 501/1005] 10.0.0.165 () {32 vars in 816 bytes} [Tue Jul 14 18:47:46 2026] GET /resource_providers/d9f96fd4-62a5-4e72-83f7-b0218d51a5a9/aggregates => generated 235 bytes in 9 msecs (HTTP/1.1 404) 5 headers in 202 bytes (1 switches on core 0)
2026-07-14 18:47:46.469 7 INFO placement.requestlog [None req-9315e4e7-c9f5-477b-aeee-82da8ea9dc26 791dcef5740a42e3b7fd98ecfa351041 a5df5231f7c54ca19b9e3ab4cad0f863 - - a36f33a72e374b96a89dc4a73d9742f4 a36f33a72e374b96a89dc4a73d9742f4] 10.0.0.165 "DELETE /resource_providers/d9f96fd4-62a5-4e72-83f7-b0218d51a5a9" status: 404 len: 246 microversion: 1.1 [pid: 7|app: 0|req: 505/1006] 10.0.0.165 () {34 vars in 816 bytes} [Tue Jul 14 18:47:46 2026] DELETE /resource_providers/d9f96fd4-62a5-4e72-83f7-b0218d51a5a9 => generated 246 bytes in 9 msecs (HTTP/1.1 404) 6 headers in 231 bytes (1 switches on core 0)
2026-07-14 18:47:46.479 8 INFO placement.requestlog [None req-14091ca5-7c5f-4eac-8c3b-16cc63e87f0e 791dcef5740a42e3b7fd98ecfa351041 a5df5231f7c54ca19b9e3ab4cad0f863 - - a36f33a72e374b96a89dc4a73d9742f4 a36f33a72e374b96a89dc4a73d9742f4] 10.0.0.165 "DELETE /resource_providers/d9f96fd4-62a5-4e72-83f7-b0218d51a5a9" status: 404 len: 246 microversion: 1.1 [pid: 8|app: 0|req: 502/1007] 10.0.0.165 () {34 vars in 816 bytes} [Tue Jul 14 18:47:46 2026] DELETE /resource_providers/d9f96fd4-62a5-4e72-83f7-b0218d51a5a9 => generated 246 bytes in 18 msecs (HTTP/1.1 404) 6 headers in 231 bytes (1 switches on core 0)
2026-07-14 18:47:46.965 7 INFO placement.requestlog [None req-99c6fa0a-e461-44c2-8ce0-dacb5c2e1433 791dcef5740a42e3b7fd98ecfa351041 a5df5231f7c54ca19b9e3ab4cad0f863 - - a36f33a72e374b96a89dc4a73d9742f4 a36f33a72e374b96a89dc4a73d9742f4] 10.0.0.165 "GET /resource_providers/4e7a1c7d-9d12-4a31-be0c-9443fa8596bc/aggregates" status: 404 len: 235 microversion: 1.1 [pid: 7|app: 0|req: 506/1008] 10.0.0.165 () {32 vars in 816 bytes} [Tue Jul 14 18:47:46 2026] GET /resource_providers/4e7a1c7d-9d12-4a31-be0c-9443fa8596bc/aggregates => generated 235 bytes in 9 msecs (HTTP/1.1 404) 5 headers in 202 bytes (1 switches on core 0)
2026-07-14 18:47:46.969 8 INFO placement.requestlog [None req-1f0f146d-2cc8-45d0-98ac-50e8b22051c6 791dcef5740a42e3b7fd98ecfa351041 a5df5231f7c54ca19b9e3ab4cad0f863 - - a36f33a72e374b96a89dc4a73d9742f4 a36f33a72e374b96a89dc4a73d9742f4] 10.0.0.165 "GET /resource_providers/4e7a1c7d-9d12-4a31-be0c-9443fa8596bc/aggregates" status: 404 len: 235 microversion: 1.1 [pid: 8|app: 0|req: 503/1009] 10.0.0.165 () {32 vars in 816 bytes} [Tue Jul 14 18:47:46 2026] GET /resource_providers/4e7a1c7d-9d12-4a31-be0c-9443fa8596bc/aggregates => generated 235 bytes in 11 msecs (HTTP/1.1 404) 5 headers in 202 bytes (1 switches on core 0)
2026-07-14 18:47:46.997 8 INFO placement.requestlog [None req-b9a600e7-75ce-4176-8429-52da6e09b236 791dcef5740a42e3b7fd98ecfa351041 a5df5231f7c54ca19b9e3ab4cad0f863 - - a36f33a72e374b96a89dc4a73d9742f4 a36f33a72e374b96a89dc4a73d9742f4] 10.0.0.165 "DELETE /resource_providers/4e7a1c7d-9d12-4a31-be0c-9443fa8596bc" status: 404 len: 246 microversion: 1.1 [pid: 8|app: 0|req: 504/1010] 10.0.0.165 () {34 vars in 816 bytes} [Tue Jul 14 18:47:46 2026] DELETE /resource_providers/4e7a1c7d-9d12-4a31-be0c-9443fa8596bc => generated 246 bytes in 10 msecs (HTTP/1.1 404) 6 headers in 231 bytes (1 switches on core 0)
2026-07-14 18:47:46.999 7 INFO placement.requestlog [None req-f735d3dc-add9-4a28-ab2b-202418c312d8 791dcef5740a42e3b7fd98ecfa351041 a5df5231f7c54ca19b9e3ab4cad0f863 - - a36f33a72e374b96a89dc4a73d9742f4 a36f33a72e374b96a89dc4a73d9742f4] 10.0.0.165 "DELETE /resource_providers/4e7a1c7d-9d12-4a31-be0c-9443fa8596bc" status: 404 len: 246 microversion: 1.1 [pid: 7|app: 0|req: 507/1011] 10.0.0.165 () {34 vars in 816 bytes} [Tue Jul 14 18:47:46 2026] DELETE /resource_providers/4e7a1c7d-9d12-4a31-be0c-9443fa8596bc => generated 246 bytes in 19 msecs (HTTP/1.1 404) 6 headers in 231 bytes (1 switches on core 0)
2026-07-14 18:47:52.385 8 INFO placement.requestlog [None req-3f781c9a-34d5-4c4e-929b-bf8ecf10e136 791dcef5740a42e3b7fd98ecfa351041 a5df5231f7c54ca19b9e3ab4cad0f863 - - a36f33a72e374b96a89dc4a73d9742f4 a36f33a72e374b96a89dc4a73d9742f4] 10.0.0.165 "GET /resource_providers/d89f5d9f-0106-4fa2-b99e-e371dee2f54c/aggregates" status: 404 len: 235 microversion: 1.1 [pid: 8|app: 0|req: 505/1012] 10.0.0.165 () {32 vars in 816 bytes} [Tue Jul 14 18:47:52 2026] GET /resource_providers/d89f5d9f-0106-4fa2-b99e-e371dee2f54c/aggregates => generated 235 bytes in 9 msecs (HTTP/1.1 404) 5 headers in 202 bytes (1 switches on core 0)
2026-07-14 18:47:52.396 7 INFO placement.requestlog [None req-87e95a10-db60-47ee-9cdc-3c8dc0ddfc13 791dcef5740a42e3b7fd98ecfa351041 a5df5231f7c54ca19b9e3ab4cad0f863 - - a36f33a72e374b96a89dc4a73d9742f4 a36f33a72e374b96a89dc4a73d9742f4] 10.0.0.165 "GET /resource_providers/d89f5d9f-0106-4fa2-b99e-e371dee2f54c/aggregates" status: 404 len: 235 microversion: 1.1 [pid: 7|app: 0|req: 508/1013] 10.0.0.165 () {32 vars in 816 bytes} [Tue Jul 14 18:47:52 2026] GET /resource_providers/d89f5d9f-0106-4fa2-b99e-e371dee2f54c/aggregates => generated 235 bytes in 10 msecs (HTTP/1.1 404) 5 headers in 202 bytes (1 switches on core 0)
2026-07-14 18:47:52.406 8 INFO placement.requestlog [None req-319592c0-197d-4aba-b08e-f551d8388cae 791dcef5740a42e3b7fd98ecfa351041 a5df5231f7c54ca19b9e3ab4cad0f863 - - a36f33a72e374b96a89dc4a73d9742f4 a36f33a72e374b96a89dc4a73d9742f4] 10.0.0.165 "DELETE /resource_providers/d89f5d9f-0106-4fa2-b99e-e371dee2f54c" status: 404 len: 246 microversion: 1.1 [pid: 8|app: 0|req: 506/1014] 10.0.0.165 () {34 vars in 816 bytes} [Tue Jul 14 18:47:52 2026] DELETE /resource_providers/d89f5d9f-0106-4fa2-b99e-e371dee2f54c => generated 246 bytes in 10 msecs (HTTP/1.1 404) 6 headers in 231 bytes (1 switches on core 0)
2026-07-14 18:47:52.416 7 INFO placement.requestlog [None req-83e82d33-9921-45e1-837a-6d323fd065d7 791dcef5740a42e3b7fd98ecfa351041 a5df5231f7c54ca19b9e3ab4cad0f863 - - a36f33a72e374b96a89dc4a73d9742f4 a36f33a72e374b96a89dc4a73d9742f4] 10.0.0.165 "DELETE /resource_providers/d89f5d9f-0106-4fa2-b99e-e371dee2f54c" status: 404 len: 246 microversion: 1.1 [pid: 7|app: 0|req: 509/1015] 10.0.0.165 () {34 vars in 816 bytes} [Tue Jul 14 18:47:52 2026] DELETE /resource_providers/d89f5d9f-0106-4fa2-b99e-e371dee2f54c => generated 246 bytes in 11 msecs (HTTP/1.1 404) 6 headers in 231 bytes (1 switches on core 0)
2026-07-14 18:47:53.013 7 INFO placement.requestlog [None req-d0bf5a7f-06ea-4609-b0ab-26e1f562fd18 - - - - - -] 10.0.0.166 "GET /" status: 200 len: 136 microversion: 1.0
2026-07-14 18:47:53.013 8 INFO placement.requestlog [None req-4fd1293c-628b-4742-8f7d-fed0603f0283 - - - - - -] 10.0.0.166 "GET /" status: 200 len: 136 microversion: 1.0
2026-07-14 18:47:54.435 7 INFO placement.requestlog [None req-598324f0-e5ae-48cd-b8bf-37d7b568622e 791dcef5740a42e3b7fd98ecfa351041 a5df5231f7c54ca19b9e3ab4cad0f863 - - a36f33a72e374b96a89dc4a73d9742f4 a36f33a72e374b96a89dc4a73d9742f4] 10.0.0.165 "GET /resource_providers/e4546be6-ea1b-49fb-8540-b0abe7ae84a4/aggregates" status: 404 len: 235 microversion: 1.1 [pid: 7|app: 0|req: 511/1018] 10.0.0.165 () {32 vars in 816 bytes} [Tue Jul 14 18:47:54 2026] GET /resource_providers/e4546be6-ea1b-49fb-8540-b0abe7ae84a4/aggregates => generated 235 bytes in 16 msecs (HTTP/1.1 404) 5 headers in 202 bytes (1 switches on core 0)
2026-07-14 18:47:54.439 8 INFO placement.requestlog [None req-461f7ed4-e617-40f4-831c-8d739bfdfabb 791dcef5740a42e3b7fd98ecfa351041 a5df5231f7c54ca19b9e3ab4cad0f863 - - a36f33a72e374b96a89dc4a73d9742f4 a36f33a72e374b96a89dc4a73d9742f4] 10.0.0.165 "GET /resource_providers/e4546be6-ea1b-49fb-8540-b0abe7ae84a4/aggregates" status: 404 len: 235 microversion: 1.1 [pid: 8|app: 0|req: 508/1019] 10.0.0.165 () {32 vars in 816 bytes} [Tue Jul 14 18:47:54 2026] GET /resource_providers/e4546be6-ea1b-49fb-8540-b0abe7ae84a4/aggregates => generated 235 bytes in 11 msecs (HTTP/1.1 404) 5 headers in 202 bytes (1 switches on core 0)
2026-07-14 18:47:54.455 8 INFO placement.requestlog [None req-6ffd6d44-1300-48c8-ab35-f34a53b07616 791dcef5740a42e3b7fd98ecfa351041 a5df5231f7c54ca19b9e3ab4cad0f863 - - a36f33a72e374b96a89dc4a73d9742f4 a36f33a72e374b96a89dc4a73d9742f4] 10.0.0.165 "DELETE /resource_providers/e4546be6-ea1b-49fb-8540-b0abe7ae84a4" status: 404 len: 246 microversion: 1.1 [pid: 8|app: 0|req: 509/1020] 10.0.0.165 () {34 vars in 816 bytes} [Tue Jul 14 18:47:54 2026] DELETE /resource_providers/e4546be6-ea1b-49fb-8540-b0abe7ae84a4 => generated 246 bytes in 9 msecs (HTTP/1.1 404) 6 headers in 231 bytes (1 switches on core 0)
2026-07-14 18:47:54.459 7 INFO placement.requestlog [None req-42f66f9f-cc18-458a-9a55-5181361eedf3 791dcef5740a42e3b7fd98ecfa351041 a5df5231f7c54ca19b9e3ab4cad0f863 - - a36f33a72e374b96a89dc4a73d9742f4 a36f33a72e374b96a89dc4a73d9742f4] 10.0.0.165 "DELETE /resource_providers/e4546be6-ea1b-49fb-8540-b0abe7ae84a4" status: 404 len: 246 microversion: 1.1 [pid: 7|app: 0|req: 512/1021] 10.0.0.165 () {34 vars in 816 bytes} [Tue Jul 14 18:47:54 2026] DELETE /resource_providers/e4546be6-ea1b-49fb-8540-b0abe7ae84a4 => generated 246 bytes in 14 msecs (HTTP/1.1 404) 6 headers in 231 bytes (1 switches on core 0)
2026-07-14 18:47:54.479 7 INFO placement.requestlog [None req-e099da4c-8eb9-4af0-8797-7adb50225c35 791dcef5740a42e3b7fd98ecfa351041 a5df5231f7c54ca19b9e3ab4cad0f863 - - a36f33a72e374b96a89dc4a73d9742f4 a36f33a72e374b96a89dc4a73d9742f4] 10.0.0.165 "GET /resource_providers/565f51d5-caee-4e60-acf8-a904f48fe1e5/aggregates" status: 404 len: 235 microversion: 1.1 [pid: 7|app: 0|req: 513/1022] 10.0.0.165 () {32 vars in 816 bytes} [Tue Jul 14 18:47:54 2026] GET /resource_providers/565f51d5-caee-4e60-acf8-a904f48fe1e5/aggregates => generated 235 bytes in 12 msecs (HTTP/1.1 404) 5 headers in 202 bytes (1 switches on core 0)
2026-07-14 18:47:54.480 8 INFO placement.requestlog [None req-e0d47193-288d-459a-b634-f51ea5c7850a 791dcef5740a42e3b7fd98ecfa351041 a5df5231f7c54ca19b9e3ab4cad0f863 - - a36f33a72e374b96a89dc4a73d9742f4 a36f33a72e374b96a89dc4a73d9742f4] 10.0.0.165 "GET /resource_providers/565f51d5-caee-4e60-acf8-a904f48fe1e5/aggregates" status: 404 len: 235 microversion: 1.1 [pid: 8|app: 0|req: 510/1023] 10.0.0.165 () {32 vars in 816 bytes} [Tue Jul 14 18:47:54 2026] GET /resource_providers/565f51d5-caee-4e60-acf8-a904f48fe1e5/aggregates => generated 235 bytes in 13 msecs (HTTP/1.1 404) 5 headers in 202 bytes (1 switches on core 0)
2026-07-14 18:47:54.504 8 INFO placement.requestlog [None req-e8c0f5ca-7843-4e65-ac57-0634734944f3 791dcef5740a42e3b7fd98ecfa351041 a5df5231f7c54ca19b9e3ab4cad0f863 - - a36f33a72e374b96a89dc4a73d9742f4 a36f33a72e374b96a89dc4a73d9742f4] 10.0.0.165 "DELETE /resource_providers/565f51d5-caee-4e60-acf8-a904f48fe1e5" status: 404 len: 246 microversion: 1.1 [pid: 8|app: 0|req: 511/1024] 10.0.0.165 () {34 vars in 816 bytes} [Tue Jul 14 18:47:54 2026] DELETE /resource_providers/565f51d5-caee-4e60-acf8-a904f48fe1e5 => generated 246 bytes in 9 msecs (HTTP/1.1 404) 6 headers in 231 bytes (1 switches on core 0)
2026-07-14 18:47:54.510 7 INFO placement.requestlog [None req-3b4eeb46-5bc0-4068-99df-ff751fc3d0fc 791dcef5740a42e3b7fd98ecfa351041 a5df5231f7c54ca19b9e3ab4cad0f863 - - a36f33a72e374b96a89dc4a73d9742f4 a36f33a72e374b96a89dc4a73d9742f4] 10.0.0.165 "DELETE /resource_providers/565f51d5-caee-4e60-acf8-a904f48fe1e5" status: 404 len: 246 microversion: 1.1 [pid: 7|app: 0|req: 514/1025] 10.0.0.165 () {34 vars in 816 bytes} [Tue Jul 14 18:47:54 2026] DELETE /resource_providers/565f51d5-caee-4e60-acf8-a904f48fe1e5 => generated 246 bytes in 18 msecs (HTTP/1.1 404) 6 headers in 231 bytes (1 switches on core 0)
2026-07-14 18:47:54.531 8 INFO placement.requestlog [None req-a1cb545f-3dac-4338-b5b7-190b1895f525 791dcef5740a42e3b7fd98ecfa351041 a5df5231f7c54ca19b9e3ab4cad0f863 - - a36f33a72e374b96a89dc4a73d9742f4 a36f33a72e374b96a89dc4a73d9742f4] 10.0.0.165 "GET /resource_providers/49243f3a-6865-4a84-9346-70afba4645a1/aggregates" status: 404 len: 235 microversion: 1.1 [pid: 8|app: 0|req: 512/1026] 10.0.0.165 () {32 vars in 816 bytes} [Tue Jul 14 18:47:54 2026] GET /resource_providers/49243f3a-6865-4a84-9346-70afba4645a1/aggregates => generated 235 bytes in 12 msecs (HTTP/1.1 404) 5 headers in 202 bytes (1 switches on core 0)
2026-07-14 18:47:54.538 7 INFO placement.requestlog [None req-cfb794f4-e034-44ca-8df2-328dcde63f7c 791dcef5740a42e3b7fd98ecfa351041 a5df5231f7c54ca19b9e3ab4cad0f863 - - a36f33a72e374b96a89dc4a73d9742f4 a36f33a72e374b96a89dc4a73d9742f4] 10.0.0.165 "GET /resource_providers/49243f3a-6865-4a84-9346-70afba4645a1/aggregates" status: 404 len: 235 microversion: 1.1 [pid: 7|app: 0|req: 515/1027] 10.0.0.165 () {32 vars in 816 bytes} [Tue Jul 14 18:47:54 2026] GET /resource_providers/49243f3a-6865-4a84-9346-70afba4645a1/aggregates => generated 235 bytes in 15 msecs (HTTP/1.1 404) 5 headers in 202 bytes (1 switches on core 0)
2026-07-14 18:47:54.572 7 INFO placement.requestlog [None req-d0924666-f4ea-47c4-9a21-d3dd47ababda 791dcef5740a42e3b7fd98ecfa351041 a5df5231f7c54ca19b9e3ab4cad0f863 - - a36f33a72e374b96a89dc4a73d9742f4 a36f33a72e374b96a89dc4a73d9742f4] 10.0.0.165 "DELETE /resource_providers/49243f3a-6865-4a84-9346-70afba4645a1" status: 404 len: 246 microversion: 1.1
2026-07-14 18:47:54.573 8 INFO placement.requestlog [None req-1f2ff405-9141-46c7-932e-4ccedf129567 791dcef5740a42e3b7fd98ecfa351041 a5df5231f7c54ca19b9e3ab4cad0f863 - - a36f33a72e374b96a89dc4a73d9742f4 a36f33a72e374b96a89dc4a73d9742f4] 10.0.0.165 "DELETE /resource_providers/49243f3a-6865-4a84-9346-70afba4645a1" status: 404 len: 246 microversion: 1.1 [pid: 7|app: 0|req: 516/1028] 10.0.0.165 () {34 vars in 816 bytes} [Tue Jul 14 18:47:54 2026] DELETE /resource_providers/49243f3a-6865-4a84-9346-70afba4645a1 => generated 246 bytes in 11 msecs (HTTP/1.1 404) 6 headers in 231 bytes (1 switches on core 0) [pid: 8|app: 0|req: 513/1029] 10.0.0.165 () {34 vars in 816 bytes} [Tue Jul 14 18:47:54 2026] DELETE /resource_providers/49243f3a-6865-4a84-9346-70afba4645a1 => generated 246 bytes in 13 msecs (HTTP/1.1 404) 6 headers in 231 bytes (1 switches on core 0)
2026-07-14 18:47:56.251 7 INFO placement.requestlog [None req-50492e64-00d5-48c6-ada0-29990725632f 791dcef5740a42e3b7fd98ecfa351041 a5df5231f7c54ca19b9e3ab4cad0f863 - - a36f33a72e374b96a89dc4a73d9742f4 a36f33a72e374b96a89dc4a73d9742f4] 10.0.0.165 "GET /resource_providers/5c384b56-eedb-4e26-b3ef-3b501a1542da/aggregates" status: 404 len: 235 microversion: 1.1 [pid: 7|app: 0|req: 517/1030] 10.0.0.165 () {32 vars in 816 bytes} [Tue Jul 14 18:47:56 2026] GET /resource_providers/5c384b56-eedb-4e26-b3ef-3b501a1542da/aggregates => generated 235 bytes in 10 msecs (HTTP/1.1 404) 5 headers in 202 bytes (1 switches on core 0)
2026-07-14 18:47:56.255 8 INFO placement.requestlog [None req-a10ce674-dbae-4117-b130-575a30f940d4 791dcef5740a42e3b7fd98ecfa351041 a5df5231f7c54ca19b9e3ab4cad0f863 - - a36f33a72e374b96a89dc4a73d9742f4 a36f33a72e374b96a89dc4a73d9742f4] 10.0.0.165 "GET /resource_providers/5c384b56-eedb-4e26-b3ef-3b501a1542da/aggregates" status: 404 len: 235 microversion: 1.1 [pid: 8|app: 0|req: 514/1031] 10.0.0.165 () {32 vars in 816 bytes} [Tue Jul 14 18:47:56 2026] GET /resource_providers/5c384b56-eedb-4e26-b3ef-3b501a1542da/aggregates => generated 235 bytes in 13 msecs (HTTP/1.1 404) 5 headers in 202 bytes (1 switches on core 0)
2026-07-14 18:47:56.271 7 INFO placement.requestlog [None req-5aa86053-2440-4aa3-b08f-1f15cd090be5 791dcef5740a42e3b7fd98ecfa351041 a5df5231f7c54ca19b9e3ab4cad0f863 - - a36f33a72e374b96a89dc4a73d9742f4 a36f33a72e374b96a89dc4a73d9742f4] 10.0.0.165 "DELETE /resource_providers/5c384b56-eedb-4e26-b3ef-3b501a1542da" status: 404 len: 246 microversion: 1.1 [pid: 7|app: 0|req: 518/1032] 10.0.0.165 () {34 vars in 816 bytes} [Tue Jul 14 18:47:56 2026] DELETE /resource_providers/5c384b56-eedb-4e26-b3ef-3b501a1542da => generated 246 bytes in 9 msecs (HTTP/1.1 404) 6 headers in 231 bytes (1 switches on core 0)
2026-07-14 18:47:56.279 8 INFO placement.requestlog [None req-9db8fa64-8329-4b35-ab9e-367f166e8134 791dcef5740a42e3b7fd98ecfa351041 a5df5231f7c54ca19b9e3ab4cad0f863 - - a36f33a72e374b96a89dc4a73d9742f4 a36f33a72e374b96a89dc4a73d9742f4] 10.0.0.165 "DELETE /resource_providers/5c384b56-eedb-4e26-b3ef-3b501a1542da" status: 404 len: 246 microversion: 1.1 [pid: 8|app: 0|req: 515/1033] 10.0.0.165 () {34 vars in 816 bytes} [Tue Jul 14 18:47:56 2026] DELETE /resource_providers/5c384b56-eedb-4e26-b3ef-3b501a1542da => generated 246 bytes in 12 msecs (HTTP/1.1 404) 6 headers in 231 bytes (1 switches on core 0)
2026-07-14 18:48:03.013 7 INFO placement.requestlog [None req-f2ab5552-f14e-46a8-ac8a-94920e93eb6c - - - - - -] 10.0.0.166 "GET /" status: 200 len: 136 microversion: 1.0
2026-07-14 18:48:03.014 8 INFO placement.requestlog [None req-96fdeffc-da3a-4773-87a1-7481ba7b46b1 - - - - - -] 10.0.0.166 "GET /" status: 200 len: 136 microversion: 1.0
2026-07-14 18:48:03.774 7 INFO placement.requestlog [None req-d06bbc2c-1191-4d16-be2b-5c345deff280 791dcef5740a42e3b7fd98ecfa351041 a5df5231f7c54ca19b9e3ab4cad0f863 - - a36f33a72e374b96a89dc4a73d9742f4 a36f33a72e374b96a89dc4a73d9742f4] 10.0.0.165 "GET /resource_providers/5be410b2-a299-4735-a10c-22e68c68d7d1/aggregates" status: 404 len: 235 microversion: 1.1 [pid: 7|app: 0|req: 520/1036] 10.0.0.165 () {32 vars in 816 bytes} [Tue Jul 14 18:48:03 2026] GET /resource_providers/5be410b2-a299-4735-a10c-22e68c68d7d1/aggregates => generated 235 bytes in 10 msecs (HTTP/1.1 404) 5 headers in 202 bytes (1 switches on core 0)
2026-07-14 18:48:03.786 8 INFO placement.requestlog [None req-63d23cf8-6f2c-4171-bb37-a9575ea162c6 791dcef5740a42e3b7fd98ecfa351041 a5df5231f7c54ca19b9e3ab4cad0f863 - - a36f33a72e374b96a89dc4a73d9742f4 a36f33a72e374b96a89dc4a73d9742f4] 10.0.0.165 "GET /resource_providers/5be410b2-a299-4735-a10c-22e68c68d7d1/aggregates" status: 404 len: 235 microversion: 1.1 [pid: 8|app: 0|req: 517/1037] 10.0.0.165 () {32 vars in 816 bytes} [Tue Jul 14 18:48:03 2026] GET /resource_providers/5be410b2-a299-4735-a10c-22e68c68d7d1/aggregates => generated 235 bytes in 17 msecs (HTTP/1.1 404) 5 headers in 202 bytes (1 switches on core 0)
2026-07-14 18:48:03.796 7 INFO placement.requestlog [None req-10943ef6-41a8-41fb-9153-d690170fabcc 791dcef5740a42e3b7fd98ecfa351041 a5df5231f7c54ca19b9e3ab4cad0f863 - - a36f33a72e374b96a89dc4a73d9742f4 a36f33a72e374b96a89dc4a73d9742f4] 10.0.0.165 "DELETE /resource_providers/5be410b2-a299-4735-a10c-22e68c68d7d1" status: 404 len: 246 microversion: 1.1 [pid: 7|app: 0|req: 521/1038] 10.0.0.165 () {34 vars in 816 bytes} [Tue Jul 14 18:48:03 2026] DELETE /resource_providers/5be410b2-a299-4735-a10c-22e68c68d7d1 => generated 246 bytes in 13 msecs (HTTP/1.1 404) 6 headers in 231 bytes (1 switches on core 0)
2026-07-14 18:48:03.807 8 INFO placement.requestlog [None req-c1523cc4-7bde-4ff5-854c-df47397c4b5a 791dcef5740a42e3b7fd98ecfa351041 a5df5231f7c54ca19b9e3ab4cad0f863 - - a36f33a72e374b96a89dc4a73d9742f4 a36f33a72e374b96a89dc4a73d9742f4] 10.0.0.165 "DELETE /resource_providers/5be410b2-a299-4735-a10c-22e68c68d7d1" status: 404 len: 246 microversion: 1.1 [pid: 8|app: 0|req: 518/1039] 10.0.0.165 () {34 vars in 816 bytes} [Tue Jul 14 18:48:03 2026] DELETE /resource_providers/5be410b2-a299-4735-a10c-22e68c68d7d1 => generated 246 bytes in 12 msecs (HTTP/1.1 404) 6 headers in 231 bytes (1 switches on core 0)
2026-07-14 18:48:05.815 7 INFO placement.requestlog [None req-2eebcf4d-9ce7-429d-aa8c-70561d7a84a4 791dcef5740a42e3b7fd98ecfa351041 a5df5231f7c54ca19b9e3ab4cad0f863 - - a36f33a72e374b96a89dc4a73d9742f4 a36f33a72e374b96a89dc4a73d9742f4] 10.0.0.165 "GET /resource_providers/553bbc79-2c96-4d44-9c19-0b73df897847/aggregates" status: 404 len: 235 microversion: 1.1 [pid: 7|app: 0|req: 522/1040] 10.0.0.165 () {32 vars in 816 bytes} [Tue Jul 14 18:48:05 2026] GET /resource_providers/553bbc79-2c96-4d44-9c19-0b73df897847/aggregates => generated 235 bytes in 9 msecs (HTTP/1.1 404) 5 headers in 202 bytes (1 switches on core 0)
2026-07-14 18:48:05.851 8 INFO placement.requestlog [None req-8d044a16-4808-4222-baab-121223f28fed 791dcef5740a42e3b7fd98ecfa351041 a5df5231f7c54ca19b9e3ab4cad0f863 - - a36f33a72e374b96a89dc4a73d9742f4 a36f33a72e374b96a89dc4a73d9742f4] 10.0.0.165 "DELETE /resource_providers/553bbc79-2c96-4d44-9c19-0b73df897847" status: 404 len: 246 microversion: 1.1 [pid: 8|app: 0|req: 519/1041] 10.0.0.165 () {34 vars in 816 bytes} [Tue Jul 14 18:48:05 2026] DELETE /resource_providers/553bbc79-2c96-4d44-9c19-0b73df897847 => generated 246 bytes in 18 msecs (HTTP/1.1 404) 6 headers in 231 bytes (1 switches on core 0)
2026-07-14 18:48:05.861 7 INFO placement.requestlog [None req-0b220665-60b2-424c-8950-94c64f338d16 791dcef5740a42e3b7fd98ecfa351041 a5df5231f7c54ca19b9e3ab4cad0f863 - - a36f33a72e374b96a89dc4a73d9742f4 a36f33a72e374b96a89dc4a73d9742f4] 10.0.0.165 "GET /resource_providers/553bbc79-2c96-4d44-9c19-0b73df897847/aggregates" status: 404 len: 235 microversion: 1.1 [pid: 7|app: 0|req: 523/1042] 10.0.0.165 () {32 vars in 816 bytes} [Tue Jul 14 18:48:05 2026] GET /resource_providers/553bbc79-2c96-4d44-9c19-0b73df897847/aggregates => generated 235 bytes in 26 msecs (HTTP/1.1 404) 5 headers in 202 bytes (1 switches on core 0)
