2026-07-15 00:23:48.318 8 INFO placement.requestlog [None req-3c78e221-997a-443e-b4e8-5ee20b553be6 2d3b15c85d4646b7938a145bf59a6e8b b9d269a60ccf427fb88043902e0e2efc - - 016a1a63b6ea416584f1281817c96839 016a1a63b6ea416584f1281817c96839] 10.0.0.131 "GET /resource_providers/6a8f57fd-ff2f-47cd-9764-e9cbff5a447a/aggregates" status: 404 len: 235 microversion: 1.1 [pid: 8|app: 0|req: 633/1267] 10.0.0.131 () {32 vars in 816 bytes} [Wed Jul 15 00:23:48 2026] GET /resource_providers/6a8f57fd-ff2f-47cd-9764-e9cbff5a447a/aggregates => generated 235 bytes in 16 msecs (HTTP/1.1 404) 5 headers in 202 bytes (1 switches on core 0)
2026-07-15 00:23:48.322 7 INFO placement.requestlog [None req-36e6dbd9-bc30-44de-ba03-561bcf4aa198 2d3b15c85d4646b7938a145bf59a6e8b b9d269a60ccf427fb88043902e0e2efc - - 016a1a63b6ea416584f1281817c96839 016a1a63b6ea416584f1281817c96839] 10.0.0.131 "GET /resource_providers/6a8f57fd-ff2f-47cd-9764-e9cbff5a447a/aggregates" status: 404 len: 235 microversion: 1.1 [pid: 7|app: 0|req: 635/1268] 10.0.0.131 () {32 vars in 816 bytes} [Wed Jul 15 00:23:48 2026] GET /resource_providers/6a8f57fd-ff2f-47cd-9764-e9cbff5a447a/aggregates => generated 235 bytes in 9 msecs (HTTP/1.1 404) 5 headers in 202 bytes (1 switches on core 0)
2026-07-15 00:23:48.355 8 INFO placement.requestlog [None req-15240439-beab-48e5-8eb0-c7a3a83bfaa4 2d3b15c85d4646b7938a145bf59a6e8b b9d269a60ccf427fb88043902e0e2efc - - 016a1a63b6ea416584f1281817c96839 016a1a63b6ea416584f1281817c96839] 10.0.0.131 "DELETE /resource_providers/6a8f57fd-ff2f-47cd-9764-e9cbff5a447a" status: 404 len: 246 microversion: 1.1 [pid: 8|app: 0|req: 634/1269] 10.0.0.131 () {34 vars in 816 bytes} [Wed Jul 15 00:23:48 2026] DELETE /resource_providers/6a8f57fd-ff2f-47cd-9764-e9cbff5a447a => generated 246 bytes in 12 msecs (HTTP/1.1 404) 6 headers in 231 bytes (1 switches on core 0)
2026-07-15 00:23:48.359 7 INFO placement.requestlog [None req-fd140c02-ad06-4e9f-bb1c-a3780c679d1f 2d3b15c85d4646b7938a145bf59a6e8b b9d269a60ccf427fb88043902e0e2efc - - 016a1a63b6ea416584f1281817c96839 016a1a63b6ea416584f1281817c96839] 10.0.0.131 "DELETE /resource_providers/6a8f57fd-ff2f-47cd-9764-e9cbff5a447a" status: 404 len: 246 microversion: 1.1 [pid: 7|app: 0|req: 636/1270] 10.0.0.131 () {34 vars in 816 bytes} [Wed Jul 15 00:23:48 2026] DELETE /resource_providers/6a8f57fd-ff2f-47cd-9764-e9cbff5a447a => generated 246 bytes in 15 msecs (HTTP/1.1 404) 6 headers in 231 bytes (1 switches on core 0)
2026-07-15 00:23:49.160 8 INFO placement.requestlog [None req-0ce42e7d-07cc-4ce2-8e58-f2459036dcef 2d3b15c85d4646b7938a145bf59a6e8b b9d269a60ccf427fb88043902e0e2efc - - 016a1a63b6ea416584f1281817c96839 016a1a63b6ea416584f1281817c96839] 10.0.0.131 "GET /resource_providers/d9fe44fc-8ffb-49d0-8c73-89261ec691c0/aggregates" status: 404 len: 235 microversion: 1.1 [pid: 8|app: 0|req: 635/1271] 10.0.0.131 () {32 vars in 816 bytes} [Wed Jul 15 00:23:49 2026] GET /resource_providers/d9fe44fc-8ffb-49d0-8c73-89261ec691c0/aggregates => generated 235 bytes in 12 msecs (HTTP/1.1 404) 5 headers in 202 bytes (1 switches on core 0)
2026-07-15 00:23:49.168 7 INFO placement.requestlog [None req-00689027-7a58-45b1-8444-ef37609c04bb 2d3b15c85d4646b7938a145bf59a6e8b b9d269a60ccf427fb88043902e0e2efc - - 016a1a63b6ea416584f1281817c96839 016a1a63b6ea416584f1281817c96839] 10.0.0.131 "GET /resource_providers/d9fe44fc-8ffb-49d0-8c73-89261ec691c0/aggregates" status: 404 len: 235 microversion: 1.1 [pid: 7|app: 0|req: 637/1272] 10.0.0.131 () {32 vars in 816 bytes} [Wed Jul 15 00:23:49 2026] GET /resource_providers/d9fe44fc-8ffb-49d0-8c73-89261ec691c0/aggregates => generated 235 bytes in 13 msecs (HTTP/1.1 404) 5 headers in 202 bytes (1 switches on core 0)
2026-07-15 00:23:49.183 8 INFO placement.requestlog [None req-6899e8ea-48c7-4e53-b47a-b64136d14d57 2d3b15c85d4646b7938a145bf59a6e8b b9d269a60ccf427fb88043902e0e2efc - - 016a1a63b6ea416584f1281817c96839 016a1a63b6ea416584f1281817c96839] 10.0.0.131 "DELETE /resource_providers/d9fe44fc-8ffb-49d0-8c73-89261ec691c0" status: 404 len: 246 microversion: 1.1 [pid: 8|app: 0|req: 636/1273] 10.0.0.131 () {34 vars in 816 bytes} [Wed Jul 15 00:23:49 2026] DELETE /resource_providers/d9fe44fc-8ffb-49d0-8c73-89261ec691c0 => generated 246 bytes in 12 msecs (HTTP/1.1 404) 6 headers in 231 bytes (1 switches on core 0)
2026-07-15 00:23:49.187 7 INFO placement.requestlog [None req-dd9adcc3-c0e1-425d-b851-4debdc0d9551 2d3b15c85d4646b7938a145bf59a6e8b b9d269a60ccf427fb88043902e0e2efc - - 016a1a63b6ea416584f1281817c96839 016a1a63b6ea416584f1281817c96839] 10.0.0.131 "DELETE /resource_providers/d9fe44fc-8ffb-49d0-8c73-89261ec691c0" status: 404 len: 246 microversion: 1.1 [pid: 7|app: 0|req: 638/1274] 10.0.0.131 () {34 vars in 816 bytes} [Wed Jul 15 00:23:49 2026] DELETE /resource_providers/d9fe44fc-8ffb-49d0-8c73-89261ec691c0 => generated 246 bytes in 9 msecs (HTTP/1.1 404) 6 headers in 231 bytes (1 switches on core 0)
2026-07-15 00:23:49.205 7 INFO placement.requestlog [None req-21bffabd-c8df-46d2-94dd-79e6acb35fb9 2d3b15c85d4646b7938a145bf59a6e8b b9d269a60ccf427fb88043902e0e2efc - - 016a1a63b6ea416584f1281817c96839 016a1a63b6ea416584f1281817c96839] 10.0.0.131 "GET /resource_providers/2cf94045-a66b-48c9-8fcb-9c422b039d19/aggregates" status: 404 len: 235 microversion: 1.1
2026-07-15 00:23:49.205 8 INFO placement.requestlog [None req-9de68f6b-b19e-4e8c-87e0-015e5f4c9570 2d3b15c85d4646b7938a145bf59a6e8b b9d269a60ccf427fb88043902e0e2efc - - 016a1a63b6ea416584f1281817c96839 016a1a63b6ea416584f1281817c96839] 10.0.0.131 "GET /resource_providers/2cf94045-a66b-48c9-8fcb-9c422b039d19/aggregates" status: 404 len: 235 microversion: 1.1 [pid: 7|app: 0|req: 639/1275] 10.0.0.131 () {32 vars in 816 bytes} [Wed Jul 15 00:23:49 2026] GET /resource_providers/2cf94045-a66b-48c9-8fcb-9c422b039d19/aggregates => generated 235 bytes in 9 msecs (HTTP/1.1 404) 5 headers in 202 bytes (1 switches on core 0) [pid: 8|app: 0|req: 637/1276] 10.0.0.131 () {32 vars in 816 bytes} [Wed Jul 15 00:23:49 2026] GET /resource_providers/2cf94045-a66b-48c9-8fcb-9c422b039d19/aggregates => generated 235 bytes in 9 msecs (HTTP/1.1 404) 5 headers in 202 bytes (1 switches on core 0)
2026-07-15 00:23:49.232 7 INFO placement.requestlog [None req-85d93671-4767-4f3e-b46f-27d9aed9f65c 2d3b15c85d4646b7938a145bf59a6e8b b9d269a60ccf427fb88043902e0e2efc - - 016a1a63b6ea416584f1281817c96839 016a1a63b6ea416584f1281817c96839] 10.0.0.131 "DELETE /resource_providers/2cf94045-a66b-48c9-8fcb-9c422b039d19" status: 404 len: 246 microversion: 1.1 [pid: 7|app: 0|req: 640/1277] 10.0.0.131 () {34 vars in 816 bytes} [Wed Jul 15 00:23:49 2026] DELETE /resource_providers/2cf94045-a66b-48c9-8fcb-9c422b039d19 => generated 246 bytes in 9 msecs (HTTP/1.1 404) 6 headers in 231 bytes (1 switches on core 0)
2026-07-15 00:23:49.243 8 INFO placement.requestlog [None req-190de2e0-da63-4c39-a5ec-41f6ae941878 2d3b15c85d4646b7938a145bf59a6e8b b9d269a60ccf427fb88043902e0e2efc - - 016a1a63b6ea416584f1281817c96839 016a1a63b6ea416584f1281817c96839] 10.0.0.131 "DELETE /resource_providers/2cf94045-a66b-48c9-8fcb-9c422b039d19" status: 404 len: 246 microversion: 1.1 [pid: 8|app: 0|req: 638/1278] 10.0.0.131 () {34 vars in 816 bytes} [Wed Jul 15 00:23:49 2026] DELETE /resource_providers/2cf94045-a66b-48c9-8fcb-9c422b039d19 => generated 246 bytes in 11 msecs (HTTP/1.1 404) 6 headers in 231 bytes (1 switches on core 0)
2026-07-15 00:23:49.615 8 INFO placement.requestlog [None req-627a3333-fe1d-43cf-acf7-c9dbd83071b6 - - - - - -] 10.0.0.4 "GET /" status: 200 len: 136 microversion: 1.0
2026-07-15 00:23:49.615 7 INFO placement.requestlog [None req-29698b8a-02db-4081-a296-1b490e75aa88 - - - - - -] 10.0.0.4 "GET /" status: 200 len: 136 microversion: 1.0
2026-07-15 00:23:51.312 8 INFO placement.requestlog [req-6df9255d-2ce3-4cc6-9f81-8da0ff7e8083 req-b8d02936-7d27-488f-9e3d-3d77003e1734 516b26fb1d6f44e28dfa542cbb88d0a4 b9d269a60ccf427fb88043902e0e2efc - - 016a1a63b6ea416584f1281817c96839 016a1a63b6ea416584f1281817c96839] 199.204.45.144 "GET /resource_providers/9e774f93-454b-4bd2-99e9-188d7273babb/allocations" status: 200 len: 253 microversion: 1.0 [pid: 8|app: 0|req: 640/1281] 199.204.45.144 () {32 vars in 857 bytes} [Wed Jul 15 00:23:51 2026] GET /resource_providers/9e774f93-454b-4bd2-99e9-188d7273babb/allocations => generated 253 bytes in 18 msecs (HTTP/1.1 200) 6 headers in 224 bytes (1 switches on core 0)
2026-07-15 00:23:51.335 7 INFO placement.requestlog [req-6df9255d-2ce3-4cc6-9f81-8da0ff7e8083 req-f6a97440-4ac2-4da2-9330-0a10082399eb 516b26fb1d6f44e28dfa542cbb88d0a4 b9d269a60ccf427fb88043902e0e2efc - - 016a1a63b6ea416584f1281817c96839 016a1a63b6ea416584f1281817c96839] 199.204.45.144 "GET /resource_providers/9e774f93-454b-4bd2-99e9-188d7273babb/allocations" status: 200 len: 253 microversion: 1.0 [pid: 7|app: 0|req: 642/1282] 199.204.45.144 () {32 vars in 857 bytes} [Wed Jul 15 00:23:51 2026] GET /resource_providers/9e774f93-454b-4bd2-99e9-188d7273babb/allocations => generated 253 bytes in 15 msecs (HTTP/1.1 200) 6 headers in 224 bytes (1 switches on core 0)
2026-07-15 00:23:51.357 8 INFO placement.requestlog [req-6df9255d-2ce3-4cc6-9f81-8da0ff7e8083 req-d30635b5-b061-4a22-9d9a-b4d099644506 516b26fb1d6f44e28dfa542cbb88d0a4 b9d269a60ccf427fb88043902e0e2efc - - 016a1a63b6ea416584f1281817c96839 016a1a63b6ea416584f1281817c96839] 199.204.45.144 "GET /allocations/5ccc0120-8d95-4e3f-a835-76d2d4f868d2" status: 200 len: 258 microversion: 1.28 [pid: 8|app: 0|req: 641/1283] 199.204.45.144 () {34 vars in 863 bytes} [Wed Jul 15 00:23:51 2026] GET /allocations/5ccc0120-8d95-4e3f-a835-76d2d4f868d2 => generated 258 bytes in 14 msecs (HTTP/1.1 200) 8 headers in 296 bytes (1 switches on core 0)
2026-07-15 00:23:51.377 7 INFO placement.requestlog [req-6df9255d-2ce3-4cc6-9f81-8da0ff7e8083 req-fdb0105b-4fa7-486a-bc8b-7c4fb19c172a 516b26fb1d6f44e28dfa542cbb88d0a4 b9d269a60ccf427fb88043902e0e2efc - - 016a1a63b6ea416584f1281817c96839 016a1a63b6ea416584f1281817c96839] 199.204.45.144 "GET /allocations/156d91bb-e95d-438d-a1dc-f11bb3cd39b4" status: 200 len: 258 microversion: 1.28 [pid: 7|app: 0|req: 643/1284] 199.204.45.144 () {34 vars in 863 bytes} [Wed Jul 15 00:23:51 2026] GET /allocations/156d91bb-e95d-438d-a1dc-f11bb3cd39b4 => generated 258 bytes in 13 msecs (HTTP/1.1 200) 8 headers in 296 bytes (1 switches on core 0)
2026-07-15 00:23:59.614 7 INFO placement.requestlog [None req-f6f8db7a-fdea-4c29-8ad2-b548e94a2592 - - - - - -] 10.0.0.4 "GET /" status: 200 len: 136 microversion: 1.0
2026-07-15 00:23:59.614 8 INFO placement.requestlog [None req-3a114557-b79a-4382-b646-1715e457c392 - - - - - -] 10.0.0.4 "GET /" status: 200 len: 136 microversion: 1.0
2026-07-15 00:24:01.612 8 INFO placement.requestlog [None req-3e54b49c-c56e-4606-93fa-4715be218949 2d3b15c85d4646b7938a145bf59a6e8b b9d269a60ccf427fb88043902e0e2efc - - 016a1a63b6ea416584f1281817c96839 016a1a63b6ea416584f1281817c96839] 10.0.0.131 "GET /resource_providers/d71133df-b906-4fc7-8186-41b4df4b915d/aggregates" status: 404 len: 235 microversion: 1.1 [pid: 8|app: 0|req: 643/1287] 10.0.0.131 () {32 vars in 816 bytes} [Wed Jul 15 00:24:01 2026] GET /resource_providers/d71133df-b906-4fc7-8186-41b4df4b915d/aggregates => generated 235 bytes in 11 msecs (HTTP/1.1 404) 5 headers in 202 bytes (1 switches on core 0)
2026-07-15 00:24:01.614 7 INFO placement.requestlog [None req-b0e815b9-2cb1-4e34-bb58-6372dd48c25a 2d3b15c85d4646b7938a145bf59a6e8b b9d269a60ccf427fb88043902e0e2efc - - 016a1a63b6ea416584f1281817c96839 016a1a63b6ea416584f1281817c96839] 10.0.0.131 "GET /resource_providers/d71133df-b906-4fc7-8186-41b4df4b915d/aggregates" status: 404 len: 235 microversion: 1.1 [pid: 7|app: 0|req: 645/1288] 10.0.0.131 () {32 vars in 816 bytes} [Wed Jul 15 00:24:01 2026] GET /resource_providers/d71133df-b906-4fc7-8186-41b4df4b915d/aggregates => generated 235 bytes in 13 msecs (HTTP/1.1 404) 5 headers in 202 bytes (1 switches on core 0)
2026-07-15 00:24:01.650 7 INFO placement.requestlog [None req-592dabe2-8bae-4e8a-a0c8-9658d9df40fe 2d3b15c85d4646b7938a145bf59a6e8b b9d269a60ccf427fb88043902e0e2efc - - 016a1a63b6ea416584f1281817c96839 016a1a63b6ea416584f1281817c96839] 10.0.0.131 "DELETE /resource_providers/d71133df-b906-4fc7-8186-41b4df4b915d" status: 404 len: 246 microversion: 1.1 [pid: 7|app: 0|req: 646/1289] 10.0.0.131 () {34 vars in 816 bytes} [Wed Jul 15 00:24:01 2026] DELETE /resource_providers/d71133df-b906-4fc7-8186-41b4df4b915d => generated 246 bytes in 13 msecs (HTTP/1.1 404) 6 headers in 231 bytes (1 switches on core 0)
2026-07-15 00:24:01.653 8 INFO placement.requestlog [None req-be59da35-455f-4a1a-9db2-862647748708 2d3b15c85d4646b7938a145bf59a6e8b b9d269a60ccf427fb88043902e0e2efc - - 016a1a63b6ea416584f1281817c96839 016a1a63b6ea416584f1281817c96839] 10.0.0.131 "DELETE /resource_providers/d71133df-b906-4fc7-8186-41b4df4b915d" status: 404 len: 246 microversion: 1.1 [pid: 8|app: 0|req: 644/1290] 10.0.0.131 () {34 vars in 816 bytes} [Wed Jul 15 00:24:01 2026] DELETE /resource_providers/d71133df-b906-4fc7-8186-41b4df4b915d => generated 246 bytes in 20 msecs (HTTP/1.1 404) 6 headers in 231 bytes (1 switches on core 0)
2026-07-15 00:24:01.884 7 INFO placement.requestlog [None req-45cbc1bf-3598-42fc-9016-9df084896981 2d3b15c85d4646b7938a145bf59a6e8b b9d269a60ccf427fb88043902e0e2efc - - 016a1a63b6ea416584f1281817c96839 016a1a63b6ea416584f1281817c96839] 10.0.0.131 "GET /resource_providers/a2d2b4b5-844e-41ae-9d3a-1f579e2ebb2f/aggregates" status: 404 len: 235 microversion: 1.1 [pid: 7|app: 0|req: 647/1291] 10.0.0.131 () {32 vars in 816 bytes} [Wed Jul 15 00:24:01 2026] GET /resource_providers/a2d2b4b5-844e-41ae-9d3a-1f579e2ebb2f/aggregates => generated 235 bytes in 13 msecs (HTTP/1.1 404) 5 headers in 202 bytes (1 switches on core 0)
2026-07-15 00:24:01.887 8 INFO placement.requestlog [None req-52e14ad6-a893-4377-b498-9ac3cb71b175 2d3b15c85d4646b7938a145bf59a6e8b b9d269a60ccf427fb88043902e0e2efc - - 016a1a63b6ea416584f1281817c96839 016a1a63b6ea416584f1281817c96839] 10.0.0.131 "GET /resource_providers/a2d2b4b5-844e-41ae-9d3a-1f579e2ebb2f/aggregates" status: 404 len: 235 microversion: 1.1 [pid: 8|app: 0|req: 645/1292] 10.0.0.131 () {32 vars in 816 bytes} [Wed Jul 15 00:24:01 2026] GET /resource_providers/a2d2b4b5-844e-41ae-9d3a-1f579e2ebb2f/aggregates => generated 235 bytes in 15 msecs (HTTP/1.1 404) 5 headers in 202 bytes (1 switches on core 0)
2026-07-15 00:24:01.904 7 INFO placement.requestlog [None req-04f26e27-9208-4b49-820d-c4175880c799 2d3b15c85d4646b7938a145bf59a6e8b b9d269a60ccf427fb88043902e0e2efc - - 016a1a63b6ea416584f1281817c96839 016a1a63b6ea416584f1281817c96839] 10.0.0.131 "DELETE /resource_providers/a2d2b4b5-844e-41ae-9d3a-1f579e2ebb2f" status: 404 len: 246 microversion: 1.1 [pid: 7|app: 0|req: 648/1293] 10.0.0.131 () {34 vars in 816 bytes} [Wed Jul 15 00:24:01 2026] DELETE /resource_providers/a2d2b4b5-844e-41ae-9d3a-1f579e2ebb2f => generated 246 bytes in 10 msecs (HTTP/1.1 404) 6 headers in 231 bytes (1 switches on core 0)
2026-07-15 00:24:01.909 8 INFO placement.requestlog [None req-1987fb64-f441-4760-8e19-8e7b6cd5f80a 2d3b15c85d4646b7938a145bf59a6e8b b9d269a60ccf427fb88043902e0e2efc - - 016a1a63b6ea416584f1281817c96839 016a1a63b6ea416584f1281817c96839] 10.0.0.131 "DELETE /resource_providers/a2d2b4b5-844e-41ae-9d3a-1f579e2ebb2f" status: 404 len: 246 microversion: 1.1 [pid: 8|app: 0|req: 646/1294] 10.0.0.131 () {34 vars in 816 bytes} [Wed Jul 15 00:24:01 2026] DELETE /resource_providers/a2d2b4b5-844e-41ae-9d3a-1f579e2ebb2f => generated 246 bytes in 10 msecs (HTTP/1.1 404) 6 headers in 231 bytes (1 switches on core 0)
2026-07-15 00:24:03.721 7 INFO placement.requestlog [None req-c0d9324b-f31d-46c3-9149-b9145f10749e 2d3b15c85d4646b7938a145bf59a6e8b b9d269a60ccf427fb88043902e0e2efc - - 016a1a63b6ea416584f1281817c96839 016a1a63b6ea416584f1281817c96839] 10.0.0.131 "GET /resource_providers/75cf2919-dd80-4464-8ad2-98375f307e90/aggregates" status: 404 len: 235 microversion: 1.1 [pid: 7|app: 0|req: 649/1295] 10.0.0.131 () {32 vars in 816 bytes} [Wed Jul 15 00:24:03 2026] GET /resource_providers/75cf2919-dd80-4464-8ad2-98375f307e90/aggregates => generated 235 bytes in 10 msecs (HTTP/1.1 404) 5 headers in 202 bytes (1 switches on core 0)
2026-07-15 00:24:03.737 8 INFO placement.requestlog [None req-06ddbf11-851d-4ed3-808d-c184ba3cb3a5 2d3b15c85d4646b7938a145bf59a6e8b b9d269a60ccf427fb88043902e0e2efc - - 016a1a63b6ea416584f1281817c96839 016a1a63b6ea416584f1281817c96839] 10.0.0.131 "GET /resource_providers/75cf2919-dd80-4464-8ad2-98375f307e90/aggregates" status: 404 len: 235 microversion: 1.1 [pid: 8|app: 0|req: 647/1296] 10.0.0.131 () {32 vars in 816 bytes} [Wed Jul 15 00:24:03 2026] GET /resource_providers/75cf2919-dd80-4464-8ad2-98375f307e90/aggregates => generated 235 bytes in 25 msecs (HTTP/1.1 404) 5 headers in 202 bytes (1 switches on core 0)
2026-07-15 00:24:03.759 7 INFO placement.requestlog [None req-30faafe7-3f15-49b4-81e2-3403e1968a2c 2d3b15c85d4646b7938a145bf59a6e8b b9d269a60ccf427fb88043902e0e2efc - - 016a1a63b6ea416584f1281817c96839 016a1a63b6ea416584f1281817c96839] 10.0.0.131 "DELETE /resource_providers/75cf2919-dd80-4464-8ad2-98375f307e90" status: 404 len: 246 microversion: 1.1 [pid: 7|app: 0|req: 650/1297] 10.0.0.131 () {34 vars in 816 bytes} [Wed Jul 15 00:24:03 2026] DELETE /resource_providers/75cf2919-dd80-4464-8ad2-98375f307e90 => generated 246 bytes in 15 msecs (HTTP/1.1 404) 6 headers in 231 bytes (1 switches on core 0)
2026-07-15 00:24:03.769 8 INFO placement.requestlog [None req-89d67946-731b-4f93-8ee4-68fbfb0ecac4 2d3b15c85d4646b7938a145bf59a6e8b b9d269a60ccf427fb88043902e0e2efc - - 016a1a63b6ea416584f1281817c96839 016a1a63b6ea416584f1281817c96839] 10.0.0.131 "DELETE /resource_providers/75cf2919-dd80-4464-8ad2-98375f307e90" status: 404 len: 246 microversion: 1.1 [pid: 8|app: 0|req: 648/1298] 10.0.0.131 () {34 vars in 816 bytes} [Wed Jul 15 00:24:03 2026] DELETE /resource_providers/75cf2919-dd80-4464-8ad2-98375f307e90 => generated 246 bytes in 15 msecs (HTTP/1.1 404) 6 headers in 231 bytes (1 switches on core 0)
2026-07-15 00:24:03.782 7 INFO placement.requestlog [None req-74613394-f3bf-467b-b943-d3cbc3717f17 2d3b15c85d4646b7938a145bf59a6e8b b9d269a60ccf427fb88043902e0e2efc - - 016a1a63b6ea416584f1281817c96839 016a1a63b6ea416584f1281817c96839] 10.0.0.131 "GET /resource_providers/47ea1b52-7a1e-402f-a8b6-326f64022e0d/aggregates" status: 404 len: 235 microversion: 1.1 [pid: 7|app: 0|req: 651/1299] 10.0.0.131 () {32 vars in 816 bytes} [Wed Jul 15 00:24:03 2026] GET /resource_providers/47ea1b52-7a1e-402f-a8b6-326f64022e0d/aggregates => generated 235 bytes in 13 msecs (HTTP/1.1 404) 5 headers in 202 bytes (1 switches on core 0)
2026-07-15 00:24:03.794 8 INFO placement.requestlog [None req-5453bec4-2f7e-4893-aeaa-c44033ea1eb3 2d3b15c85d4646b7938a145bf59a6e8b b9d269a60ccf427fb88043902e0e2efc - - 016a1a63b6ea416584f1281817c96839 016a1a63b6ea416584f1281817c96839] 10.0.0.131 "GET /resource_providers/47ea1b52-7a1e-402f-a8b6-326f64022e0d/aggregates" status: 404 len: 235 microversion: 1.1 [pid: 8|app: 0|req: 649/1300] 10.0.0.131 () {32 vars in 816 bytes} [Wed Jul 15 00:24:03 2026] GET /resource_providers/47ea1b52-7a1e-402f-a8b6-326f64022e0d/aggregates => generated 235 bytes in 15 msecs (HTTP/1.1 404) 5 headers in 202 bytes (1 switches on core 0)
2026-07-15 00:24:03.805 7 INFO placement.requestlog [None req-69d23726-3e02-4899-8cb1-550cb744d7f0 2d3b15c85d4646b7938a145bf59a6e8b b9d269a60ccf427fb88043902e0e2efc - - 016a1a63b6ea416584f1281817c96839 016a1a63b6ea416584f1281817c96839] 10.0.0.131 "DELETE /resource_providers/47ea1b52-7a1e-402f-a8b6-326f64022e0d" status: 404 len: 246 microversion: 1.1 [pid: 7|app: 0|req: 652/1301] 10.0.0.131 () {34 vars in 816 bytes} [Wed Jul 15 00:24:03 2026] DELETE /resource_providers/47ea1b52-7a1e-402f-a8b6-326f64022e0d => generated 246 bytes in 15 msecs (HTTP/1.1 404) 6 headers in 231 bytes (1 switches on core 0)
2026-07-15 00:24:03.812 8 INFO placement.requestlog [None req-71be2d19-9d81-49b1-91ab-335b2d880945 2d3b15c85d4646b7938a145bf59a6e8b b9d269a60ccf427fb88043902e0e2efc - - 016a1a63b6ea416584f1281817c96839 016a1a63b6ea416584f1281817c96839] 10.0.0.131 "DELETE /resource_providers/47ea1b52-7a1e-402f-a8b6-326f64022e0d" status: 404 len: 246 microversion: 1.1 [pid: 8|app: 0|req: 650/1302] 10.0.0.131 () {34 vars in 816 bytes} [Wed Jul 15 00:24:03 2026] DELETE /resource_providers/47ea1b52-7a1e-402f-a8b6-326f64022e0d => generated 246 bytes in 10 msecs (HTTP/1.1 404) 6 headers in 231 bytes (1 switches on core 0)
2026-07-15 00:24:03.992 7 INFO placement.requestlog [None req-770ef3bb-dc56-427c-9ed0-ff030a901286 2d3b15c85d4646b7938a145bf59a6e8b b9d269a60ccf427fb88043902e0e2efc - - 016a1a63b6ea416584f1281817c96839 016a1a63b6ea416584f1281817c96839] 10.0.0.131 "GET /resource_providers/3951c24f-2793-422a-9a5c-33eb64eed1af/aggregates" status: 404 len: 235 microversion: 1.1 [pid: 7|app: 0|req: 653/1303] 10.0.0.131 () {32 vars in 816 bytes} [Wed Jul 15 00:24:03 2026] GET /resource_providers/3951c24f-2793-422a-9a5c-33eb64eed1af/aggregates => generated 235 bytes in 9 msecs (HTTP/1.1 404) 5 headers in 202 bytes (1 switches on core 0)
2026-07-15 00:24:03.995 8 INFO placement.requestlog [None req-8ed0ae5d-3fc3-4ede-acab-6af0e64b760d 2d3b15c85d4646b7938a145bf59a6e8b b9d269a60ccf427fb88043902e0e2efc - - 016a1a63b6ea416584f1281817c96839 016a1a63b6ea416584f1281817c96839] 10.0.0.131 "GET /resource_providers/3951c24f-2793-422a-9a5c-33eb64eed1af/aggregates" status: 404 len: 235 microversion: 1.1 [pid: 8|app: 0|req: 651/1304] 10.0.0.131 () {32 vars in 816 bytes} [Wed Jul 15 00:24:03 2026] GET /resource_providers/3951c24f-2793-422a-9a5c-33eb64eed1af/aggregates => generated 235 bytes in 12 msecs (HTTP/1.1 404) 5 headers in 202 bytes (1 switches on core 0)
2026-07-15 00:24:04.016 7 INFO placement.requestlog [None req-498df978-0e6d-4c6d-b36f-5ed62ce15dc0 2d3b15c85d4646b7938a145bf59a6e8b b9d269a60ccf427fb88043902e0e2efc - - 016a1a63b6ea416584f1281817c96839 016a1a63b6ea416584f1281817c96839] 10.0.0.131 "DELETE /resource_providers/3951c24f-2793-422a-9a5c-33eb64eed1af" status: 404 len: 246 microversion: 1.1 [pid: 7|app: 0|req: 654/1305] 10.0.0.131 () {34 vars in 816 bytes} [Wed Jul 15 00:24:04 2026] DELETE /resource_providers/3951c24f-2793-422a-9a5c-33eb64eed1af => generated 246 bytes in 12 msecs (HTTP/1.1 404) 6 headers in 231 bytes (1 switches on core 0)
2026-07-15 00:24:04.017 8 INFO placement.requestlog [None req-daf68b3d-9cca-40e4-b3ca-5e36b087b584 2d3b15c85d4646b7938a145bf59a6e8b b9d269a60ccf427fb88043902e0e2efc - - 016a1a63b6ea416584f1281817c96839 016a1a63b6ea416584f1281817c96839] 10.0.0.131 "DELETE /resource_providers/3951c24f-2793-422a-9a5c-33eb64eed1af" status: 404 len: 246 microversion: 1.1 [pid: 8|app: 0|req: 652/1306] 10.0.0.131 () {34 vars in 816 bytes} [Wed Jul 15 00:24:04 2026] DELETE /resource_providers/3951c24f-2793-422a-9a5c-33eb64eed1af => generated 246 bytes in 12 msecs (HTTP/1.1 404) 6 headers in 231 bytes (1 switches on core 0)
2026-07-15 00:24:09.614 7 INFO placement.requestlog [None req-6f1f28c7-1981-4c67-9f3f-0c80f05d84c3 - - - - - -] 10.0.0.4 "GET /" status: 200 len: 136 microversion: 1.0
2026-07-15 00:24:09.620 8 INFO placement.requestlog [None req-eda33552-29d2-4b3a-a4a6-0caace78930f - - - - - -] 10.0.0.4 "GET /" status: 200 len: 136 microversion: 1.0
2026-07-15 00:24:19.614 8 INFO placement.requestlog [None req-b016a2bd-62c3-4eee-bbef-414ecbdaa50d - - - - - -] 10.0.0.4 "GET /" status: 200 len: 136 microversion: 1.0
2026-07-15 00:24:19.616 8 INFO placement.requestlog [None req-36d63d4b-1c9a-4a73-aab0-2011415acd1a - - - - - -] 10.0.0.4 "GET /" status: 200 len: 136 microversion: 1.0
2026-07-15 00:24:19.814 7 INFO placement.requestlog [req-27d9c52c-90a6-440c-ad57-832f380359a3 req-c30fa13c-9607-4e83-be15-7027786d7502 516b26fb1d6f44e28dfa542cbb88d0a4 b9d269a60ccf427fb88043902e0e2efc - - 016a1a63b6ea416584f1281817c96839 016a1a63b6ea416584f1281817c96839] 10.0.0.136 "GET /allocation_candidates?limit=1000&resources=MEMORY_MB%3A2048%2CVCPU%3A2&root_required=%21COMPUTE_STATUS_DISABLED" status: 200 len: 2137 microversion: 1.36 [pid: 7|app: 0|req: 656/1311] 10.0.0.136 () {34 vars in 986 bytes} [Wed Jul 15 00:24:19 2026] GET /allocation_candidates?limit=1000&resources=MEMORY_MB%3A2048%2CVCPU%3A2&root_required=%21COMPUTE_STATUS_DISABLED => generated 2137 bytes in 214 msecs (HTTP/1.1 200) 8 headers in 297 bytes (1 switches on core 0)
2026-07-15 00:24:19.857 8 INFO placement.requestlog [req-27d9c52c-90a6-440c-ad57-832f380359a3 req-fca9be5e-390e-4fc6-a606-3add841c5542 516b26fb1d6f44e28dfa542cbb88d0a4 b9d269a60ccf427fb88043902e0e2efc - - 016a1a63b6ea416584f1281817c96839 016a1a63b6ea416584f1281817c96839] 10.0.0.136 "GET /allocations/03e50b86-cda8-4ac8-9441-f9ee87a79212" status: 200 len: 19 microversion: 1.28 [pid: 8|app: 0|req: 656/1312] 10.0.0.136 () {34 vars in 861 bytes} [Wed Jul 15 00:24:19 2026] GET /allocations/03e50b86-cda8-4ac8-9441-f9ee87a79212 => generated 19 bytes in 22 msecs (HTTP/1.1 200) 8 headers in 295 bytes (1 switches on core 0)
2026-07-15 00:24:19.963 7 INFO placement.requestlog [req-27d9c52c-90a6-440c-ad57-832f380359a3 req-6b655a82-aa2f-4f42-972f-abb3f66570fc 516b26fb1d6f44e28dfa542cbb88d0a4 b9d269a60ccf427fb88043902e0e2efc - - 016a1a63b6ea416584f1281817c96839 016a1a63b6ea416584f1281817c96839] 10.0.0.136 "PUT /allocations/03e50b86-cda8-4ac8-9441-f9ee87a79212" status: 204 len: 0 microversion: 1.36 [pid: 7|app: 0|req: 657/1313] 10.0.0.136 () {38 vars in 914 bytes} [Wed Jul 15 00:24:19 2026] PUT /allocations/03e50b86-cda8-4ac8-9441-f9ee87a79212 => generated 0 bytes in 98 msecs (HTTP/1.1 204) 5 headers in 199 bytes (1 switches on core 0)
2026-07-15 00:24:20.313 8 INFO placement.requestlog [req-27d9c52c-90a6-440c-ad57-832f380359a3 req-6b59e40c-59e6-4997-8588-47836aa78621 516b26fb1d6f44e28dfa542cbb88d0a4 b9d269a60ccf427fb88043902e0e2efc - - 016a1a63b6ea416584f1281817c96839 016a1a63b6ea416584f1281817c96839] 199.204.45.144 "GET /allocations/03e50b86-cda8-4ac8-9441-f9ee87a79212" status: 200 len: 245 microversion: 1.28 [pid: 8|app: 0|req: 657/1314] 199.204.45.144 () {34 vars in 863 bytes} [Wed Jul 15 00:24:20 2026] GET /allocations/03e50b86-cda8-4ac8-9441-f9ee87a79212 => generated 245 bytes in 15 msecs (HTTP/1.1 200) 8 headers in 296 bytes (1 switches on core 0)
2026-07-15 00:24:20.478 7 INFO placement.requestlog [req-27d9c52c-90a6-440c-ad57-832f380359a3 req-8f5fde86-5be8-40cf-b534-dd9065368e39 516b26fb1d6f44e28dfa542cbb88d0a4 b9d269a60ccf427fb88043902e0e2efc - - 016a1a63b6ea416584f1281817c96839 016a1a63b6ea416584f1281817c96839] 199.204.45.144 "GET /resource_providers/9e774f93-454b-4bd2-99e9-188d7273babb/allocations" status: 200 len: 340 microversion: 1.0 [pid: 7|app: 0|req: 658/1315] 199.204.45.144 () {32 vars in 857 bytes} [Wed Jul 15 00:24:20 2026] GET /resource_providers/9e774f93-454b-4bd2-99e9-188d7273babb/allocations => generated 340 bytes in 22 msecs (HTTP/1.1 200) 6 headers in 224 bytes (1 switches on core 0)
2026-07-15 00:24:20.500 8 INFO placement.requestlog [req-27d9c52c-90a6-440c-ad57-832f380359a3 req-4324109a-dbe8-45a4-be03-8366b1ae61a8 516b26fb1d6f44e28dfa542cbb88d0a4 b9d269a60ccf427fb88043902e0e2efc - - 016a1a63b6ea416584f1281817c96839 016a1a63b6ea416584f1281817c96839] 199.204.45.144 "GET /allocations/03e50b86-cda8-4ac8-9441-f9ee87a79212" status: 200 len: 245 microversion: 1.28 [pid: 8|app: 0|req: 658/1316] 199.204.45.144 () {34 vars in 863 bytes} [Wed Jul 15 00:24:20 2026] GET /allocations/03e50b86-cda8-4ac8-9441-f9ee87a79212 => generated 245 bytes in 13 msecs (HTTP/1.1 200) 8 headers in 296 bytes (1 switches on core 0)
2026-07-15 00:24:20.525 7 INFO placement.requestlog [req-27d9c52c-90a6-440c-ad57-832f380359a3 req-4a328fa5-57a7-40f3-9a10-835f352ef66d 516b26fb1d6f44e28dfa542cbb88d0a4 b9d269a60ccf427fb88043902e0e2efc - - 016a1a63b6ea416584f1281817c96839 016a1a63b6ea416584f1281817c96839] 199.204.45.144 "GET /allocations/5ccc0120-8d95-4e3f-a835-76d2d4f868d2" status: 200 len: 258 microversion: 1.28 [pid: 7|app: 0|req: 659/1317] 199.204.45.144 () {34 vars in 863 bytes} [Wed Jul 15 00:24:20 2026] GET /allocations/5ccc0120-8d95-4e3f-a835-76d2d4f868d2 => generated 258 bytes in 16 msecs (HTTP/1.1 200) 8 headers in 296 bytes (1 switches on core 0)
2026-07-15 00:24:20.547 8 INFO placement.requestlog [req-27d9c52c-90a6-440c-ad57-832f380359a3 req-cd634bfe-175d-4ca5-84a1-1e02257014a4 516b26fb1d6f44e28dfa542cbb88d0a4 b9d269a60ccf427fb88043902e0e2efc - - 016a1a63b6ea416584f1281817c96839 016a1a63b6ea416584f1281817c96839] 199.204.45.144 "GET /allocations/156d91bb-e95d-438d-a1dc-f11bb3cd39b4" status: 200 len: 258 microversion: 1.28 [pid: 8|app: 0|req: 659/1318] 199.204.45.144 () {34 vars in 863 bytes} [Wed Jul 15 00:24:20 2026] GET /allocations/156d91bb-e95d-438d-a1dc-f11bb3cd39b4 => generated 258 bytes in 15 msecs (HTTP/1.1 200) 8 headers in 296 bytes (1 switches on core 0)
2026-07-15 00:24:29.614 8 INFO placement.requestlog [None req-ff7c2734-4800-42bf-8dfd-99ff9471e08a - - - - - -] 10.0.0.4 "GET /" status: 200 len: 136 microversion: 1.0
2026-07-15 00:24:29.615 7 INFO placement.requestlog [None req-38aa9a88-cc40-45a8-a5c7-c64603c9daee - - - - - -] 10.0.0.4 "GET /" status: 200 len: 136 microversion: 1.0
2026-07-15 00:24:39.615 8 INFO placement.requestlog [None req-d22d5bc8-6e03-46ba-a2e2-a655ebe59f89 - - - - - -] 10.0.0.4 "GET /" status: 200 len: 136 microversion: 1.0
2026-07-15 00:24:39.616 7 INFO placement.requestlog [None req-dc0506cc-ee84-4337-a841-8eee22f35fd3 - - - - - -] 10.0.0.4 "GET /" status: 200 len: 136 microversion: 1.0
2026-07-15 00:24:49.615 7 INFO placement.requestlog [None req-5c90a3f6-2f87-4a46-bb56-70352573c555 - - - - - -] 10.0.0.4 "GET /" status: 200 len: 136 microversion: 1.0
2026-07-15 00:24:49.615 8 INFO placement.requestlog [None req-7b4a6995-791f-4588-b84e-ad0c30fd875e - - - - - -] 10.0.0.4 "GET /" status: 200 len: 136 microversion: 1.0
2026-07-15 00:24:52.433 7 INFO placement.requestlog [req-748acdbb-e2f6-490e-a103-9bf78c843c67 req-cac196cd-1b98-475b-8d53-dc1737b31c27 516b26fb1d6f44e28dfa542cbb88d0a4 b9d269a60ccf427fb88043902e0e2efc - - 016a1a63b6ea416584f1281817c96839 016a1a63b6ea416584f1281817c96839] 199.204.45.144 "GET /resource_providers/9e774f93-454b-4bd2-99e9-188d7273babb/allocations" status: 200 len: 340 microversion: 1.0 [pid: 7|app: 0|req: 663/1325] 199.204.45.144 () {32 vars in 857 bytes} [Wed Jul 15 00:24:52 2026] GET /resource_providers/9e774f93-454b-4bd2-99e9-188d7273babb/allocations => generated 340 bytes in 94 msecs (HTTP/1.1 200) 6 headers in 224 bytes (1 switches on core 0)
2026-07-15 00:24:52.475 8 INFO placement.requestlog [req-748acdbb-e2f6-490e-a103-9bf78c843c67 req-3ae7df0d-61a8-4e67-9324-bd1f70ac3cff 516b26fb1d6f44e28dfa542cbb88d0a4 b9d269a60ccf427fb88043902e0e2efc - - 016a1a63b6ea416584f1281817c96839 016a1a63b6ea416584f1281817c96839] 199.204.45.144 "GET /resource_providers?in_tree=9e774f93-454b-4bd2-99e9-188d7273babb" status: 200 len: 798 microversion: 1.14 [pid: 8|app: 0|req: 663/1326] 199.204.45.144 () {34 vars in 892 bytes} [Wed Jul 15 00:24:52 2026] GET /resource_providers?in_tree=9e774f93-454b-4bd2-99e9-188d7273babb => generated 798 bytes in 15 msecs (HTTP/1.1 200) 6 headers in 225 bytes (1 switches on core 0)
2026-07-15 00:24:52.509 7 INFO placement.requestlog [req-748acdbb-e2f6-490e-a103-9bf78c843c67 req-9f44a667-37a2-4b3a-88c9-00b347a2151b 516b26fb1d6f44e28dfa542cbb88d0a4 b9d269a60ccf427fb88043902e0e2efc - - 016a1a63b6ea416584f1281817c96839 016a1a63b6ea416584f1281817c96839] 199.204.45.144 "GET /resource_providers/9e774f93-454b-4bd2-99e9-188d7273babb/inventories" status: 200 len: 401 microversion: 1.0 [pid: 7|app: 0|req: 664/1327] 199.204.45.144 () {32 vars in 857 bytes} [Wed Jul 15 00:24:52 2026] GET /resource_providers/9e774f93-454b-4bd2-99e9-188d7273babb/inventories => generated 401 bytes in 22 msecs (HTTP/1.1 200) 6 headers in 224 bytes (1 switches on core 0)
2026-07-15 00:24:52.532 8 INFO placement.requestlog [req-748acdbb-e2f6-490e-a103-9bf78c843c67 req-5bdd2ca6-6b21-4e5b-a3a0-c74b0c162448 516b26fb1d6f44e28dfa542cbb88d0a4 b9d269a60ccf427fb88043902e0e2efc - - 016a1a63b6ea416584f1281817c96839 016a1a63b6ea416584f1281817c96839] 199.204.45.144 "GET /resource_providers/9e774f93-454b-4bd2-99e9-188d7273babb/aggregates" status: 200 len: 54 microversion: 1.19 [pid: 8|app: 0|req: 664/1328] 199.204.45.144 () {34 vars in 899 bytes} [Wed Jul 15 00:24:52 2026] GET /resource_providers/9e774f93-454b-4bd2-99e9-188d7273babb/aggregates => generated 54 bytes in 14 msecs (HTTP/1.1 200) 8 headers in 295 bytes (1 switches on core 0)
2026-07-15 00:24:52.567 7 INFO placement.requestlog [req-748acdbb-e2f6-490e-a103-9bf78c843c67 req-c41597ba-70b2-4507-924d-3d494ef7c9d0 516b26fb1d6f44e28dfa542cbb88d0a4 b9d269a60ccf427fb88043902e0e2efc - - 016a1a63b6ea416584f1281817c96839 016a1a63b6ea416584f1281817c96839] 199.204.45.144 "GET /resource_providers/9e774f93-454b-4bd2-99e9-188d7273babb/traits" status: 200 len: 1683 microversion: 1.6 [pid: 7|app: 0|req: 665/1329] 199.204.45.144 () {34 vars in 890 bytes} [Wed Jul 15 00:24:52 2026] GET /resource_providers/9e774f93-454b-4bd2-99e9-188d7273babb/traits => generated 1683 bytes in 27 msecs (HTTP/1.1 200) 6 headers in 225 bytes (1 switches on core 0)
2026-07-15 00:24:52.591 8 INFO placement.requestlog [req-748acdbb-e2f6-490e-a103-9bf78c843c67 req-de87d3c5-32d0-4f76-bb84-ed471cdcc5a0 516b26fb1d6f44e28dfa542cbb88d0a4 b9d269a60ccf427fb88043902e0e2efc - - 016a1a63b6ea416584f1281817c96839 016a1a63b6ea416584f1281817c96839] 199.204.45.144 "GET /resource_providers/9e774f93-454b-4bd2-99e9-188d7273babb/allocations" status: 200 len: 340 microversion: 1.0 [pid: 8|app: 0|req: 665/1330] 199.204.45.144 () {32 vars in 857 bytes} [Wed Jul 15 00:24:52 2026] GET /resource_providers/9e774f93-454b-4bd2-99e9-188d7273babb/allocations => generated 340 bytes in 18 msecs (HTTP/1.1 200) 6 headers in 224 bytes (1 switches on core 0)
2026-07-15 00:24:52.636 7 INFO placement.requestlog [req-748acdbb-e2f6-490e-a103-9bf78c843c67 req-97117a42-7161-4ea9-bfc0-8655f66fddaf 516b26fb1d6f44e28dfa542cbb88d0a4 b9d269a60ccf427fb88043902e0e2efc - - 016a1a63b6ea416584f1281817c96839 016a1a63b6ea416584f1281817c96839] 199.204.45.144 "GET /allocations/03e50b86-cda8-4ac8-9441-f9ee87a79212" status: 200 len: 245 microversion: 1.28 [pid: 7|app: 0|req: 666/1331] 199.204.45.144 () {34 vars in 863 bytes} [Wed Jul 15 00:24:52 2026] GET /allocations/03e50b86-cda8-4ac8-9441-f9ee87a79212 => generated 245 bytes in 33 msecs (HTTP/1.1 200) 8 headers in 296 bytes (1 switches on core 0)
2026-07-15 00:24:52.674 8 INFO placement.requestlog [req-748acdbb-e2f6-490e-a103-9bf78c843c67 req-ce83b9de-69d4-4652-baec-fc55c24e9b08 516b26fb1d6f44e28dfa542cbb88d0a4 b9d269a60ccf427fb88043902e0e2efc - - 016a1a63b6ea416584f1281817c96839 016a1a63b6ea416584f1281817c96839] 199.204.45.144 "GET /allocations/5ccc0120-8d95-4e3f-a835-76d2d4f868d2" status: 200 len: 258 microversion: 1.28 [pid: 8|app: 0|req: 666/1332] 199.204.45.144 () {34 vars in 863 bytes} [Wed Jul 15 00:24:52 2026] GET /allocations/5ccc0120-8d95-4e3f-a835-76d2d4f868d2 => generated 258 bytes in 25 msecs (HTTP/1.1 200) 8 headers in 296 bytes (1 switches on core 0)
2026-07-15 00:24:52.721 7 INFO placement.requestlog [req-748acdbb-e2f6-490e-a103-9bf78c843c67 req-3edb285f-c2bd-4270-b172-014995feec33 516b26fb1d6f44e28dfa542cbb88d0a4 b9d269a60ccf427fb88043902e0e2efc - - 016a1a63b6ea416584f1281817c96839 016a1a63b6ea416584f1281817c96839] 199.204.45.144 "GET /allocations/156d91bb-e95d-438d-a1dc-f11bb3cd39b4" status: 200 len: 258 microversion: 1.28 [pid: 7|app: 0|req: 667/1333] 199.204.45.144 () {34 vars in 863 bytes} [Wed Jul 15 00:24:52 2026] GET /allocations/156d91bb-e95d-438d-a1dc-f11bb3cd39b4 => generated 258 bytes in 14 msecs (HTTP/1.1 200) 8 headers in 296 bytes (1 switches on core 0)
2026-07-15 00:24:59.614 8 INFO placement.requestlog [None req-2446bf43-defa-40fe-8c0c-d19075016bb0 - - - - - -] 10.0.0.4 "GET /" status: 200 len: 136 microversion: 1.0
2026-07-15 00:24:59.615 7 INFO placement.requestlog [None req-a1932b38-e9b8-44e9-a329-50ac9520153e - - - - - -] 10.0.0.4 "GET /" status: 200 len: 136 microversion: 1.0
2026-07-15 00:25:09.617 7 INFO placement.requestlog [None req-69f9bbfe-234f-4d10-9a9f-399e0828badf - - - - - -] 10.0.0.4 "GET /" status: 200 len: 136 microversion: 1.0
2026-07-15 00:25:09.619 8 INFO placement.requestlog [None req-7cb8becb-477a-4185-8772-639dfe1343d0 - - - - - -] 10.0.0.4 "GET /" status: 200 len: 136 microversion: 1.0
2026-07-15 00:25:19.615 7 INFO placement.requestlog [None req-85363d6b-4e1a-438b-bcab-3b7e20fc5400 - - - - - -] 10.0.0.4 "GET /" status: 200 len: 136 microversion: 1.0
2026-07-15 00:25:19.617 8 INFO placement.requestlog [None req-b50b1f28-3216-46d8-958c-990a8548fb10 - - - - - -] 10.0.0.4 "GET /" status: 200 len: 136 microversion: 1.0
2026-07-15 00:25:29.616 8 INFO placement.requestlog [None req-945d79b6-4d30-45ef-8817-8dfd77330baf - - - - - -] 10.0.0.4 "GET /" status: 200 len: 136 microversion: 1.0
2026-07-15 00:25:29.616 7 INFO placement.requestlog [None req-40a071e0-ed86-4ef9-be58-ef9378dce221 - - - - - -] 10.0.0.4 "GET /" status: 200 len: 136 microversion: 1.0
2026-07-15 00:25:39.614 8 INFO placement.requestlog [None req-1762c4cf-60bd-483d-a589-0b81412e0d3e - - - - - -] 10.0.0.4 "GET /" status: 200 len: 136 microversion: 1.0
2026-07-15 00:25:39.615 7 INFO placement.requestlog [None req-0b920f2f-4f22-4654-94ee-6e50b147f224 - - - - - -] 10.0.0.4 "GET /" status: 200 len: 136 microversion: 1.0
2026-07-15 00:25:49.615 8 INFO placement.requestlog [None req-5baa0a86-3271-45c0-95f4-0f95eec8542a - - - - - -] 10.0.0.4 "GET /" status: 200 len: 136 microversion: 1.0
2026-07-15 00:25:49.615 7 INFO placement.requestlog [None req-f3cff3d9-d868-41b0-8c7e-ee954eb7687d - - - - - -] 10.0.0.4 "GET /" status: 200 len: 136 microversion: 1.0
2026-07-15 00:25:54.496 8 INFO placement.requestlog [req-9ec237bb-91bc-45f2-a10c-0fc39fdba750 req-4e40f2e2-4785-49a2-adb5-99a3ea97cded 516b26fb1d6f44e28dfa542cbb88d0a4 b9d269a60ccf427fb88043902e0e2efc - - 016a1a63b6ea416584f1281817c96839 016a1a63b6ea416584f1281817c96839] 199.204.45.144 "GET /resource_providers/9e774f93-454b-4bd2-99e9-188d7273babb/allocations" status: 200 len: 340 microversion: 1.0 [pid: 8|app: 0|req: 673/1346] 199.204.45.144 () {32 vars in 857 bytes} [Wed Jul 15 00:25:54 2026] GET /resource_providers/9e774f93-454b-4bd2-99e9-188d7273babb/allocations => generated 340 bytes in 42 msecs (HTTP/1.1 200) 6 headers in 224 bytes (1 switches on core 0)
2026-07-15 00:25:54.539 7 INFO placement.requestlog [req-9ec237bb-91bc-45f2-a10c-0fc39fdba750 req-6c99cf3e-4761-4dc6-bdcf-4255d0a9b9e6 516b26fb1d6f44e28dfa542cbb88d0a4 b9d269a60ccf427fb88043902e0e2efc - - 016a1a63b6ea416584f1281817c96839 016a1a63b6ea416584f1281817c96839] 199.204.45.144 "GET /resource_providers/9e774f93-454b-4bd2-99e9-188d7273babb/allocations" status: 200 len: 340 microversion: 1.0 [pid: 7|app: 0|req: 674/1347] 199.204.45.144 () {32 vars in 857 bytes} [Wed Jul 15 00:25:54 2026] GET /resource_providers/9e774f93-454b-4bd2-99e9-188d7273babb/allocations => generated 340 bytes in 28 msecs (HTTP/1.1 200) 6 headers in 224 bytes (1 switches on core 0)
2026-07-15 00:25:54.567 8 INFO placement.requestlog [req-9ec237bb-91bc-45f2-a10c-0fc39fdba750 req-5b427c81-b22c-4832-9c74-f0d5e3736069 516b26fb1d6f44e28dfa542cbb88d0a4 b9d269a60ccf427fb88043902e0e2efc - - 016a1a63b6ea416584f1281817c96839 016a1a63b6ea416584f1281817c96839] 199.204.45.144 "GET /allocations/03e50b86-cda8-4ac8-9441-f9ee87a79212" status: 200 len: 245 microversion: 1.28 [pid: 8|app: 0|req: 674/1348] 199.204.45.144 () {34 vars in 863 bytes} [Wed Jul 15 00:25:54 2026] GET /allocations/03e50b86-cda8-4ac8-9441-f9ee87a79212 => generated 245 bytes in 18 msecs (HTTP/1.1 200) 8 headers in 296 bytes (1 switches on core 0)
2026-07-15 00:25:54.595 7 INFO placement.requestlog [req-9ec237bb-91bc-45f2-a10c-0fc39fdba750 req-ed370bb8-0a14-49ae-9aba-a0fcba209552 516b26fb1d6f44e28dfa542cbb88d0a4 b9d269a60ccf427fb88043902e0e2efc - - 016a1a63b6ea416584f1281817c96839 016a1a63b6ea416584f1281817c96839] 199.204.45.144 "GET /allocations/5ccc0120-8d95-4e3f-a835-76d2d4f868d2" status: 200 len: 258 microversion: 1.28 [pid: 7|app: 0|req: 675/1349] 199.204.45.144 () {34 vars in 863 bytes} [Wed Jul 15 00:25:54 2026] GET /allocations/5ccc0120-8d95-4e3f-a835-76d2d4f868d2 => generated 258 bytes in 18 msecs (HTTP/1.1 200) 8 headers in 296 bytes (1 switches on core 0)
2026-07-15 00:25:54.636 8 INFO placement.requestlog [req-9ec237bb-91bc-45f2-a10c-0fc39fdba750 req-c6a4f3bc-7984-46a9-90f2-19baebfbf9f5 516b26fb1d6f44e28dfa542cbb88d0a4 b9d269a60ccf427fb88043902e0e2efc - - 016a1a63b6ea416584f1281817c96839 016a1a63b6ea416584f1281817c96839] 199.204.45.144 "GET /allocations/156d91bb-e95d-438d-a1dc-f11bb3cd39b4" status: 200 len: 258 microversion: 1.28 [pid: 8|app: 0|req: 675/1350] 199.204.45.144 () {34 vars in 863 bytes} [Wed Jul 15 00:25:54 2026] GET /allocations/156d91bb-e95d-438d-a1dc-f11bb3cd39b4 => generated 258 bytes in 27 msecs (HTTP/1.1 200) 8 headers in 296 bytes (1 switches on core 0)
2026-07-15 00:25:59.616 8 INFO placement.requestlog [None req-f6cc633e-f925-4652-951e-365e0ef37693 - - - - - -] 10.0.0.4 "GET /" status: 200 len: 136 microversion: 1.0
2026-07-15 00:25:59.620 7 INFO placement.requestlog [None req-ff18f3b7-a6f0-4e07-9ebb-95a673f9b640 - - - - - -] 10.0.0.4 "GET /" status: 200 len: 136 microversion: 1.0
2026-07-15 00:26:09.615 8 INFO placement.requestlog [None req-a104c1b5-0213-4a8e-a32f-00e19129b87e - - - - - -] 10.0.0.4 "GET /" status: 200 len: 136 microversion: 1.0
2026-07-15 00:26:09.615 7 INFO placement.requestlog [None req-9f0e74a4-be97-4291-ba3c-bb8b41c6eb06 - - - - - -] 10.0.0.4 "GET /" status: 200 len: 136 microversion: 1.0
2026-07-15 00:26:19.616 7 INFO placement.requestlog [None req-1cdfe372-c3d1-45b5-a97a-f79beb1c2df9 - - - - - -] 10.0.0.4 "GET /" status: 200 len: 136 microversion: 1.0
2026-07-15 00:26:19.616 8 INFO placement.requestlog [None req-1fbf7d75-4979-44c2-941c-0d01762a24ff - - - - - -] 10.0.0.4 "GET /" status: 200 len: 136 microversion: 1.0
2026-07-15 00:26:28.844 7 INFO placement.requestlog [req-df6c239a-9f1a-44b0-91f3-94d00dfe8e6a req-c5bc4ac9-407f-48bc-81e4-63ea1af5bb14 516b26fb1d6f44e28dfa542cbb88d0a4 b9d269a60ccf427fb88043902e0e2efc - - 016a1a63b6ea416584f1281817c96839 016a1a63b6ea416584f1281817c96839] 199.204.45.144 "GET /resource_providers/9e774f93-454b-4bd2-99e9-188d7273babb/allocations" status: 200 len: 340 microversion: 1.0 [pid: 7|app: 0|req: 679/1357] 199.204.45.144 () {32 vars in 857 bytes} [Wed Jul 15 00:26:28 2026] GET /resource_providers/9e774f93-454b-4bd2-99e9-188d7273babb/allocations => generated 340 bytes in 25 msecs (HTTP/1.1 200) 6 headers in 224 bytes (1 switches on core 0)
2026-07-15 00:26:28.872 8 INFO placement.requestlog [req-df6c239a-9f1a-44b0-91f3-94d00dfe8e6a req-e899b74f-e519-4ff9-be88-ff641fcb0c63 516b26fb1d6f44e28dfa542cbb88d0a4 b9d269a60ccf427fb88043902e0e2efc - - 016a1a63b6ea416584f1281817c96839 016a1a63b6ea416584f1281817c96839] 199.204.45.144 "GET /allocations/03e50b86-cda8-4ac8-9441-f9ee87a79212" status: 200 len: 245 microversion: 1.28 [pid: 8|app: 0|req: 679/1358] 199.204.45.144 () {34 vars in 863 bytes} [Wed Jul 15 00:26:28 2026] GET /allocations/03e50b86-cda8-4ac8-9441-f9ee87a79212 => generated 245 bytes in 21 msecs (HTTP/1.1 200) 8 headers in 296 bytes (1 switches on core 0)
2026-07-15 00:26:28.920 7 INFO placement.requestlog [req-df6c239a-9f1a-44b0-91f3-94d00dfe8e6a req-81567069-a6fa-44b0-8659-9d4c23b2f3ac 516b26fb1d6f44e28dfa542cbb88d0a4 b9d269a60ccf427fb88043902e0e2efc - - 016a1a63b6ea416584f1281817c96839 016a1a63b6ea416584f1281817c96839] 199.204.45.144 "GET /allocations/5ccc0120-8d95-4e3f-a835-76d2d4f868d2" status: 200 len: 258 microversion: 1.28 [pid: 7|app: 0|req: 680/1359] 199.204.45.144 () {34 vars in 863 bytes} [Wed Jul 15 00:26:28 2026] GET /allocations/5ccc0120-8d95-4e3f-a835-76d2d4f868d2 => generated 258 bytes in 30 msecs (HTTP/1.1 200) 8 headers in 296 bytes (1 switches on core 0)
2026-07-15 00:26:28.949 8 INFO placement.requestlog [req-df6c239a-9f1a-44b0-91f3-94d00dfe8e6a req-d1842070-afe9-4a71-a8e6-7cec98b891cb 516b26fb1d6f44e28dfa542cbb88d0a4 b9d269a60ccf427fb88043902e0e2efc - - 016a1a63b6ea416584f1281817c96839 016a1a63b6ea416584f1281817c96839] 199.204.45.144 "GET /allocations/156d91bb-e95d-438d-a1dc-f11bb3cd39b4" status: 200 len: 258 microversion: 1.28 [pid: 8|app: 0|req: 680/1360] 199.204.45.144 () {34 vars in 863 bytes} [Wed Jul 15 00:26:28 2026] GET /allocations/156d91bb-e95d-438d-a1dc-f11bb3cd39b4 => generated 258 bytes in 18 msecs (HTTP/1.1 200) 8 headers in 296 bytes (1 switches on core 0)
2026-07-15 00:26:29.068 7 INFO placement.requestlog [req-df6c239a-9f1a-44b0-91f3-94d00dfe8e6a req-9ba241ca-957d-4ed7-8b84-45887a0154ff 516b26fb1d6f44e28dfa542cbb88d0a4 b9d269a60ccf427fb88043902e0e2efc - - 016a1a63b6ea416584f1281817c96839 016a1a63b6ea416584f1281817c96839] 199.204.45.144 "DELETE /allocations/03e50b86-cda8-4ac8-9441-f9ee87a79212" status: 204 len: 0 microversion: 1.0 [pid: 7|app: 0|req: 681/1361] 199.204.45.144 () {34 vars in 841 bytes} [Wed Jul 15 00:26:29 2026] DELETE /allocations/03e50b86-cda8-4ac8-9441-f9ee87a79212 => generated 0 bytes in 33 msecs (HTTP/1.1 204) 5 headers in 198 bytes (1 switches on core 0)
2026-07-15 00:26:29.615 8 INFO placement.requestlog [None req-287bee0c-f9ff-4efc-938d-3e30ad61ca57 - - - - - -] 10.0.0.4 "GET /" status: 200 len: 136 microversion: 1.0
2026-07-15 00:26:29.617 7 INFO placement.requestlog [None req-47625f42-2c18-4187-87c0-f1a3912a4148 - - - - - -] 10.0.0.4 "GET /" status: 200 len: 136 microversion: 1.0
2026-07-15 00:26:30.095 8 INFO placement.requestlog [req-340dace4-2a72-40ad-ac2b-34be13c0430e req-177c4050-08f4-47a9-b128-664201f8a483 516b26fb1d6f44e28dfa542cbb88d0a4 b9d269a60ccf427fb88043902e0e2efc - - 016a1a63b6ea416584f1281817c96839 016a1a63b6ea416584f1281817c96839] 199.204.45.144 "GET /resource_providers/9e774f93-454b-4bd2-99e9-188d7273babb/allocations" status: 200 len: 253 microversion: 1.0 [pid: 8|app: 0|req: 682/1364] 199.204.45.144 () {32 vars in 857 bytes} [Wed Jul 15 00:26:30 2026] GET /resource_providers/9e774f93-454b-4bd2-99e9-188d7273babb/allocations => generated 253 bytes in 23 msecs (HTTP/1.1 200) 6 headers in 224 bytes (1 switches on core 0)
2026-07-15 00:26:30.125 7 INFO placement.requestlog [req-340dace4-2a72-40ad-ac2b-34be13c0430e req-2637d886-f7c0-4be3-8877-7f33f8709071 516b26fb1d6f44e28dfa542cbb88d0a4 b9d269a60ccf427fb88043902e0e2efc - - 016a1a63b6ea416584f1281817c96839 016a1a63b6ea416584f1281817c96839] 199.204.45.144 "GET /allocations/5ccc0120-8d95-4e3f-a835-76d2d4f868d2" status: 200 len: 258 microversion: 1.28 [pid: 7|app: 0|req: 683/1365] 199.204.45.144 () {34 vars in 863 bytes} [Wed Jul 15 00:26:30 2026] GET /allocations/5ccc0120-8d95-4e3f-a835-76d2d4f868d2 => generated 258 bytes in 21 msecs (HTTP/1.1 200) 8 headers in 296 bytes (1 switches on core 0)
2026-07-15 00:26:30.150 8 INFO placement.requestlog [req-340dace4-2a72-40ad-ac2b-34be13c0430e req-7f995afc-da10-4deb-a814-7a604c03ea59 516b26fb1d6f44e28dfa542cbb88d0a4 b9d269a60ccf427fb88043902e0e2efc - - 016a1a63b6ea416584f1281817c96839 016a1a63b6ea416584f1281817c96839] 199.204.45.144 "GET /allocations/156d91bb-e95d-438d-a1dc-f11bb3cd39b4" status: 200 len: 258 microversion: 1.28 [pid: 8|app: 0|req: 683/1366] 199.204.45.144 () {34 vars in 863 bytes} [Wed Jul 15 00:26:30 2026] GET /allocations/156d91bb-e95d-438d-a1dc-f11bb3cd39b4 => generated 258 bytes in 18 msecs (HTTP/1.1 200) 8 headers in 296 bytes (1 switches on core 0)
2026-07-15 00:26:30.260 7 INFO placement.requestlog [req-340dace4-2a72-40ad-ac2b-34be13c0430e req-d00b5150-be85-4369-a9a9-84846efa8341 516b26fb1d6f44e28dfa542cbb88d0a4 b9d269a60ccf427fb88043902e0e2efc - - 016a1a63b6ea416584f1281817c96839 016a1a63b6ea416584f1281817c96839] 199.204.45.144 "DELETE /allocations/5ccc0120-8d95-4e3f-a835-76d2d4f868d2" status: 204 len: 0 microversion: 1.0 [pid: 7|app: 0|req: 684/1367] 199.204.45.144 () {34 vars in 841 bytes} [Wed Jul 15 00:26:30 2026] DELETE /allocations/5ccc0120-8d95-4e3f-a835-76d2d4f868d2 => generated 0 bytes in 31 msecs (HTTP/1.1 204) 5 headers in 198 bytes (1 switches on core 0)
2026-07-15 00:26:36.659 8 INFO placement.requestlog [req-2214dc15-3069-4e0d-84ed-990856e0bb37 req-860dac1b-988a-4d85-bd3e-7ab17565715b 516b26fb1d6f44e28dfa542cbb88d0a4 b9d269a60ccf427fb88043902e0e2efc - - 016a1a63b6ea416584f1281817c96839 016a1a63b6ea416584f1281817c96839] 199.204.45.144 "GET /resource_providers/9e774f93-454b-4bd2-99e9-188d7273babb/allocations" status: 200 len: 153 microversion: 1.0 [pid: 8|app: 0|req: 684/1368] 199.204.45.144 () {32 vars in 857 bytes} [Wed Jul 15 00:26:36 2026] GET /resource_providers/9e774f93-454b-4bd2-99e9-188d7273babb/allocations => generated 153 bytes in 22 msecs (HTTP/1.1 200) 6 headers in 224 bytes (1 switches on core 0)
2026-07-15 00:26:36.694 7 INFO placement.requestlog [req-2214dc15-3069-4e0d-84ed-990856e0bb37 req-c4428dd3-339c-4a13-9194-fb8782d5ebbc 516b26fb1d6f44e28dfa542cbb88d0a4 b9d269a60ccf427fb88043902e0e2efc - - 016a1a63b6ea416584f1281817c96839 016a1a63b6ea416584f1281817c96839] 199.204.45.144 "GET /allocations/156d91bb-e95d-438d-a1dc-f11bb3cd39b4" status: 200 len: 258 microversion: 1.28 [pid: 7|app: 0|req: 685/1369] 199.204.45.144 () {34 vars in 863 bytes} [Wed Jul 15 00:26:36 2026] GET /allocations/156d91bb-e95d-438d-a1dc-f11bb3cd39b4 => generated 258 bytes in 21 msecs (HTTP/1.1 200) 8 headers in 296 bytes (1 switches on core 0)
2026-07-15 00:26:36.814 8 INFO placement.requestlog [req-2214dc15-3069-4e0d-84ed-990856e0bb37 req-5b0c6759-d422-4077-8aa0-5dfe24070aab 516b26fb1d6f44e28dfa542cbb88d0a4 b9d269a60ccf427fb88043902e0e2efc - - 016a1a63b6ea416584f1281817c96839 016a1a63b6ea416584f1281817c96839] 199.204.45.144 "DELETE /allocations/156d91bb-e95d-438d-a1dc-f11bb3cd39b4" status: 204 len: 0 microversion: 1.0 [pid: 8|app: 0|req: 685/1370] 199.204.45.144 () {34 vars in 841 bytes} [Wed Jul 15 00:26:36 2026] DELETE /allocations/156d91bb-e95d-438d-a1dc-f11bb3cd39b4 => generated 0 bytes in 43 msecs (HTTP/1.1 204) 5 headers in 198 bytes (1 switches on core 0)
