2026-07-15 00:20:14.962 7 INFO placement.requestlog [None req-79ca395a-cb7a-4068-909b-e0eb9d93554a 2d3b15c85d4646b7938a145bf59a6e8b b9d269a60ccf427fb88043902e0e2efc - - 016a1a63b6ea416584f1281817c96839 016a1a63b6ea416584f1281817c96839] 10.0.0.131 "DELETE /resource_providers/806c029e-dbb1-4145-86a0-d08a001c4013" status: 404 len: 246 microversion: 1.1 [pid: 7|app: 0|req: 419/836] 10.0.0.131 () {34 vars in 816 bytes} [Wed Jul 15 00:20:14 2026] DELETE /resource_providers/806c029e-dbb1-4145-86a0-d08a001c4013 => generated 246 bytes in 10 msecs (HTTP/1.1 404) 6 headers in 231 bytes (1 switches on core 0)
2026-07-15 00:20:14.976 8 INFO placement.requestlog [None req-dbbabefd-91d9-4a15-b207-d7fd1e6e34a6 2d3b15c85d4646b7938a145bf59a6e8b b9d269a60ccf427fb88043902e0e2efc - - 016a1a63b6ea416584f1281817c96839 016a1a63b6ea416584f1281817c96839] 10.0.0.131 "DELETE /resource_providers/806c029e-dbb1-4145-86a0-d08a001c4013" status: 404 len: 246 microversion: 1.1 [pid: 8|app: 0|req: 418/837] 10.0.0.131 () {34 vars in 816 bytes} [Wed Jul 15 00:20:14 2026] DELETE /resource_providers/806c029e-dbb1-4145-86a0-d08a001c4013 => generated 246 bytes in 17 msecs (HTTP/1.1 404) 6 headers in 231 bytes (1 switches on core 0)
2026-07-15 00:20:16.980 7 INFO placement.requestlog [None req-816f85e3-dc00-4c97-b335-253e4eacab9b 2d3b15c85d4646b7938a145bf59a6e8b b9d269a60ccf427fb88043902e0e2efc - - 016a1a63b6ea416584f1281817c96839 016a1a63b6ea416584f1281817c96839] 10.0.0.131 "GET /resource_providers/db8df879-248d-49fd-9f48-eb99ffca2920/aggregates" status: 404 len: 235 microversion: 1.1 [pid: 7|app: 0|req: 420/838] 10.0.0.131 () {32 vars in 816 bytes} [Wed Jul 15 00:20:16 2026] GET /resource_providers/db8df879-248d-49fd-9f48-eb99ffca2920/aggregates => generated 235 bytes in 10 msecs (HTTP/1.1 404) 5 headers in 202 bytes (1 switches on core 0)
2026-07-15 00:20:17.002 8 INFO placement.requestlog [None req-9496ca75-7d5d-47fb-b1d1-ee7244283da7 2d3b15c85d4646b7938a145bf59a6e8b b9d269a60ccf427fb88043902e0e2efc - - 016a1a63b6ea416584f1281817c96839 016a1a63b6ea416584f1281817c96839] 10.0.0.131 "DELETE /resource_providers/db8df879-248d-49fd-9f48-eb99ffca2920" status: 404 len: 246 microversion: 1.1 [pid: 8|app: 0|req: 419/839] 10.0.0.131 () {34 vars in 816 bytes} [Wed Jul 15 00:20:16 2026] DELETE /resource_providers/db8df879-248d-49fd-9f48-eb99ffca2920 => generated 246 bytes in 14 msecs (HTTP/1.1 404) 6 headers in 231 bytes (1 switches on core 0)
2026-07-15 00:20:17.011 7 INFO placement.requestlog [None req-87b55711-7a6a-4cf8-94c8-60db889b2f91 2d3b15c85d4646b7938a145bf59a6e8b b9d269a60ccf427fb88043902e0e2efc - - 016a1a63b6ea416584f1281817c96839 016a1a63b6ea416584f1281817c96839] 10.0.0.131 "GET /resource_providers/db8df879-248d-49fd-9f48-eb99ffca2920/aggregates" status: 404 len: 235 microversion: 1.1 [pid: 7|app: 0|req: 421/840] 10.0.0.131 () {32 vars in 816 bytes} [Wed Jul 15 00:20:16 2026] GET /resource_providers/db8df879-248d-49fd-9f48-eb99ffca2920/aggregates => generated 235 bytes in 12 msecs (HTTP/1.1 404) 5 headers in 202 bytes (1 switches on core 0)
2026-07-15 00:20:17.031 8 INFO placement.requestlog [None req-e62ebe6d-36a5-415a-9752-417100bdff7b 2d3b15c85d4646b7938a145bf59a6e8b b9d269a60ccf427fb88043902e0e2efc - - 016a1a63b6ea416584f1281817c96839 016a1a63b6ea416584f1281817c96839] 10.0.0.131 "DELETE /resource_providers/db8df879-248d-49fd-9f48-eb99ffca2920" status: 404 len: 246 microversion: 1.1 [pid: 8|app: 0|req: 420/841] 10.0.0.131 () {34 vars in 816 bytes} [Wed Jul 15 00:20:17 2026] DELETE /resource_providers/db8df879-248d-49fd-9f48-eb99ffca2920 => generated 246 bytes in 11 msecs (HTTP/1.1 404) 6 headers in 231 bytes (1 switches on core 0)
2026-07-15 00:20:19.615 7 INFO placement.requestlog [None req-377a87b2-5713-40c4-8a23-dc77a977dbb9 - - - - - -] 10.0.0.4 "GET /" status: 200 len: 136 microversion: 1.0
2026-07-15 00:20:19.616 8 INFO placement.requestlog [None req-f7e184bd-8172-4daf-9552-5c1950fcf8e6 - - - - - -] 10.0.0.4 "GET /" status: 200 len: 136 microversion: 1.0
2026-07-15 00:20:21.385 7 INFO placement.requestlog [None req-34014eed-b14b-4ab3-a45c-a9c51878352d 2d3b15c85d4646b7938a145bf59a6e8b b9d269a60ccf427fb88043902e0e2efc - - 016a1a63b6ea416584f1281817c96839 016a1a63b6ea416584f1281817c96839] 10.0.0.131 "GET /resource_providers/9b2566a3-c566-4f4b-a589-bdd46105a6b1/aggregates" status: 404 len: 235 microversion: 1.1 [pid: 7|app: 0|req: 423/844] 10.0.0.131 () {32 vars in 816 bytes} [Wed Jul 15 00:20:21 2026] GET /resource_providers/9b2566a3-c566-4f4b-a589-bdd46105a6b1/aggregates => generated 235 bytes in 10 msecs (HTTP/1.1 404) 5 headers in 202 bytes (1 switches on core 0)
2026-07-15 00:20:21.398 8 INFO placement.requestlog [None req-a0ce5a7d-bac2-429b-ab7d-da7e603cfe89 2d3b15c85d4646b7938a145bf59a6e8b b9d269a60ccf427fb88043902e0e2efc - - 016a1a63b6ea416584f1281817c96839 016a1a63b6ea416584f1281817c96839] 10.0.0.131 "GET /resource_providers/9b2566a3-c566-4f4b-a589-bdd46105a6b1/aggregates" status: 404 len: 235 microversion: 1.1 [pid: 8|app: 0|req: 422/845] 10.0.0.131 () {32 vars in 816 bytes} [Wed Jul 15 00:20:21 2026] GET /resource_providers/9b2566a3-c566-4f4b-a589-bdd46105a6b1/aggregates => generated 235 bytes in 18 msecs (HTTP/1.1 404) 5 headers in 202 bytes (1 switches on core 0)
2026-07-15 00:20:21.782 7 INFO placement.requestlog [None req-6b63ffa6-438e-4c1c-a131-cfebff88c665 2d3b15c85d4646b7938a145bf59a6e8b b9d269a60ccf427fb88043902e0e2efc - - 016a1a63b6ea416584f1281817c96839 016a1a63b6ea416584f1281817c96839] 10.0.0.131 "DELETE /resource_providers/9b2566a3-c566-4f4b-a589-bdd46105a6b1" status: 404 len: 246 microversion: 1.1 [pid: 7|app: 0|req: 424/846] 10.0.0.131 () {34 vars in 816 bytes} [Wed Jul 15 00:20:21 2026] DELETE /resource_providers/9b2566a3-c566-4f4b-a589-bdd46105a6b1 => generated 246 bytes in 10 msecs (HTTP/1.1 404) 6 headers in 231 bytes (1 switches on core 0)
2026-07-15 00:20:21.794 8 INFO placement.requestlog [None req-64a1e290-ff29-4b89-b364-f450393381ab 2d3b15c85d4646b7938a145bf59a6e8b b9d269a60ccf427fb88043902e0e2efc - - 016a1a63b6ea416584f1281817c96839 016a1a63b6ea416584f1281817c96839] 10.0.0.131 "DELETE /resource_providers/9b2566a3-c566-4f4b-a589-bdd46105a6b1" status: 404 len: 246 microversion: 1.1 [pid: 8|app: 0|req: 423/847] 10.0.0.131 () {34 vars in 816 bytes} [Wed Jul 15 00:20:21 2026] DELETE /resource_providers/9b2566a3-c566-4f4b-a589-bdd46105a6b1 => generated 246 bytes in 23 msecs (HTTP/1.1 404) 6 headers in 231 bytes (1 switches on core 0)
2026-07-15 00:20:23.827 7 INFO placement.requestlog [None req-4899922b-2296-47ca-a248-6dbe67f482ab 2d3b15c85d4646b7938a145bf59a6e8b b9d269a60ccf427fb88043902e0e2efc - - 016a1a63b6ea416584f1281817c96839 016a1a63b6ea416584f1281817c96839] 10.0.0.131 "GET /resource_providers/4866552a-5596-4c78-9e02-7ff6acda6711/aggregates" status: 404 len: 235 microversion: 1.1 [pid: 7|app: 0|req: 425/848] 10.0.0.131 () {32 vars in 816 bytes} [Wed Jul 15 00:20:23 2026] GET /resource_providers/4866552a-5596-4c78-9e02-7ff6acda6711/aggregates => generated 235 bytes in 10 msecs (HTTP/1.1 404) 5 headers in 202 bytes (1 switches on core 0)
2026-07-15 00:20:23.836 8 INFO placement.requestlog [None req-3cc198cf-87bc-4215-93c1-271be72379da 2d3b15c85d4646b7938a145bf59a6e8b b9d269a60ccf427fb88043902e0e2efc - - 016a1a63b6ea416584f1281817c96839 016a1a63b6ea416584f1281817c96839] 10.0.0.131 "GET /resource_providers/4866552a-5596-4c78-9e02-7ff6acda6711/aggregates" status: 404 len: 235 microversion: 1.1 [pid: 8|app: 0|req: 424/849] 10.0.0.131 () {32 vars in 816 bytes} [Wed Jul 15 00:20:23 2026] GET /resource_providers/4866552a-5596-4c78-9e02-7ff6acda6711/aggregates => generated 235 bytes in 18 msecs (HTTP/1.1 404) 5 headers in 202 bytes (1 switches on core 0)
2026-07-15 00:20:23.867 7 INFO placement.requestlog [None req-10e6e4fa-4d97-44e2-9a2a-35aa1c92f7f9 2d3b15c85d4646b7938a145bf59a6e8b b9d269a60ccf427fb88043902e0e2efc - - 016a1a63b6ea416584f1281817c96839 016a1a63b6ea416584f1281817c96839] 10.0.0.131 "DELETE /resource_providers/4866552a-5596-4c78-9e02-7ff6acda6711" status: 404 len: 246 microversion: 1.1 [pid: 7|app: 0|req: 426/850] 10.0.0.131 () {34 vars in 816 bytes} [Wed Jul 15 00:20:23 2026] DELETE /resource_providers/4866552a-5596-4c78-9e02-7ff6acda6711 => generated 246 bytes in 14 msecs (HTTP/1.1 404) 6 headers in 231 bytes (1 switches on core 0)
2026-07-15 00:20:23.885 8 INFO placement.requestlog [None req-007a8155-8870-4d88-b58b-0c05c65ae612 2d3b15c85d4646b7938a145bf59a6e8b b9d269a60ccf427fb88043902e0e2efc - - 016a1a63b6ea416584f1281817c96839 016a1a63b6ea416584f1281817c96839] 10.0.0.131 "DELETE /resource_providers/4866552a-5596-4c78-9e02-7ff6acda6711" status: 404 len: 246 microversion: 1.1 [pid: 8|app: 0|req: 425/851] 10.0.0.131 () {34 vars in 816 bytes} [Wed Jul 15 00:20:23 2026] DELETE /resource_providers/4866552a-5596-4c78-9e02-7ff6acda6711 => generated 246 bytes in 21 msecs (HTTP/1.1 404) 6 headers in 231 bytes (1 switches on core 0)
2026-07-15 00:20:23.889 7 INFO placement.requestlog [None req-4152ffa8-c377-4805-9fab-3299e43b2fc3 2d3b15c85d4646b7938a145bf59a6e8b b9d269a60ccf427fb88043902e0e2efc - - 016a1a63b6ea416584f1281817c96839 016a1a63b6ea416584f1281817c96839] 10.0.0.131 "GET /resource_providers/a432a82c-d4a8-42d7-a368-c4d87f4d332c/aggregates" status: 404 len: 235 microversion: 1.1 [pid: 7|app: 0|req: 427/852] 10.0.0.131 () {32 vars in 816 bytes} [Wed Jul 15 00:20:23 2026] GET /resource_providers/a432a82c-d4a8-42d7-a368-c4d87f4d332c/aggregates => generated 235 bytes in 11 msecs (HTTP/1.1 404) 5 headers in 202 bytes (1 switches on core 0)
2026-07-15 00:20:23.912 7 INFO placement.requestlog [None req-e298e469-9423-4671-bbf0-e081497ba73e 2d3b15c85d4646b7938a145bf59a6e8b b9d269a60ccf427fb88043902e0e2efc - - 016a1a63b6ea416584f1281817c96839 016a1a63b6ea416584f1281817c96839] 10.0.0.131 "DELETE /resource_providers/a432a82c-d4a8-42d7-a368-c4d87f4d332c" status: 404 len: 246 microversion: 1.1 [pid: 7|app: 0|req: 428/853] 10.0.0.131 () {34 vars in 816 bytes} [Wed Jul 15 00:20:23 2026] DELETE /resource_providers/a432a82c-d4a8-42d7-a368-c4d87f4d332c => generated 246 bytes in 12 msecs (HTTP/1.1 404) 6 headers in 231 bytes (1 switches on core 0)
2026-07-15 00:20:23.925 8 INFO placement.requestlog [None req-35e70c2c-7f46-41c8-b260-a623c8f019d9 2d3b15c85d4646b7938a145bf59a6e8b b9d269a60ccf427fb88043902e0e2efc - - 016a1a63b6ea416584f1281817c96839 016a1a63b6ea416584f1281817c96839] 10.0.0.131 "GET /resource_providers/a432a82c-d4a8-42d7-a368-c4d87f4d332c/aggregates" status: 404 len: 235 microversion: 1.1 [pid: 8|app: 0|req: 426/854] 10.0.0.131 () {32 vars in 816 bytes} [Wed Jul 15 00:20:23 2026] GET /resource_providers/a432a82c-d4a8-42d7-a368-c4d87f4d332c/aggregates => generated 235 bytes in 26 msecs (HTTP/1.1 404) 5 headers in 202 bytes (1 switches on core 0)
2026-07-15 00:20:23.956 7 INFO placement.requestlog [None req-22594952-5d49-407a-9ff4-630b58a1dba9 2d3b15c85d4646b7938a145bf59a6e8b b9d269a60ccf427fb88043902e0e2efc - - 016a1a63b6ea416584f1281817c96839 016a1a63b6ea416584f1281817c96839] 10.0.0.131 "DELETE /resource_providers/a432a82c-d4a8-42d7-a368-c4d87f4d332c" status: 404 len: 246 microversion: 1.1 [pid: 7|app: 0|req: 429/855] 10.0.0.131 () {34 vars in 816 bytes} [Wed Jul 15 00:20:23 2026] DELETE /resource_providers/a432a82c-d4a8-42d7-a368-c4d87f4d332c => generated 246 bytes in 15 msecs (HTTP/1.1 404) 6 headers in 231 bytes (1 switches on core 0)
2026-07-15 00:20:24.555 8 INFO placement.requestlog [None req-4d5e987d-d6e0-4767-8edf-aa14e3049af4 2d3b15c85d4646b7938a145bf59a6e8b b9d269a60ccf427fb88043902e0e2efc - - 016a1a63b6ea416584f1281817c96839 016a1a63b6ea416584f1281817c96839] 10.0.0.131 "GET /resource_providers/ddffb59c-500e-4ccd-91fc-9c14b0815eb2/aggregates" status: 404 len: 235 microversion: 1.1 [pid: 8|app: 0|req: 427/856] 10.0.0.131 () {32 vars in 816 bytes} [Wed Jul 15 00:20:24 2026] GET /resource_providers/ddffb59c-500e-4ccd-91fc-9c14b0815eb2/aggregates => generated 235 bytes in 26 msecs (HTTP/1.1 404) 5 headers in 202 bytes (1 switches on core 0)
2026-07-15 00:20:24.564 7 INFO placement.requestlog [None req-e44b53c3-62ae-4314-a772-8525115b7c0e 2d3b15c85d4646b7938a145bf59a6e8b b9d269a60ccf427fb88043902e0e2efc - - 016a1a63b6ea416584f1281817c96839 016a1a63b6ea416584f1281817c96839] 10.0.0.131 "GET /resource_providers/ddffb59c-500e-4ccd-91fc-9c14b0815eb2/aggregates" status: 404 len: 235 microversion: 1.1 [pid: 7|app: 0|req: 430/857] 10.0.0.131 () {32 vars in 816 bytes} [Wed Jul 15 00:20:24 2026] GET /resource_providers/ddffb59c-500e-4ccd-91fc-9c14b0815eb2/aggregates => generated 235 bytes in 36 msecs (HTTP/1.1 404) 5 headers in 202 bytes (1 switches on core 0)
2026-07-15 00:20:24.581 7 INFO placement.requestlog [None req-320f522b-d434-4cf9-9049-56e820972529 2d3b15c85d4646b7938a145bf59a6e8b b9d269a60ccf427fb88043902e0e2efc - - 016a1a63b6ea416584f1281817c96839 016a1a63b6ea416584f1281817c96839] 10.0.0.131 "DELETE /resource_providers/ddffb59c-500e-4ccd-91fc-9c14b0815eb2" status: 404 len: 246 microversion: 1.1 [pid: 7|app: 0|req: 431/858] 10.0.0.131 () {34 vars in 816 bytes} [Wed Jul 15 00:20:24 2026] DELETE /resource_providers/ddffb59c-500e-4ccd-91fc-9c14b0815eb2 => generated 246 bytes in 10 msecs (HTTP/1.1 404) 6 headers in 231 bytes (1 switches on core 0)
2026-07-15 00:20:24.582 8 INFO placement.requestlog [None req-1697be4b-6702-4ba8-bf6b-8ccdcdc9467d 2d3b15c85d4646b7938a145bf59a6e8b b9d269a60ccf427fb88043902e0e2efc - - 016a1a63b6ea416584f1281817c96839 016a1a63b6ea416584f1281817c96839] 10.0.0.131 "DELETE /resource_providers/ddffb59c-500e-4ccd-91fc-9c14b0815eb2" status: 404 len: 246 microversion: 1.1 [pid: 8|app: 0|req: 428/859] 10.0.0.131 () {34 vars in 816 bytes} [Wed Jul 15 00:20:24 2026] DELETE /resource_providers/ddffb59c-500e-4ccd-91fc-9c14b0815eb2 => generated 246 bytes in 22 msecs (HTTP/1.1 404) 6 headers in 231 bytes (1 switches on core 0)
2026-07-15 00:20:25.941 7 INFO placement.requestlog [None req-4c0f6d5f-ca1f-440c-962c-81bfce7bd5aa 2d3b15c85d4646b7938a145bf59a6e8b b9d269a60ccf427fb88043902e0e2efc - - 016a1a63b6ea416584f1281817c96839 016a1a63b6ea416584f1281817c96839] 10.0.0.131 "GET /resource_providers/c009767f-1334-437f-8b5f-fa656e13987d/aggregates" status: 404 len: 235 microversion: 1.1 [pid: 7|app: 0|req: 432/860] 10.0.0.131 () {32 vars in 816 bytes} [Wed Jul 15 00:20:25 2026] GET /resource_providers/c009767f-1334-437f-8b5f-fa656e13987d/aggregates => generated 235 bytes in 12 msecs (HTTP/1.1 404) 5 headers in 202 bytes (1 switches on core 0)
2026-07-15 00:20:25.960 8 INFO placement.requestlog [None req-b85ab8bd-4ef4-46fd-912d-690183c83679 2d3b15c85d4646b7938a145bf59a6e8b b9d269a60ccf427fb88043902e0e2efc - - 016a1a63b6ea416584f1281817c96839 016a1a63b6ea416584f1281817c96839] 10.0.0.131 "DELETE /resource_providers/c009767f-1334-437f-8b5f-fa656e13987d" status: 404 len: 246 microversion: 1.1 [pid: 8|app: 0|req: 429/861] 10.0.0.131 () {34 vars in 816 bytes} [Wed Jul 15 00:20:25 2026] DELETE /resource_providers/c009767f-1334-437f-8b5f-fa656e13987d => generated 246 bytes in 11 msecs (HTTP/1.1 404) 6 headers in 231 bytes (1 switches on core 0)
2026-07-15 00:20:25.973 7 INFO placement.requestlog [None req-097af19f-ffd4-4a36-9606-446e91e17c95 2d3b15c85d4646b7938a145bf59a6e8b b9d269a60ccf427fb88043902e0e2efc - - 016a1a63b6ea416584f1281817c96839 016a1a63b6ea416584f1281817c96839] 10.0.0.131 "GET /resource_providers/c009767f-1334-437f-8b5f-fa656e13987d/aggregates" status: 404 len: 235 microversion: 1.1 [pid: 7|app: 0|req: 433/862] 10.0.0.131 () {32 vars in 816 bytes} [Wed Jul 15 00:20:25 2026] GET /resource_providers/c009767f-1334-437f-8b5f-fa656e13987d/aggregates => generated 235 bytes in 9 msecs (HTTP/1.1 404) 5 headers in 202 bytes (1 switches on core 0)
2026-07-15 00:20:25.990 8 INFO placement.requestlog [None req-03131b2d-eb98-4a1f-87a1-194d8a6165fd 2d3b15c85d4646b7938a145bf59a6e8b b9d269a60ccf427fb88043902e0e2efc - - 016a1a63b6ea416584f1281817c96839 016a1a63b6ea416584f1281817c96839] 10.0.0.131 "DELETE /resource_providers/c009767f-1334-437f-8b5f-fa656e13987d" status: 404 len: 246 microversion: 1.1 [pid: 8|app: 0|req: 430/863] 10.0.0.131 () {34 vars in 816 bytes} [Wed Jul 15 00:20:25 2026] DELETE /resource_providers/c009767f-1334-437f-8b5f-fa656e13987d => generated 246 bytes in 10 msecs (HTTP/1.1 404) 6 headers in 231 bytes (1 switches on core 0)
2026-07-15 00:20:26.616 8 INFO placement.requestlog [None req-db122c72-b392-4d24-83e4-1262b2035eec 2d3b15c85d4646b7938a145bf59a6e8b b9d269a60ccf427fb88043902e0e2efc - - 016a1a63b6ea416584f1281817c96839 016a1a63b6ea416584f1281817c96839] 10.0.0.131 "GET /resource_providers/d36a312f-1336-49fb-8126-beeb888ef0bb/aggregates" status: 404 len: 235 microversion: 1.1 [pid: 8|app: 0|req: 431/864] 10.0.0.131 () {32 vars in 816 bytes} [Wed Jul 15 00:20:26 2026] GET /resource_providers/d36a312f-1336-49fb-8126-beeb888ef0bb/aggregates => generated 235 bytes in 16 msecs (HTTP/1.1 404) 5 headers in 202 bytes (1 switches on core 0)
2026-07-15 00:20:26.620 7 INFO placement.requestlog [None req-aa46692b-6d62-47e1-8e64-23cde784d99f 2d3b15c85d4646b7938a145bf59a6e8b b9d269a60ccf427fb88043902e0e2efc - - 016a1a63b6ea416584f1281817c96839 016a1a63b6ea416584f1281817c96839] 10.0.0.131 "GET /resource_providers/d36a312f-1336-49fb-8126-beeb888ef0bb/aggregates" status: 404 len: 235 microversion: 1.1 [pid: 7|app: 0|req: 434/865] 10.0.0.131 () {32 vars in 816 bytes} [Wed Jul 15 00:20:26 2026] GET /resource_providers/d36a312f-1336-49fb-8126-beeb888ef0bb/aggregates => generated 235 bytes in 19 msecs (HTTP/1.1 404) 5 headers in 202 bytes (1 switches on core 0)
2026-07-15 00:20:26.637 8 INFO placement.requestlog [None req-ed0ff905-1643-436c-b2fc-4c921d98df3b 2d3b15c85d4646b7938a145bf59a6e8b b9d269a60ccf427fb88043902e0e2efc - - 016a1a63b6ea416584f1281817c96839 016a1a63b6ea416584f1281817c96839] 10.0.0.131 "DELETE /resource_providers/d36a312f-1336-49fb-8126-beeb888ef0bb" status: 404 len: 246 microversion: 1.1 [pid: 8|app: 0|req: 432/866] 10.0.0.131 () {34 vars in 816 bytes} [Wed Jul 15 00:20:26 2026] DELETE /resource_providers/d36a312f-1336-49fb-8126-beeb888ef0bb => generated 246 bytes in 13 msecs (HTTP/1.1 404) 6 headers in 231 bytes (1 switches on core 0)
2026-07-15 00:20:26.653 8 INFO placement.requestlog [None req-14eb1635-62f2-45b5-ad2c-7fc9b7310cbf 2d3b15c85d4646b7938a145bf59a6e8b b9d269a60ccf427fb88043902e0e2efc - - 016a1a63b6ea416584f1281817c96839 016a1a63b6ea416584f1281817c96839] 10.0.0.131 "GET /resource_providers/7a6430dc-d8f8-4e83-9082-c9639a5130e0/aggregates" status: 404 len: 235 microversion: 1.1 [pid: 8|app: 0|req: 433/867] 10.0.0.131 () {32 vars in 816 bytes} [Wed Jul 15 00:20:26 2026] GET /resource_providers/7a6430dc-d8f8-4e83-9082-c9639a5130e0/aggregates => generated 235 bytes in 9 msecs (HTTP/1.1 404) 5 headers in 202 bytes (1 switches on core 0)
2026-07-15 00:20:26.654 7 INFO placement.requestlog [None req-1f7ad3fc-8a68-4a00-8d26-6912cdaa53cf 2d3b15c85d4646b7938a145bf59a6e8b b9d269a60ccf427fb88043902e0e2efc - - 016a1a63b6ea416584f1281817c96839 016a1a63b6ea416584f1281817c96839] 10.0.0.131 "DELETE /resource_providers/d36a312f-1336-49fb-8126-beeb888ef0bb" status: 404 len: 246 microversion: 1.1 [pid: 7|app: 0|req: 435/868] 10.0.0.131 () {34 vars in 816 bytes} [Wed Jul 15 00:20:26 2026] DELETE /resource_providers/d36a312f-1336-49fb-8126-beeb888ef0bb => generated 246 bytes in 17 msecs (HTTP/1.1 404) 6 headers in 231 bytes (1 switches on core 0)
2026-07-15 00:20:26.684 8 INFO placement.requestlog [None req-a3239ad1-dfbd-46e9-b30f-daa222ca8d64 2d3b15c85d4646b7938a145bf59a6e8b b9d269a60ccf427fb88043902e0e2efc - - 016a1a63b6ea416584f1281817c96839 016a1a63b6ea416584f1281817c96839] 10.0.0.131 "GET /resource_providers/7a6430dc-d8f8-4e83-9082-c9639a5130e0/aggregates" status: 404 len: 235 microversion: 1.1 [pid: 8|app: 0|req: 434/869] 10.0.0.131 () {32 vars in 816 bytes} [Wed Jul 15 00:20:26 2026] GET /resource_providers/7a6430dc-d8f8-4e83-9082-c9639a5130e0/aggregates => generated 235 bytes in 10 msecs (HTTP/1.1 404) 5 headers in 202 bytes (1 switches on core 0)
2026-07-15 00:20:26.686 7 INFO placement.requestlog [None req-22a8cb0f-a26c-4063-9b5f-d36659ca3be1 2d3b15c85d4646b7938a145bf59a6e8b b9d269a60ccf427fb88043902e0e2efc - - 016a1a63b6ea416584f1281817c96839 016a1a63b6ea416584f1281817c96839] 10.0.0.131 "DELETE /resource_providers/7a6430dc-d8f8-4e83-9082-c9639a5130e0" status: 404 len: 246 microversion: 1.1 [pid: 7|app: 0|req: 436/870] 10.0.0.131 () {34 vars in 816 bytes} [Wed Jul 15 00:20:26 2026] DELETE /resource_providers/7a6430dc-d8f8-4e83-9082-c9639a5130e0 => generated 246 bytes in 11 msecs (HTTP/1.1 404) 6 headers in 231 bytes (1 switches on core 0)
2026-07-15 00:20:26.710 8 INFO placement.requestlog [None req-55d01665-71e4-4d40-a7e0-fcbfab0ce0af 2d3b15c85d4646b7938a145bf59a6e8b b9d269a60ccf427fb88043902e0e2efc - - 016a1a63b6ea416584f1281817c96839 016a1a63b6ea416584f1281817c96839] 10.0.0.131 "DELETE /resource_providers/7a6430dc-d8f8-4e83-9082-c9639a5130e0" status: 404 len: 246 microversion: 1.1 [pid: 8|app: 0|req: 435/871] 10.0.0.131 () {34 vars in 816 bytes} [Wed Jul 15 00:20:26 2026] DELETE /resource_providers/7a6430dc-d8f8-4e83-9082-c9639a5130e0 => generated 246 bytes in 16 msecs (HTTP/1.1 404) 6 headers in 231 bytes (1 switches on core 0)
2026-07-15 00:20:26.711 7 INFO placement.requestlog [None req-54c126e5-7e7a-4276-be60-6fb643004896 2d3b15c85d4646b7938a145bf59a6e8b b9d269a60ccf427fb88043902e0e2efc - - 016a1a63b6ea416584f1281817c96839 016a1a63b6ea416584f1281817c96839] 10.0.0.131 "GET /resource_providers/03826a5c-085c-4917-9a90-dbb97c6234de/aggregates" status: 404 len: 235 microversion: 1.1 [pid: 7|app: 0|req: 437/872] 10.0.0.131 () {32 vars in 816 bytes} [Wed Jul 15 00:20:26 2026] GET /resource_providers/03826a5c-085c-4917-9a90-dbb97c6234de/aggregates => generated 235 bytes in 17 msecs (HTTP/1.1 404) 5 headers in 202 bytes (1 switches on core 0)
2026-07-15 00:20:26.730 7 INFO placement.requestlog [None req-88ab691e-327b-4d37-82f8-3d9e44a57472 2d3b15c85d4646b7938a145bf59a6e8b b9d269a60ccf427fb88043902e0e2efc - - 016a1a63b6ea416584f1281817c96839 016a1a63b6ea416584f1281817c96839] 10.0.0.131 "DELETE /resource_providers/03826a5c-085c-4917-9a90-dbb97c6234de" status: 404 len: 246 microversion: 1.1 [pid: 7|app: 0|req: 438/873] 10.0.0.131 () {34 vars in 816 bytes} [Wed Jul 15 00:20:26 2026] DELETE /resource_providers/03826a5c-085c-4917-9a90-dbb97c6234de => generated 246 bytes in 9 msecs (HTTP/1.1 404) 6 headers in 231 bytes (1 switches on core 0)
2026-07-15 00:20:26.733 8 INFO placement.requestlog [None req-ee600bd2-9ab2-4ca9-ac78-765e7d4d4ffd 2d3b15c85d4646b7938a145bf59a6e8b b9d269a60ccf427fb88043902e0e2efc - - 016a1a63b6ea416584f1281817c96839 016a1a63b6ea416584f1281817c96839] 10.0.0.131 "GET /resource_providers/03826a5c-085c-4917-9a90-dbb97c6234de/aggregates" status: 404 len: 235 microversion: 1.1 [pid: 8|app: 0|req: 436/874] 10.0.0.131 () {32 vars in 816 bytes} [Wed Jul 15 00:20:26 2026] GET /resource_providers/03826a5c-085c-4917-9a90-dbb97c6234de/aggregates => generated 235 bytes in 11 msecs (HTTP/1.1 404) 5 headers in 202 bytes (1 switches on core 0)
2026-07-15 00:20:26.752 7 INFO placement.requestlog [None req-ba3dac68-259e-49c0-9119-0ebc01ff5024 2d3b15c85d4646b7938a145bf59a6e8b b9d269a60ccf427fb88043902e0e2efc - - 016a1a63b6ea416584f1281817c96839 016a1a63b6ea416584f1281817c96839] 10.0.0.131 "DELETE /resource_providers/03826a5c-085c-4917-9a90-dbb97c6234de" status: 404 len: 246 microversion: 1.1 [pid: 7|app: 0|req: 439/875] 10.0.0.131 () {34 vars in 816 bytes} [Wed Jul 15 00:20:26 2026] DELETE /resource_providers/03826a5c-085c-4917-9a90-dbb97c6234de => generated 246 bytes in 12 msecs (HTTP/1.1 404) 6 headers in 231 bytes (1 switches on core 0)
2026-07-15 00:20:29.614 8 INFO placement.requestlog [None req-a04441c1-8642-468c-9221-abf146823c7b - - - - - -] 10.0.0.4 "GET /" status: 200 len: 136 microversion: 1.0
2026-07-15 00:20:29.614 7 INFO placement.requestlog [None req-573065aa-edf8-412b-b2a4-8274e922c75d - - - - - -] 10.0.0.4 "GET /" status: 200 len: 136 microversion: 1.0
2026-07-15 00:20:32.988 8 INFO placement.requestlog [req-38ccfb75-cb56-439a-97c0-f60cb0d83199 req-51339779-971c-42ae-b979-bcf7a2cc8f49 516b26fb1d6f44e28dfa542cbb88d0a4 b9d269a60ccf427fb88043902e0e2efc - - 016a1a63b6ea416584f1281817c96839 016a1a63b6ea416584f1281817c96839] 10.0.0.136 "GET /allocation_candidates?limit=1000&resources=MEMORY_MB%3A512%2CVCPU%3A1&root_required=%21COMPUTE_STATUS_DISABLED" status: 200 len: 2133 microversion: 1.36 [pid: 8|app: 0|req: 438/878] 10.0.0.136 () {34 vars in 984 bytes} [Wed Jul 15 00:20:32 2026] GET /allocation_candidates?limit=1000&resources=MEMORY_MB%3A512%2CVCPU%3A1&root_required=%21COMPUTE_STATUS_DISABLED => generated 2133 bytes in 59 msecs (HTTP/1.1 200) 8 headers in 297 bytes (1 switches on core 0)
2026-07-15 00:20:33.027 7 INFO placement.requestlog [req-38ccfb75-cb56-439a-97c0-f60cb0d83199 req-7041e808-9dc2-46a8-98da-b5f8b8037d7e 516b26fb1d6f44e28dfa542cbb88d0a4 b9d269a60ccf427fb88043902e0e2efc - - 016a1a63b6ea416584f1281817c96839 016a1a63b6ea416584f1281817c96839] 10.0.0.136 "GET /allocations/72581864-aa01-4272-8988-55b728ce947c" status: 200 len: 19 microversion: 1.28 [pid: 7|app: 0|req: 441/879] 10.0.0.136 () {34 vars in 861 bytes} [Wed Jul 15 00:20:33 2026] GET /allocations/72581864-aa01-4272-8988-55b728ce947c => generated 19 bytes in 21 msecs (HTTP/1.1 200) 8 headers in 295 bytes (1 switches on core 0)
2026-07-15 00:20:33.179 7 INFO placement.requestlog [None req-cd44b2cb-afdf-43f9-9baf-9881a1537d9f 2d3b15c85d4646b7938a145bf59a6e8b b9d269a60ccf427fb88043902e0e2efc - - 016a1a63b6ea416584f1281817c96839 016a1a63b6ea416584f1281817c96839] 10.0.0.131 "GET /resource_providers/530090f3-634a-4cac-95a5-f8d3e5eb22cd/aggregates" status: 404 len: 235 microversion: 1.1 [pid: 7|app: 0|req: 442/880] 10.0.0.131 () {32 vars in 816 bytes} [Wed Jul 15 00:20:33 2026] GET /resource_providers/530090f3-634a-4cac-95a5-f8d3e5eb22cd/aggregates => generated 235 bytes in 16 msecs (HTTP/1.1 404) 5 headers in 202 bytes (1 switches on core 0)
2026-07-15 00:20:33.233 7 INFO placement.requestlog [None req-68df93ff-6dba-41ac-a2ee-d499fe046d22 2d3b15c85d4646b7938a145bf59a6e8b b9d269a60ccf427fb88043902e0e2efc - - 016a1a63b6ea416584f1281817c96839 016a1a63b6ea416584f1281817c96839] 10.0.0.131 "GET /resource_providers/530090f3-634a-4cac-95a5-f8d3e5eb22cd/aggregates" status: 404 len: 235 microversion: 1.1 [pid: 7|app: 0|req: 443/881] 10.0.0.131 () {32 vars in 816 bytes} [Wed Jul 15 00:20:33 2026] GET /resource_providers/530090f3-634a-4cac-95a5-f8d3e5eb22cd/aggregates => generated 235 bytes in 54 msecs (HTTP/1.1 404) 5 headers in 202 bytes (1 switches on core 0)
2026-07-15 00:20:33.247 7 INFO placement.requestlog [None req-136e8d1b-2542-4248-8be8-7bc85fa36724 2d3b15c85d4646b7938a145bf59a6e8b b9d269a60ccf427fb88043902e0e2efc - - 016a1a63b6ea416584f1281817c96839 016a1a63b6ea416584f1281817c96839] 10.0.0.131 "DELETE /resource_providers/530090f3-634a-4cac-95a5-f8d3e5eb22cd" status: 404 len: 246 microversion: 1.1 [pid: 7|app: 0|req: 444/882] 10.0.0.131 () {34 vars in 816 bytes} [Wed Jul 15 00:20:33 2026] DELETE /resource_providers/530090f3-634a-4cac-95a5-f8d3e5eb22cd => generated 246 bytes in 14 msecs (HTTP/1.1 404) 6 headers in 231 bytes (1 switches on core 0)
2026-07-15 00:20:33.256 7 INFO placement.requestlog [None req-bfbcace0-16cc-440e-8db2-28626d5f8963 2d3b15c85d4646b7938a145bf59a6e8b b9d269a60ccf427fb88043902e0e2efc - - 016a1a63b6ea416584f1281817c96839 016a1a63b6ea416584f1281817c96839] 10.0.0.131 "DELETE /resource_providers/530090f3-634a-4cac-95a5-f8d3e5eb22cd" status: 404 len: 246 microversion: 1.1 [pid: 7|app: 0|req: 445/883] 10.0.0.131 () {34 vars in 816 bytes} [Wed Jul 15 00:20:33 2026] DELETE /resource_providers/530090f3-634a-4cac-95a5-f8d3e5eb22cd => generated 246 bytes in 7 msecs (HTTP/1.1 404) 6 headers in 231 bytes (1 switches on core 0)
2026-07-15 00:20:33.365 8 INFO placement.requestlog [req-38ccfb75-cb56-439a-97c0-f60cb0d83199 req-baf23342-cd41-4678-94bf-2a3b20e9d750 516b26fb1d6f44e28dfa542cbb88d0a4 b9d269a60ccf427fb88043902e0e2efc - - 016a1a63b6ea416584f1281817c96839 016a1a63b6ea416584f1281817c96839] 10.0.0.136 "PUT /allocations/72581864-aa01-4272-8988-55b728ce947c" status: 204 len: 0 microversion: 1.36 [pid: 8|app: 0|req: 439/884] 10.0.0.136 () {38 vars in 914 bytes} [Wed Jul 15 00:20:33 2026] PUT /allocations/72581864-aa01-4272-8988-55b728ce947c => generated 0 bytes in 321 msecs (HTTP/1.1 204) 5 headers in 199 bytes (1 switches on core 0)
2026-07-15 00:20:34.191 7 INFO placement.requestlog [req-38ccfb75-cb56-439a-97c0-f60cb0d83199 req-67520124-06f1-4ffb-b2e4-33c8a376120d 516b26fb1d6f44e28dfa542cbb88d0a4 b9d269a60ccf427fb88043902e0e2efc - - 016a1a63b6ea416584f1281817c96839 016a1a63b6ea416584f1281817c96839] 199.204.45.144 "GET /allocations/72581864-aa01-4272-8988-55b728ce947c" status: 200 len: 243 microversion: 1.28 [pid: 7|app: 0|req: 446/885] 199.204.45.144 () {34 vars in 863 bytes} [Wed Jul 15 00:20:34 2026] GET /allocations/72581864-aa01-4272-8988-55b728ce947c => generated 243 bytes in 14 msecs (HTTP/1.1 200) 8 headers in 296 bytes (1 switches on core 0)
2026-07-15 00:20:34.317 8 INFO placement.requestlog [req-38ccfb75-cb56-439a-97c0-f60cb0d83199 req-4f2a09e9-8f3e-4cc9-9a45-0c28e383b47a 516b26fb1d6f44e28dfa542cbb88d0a4 b9d269a60ccf427fb88043902e0e2efc - - 016a1a63b6ea416584f1281817c96839 016a1a63b6ea416584f1281817c96839] 199.204.45.144 "GET /resource_providers/9e774f93-454b-4bd2-99e9-188d7273babb/allocations" status: 200 len: 138 microversion: 1.0 [pid: 8|app: 0|req: 440/886] 199.204.45.144 () {32 vars in 857 bytes} [Wed Jul 15 00:20:34 2026] GET /resource_providers/9e774f93-454b-4bd2-99e9-188d7273babb/allocations => generated 138 bytes in 25 msecs (HTTP/1.1 200) 6 headers in 224 bytes (1 switches on core 0)
2026-07-15 00:20:34.342 7 INFO placement.requestlog [req-38ccfb75-cb56-439a-97c0-f60cb0d83199 req-4bdc004b-6c75-47f1-ab9c-bc49c061c19b 516b26fb1d6f44e28dfa542cbb88d0a4 b9d269a60ccf427fb88043902e0e2efc - - 016a1a63b6ea416584f1281817c96839 016a1a63b6ea416584f1281817c96839] 199.204.45.144 "GET /allocations/72581864-aa01-4272-8988-55b728ce947c" status: 200 len: 243 microversion: 1.28 [pid: 7|app: 0|req: 447/887] 199.204.45.144 () {34 vars in 863 bytes} [Wed Jul 15 00:20:34 2026] GET /allocations/72581864-aa01-4272-8988-55b728ce947c => generated 243 bytes in 16 msecs (HTTP/1.1 200) 8 headers in 296 bytes (1 switches on core 0)
2026-07-15 00:20:37.341 8 INFO placement.requestlog [None req-336c0b71-13d9-4dca-b32d-8f8ba4ca5a9f 2d3b15c85d4646b7938a145bf59a6e8b b9d269a60ccf427fb88043902e0e2efc - - 016a1a63b6ea416584f1281817c96839 016a1a63b6ea416584f1281817c96839] 10.0.0.131 "GET /resource_providers/b7f2b29f-7512-46be-a04e-26ee04ccd39e/aggregates" status: 404 len: 235 microversion: 1.1 [pid: 8|app: 0|req: 441/888] 10.0.0.131 () {32 vars in 816 bytes} [Wed Jul 15 00:20:37 2026] GET /resource_providers/b7f2b29f-7512-46be-a04e-26ee04ccd39e/aggregates => generated 235 bytes in 24 msecs (HTTP/1.1 404) 5 headers in 202 bytes (1 switches on core 0)
2026-07-15 00:20:37.348 7 INFO placement.requestlog [None req-05dcc434-17d4-4453-8726-6ae462484cbb 2d3b15c85d4646b7938a145bf59a6e8b b9d269a60ccf427fb88043902e0e2efc - - 016a1a63b6ea416584f1281817c96839 016a1a63b6ea416584f1281817c96839] 10.0.0.131 "GET /resource_providers/b7f2b29f-7512-46be-a04e-26ee04ccd39e/aggregates" status: 404 len: 235 microversion: 1.1 [pid: 7|app: 0|req: 448/889] 10.0.0.131 () {32 vars in 816 bytes} [Wed Jul 15 00:20:37 2026] GET /resource_providers/b7f2b29f-7512-46be-a04e-26ee04ccd39e/aggregates => generated 235 bytes in 20 msecs (HTTP/1.1 404) 5 headers in 202 bytes (1 switches on core 0)
2026-07-15 00:20:37.382 8 INFO placement.requestlog [None req-53bfc772-4258-4972-97f4-4ae34816bed4 2d3b15c85d4646b7938a145bf59a6e8b b9d269a60ccf427fb88043902e0e2efc - - 016a1a63b6ea416584f1281817c96839 016a1a63b6ea416584f1281817c96839] 10.0.0.131 "DELETE /resource_providers/b7f2b29f-7512-46be-a04e-26ee04ccd39e" status: 404 len: 246 microversion: 1.1 [pid: 8|app: 0|req: 442/890] 10.0.0.131 () {34 vars in 816 bytes} [Wed Jul 15 00:20:37 2026] DELETE /resource_providers/b7f2b29f-7512-46be-a04e-26ee04ccd39e => generated 246 bytes in 22 msecs (HTTP/1.1 404) 6 headers in 231 bytes (1 switches on core 0)
2026-07-15 00:20:37.400 7 INFO placement.requestlog [None req-e238fd2d-496e-420d-84e6-e08aeb534759 2d3b15c85d4646b7938a145bf59a6e8b b9d269a60ccf427fb88043902e0e2efc - - 016a1a63b6ea416584f1281817c96839 016a1a63b6ea416584f1281817c96839] 10.0.0.131 "DELETE /resource_providers/b7f2b29f-7512-46be-a04e-26ee04ccd39e" status: 404 len: 246 microversion: 1.1 [pid: 7|app: 0|req: 449/891] 10.0.0.131 () {34 vars in 816 bytes} [Wed Jul 15 00:20:37 2026] DELETE /resource_providers/b7f2b29f-7512-46be-a04e-26ee04ccd39e => generated 246 bytes in 39 msecs (HTTP/1.1 404) 6 headers in 231 bytes (1 switches on core 0)
2026-07-15 00:20:38.164 8 INFO placement.requestlog [req-f1a88583-f55b-4d36-9d52-8c77a3540c15 req-b729ffa4-bcaf-469d-aef1-caf2651a450d 516b26fb1d6f44e28dfa542cbb88d0a4 b9d269a60ccf427fb88043902e0e2efc - - 016a1a63b6ea416584f1281817c96839 016a1a63b6ea416584f1281817c96839] 10.0.0.136 "GET /allocation_candidates?limit=1000&resources=DISK_GB%3A1%2CMEMORY_MB%3A512%2CVCPU%3A1&root_required=%21COMPUTE_STATUS_DISABLED" status: 200 len: 2149 microversion: 1.36 [pid: 8|app: 0|req: 443/892] 10.0.0.136 () {34 vars in 1012 bytes} [Wed Jul 15 00:20:38 2026] GET /allocation_candidates?limit=1000&resources=DISK_GB%3A1%2CMEMORY_MB%3A512%2CVCPU%3A1&root_required=%21COMPUTE_STATUS_DISABLED => generated 2149 bytes in 111 msecs (HTTP/1.1 200) 8 headers in 297 bytes (1 switches on core 0)
2026-07-15 00:20:38.205 7 INFO placement.requestlog [req-f1a88583-f55b-4d36-9d52-8c77a3540c15 req-6c31d562-b13f-471c-9d77-32529fbb28f4 516b26fb1d6f44e28dfa542cbb88d0a4 b9d269a60ccf427fb88043902e0e2efc - - 016a1a63b6ea416584f1281817c96839 016a1a63b6ea416584f1281817c96839] 10.0.0.136 "GET /allocations/11ac45ca-74a8-485b-810c-b7ac587556ad" status: 200 len: 19 microversion: 1.28 [pid: 7|app: 0|req: 450/893] 10.0.0.136 () {34 vars in 861 bytes} [Wed Jul 15 00:20:38 2026] GET /allocations/11ac45ca-74a8-485b-810c-b7ac587556ad => generated 19 bytes in 17 msecs (HTTP/1.1 200) 8 headers in 295 bytes (1 switches on core 0)
2026-07-15 00:20:38.767 8 INFO placement.requestlog [req-f1a88583-f55b-4d36-9d52-8c77a3540c15 req-68eb8dd7-d773-4bd0-898a-c8737e201c1f 516b26fb1d6f44e28dfa542cbb88d0a4 b9d269a60ccf427fb88043902e0e2efc - - 016a1a63b6ea416584f1281817c96839 016a1a63b6ea416584f1281817c96839] 10.0.0.136 "PUT /allocations/11ac45ca-74a8-485b-810c-b7ac587556ad" status: 204 len: 0 microversion: 1.36 [pid: 8|app: 0|req: 444/894] 10.0.0.136 () {38 vars in 914 bytes} [Wed Jul 15 00:20:38 2026] PUT /allocations/11ac45ca-74a8-485b-810c-b7ac587556ad => generated 0 bytes in 548 msecs (HTTP/1.1 204) 5 headers in 199 bytes (1 switches on core 0)
2026-07-15 00:20:39.334 7 INFO placement.requestlog [req-f1a88583-f55b-4d36-9d52-8c77a3540c15 req-158e27fa-99a0-4584-aecc-f7179f071a93 516b26fb1d6f44e28dfa542cbb88d0a4 b9d269a60ccf427fb88043902e0e2efc - - 016a1a63b6ea416584f1281817c96839 016a1a63b6ea416584f1281817c96839] 199.204.45.144 "GET /allocations/11ac45ca-74a8-485b-810c-b7ac587556ad" status: 200 len: 257 microversion: 1.28 [pid: 7|app: 0|req: 451/895] 199.204.45.144 () {34 vars in 863 bytes} [Wed Jul 15 00:20:39 2026] GET /allocations/11ac45ca-74a8-485b-810c-b7ac587556ad => generated 257 bytes in 16 msecs (HTTP/1.1 200) 8 headers in 296 bytes (1 switches on core 0)
2026-07-15 00:20:39.473 8 INFO placement.requestlog [req-f1a88583-f55b-4d36-9d52-8c77a3540c15 req-dab461b2-ec2c-4d8f-85c7-97d76c3f60b4 516b26fb1d6f44e28dfa542cbb88d0a4 b9d269a60ccf427fb88043902e0e2efc - - 016a1a63b6ea416584f1281817c96839 016a1a63b6ea416584f1281817c96839] 199.204.45.144 "GET /resource_providers/9e774f93-454b-4bd2-99e9-188d7273babb/allocations" status: 200 len: 238 microversion: 1.0 [pid: 8|app: 0|req: 445/896] 199.204.45.144 () {32 vars in 857 bytes} [Wed Jul 15 00:20:39 2026] GET /resource_providers/9e774f93-454b-4bd2-99e9-188d7273babb/allocations => generated 238 bytes in 21 msecs (HTTP/1.1 200) 6 headers in 224 bytes (1 switches on core 0)
2026-07-15 00:20:39.496 7 INFO placement.requestlog [req-f1a88583-f55b-4d36-9d52-8c77a3540c15 req-85179dac-4de8-4e16-9890-87207d6d16ff 516b26fb1d6f44e28dfa542cbb88d0a4 b9d269a60ccf427fb88043902e0e2efc - - 016a1a63b6ea416584f1281817c96839 016a1a63b6ea416584f1281817c96839] 199.204.45.144 "GET /allocations/11ac45ca-74a8-485b-810c-b7ac587556ad" status: 200 len: 257 microversion: 1.28 [pid: 7|app: 0|req: 452/897] 199.204.45.144 () {34 vars in 863 bytes} [Wed Jul 15 00:20:39 2026] GET /allocations/11ac45ca-74a8-485b-810c-b7ac587556ad => generated 257 bytes in 15 msecs (HTTP/1.1 200) 8 headers in 296 bytes (1 switches on core 0)
2026-07-15 00:20:39.530 8 INFO placement.requestlog [req-f1a88583-f55b-4d36-9d52-8c77a3540c15 req-4b801c0a-b74d-4c75-a331-21e9776fdde2 516b26fb1d6f44e28dfa542cbb88d0a4 b9d269a60ccf427fb88043902e0e2efc - - 016a1a63b6ea416584f1281817c96839 016a1a63b6ea416584f1281817c96839] 199.204.45.144 "GET /allocations/72581864-aa01-4272-8988-55b728ce947c" status: 200 len: 243 microversion: 1.28 [pid: 8|app: 0|req: 446/898] 199.204.45.144 () {34 vars in 863 bytes} [Wed Jul 15 00:20:39 2026] GET /allocations/72581864-aa01-4272-8988-55b728ce947c => generated 243 bytes in 27 msecs (HTTP/1.1 200) 8 headers in 296 bytes (1 switches on core 0)
2026-07-15 00:20:39.614 7 INFO placement.requestlog [None req-fbaab6d9-eacf-4886-a541-4deae4239f95 - - - - - -] 10.0.0.4 "GET /" status: 200 len: 136 microversion: 1.0
2026-07-15 00:20:39.614 8 INFO placement.requestlog [None req-5060bad5-5f47-4a84-bb71-54a9f35f9f85 - - - - - -] 10.0.0.4 "GET /" status: 200 len: 136 microversion: 1.0
2026-07-15 00:20:39.957 7 INFO placement.requestlog [None req-6fa11707-bc93-4d97-9373-78b8b69a6470 2d3b15c85d4646b7938a145bf59a6e8b b9d269a60ccf427fb88043902e0e2efc - - 016a1a63b6ea416584f1281817c96839 016a1a63b6ea416584f1281817c96839] 10.0.0.131 "GET /resource_providers/c7e4fb95-8668-4fc1-892e-6a8cd383b309/aggregates" status: 404 len: 235 microversion: 1.1 [pid: 7|app: 0|req: 454/901] 10.0.0.131 () {32 vars in 816 bytes} [Wed Jul 15 00:20:39 2026] GET /resource_providers/c7e4fb95-8668-4fc1-892e-6a8cd383b309/aggregates => generated 235 bytes in 14 msecs (HTTP/1.1 404) 5 headers in 202 bytes (1 switches on core 0)
2026-07-15 00:20:39.965 8 INFO placement.requestlog [None req-7217f9db-ffab-4e74-bb40-b5ff2110bc03 2d3b15c85d4646b7938a145bf59a6e8b b9d269a60ccf427fb88043902e0e2efc - - 016a1a63b6ea416584f1281817c96839 016a1a63b6ea416584f1281817c96839] 10.0.0.131 "GET /resource_providers/c7e4fb95-8668-4fc1-892e-6a8cd383b309/aggregates" status: 404 len: 235 microversion: 1.1 [pid: 8|app: 0|req: 448/902] 10.0.0.131 () {32 vars in 816 bytes} [Wed Jul 15 00:20:39 2026] GET /resource_providers/c7e4fb95-8668-4fc1-892e-6a8cd383b309/aggregates => generated 235 bytes in 21 msecs (HTTP/1.1 404) 5 headers in 202 bytes (1 switches on core 0)
2026-07-15 00:20:39.976 7 INFO placement.requestlog [None req-fae880fc-d054-4a55-9d8d-9f5d5398821b 2d3b15c85d4646b7938a145bf59a6e8b b9d269a60ccf427fb88043902e0e2efc - - 016a1a63b6ea416584f1281817c96839 016a1a63b6ea416584f1281817c96839] 10.0.0.131 "DELETE /resource_providers/c7e4fb95-8668-4fc1-892e-6a8cd383b309" status: 404 len: 246 microversion: 1.1 [pid: 7|app: 0|req: 455/903] 10.0.0.131 () {34 vars in 816 bytes} [Wed Jul 15 00:20:39 2026] DELETE /resource_providers/c7e4fb95-8668-4fc1-892e-6a8cd383b309 => generated 246 bytes in 12 msecs (HTTP/1.1 404) 6 headers in 231 bytes (1 switches on core 0)
2026-07-15 00:20:39.991 8 INFO placement.requestlog [None req-6fff441b-180c-4145-b65c-6b826ad31b09 2d3b15c85d4646b7938a145bf59a6e8b b9d269a60ccf427fb88043902e0e2efc - - 016a1a63b6ea416584f1281817c96839 016a1a63b6ea416584f1281817c96839] 10.0.0.131 "DELETE /resource_providers/c7e4fb95-8668-4fc1-892e-6a8cd383b309" status: 404 len: 246 microversion: 1.1 [pid: 8|app: 0|req: 449/904] 10.0.0.131 () {34 vars in 816 bytes} [Wed Jul 15 00:20:39 2026] DELETE /resource_providers/c7e4fb95-8668-4fc1-892e-6a8cd383b309 => generated 246 bytes in 18 msecs (HTTP/1.1 404) 6 headers in 231 bytes (1 switches on core 0)
2026-07-15 00:20:47.046 7 INFO placement.requestlog [req-93fd36f7-c48f-46d8-88e0-e2e91e308548 req-3efaa1e8-caf6-4eec-9a30-aa92c912d6bc 516b26fb1d6f44e28dfa542cbb88d0a4 b9d269a60ccf427fb88043902e0e2efc - - 016a1a63b6ea416584f1281817c96839 016a1a63b6ea416584f1281817c96839] 199.204.45.144 "GET /resource_providers/9e774f93-454b-4bd2-99e9-188d7273babb/allocations" status: 200 len: 238 microversion: 1.0 [pid: 7|app: 0|req: 456/905] 199.204.45.144 () {32 vars in 857 bytes} [Wed Jul 15 00:20:47 2026] GET /resource_providers/9e774f93-454b-4bd2-99e9-188d7273babb/allocations => generated 238 bytes in 29 msecs (HTTP/1.1 200) 6 headers in 224 bytes (1 switches on core 0)
2026-07-15 00:20:47.080 8 INFO placement.requestlog [req-93fd36f7-c48f-46d8-88e0-e2e91e308548 req-b333d660-7ab7-4080-8b7b-dec8b8a43eaf 516b26fb1d6f44e28dfa542cbb88d0a4 b9d269a60ccf427fb88043902e0e2efc - - 016a1a63b6ea416584f1281817c96839 016a1a63b6ea416584f1281817c96839] 199.204.45.144 "GET /allocations/11ac45ca-74a8-485b-810c-b7ac587556ad" status: 200 len: 257 microversion: 1.28 [pid: 8|app: 0|req: 450/906] 199.204.45.144 () {34 vars in 863 bytes} [Wed Jul 15 00:20:47 2026] GET /allocations/11ac45ca-74a8-485b-810c-b7ac587556ad => generated 257 bytes in 21 msecs (HTTP/1.1 200) 8 headers in 296 bytes (1 switches on core 0)
2026-07-15 00:20:47.100 7 INFO placement.requestlog [req-93fd36f7-c48f-46d8-88e0-e2e91e308548 req-c876df98-e022-4576-9c6b-0d54214e70f8 516b26fb1d6f44e28dfa542cbb88d0a4 b9d269a60ccf427fb88043902e0e2efc - - 016a1a63b6ea416584f1281817c96839 016a1a63b6ea416584f1281817c96839] 199.204.45.144 "GET /allocations/72581864-aa01-4272-8988-55b728ce947c" status: 200 len: 243 microversion: 1.28 [pid: 7|app: 0|req: 457/907] 199.204.45.144 () {34 vars in 863 bytes} [Wed Jul 15 00:20:47 2026] GET /allocations/72581864-aa01-4272-8988-55b728ce947c => generated 243 bytes in 9 msecs (HTTP/1.1 200) 8 headers in 296 bytes (1 switches on core 0)
2026-07-15 00:20:47.260 8 INFO placement.requestlog [req-93fd36f7-c48f-46d8-88e0-e2e91e308548 req-7b4997ee-b944-4039-b226-0a4c481d6f09 516b26fb1d6f44e28dfa542cbb88d0a4 b9d269a60ccf427fb88043902e0e2efc - - 016a1a63b6ea416584f1281817c96839 016a1a63b6ea416584f1281817c96839] 199.204.45.144 "DELETE /allocations/72581864-aa01-4272-8988-55b728ce947c" status: 204 len: 0 microversion: 1.0 [pid: 8|app: 0|req: 451/908] 199.204.45.144 () {34 vars in 841 bytes} [Wed Jul 15 00:20:47 2026] DELETE /allocations/72581864-aa01-4272-8988-55b728ce947c => generated 0 bytes in 42 msecs (HTTP/1.1 204) 5 headers in 198 bytes (1 switches on core 0)
2026-07-15 00:20:49.377 7 INFO placement.requestlog [req-ce6de0d8-03d7-4a7e-a1aa-3f19e4002104 req-517b490f-19b7-42e6-b9a7-deb39a77036f 516b26fb1d6f44e28dfa542cbb88d0a4 b9d269a60ccf427fb88043902e0e2efc - - 016a1a63b6ea416584f1281817c96839 016a1a63b6ea416584f1281817c96839] 199.204.45.144 "GET /resource_providers/9e774f93-454b-4bd2-99e9-188d7273babb/allocations" status: 200 len: 152 microversion: 1.0 [pid: 7|app: 0|req: 458/909] 199.204.45.144 () {32 vars in 857 bytes} [Wed Jul 15 00:20:49 2026] GET /resource_providers/9e774f93-454b-4bd2-99e9-188d7273babb/allocations => generated 152 bytes in 27 msecs (HTTP/1.1 200) 6 headers in 224 bytes (1 switches on core 0)
2026-07-15 00:20:49.406 8 INFO placement.requestlog [req-ce6de0d8-03d7-4a7e-a1aa-3f19e4002104 req-27311e3f-71df-44c4-bc0d-1a8c2b4ec2de 516b26fb1d6f44e28dfa542cbb88d0a4 b9d269a60ccf427fb88043902e0e2efc - - 016a1a63b6ea416584f1281817c96839 016a1a63b6ea416584f1281817c96839] 199.204.45.144 "GET /resource_providers/9e774f93-454b-4bd2-99e9-188d7273babb/allocations" status: 200 len: 152 microversion: 1.0 [pid: 8|app: 0|req: 452/910] 199.204.45.144 () {32 vars in 857 bytes} [Wed Jul 15 00:20:49 2026] GET /resource_providers/9e774f93-454b-4bd2-99e9-188d7273babb/allocations => generated 152 bytes in 19 msecs (HTTP/1.1 200) 6 headers in 224 bytes (1 switches on core 0)
2026-07-15 00:20:49.427 7 INFO placement.requestlog [req-ce6de0d8-03d7-4a7e-a1aa-3f19e4002104 req-71109e3e-5426-467f-9ec9-c0eaad275c8f 516b26fb1d6f44e28dfa542cbb88d0a4 b9d269a60ccf427fb88043902e0e2efc - - 016a1a63b6ea416584f1281817c96839 016a1a63b6ea416584f1281817c96839] 199.204.45.144 "GET /allocations/11ac45ca-74a8-485b-810c-b7ac587556ad" status: 200 len: 257 microversion: 1.28 [pid: 7|app: 0|req: 459/911] 199.204.45.144 () {34 vars in 863 bytes} [Wed Jul 15 00:20:49 2026] GET /allocations/11ac45ca-74a8-485b-810c-b7ac587556ad => generated 257 bytes in 14 msecs (HTTP/1.1 200) 8 headers in 296 bytes (1 switches on core 0)
2026-07-15 00:20:49.614 7 INFO placement.requestlog [None req-8ed81000-082b-4f33-9671-cae404fe03c2 - - - - - -] 10.0.0.4 "GET /" status: 200 len: 136 microversion: 1.0
2026-07-15 00:20:49.614 8 INFO placement.requestlog [None req-40c63fb6-4774-490d-9a17-57cad4804fd9 - - - - - -] 10.0.0.4 "GET /" status: 200 len: 136 microversion: 1.0
2026-07-15 00:20:52.132 8 INFO placement.requestlog [None req-134d28ee-e14e-474f-bdb0-ced7e3589021 2d3b15c85d4646b7938a145bf59a6e8b b9d269a60ccf427fb88043902e0e2efc - - 016a1a63b6ea416584f1281817c96839 016a1a63b6ea416584f1281817c96839] 10.0.0.131 "GET /resource_providers/5fb7f0f8-faad-48fc-8bfd-e7093abd15f6/aggregates" status: 404 len: 235 microversion: 1.1 [pid: 8|app: 0|req: 454/914] 10.0.0.131 () {32 vars in 816 bytes} [Wed Jul 15 00:20:52 2026] GET /resource_providers/5fb7f0f8-faad-48fc-8bfd-e7093abd15f6/aggregates => generated 235 bytes in 16 msecs (HTTP/1.1 404) 5 headers in 202 bytes (1 switches on core 0)
2026-07-15 00:20:52.136 7 INFO placement.requestlog [None req-61a44122-2120-45eb-b160-d49438c118d5 2d3b15c85d4646b7938a145bf59a6e8b b9d269a60ccf427fb88043902e0e2efc - - 016a1a63b6ea416584f1281817c96839 016a1a63b6ea416584f1281817c96839] 10.0.0.131 "GET /resource_providers/5fb7f0f8-faad-48fc-8bfd-e7093abd15f6/aggregates" status: 404 len: 235 microversion: 1.1 [pid: 7|app: 0|req: 461/915] 10.0.0.131 () {32 vars in 816 bytes} [Wed Jul 15 00:20:52 2026] GET /resource_providers/5fb7f0f8-faad-48fc-8bfd-e7093abd15f6/aggregates => generated 235 bytes in 19 msecs (HTTP/1.1 404) 5 headers in 202 bytes (1 switches on core 0)
2026-07-15 00:20:52.156 8 INFO placement.requestlog [None req-fd9f029b-5521-4a5b-a4b1-172c070508ed 2d3b15c85d4646b7938a145bf59a6e8b b9d269a60ccf427fb88043902e0e2efc - - 016a1a63b6ea416584f1281817c96839 016a1a63b6ea416584f1281817c96839] 10.0.0.131 "DELETE /resource_providers/5fb7f0f8-faad-48fc-8bfd-e7093abd15f6" status: 404 len: 246 microversion: 1.1 [pid: 8|app: 0|req: 455/916] 10.0.0.131 () {34 vars in 816 bytes} [Wed Jul 15 00:20:52 2026] DELETE /resource_providers/5fb7f0f8-faad-48fc-8bfd-e7093abd15f6 => generated 246 bytes in 12 msecs (HTTP/1.1 404) 6 headers in 231 bytes (1 switches on core 0)
2026-07-15 00:20:52.170 7 INFO placement.requestlog [None req-840bd84c-191c-41d4-842b-3113e3c24568 2d3b15c85d4646b7938a145bf59a6e8b b9d269a60ccf427fb88043902e0e2efc - - 016a1a63b6ea416584f1281817c96839 016a1a63b6ea416584f1281817c96839] 10.0.0.131 "DELETE /resource_providers/5fb7f0f8-faad-48fc-8bfd-e7093abd15f6" status: 404 len: 246 microversion: 1.1 [pid: 7|app: 0|req: 462/917] 10.0.0.131 () {34 vars in 816 bytes} [Wed Jul 15 00:20:52 2026] DELETE /resource_providers/5fb7f0f8-faad-48fc-8bfd-e7093abd15f6 => generated 246 bytes in 12 msecs (HTTP/1.1 404) 6 headers in 231 bytes (1 switches on core 0)
2026-07-15 00:20:54.175 8 INFO placement.requestlog [None req-fb4054ca-e69b-4d1e-9934-a70b65264beb 2d3b15c85d4646b7938a145bf59a6e8b b9d269a60ccf427fb88043902e0e2efc - - 016a1a63b6ea416584f1281817c96839 016a1a63b6ea416584f1281817c96839] 10.0.0.131 "GET /resource_providers/bed63860-d3da-4e5b-9564-135dd9752794/aggregates" status: 404 len: 235 microversion: 1.1 [pid: 8|app: 0|req: 456/918] 10.0.0.131 () {32 vars in 816 bytes} [Wed Jul 15 00:20:54 2026] GET /resource_providers/bed63860-d3da-4e5b-9564-135dd9752794/aggregates => generated 235 bytes in 10 msecs (HTTP/1.1 404) 5 headers in 202 bytes (1 switches on core 0)
2026-07-15 00:20:54.201 8 INFO placement.requestlog [None req-53087320-55f1-4257-a47a-0ae867bf181e 2d3b15c85d4646b7938a145bf59a6e8b b9d269a60ccf427fb88043902e0e2efc - - 016a1a63b6ea416584f1281817c96839 016a1a63b6ea416584f1281817c96839] 10.0.0.131 "DELETE /resource_providers/bed63860-d3da-4e5b-9564-135dd9752794" status: 404 len: 246 microversion: 1.1
2026-07-15 00:20:54.199 7 INFO placement.requestlog [None req-f9ca9f59-721f-46b1-aae8-1b6cf77f6cc3 2d3b15c85d4646b7938a145bf59a6e8b b9d269a60ccf427fb88043902e0e2efc - - 016a1a63b6ea416584f1281817c96839 016a1a63b6ea416584f1281817c96839] 10.0.0.131 "GET /resource_providers/bed63860-d3da-4e5b-9564-135dd9752794/aggregates" status: 404 len: 235 microversion: 1.1 [pid: 8|app: 0|req: 457/919] 10.0.0.131 () {34 vars in 816 bytes} [Wed Jul 15 00:20:54 2026] DELETE /resource_providers/bed63860-d3da-4e5b-9564-135dd9752794 => generated 246 bytes in 16 msecs (HTTP/1.1 404) 6 headers in 231 bytes (1 switches on core 0) [pid: 7|app: 0|req: 463/920] 10.0.0.131 () {32 vars in 816 bytes} [Wed Jul 15 00:20:54 2026] GET /resource_providers/bed63860-d3da-4e5b-9564-135dd9752794/aggregates => generated 235 bytes in 16 msecs (HTTP/1.1 404) 5 headers in 202 bytes (1 switches on core 0)
2026-07-15 00:20:54.232 8 INFO placement.requestlog [None req-114ae29f-25c5-4fda-913d-680b2877aa7e 2d3b15c85d4646b7938a145bf59a6e8b b9d269a60ccf427fb88043902e0e2efc - - 016a1a63b6ea416584f1281817c96839 016a1a63b6ea416584f1281817c96839] 10.0.0.131 "DELETE /resource_providers/bed63860-d3da-4e5b-9564-135dd9752794" status: 404 len: 246 microversion: 1.1 [pid: 8|app: 0|req: 458/921] 10.0.0.131 () {34 vars in 816 bytes} [Wed Jul 15 00:20:54 2026] DELETE /resource_providers/bed63860-d3da-4e5b-9564-135dd9752794 => generated 246 bytes in 21 msecs (HTTP/1.1 404) 6 headers in 231 bytes (1 switches on core 0)
