2026-07-15 00:20:56.404 7 INFO placement.requestlog [None req-5af97353-975c-4705-95f3-29a9d848f5dc 2d3b15c85d4646b7938a145bf59a6e8b b9d269a60ccf427fb88043902e0e2efc - - 016a1a63b6ea416584f1281817c96839 016a1a63b6ea416584f1281817c96839] 10.0.0.131 "GET /resource_providers/55380e6c-8341-47cf-ad17-460ef844c8a3/aggregates" status: 404 len: 235 microversion: 1.1 [pid: 7|app: 0|req: 464/922] 10.0.0.131 () {32 vars in 816 bytes} [Wed Jul 15 00:20:56 2026] GET /resource_providers/55380e6c-8341-47cf-ad17-460ef844c8a3/aggregates => generated 235 bytes in 12 msecs (HTTP/1.1 404) 5 headers in 202 bytes (1 switches on core 0)
2026-07-15 00:20:56.427 7 INFO placement.requestlog [None req-6748bffc-24a2-4b67-bd74-dff14f9de832 2d3b15c85d4646b7938a145bf59a6e8b b9d269a60ccf427fb88043902e0e2efc - - 016a1a63b6ea416584f1281817c96839 016a1a63b6ea416584f1281817c96839] 10.0.0.131 "DELETE /resource_providers/55380e6c-8341-47cf-ad17-460ef844c8a3" status: 404 len: 246 microversion: 1.1 [pid: 7|app: 0|req: 465/923] 10.0.0.131 () {34 vars in 816 bytes} [Wed Jul 15 00:20:56 2026] DELETE /resource_providers/55380e6c-8341-47cf-ad17-460ef844c8a3 => generated 246 bytes in 13 msecs (HTTP/1.1 404) 6 headers in 231 bytes (1 switches on core 0)
2026-07-15 00:20:56.476 7 INFO placement.requestlog [None req-6c6530f4-9321-4598-b6a0-216aa0785284 2d3b15c85d4646b7938a145bf59a6e8b b9d269a60ccf427fb88043902e0e2efc - - 016a1a63b6ea416584f1281817c96839 016a1a63b6ea416584f1281817c96839] 10.0.0.131 "GET /resource_providers/3a5315aa-388e-4ea0-8c07-7bf572f85419/aggregates" status: 404 len: 235 microversion: 1.1 [pid: 7|app: 0|req: 466/924] 10.0.0.131 () {32 vars in 816 bytes} [Wed Jul 15 00:20:56 2026] GET /resource_providers/3a5315aa-388e-4ea0-8c07-7bf572f85419/aggregates => generated 235 bytes in 11 msecs (HTTP/1.1 404) 5 headers in 202 bytes (1 switches on core 0)
2026-07-15 00:20:56.482 8 INFO placement.requestlog [None req-134b97a9-9af0-4bbf-8898-ad6c5391ea8d 2d3b15c85d4646b7938a145bf59a6e8b b9d269a60ccf427fb88043902e0e2efc - - 016a1a63b6ea416584f1281817c96839 016a1a63b6ea416584f1281817c96839] 10.0.0.131 "GET /resource_providers/55380e6c-8341-47cf-ad17-460ef844c8a3/aggregates" status: 404 len: 235 microversion: 1.1 [pid: 8|app: 0|req: 459/925] 10.0.0.131 () {32 vars in 816 bytes} [Wed Jul 15 00:20:56 2026] GET /resource_providers/55380e6c-8341-47cf-ad17-460ef844c8a3/aggregates => generated 235 bytes in 88 msecs (HTTP/1.1 404) 5 headers in 202 bytes (1 switches on core 0)
2026-07-15 00:20:56.483 7 INFO placement.requestlog [None req-23954d31-c72d-49ad-b731-131d4578b720 2d3b15c85d4646b7938a145bf59a6e8b b9d269a60ccf427fb88043902e0e2efc - - 016a1a63b6ea416584f1281817c96839 016a1a63b6ea416584f1281817c96839] 10.0.0.131 "GET /resource_providers/3a5315aa-388e-4ea0-8c07-7bf572f85419/aggregates" status: 404 len: 235 microversion: 1.1 [pid: 7|app: 0|req: 467/926] 10.0.0.131 () {32 vars in 816 bytes} [Wed Jul 15 00:20:56 2026] GET /resource_providers/3a5315aa-388e-4ea0-8c07-7bf572f85419/aggregates => generated 235 bytes in 7 msecs (HTTP/1.1 404) 5 headers in 202 bytes (1 switches on core 0)
2026-07-15 00:20:56.505 8 INFO placement.requestlog [None req-7102f01a-ddec-431e-b247-74d7d1bddc5b 2d3b15c85d4646b7938a145bf59a6e8b b9d269a60ccf427fb88043902e0e2efc - - 016a1a63b6ea416584f1281817c96839 016a1a63b6ea416584f1281817c96839] 10.0.0.131 "DELETE /resource_providers/3a5315aa-388e-4ea0-8c07-7bf572f85419" status: 404 len: 246 microversion: 1.1 [pid: 8|app: 0|req: 460/927] 10.0.0.131 () {34 vars in 816 bytes} [Wed Jul 15 00:20:56 2026] DELETE /resource_providers/3a5315aa-388e-4ea0-8c07-7bf572f85419 => generated 246 bytes in 10 msecs (HTTP/1.1 404) 6 headers in 231 bytes (1 switches on core 0)
2026-07-15 00:20:56.507 7 INFO placement.requestlog [None req-dd05a5e3-1ff5-4423-b22e-1a97239143ed 2d3b15c85d4646b7938a145bf59a6e8b b9d269a60ccf427fb88043902e0e2efc - - 016a1a63b6ea416584f1281817c96839 016a1a63b6ea416584f1281817c96839] 10.0.0.131 "DELETE /resource_providers/3a5315aa-388e-4ea0-8c07-7bf572f85419" status: 404 len: 246 microversion: 1.1 [pid: 7|app: 0|req: 468/928] 10.0.0.131 () {34 vars in 816 bytes} [Wed Jul 15 00:20:56 2026] DELETE /resource_providers/3a5315aa-388e-4ea0-8c07-7bf572f85419 => generated 246 bytes in 12 msecs (HTTP/1.1 404) 6 headers in 231 bytes (1 switches on core 0)
2026-07-15 00:20:56.557 8 INFO placement.requestlog [None req-99a4c48b-8d2e-4b35-b218-5ddcee1ae825 2d3b15c85d4646b7938a145bf59a6e8b b9d269a60ccf427fb88043902e0e2efc - - 016a1a63b6ea416584f1281817c96839 016a1a63b6ea416584f1281817c96839] 10.0.0.131 "DELETE /resource_providers/55380e6c-8341-47cf-ad17-460ef844c8a3" status: 404 len: 246 microversion: 1.1 [pid: 8|app: 0|req: 461/929] 10.0.0.131 () {34 vars in 816 bytes} [Wed Jul 15 00:20:56 2026] DELETE /resource_providers/55380e6c-8341-47cf-ad17-460ef844c8a3 => generated 246 bytes in 10 msecs (HTTP/1.1 404) 6 headers in 231 bytes (1 switches on core 0)
2026-07-15 00:20:58.538 8 INFO placement.requestlog [None req-82fce1c8-faf6-4fee-acb1-d76823da1858 2d3b15c85d4646b7938a145bf59a6e8b b9d269a60ccf427fb88043902e0e2efc - - 016a1a63b6ea416584f1281817c96839 016a1a63b6ea416584f1281817c96839] 10.0.0.131 "GET /resource_providers/fee6c6b1-1692-4646-ac8c-7bbb4325b435/aggregates" status: 404 len: 235 microversion: 1.1
2026-07-15 00:20:58.538 7 INFO placement.requestlog [None req-f252bb5f-d2f2-4e26-9555-c86e8c06ad7d 2d3b15c85d4646b7938a145bf59a6e8b b9d269a60ccf427fb88043902e0e2efc - - 016a1a63b6ea416584f1281817c96839 016a1a63b6ea416584f1281817c96839] 10.0.0.131 "GET /resource_providers/fee6c6b1-1692-4646-ac8c-7bbb4325b435/aggregates" status: 404 len: 235 microversion: 1.1 [pid: 8|app: 0|req: 462/930] 10.0.0.131 () {32 vars in 816 bytes} [Wed Jul 15 00:20:58 2026] GET /resource_providers/fee6c6b1-1692-4646-ac8c-7bbb4325b435/aggregates => generated 235 bytes in 11 msecs (HTTP/1.1 404) 5 headers in 202 bytes (1 switches on core 0) [pid: 7|app: 0|req: 469/931] 10.0.0.131 () {32 vars in 816 bytes} [Wed Jul 15 00:20:58 2026] GET /resource_providers/fee6c6b1-1692-4646-ac8c-7bbb4325b435/aggregates => generated 235 bytes in 11 msecs (HTTP/1.1 404) 5 headers in 202 bytes (1 switches on core 0)
2026-07-15 00:20:58.560 8 INFO placement.requestlog [None req-c7d09144-1e10-4ee2-9d1c-9685dc8ca193 2d3b15c85d4646b7938a145bf59a6e8b b9d269a60ccf427fb88043902e0e2efc - - 016a1a63b6ea416584f1281817c96839 016a1a63b6ea416584f1281817c96839] 10.0.0.131 "DELETE /resource_providers/fee6c6b1-1692-4646-ac8c-7bbb4325b435" status: 404 len: 246 microversion: 1.1 [pid: 8|app: 0|req: 463/932] 10.0.0.131 () {34 vars in 816 bytes} [Wed Jul 15 00:20:58 2026] DELETE /resource_providers/fee6c6b1-1692-4646-ac8c-7bbb4325b435 => generated 246 bytes in 15 msecs (HTTP/1.1 404) 6 headers in 231 bytes (1 switches on core 0)
2026-07-15 00:20:58.565 7 INFO placement.requestlog [None req-7a2aa714-8c10-4fdf-bbcc-f0e00cce2592 2d3b15c85d4646b7938a145bf59a6e8b b9d269a60ccf427fb88043902e0e2efc - - 016a1a63b6ea416584f1281817c96839 016a1a63b6ea416584f1281817c96839] 10.0.0.131 "DELETE /resource_providers/fee6c6b1-1692-4646-ac8c-7bbb4325b435" status: 404 len: 246 microversion: 1.1 [pid: 7|app: 0|req: 470/933] 10.0.0.131 () {34 vars in 816 bytes} [Wed Jul 15 00:20:58 2026] DELETE /resource_providers/fee6c6b1-1692-4646-ac8c-7bbb4325b435 => generated 246 bytes in 5 msecs (HTTP/1.1 404) 6 headers in 231 bytes (1 switches on core 0)
2026-07-15 00:20:59.614 7 INFO placement.requestlog [None req-7e008a39-a6ad-4925-8fbe-18f205490a47 - - - - - -] 10.0.0.4 "GET /" status: 200 len: 136 microversion: 1.0
2026-07-15 00:20:59.615 8 INFO placement.requestlog [None req-bd301e6d-a672-4089-b906-967cebc73bd1 - - - - - -] 10.0.0.4 "GET /" status: 200 len: 136 microversion: 1.0
2026-07-15 00:21:05.889 7 INFO placement.requestlog [None req-2d8c54f9-ae7f-4289-8cc4-17b2f8c88a44 2d3b15c85d4646b7938a145bf59a6e8b b9d269a60ccf427fb88043902e0e2efc - - 016a1a63b6ea416584f1281817c96839 016a1a63b6ea416584f1281817c96839] 10.0.0.131 "GET /resource_providers/b86972f3-d373-4d4a-a97b-6b662517e3ce/aggregates" status: 404 len: 235 microversion: 1.1 [pid: 7|app: 0|req: 472/936] 10.0.0.131 () {32 vars in 816 bytes} [Wed Jul 15 00:21:05 2026] GET /resource_providers/b86972f3-d373-4d4a-a97b-6b662517e3ce/aggregates => generated 235 bytes in 16 msecs (HTTP/1.1 404) 5 headers in 202 bytes (1 switches on core 0)
2026-07-15 00:21:05.914 8 INFO placement.requestlog [None req-8c062657-a7b6-45c4-9c4c-f24a8eddb021 2d3b15c85d4646b7938a145bf59a6e8b b9d269a60ccf427fb88043902e0e2efc - - 016a1a63b6ea416584f1281817c96839 016a1a63b6ea416584f1281817c96839] 10.0.0.131 "GET /resource_providers/b86972f3-d373-4d4a-a97b-6b662517e3ce/aggregates" status: 404 len: 235 microversion: 1.1 [pid: 8|app: 0|req: 465/937] 10.0.0.131 () {32 vars in 816 bytes} [Wed Jul 15 00:21:05 2026] GET /resource_providers/b86972f3-d373-4d4a-a97b-6b662517e3ce/aggregates => generated 235 bytes in 41 msecs (HTTP/1.1 404) 5 headers in 202 bytes (1 switches on core 0)
2026-07-15 00:21:05.925 7 INFO placement.requestlog [None req-c1f51bd3-387f-40fc-9a3b-357a89cc87f4 2d3b15c85d4646b7938a145bf59a6e8b b9d269a60ccf427fb88043902e0e2efc - - 016a1a63b6ea416584f1281817c96839 016a1a63b6ea416584f1281817c96839] 10.0.0.131 "DELETE /resource_providers/b86972f3-d373-4d4a-a97b-6b662517e3ce" status: 404 len: 246 microversion: 1.1 [pid: 7|app: 0|req: 473/938] 10.0.0.131 () {34 vars in 816 bytes} [Wed Jul 15 00:21:05 2026] DELETE /resource_providers/b86972f3-d373-4d4a-a97b-6b662517e3ce => generated 246 bytes in 11 msecs (HTTP/1.1 404) 6 headers in 231 bytes (1 switches on core 0)
2026-07-15 00:21:05.941 8 INFO placement.requestlog [None req-c8a81e42-0c54-4510-bfde-5b8065b4f1c7 2d3b15c85d4646b7938a145bf59a6e8b b9d269a60ccf427fb88043902e0e2efc - - 016a1a63b6ea416584f1281817c96839 016a1a63b6ea416584f1281817c96839] 10.0.0.131 "DELETE /resource_providers/b86972f3-d373-4d4a-a97b-6b662517e3ce" status: 404 len: 246 microversion: 1.1 [pid: 8|app: 0|req: 466/939] 10.0.0.131 () {34 vars in 816 bytes} [Wed Jul 15 00:21:05 2026] DELETE /resource_providers/b86972f3-d373-4d4a-a97b-6b662517e3ce => generated 246 bytes in 17 msecs (HTTP/1.1 404) 6 headers in 231 bytes (1 switches on core 0)
2026-07-15 00:21:07.958 7 INFO placement.requestlog [None req-ec93e7c5-efad-429e-95da-140e96e52b6e 2d3b15c85d4646b7938a145bf59a6e8b b9d269a60ccf427fb88043902e0e2efc - - 016a1a63b6ea416584f1281817c96839 016a1a63b6ea416584f1281817c96839] 10.0.0.131 "GET /resource_providers/6bb3418d-9d6f-453b-aed8-7520d798bb9e/aggregates" status: 404 len: 235 microversion: 1.1 [pid: 7|app: 0|req: 474/940] 10.0.0.131 () {32 vars in 816 bytes} [Wed Jul 15 00:21:07 2026] GET /resource_providers/6bb3418d-9d6f-453b-aed8-7520d798bb9e/aggregates => generated 235 bytes in 10 msecs (HTTP/1.1 404) 5 headers in 202 bytes (1 switches on core 0)
2026-07-15 00:21:07.972 8 INFO placement.requestlog [None req-b9afadf1-3267-483e-9a33-7e9cbfd03a5c 2d3b15c85d4646b7938a145bf59a6e8b b9d269a60ccf427fb88043902e0e2efc - - 016a1a63b6ea416584f1281817c96839 016a1a63b6ea416584f1281817c96839] 10.0.0.131 "GET /resource_providers/6bb3418d-9d6f-453b-aed8-7520d798bb9e/aggregates" status: 404 len: 235 microversion: 1.1 [pid: 8|app: 0|req: 467/941] 10.0.0.131 () {32 vars in 816 bytes} [Wed Jul 15 00:21:07 2026] GET /resource_providers/6bb3418d-9d6f-453b-aed8-7520d798bb9e/aggregates => generated 235 bytes in 12 msecs (HTTP/1.1 404) 5 headers in 202 bytes (1 switches on core 0)
2026-07-15 00:21:07.977 7 INFO placement.requestlog [None req-1706109e-8613-495b-a9ff-512c63b94eb6 2d3b15c85d4646b7938a145bf59a6e8b b9d269a60ccf427fb88043902e0e2efc - - 016a1a63b6ea416584f1281817c96839 016a1a63b6ea416584f1281817c96839] 10.0.0.131 "DELETE /resource_providers/6bb3418d-9d6f-453b-aed8-7520d798bb9e" status: 404 len: 246 microversion: 1.1 [pid: 7|app: 0|req: 475/942] 10.0.0.131 () {34 vars in 816 bytes} [Wed Jul 15 00:21:07 2026] DELETE /resource_providers/6bb3418d-9d6f-453b-aed8-7520d798bb9e => generated 246 bytes in 11 msecs (HTTP/1.1 404) 6 headers in 231 bytes (1 switches on core 0)
2026-07-15 00:21:07.991 8 INFO placement.requestlog [None req-0aeb8cf2-cf92-4066-b0b4-a39fd1515e77 2d3b15c85d4646b7938a145bf59a6e8b b9d269a60ccf427fb88043902e0e2efc - - 016a1a63b6ea416584f1281817c96839 016a1a63b6ea416584f1281817c96839] 10.0.0.131 "DELETE /resource_providers/6bb3418d-9d6f-453b-aed8-7520d798bb9e" status: 404 len: 246 microversion: 1.1 [pid: 8|app: 0|req: 468/943] 10.0.0.131 () {34 vars in 816 bytes} [Wed Jul 15 00:21:07 2026] DELETE /resource_providers/6bb3418d-9d6f-453b-aed8-7520d798bb9e => generated 246 bytes in 11 msecs (HTTP/1.1 404) 6 headers in 231 bytes (1 switches on core 0)
2026-07-15 00:21:09.621 7 INFO placement.requestlog [None req-76d04ce0-b599-4b42-a003-415d648ca243 - - - - - -] 10.0.0.4 "GET /" status: 200 len: 136 microversion: 1.0
2026-07-15 00:21:09.621 8 INFO placement.requestlog [None req-cc98e1c1-5f11-4c97-8894-177fa8a2ab20 - - - - - -] 10.0.0.4 "GET /" status: 200 len: 136 microversion: 1.0
2026-07-15 00:21:13.715 8 INFO placement.requestlog [None req-47775897-28dd-4d85-83cf-3a7578508f66 2d3b15c85d4646b7938a145bf59a6e8b b9d269a60ccf427fb88043902e0e2efc - - 016a1a63b6ea416584f1281817c96839 016a1a63b6ea416584f1281817c96839] 10.0.0.131 "GET /resource_providers/ece6b13c-5d23-4eea-8724-b6e238d3e1b3/aggregates" status: 404 len: 235 microversion: 1.1 [pid: 8|app: 0|req: 470/946] 10.0.0.131 () {32 vars in 816 bytes} [Wed Jul 15 00:21:13 2026] GET /resource_providers/ece6b13c-5d23-4eea-8724-b6e238d3e1b3/aggregates => generated 235 bytes in 16 msecs (HTTP/1.1 404) 5 headers in 202 bytes (1 switches on core 0)
2026-07-15 00:21:13.723 7 INFO placement.requestlog [None req-492e9e8a-ebca-4623-a82b-c61c632853b3 2d3b15c85d4646b7938a145bf59a6e8b b9d269a60ccf427fb88043902e0e2efc - - 016a1a63b6ea416584f1281817c96839 016a1a63b6ea416584f1281817c96839] 10.0.0.131 "GET /resource_providers/ece6b13c-5d23-4eea-8724-b6e238d3e1b3/aggregates" status: 404 len: 235 microversion: 1.1 [pid: 7|app: 0|req: 477/947] 10.0.0.131 () {32 vars in 816 bytes} [Wed Jul 15 00:21:13 2026] GET /resource_providers/ece6b13c-5d23-4eea-8724-b6e238d3e1b3/aggregates => generated 235 bytes in 29 msecs (HTTP/1.1 404) 5 headers in 202 bytes (1 switches on core 0)
2026-07-15 00:21:13.739 7 INFO placement.requestlog [None req-f1f79b34-f2d4-4327-8e2e-07c88507ab5e 2d3b15c85d4646b7938a145bf59a6e8b b9d269a60ccf427fb88043902e0e2efc - - 016a1a63b6ea416584f1281817c96839 016a1a63b6ea416584f1281817c96839] 10.0.0.131 "DELETE /resource_providers/ece6b13c-5d23-4eea-8724-b6e238d3e1b3" status: 404 len: 246 microversion: 1.1 [pid: 7|app: 0|req: 478/948] 10.0.0.131 () {34 vars in 816 bytes} [Wed Jul 15 00:21:13 2026] DELETE /resource_providers/ece6b13c-5d23-4eea-8724-b6e238d3e1b3 => generated 246 bytes in 9 msecs (HTTP/1.1 404) 6 headers in 231 bytes (1 switches on core 0)
2026-07-15 00:21:13.740 8 INFO placement.requestlog [None req-c22232f3-b828-461f-9360-dda53ef1bb7d 2d3b15c85d4646b7938a145bf59a6e8b b9d269a60ccf427fb88043902e0e2efc - - 016a1a63b6ea416584f1281817c96839 016a1a63b6ea416584f1281817c96839] 10.0.0.131 "DELETE /resource_providers/ece6b13c-5d23-4eea-8724-b6e238d3e1b3" status: 404 len: 246 microversion: 1.1 [pid: 8|app: 0|req: 471/949] 10.0.0.131 () {34 vars in 816 bytes} [Wed Jul 15 00:21:13 2026] DELETE /resource_providers/ece6b13c-5d23-4eea-8724-b6e238d3e1b3 => generated 246 bytes in 11 msecs (HTTP/1.1 404) 6 headers in 231 bytes (1 switches on core 0)
2026-07-15 00:21:14.466 7 INFO placement.requestlog [None req-332693ac-8a98-45c5-8620-c91214dcb960 2d3b15c85d4646b7938a145bf59a6e8b b9d269a60ccf427fb88043902e0e2efc - - 016a1a63b6ea416584f1281817c96839 016a1a63b6ea416584f1281817c96839] 10.0.0.131 "GET /resource_providers/fc1d7808-8ef3-4a4f-898b-70b545badf23/aggregates" status: 404 len: 235 microversion: 1.1 [pid: 7|app: 0|req: 479/950] 10.0.0.131 () {32 vars in 816 bytes} [Wed Jul 15 00:21:14 2026] GET /resource_providers/fc1d7808-8ef3-4a4f-898b-70b545badf23/aggregates => generated 235 bytes in 13 msecs (HTTP/1.1 404) 5 headers in 202 bytes (1 switches on core 0)
2026-07-15 00:21:14.467 8 INFO placement.requestlog [None req-87a01fd7-7eac-49fc-9d24-d75256715339 2d3b15c85d4646b7938a145bf59a6e8b b9d269a60ccf427fb88043902e0e2efc - - 016a1a63b6ea416584f1281817c96839 016a1a63b6ea416584f1281817c96839] 10.0.0.131 "GET /resource_providers/fc1d7808-8ef3-4a4f-898b-70b545badf23/aggregates" status: 404 len: 235 microversion: 1.1 [pid: 8|app: 0|req: 472/951] 10.0.0.131 () {32 vars in 816 bytes} [Wed Jul 15 00:21:14 2026] GET /resource_providers/fc1d7808-8ef3-4a4f-898b-70b545badf23/aggregates => generated 235 bytes in 15 msecs (HTTP/1.1 404) 5 headers in 202 bytes (1 switches on core 0)
2026-07-15 00:21:14.503 7 INFO placement.requestlog [None req-0ac80915-7bb1-4b31-bec0-23e74f583dac 2d3b15c85d4646b7938a145bf59a6e8b b9d269a60ccf427fb88043902e0e2efc - - 016a1a63b6ea416584f1281817c96839 016a1a63b6ea416584f1281817c96839] 10.0.0.131 "DELETE /resource_providers/fc1d7808-8ef3-4a4f-898b-70b545badf23" status: 404 len: 246 microversion: 1.1 [pid: 7|app: 0|req: 480/952] 10.0.0.131 () {34 vars in 816 bytes} [Wed Jul 15 00:21:14 2026] DELETE /resource_providers/fc1d7808-8ef3-4a4f-898b-70b545badf23 => generated 246 bytes in 9 msecs (HTTP/1.1 404) 6 headers in 231 bytes (1 switches on core 0)
2026-07-15 00:21:14.514 8 INFO placement.requestlog [None req-0883be98-047b-4be4-9857-e3df29fe1d63 2d3b15c85d4646b7938a145bf59a6e8b b9d269a60ccf427fb88043902e0e2efc - - 016a1a63b6ea416584f1281817c96839 016a1a63b6ea416584f1281817c96839] 10.0.0.131 "DELETE /resource_providers/fc1d7808-8ef3-4a4f-898b-70b545badf23" status: 404 len: 246 microversion: 1.1 [pid: 8|app: 0|req: 473/953] 10.0.0.131 () {34 vars in 816 bytes} [Wed Jul 15 00:21:14 2026] DELETE /resource_providers/fc1d7808-8ef3-4a4f-898b-70b545badf23 => generated 246 bytes in 17 msecs (HTTP/1.1 404) 6 headers in 231 bytes (1 switches on core 0)
2026-07-15 00:21:19.482 7 INFO placement.requestlog [None req-2ea70713-5b0f-4056-9300-ad2a634d65b9 2d3b15c85d4646b7938a145bf59a6e8b b9d269a60ccf427fb88043902e0e2efc - - 016a1a63b6ea416584f1281817c96839 016a1a63b6ea416584f1281817c96839] 10.0.0.131 "GET /resource_providers/bfc4b739-b7cd-4f8e-bf1b-e5820c09b7fe/aggregates" status: 404 len: 235 microversion: 1.1 [pid: 7|app: 0|req: 481/954] 10.0.0.131 () {32 vars in 816 bytes} [Wed Jul 15 00:21:19 2026] GET /resource_providers/bfc4b739-b7cd-4f8e-bf1b-e5820c09b7fe/aggregates => generated 235 bytes in 18 msecs (HTTP/1.1 404) 5 headers in 202 bytes (1 switches on core 0)
2026-07-15 00:21:19.503 8 INFO placement.requestlog [None req-bd0c38d9-b9e6-4ecf-96b0-3c6ee293eb1e 2d3b15c85d4646b7938a145bf59a6e8b b9d269a60ccf427fb88043902e0e2efc - - 016a1a63b6ea416584f1281817c96839 016a1a63b6ea416584f1281817c96839] 10.0.0.131 "GET /resource_providers/bfc4b739-b7cd-4f8e-bf1b-e5820c09b7fe/aggregates" status: 404 len: 235 microversion: 1.1 [pid: 8|app: 0|req: 474/955] 10.0.0.131 () {32 vars in 816 bytes} [Wed Jul 15 00:21:19 2026] GET /resource_providers/bfc4b739-b7cd-4f8e-bf1b-e5820c09b7fe/aggregates => generated 235 bytes in 28 msecs (HTTP/1.1 404) 5 headers in 202 bytes (1 switches on core 0)
2026-07-15 00:21:19.507 7 INFO placement.requestlog [None req-1f474159-76cc-483a-a5d7-709e9e18a126 2d3b15c85d4646b7938a145bf59a6e8b b9d269a60ccf427fb88043902e0e2efc - - 016a1a63b6ea416584f1281817c96839 016a1a63b6ea416584f1281817c96839] 10.0.0.131 "DELETE /resource_providers/bfc4b739-b7cd-4f8e-bf1b-e5820c09b7fe" status: 404 len: 246 microversion: 1.1 [pid: 7|app: 0|req: 482/956] 10.0.0.131 () {34 vars in 816 bytes} [Wed Jul 15 00:21:19 2026] DELETE /resource_providers/bfc4b739-b7cd-4f8e-bf1b-e5820c09b7fe => generated 246 bytes in 13 msecs (HTTP/1.1 404) 6 headers in 231 bytes (1 switches on core 0)
2026-07-15 00:21:19.529 8 INFO placement.requestlog [None req-13bb0e68-b7ed-4c4c-bb51-35e7bae8bee5 2d3b15c85d4646b7938a145bf59a6e8b b9d269a60ccf427fb88043902e0e2efc - - 016a1a63b6ea416584f1281817c96839 016a1a63b6ea416584f1281817c96839] 10.0.0.131 "DELETE /resource_providers/bfc4b739-b7cd-4f8e-bf1b-e5820c09b7fe" status: 404 len: 246 microversion: 1.1 [pid: 8|app: 0|req: 475/957] 10.0.0.131 () {34 vars in 816 bytes} [Wed Jul 15 00:21:19 2026] DELETE /resource_providers/bfc4b739-b7cd-4f8e-bf1b-e5820c09b7fe => generated 246 bytes in 19 msecs (HTTP/1.1 404) 6 headers in 231 bytes (1 switches on core 0)
2026-07-15 00:21:19.614 7 INFO placement.requestlog [None req-b79ad1a9-a887-4e7e-bd36-8e3ca863b5a4 - - - - - -] 10.0.0.4 "GET /" status: 200 len: 136 microversion: 1.0
2026-07-15 00:21:19.617 8 INFO placement.requestlog [None req-8830e73f-6436-4f88-9b75-1b9c5849704a - - - - - -] 10.0.0.4 "GET /" status: 200 len: 136 microversion: 1.0
2026-07-15 00:21:20.316 7 INFO placement.requestlog [None req-6f6245c7-bdd5-4717-b0da-1ecfd4f179a8 2d3b15c85d4646b7938a145bf59a6e8b b9d269a60ccf427fb88043902e0e2efc - - 016a1a63b6ea416584f1281817c96839 016a1a63b6ea416584f1281817c96839] 10.0.0.131 "GET /resource_providers/0ab5d365-ab33-4600-a7ca-5c3a3c949033/aggregates" status: 404 len: 235 microversion: 1.1 [pid: 7|app: 0|req: 484/960] 10.0.0.131 () {32 vars in 816 bytes} [Wed Jul 15 00:21:20 2026] GET /resource_providers/0ab5d365-ab33-4600-a7ca-5c3a3c949033/aggregates => generated 235 bytes in 11 msecs (HTTP/1.1 404) 5 headers in 202 bytes (1 switches on core 0)
2026-07-15 00:21:20.327 8 INFO placement.requestlog [None req-7545063d-5592-47e2-a289-ebaec439b0de 2d3b15c85d4646b7938a145bf59a6e8b b9d269a60ccf427fb88043902e0e2efc - - 016a1a63b6ea416584f1281817c96839 016a1a63b6ea416584f1281817c96839] 10.0.0.131 "GET /resource_providers/0ab5d365-ab33-4600-a7ca-5c3a3c949033/aggregates" status: 404 len: 235 microversion: 1.1 [pid: 8|app: 0|req: 477/961] 10.0.0.131 () {32 vars in 816 bytes} [Wed Jul 15 00:21:20 2026] GET /resource_providers/0ab5d365-ab33-4600-a7ca-5c3a3c949033/aggregates => generated 235 bytes in 23 msecs (HTTP/1.1 404) 5 headers in 202 bytes (1 switches on core 0)
2026-07-15 00:21:20.338 7 INFO placement.requestlog [None req-8d6071db-329b-41e0-826e-cf50ee07c6e7 2d3b15c85d4646b7938a145bf59a6e8b b9d269a60ccf427fb88043902e0e2efc - - 016a1a63b6ea416584f1281817c96839 016a1a63b6ea416584f1281817c96839] 10.0.0.131 "DELETE /resource_providers/0ab5d365-ab33-4600-a7ca-5c3a3c949033" status: 404 len: 246 microversion: 1.1 [pid: 7|app: 0|req: 485/962] 10.0.0.131 () {34 vars in 816 bytes} [Wed Jul 15 00:21:20 2026] DELETE /resource_providers/0ab5d365-ab33-4600-a7ca-5c3a3c949033 => generated 246 bytes in 9 msecs (HTTP/1.1 404) 6 headers in 231 bytes (1 switches on core 0)
2026-07-15 00:21:20.345 8 INFO placement.requestlog [None req-ca3f9bcf-ad0a-4ec9-9eab-495c1e485417 2d3b15c85d4646b7938a145bf59a6e8b b9d269a60ccf427fb88043902e0e2efc - - 016a1a63b6ea416584f1281817c96839 016a1a63b6ea416584f1281817c96839] 10.0.0.131 "DELETE /resource_providers/0ab5d365-ab33-4600-a7ca-5c3a3c949033" status: 404 len: 246 microversion: 1.1 [pid: 8|app: 0|req: 478/963] 10.0.0.131 () {34 vars in 816 bytes} [Wed Jul 15 00:21:20 2026] DELETE /resource_providers/0ab5d365-ab33-4600-a7ca-5c3a3c949033 => generated 246 bytes in 11 msecs (HTTP/1.1 404) 6 headers in 231 bytes (1 switches on core 0)
2026-07-15 00:21:20.730 7 INFO placement.requestlog [req-a3bfec6f-fcdf-4ded-9866-eb5e2914be73 req-7428bcc0-3374-4aa0-b245-79467f1cd6e7 516b26fb1d6f44e28dfa542cbb88d0a4 b9d269a60ccf427fb88043902e0e2efc - - 016a1a63b6ea416584f1281817c96839 016a1a63b6ea416584f1281817c96839] 10.0.0.136 "GET /allocation_candidates?limit=1000&resources=DISK_GB%3A1%2CMEMORY_MB%3A512%2CVCPU%3A1&root_required=%21COMPUTE_STATUS_DISABLED" status: 200 len: 2149 microversion: 1.36 [pid: 7|app: 0|req: 486/964] 10.0.0.136 () {34 vars in 1012 bytes} [Wed Jul 15 00:21:20 2026] GET /allocation_candidates?limit=1000&resources=DISK_GB%3A1%2CMEMORY_MB%3A512%2CVCPU%3A1&root_required=%21COMPUTE_STATUS_DISABLED => generated 2149 bytes in 52 msecs (HTTP/1.1 200) 8 headers in 297 bytes (1 switches on core 0)
2026-07-15 00:21:20.761 8 INFO placement.requestlog [req-a3bfec6f-fcdf-4ded-9866-eb5e2914be73 req-72bf321e-e42e-4f3a-9f09-4e05ce8f4b5e 516b26fb1d6f44e28dfa542cbb88d0a4 b9d269a60ccf427fb88043902e0e2efc - - 016a1a63b6ea416584f1281817c96839 016a1a63b6ea416584f1281817c96839] 10.0.0.136 "GET /allocations/aca38076-d6ec-42d8-bdd0-f733048a0b31" status: 200 len: 19 microversion: 1.28 [pid: 8|app: 0|req: 479/965] 10.0.0.136 () {34 vars in 861 bytes} [Wed Jul 15 00:21:20 2026] GET /allocations/aca38076-d6ec-42d8-bdd0-f733048a0b31 => generated 19 bytes in 8 msecs (HTTP/1.1 200) 8 headers in 295 bytes (1 switches on core 0)
2026-07-15 00:21:20.890 7 INFO placement.requestlog [req-a3bfec6f-fcdf-4ded-9866-eb5e2914be73 req-7bfb292b-1d8c-4e8b-bbf1-51d508474f4e 516b26fb1d6f44e28dfa542cbb88d0a4 b9d269a60ccf427fb88043902e0e2efc - - 016a1a63b6ea416584f1281817c96839 016a1a63b6ea416584f1281817c96839] 10.0.0.136 "PUT /allocations/aca38076-d6ec-42d8-bdd0-f733048a0b31" status: 204 len: 0 microversion: 1.36 [pid: 7|app: 0|req: 487/966] 10.0.0.136 () {38 vars in 914 bytes} [Wed Jul 15 00:21:20 2026] PUT /allocations/aca38076-d6ec-42d8-bdd0-f733048a0b31 => generated 0 bytes in 123 msecs (HTTP/1.1 204) 5 headers in 199 bytes (1 switches on core 0)
2026-07-15 00:21:21.310 8 INFO placement.requestlog [req-a3bfec6f-fcdf-4ded-9866-eb5e2914be73 req-020efe0d-bad2-4d8f-b12b-6a44cf146f49 516b26fb1d6f44e28dfa542cbb88d0a4 b9d269a60ccf427fb88043902e0e2efc - - 016a1a63b6ea416584f1281817c96839 016a1a63b6ea416584f1281817c96839] 199.204.45.144 "GET /allocations/aca38076-d6ec-42d8-bdd0-f733048a0b31" status: 200 len: 257 microversion: 1.28 [pid: 8|app: 0|req: 480/967] 199.204.45.144 () {34 vars in 863 bytes} [Wed Jul 15 00:21:21 2026] GET /allocations/aca38076-d6ec-42d8-bdd0-f733048a0b31 => generated 257 bytes in 29 msecs (HTTP/1.1 200) 8 headers in 296 bytes (1 switches on core 0)
2026-07-15 00:21:21.467 7 INFO placement.requestlog [req-a3bfec6f-fcdf-4ded-9866-eb5e2914be73 req-c96c54f8-3076-4f01-a0fa-e263d7a787bc 516b26fb1d6f44e28dfa542cbb88d0a4 b9d269a60ccf427fb88043902e0e2efc - - 016a1a63b6ea416584f1281817c96839 016a1a63b6ea416584f1281817c96839] 199.204.45.144 "GET /resource_providers/9e774f93-454b-4bd2-99e9-188d7273babb/allocations" status: 200 len: 252 microversion: 1.0 [pid: 7|app: 0|req: 488/968] 199.204.45.144 () {32 vars in 857 bytes} [Wed Jul 15 00:21:21 2026] GET /resource_providers/9e774f93-454b-4bd2-99e9-188d7273babb/allocations => generated 252 bytes in 22 msecs (HTTP/1.1 200) 6 headers in 224 bytes (1 switches on core 0)
2026-07-15 00:21:21.491 8 INFO placement.requestlog [req-a3bfec6f-fcdf-4ded-9866-eb5e2914be73 req-a0c5f3db-acf6-43bd-af4c-ed57fd020de4 516b26fb1d6f44e28dfa542cbb88d0a4 b9d269a60ccf427fb88043902e0e2efc - - 016a1a63b6ea416584f1281817c96839 016a1a63b6ea416584f1281817c96839] 199.204.45.144 "GET /allocations/aca38076-d6ec-42d8-bdd0-f733048a0b31" status: 200 len: 257 microversion: 1.28 [pid: 8|app: 0|req: 481/969] 199.204.45.144 () {34 vars in 863 bytes} [Wed Jul 15 00:21:21 2026] GET /allocations/aca38076-d6ec-42d8-bdd0-f733048a0b31 => generated 257 bytes in 15 msecs (HTTP/1.1 200) 8 headers in 296 bytes (1 switches on core 0)
2026-07-15 00:21:21.512 7 INFO placement.requestlog [req-a3bfec6f-fcdf-4ded-9866-eb5e2914be73 req-f6157361-6cb0-4e07-9dea-198a44f04b1e 516b26fb1d6f44e28dfa542cbb88d0a4 b9d269a60ccf427fb88043902e0e2efc - - 016a1a63b6ea416584f1281817c96839 016a1a63b6ea416584f1281817c96839] 199.204.45.144 "GET /allocations/11ac45ca-74a8-485b-810c-b7ac587556ad" status: 200 len: 257 microversion: 1.28 [pid: 7|app: 0|req: 489/970] 199.204.45.144 () {34 vars in 863 bytes} [Wed Jul 15 00:21:21 2026] GET /allocations/11ac45ca-74a8-485b-810c-b7ac587556ad => generated 257 bytes in 13 msecs (HTTP/1.1 200) 8 headers in 296 bytes (1 switches on core 0)
2026-07-15 00:21:21.532 8 INFO placement.requestlog [None req-4f850d02-8291-4bf4-a5a2-0434a2508dc8 2d3b15c85d4646b7938a145bf59a6e8b b9d269a60ccf427fb88043902e0e2efc - - 016a1a63b6ea416584f1281817c96839 016a1a63b6ea416584f1281817c96839] 10.0.0.131 "GET /resource_providers/44ff2d23-65b0-4cf0-83f0-0262fc16a39f/aggregates" status: 404 len: 235 microversion: 1.1 [pid: 8|app: 0|req: 482/971] 10.0.0.131 () {32 vars in 816 bytes} [Wed Jul 15 00:21:21 2026] GET /resource_providers/44ff2d23-65b0-4cf0-83f0-0262fc16a39f/aggregates => generated 235 bytes in 14 msecs (HTTP/1.1 404) 5 headers in 202 bytes (1 switches on core 0)
2026-07-15 00:21:21.551 7 INFO placement.requestlog [None req-f8282124-835c-4370-9b93-b8aed5378649 2d3b15c85d4646b7938a145bf59a6e8b b9d269a60ccf427fb88043902e0e2efc - - 016a1a63b6ea416584f1281817c96839 016a1a63b6ea416584f1281817c96839] 10.0.0.131 "GET /resource_providers/44ff2d23-65b0-4cf0-83f0-0262fc16a39f/aggregates" status: 404 len: 235 microversion: 1.1 [pid: 7|app: 0|req: 490/972] 10.0.0.131 () {32 vars in 816 bytes} [Wed Jul 15 00:21:21 2026] GET /resource_providers/44ff2d23-65b0-4cf0-83f0-0262fc16a39f/aggregates => generated 235 bytes in 9 msecs (HTTP/1.1 404) 5 headers in 202 bytes (1 switches on core 0)
2026-07-15 00:21:21.565 8 INFO placement.requestlog [None req-523097f6-c734-4334-909c-caa08182c5b8 2d3b15c85d4646b7938a145bf59a6e8b b9d269a60ccf427fb88043902e0e2efc - - 016a1a63b6ea416584f1281817c96839 016a1a63b6ea416584f1281817c96839] 10.0.0.131 "DELETE /resource_providers/44ff2d23-65b0-4cf0-83f0-0262fc16a39f" status: 404 len: 246 microversion: 1.1 [pid: 8|app: 0|req: 483/973] 10.0.0.131 () {34 vars in 816 bytes} [Wed Jul 15 00:21:21 2026] DELETE /resource_providers/44ff2d23-65b0-4cf0-83f0-0262fc16a39f => generated 246 bytes in 18 msecs (HTTP/1.1 404) 6 headers in 231 bytes (1 switches on core 0)
2026-07-15 00:21:21.572 7 INFO placement.requestlog [None req-4e84577d-37c9-44a9-a2f2-bd9442094490 2d3b15c85d4646b7938a145bf59a6e8b b9d269a60ccf427fb88043902e0e2efc - - 016a1a63b6ea416584f1281817c96839 016a1a63b6ea416584f1281817c96839] 10.0.0.131 "DELETE /resource_providers/44ff2d23-65b0-4cf0-83f0-0262fc16a39f" status: 404 len: 246 microversion: 1.1 [pid: 7|app: 0|req: 491/974] 10.0.0.131 () {34 vars in 816 bytes} [Wed Jul 15 00:21:21 2026] DELETE /resource_providers/44ff2d23-65b0-4cf0-83f0-0262fc16a39f => generated 246 bytes in 10 msecs (HTTP/1.1 404) 6 headers in 231 bytes (1 switches on core 0)
2026-07-15 00:21:23.243 8 INFO placement.requestlog [req-9d24ddc4-d163-4c23-accf-48574a787f0b req-7d975fb0-d448-415a-8392-34499ba22d0d 516b26fb1d6f44e28dfa542cbb88d0a4 b9d269a60ccf427fb88043902e0e2efc - - 016a1a63b6ea416584f1281817c96839 016a1a63b6ea416584f1281817c96839] 199.204.45.144 "GET /resource_providers/9e774f93-454b-4bd2-99e9-188d7273babb/allocations" status: 200 len: 252 microversion: 1.0 [pid: 8|app: 0|req: 484/975] 199.204.45.144 () {32 vars in 857 bytes} [Wed Jul 15 00:21:23 2026] GET /resource_providers/9e774f93-454b-4bd2-99e9-188d7273babb/allocations => generated 252 bytes in 31 msecs (HTTP/1.1 200) 6 headers in 224 bytes (1 switches on core 0)
2026-07-15 00:21:23.279 7 INFO placement.requestlog [req-9d24ddc4-d163-4c23-accf-48574a787f0b req-2b4692ac-227a-47f6-9b9a-fe8908b89394 516b26fb1d6f44e28dfa542cbb88d0a4 b9d269a60ccf427fb88043902e0e2efc - - 016a1a63b6ea416584f1281817c96839 016a1a63b6ea416584f1281817c96839] 199.204.45.144 "GET /allocations/aca38076-d6ec-42d8-bdd0-f733048a0b31" status: 200 len: 257 microversion: 1.28 [pid: 7|app: 0|req: 492/976] 199.204.45.144 () {34 vars in 863 bytes} [Wed Jul 15 00:21:23 2026] GET /allocations/aca38076-d6ec-42d8-bdd0-f733048a0b31 => generated 257 bytes in 23 msecs (HTTP/1.1 200) 8 headers in 296 bytes (1 switches on core 0)
2026-07-15 00:21:23.307 8 INFO placement.requestlog [req-9d24ddc4-d163-4c23-accf-48574a787f0b req-766e8393-48c7-4911-957c-0b580dee173f 516b26fb1d6f44e28dfa542cbb88d0a4 b9d269a60ccf427fb88043902e0e2efc - - 016a1a63b6ea416584f1281817c96839 016a1a63b6ea416584f1281817c96839] 199.204.45.144 "GET /allocations/11ac45ca-74a8-485b-810c-b7ac587556ad" status: 200 len: 257 microversion: 1.28 [pid: 8|app: 0|req: 485/977] 199.204.45.144 () {34 vars in 863 bytes} [Wed Jul 15 00:21:23 2026] GET /allocations/11ac45ca-74a8-485b-810c-b7ac587556ad => generated 257 bytes in 19 msecs (HTTP/1.1 200) 8 headers in 296 bytes (1 switches on core 0)
2026-07-15 00:21:23.556 7 INFO placement.requestlog [req-9d24ddc4-d163-4c23-accf-48574a787f0b req-6252f5d3-476a-4413-9677-3ce16e40fd87 516b26fb1d6f44e28dfa542cbb88d0a4 b9d269a60ccf427fb88043902e0e2efc - - 016a1a63b6ea416584f1281817c96839 016a1a63b6ea416584f1281817c96839] 199.204.45.144 "DELETE /allocations/11ac45ca-74a8-485b-810c-b7ac587556ad" status: 204 len: 0 microversion: 1.0 [pid: 7|app: 0|req: 493/978] 199.204.45.144 () {34 vars in 841 bytes} [Wed Jul 15 00:21:23 2026] DELETE /allocations/11ac45ca-74a8-485b-810c-b7ac587556ad => generated 0 bytes in 39 msecs (HTTP/1.1 204) 5 headers in 198 bytes (1 switches on core 0)
2026-07-15 00:21:28.295 8 INFO placement.requestlog [None req-763c5d6d-fb70-4161-ac6f-aad476d6b735 2d3b15c85d4646b7938a145bf59a6e8b b9d269a60ccf427fb88043902e0e2efc - - 016a1a63b6ea416584f1281817c96839 016a1a63b6ea416584f1281817c96839] 10.0.0.131 "GET /resource_providers/d1715abf-ed8d-4927-88db-292a91ab026a/aggregates" status: 404 len: 235 microversion: 1.1 [pid: 8|app: 0|req: 486/979] 10.0.0.131 () {32 vars in 816 bytes} [Wed Jul 15 00:21:28 2026] GET /resource_providers/d1715abf-ed8d-4927-88db-292a91ab026a/aggregates => generated 235 bytes in 11 msecs (HTTP/1.1 404) 5 headers in 202 bytes (1 switches on core 0)
2026-07-15 00:21:28.302 7 INFO placement.requestlog [None req-eeb10edd-01c7-4669-a6b4-515a73a8ab90 2d3b15c85d4646b7938a145bf59a6e8b b9d269a60ccf427fb88043902e0e2efc - - 016a1a63b6ea416584f1281817c96839 016a1a63b6ea416584f1281817c96839] 10.0.0.131 "GET /resource_providers/d1715abf-ed8d-4927-88db-292a91ab026a/aggregates" status: 404 len: 235 microversion: 1.1 [pid: 7|app: 0|req: 494/980] 10.0.0.131 () {32 vars in 816 bytes} [Wed Jul 15 00:21:28 2026] GET /resource_providers/d1715abf-ed8d-4927-88db-292a91ab026a/aggregates => generated 235 bytes in 13 msecs (HTTP/1.1 404) 5 headers in 202 bytes (1 switches on core 0)
2026-07-15 00:21:28.347 7 INFO placement.requestlog [None req-ecf138ea-c77b-4687-9006-b79907960592 2d3b15c85d4646b7938a145bf59a6e8b b9d269a60ccf427fb88043902e0e2efc - - 016a1a63b6ea416584f1281817c96839 016a1a63b6ea416584f1281817c96839] 10.0.0.131 "DELETE /resource_providers/d1715abf-ed8d-4927-88db-292a91ab026a" status: 404 len: 246 microversion: 1.1 [pid: 7|app: 0|req: 495/981] 10.0.0.131 () {34 vars in 816 bytes} [Wed Jul 15 00:21:28 2026] DELETE /resource_providers/d1715abf-ed8d-4927-88db-292a91ab026a => generated 246 bytes in 14 msecs (HTTP/1.1 404) 6 headers in 231 bytes (1 switches on core 0)
2026-07-15 00:21:28.357 8 INFO placement.requestlog [None req-1ccc7c94-f7ca-459f-926b-bbec9c99f21e 2d3b15c85d4646b7938a145bf59a6e8b b9d269a60ccf427fb88043902e0e2efc - - 016a1a63b6ea416584f1281817c96839 016a1a63b6ea416584f1281817c96839] 10.0.0.131 "DELETE /resource_providers/d1715abf-ed8d-4927-88db-292a91ab026a" status: 404 len: 246 microversion: 1.1 [pid: 8|app: 0|req: 487/982] 10.0.0.131 () {34 vars in 816 bytes} [Wed Jul 15 00:21:28 2026] DELETE /resource_providers/d1715abf-ed8d-4927-88db-292a91ab026a => generated 246 bytes in 25 msecs (HTTP/1.1 404) 6 headers in 231 bytes (1 switches on core 0)
2026-07-15 00:21:29.624 8 INFO placement.requestlog [None req-42ec1e76-5260-4748-aaa3-193ddf1cb6c5 - - - - - -] 10.0.0.4 "GET /" status: 200 len: 136 microversion: 1.0
2026-07-15 00:21:29.625 7 INFO placement.requestlog [None req-c5b2f5e6-bdc3-4fe8-bfbe-181a3b7c32df - - - - - -] 10.0.0.4 "GET /" status: 200 len: 136 microversion: 1.0
2026-07-15 00:21:30.234 8 INFO placement.requestlog [None req-138344b2-7d7f-466c-935f-e222e7aaff4a 2d3b15c85d4646b7938a145bf59a6e8b b9d269a60ccf427fb88043902e0e2efc - - 016a1a63b6ea416584f1281817c96839 016a1a63b6ea416584f1281817c96839] 10.0.0.131 "GET /resource_providers/f51efe61-81f7-418b-9a83-a90cfa898321/aggregates" status: 404 len: 235 microversion: 1.1 [pid: 8|app: 0|req: 489/985] 10.0.0.131 () {32 vars in 816 bytes} [Wed Jul 15 00:21:30 2026] GET /resource_providers/f51efe61-81f7-418b-9a83-a90cfa898321/aggregates => generated 235 bytes in 10 msecs (HTTP/1.1 404) 5 headers in 202 bytes (1 switches on core 0)
2026-07-15 00:21:30.242 7 INFO placement.requestlog [None req-1e4ee72d-43c4-428a-8dd7-c18f681dd4a7 2d3b15c85d4646b7938a145bf59a6e8b b9d269a60ccf427fb88043902e0e2efc - - 016a1a63b6ea416584f1281817c96839 016a1a63b6ea416584f1281817c96839] 10.0.0.131 "GET /resource_providers/f51efe61-81f7-418b-9a83-a90cfa898321/aggregates" status: 404 len: 235 microversion: 1.1 [pid: 7|app: 0|req: 497/986] 10.0.0.131 () {32 vars in 816 bytes} [Wed Jul 15 00:21:30 2026] GET /resource_providers/f51efe61-81f7-418b-9a83-a90cfa898321/aggregates => generated 235 bytes in 18 msecs (HTTP/1.1 404) 5 headers in 202 bytes (1 switches on core 0)
2026-07-15 00:21:30.273 8 INFO placement.requestlog [None req-a5d0142a-1243-4661-afb7-fa889cf29c73 2d3b15c85d4646b7938a145bf59a6e8b b9d269a60ccf427fb88043902e0e2efc - - 016a1a63b6ea416584f1281817c96839 016a1a63b6ea416584f1281817c96839] 10.0.0.131 "DELETE /resource_providers/f51efe61-81f7-418b-9a83-a90cfa898321" status: 404 len: 246 microversion: 1.1 [pid: 8|app: 0|req: 490/987] 10.0.0.131 () {34 vars in 816 bytes} [Wed Jul 15 00:21:30 2026] DELETE /resource_providers/f51efe61-81f7-418b-9a83-a90cfa898321 => generated 246 bytes in 16 msecs (HTTP/1.1 404) 6 headers in 231 bytes (1 switches on core 0)
2026-07-15 00:21:30.279 7 INFO placement.requestlog [None req-b7da010b-4739-47f6-ab70-1c54ca434c6b 2d3b15c85d4646b7938a145bf59a6e8b b9d269a60ccf427fb88043902e0e2efc - - 016a1a63b6ea416584f1281817c96839 016a1a63b6ea416584f1281817c96839] 10.0.0.131 "DELETE /resource_providers/f51efe61-81f7-418b-9a83-a90cfa898321" status: 404 len: 246 microversion: 1.1 [pid: 7|app: 0|req: 498/988] 10.0.0.131 () {34 vars in 816 bytes} [Wed Jul 15 00:21:30 2026] DELETE /resource_providers/f51efe61-81f7-418b-9a83-a90cfa898321 => generated 246 bytes in 22 msecs (HTTP/1.1 404) 6 headers in 231 bytes (1 switches on core 0)
2026-07-15 00:21:30.368 8 INFO placement.requestlog [None req-f5dac9ac-f943-4cd7-a899-0f49fe6b85a7 2d3b15c85d4646b7938a145bf59a6e8b b9d269a60ccf427fb88043902e0e2efc - - 016a1a63b6ea416584f1281817c96839 016a1a63b6ea416584f1281817c96839] 10.0.0.131 "GET /resource_providers/dad740bc-a315-4cdc-9f9b-9c25164987b0/aggregates" status: 404 len: 235 microversion: 1.1 [pid: 8|app: 0|req: 491/989] 10.0.0.131 () {32 vars in 816 bytes} [Wed Jul 15 00:21:30 2026] GET /resource_providers/dad740bc-a315-4cdc-9f9b-9c25164987b0/aggregates => generated 235 bytes in 10 msecs (HTTP/1.1 404) 5 headers in 202 bytes (1 switches on core 0)
2026-07-15 00:21:30.383 8 INFO placement.requestlog [None req-a7bd9cbd-92f5-44b0-80c7-7ec340dc38f4 2d3b15c85d4646b7938a145bf59a6e8b b9d269a60ccf427fb88043902e0e2efc - - 016a1a63b6ea416584f1281817c96839 016a1a63b6ea416584f1281817c96839] 10.0.0.131 "DELETE /resource_providers/dad740bc-a315-4cdc-9f9b-9c25164987b0" status: 404 len: 246 microversion: 1.1 [pid: 8|app: 0|req: 492/990] 10.0.0.131 () {34 vars in 816 bytes} [Wed Jul 15 00:21:30 2026] DELETE /resource_providers/dad740bc-a315-4cdc-9f9b-9c25164987b0 => generated 246 bytes in 9 msecs (HTTP/1.1 404) 6 headers in 231 bytes (1 switches on core 0)
2026-07-15 00:21:30.396 7 INFO placement.requestlog [None req-ccfca555-71fb-4388-948a-311b5e7332fc 2d3b15c85d4646b7938a145bf59a6e8b b9d269a60ccf427fb88043902e0e2efc - - 016a1a63b6ea416584f1281817c96839 016a1a63b6ea416584f1281817c96839] 10.0.0.131 "GET /resource_providers/dad740bc-a315-4cdc-9f9b-9c25164987b0/aggregates" status: 404 len: 235 microversion: 1.1 [pid: 7|app: 0|req: 499/991] 10.0.0.131 () {32 vars in 816 bytes} [Wed Jul 15 00:21:30 2026] GET /resource_providers/dad740bc-a315-4cdc-9f9b-9c25164987b0/aggregates => generated 235 bytes in 33 msecs (HTTP/1.1 404) 5 headers in 202 bytes (1 switches on core 0)
2026-07-15 00:21:30.412 8 INFO placement.requestlog [None req-6f43f261-d703-45d5-ab4b-57038455f9d3 2d3b15c85d4646b7938a145bf59a6e8b b9d269a60ccf427fb88043902e0e2efc - - 016a1a63b6ea416584f1281817c96839 016a1a63b6ea416584f1281817c96839] 10.0.0.131 "DELETE /resource_providers/dad740bc-a315-4cdc-9f9b-9c25164987b0" status: 404 len: 246 microversion: 1.1 [pid: 8|app: 0|req: 493/992] 10.0.0.131 () {34 vars in 816 bytes} [Wed Jul 15 00:21:30 2026] DELETE /resource_providers/dad740bc-a315-4cdc-9f9b-9c25164987b0 => generated 246 bytes in 9 msecs (HTTP/1.1 404) 6 headers in 231 bytes (1 switches on core 0)
2026-07-15 00:21:32.297 8 INFO placement.requestlog [None req-0ce4c298-9875-4d24-aa2c-358734f257dd 2d3b15c85d4646b7938a145bf59a6e8b b9d269a60ccf427fb88043902e0e2efc - - 016a1a63b6ea416584f1281817c96839 016a1a63b6ea416584f1281817c96839] 10.0.0.131 "GET /resource_providers/51ed3dbc-88ab-4961-a83d-2b8cabd05d17/aggregates" status: 404 len: 235 microversion: 1.1 [pid: 8|app: 0|req: 494/993] 10.0.0.131 () {32 vars in 816 bytes} [Wed Jul 15 00:21:32 2026] GET /resource_providers/51ed3dbc-88ab-4961-a83d-2b8cabd05d17/aggregates => generated 235 bytes in 7 msecs (HTTP/1.1 404) 5 headers in 202 bytes (1 switches on core 0)
2026-07-15 00:21:32.298 7 INFO placement.requestlog [None req-d1de1e1e-7c78-4a7d-adf9-860242d38643 2d3b15c85d4646b7938a145bf59a6e8b b9d269a60ccf427fb88043902e0e2efc - - 016a1a63b6ea416584f1281817c96839 016a1a63b6ea416584f1281817c96839] 10.0.0.131 "GET /resource_providers/51ed3dbc-88ab-4961-a83d-2b8cabd05d17/aggregates" status: 404 len: 235 microversion: 1.1 [pid: 7|app: 0|req: 500/994] 10.0.0.131 () {32 vars in 816 bytes} [Wed Jul 15 00:21:32 2026] GET /resource_providers/51ed3dbc-88ab-4961-a83d-2b8cabd05d17/aggregates => generated 235 bytes in 14 msecs (HTTP/1.1 404) 5 headers in 202 bytes (1 switches on core 0)
2026-07-15 00:21:32.336 7 INFO placement.requestlog [None req-1729050f-541d-41f4-a02d-d94365a4277c 2d3b15c85d4646b7938a145bf59a6e8b b9d269a60ccf427fb88043902e0e2efc - - 016a1a63b6ea416584f1281817c96839 016a1a63b6ea416584f1281817c96839] 10.0.0.131 "DELETE /resource_providers/51ed3dbc-88ab-4961-a83d-2b8cabd05d17" status: 404 len: 246 microversion: 1.1 [pid: 7|app: 0|req: 501/995] 10.0.0.131 () {34 vars in 816 bytes} [Wed Jul 15 00:21:32 2026] DELETE /resource_providers/51ed3dbc-88ab-4961-a83d-2b8cabd05d17 => generated 246 bytes in 11 msecs (HTTP/1.1 404) 6 headers in 231 bytes (1 switches on core 0)
2026-07-15 00:21:32.340 8 INFO placement.requestlog [None req-f48936cc-c3c4-4dde-b980-13ba47a168fd 2d3b15c85d4646b7938a145bf59a6e8b b9d269a60ccf427fb88043902e0e2efc - - 016a1a63b6ea416584f1281817c96839 016a1a63b6ea416584f1281817c96839] 10.0.0.131 "DELETE /resource_providers/51ed3dbc-88ab-4961-a83d-2b8cabd05d17" status: 404 len: 246 microversion: 1.1 [pid: 8|app: 0|req: 495/996] 10.0.0.131 () {34 vars in 816 bytes} [Wed Jul 15 00:21:32 2026] DELETE /resource_providers/51ed3dbc-88ab-4961-a83d-2b8cabd05d17 => generated 246 bytes in 15 msecs (HTTP/1.1 404) 6 headers in 231 bytes (1 switches on core 0)
2026-07-15 00:21:32.371 7 INFO placement.requestlog [None req-997dbb61-90c0-497c-8f99-a0413312f1de 2d3b15c85d4646b7938a145bf59a6e8b b9d269a60ccf427fb88043902e0e2efc - - 016a1a63b6ea416584f1281817c96839 016a1a63b6ea416584f1281817c96839] 10.0.0.131 "GET /resource_providers/ab325713-3ecb-4fd6-9aca-7f6dc94be73b/aggregates" status: 404 len: 235 microversion: 1.1 [pid: 7|app: 0|req: 502/997] 10.0.0.131 () {32 vars in 816 bytes} [Wed Jul 15 00:21:32 2026] GET /resource_providers/ab325713-3ecb-4fd6-9aca-7f6dc94be73b/aggregates => generated 235 bytes in 14 msecs (HTTP/1.1 404) 5 headers in 202 bytes (1 switches on core 0)
2026-07-15 00:21:32.372 8 INFO placement.requestlog [None req-46f6451e-a977-46fd-a21b-66db058f5e78 2d3b15c85d4646b7938a145bf59a6e8b b9d269a60ccf427fb88043902e0e2efc - - 016a1a63b6ea416584f1281817c96839 016a1a63b6ea416584f1281817c96839] 10.0.0.131 "GET /resource_providers/ab325713-3ecb-4fd6-9aca-7f6dc94be73b/aggregates" status: 404 len: 235 microversion: 1.1 [pid: 8|app: 0|req: 496/998] 10.0.0.131 () {32 vars in 816 bytes} [Wed Jul 15 00:21:32 2026] GET /resource_providers/ab325713-3ecb-4fd6-9aca-7f6dc94be73b/aggregates => generated 235 bytes in 14 msecs (HTTP/1.1 404) 5 headers in 202 bytes (1 switches on core 0)
2026-07-15 00:21:32.404 8 INFO placement.requestlog [None req-c2b10c57-70ff-4e0d-b40c-1d3841d4643c 2d3b15c85d4646b7938a145bf59a6e8b b9d269a60ccf427fb88043902e0e2efc - - 016a1a63b6ea416584f1281817c96839 016a1a63b6ea416584f1281817c96839] 10.0.0.131 "DELETE /resource_providers/ab325713-3ecb-4fd6-9aca-7f6dc94be73b" status: 404 len: 246 microversion: 1.1
2026-07-15 00:21:32.404 7 INFO placement.requestlog [None req-adec4b0d-8350-46b8-a273-a48511ef4266 2d3b15c85d4646b7938a145bf59a6e8b b9d269a60ccf427fb88043902e0e2efc - - 016a1a63b6ea416584f1281817c96839 016a1a63b6ea416584f1281817c96839] 10.0.0.131 "DELETE /resource_providers/ab325713-3ecb-4fd6-9aca-7f6dc94be73b" status: 404 len: 246 microversion: 1.1 [pid: 8|app: 0|req: 497/999] 10.0.0.131 () {34 vars in 816 bytes} [Wed Jul 15 00:21:32 2026] DELETE /resource_providers/ab325713-3ecb-4fd6-9aca-7f6dc94be73b => generated 246 bytes in 11 msecs (HTTP/1.1 404) 6 headers in 231 bytes (1 switches on core 0) [pid: 7|app: 0|req: 503/1000] 10.0.0.131 () {34 vars in 816 bytes} [Wed Jul 15 00:21:32 2026] DELETE /resource_providers/ab325713-3ecb-4fd6-9aca-7f6dc94be73b => generated 246 bytes in 11 msecs (HTTP/1.1 404) 6 headers in 231 bytes (1 switches on core 0)
2026-07-15 00:21:32.434 8 INFO placement.requestlog [None req-6a4021f7-ffb9-46fd-bf4f-19ecaf590ab5 2d3b15c85d4646b7938a145bf59a6e8b b9d269a60ccf427fb88043902e0e2efc - - 016a1a63b6ea416584f1281817c96839 016a1a63b6ea416584f1281817c96839] 10.0.0.131 "GET /resource_providers/8e8d3306-0cfe-46eb-b0e6-1e37bae30944/aggregates" status: 404 len: 235 microversion: 1.1 [pid: 8|app: 0|req: 498/1001] 10.0.0.131 () {32 vars in 816 bytes} [Wed Jul 15 00:21:32 2026] GET /resource_providers/8e8d3306-0cfe-46eb-b0e6-1e37bae30944/aggregates => generated 235 bytes in 16 msecs (HTTP/1.1 404) 5 headers in 202 bytes (1 switches on core 0)
2026-07-15 00:21:32.435 7 INFO placement.requestlog [None req-2ca49e3c-668d-462b-af9a-88b86da381d2 2d3b15c85d4646b7938a145bf59a6e8b b9d269a60ccf427fb88043902e0e2efc - - 016a1a63b6ea416584f1281817c96839 016a1a63b6ea416584f1281817c96839] 10.0.0.131 "GET /resource_providers/8e8d3306-0cfe-46eb-b0e6-1e37bae30944/aggregates" status: 404 len: 235 microversion: 1.1 [pid: 7|app: 0|req: 504/1002] 10.0.0.131 () {32 vars in 816 bytes} [Wed Jul 15 00:21:32 2026] GET /resource_providers/8e8d3306-0cfe-46eb-b0e6-1e37bae30944/aggregates => generated 235 bytes in 14 msecs (HTTP/1.1 404) 5 headers in 202 bytes (1 switches on core 0)
2026-07-15 00:21:32.452 8 INFO placement.requestlog [None req-565a86ab-edaa-4129-8668-166dab1583b8 2d3b15c85d4646b7938a145bf59a6e8b b9d269a60ccf427fb88043902e0e2efc - - 016a1a63b6ea416584f1281817c96839 016a1a63b6ea416584f1281817c96839] 10.0.0.131 "DELETE /resource_providers/8e8d3306-0cfe-46eb-b0e6-1e37bae30944" status: 404 len: 246 microversion: 1.1 [pid: 8|app: 0|req: 499/1003] 10.0.0.131 () {34 vars in 816 bytes} [Wed Jul 15 00:21:32 2026] DELETE /resource_providers/8e8d3306-0cfe-46eb-b0e6-1e37bae30944 => generated 246 bytes in 11 msecs (HTTP/1.1 404) 6 headers in 231 bytes (1 switches on core 0)
2026-07-15 00:21:32.459 7 INFO placement.requestlog [None req-4f5373ef-9b15-44e1-bcca-607453c1ecbb 2d3b15c85d4646b7938a145bf59a6e8b b9d269a60ccf427fb88043902e0e2efc - - 016a1a63b6ea416584f1281817c96839 016a1a63b6ea416584f1281817c96839] 10.0.0.131 "DELETE /resource_providers/8e8d3306-0cfe-46eb-b0e6-1e37bae30944" status: 404 len: 246 microversion: 1.1 [pid: 7|app: 0|req: 505/1004] 10.0.0.131 () {34 vars in 816 bytes} [Wed Jul 15 00:21:32 2026] DELETE /resource_providers/8e8d3306-0cfe-46eb-b0e6-1e37bae30944 => generated 246 bytes in 11 msecs (HTTP/1.1 404) 6 headers in 231 bytes (1 switches on core 0)
2026-07-15 00:21:37.182 8 INFO placement.requestlog [None req-4742fa72-aa22-43ec-8914-8f1ca3020682 2d3b15c85d4646b7938a145bf59a6e8b b9d269a60ccf427fb88043902e0e2efc - - 016a1a63b6ea416584f1281817c96839 016a1a63b6ea416584f1281817c96839] 10.0.0.131 "GET /resource_providers/d29ae29b-4998-4d33-ba99-c6cde12ead35/aggregates" status: 404 len: 235 microversion: 1.1 [pid: 8|app: 0|req: 500/1005] 10.0.0.131 () {32 vars in 816 bytes} [Wed Jul 15 00:21:37 2026] GET /resource_providers/d29ae29b-4998-4d33-ba99-c6cde12ead35/aggregates => generated 235 bytes in 10 msecs (HTTP/1.1 404) 5 headers in 202 bytes (1 switches on core 0)
2026-07-15 00:21:37.187 7 INFO placement.requestlog [None req-03b7445b-bd6a-4983-8025-692b3d0d533e 2d3b15c85d4646b7938a145bf59a6e8b b9d269a60ccf427fb88043902e0e2efc - - 016a1a63b6ea416584f1281817c96839 016a1a63b6ea416584f1281817c96839] 10.0.0.131 "GET /resource_providers/d29ae29b-4998-4d33-ba99-c6cde12ead35/aggregates" status: 404 len: 235 microversion: 1.1 [pid: 7|app: 0|req: 506/1006] 10.0.0.131 () {32 vars in 816 bytes} [Wed Jul 15 00:21:37 2026] GET /resource_providers/d29ae29b-4998-4d33-ba99-c6cde12ead35/aggregates => generated 235 bytes in 14 msecs (HTTP/1.1 404) 5 headers in 202 bytes (1 switches on core 0)
2026-07-15 00:21:37.211 7 INFO placement.requestlog [None req-08d7947d-cb63-476f-9210-1ca646827aab 2d3b15c85d4646b7938a145bf59a6e8b b9d269a60ccf427fb88043902e0e2efc - - 016a1a63b6ea416584f1281817c96839 016a1a63b6ea416584f1281817c96839] 10.0.0.131 "DELETE /resource_providers/d29ae29b-4998-4d33-ba99-c6cde12ead35" status: 404 len: 246 microversion: 1.1
