2026-07-23 06:16:27.767 8 INFO placement.requestlog [None req-e467f6bf-bfb1-405e-a987-9cf029a78f3d - - - - - -] 10.0.0.105 "GET /" status: 200 len: 136 microversion: 1.0
2026-07-23 06:16:29.117 7 INFO placement.requestlog [req-dfb6ea2c-b6b3-483a-810b-472c6c477a86 req-296cd20b-74f2-437c-a819-d7d5af42cb01 8b2c835896054e4b8e42633158caed8c 6f51b68a550a4780931a8279c67c4a6b - - 85fdc23793004848b387229e7c025c91 85fdc23793004848b387229e7c025c91] 199.204.45.227 "GET /resource_providers/e50228b6-3574-4176-b5a9-ce3233af65d5/allocations" status: 200 len: 55 microversion: 1.0 [pid: 7|app: 0|req: 581/1172] 199.204.45.227 () {32 vars in 856 bytes} [Thu Jul 23 06:16:29 2026] GET /resource_providers/e50228b6-3574-4176-b5a9-ce3233af65d5/allocations => generated 55 bytes in 12 msecs (HTTP/1.1 200) 6 headers in 223 bytes (1 switches on core 0)
2026-07-23 06:16:29.139 8 INFO placement.requestlog [req-dfb6ea2c-b6b3-483a-810b-472c6c477a86 req-b8fcfb93-6aa4-4127-a1fc-ec4ef1a3b21d 8b2c835896054e4b8e42633158caed8c 6f51b68a550a4780931a8279c67c4a6b - - 85fdc23793004848b387229e7c025c91 85fdc23793004848b387229e7c025c91] 199.204.45.227 "GET /resource_providers/e50228b6-3574-4176-b5a9-ce3233af65d5/allocations" status: 200 len: 55 microversion: 1.0 [pid: 8|app: 0|req: 592/1173] 199.204.45.227 () {32 vars in 856 bytes} [Thu Jul 23 06:16:29 2026] GET /resource_providers/e50228b6-3574-4176-b5a9-ce3233af65d5/allocations => generated 55 bytes in 14 msecs (HTTP/1.1 200) 6 headers in 223 bytes (1 switches on core 0)
2026-07-23 06:16:37.766 8 INFO placement.requestlog [None req-8c9759eb-6fcf-459f-a370-a8fa1d467bc8 - - - - - -] 10.0.0.105 "GET /" status: 200 len: 136 microversion: 1.0
2026-07-23 06:16:37.766 7 INFO placement.requestlog [None req-c747909f-579b-4420-ba0e-5ff5d4af5e84 - - - - - -] 10.0.0.105 "GET /" status: 200 len: 136 microversion: 1.0
2026-07-23 06:16:38.594 8 INFO placement.requestlog [None req-2f764e20-776f-457c-b069-16e1bf479980 112ef9c890a242e89bcbdf1d11235d1a 6f51b68a550a4780931a8279c67c4a6b - - 85fdc23793004848b387229e7c025c91 85fdc23793004848b387229e7c025c91] 10.0.0.1 "GET /resource_providers/008ff1ad-f3c5-4a20-9cfc-c62d965b6379/aggregates" status: 404 len: 235 microversion: 1.1 [pid: 8|app: 0|req: 594/1176] 10.0.0.1 () {32 vars in 813 bytes} [Thu Jul 23 06:16:38 2026] GET /resource_providers/008ff1ad-f3c5-4a20-9cfc-c62d965b6379/aggregates => generated 235 bytes in 14 msecs (HTTP/1.1 404) 5 headers in 202 bytes (1 switches on core 0)
2026-07-23 06:16:38.597 7 INFO placement.requestlog [None req-68b8337b-10ae-4ceb-811f-e3c3235c2e1c 112ef9c890a242e89bcbdf1d11235d1a 6f51b68a550a4780931a8279c67c4a6b - - 85fdc23793004848b387229e7c025c91 85fdc23793004848b387229e7c025c91] 10.0.0.1 "GET /resource_providers/008ff1ad-f3c5-4a20-9cfc-c62d965b6379/aggregates" status: 404 len: 235 microversion: 1.1 [pid: 7|app: 0|req: 583/1177] 10.0.0.1 () {32 vars in 813 bytes} [Thu Jul 23 06:16:38 2026] GET /resource_providers/008ff1ad-f3c5-4a20-9cfc-c62d965b6379/aggregates => generated 235 bytes in 13 msecs (HTTP/1.1 404) 5 headers in 202 bytes (1 switches on core 0)
2026-07-23 06:16:38.622 8 INFO placement.requestlog [None req-fbbeb3c7-fd48-4eba-92cf-d00a37a99328 112ef9c890a242e89bcbdf1d11235d1a 6f51b68a550a4780931a8279c67c4a6b - - 85fdc23793004848b387229e7c025c91 85fdc23793004848b387229e7c025c91] 10.0.0.1 "DELETE /resource_providers/008ff1ad-f3c5-4a20-9cfc-c62d965b6379" status: 404 len: 246 microversion: 1.1 [pid: 8|app: 0|req: 595/1178] 10.0.0.1 () {34 vars in 813 bytes} [Thu Jul 23 06:16:38 2026] DELETE /resource_providers/008ff1ad-f3c5-4a20-9cfc-c62d965b6379 => generated 246 bytes in 15 msecs (HTTP/1.1 404) 6 headers in 231 bytes (1 switches on core 0)
2026-07-23 06:16:38.624 7 INFO placement.requestlog [None req-133fb456-491e-4c72-91f7-281e0f2f64e4 112ef9c890a242e89bcbdf1d11235d1a 6f51b68a550a4780931a8279c67c4a6b - - 85fdc23793004848b387229e7c025c91 85fdc23793004848b387229e7c025c91] 10.0.0.1 "DELETE /resource_providers/008ff1ad-f3c5-4a20-9cfc-c62d965b6379" status: 404 len: 246 microversion: 1.1 [pid: 7|app: 0|req: 584/1179] 10.0.0.1 () {34 vars in 813 bytes} [Thu Jul 23 06:16:38 2026] DELETE /resource_providers/008ff1ad-f3c5-4a20-9cfc-c62d965b6379 => generated 246 bytes in 17 msecs (HTTP/1.1 404) 6 headers in 231 bytes (1 switches on core 0)
2026-07-23 06:16:40.113 7 INFO placement.requestlog [None req-71fe78dd-93f2-42e6-bddd-dbe7378a51c4 112ef9c890a242e89bcbdf1d11235d1a 6f51b68a550a4780931a8279c67c4a6b - - 85fdc23793004848b387229e7c025c91 85fdc23793004848b387229e7c025c91] 10.0.0.1 "GET /resource_providers/f5722561-b65d-4a0f-b30a-2f1ecb0da33a/aggregates" status: 404 len: 235 microversion: 1.1 [pid: 7|app: 0|req: 585/1180] 10.0.0.1 () {32 vars in 813 bytes} [Thu Jul 23 06:16:40 2026] GET /resource_providers/f5722561-b65d-4a0f-b30a-2f1ecb0da33a/aggregates => generated 235 bytes in 13 msecs (HTTP/1.1 404) 5 headers in 202 bytes (1 switches on core 0)
2026-07-23 06:16:40.115 8 INFO placement.requestlog [None req-ba2dc1f1-51cf-4d2c-a4d8-62a4fcad0728 112ef9c890a242e89bcbdf1d11235d1a 6f51b68a550a4780931a8279c67c4a6b - - 85fdc23793004848b387229e7c025c91 85fdc23793004848b387229e7c025c91] 10.0.0.1 "GET /resource_providers/f5722561-b65d-4a0f-b30a-2f1ecb0da33a/aggregates" status: 404 len: 235 microversion: 1.1 [pid: 8|app: 0|req: 596/1181] 10.0.0.1 () {32 vars in 813 bytes} [Thu Jul 23 06:16:40 2026] GET /resource_providers/f5722561-b65d-4a0f-b30a-2f1ecb0da33a/aggregates => generated 235 bytes in 14 msecs (HTTP/1.1 404) 5 headers in 202 bytes (1 switches on core 0)
2026-07-23 06:16:40.139 7 INFO placement.requestlog [None req-51c746b8-a3ce-43dd-8ccc-6672865440f9 112ef9c890a242e89bcbdf1d11235d1a 6f51b68a550a4780931a8279c67c4a6b - - 85fdc23793004848b387229e7c025c91 85fdc23793004848b387229e7c025c91] 10.0.0.1 "DELETE /resource_providers/f5722561-b65d-4a0f-b30a-2f1ecb0da33a" status: 404 len: 246 microversion: 1.1
2026-07-23 06:16:40.139 8 INFO placement.requestlog [None req-da93ce15-7b14-4cfb-8bb0-5c8d16b4e1fc 112ef9c890a242e89bcbdf1d11235d1a 6f51b68a550a4780931a8279c67c4a6b - - 85fdc23793004848b387229e7c025c91 85fdc23793004848b387229e7c025c91] 10.0.0.1 "DELETE /resource_providers/f5722561-b65d-4a0f-b30a-2f1ecb0da33a" status: 404 len: 246 microversion: 1.1 [pid: 8|app: 0|req: 597/1182] 10.0.0.1 () {34 vars in 813 bytes} [Thu Jul 23 06:16:40 2026] DELETE /resource_providers/f5722561-b65d-4a0f-b30a-2f1ecb0da33a => generated 246 bytes in 11 msecs (HTTP/1.1 404) 6 headers in 231 bytes (1 switches on core 0) [pid: 7|app: 0|req: 586/1183] 10.0.0.1 () {34 vars in 813 bytes} [Thu Jul 23 06:16:40 2026] DELETE /resource_providers/f5722561-b65d-4a0f-b30a-2f1ecb0da33a => generated 246 bytes in 13 msecs (HTTP/1.1 404) 6 headers in 231 bytes (1 switches on core 0)
2026-07-23 06:16:40.649 8 INFO placement.requestlog [None req-c18143e0-d24b-4ba7-91fa-b3e569546f05 112ef9c890a242e89bcbdf1d11235d1a 6f51b68a550a4780931a8279c67c4a6b - - 85fdc23793004848b387229e7c025c91 85fdc23793004848b387229e7c025c91] 10.0.0.1 "GET /resource_providers/a7085e1a-2a80-47c9-9613-e38df4e4f7b7/aggregates" status: 404 len: 235 microversion: 1.1 [pid: 8|app: 0|req: 598/1184] 10.0.0.1 () {32 vars in 813 bytes} [Thu Jul 23 06:16:40 2026] GET /resource_providers/a7085e1a-2a80-47c9-9613-e38df4e4f7b7/aggregates => generated 235 bytes in 18 msecs (HTTP/1.1 404) 5 headers in 202 bytes (1 switches on core 0)
2026-07-23 06:16:40.656 7 INFO placement.requestlog [None req-6b60aa48-a333-4066-8aaa-e868a51ad2bc 112ef9c890a242e89bcbdf1d11235d1a 6f51b68a550a4780931a8279c67c4a6b - - 85fdc23793004848b387229e7c025c91 85fdc23793004848b387229e7c025c91] 10.0.0.1 "GET /resource_providers/a7085e1a-2a80-47c9-9613-e38df4e4f7b7/aggregates" status: 404 len: 235 microversion: 1.1 [pid: 7|app: 0|req: 587/1185] 10.0.0.1 () {32 vars in 813 bytes} [Thu Jul 23 06:16:40 2026] GET /resource_providers/a7085e1a-2a80-47c9-9613-e38df4e4f7b7/aggregates => generated 235 bytes in 21 msecs (HTTP/1.1 404) 5 headers in 202 bytes (1 switches on core 0)
2026-07-23 06:16:40.668 7 INFO placement.requestlog [None req-2cc21677-bcb5-4518-a8b4-d68cbf53ed89 112ef9c890a242e89bcbdf1d11235d1a 6f51b68a550a4780931a8279c67c4a6b - - 85fdc23793004848b387229e7c025c91 85fdc23793004848b387229e7c025c91] 10.0.0.1 "DELETE /resource_providers/a7085e1a-2a80-47c9-9613-e38df4e4f7b7" status: 404 len: 246 microversion: 1.1 [pid: 7|app: 0|req: 588/1186] 10.0.0.1 () {34 vars in 813 bytes} [Thu Jul 23 06:16:40 2026] DELETE /resource_providers/a7085e1a-2a80-47c9-9613-e38df4e4f7b7 => generated 246 bytes in 6 msecs (HTTP/1.1 404) 6 headers in 231 bytes (1 switches on core 0)
2026-07-23 06:16:40.673 8 INFO placement.requestlog [None req-dde323d3-ea43-4d14-bfed-590eb8a4b506 112ef9c890a242e89bcbdf1d11235d1a 6f51b68a550a4780931a8279c67c4a6b - - 85fdc23793004848b387229e7c025c91 85fdc23793004848b387229e7c025c91] 10.0.0.1 "DELETE /resource_providers/a7085e1a-2a80-47c9-9613-e38df4e4f7b7" status: 404 len: 246 microversion: 1.1 [pid: 8|app: 0|req: 599/1187] 10.0.0.1 () {34 vars in 813 bytes} [Thu Jul 23 06:16:40 2026] DELETE /resource_providers/a7085e1a-2a80-47c9-9613-e38df4e4f7b7 => generated 246 bytes in 12 msecs (HTTP/1.1 404) 6 headers in 231 bytes (1 switches on core 0)
2026-07-23 06:16:40.693 8 INFO placement.requestlog [None req-b04eb5d1-cea4-4f69-89b7-b354a64dd08c 112ef9c890a242e89bcbdf1d11235d1a 6f51b68a550a4780931a8279c67c4a6b - - 85fdc23793004848b387229e7c025c91 85fdc23793004848b387229e7c025c91] 10.0.0.1 "GET /resource_providers/c4e5b808-d1e1-41ae-a859-db0a2882583f/aggregates" status: 404 len: 235 microversion: 1.1 [pid: 8|app: 0|req: 600/1188] 10.0.0.1 () {32 vars in 813 bytes} [Thu Jul 23 06:16:40 2026] GET /resource_providers/c4e5b808-d1e1-41ae-a859-db0a2882583f/aggregates => generated 235 bytes in 10 msecs (HTTP/1.1 404) 5 headers in 202 bytes (1 switches on core 0)
2026-07-23 06:16:40.696 7 INFO placement.requestlog [None req-f0008748-c0b7-40ea-85fe-208cd9efd2fb 112ef9c890a242e89bcbdf1d11235d1a 6f51b68a550a4780931a8279c67c4a6b - - 85fdc23793004848b387229e7c025c91 85fdc23793004848b387229e7c025c91] 10.0.0.1 "GET /resource_providers/c4e5b808-d1e1-41ae-a859-db0a2882583f/aggregates" status: 404 len: 235 microversion: 1.1 [pid: 7|app: 0|req: 589/1189] 10.0.0.1 () {32 vars in 813 bytes} [Thu Jul 23 06:16:40 2026] GET /resource_providers/c4e5b808-d1e1-41ae-a859-db0a2882583f/aggregates => generated 235 bytes in 14 msecs (HTTP/1.1 404) 5 headers in 202 bytes (1 switches on core 0)
2026-07-23 06:16:40.711 7 INFO placement.requestlog [None req-4245bd34-b631-46d9-9cff-545cf8075c59 112ef9c890a242e89bcbdf1d11235d1a 6f51b68a550a4780931a8279c67c4a6b - - 85fdc23793004848b387229e7c025c91 85fdc23793004848b387229e7c025c91] 10.0.0.1 "DELETE /resource_providers/c4e5b808-d1e1-41ae-a859-db0a2882583f" status: 404 len: 246 microversion: 1.1 [pid: 7|app: 0|req: 590/1190] 10.0.0.1 () {34 vars in 813 bytes} [Thu Jul 23 06:16:40 2026] DELETE /resource_providers/c4e5b808-d1e1-41ae-a859-db0a2882583f => generated 246 bytes in 8 msecs (HTTP/1.1 404) 6 headers in 231 bytes (1 switches on core 0)
2026-07-23 06:16:40.714 8 INFO placement.requestlog [None req-217aeb3f-7658-4030-a282-2b806ad34006 112ef9c890a242e89bcbdf1d11235d1a 6f51b68a550a4780931a8279c67c4a6b - - 85fdc23793004848b387229e7c025c91 85fdc23793004848b387229e7c025c91] 10.0.0.1 "DELETE /resource_providers/c4e5b808-d1e1-41ae-a859-db0a2882583f" status: 404 len: 246 microversion: 1.1 [pid: 8|app: 0|req: 601/1191] 10.0.0.1 () {34 vars in 813 bytes} [Thu Jul 23 06:16:40 2026] DELETE /resource_providers/c4e5b808-d1e1-41ae-a859-db0a2882583f => generated 246 bytes in 13 msecs (HTTP/1.1 404) 6 headers in 231 bytes (1 switches on core 0)
2026-07-23 06:16:40.730 7 INFO placement.requestlog [None req-91573d8f-45d4-4a74-8e78-fd5c8355195b 112ef9c890a242e89bcbdf1d11235d1a 6f51b68a550a4780931a8279c67c4a6b - - 85fdc23793004848b387229e7c025c91 85fdc23793004848b387229e7c025c91] 10.0.0.1 "GET /resource_providers/0d83f033-7ce1-4a53-b5b7-b8dd0e4855fc/aggregates" status: 404 len: 235 microversion: 1.1 [pid: 7|app: 0|req: 591/1192] 10.0.0.1 () {32 vars in 813 bytes} [Thu Jul 23 06:16:40 2026] GET /resource_providers/0d83f033-7ce1-4a53-b5b7-b8dd0e4855fc/aggregates => generated 235 bytes in 11 msecs (HTTP/1.1 404) 5 headers in 202 bytes (1 switches on core 0)
2026-07-23 06:16:40.739 8 INFO placement.requestlog [None req-fca2a389-e78d-4283-b94d-3f25ce0b9595 112ef9c890a242e89bcbdf1d11235d1a 6f51b68a550a4780931a8279c67c4a6b - - 85fdc23793004848b387229e7c025c91 85fdc23793004848b387229e7c025c91] 10.0.0.1 "GET /resource_providers/0d83f033-7ce1-4a53-b5b7-b8dd0e4855fc/aggregates" status: 404 len: 235 microversion: 1.1 [pid: 8|app: 0|req: 602/1193] 10.0.0.1 () {32 vars in 813 bytes} [Thu Jul 23 06:16:40 2026] GET /resource_providers/0d83f033-7ce1-4a53-b5b7-b8dd0e4855fc/aggregates => generated 235 bytes in 15 msecs (HTTP/1.1 404) 5 headers in 202 bytes (1 switches on core 0)
2026-07-23 06:16:40.753 7 INFO placement.requestlog [None req-ab573eea-860e-4b4f-8cbb-c6821171e8e8 112ef9c890a242e89bcbdf1d11235d1a 6f51b68a550a4780931a8279c67c4a6b - - 85fdc23793004848b387229e7c025c91 85fdc23793004848b387229e7c025c91] 10.0.0.1 "DELETE /resource_providers/0d83f033-7ce1-4a53-b5b7-b8dd0e4855fc" status: 404 len: 246 microversion: 1.1 [pid: 7|app: 0|req: 592/1194] 10.0.0.1 () {34 vars in 813 bytes} [Thu Jul 23 06:16:40 2026] DELETE /resource_providers/0d83f033-7ce1-4a53-b5b7-b8dd0e4855fc => generated 246 bytes in 18 msecs (HTTP/1.1 404) 6 headers in 231 bytes (1 switches on core 0)
2026-07-23 06:16:40.762 8 INFO placement.requestlog [None req-ba968bf8-f6d4-40ea-99f9-79bf54faa3ca 112ef9c890a242e89bcbdf1d11235d1a 6f51b68a550a4780931a8279c67c4a6b - - 85fdc23793004848b387229e7c025c91 85fdc23793004848b387229e7c025c91] 10.0.0.1 "DELETE /resource_providers/0d83f033-7ce1-4a53-b5b7-b8dd0e4855fc" status: 404 len: 246 microversion: 1.1 [pid: 8|app: 0|req: 603/1195] 10.0.0.1 () {34 vars in 813 bytes} [Thu Jul 23 06:16:40 2026] DELETE /resource_providers/0d83f033-7ce1-4a53-b5b7-b8dd0e4855fc => generated 246 bytes in 11 msecs (HTTP/1.1 404) 6 headers in 231 bytes (1 switches on core 0)
2026-07-23 06:16:47.766 7 INFO placement.requestlog [None req-00215d36-8c7c-4bc7-974b-9e704594ac59 - - - - - -] 10.0.0.105 "GET /" status: 200 len: 136 microversion: 1.0
2026-07-23 06:16:47.767 8 INFO placement.requestlog [None req-b3377614-50b8-4c5c-be71-1a5dea859f43 - - - - - -] 10.0.0.105 "GET /" status: 200 len: 136 microversion: 1.0
2026-07-23 06:16:51.092 8 INFO placement.requestlog [None req-1138c62b-c5d2-4438-96f9-3fff8a643cb3 112ef9c890a242e89bcbdf1d11235d1a 6f51b68a550a4780931a8279c67c4a6b - - 85fdc23793004848b387229e7c025c91 85fdc23793004848b387229e7c025c91] 10.0.0.1 "GET /resource_providers/80b1613d-10d9-4144-93cf-49688f27b55e/aggregates" status: 404 len: 235 microversion: 1.1 [pid: 8|app: 0|req: 605/1198] 10.0.0.1 () {32 vars in 813 bytes} [Thu Jul 23 06:16:51 2026] GET /resource_providers/80b1613d-10d9-4144-93cf-49688f27b55e/aggregates => generated 235 bytes in 13 msecs (HTTP/1.1 404) 5 headers in 202 bytes (1 switches on core 0)
2026-07-23 06:16:51.098 7 INFO placement.requestlog [None req-174b9252-e9d3-43d4-8ee5-6f7af7e6309f 112ef9c890a242e89bcbdf1d11235d1a 6f51b68a550a4780931a8279c67c4a6b - - 85fdc23793004848b387229e7c025c91 85fdc23793004848b387229e7c025c91] 10.0.0.1 "GET /resource_providers/80b1613d-10d9-4144-93cf-49688f27b55e/aggregates" status: 404 len: 235 microversion: 1.1 [pid: 7|app: 0|req: 594/1199] 10.0.0.1 () {32 vars in 813 bytes} [Thu Jul 23 06:16:51 2026] GET /resource_providers/80b1613d-10d9-4144-93cf-49688f27b55e/aggregates => generated 235 bytes in 20 msecs (HTTP/1.1 404) 5 headers in 202 bytes (1 switches on core 0)
2026-07-23 06:16:51.113 8 INFO placement.requestlog [None req-159ef5ee-de86-40a5-a3a6-9475a1a27cdf 112ef9c890a242e89bcbdf1d11235d1a 6f51b68a550a4780931a8279c67c4a6b - - 85fdc23793004848b387229e7c025c91 85fdc23793004848b387229e7c025c91] 10.0.0.1 "DELETE /resource_providers/80b1613d-10d9-4144-93cf-49688f27b55e" status: 404 len: 246 microversion: 1.1 [pid: 8|app: 0|req: 606/1200] 10.0.0.1 () {34 vars in 813 bytes} [Thu Jul 23 06:16:51 2026] DELETE /resource_providers/80b1613d-10d9-4144-93cf-49688f27b55e => generated 246 bytes in 11 msecs (HTTP/1.1 404) 6 headers in 231 bytes (1 switches on core 0)
2026-07-23 06:16:51.122 7 INFO placement.requestlog [None req-6ebfa504-d422-4c1d-90dd-47ff2d575fd2 112ef9c890a242e89bcbdf1d11235d1a 6f51b68a550a4780931a8279c67c4a6b - - 85fdc23793004848b387229e7c025c91 85fdc23793004848b387229e7c025c91] 10.0.0.1 "DELETE /resource_providers/80b1613d-10d9-4144-93cf-49688f27b55e" status: 404 len: 246 microversion: 1.1 [pid: 7|app: 0|req: 595/1201] 10.0.0.1 () {34 vars in 813 bytes} [Thu Jul 23 06:16:51 2026] DELETE /resource_providers/80b1613d-10d9-4144-93cf-49688f27b55e => generated 246 bytes in 9 msecs (HTTP/1.1 404) 6 headers in 231 bytes (1 switches on core 0)
2026-07-23 06:16:53.382 7 INFO placement.requestlog [None req-b2977364-46d2-4af9-8d76-c3a7af602318 112ef9c890a242e89bcbdf1d11235d1a 6f51b68a550a4780931a8279c67c4a6b - - 85fdc23793004848b387229e7c025c91 85fdc23793004848b387229e7c025c91] 10.0.0.1 "GET /resource_providers/f601db42-5010-43c7-b66c-711afaae45bb/aggregates" status: 404 len: 235 microversion: 1.1 [pid: 7|app: 0|req: 596/1202] 10.0.0.1 () {32 vars in 813 bytes} [Thu Jul 23 06:16:53 2026] GET /resource_providers/f601db42-5010-43c7-b66c-711afaae45bb/aggregates => generated 235 bytes in 17 msecs (HTTP/1.1 404) 5 headers in 202 bytes (1 switches on core 0)
2026-07-23 06:16:53.386 8 INFO placement.requestlog [None req-2a1dad57-9c43-4039-93b6-138dc3a68f71 112ef9c890a242e89bcbdf1d11235d1a 6f51b68a550a4780931a8279c67c4a6b - - 85fdc23793004848b387229e7c025c91 85fdc23793004848b387229e7c025c91] 10.0.0.1 "GET /resource_providers/f601db42-5010-43c7-b66c-711afaae45bb/aggregates" status: 404 len: 235 microversion: 1.1 [pid: 8|app: 0|req: 607/1203] 10.0.0.1 () {32 vars in 813 bytes} [Thu Jul 23 06:16:53 2026] GET /resource_providers/f601db42-5010-43c7-b66c-711afaae45bb/aggregates => generated 235 bytes in 23 msecs (HTTP/1.1 404) 5 headers in 202 bytes (1 switches on core 0)
2026-07-23 06:16:53.412 7 INFO placement.requestlog [None req-f78748fd-9b7e-41ec-b96d-1e8cdc88971b 112ef9c890a242e89bcbdf1d11235d1a 6f51b68a550a4780931a8279c67c4a6b - - 85fdc23793004848b387229e7c025c91 85fdc23793004848b387229e7c025c91] 10.0.0.1 "DELETE /resource_providers/f601db42-5010-43c7-b66c-711afaae45bb" status: 404 len: 246 microversion: 1.1 [pid: 7|app: 0|req: 597/1204] 10.0.0.1 () {34 vars in 813 bytes} [Thu Jul 23 06:16:53 2026] DELETE /resource_providers/f601db42-5010-43c7-b66c-711afaae45bb => generated 246 bytes in 18 msecs (HTTP/1.1 404) 6 headers in 231 bytes (1 switches on core 0)
2026-07-23 06:16:53.418 8 INFO placement.requestlog [None req-5f4e5e9a-0937-4d42-a721-5b7d11181527 112ef9c890a242e89bcbdf1d11235d1a 6f51b68a550a4780931a8279c67c4a6b - - 85fdc23793004848b387229e7c025c91 85fdc23793004848b387229e7c025c91] 10.0.0.1 "DELETE /resource_providers/f601db42-5010-43c7-b66c-711afaae45bb" status: 404 len: 246 microversion: 1.1 [pid: 8|app: 0|req: 608/1205] 10.0.0.1 () {34 vars in 813 bytes} [Thu Jul 23 06:16:53 2026] DELETE /resource_providers/f601db42-5010-43c7-b66c-711afaae45bb => generated 246 bytes in 11 msecs (HTTP/1.1 404) 6 headers in 231 bytes (1 switches on core 0)
2026-07-23 06:16:53.892 7 INFO placement.requestlog [None req-b02cf356-dfd0-4fa4-ad7f-ddb0035a55c6 112ef9c890a242e89bcbdf1d11235d1a 6f51b68a550a4780931a8279c67c4a6b - - 85fdc23793004848b387229e7c025c91 85fdc23793004848b387229e7c025c91] 10.0.0.1 "GET /resource_providers/a366693b-ac0a-4173-ad87-9ea5fdf6545e/aggregates" status: 404 len: 235 microversion: 1.1 [pid: 7|app: 0|req: 598/1206] 10.0.0.1 () {32 vars in 813 bytes} [Thu Jul 23 06:16:53 2026] GET /resource_providers/a366693b-ac0a-4173-ad87-9ea5fdf6545e/aggregates => generated 235 bytes in 10 msecs (HTTP/1.1 404) 5 headers in 202 bytes (1 switches on core 0)
2026-07-23 06:16:53.898 8 INFO placement.requestlog [None req-12012fa0-faec-4c02-9eb0-8d7b9a9ffa5f 112ef9c890a242e89bcbdf1d11235d1a 6f51b68a550a4780931a8279c67c4a6b - - 85fdc23793004848b387229e7c025c91 85fdc23793004848b387229e7c025c91] 10.0.0.1 "GET /resource_providers/a366693b-ac0a-4173-ad87-9ea5fdf6545e/aggregates" status: 404 len: 235 microversion: 1.1 [pid: 8|app: 0|req: 609/1207] 10.0.0.1 () {32 vars in 813 bytes} [Thu Jul 23 06:16:53 2026] GET /resource_providers/a366693b-ac0a-4173-ad87-9ea5fdf6545e/aggregates => generated 235 bytes in 11 msecs (HTTP/1.1 404) 5 headers in 202 bytes (1 switches on core 0)
2026-07-23 06:16:53.916 7 INFO placement.requestlog [None req-61f6d68f-a774-497f-93b7-97bfb3123c69 112ef9c890a242e89bcbdf1d11235d1a 6f51b68a550a4780931a8279c67c4a6b - - 85fdc23793004848b387229e7c025c91 85fdc23793004848b387229e7c025c91] 10.0.0.1 "DELETE /resource_providers/a366693b-ac0a-4173-ad87-9ea5fdf6545e" status: 404 len: 246 microversion: 1.1 [pid: 7|app: 0|req: 599/1208] 10.0.0.1 () {34 vars in 813 bytes} [Thu Jul 23 06:16:53 2026] DELETE /resource_providers/a366693b-ac0a-4173-ad87-9ea5fdf6545e => generated 246 bytes in 11 msecs (HTTP/1.1 404) 6 headers in 231 bytes (1 switches on core 0)
2026-07-23 06:16:53.927 8 INFO placement.requestlog [None req-317291ff-d0ae-44ee-986f-d1581ac319a7 112ef9c890a242e89bcbdf1d11235d1a 6f51b68a550a4780931a8279c67c4a6b - - 85fdc23793004848b387229e7c025c91 85fdc23793004848b387229e7c025c91] 10.0.0.1 "DELETE /resource_providers/a366693b-ac0a-4173-ad87-9ea5fdf6545e" status: 404 len: 246 microversion: 1.1 [pid: 8|app: 0|req: 610/1209] 10.0.0.1 () {34 vars in 813 bytes} [Thu Jul 23 06:16:53 2026] DELETE /resource_providers/a366693b-ac0a-4173-ad87-9ea5fdf6545e => generated 246 bytes in 17 msecs (HTTP/1.1 404) 6 headers in 231 bytes (1 switches on core 0)
2026-07-23 06:16:57.766 8 INFO placement.requestlog [None req-5951c5d7-d440-4bdb-9022-6f78cdcb72e4 - - - - - -] 10.0.0.105 "GET /" status: 200 len: 136 microversion: 1.0
2026-07-23 06:16:57.766 7 INFO placement.requestlog [None req-2f57498f-c60b-4664-abb0-e6ad81478b51 - - - - - -] 10.0.0.105 "GET /" status: 200 len: 136 microversion: 1.0
2026-07-23 06:17:07.767 7 INFO placement.requestlog [None req-134586d3-b41f-4022-9e34-51af8c6dae92 - - - - - -] 10.0.0.105 "GET /" status: 200 len: 136 microversion: 1.0
2026-07-23 06:17:07.767 8 INFO placement.requestlog [None req-372083dd-a96d-40ee-b471-c23ba08bb6b5 - - - - - -] 10.0.0.105 "GET /" status: 200 len: 136 microversion: 1.0
2026-07-23 06:17:17.767 7 INFO placement.requestlog [None req-427649bd-0543-4f9e-b367-0348168b1af2 - - - - - -] 10.0.0.105 "GET /" status: 200 len: 136 microversion: 1.0
2026-07-23 06:17:17.767 8 INFO placement.requestlog [None req-ebda0f93-a8b1-4a89-aece-e238bfec26bb - - - - - -] 10.0.0.105 "GET /" status: 200 len: 136 microversion: 1.0
2026-07-23 06:17:24.627 7 INFO placement.requestlog [req-9178bc19-447b-4861-9511-75b8a67cfa77 req-d74e3f60-ee38-4ab6-97fd-064293f0eb03 8b2c835896054e4b8e42633158caed8c 6f51b68a550a4780931a8279c67c4a6b - - 85fdc23793004848b387229e7c025c91 85fdc23793004848b387229e7c025c91] 10.0.0.190 "GET /allocation_candidates?limit=1000&resources=DISK_GB%3A1%2CMEMORY_MB%3A512%2CVCPU%3A1&root_required=%21COMPUTE_STATUS_DISABLED" status: 200 len: 2781 microversion: 1.36 [pid: 7|app: 0|req: 603/1216] 10.0.0.190 () {34 vars in 1011 bytes} [Thu Jul 23 06:17:24 2026] GET /allocation_candidates?limit=1000&resources=DISK_GB%3A1%2CMEMORY_MB%3A512%2CVCPU%3A1&root_required=%21COMPUTE_STATUS_DISABLED => generated 2781 bytes in 197 msecs (HTTP/1.1 200) 8 headers in 297 bytes (1 switches on core 0)
2026-07-23 06:17:24.655 8 INFO placement.requestlog [req-9178bc19-447b-4861-9511-75b8a67cfa77 req-8f5aac4a-26c9-4957-ae00-b0ce6feb559b 8b2c835896054e4b8e42633158caed8c 6f51b68a550a4780931a8279c67c4a6b - - 85fdc23793004848b387229e7c025c91 85fdc23793004848b387229e7c025c91] 10.0.0.190 "GET /allocations/3675de87-23a6-4a6c-90cf-2ad62cfc7e8a" status: 200 len: 19 microversion: 1.28 [pid: 8|app: 0|req: 614/1217] 10.0.0.190 () {34 vars in 860 bytes} [Thu Jul 23 06:17:24 2026] GET /allocations/3675de87-23a6-4a6c-90cf-2ad62cfc7e8a => generated 19 bytes in 10 msecs (HTTP/1.1 200) 8 headers in 295 bytes (1 switches on core 0)
2026-07-23 06:17:24.737 7 INFO placement.requestlog [req-9178bc19-447b-4861-9511-75b8a67cfa77 req-ef5df75e-c340-4ee4-b745-a5cfda982244 8b2c835896054e4b8e42633158caed8c 6f51b68a550a4780931a8279c67c4a6b - - 85fdc23793004848b387229e7c025c91 85fdc23793004848b387229e7c025c91] 10.0.0.190 "PUT /allocations/3675de87-23a6-4a6c-90cf-2ad62cfc7e8a" status: 204 len: 0 microversion: 1.36 [pid: 7|app: 0|req: 604/1218] 10.0.0.190 () {38 vars in 913 bytes} [Thu Jul 23 06:17:24 2026] PUT /allocations/3675de87-23a6-4a6c-90cf-2ad62cfc7e8a => generated 0 bytes in 71 msecs (HTTP/1.1 204) 5 headers in 199 bytes (1 switches on core 0)
2026-07-23 06:17:26.100 8 INFO placement.requestlog [req-9178bc19-447b-4861-9511-75b8a67cfa77 req-9ecc9ad8-1eeb-47c1-9191-fc757c7fd832 8b2c835896054e4b8e42633158caed8c 6f51b68a550a4780931a8279c67c4a6b - - 85fdc23793004848b387229e7c025c91 85fdc23793004848b387229e7c025c91] 199.204.45.227 "GET /allocations/3675de87-23a6-4a6c-90cf-2ad62cfc7e8a" status: 200 len: 258 microversion: 1.28 [pid: 8|app: 0|req: 615/1219] 199.204.45.227 () {34 vars in 862 bytes} [Thu Jul 23 06:17:26 2026] GET /allocations/3675de87-23a6-4a6c-90cf-2ad62cfc7e8a => generated 258 bytes in 18 msecs (HTTP/1.1 200) 8 headers in 296 bytes (1 switches on core 0)
2026-07-23 06:17:27.146 7 INFO placement.requestlog [req-9178bc19-447b-4861-9511-75b8a67cfa77 req-40140d29-40f1-4a95-a0ca-4514a3083226 8b2c835896054e4b8e42633158caed8c 6f51b68a550a4780931a8279c67c4a6b - - 85fdc23793004848b387229e7c025c91 85fdc23793004848b387229e7c025c91] 199.204.45.227 "GET /resource_providers/e50228b6-3574-4176-b5a9-ce3233af65d5/allocations" status: 200 len: 153 microversion: 1.0 [pid: 7|app: 0|req: 605/1220] 199.204.45.227 () {32 vars in 856 bytes} [Thu Jul 23 06:17:27 2026] GET /resource_providers/e50228b6-3574-4176-b5a9-ce3233af65d5/allocations => generated 153 bytes in 20 msecs (HTTP/1.1 200) 6 headers in 224 bytes (1 switches on core 0)
2026-07-23 06:17:27.169 8 INFO placement.requestlog [req-9178bc19-447b-4861-9511-75b8a67cfa77 req-291aa0e9-ed22-4006-9d06-5dab861225fb 8b2c835896054e4b8e42633158caed8c 6f51b68a550a4780931a8279c67c4a6b - - 85fdc23793004848b387229e7c025c91 85fdc23793004848b387229e7c025c91] 199.204.45.227 "GET /allocations/3675de87-23a6-4a6c-90cf-2ad62cfc7e8a" status: 200 len: 258 microversion: 1.28 [pid: 8|app: 0|req: 616/1221] 199.204.45.227 () {34 vars in 862 bytes} [Thu Jul 23 06:17:27 2026] GET /allocations/3675de87-23a6-4a6c-90cf-2ad62cfc7e8a => generated 258 bytes in 13 msecs (HTTP/1.1 200) 8 headers in 296 bytes (1 switches on core 0)
2026-07-23 06:17:27.767 7 INFO placement.requestlog [None req-77159079-05b0-4ef7-b12e-0fa3eea40363 - - - - - -] 10.0.0.105 "GET /" status: 200 len: 136 microversion: 1.0
2026-07-23 06:17:27.767 8 INFO placement.requestlog [None req-06e6a80b-6b60-4196-be97-8a29746d2c2b - - - - - -] 10.0.0.105 "GET /" status: 200 len: 136 microversion: 1.0
2026-07-23 06:17:30.991 7 INFO placement.requestlog [req-3ede1c6f-86b0-43a2-b6af-883b031e355a req-32f426c8-0fab-42db-ac55-21299ce78962 8b2c835896054e4b8e42633158caed8c 6f51b68a550a4780931a8279c67c4a6b - - 85fdc23793004848b387229e7c025c91 85fdc23793004848b387229e7c025c91] 199.204.45.227 "GET /resource_providers/e50228b6-3574-4176-b5a9-ce3233af65d5/allocations" status: 200 len: 153 microversion: 1.0 [pid: 7|app: 0|req: 607/1224] 199.204.45.227 () {32 vars in 856 bytes} [Thu Jul 23 06:17:30 2026] GET /resource_providers/e50228b6-3574-4176-b5a9-ce3233af65d5/allocations => generated 153 bytes in 19 msecs (HTTP/1.1 200) 6 headers in 224 bytes (1 switches on core 0)
2026-07-23 06:17:31.015 8 INFO placement.requestlog [req-3ede1c6f-86b0-43a2-b6af-883b031e355a req-c5225ea2-ea91-496b-8bc8-31d11ff1d22b 8b2c835896054e4b8e42633158caed8c 6f51b68a550a4780931a8279c67c4a6b - - 85fdc23793004848b387229e7c025c91 85fdc23793004848b387229e7c025c91] 199.204.45.227 "GET /resource_providers/e50228b6-3574-4176-b5a9-ce3233af65d5/allocations" status: 200 len: 153 microversion: 1.0 [pid: 8|app: 0|req: 618/1225] 199.204.45.227 () {32 vars in 856 bytes} [Thu Jul 23 06:17:30 2026] GET /resource_providers/e50228b6-3574-4176-b5a9-ce3233af65d5/allocations => generated 153 bytes in 16 msecs (HTTP/1.1 200) 6 headers in 224 bytes (1 switches on core 0)
2026-07-23 06:17:31.036 7 INFO placement.requestlog [req-3ede1c6f-86b0-43a2-b6af-883b031e355a req-c7848ff2-6af8-4f14-aa8b-7ffc8cec2920 8b2c835896054e4b8e42633158caed8c 6f51b68a550a4780931a8279c67c4a6b - - 85fdc23793004848b387229e7c025c91 85fdc23793004848b387229e7c025c91] 199.204.45.227 "GET /allocations/3675de87-23a6-4a6c-90cf-2ad62cfc7e8a" status: 200 len: 258 microversion: 1.28 [pid: 7|app: 0|req: 608/1226] 199.204.45.227 () {34 vars in 862 bytes} [Thu Jul 23 06:17:31 2026] GET /allocations/3675de87-23a6-4a6c-90cf-2ad62cfc7e8a => generated 258 bytes in 15 msecs (HTTP/1.1 200) 8 headers in 296 bytes (1 switches on core 0)
2026-07-23 06:17:37.772 8 INFO placement.requestlog [None req-c6c4a820-728d-4316-87f8-be80d785d5bc - - - - - -] 10.0.0.105 "GET /" status: 200 len: 136 microversion: 1.0
2026-07-23 06:17:37.772 7 INFO placement.requestlog [None req-3ef1dddd-ede9-4ba7-a3a0-be5858b71990 - - - - - -] 10.0.0.105 "GET /" status: 200 len: 136 microversion: 1.0
2026-07-23 06:17:43.490 7 INFO placement.requestlog [req-c939e597-a468-4924-a278-ff122678a146 req-dc9ad3e9-8d00-428d-81bf-618d8b5311a6 8b2c835896054e4b8e42633158caed8c 6f51b68a550a4780931a8279c67c4a6b - - 85fdc23793004848b387229e7c025c91 85fdc23793004848b387229e7c025c91] 10.0.0.190 "GET /allocation_candidates?limit=1000&resources=DISK_GB%3A1%2CMEMORY_MB%3A512%2CVCPU%3A1&root_required=%21COMPUTE_STATUS_DISABLED" status: 200 len: 2783 microversion: 1.36 [pid: 7|app: 0|req: 610/1229] 10.0.0.190 () {34 vars in 1011 bytes} [Thu Jul 23 06:17:43 2026] GET /allocation_candidates?limit=1000&resources=DISK_GB%3A1%2CMEMORY_MB%3A512%2CVCPU%3A1&root_required=%21COMPUTE_STATUS_DISABLED => generated 2783 bytes in 66 msecs (HTTP/1.1 200) 8 headers in 297 bytes (1 switches on core 0)
2026-07-23 06:17:43.526 8 INFO placement.requestlog [req-c939e597-a468-4924-a278-ff122678a146 req-0eb45fc1-7240-452d-a3bf-d04873b057c8 8b2c835896054e4b8e42633158caed8c 6f51b68a550a4780931a8279c67c4a6b - - 85fdc23793004848b387229e7c025c91 85fdc23793004848b387229e7c025c91] 10.0.0.190 "GET /allocations/a4c64835-f02c-432a-845b-77f217efe983" status: 200 len: 19 microversion: 1.28 [pid: 8|app: 0|req: 620/1230] 10.0.0.190 () {34 vars in 860 bytes} [Thu Jul 23 06:17:43 2026] GET /allocations/a4c64835-f02c-432a-845b-77f217efe983 => generated 19 bytes in 14 msecs (HTTP/1.1 200) 8 headers in 295 bytes (1 switches on core 0)
2026-07-23 06:17:43.585 7 INFO placement.requestlog [req-c939e597-a468-4924-a278-ff122678a146 req-930a383f-cca4-4924-bf6f-71acf7cfd461 8b2c835896054e4b8e42633158caed8c 6f51b68a550a4780931a8279c67c4a6b - - 85fdc23793004848b387229e7c025c91 85fdc23793004848b387229e7c025c91] 10.0.0.190 "PUT /allocations/a4c64835-f02c-432a-845b-77f217efe983" status: 204 len: 0 microversion: 1.36 [pid: 7|app: 0|req: 611/1231] 10.0.0.190 () {38 vars in 913 bytes} [Thu Jul 23 06:17:43 2026] PUT /allocations/a4c64835-f02c-432a-845b-77f217efe983 => generated 0 bytes in 51 msecs (HTTP/1.1 204) 5 headers in 199 bytes (1 switches on core 0)
2026-07-23 06:17:45.069 8 INFO placement.requestlog [req-c939e597-a468-4924-a278-ff122678a146 req-dc20d315-8cb3-4b2d-bbe4-1e2caef66b03 8b2c835896054e4b8e42633158caed8c 6f51b68a550a4780931a8279c67c4a6b - - 85fdc23793004848b387229e7c025c91 85fdc23793004848b387229e7c025c91] 199.204.45.227 "GET /allocations/a4c64835-f02c-432a-845b-77f217efe983" status: 200 len: 258 microversion: 1.28 [pid: 8|app: 0|req: 621/1232] 199.204.45.227 () {34 vars in 862 bytes} [Thu Jul 23 06:17:45 2026] GET /allocations/a4c64835-f02c-432a-845b-77f217efe983 => generated 258 bytes in 14 msecs (HTTP/1.1 200) 8 headers in 296 bytes (1 switches on core 0)
2026-07-23 06:17:46.109 7 INFO placement.requestlog [req-c939e597-a468-4924-a278-ff122678a146 req-88027d74-b60a-4aff-a88c-197a4e6c8124 8b2c835896054e4b8e42633158caed8c 6f51b68a550a4780931a8279c67c4a6b - - 85fdc23793004848b387229e7c025c91 85fdc23793004848b387229e7c025c91] 199.204.45.227 "GET /resource_providers/e50228b6-3574-4176-b5a9-ce3233af65d5/allocations" status: 200 len: 253 microversion: 1.0 [pid: 7|app: 0|req: 612/1233] 199.204.45.227 () {32 vars in 856 bytes} [Thu Jul 23 06:17:46 2026] GET /resource_providers/e50228b6-3574-4176-b5a9-ce3233af65d5/allocations => generated 253 bytes in 15 msecs (HTTP/1.1 200) 6 headers in 224 bytes (1 switches on core 0)
2026-07-23 06:17:46.133 8 INFO placement.requestlog [req-c939e597-a468-4924-a278-ff122678a146 req-26a2a34b-8ab1-4d30-80e1-8bf88da91fb8 8b2c835896054e4b8e42633158caed8c 6f51b68a550a4780931a8279c67c4a6b - - 85fdc23793004848b387229e7c025c91 85fdc23793004848b387229e7c025c91] 199.204.45.227 "GET /allocations/3675de87-23a6-4a6c-90cf-2ad62cfc7e8a" status: 200 len: 258 microversion: 1.28 [pid: 8|app: 0|req: 622/1234] 199.204.45.227 () {34 vars in 862 bytes} [Thu Jul 23 06:17:46 2026] GET /allocations/3675de87-23a6-4a6c-90cf-2ad62cfc7e8a => generated 258 bytes in 15 msecs (HTTP/1.1 200) 8 headers in 296 bytes (1 switches on core 0)
2026-07-23 06:17:46.151 7 INFO placement.requestlog [req-c939e597-a468-4924-a278-ff122678a146 req-0ffc1798-2417-4a12-a386-61ae8f44be91 8b2c835896054e4b8e42633158caed8c 6f51b68a550a4780931a8279c67c4a6b - - 85fdc23793004848b387229e7c025c91 85fdc23793004848b387229e7c025c91] 199.204.45.227 "GET /allocations/a4c64835-f02c-432a-845b-77f217efe983" status: 200 len: 258 microversion: 1.28 [pid: 7|app: 0|req: 613/1235] 199.204.45.227 () {34 vars in 862 bytes} [Thu Jul 23 06:17:46 2026] GET /allocations/a4c64835-f02c-432a-845b-77f217efe983 => generated 258 bytes in 13 msecs (HTTP/1.1 200) 8 headers in 296 bytes (1 switches on core 0)
2026-07-23 06:17:47.766 8 INFO placement.requestlog [None req-06197986-d526-4f0b-a6a2-30e673a5ebb2 - - - - - -] 10.0.0.105 "GET /" status: 200 len: 136 microversion: 1.0
2026-07-23 06:17:47.766 7 INFO placement.requestlog [None req-f87bb3b0-c304-4e19-ac4c-8e9e575223ab - - - - - -] 10.0.0.105 "GET /" status: 200 len: 136 microversion: 1.0
2026-07-23 06:17:57.767 8 INFO placement.requestlog [None req-e79e5846-f6f5-494b-a905-83053cd20785 - - - - - -] 10.0.0.105 "GET /" status: 200 len: 136 microversion: 1.0
2026-07-23 06:17:57.767 7 INFO placement.requestlog [None req-aaa325f6-33ca-453c-9139-e732c0a434cb - - - - - -] 10.0.0.105 "GET /" status: 200 len: 136 microversion: 1.0
2026-07-23 06:18:07.768 8 INFO placement.requestlog [None req-f6f7a2a0-97ac-411f-b4f3-b6165274fcf1 - - - - - -] 10.0.0.105 "GET /" status: 200 len: 136 microversion: 1.0
2026-07-23 06:18:07.769 7 INFO placement.requestlog [None req-5de9e2bf-70a3-4374-9539-f1a1c5828f5c - - - - - -] 10.0.0.105 "GET /" status: 200 len: 136 microversion: 1.0
2026-07-23 06:18:17.767 7 INFO placement.requestlog [None req-011e6078-48e9-4d63-9cdb-29685b87e31a - - - - - -] 10.0.0.105 "GET /" status: 200 len: 136 microversion: 1.0
2026-07-23 06:18:17.768 8 INFO placement.requestlog [None req-37dde49e-8d86-48a4-8d2d-60156fa1e93d - - - - - -] 10.0.0.105 "GET /" status: 200 len: 136 microversion: 1.0
2026-07-23 06:18:25.339 7 INFO placement.requestlog [req-bff9127f-e601-49c8-af68-eb9f495ab798 req-4dc70569-3c43-45e1-addc-2fced8bd505f 8b2c835896054e4b8e42633158caed8c 6f51b68a550a4780931a8279c67c4a6b - - 85fdc23793004848b387229e7c025c91 85fdc23793004848b387229e7c025c91] 10.0.0.190 "GET /allocation_candidates?limit=1000&resources=MEMORY_MB%3A2048%2CVCPU%3A2&root_required=%21COMPUTE_STATUS_DISABLED" status: 200 len: 2771 microversion: 1.36 [pid: 7|app: 0|req: 618/1244] 10.0.0.190 () {34 vars in 985 bytes} [Thu Jul 23 06:18:25 2026] GET /allocation_candidates?limit=1000&resources=MEMORY_MB%3A2048%2CVCPU%3A2&root_required=%21COMPUTE_STATUS_DISABLED => generated 2771 bytes in 55 msecs (HTTP/1.1 200) 8 headers in 297 bytes (1 switches on core 0)
2026-07-23 06:18:25.373 8 INFO placement.requestlog [req-bff9127f-e601-49c8-af68-eb9f495ab798 req-c7b4c76a-2dee-47d9-bc22-89a745a16fcb 8b2c835896054e4b8e42633158caed8c 6f51b68a550a4780931a8279c67c4a6b - - 85fdc23793004848b387229e7c025c91 85fdc23793004848b387229e7c025c91] 10.0.0.190 "GET /allocations/2968842a-08b6-40a5-995d-09db8a3e1cbf" status: 200 len: 19 microversion: 1.28 [pid: 8|app: 0|req: 627/1245] 10.0.0.190 () {34 vars in 860 bytes} [Thu Jul 23 06:18:25 2026] GET /allocations/2968842a-08b6-40a5-995d-09db8a3e1cbf => generated 19 bytes in 10 msecs (HTTP/1.1 200) 8 headers in 295 bytes (1 switches on core 0)
2026-07-23 06:18:25.457 7 INFO placement.requestlog [req-bff9127f-e601-49c8-af68-eb9f495ab798 req-9a79af44-7d81-4067-8479-7707b0fbdb97 8b2c835896054e4b8e42633158caed8c 6f51b68a550a4780931a8279c67c4a6b - - 85fdc23793004848b387229e7c025c91 85fdc23793004848b387229e7c025c91] 10.0.0.190 "PUT /allocations/2968842a-08b6-40a5-995d-09db8a3e1cbf" status: 204 len: 0 microversion: 1.36 [pid: 7|app: 0|req: 619/1246] 10.0.0.190 () {38 vars in 913 bytes} [Thu Jul 23 06:18:25 2026] PUT /allocations/2968842a-08b6-40a5-995d-09db8a3e1cbf => generated 0 bytes in 79 msecs (HTTP/1.1 204) 5 headers in 199 bytes (1 switches on core 0)
2026-07-23 06:18:27.001 8 INFO placement.requestlog [req-bff9127f-e601-49c8-af68-eb9f495ab798 req-f32d17bf-89ed-4f21-a3d8-823968904df4 8b2c835896054e4b8e42633158caed8c 6f51b68a550a4780931a8279c67c4a6b - - 85fdc23793004848b387229e7c025c91 85fdc23793004848b387229e7c025c91] 199.204.45.227 "GET /allocations/2968842a-08b6-40a5-995d-09db8a3e1cbf" status: 200 len: 245 microversion: 1.28 [pid: 8|app: 0|req: 628/1247] 199.204.45.227 () {34 vars in 862 bytes} [Thu Jul 23 06:18:26 2026] GET /allocations/2968842a-08b6-40a5-995d-09db8a3e1cbf => generated 245 bytes in 13 msecs (HTTP/1.1 200) 8 headers in 296 bytes (1 switches on core 0)
2026-07-23 06:18:27.766 8 INFO placement.requestlog [None req-16ba3ca1-7f5c-4902-99da-a356eb8fb90d - - - - - -] 10.0.0.105 "GET /" status: 200 len: 136 microversion: 1.0
2026-07-23 06:18:27.767 7 INFO placement.requestlog [None req-3aa04e52-faad-4e3f-ac97-31a4c39fe39e - - - - - -] 10.0.0.105 "GET /" status: 200 len: 136 microversion: 1.0
2026-07-23 06:18:28.103 8 INFO placement.requestlog [req-bff9127f-e601-49c8-af68-eb9f495ab798 req-17512127-580a-44eb-818b-7a2b7d84e726 8b2c835896054e4b8e42633158caed8c 6f51b68a550a4780931a8279c67c4a6b - - 85fdc23793004848b387229e7c025c91 85fdc23793004848b387229e7c025c91] 199.204.45.227 "GET /resource_providers?in_tree=e50228b6-3574-4176-b5a9-ce3233af65d5" status: 200 len: 798 microversion: 1.14 [pid: 8|app: 0|req: 630/1250] 199.204.45.227 () {34 vars in 891 bytes} [Thu Jul 23 06:18:28 2026] GET /resource_providers?in_tree=e50228b6-3574-4176-b5a9-ce3233af65d5 => generated 798 bytes in 70 msecs (HTTP/1.1 200) 6 headers in 225 bytes (1 switches on core 0)
2026-07-23 06:18:28.122 7 INFO placement.requestlog [req-bff9127f-e601-49c8-af68-eb9f495ab798 req-c8745aae-8a9f-477c-b4b2-96786ff8d7d5 8b2c835896054e4b8e42633158caed8c 6f51b68a550a4780931a8279c67c4a6b - - 85fdc23793004848b387229e7c025c91 85fdc23793004848b387229e7c025c91] 199.204.45.227 "GET /resource_providers/e50228b6-3574-4176-b5a9-ce3233af65d5/inventories" status: 200 len: 401 microversion: 1.0 [pid: 7|app: 0|req: 621/1251] 199.204.45.227 () {32 vars in 856 bytes} [Thu Jul 23 06:18:28 2026] GET /resource_providers/e50228b6-3574-4176-b5a9-ce3233af65d5/inventories => generated 401 bytes in 15 msecs (HTTP/1.1 200) 6 headers in 224 bytes (1 switches on core 0)
2026-07-23 06:18:28.143 8 INFO placement.requestlog [req-bff9127f-e601-49c8-af68-eb9f495ab798 req-43c41968-8036-4bb8-873e-9d6a9b404381 8b2c835896054e4b8e42633158caed8c 6f51b68a550a4780931a8279c67c4a6b - - 85fdc23793004848b387229e7c025c91 85fdc23793004848b387229e7c025c91] 199.204.45.227 "GET /resource_providers/e50228b6-3574-4176-b5a9-ce3233af65d5/aggregates" status: 200 len: 54 microversion: 1.19 [pid: 8|app: 0|req: 631/1252] 199.204.45.227 () {34 vars in 898 bytes} [Thu Jul 23 06:18:28 2026] GET /resource_providers/e50228b6-3574-4176-b5a9-ce3233af65d5/aggregates => generated 54 bytes in 13 msecs (HTTP/1.1 200) 8 headers in 295 bytes (1 switches on core 0)
2026-07-23 06:18:28.168 7 INFO placement.requestlog [req-bff9127f-e601-49c8-af68-eb9f495ab798 req-2a529f01-38da-4b47-a33a-7b6d71bb8143 8b2c835896054e4b8e42633158caed8c 6f51b68a550a4780931a8279c67c4a6b - - 85fdc23793004848b387229e7c025c91 85fdc23793004848b387229e7c025c91] 199.204.45.227 "GET /resource_providers/e50228b6-3574-4176-b5a9-ce3233af65d5/traits" status: 200 len: 2317 microversion: 1.6 [pid: 7|app: 0|req: 622/1253] 199.204.45.227 () {34 vars in 889 bytes} [Thu Jul 23 06:18:28 2026] GET /resource_providers/e50228b6-3574-4176-b5a9-ce3233af65d5/traits => generated 2317 bytes in 20 msecs (HTTP/1.1 200) 6 headers in 225 bytes (1 switches on core 0)
2026-07-23 06:18:28.191 8 INFO placement.requestlog [req-bff9127f-e601-49c8-af68-eb9f495ab798 req-3feabf7e-d373-4768-aaa6-8c1ef11bea25 8b2c835896054e4b8e42633158caed8c 6f51b68a550a4780931a8279c67c4a6b - - 85fdc23793004848b387229e7c025c91 85fdc23793004848b387229e7c025c91] 199.204.45.227 "GET /resource_providers/e50228b6-3574-4176-b5a9-ce3233af65d5/allocations" status: 200 len: 340 microversion: 1.0 [pid: 8|app: 0|req: 632/1254] 199.204.45.227 () {32 vars in 856 bytes} [Thu Jul 23 06:18:28 2026] GET /resource_providers/e50228b6-3574-4176-b5a9-ce3233af65d5/allocations => generated 340 bytes in 18 msecs (HTTP/1.1 200) 6 headers in 224 bytes (1 switches on core 0)
2026-07-23 06:18:28.209 7 INFO placement.requestlog [req-bff9127f-e601-49c8-af68-eb9f495ab798 req-afd2d104-b85a-470a-8cb1-533e4546f93c 8b2c835896054e4b8e42633158caed8c 6f51b68a550a4780931a8279c67c4a6b - - 85fdc23793004848b387229e7c025c91 85fdc23793004848b387229e7c025c91] 199.204.45.227 "GET /allocations/3675de87-23a6-4a6c-90cf-2ad62cfc7e8a" status: 200 len: 258 microversion: 1.28 [pid: 7|app: 0|req: 623/1255] 199.204.45.227 () {34 vars in 862 bytes} [Thu Jul 23 06:18:28 2026] GET /allocations/3675de87-23a6-4a6c-90cf-2ad62cfc7e8a => generated 258 bytes in 13 msecs (HTTP/1.1 200) 8 headers in 296 bytes (1 switches on core 0)
2026-07-23 06:18:28.228 8 INFO placement.requestlog [req-bff9127f-e601-49c8-af68-eb9f495ab798 req-f38f697f-126f-4120-99d3-3b9549120d88 8b2c835896054e4b8e42633158caed8c 6f51b68a550a4780931a8279c67c4a6b - - 85fdc23793004848b387229e7c025c91 85fdc23793004848b387229e7c025c91] 199.204.45.227 "GET /allocations/2968842a-08b6-40a5-995d-09db8a3e1cbf" status: 200 len: 245 microversion: 1.28 [pid: 8|app: 0|req: 633/1256] 199.204.45.227 () {34 vars in 862 bytes} [Thu Jul 23 06:18:28 2026] GET /allocations/2968842a-08b6-40a5-995d-09db8a3e1cbf => generated 245 bytes in 14 msecs (HTTP/1.1 200) 8 headers in 296 bytes (1 switches on core 0)
2026-07-23 06:18:28.252 7 INFO placement.requestlog [req-bff9127f-e601-49c8-af68-eb9f495ab798 req-e7fe202b-d663-401b-a762-fbd515fdd53c 8b2c835896054e4b8e42633158caed8c 6f51b68a550a4780931a8279c67c4a6b - - 85fdc23793004848b387229e7c025c91 85fdc23793004848b387229e7c025c91] 199.204.45.227 "GET /allocations/a4c64835-f02c-432a-845b-77f217efe983" status: 200 len: 258 microversion: 1.28 [pid: 7|app: 0|req: 624/1257] 199.204.45.227 () {34 vars in 862 bytes} [Thu Jul 23 06:18:28 2026] GET /allocations/a4c64835-f02c-432a-845b-77f217efe983 => generated 258 bytes in 15 msecs (HTTP/1.1 200) 8 headers in 296 bytes (1 switches on core 0)
2026-07-23 06:18:33.390 8 INFO placement.requestlog [req-e6a00f21-3d45-434e-bddb-2d283eb007a3 req-49a82f6f-088f-4f82-b4fd-585f296f6033 8b2c835896054e4b8e42633158caed8c 6f51b68a550a4780931a8279c67c4a6b - - 85fdc23793004848b387229e7c025c91 85fdc23793004848b387229e7c025c91] 199.204.45.227 "GET /resource_providers/e50228b6-3574-4176-b5a9-ce3233af65d5/allocations" status: 200 len: 340 microversion: 1.0 [pid: 8|app: 0|req: 634/1258] 199.204.45.227 () {32 vars in 856 bytes} [Thu Jul 23 06:18:33 2026] GET /resource_providers/e50228b6-3574-4176-b5a9-ce3233af65d5/allocations => generated 340 bytes in 21 msecs (HTTP/1.1 200) 6 headers in 224 bytes (1 switches on core 0)
2026-07-23 06:18:33.418 7 INFO placement.requestlog [req-e6a00f21-3d45-434e-bddb-2d283eb007a3 req-62a51b3d-029c-4694-a228-29a9b3bd1e09 8b2c835896054e4b8e42633158caed8c 6f51b68a550a4780931a8279c67c4a6b - - 85fdc23793004848b387229e7c025c91 85fdc23793004848b387229e7c025c91] 199.204.45.227 "GET /resource_providers/e50228b6-3574-4176-b5a9-ce3233af65d5/allocations" status: 200 len: 340 microversion: 1.0 [pid: 7|app: 0|req: 625/1259] 199.204.45.227 () {32 vars in 856 bytes} [Thu Jul 23 06:18:33 2026] GET /resource_providers/e50228b6-3574-4176-b5a9-ce3233af65d5/allocations => generated 340 bytes in 22 msecs (HTTP/1.1 200) 6 headers in 224 bytes (1 switches on core 0)
2026-07-23 06:18:33.449 8 INFO placement.requestlog [req-e6a00f21-3d45-434e-bddb-2d283eb007a3 req-8a828821-ebe1-44c5-be03-66ebd133fed3 8b2c835896054e4b8e42633158caed8c 6f51b68a550a4780931a8279c67c4a6b - - 85fdc23793004848b387229e7c025c91 85fdc23793004848b387229e7c025c91] 199.204.45.227 "GET /allocations/3675de87-23a6-4a6c-90cf-2ad62cfc7e8a" status: 200 len: 258 microversion: 1.28 [pid: 8|app: 0|req: 635/1260] 199.204.45.227 () {34 vars in 862 bytes} [Thu Jul 23 06:18:33 2026] GET /allocations/3675de87-23a6-4a6c-90cf-2ad62cfc7e8a => generated 258 bytes in 20 msecs (HTTP/1.1 200) 8 headers in 296 bytes (1 switches on core 0)
2026-07-23 06:18:33.474 7 INFO placement.requestlog [req-e6a00f21-3d45-434e-bddb-2d283eb007a3 req-e7ac79da-1c4a-43b2-8287-80493e6c1b9a 8b2c835896054e4b8e42633158caed8c 6f51b68a550a4780931a8279c67c4a6b - - 85fdc23793004848b387229e7c025c91 85fdc23793004848b387229e7c025c91] 199.204.45.227 "GET /allocations/2968842a-08b6-40a5-995d-09db8a3e1cbf" status: 200 len: 245 microversion: 1.28 [pid: 7|app: 0|req: 626/1261] 199.204.45.227 () {34 vars in 862 bytes} [Thu Jul 23 06:18:33 2026] GET /allocations/2968842a-08b6-40a5-995d-09db8a3e1cbf => generated 245 bytes in 18 msecs (HTTP/1.1 200) 8 headers in 296 bytes (1 switches on core 0)
2026-07-23 06:18:33.502 8 INFO placement.requestlog [req-e6a00f21-3d45-434e-bddb-2d283eb007a3 req-a16e792a-acfc-49cf-b171-e254c55559f5 8b2c835896054e4b8e42633158caed8c 6f51b68a550a4780931a8279c67c4a6b - - 85fdc23793004848b387229e7c025c91 85fdc23793004848b387229e7c025c91] 199.204.45.227 "GET /allocations/a4c64835-f02c-432a-845b-77f217efe983" status: 200 len: 258 microversion: 1.28 [pid: 8|app: 0|req: 636/1262] 199.204.45.227 () {34 vars in 862 bytes} [Thu Jul 23 06:18:33 2026] GET /allocations/a4c64835-f02c-432a-845b-77f217efe983 => generated 258 bytes in 20 msecs (HTTP/1.1 200) 8 headers in 296 bytes (1 switches on core 0)
2026-07-23 06:18:37.766 8 INFO placement.requestlog [None req-1a2232de-a955-4189-beb6-377c1e4c4351 - - - - - -] 10.0.0.105 "GET /" status: 200 len: 136 microversion: 1.0
2026-07-23 06:18:37.767 7 INFO placement.requestlog [None req-9ba2e985-060c-48a3-a576-eba5c16eabb8 - - - - - -] 10.0.0.105 "GET /" status: 200 len: 136 microversion: 1.0
2026-07-23 06:18:47.768 7 INFO placement.requestlog [None req-3db4ff4a-9a5c-48a1-bedc-42e06c0181da - - - - - -] 10.0.0.105 "GET /" status: 200 len: 136 microversion: 1.0
2026-07-23 06:18:47.769 8 INFO placement.requestlog [None req-2c4054a6-2e7d-4510-b485-b57222c1722d - - - - - -] 10.0.0.105 "GET /" status: 200 len: 136 microversion: 1.0
2026-07-23 06:18:57.766 7 INFO placement.requestlog [None req-f85a1673-dc0b-4149-b7af-e46d116309f1 - - - - - -] 10.0.0.105 "GET /" status: 200 len: 136 microversion: 1.0
2026-07-23 06:18:57.766 8 INFO placement.requestlog [None req-73880485-7d17-4009-90ce-04958004f32d - - - - - -] 10.0.0.105 "GET /" status: 200 len: 136 microversion: 1.0
2026-07-23 06:19:07.766 7 INFO placement.requestlog [None req-34997a9f-a132-41db-ac9b-7ba44ab08f99 - - - - - -] 10.0.0.105 "GET /" status: 200 len: 136 microversion: 1.0
2026-07-23 06:19:07.766 8 INFO placement.requestlog [None req-a8ae2b6c-c23d-4cd4-be91-454c0c77cb51 - - - - - -] 10.0.0.105 "GET /" status: 200 len: 136 microversion: 1.0
2026-07-23 06:19:17.767 8 INFO placement.requestlog [None req-4b66b841-2a5c-4a13-9539-0318326f65fa - - - - - -] 10.0.0.105 "GET /" status: 200 len: 136 microversion: 1.0
2026-07-23 06:19:17.767 7 INFO placement.requestlog [None req-8abbac67-60ff-400a-b4e0-cebc717c8fc9 - - - - - -] 10.0.0.105 "GET /" status: 200 len: 136 microversion: 1.0
2026-07-23 06:19:27.766 8 INFO placement.requestlog [None req-07e66e2b-2018-44ce-a13d-074f5288a3da - - - - - -] 10.0.0.105 "GET /" status: 200 len: 136 microversion: 1.0
2026-07-23 06:19:27.766 7 INFO placement.requestlog [None req-a738b882-707d-48cb-ab59-ff7fc54ad9cc - - - - - -] 10.0.0.105 "GET /" status: 200 len: 136 microversion: 1.0
2026-07-23 06:19:34.228 7 INFO placement.requestlog [req-8137a294-ba09-4bd3-84e0-f9175d006fa1 req-bbd2bf33-9035-4504-b629-5534211c7077 8b2c835896054e4b8e42633158caed8c 6f51b68a550a4780931a8279c67c4a6b - - 85fdc23793004848b387229e7c025c91 85fdc23793004848b387229e7c025c91] 199.204.45.227 "GET /resource_providers/e50228b6-3574-4176-b5a9-ce3233af65d5/allocations" status: 200 len: 340 microversion: 1.0 [pid: 7|app: 0|req: 633/1275] 199.204.45.227 () {32 vars in 856 bytes} [Thu Jul 23 06:19:34 2026] GET /resource_providers/e50228b6-3574-4176-b5a9-ce3233af65d5/allocations => generated 340 bytes in 21 msecs (HTTP/1.1 200) 6 headers in 224 bytes (1 switches on core 0)
