2026-07-23 06:13:52.934 8 INFO placement.requestlog [None req-8bd656ad-5df8-4f06-b4cd-229095b2291c 112ef9c890a242e89bcbdf1d11235d1a 6f51b68a550a4780931a8279c67c4a6b - - 85fdc23793004848b387229e7c025c91 85fdc23793004848b387229e7c025c91] 10.0.0.1 "DELETE /resource_providers/41f3f7f1-7dfc-475d-8a02-03c713ee70d1" status: 404 len: 246 microversion: 1.1 [pid: 8|app: 0|req: 498/988] 10.0.0.1 () {34 vars in 813 bytes} [Thu Jul 23 06:13:52 2026] DELETE /resource_providers/41f3f7f1-7dfc-475d-8a02-03c713ee70d1 => generated 246 bytes in 17 msecs (HTTP/1.1 404) 6 headers in 231 bytes (1 switches on core 0)
2026-07-23 06:13:52.969 7 INFO placement.requestlog [None req-ad6d17fe-b88b-438f-bdcb-594243457cfe 112ef9c890a242e89bcbdf1d11235d1a 6f51b68a550a4780931a8279c67c4a6b - - 85fdc23793004848b387229e7c025c91 85fdc23793004848b387229e7c025c91] 10.0.0.1 "DELETE /resource_providers/41f3f7f1-7dfc-475d-8a02-03c713ee70d1" status: 404 len: 246 microversion: 1.1 [pid: 7|app: 0|req: 491/989] 10.0.0.1 () {34 vars in 813 bytes} [Thu Jul 23 06:13:52 2026] DELETE /resource_providers/41f3f7f1-7dfc-475d-8a02-03c713ee70d1 => generated 246 bytes in 8 msecs (HTTP/1.1 404) 6 headers in 231 bytes (1 switches on core 0)
2026-07-23 06:13:54.957 8 INFO placement.requestlog [None req-4da5bfed-4fca-443b-9be0-0a109e844654 112ef9c890a242e89bcbdf1d11235d1a 6f51b68a550a4780931a8279c67c4a6b - - 85fdc23793004848b387229e7c025c91 85fdc23793004848b387229e7c025c91] 10.0.0.1 "GET /resource_providers/ab015264-8b4f-4aa3-a06a-ec96c94c6d13/aggregates" status: 404 len: 235 microversion: 1.1 [pid: 8|app: 0|req: 499/990] 10.0.0.1 () {32 vars in 813 bytes} [Thu Jul 23 06:13:54 2026] GET /resource_providers/ab015264-8b4f-4aa3-a06a-ec96c94c6d13/aggregates => generated 235 bytes in 10 msecs (HTTP/1.1 404) 5 headers in 202 bytes (1 switches on core 0)
2026-07-23 06:13:54.980 7 INFO placement.requestlog [None req-5d924555-c29b-4a61-96e5-32d54fb149cc 112ef9c890a242e89bcbdf1d11235d1a 6f51b68a550a4780931a8279c67c4a6b - - 85fdc23793004848b387229e7c025c91 85fdc23793004848b387229e7c025c91] 10.0.0.1 "DELETE /resource_providers/ab015264-8b4f-4aa3-a06a-ec96c94c6d13" status: 404 len: 246 microversion: 1.1 [pid: 7|app: 0|req: 492/991] 10.0.0.1 () {34 vars in 813 bytes} [Thu Jul 23 06:13:54 2026] DELETE /resource_providers/ab015264-8b4f-4aa3-a06a-ec96c94c6d13 => generated 246 bytes in 15 msecs (HTTP/1.1 404) 6 headers in 231 bytes (1 switches on core 0)
2026-07-23 06:13:54.995 8 INFO placement.requestlog [None req-4fb32832-6125-4016-b920-733f0f5c206a 112ef9c890a242e89bcbdf1d11235d1a 6f51b68a550a4780931a8279c67c4a6b - - 85fdc23793004848b387229e7c025c91 85fdc23793004848b387229e7c025c91] 10.0.0.1 "GET /resource_providers/ab015264-8b4f-4aa3-a06a-ec96c94c6d13/aggregates" status: 404 len: 235 microversion: 1.1 [pid: 8|app: 0|req: 500/992] 10.0.0.1 () {32 vars in 813 bytes} [Thu Jul 23 06:13:54 2026] GET /resource_providers/ab015264-8b4f-4aa3-a06a-ec96c94c6d13/aggregates => generated 235 bytes in 15 msecs (HTTP/1.1 404) 5 headers in 202 bytes (1 switches on core 0)
2026-07-23 06:13:55.018 7 INFO placement.requestlog [None req-fac6ecea-75bd-483f-ba32-212018bd0923 112ef9c890a242e89bcbdf1d11235d1a 6f51b68a550a4780931a8279c67c4a6b - - 85fdc23793004848b387229e7c025c91 85fdc23793004848b387229e7c025c91] 10.0.0.1 "DELETE /resource_providers/ab015264-8b4f-4aa3-a06a-ec96c94c6d13" status: 404 len: 246 microversion: 1.1 [pid: 7|app: 0|req: 493/993] 10.0.0.1 () {34 vars in 813 bytes} [Thu Jul 23 06:13:55 2026] DELETE /resource_providers/ab015264-8b4f-4aa3-a06a-ec96c94c6d13 => generated 246 bytes in 14 msecs (HTTP/1.1 404) 6 headers in 231 bytes (1 switches on core 0)
2026-07-23 06:13:57.767 8 INFO placement.requestlog [None req-fb8ee498-83a8-415f-8e24-42021864042d - - - - - -] 10.0.0.105 "GET /" status: 200 len: 136 microversion: 1.0
2026-07-23 06:13:57.767 7 INFO placement.requestlog [None req-62ab1d0b-9732-4340-91b3-f987e9b0d1a9 - - - - - -] 10.0.0.105 "GET /" status: 200 len: 136 microversion: 1.0
2026-07-23 06:13:59.566 8 INFO placement.requestlog [None req-6ace6a55-e493-4ab9-8077-f242db4fda14 112ef9c890a242e89bcbdf1d11235d1a 6f51b68a550a4780931a8279c67c4a6b - - 85fdc23793004848b387229e7c025c91 85fdc23793004848b387229e7c025c91] 10.0.0.1 "GET /resource_providers/2633c010-7f83-49a7-ab20-72ed8c40fa31/aggregates" status: 404 len: 235 microversion: 1.1 [pid: 8|app: 0|req: 502/996] 10.0.0.1 () {32 vars in 813 bytes} [Thu Jul 23 06:13:59 2026] GET /resource_providers/2633c010-7f83-49a7-ab20-72ed8c40fa31/aggregates => generated 235 bytes in 16 msecs (HTTP/1.1 404) 5 headers in 202 bytes (1 switches on core 0)
2026-07-23 06:13:59.572 7 INFO placement.requestlog [None req-7f038008-20a9-489a-8f70-b5f84a0c5a9b 112ef9c890a242e89bcbdf1d11235d1a 6f51b68a550a4780931a8279c67c4a6b - - 85fdc23793004848b387229e7c025c91 85fdc23793004848b387229e7c025c91] 10.0.0.1 "GET /resource_providers/2633c010-7f83-49a7-ab20-72ed8c40fa31/aggregates" status: 404 len: 235 microversion: 1.1 [pid: 7|app: 0|req: 495/997] 10.0.0.1 () {32 vars in 813 bytes} [Thu Jul 23 06:13:59 2026] GET /resource_providers/2633c010-7f83-49a7-ab20-72ed8c40fa31/aggregates => generated 235 bytes in 17 msecs (HTTP/1.1 404) 5 headers in 202 bytes (1 switches on core 0)
2026-07-23 06:13:59.592 7 INFO placement.requestlog [None req-0a0d4cb9-7864-48c5-8f26-c57f22c0c854 112ef9c890a242e89bcbdf1d11235d1a 6f51b68a550a4780931a8279c67c4a6b - - 85fdc23793004848b387229e7c025c91 85fdc23793004848b387229e7c025c91] 10.0.0.1 "DELETE /resource_providers/2633c010-7f83-49a7-ab20-72ed8c40fa31" status: 404 len: 246 microversion: 1.1 [pid: 7|app: 0|req: 496/998] 10.0.0.1 () {34 vars in 813 bytes} [Thu Jul 23 06:13:59 2026] DELETE /resource_providers/2633c010-7f83-49a7-ab20-72ed8c40fa31 => generated 246 bytes in 9 msecs (HTTP/1.1 404) 6 headers in 231 bytes (1 switches on core 0)
2026-07-23 06:13:59.595 8 INFO placement.requestlog [None req-e1d008bd-be7a-429a-ad15-b0cf5e08a59d 112ef9c890a242e89bcbdf1d11235d1a 6f51b68a550a4780931a8279c67c4a6b - - 85fdc23793004848b387229e7c025c91 85fdc23793004848b387229e7c025c91] 10.0.0.1 "DELETE /resource_providers/2633c010-7f83-49a7-ab20-72ed8c40fa31" status: 404 len: 246 microversion: 1.1 [pid: 8|app: 0|req: 503/999] 10.0.0.1 () {34 vars in 813 bytes} [Thu Jul 23 06:13:59 2026] DELETE /resource_providers/2633c010-7f83-49a7-ab20-72ed8c40fa31 => generated 246 bytes in 15 msecs (HTTP/1.1 404) 6 headers in 231 bytes (1 switches on core 0)
2026-07-23 06:14:00.105 7 INFO placement.requestlog [req-3eece979-2f4c-427d-904f-ecf124ec5298 req-4725c1f6-7c0f-4bb3-b1a8-a46af625dce0 8b2c835896054e4b8e42633158caed8c 6f51b68a550a4780931a8279c67c4a6b - - 85fdc23793004848b387229e7c025c91 85fdc23793004848b387229e7c025c91] 199.204.45.227 "GET /resource_providers/e50228b6-3574-4176-b5a9-ce3233af65d5/allocations" status: 200 len: 152 microversion: 1.0 [pid: 7|app: 0|req: 497/1000] 199.204.45.227 () {32 vars in 856 bytes} [Thu Jul 23 06:14:00 2026] GET /resource_providers/e50228b6-3574-4176-b5a9-ce3233af65d5/allocations => generated 152 bytes in 15 msecs (HTTP/1.1 200) 6 headers in 224 bytes (1 switches on core 0)
2026-07-23 06:14:00.123 8 INFO placement.requestlog [req-3eece979-2f4c-427d-904f-ecf124ec5298 req-6ada4175-60ac-4c2d-9411-176fa9168599 8b2c835896054e4b8e42633158caed8c 6f51b68a550a4780931a8279c67c4a6b - - 85fdc23793004848b387229e7c025c91 85fdc23793004848b387229e7c025c91] 199.204.45.227 "GET /allocations/40d624e7-64f5-45c6-b38e-3aacde761674" status: 200 len: 257 microversion: 1.28 [pid: 8|app: 0|req: 504/1001] 199.204.45.227 () {34 vars in 862 bytes} [Thu Jul 23 06:14:00 2026] GET /allocations/40d624e7-64f5-45c6-b38e-3aacde761674 => generated 257 bytes in 13 msecs (HTTP/1.1 200) 8 headers in 296 bytes (1 switches on core 0)
2026-07-23 06:14:01.183 7 INFO placement.requestlog [req-3eece979-2f4c-427d-904f-ecf124ec5298 req-d02f2f85-ce7c-4ec5-8424-bbb71443bb24 8b2c835896054e4b8e42633158caed8c 6f51b68a550a4780931a8279c67c4a6b - - 85fdc23793004848b387229e7c025c91 85fdc23793004848b387229e7c025c91] 199.204.45.227 "DELETE /allocations/40d624e7-64f5-45c6-b38e-3aacde761674" status: 204 len: 0 microversion: 1.0 [pid: 7|app: 0|req: 498/1002] 199.204.45.227 () {34 vars in 840 bytes} [Thu Jul 23 06:14:01 2026] DELETE /allocations/40d624e7-64f5-45c6-b38e-3aacde761674 => generated 0 bytes in 33 msecs (HTTP/1.1 204) 5 headers in 198 bytes (1 switches on core 0)
2026-07-23 06:14:01.620 8 INFO placement.requestlog [None req-a8294bbd-ce9a-4a0f-9617-884feeacac04 112ef9c890a242e89bcbdf1d11235d1a 6f51b68a550a4780931a8279c67c4a6b - - 85fdc23793004848b387229e7c025c91 85fdc23793004848b387229e7c025c91] 10.0.0.1 "GET /resource_providers/61a57e62-a763-471a-9645-465bdaaad2f0/aggregates" status: 404 len: 235 microversion: 1.1 [pid: 8|app: 0|req: 505/1003] 10.0.0.1 () {32 vars in 813 bytes} [Thu Jul 23 06:14:01 2026] GET /resource_providers/61a57e62-a763-471a-9645-465bdaaad2f0/aggregates => generated 235 bytes in 13 msecs (HTTP/1.1 404) 5 headers in 202 bytes (1 switches on core 0)
2026-07-23 06:14:01.623 7 INFO placement.requestlog [None req-65bc315c-9f8d-4702-9d50-b868bd061208 112ef9c890a242e89bcbdf1d11235d1a 6f51b68a550a4780931a8279c67c4a6b - - 85fdc23793004848b387229e7c025c91 85fdc23793004848b387229e7c025c91] 10.0.0.1 "GET /resource_providers/61a57e62-a763-471a-9645-465bdaaad2f0/aggregates" status: 404 len: 235 microversion: 1.1 [pid: 7|app: 0|req: 499/1004] 10.0.0.1 () {32 vars in 813 bytes} [Thu Jul 23 06:14:01 2026] GET /resource_providers/61a57e62-a763-471a-9645-465bdaaad2f0/aggregates => generated 235 bytes in 12 msecs (HTTP/1.1 404) 5 headers in 202 bytes (1 switches on core 0)
2026-07-23 06:14:01.638 8 INFO placement.requestlog [None req-24933d58-821b-4d58-bc86-6dde96de7ad5 112ef9c890a242e89bcbdf1d11235d1a 6f51b68a550a4780931a8279c67c4a6b - - 85fdc23793004848b387229e7c025c91 85fdc23793004848b387229e7c025c91] 10.0.0.1 "DELETE /resource_providers/61a57e62-a763-471a-9645-465bdaaad2f0" status: 404 len: 246 microversion: 1.1 [pid: 8|app: 0|req: 506/1005] 10.0.0.1 () {34 vars in 813 bytes} [Thu Jul 23 06:14:01 2026] DELETE /resource_providers/61a57e62-a763-471a-9645-465bdaaad2f0 => generated 246 bytes in 9 msecs (HTTP/1.1 404) 6 headers in 231 bytes (1 switches on core 0)
2026-07-23 06:14:01.649 7 INFO placement.requestlog [None req-b1761a41-cf56-43a0-af8f-bd3f1544cf72 112ef9c890a242e89bcbdf1d11235d1a 6f51b68a550a4780931a8279c67c4a6b - - 85fdc23793004848b387229e7c025c91 85fdc23793004848b387229e7c025c91] 10.0.0.1 "DELETE /resource_providers/61a57e62-a763-471a-9645-465bdaaad2f0" status: 404 len: 246 microversion: 1.1 [pid: 7|app: 0|req: 500/1006] 10.0.0.1 () {34 vars in 813 bytes} [Thu Jul 23 06:14:01 2026] DELETE /resource_providers/61a57e62-a763-471a-9645-465bdaaad2f0 => generated 246 bytes in 17 msecs (HTTP/1.1 404) 6 headers in 231 bytes (1 switches on core 0)
2026-07-23 06:14:04.527 8 INFO placement.requestlog [None req-8f23274b-46ed-445a-b543-f6fdcf362807 112ef9c890a242e89bcbdf1d11235d1a 6f51b68a550a4780931a8279c67c4a6b - - 85fdc23793004848b387229e7c025c91 85fdc23793004848b387229e7c025c91] 10.0.0.1 "GET /resource_providers/a27d9bef-7a9c-4a79-9efe-e109bce20b64/aggregates" status: 404 len: 235 microversion: 1.1 [pid: 8|app: 0|req: 507/1007] 10.0.0.1 () {32 vars in 813 bytes} [Thu Jul 23 06:14:04 2026] GET /resource_providers/a27d9bef-7a9c-4a79-9efe-e109bce20b64/aggregates => generated 235 bytes in 10 msecs (HTTP/1.1 404) 5 headers in 202 bytes (1 switches on core 0)
2026-07-23 06:14:04.531 7 INFO placement.requestlog [None req-794b4089-391c-4050-b4a2-c7dba2087739 112ef9c890a242e89bcbdf1d11235d1a 6f51b68a550a4780931a8279c67c4a6b - - 85fdc23793004848b387229e7c025c91 85fdc23793004848b387229e7c025c91] 10.0.0.1 "GET /resource_providers/a27d9bef-7a9c-4a79-9efe-e109bce20b64/aggregates" status: 404 len: 235 microversion: 1.1 [pid: 7|app: 0|req: 501/1008] 10.0.0.1 () {32 vars in 813 bytes} [Thu Jul 23 06:14:04 2026] GET /resource_providers/a27d9bef-7a9c-4a79-9efe-e109bce20b64/aggregates => generated 235 bytes in 14 msecs (HTTP/1.1 404) 5 headers in 202 bytes (1 switches on core 0)
2026-07-23 06:14:04.547 8 INFO placement.requestlog [None req-db3f332f-ff55-4a0e-ad7f-1baa652d87d0 112ef9c890a242e89bcbdf1d11235d1a 6f51b68a550a4780931a8279c67c4a6b - - 85fdc23793004848b387229e7c025c91 85fdc23793004848b387229e7c025c91] 10.0.0.1 "DELETE /resource_providers/a27d9bef-7a9c-4a79-9efe-e109bce20b64" status: 404 len: 246 microversion: 1.1 [pid: 8|app: 0|req: 508/1009] 10.0.0.1 () {34 vars in 813 bytes} [Thu Jul 23 06:14:04 2026] DELETE /resource_providers/a27d9bef-7a9c-4a79-9efe-e109bce20b64 => generated 246 bytes in 11 msecs (HTTP/1.1 404) 6 headers in 231 bytes (1 switches on core 0)
2026-07-23 06:14:04.558 7 INFO placement.requestlog [None req-1da621c4-eed3-4d8f-adba-58d88e10df1b 112ef9c890a242e89bcbdf1d11235d1a 6f51b68a550a4780931a8279c67c4a6b - - 85fdc23793004848b387229e7c025c91 85fdc23793004848b387229e7c025c91] 10.0.0.1 "DELETE /resource_providers/a27d9bef-7a9c-4a79-9efe-e109bce20b64" status: 404 len: 246 microversion: 1.1 [pid: 7|app: 0|req: 502/1010] 10.0.0.1 () {34 vars in 813 bytes} [Thu Jul 23 06:14:04 2026] DELETE /resource_providers/a27d9bef-7a9c-4a79-9efe-e109bce20b64 => generated 246 bytes in 15 msecs (HTTP/1.1 404) 6 headers in 231 bytes (1 switches on core 0)
2026-07-23 06:14:06.838 8 INFO placement.requestlog [None req-7b700acb-9312-46e1-b937-1c18a77a935f 112ef9c890a242e89bcbdf1d11235d1a 6f51b68a550a4780931a8279c67c4a6b - - 85fdc23793004848b387229e7c025c91 85fdc23793004848b387229e7c025c91] 10.0.0.1 "GET /resource_providers/1a11b79b-eb28-40d0-a120-053d8c3f9d48/aggregates" status: 404 len: 235 microversion: 1.1 [pid: 8|app: 0|req: 509/1011] 10.0.0.1 () {32 vars in 813 bytes} [Thu Jul 23 06:14:06 2026] GET /resource_providers/1a11b79b-eb28-40d0-a120-053d8c3f9d48/aggregates => generated 235 bytes in 8 msecs (HTTP/1.1 404) 5 headers in 202 bytes (1 switches on core 0)
2026-07-23 06:14:06.838 7 INFO placement.requestlog [None req-ef7aa7a3-4c4e-44b3-b414-c6dd04e6696b 112ef9c890a242e89bcbdf1d11235d1a 6f51b68a550a4780931a8279c67c4a6b - - 85fdc23793004848b387229e7c025c91 85fdc23793004848b387229e7c025c91] 10.0.0.1 "GET /resource_providers/1a11b79b-eb28-40d0-a120-053d8c3f9d48/aggregates" status: 404 len: 235 microversion: 1.1 [pid: 7|app: 0|req: 503/1012] 10.0.0.1 () {32 vars in 813 bytes} [Thu Jul 23 06:14:06 2026] GET /resource_providers/1a11b79b-eb28-40d0-a120-053d8c3f9d48/aggregates => generated 235 bytes in 7 msecs (HTTP/1.1 404) 5 headers in 202 bytes (1 switches on core 0)
2026-07-23 06:14:06.861 8 INFO placement.requestlog [None req-4f64a523-a811-4529-863f-30b488c63250 112ef9c890a242e89bcbdf1d11235d1a 6f51b68a550a4780931a8279c67c4a6b - - 85fdc23793004848b387229e7c025c91 85fdc23793004848b387229e7c025c91] 10.0.0.1 "DELETE /resource_providers/1a11b79b-eb28-40d0-a120-053d8c3f9d48" status: 404 len: 246 microversion: 1.1 [pid: 8|app: 0|req: 510/1013] 10.0.0.1 () {34 vars in 813 bytes} [Thu Jul 23 06:14:06 2026] DELETE /resource_providers/1a11b79b-eb28-40d0-a120-053d8c3f9d48 => generated 246 bytes in 13 msecs (HTTP/1.1 404) 6 headers in 231 bytes (1 switches on core 0)
2026-07-23 06:14:06.865 7 INFO placement.requestlog [None req-dc57285d-e91c-4ce5-b43b-66d89d49b93d 112ef9c890a242e89bcbdf1d11235d1a 6f51b68a550a4780931a8279c67c4a6b - - 85fdc23793004848b387229e7c025c91 85fdc23793004848b387229e7c025c91] 10.0.0.1 "DELETE /resource_providers/1a11b79b-eb28-40d0-a120-053d8c3f9d48" status: 404 len: 246 microversion: 1.1 [pid: 7|app: 0|req: 504/1014] 10.0.0.1 () {34 vars in 813 bytes} [Thu Jul 23 06:14:06 2026] DELETE /resource_providers/1a11b79b-eb28-40d0-a120-053d8c3f9d48 => generated 246 bytes in 12 msecs (HTTP/1.1 404) 6 headers in 231 bytes (1 switches on core 0)
2026-07-23 06:14:07.035 8 INFO placement.requestlog [None req-ee07ea56-85f5-4d60-b9fe-5a860967f800 112ef9c890a242e89bcbdf1d11235d1a 6f51b68a550a4780931a8279c67c4a6b - - 85fdc23793004848b387229e7c025c91 85fdc23793004848b387229e7c025c91] 10.0.0.1 "GET /resource_providers/8a7f9be7-afe7-40ba-a6fc-e017796d22c1/aggregates" status: 404 len: 235 microversion: 1.1 [pid: 8|app: 0|req: 511/1015] 10.0.0.1 () {32 vars in 813 bytes} [Thu Jul 23 06:14:07 2026] GET /resource_providers/8a7f9be7-afe7-40ba-a6fc-e017796d22c1/aggregates => generated 235 bytes in 9 msecs (HTTP/1.1 404) 5 headers in 202 bytes (1 switches on core 0)
2026-07-23 06:14:07.037 7 INFO placement.requestlog [None req-885905ad-edff-4ec4-afbd-9c881e99108a 112ef9c890a242e89bcbdf1d11235d1a 6f51b68a550a4780931a8279c67c4a6b - - 85fdc23793004848b387229e7c025c91 85fdc23793004848b387229e7c025c91] 10.0.0.1 "GET /resource_providers/8a7f9be7-afe7-40ba-a6fc-e017796d22c1/aggregates" status: 404 len: 235 microversion: 1.1 [pid: 7|app: 0|req: 505/1016] 10.0.0.1 () {32 vars in 813 bytes} [Thu Jul 23 06:14:07 2026] GET /resource_providers/8a7f9be7-afe7-40ba-a6fc-e017796d22c1/aggregates => generated 235 bytes in 8 msecs (HTTP/1.1 404) 5 headers in 202 bytes (1 switches on core 0)
2026-07-23 06:14:07.058 7 INFO placement.requestlog [None req-7d2f276f-6dd1-4364-92a7-2379016abb15 112ef9c890a242e89bcbdf1d11235d1a 6f51b68a550a4780931a8279c67c4a6b - - 85fdc23793004848b387229e7c025c91 85fdc23793004848b387229e7c025c91] 10.0.0.1 "DELETE /resource_providers/8a7f9be7-afe7-40ba-a6fc-e017796d22c1" status: 404 len: 246 microversion: 1.1 [pid: 7|app: 0|req: 506/1017] 10.0.0.1 () {34 vars in 813 bytes} [Thu Jul 23 06:14:07 2026] DELETE /resource_providers/8a7f9be7-afe7-40ba-a6fc-e017796d22c1 => generated 246 bytes in 9 msecs (HTTP/1.1 404) 6 headers in 231 bytes (1 switches on core 0)
2026-07-23 06:14:07.064 8 INFO placement.requestlog [None req-d39a4ce6-77c5-43b3-b8d8-bcd1d82546a1 112ef9c890a242e89bcbdf1d11235d1a 6f51b68a550a4780931a8279c67c4a6b - - 85fdc23793004848b387229e7c025c91 85fdc23793004848b387229e7c025c91] 10.0.0.1 "DELETE /resource_providers/8a7f9be7-afe7-40ba-a6fc-e017796d22c1" status: 404 len: 246 microversion: 1.1 [pid: 8|app: 0|req: 512/1018] 10.0.0.1 () {34 vars in 813 bytes} [Thu Jul 23 06:14:07 2026] DELETE /resource_providers/8a7f9be7-afe7-40ba-a6fc-e017796d22c1 => generated 246 bytes in 18 msecs (HTTP/1.1 404) 6 headers in 231 bytes (1 switches on core 0)
2026-07-23 06:14:07.767 8 INFO placement.requestlog [None req-7a483732-9b9c-4885-91fd-1f56018c52bc - - - - - -] 10.0.0.105 "GET /" status: 200 len: 136 microversion: 1.0
2026-07-23 06:14:07.767 7 INFO placement.requestlog [None req-b8fe9b37-7b26-4fff-a821-dfe5ed6bffef - - - - - -] 10.0.0.105 "GET /" status: 200 len: 136 microversion: 1.0
2026-07-23 06:14:17.766 7 INFO placement.requestlog [None req-a7670b07-6daf-43c4-9dda-fcc996662e7c - - - - - -] 10.0.0.105 "GET /" status: 200 len: 136 microversion: 1.0
2026-07-23 06:14:17.766 8 INFO placement.requestlog [None req-eccf20c5-cb75-4eb6-8e5b-3ed3fcbded26 - - - - - -] 10.0.0.105 "GET /" status: 200 len: 136 microversion: 1.0
2026-07-23 06:14:27.249 7 INFO placement.requestlog [req-3fb5a31b-ede7-410e-ad6a-ec98b9223208 req-d2172627-f1c5-4d4e-a12e-0ca8d2bde222 8b2c835896054e4b8e42633158caed8c 6f51b68a550a4780931a8279c67c4a6b - - 85fdc23793004848b387229e7c025c91 85fdc23793004848b387229e7c025c91] 199.204.45.227 "GET /resource_providers/e50228b6-3574-4176-b5a9-ce3233af65d5/allocations" status: 200 len: 54 microversion: 1.0 [pid: 7|app: 0|req: 509/1023] 199.204.45.227 () {32 vars in 856 bytes} [Thu Jul 23 06:14:27 2026] GET /resource_providers/e50228b6-3574-4176-b5a9-ce3233af65d5/allocations => generated 54 bytes in 13 msecs (HTTP/1.1 200) 6 headers in 223 bytes (1 switches on core 0)
2026-07-23 06:14:27.273 8 INFO placement.requestlog [req-3fb5a31b-ede7-410e-ad6a-ec98b9223208 req-35cc1aff-7bbe-470f-b559-1355dd217727 8b2c835896054e4b8e42633158caed8c 6f51b68a550a4780931a8279c67c4a6b - - 85fdc23793004848b387229e7c025c91 85fdc23793004848b387229e7c025c91] 199.204.45.227 "GET /resource_providers/e50228b6-3574-4176-b5a9-ce3233af65d5/allocations" status: 200 len: 54 microversion: 1.0 [pid: 8|app: 0|req: 515/1024] 199.204.45.227 () {32 vars in 856 bytes} [Thu Jul 23 06:14:27 2026] GET /resource_providers/e50228b6-3574-4176-b5a9-ce3233af65d5/allocations => generated 54 bytes in 15 msecs (HTTP/1.1 200) 6 headers in 223 bytes (1 switches on core 0)
2026-07-23 06:14:27.767 7 INFO placement.requestlog [None req-3a697507-6d1e-4886-b815-2e43ccb55ac9 - - - - - -] 10.0.0.105 "GET /" status: 200 len: 136 microversion: 1.0
2026-07-23 06:14:27.767 8 INFO placement.requestlog [None req-5c557708-605d-427a-97ce-a07edc639212 - - - - - -] 10.0.0.105 "GET /" status: 200 len: 136 microversion: 1.0
2026-07-23 06:14:33.980 7 INFO placement.requestlog [req-5c8a6124-3f5a-41d2-8165-4aa1878f20f6 req-4d3e4bed-46ab-4edd-9988-d0ce4c605e07 8b2c835896054e4b8e42633158caed8c 6f51b68a550a4780931a8279c67c4a6b - - 85fdc23793004848b387229e7c025c91 85fdc23793004848b387229e7c025c91] 10.0.0.190 "GET /allocation_candidates?limit=1000&resources=DISK_GB%3A1%2CMEMORY_MB%3A512%2CVCPU%3A1&root_required=%21COMPUTE_STATUS_DISABLED" status: 200 len: 2781 microversion: 1.36 [pid: 7|app: 0|req: 511/1027] 10.0.0.190 () {34 vars in 1011 bytes} [Thu Jul 23 06:14:33 2026] GET /allocation_candidates?limit=1000&resources=DISK_GB%3A1%2CMEMORY_MB%3A512%2CVCPU%3A1&root_required=%21COMPUTE_STATUS_DISABLED => generated 2781 bytes in 56 msecs (HTTP/1.1 200) 8 headers in 297 bytes (1 switches on core 0)
2026-07-23 06:14:34.022 8 INFO placement.requestlog [req-5c8a6124-3f5a-41d2-8165-4aa1878f20f6 req-284826d7-00c1-48f4-8199-09d37d6ad2a8 8b2c835896054e4b8e42633158caed8c 6f51b68a550a4780931a8279c67c4a6b - - 85fdc23793004848b387229e7c025c91 85fdc23793004848b387229e7c025c91] 10.0.0.190 "GET /allocations/563e311f-f964-4b79-a09f-eba7a2f00a47" status: 200 len: 19 microversion: 1.28 [pid: 8|app: 0|req: 517/1028] 10.0.0.190 () {34 vars in 860 bytes} [Thu Jul 23 06:14:34 2026] GET /allocations/563e311f-f964-4b79-a09f-eba7a2f00a47 => generated 19 bytes in 14 msecs (HTTP/1.1 200) 8 headers in 295 bytes (1 switches on core 0)
2026-07-23 06:14:34.102 7 INFO placement.requestlog [req-5c8a6124-3f5a-41d2-8165-4aa1878f20f6 req-eb6f4188-6d8e-4bd7-ac88-3d4946a8b720 8b2c835896054e4b8e42633158caed8c 6f51b68a550a4780931a8279c67c4a6b - - 85fdc23793004848b387229e7c025c91 85fdc23793004848b387229e7c025c91] 10.0.0.190 "PUT /allocations/563e311f-f964-4b79-a09f-eba7a2f00a47" status: 204 len: 0 microversion: 1.36 [pid: 7|app: 0|req: 512/1029] 10.0.0.190 () {38 vars in 913 bytes} [Thu Jul 23 06:14:34 2026] PUT /allocations/563e311f-f964-4b79-a09f-eba7a2f00a47 => generated 0 bytes in 64 msecs (HTTP/1.1 204) 5 headers in 199 bytes (1 switches on core 0)
2026-07-23 06:14:35.639 8 INFO placement.requestlog [req-5c8a6124-3f5a-41d2-8165-4aa1878f20f6 req-27a3b9af-aebd-4ebe-964a-146f776daf38 8b2c835896054e4b8e42633158caed8c 6f51b68a550a4780931a8279c67c4a6b - - 85fdc23793004848b387229e7c025c91 85fdc23793004848b387229e7c025c91] 199.204.45.227 "GET /allocations/563e311f-f964-4b79-a09f-eba7a2f00a47" status: 200 len: 258 microversion: 1.28 [pid: 8|app: 0|req: 518/1030] 199.204.45.227 () {34 vars in 862 bytes} [Thu Jul 23 06:14:35 2026] GET /allocations/563e311f-f964-4b79-a09f-eba7a2f00a47 => generated 258 bytes in 21 msecs (HTTP/1.1 200) 8 headers in 296 bytes (1 switches on core 0)
2026-07-23 06:14:36.684 7 INFO placement.requestlog [req-5c8a6124-3f5a-41d2-8165-4aa1878f20f6 req-79f6379e-739f-4e21-93b3-6350f8e32f0d 8b2c835896054e4b8e42633158caed8c 6f51b68a550a4780931a8279c67c4a6b - - 85fdc23793004848b387229e7c025c91 85fdc23793004848b387229e7c025c91] 199.204.45.227 "GET /resource_providers/e50228b6-3574-4176-b5a9-ce3233af65d5/allocations" status: 200 len: 153 microversion: 1.0 [pid: 7|app: 0|req: 513/1031] 199.204.45.227 () {32 vars in 856 bytes} [Thu Jul 23 06:14:36 2026] GET /resource_providers/e50228b6-3574-4176-b5a9-ce3233af65d5/allocations => generated 153 bytes in 17 msecs (HTTP/1.1 200) 6 headers in 224 bytes (1 switches on core 0)
2026-07-23 06:14:36.703 8 INFO placement.requestlog [req-5c8a6124-3f5a-41d2-8165-4aa1878f20f6 req-e478c73d-21e0-4766-b625-a0b8a5f62a23 8b2c835896054e4b8e42633158caed8c 6f51b68a550a4780931a8279c67c4a6b - - 85fdc23793004848b387229e7c025c91 85fdc23793004848b387229e7c025c91] 199.204.45.227 "GET /allocations/563e311f-f964-4b79-a09f-eba7a2f00a47" status: 200 len: 258 microversion: 1.28 [pid: 8|app: 0|req: 519/1032] 199.204.45.227 () {34 vars in 862 bytes} [Thu Jul 23 06:14:36 2026] GET /allocations/563e311f-f964-4b79-a09f-eba7a2f00a47 => generated 258 bytes in 12 msecs (HTTP/1.1 200) 8 headers in 296 bytes (1 switches on core 0)
2026-07-23 06:14:37.768 7 INFO placement.requestlog [None req-4f36e1de-eaba-4fd6-b493-c42da0db9c10 - - - - - -] 10.0.0.105 "GET /" status: 200 len: 136 microversion: 1.0
2026-07-23 06:14:37.768 8 INFO placement.requestlog [None req-83b7835e-dab9-4332-b640-46f6b3ba583b - - - - - -] 10.0.0.105 "GET /" status: 200 len: 136 microversion: 1.0
2026-07-23 06:14:44.971 7 INFO placement.requestlog [None req-e4413b4b-d882-45c6-92f5-35b9607ccbb7 112ef9c890a242e89bcbdf1d11235d1a 6f51b68a550a4780931a8279c67c4a6b - - 85fdc23793004848b387229e7c025c91 85fdc23793004848b387229e7c025c91] 10.0.0.1 "GET /resource_providers/7f3a2262-f05e-4ec3-afab-3457136f9a0c/aggregates" status: 404 len: 235 microversion: 1.1 [pid: 7|app: 0|req: 515/1035] 10.0.0.1 () {32 vars in 813 bytes} [Thu Jul 23 06:14:44 2026] GET /resource_providers/7f3a2262-f05e-4ec3-afab-3457136f9a0c/aggregates => generated 235 bytes in 11 msecs (HTTP/1.1 404) 5 headers in 202 bytes (1 switches on core 0)
2026-07-23 06:14:44.972 8 INFO placement.requestlog [None req-9c6cfc3c-254d-423f-8019-571a714c0581 112ef9c890a242e89bcbdf1d11235d1a 6f51b68a550a4780931a8279c67c4a6b - - 85fdc23793004848b387229e7c025c91 85fdc23793004848b387229e7c025c91] 10.0.0.1 "GET /resource_providers/7f3a2262-f05e-4ec3-afab-3457136f9a0c/aggregates" status: 404 len: 235 microversion: 1.1 [pid: 8|app: 0|req: 521/1036] 10.0.0.1 () {32 vars in 813 bytes} [Thu Jul 23 06:14:44 2026] GET /resource_providers/7f3a2262-f05e-4ec3-afab-3457136f9a0c/aggregates => generated 235 bytes in 11 msecs (HTTP/1.1 404) 5 headers in 202 bytes (1 switches on core 0)
2026-07-23 06:14:44.996 8 INFO placement.requestlog [None req-d5c70ea4-8752-4ab8-83e7-bb2ed757c038 112ef9c890a242e89bcbdf1d11235d1a 6f51b68a550a4780931a8279c67c4a6b - - 85fdc23793004848b387229e7c025c91 85fdc23793004848b387229e7c025c91] 10.0.0.1 "DELETE /resource_providers/7f3a2262-f05e-4ec3-afab-3457136f9a0c" status: 404 len: 246 microversion: 1.1 [pid: 8|app: 0|req: 522/1037] 10.0.0.1 () {34 vars in 813 bytes} [Thu Jul 23 06:14:44 2026] DELETE /resource_providers/7f3a2262-f05e-4ec3-afab-3457136f9a0c => generated 246 bytes in 13 msecs (HTTP/1.1 404) 6 headers in 231 bytes (1 switches on core 0)
2026-07-23 06:14:44.997 7 INFO placement.requestlog [None req-5711a038-8003-4eba-95ea-de2b3c871c31 112ef9c890a242e89bcbdf1d11235d1a 6f51b68a550a4780931a8279c67c4a6b - - 85fdc23793004848b387229e7c025c91 85fdc23793004848b387229e7c025c91] 10.0.0.1 "DELETE /resource_providers/7f3a2262-f05e-4ec3-afab-3457136f9a0c" status: 404 len: 246 microversion: 1.1 [pid: 7|app: 0|req: 516/1038] 10.0.0.1 () {34 vars in 813 bytes} [Thu Jul 23 06:14:44 2026] DELETE /resource_providers/7f3a2262-f05e-4ec3-afab-3457136f9a0c => generated 246 bytes in 15 msecs (HTTP/1.1 404) 6 headers in 231 bytes (1 switches on core 0)
2026-07-23 06:14:46.592 8 INFO placement.requestlog [req-079ed595-f82f-48bb-bdd2-a0481c3627fd req-e9dcc1f8-c759-45db-9672-7d2ff5eaea1e 8b2c835896054e4b8e42633158caed8c 6f51b68a550a4780931a8279c67c4a6b - - 85fdc23793004848b387229e7c025c91 85fdc23793004848b387229e7c025c91] 10.0.0.190 "GET /allocation_candidates?limit=1000&resources=DISK_GB%3A1%2CMEMORY_MB%3A512%2CVCPU%3A1&root_required=%21COMPUTE_STATUS_DISABLED" status: 200 len: 2783 microversion: 1.36 [pid: 8|app: 0|req: 523/1039] 10.0.0.190 () {34 vars in 1011 bytes} [Thu Jul 23 06:14:46 2026] GET /allocation_candidates?limit=1000&resources=DISK_GB%3A1%2CMEMORY_MB%3A512%2CVCPU%3A1&root_required=%21COMPUTE_STATUS_DISABLED => generated 2783 bytes in 65 msecs (HTTP/1.1 200) 8 headers in 297 bytes (1 switches on core 0)
2026-07-23 06:14:46.644 7 INFO placement.requestlog [req-079ed595-f82f-48bb-bdd2-a0481c3627fd req-a7f6cb60-5e4a-458e-bc1b-e9893dc43dd9 8b2c835896054e4b8e42633158caed8c 6f51b68a550a4780931a8279c67c4a6b - - 85fdc23793004848b387229e7c025c91 85fdc23793004848b387229e7c025c91] 10.0.0.190 "GET /allocations/448b4d89-8ef8-479a-8b57-4586f5fdcd76" status: 200 len: 19 microversion: 1.28 [pid: 7|app: 0|req: 517/1040] 10.0.0.190 () {34 vars in 860 bytes} [Thu Jul 23 06:14:46 2026] GET /allocations/448b4d89-8ef8-479a-8b57-4586f5fdcd76 => generated 19 bytes in 14 msecs (HTTP/1.1 200) 8 headers in 295 bytes (1 switches on core 0)
2026-07-23 06:14:46.726 8 INFO placement.requestlog [req-079ed595-f82f-48bb-bdd2-a0481c3627fd req-1bdacf23-ab9c-4167-9d91-451f7abfc3df 8b2c835896054e4b8e42633158caed8c 6f51b68a550a4780931a8279c67c4a6b - - 85fdc23793004848b387229e7c025c91 85fdc23793004848b387229e7c025c91] 10.0.0.190 "PUT /allocations/448b4d89-8ef8-479a-8b57-4586f5fdcd76" status: 204 len: 0 microversion: 1.36 [pid: 8|app: 0|req: 524/1041] 10.0.0.190 () {38 vars in 913 bytes} [Thu Jul 23 06:14:46 2026] PUT /allocations/448b4d89-8ef8-479a-8b57-4586f5fdcd76 => generated 0 bytes in 76 msecs (HTTP/1.1 204) 5 headers in 199 bytes (1 switches on core 0)
2026-07-23 06:14:47.766 7 INFO placement.requestlog [None req-5875b334-0a5d-4f9e-a062-df01b887a5fb - - - - - -] 10.0.0.105 "GET /" status: 200 len: 136 microversion: 1.0
2026-07-23 06:14:47.767 8 INFO placement.requestlog [None req-9866fcfd-d806-416e-89dd-d0d452be9e75 - - - - - -] 10.0.0.105 "GET /" status: 200 len: 136 microversion: 1.0
2026-07-23 06:14:48.193 7 INFO placement.requestlog [req-079ed595-f82f-48bb-bdd2-a0481c3627fd req-69e12ae7-a721-4153-87b4-e1028b85c7e9 8b2c835896054e4b8e42633158caed8c 6f51b68a550a4780931a8279c67c4a6b - - 85fdc23793004848b387229e7c025c91 85fdc23793004848b387229e7c025c91] 199.204.45.227 "GET /allocations/448b4d89-8ef8-479a-8b57-4586f5fdcd76" status: 200 len: 258 microversion: 1.28 [pid: 7|app: 0|req: 519/1044] 199.204.45.227 () {34 vars in 862 bytes} [Thu Jul 23 06:14:48 2026] GET /allocations/448b4d89-8ef8-479a-8b57-4586f5fdcd76 => generated 258 bytes in 16 msecs (HTTP/1.1 200) 8 headers in 296 bytes (1 switches on core 0)
2026-07-23 06:14:49.245 8 INFO placement.requestlog [req-079ed595-f82f-48bb-bdd2-a0481c3627fd req-4cc443b4-5c72-48df-9ff9-d64ee544f0df 8b2c835896054e4b8e42633158caed8c 6f51b68a550a4780931a8279c67c4a6b - - 85fdc23793004848b387229e7c025c91 85fdc23793004848b387229e7c025c91] 199.204.45.227 "GET /resource_providers/e50228b6-3574-4176-b5a9-ce3233af65d5/allocations" status: 200 len: 253 microversion: 1.0 [pid: 8|app: 0|req: 526/1045] 199.204.45.227 () {32 vars in 856 bytes} [Thu Jul 23 06:14:49 2026] GET /resource_providers/e50228b6-3574-4176-b5a9-ce3233af65d5/allocations => generated 253 bytes in 25 msecs (HTTP/1.1 200) 6 headers in 224 bytes (1 switches on core 0)
2026-07-23 06:14:49.262 7 INFO placement.requestlog [req-079ed595-f82f-48bb-bdd2-a0481c3627fd req-848f314c-ef2e-4ed2-aa48-4e00a7de2a28 8b2c835896054e4b8e42633158caed8c 6f51b68a550a4780931a8279c67c4a6b - - 85fdc23793004848b387229e7c025c91 85fdc23793004848b387229e7c025c91] 199.204.45.227 "GET /allocations/563e311f-f964-4b79-a09f-eba7a2f00a47" status: 200 len: 258 microversion: 1.28 [pid: 7|app: 0|req: 520/1046] 199.204.45.227 () {34 vars in 862 bytes} [Thu Jul 23 06:14:49 2026] GET /allocations/563e311f-f964-4b79-a09f-eba7a2f00a47 => generated 258 bytes in 13 msecs (HTTP/1.1 200) 8 headers in 296 bytes (1 switches on core 0)
2026-07-23 06:14:49.281 8 INFO placement.requestlog [req-079ed595-f82f-48bb-bdd2-a0481c3627fd req-0928c178-24e9-46ee-a9df-d79a76408342 8b2c835896054e4b8e42633158caed8c 6f51b68a550a4780931a8279c67c4a6b - - 85fdc23793004848b387229e7c025c91 85fdc23793004848b387229e7c025c91] 199.204.45.227 "GET /allocations/448b4d89-8ef8-479a-8b57-4586f5fdcd76" status: 200 len: 258 microversion: 1.28 [pid: 8|app: 0|req: 527/1047] 199.204.45.227 () {34 vars in 862 bytes} [Thu Jul 23 06:14:49 2026] GET /allocations/448b4d89-8ef8-479a-8b57-4586f5fdcd76 => generated 258 bytes in 12 msecs (HTTP/1.1 200) 8 headers in 296 bytes (1 switches on core 0)
2026-07-23 06:14:57.769 7 INFO placement.requestlog [None req-0682d7fd-cdfb-4356-be39-16a38a33491a - - - - - -] 10.0.0.105 "GET /" status: 200 len: 136 microversion: 1.0
2026-07-23 06:14:57.774 8 INFO placement.requestlog [None req-a30865bb-85e7-40d8-85af-dc1d7f8d186c - - - - - -] 10.0.0.105 "GET /" status: 200 len: 136 microversion: 1.0
2026-07-23 06:15:04.613 7 INFO placement.requestlog [req-15d2039e-c173-42ca-96e1-3e5aae465690 req-c456a645-d163-4ef1-9791-b9dbea665353 8b2c835896054e4b8e42633158caed8c 6f51b68a550a4780931a8279c67c4a6b - - 85fdc23793004848b387229e7c025c91 85fdc23793004848b387229e7c025c91] 10.0.0.190 "GET /allocation_candidates?limit=1000&resources=DISK_GB%3A1%2CMEMORY_MB%3A512%2CVCPU%3A1&root_required=%21COMPUTE_STATUS_DISABLED" status: 200 len: 2784 microversion: 1.36 [pid: 7|app: 0|req: 522/1050] 10.0.0.190 () {34 vars in 1011 bytes} [Thu Jul 23 06:15:04 2026] GET /allocation_candidates?limit=1000&resources=DISK_GB%3A1%2CMEMORY_MB%3A512%2CVCPU%3A1&root_required=%21COMPUTE_STATUS_DISABLED => generated 2784 bytes in 49 msecs (HTTP/1.1 200) 8 headers in 297 bytes (1 switches on core 0)
2026-07-23 06:15:04.668 8 INFO placement.requestlog [req-15d2039e-c173-42ca-96e1-3e5aae465690 req-0347efac-265b-461e-98af-16bf6b69e904 8b2c835896054e4b8e42633158caed8c 6f51b68a550a4780931a8279c67c4a6b - - 85fdc23793004848b387229e7c025c91 85fdc23793004848b387229e7c025c91] 10.0.0.190 "GET /allocations/e085c1e2-81bb-4674-8d67-ddd67bc4a47c" status: 200 len: 19 microversion: 1.28 [pid: 8|app: 0|req: 529/1051] 10.0.0.190 () {34 vars in 860 bytes} [Thu Jul 23 06:15:04 2026] GET /allocations/e085c1e2-81bb-4674-8d67-ddd67bc4a47c => generated 19 bytes in 12 msecs (HTTP/1.1 200) 8 headers in 295 bytes (1 switches on core 0)
2026-07-23 06:15:04.728 7 INFO placement.requestlog [req-15d2039e-c173-42ca-96e1-3e5aae465690 req-4fdebcdd-e4d7-4782-be1b-1cbcb8a3d560 8b2c835896054e4b8e42633158caed8c 6f51b68a550a4780931a8279c67c4a6b - - 85fdc23793004848b387229e7c025c91 85fdc23793004848b387229e7c025c91] 10.0.0.190 "PUT /allocations/e085c1e2-81bb-4674-8d67-ddd67bc4a47c" status: 204 len: 0 microversion: 1.36 [pid: 7|app: 0|req: 523/1052] 10.0.0.190 () {38 vars in 913 bytes} [Thu Jul 23 06:15:04 2026] PUT /allocations/e085c1e2-81bb-4674-8d67-ddd67bc4a47c => generated 0 bytes in 53 msecs (HTTP/1.1 204) 5 headers in 199 bytes (1 switches on core 0)
2026-07-23 06:15:06.428 8 INFO placement.requestlog [req-15d2039e-c173-42ca-96e1-3e5aae465690 req-121d21a1-f864-4cf4-8588-51c539a7d023 8b2c835896054e4b8e42633158caed8c 6f51b68a550a4780931a8279c67c4a6b - - 85fdc23793004848b387229e7c025c91 85fdc23793004848b387229e7c025c91] 199.204.45.227 "GET /allocations/e085c1e2-81bb-4674-8d67-ddd67bc4a47c" status: 200 len: 258 microversion: 1.28 [pid: 8|app: 0|req: 530/1053] 199.204.45.227 () {34 vars in 862 bytes} [Thu Jul 23 06:15:06 2026] GET /allocations/e085c1e2-81bb-4674-8d67-ddd67bc4a47c => generated 258 bytes in 21 msecs (HTTP/1.1 200) 8 headers in 296 bytes (1 switches on core 0)
2026-07-23 06:15:07.498 7 INFO placement.requestlog [req-15d2039e-c173-42ca-96e1-3e5aae465690 req-67e4e4fa-9b6f-4cf4-a022-b3800b5feece 8b2c835896054e4b8e42633158caed8c 6f51b68a550a4780931a8279c67c4a6b - - 85fdc23793004848b387229e7c025c91 85fdc23793004848b387229e7c025c91] 199.204.45.227 "GET /resource_providers/e50228b6-3574-4176-b5a9-ce3233af65d5/allocations" status: 200 len: 353 microversion: 1.0 [pid: 7|app: 0|req: 524/1054] 199.204.45.227 () {32 vars in 856 bytes} [Thu Jul 23 06:15:07 2026] GET /resource_providers/e50228b6-3574-4176-b5a9-ce3233af65d5/allocations => generated 353 bytes in 40 msecs (HTTP/1.1 200) 6 headers in 224 bytes (1 switches on core 0)
2026-07-23 06:15:07.533 8 INFO placement.requestlog [req-15d2039e-c173-42ca-96e1-3e5aae465690 req-84b9b14e-e629-4eef-84e5-b2b7cd8f241d 8b2c835896054e4b8e42633158caed8c 6f51b68a550a4780931a8279c67c4a6b - - 85fdc23793004848b387229e7c025c91 85fdc23793004848b387229e7c025c91] 199.204.45.227 "GET /allocations/e085c1e2-81bb-4674-8d67-ddd67bc4a47c" status: 200 len: 258 microversion: 1.28 [pid: 8|app: 0|req: 531/1055] 199.204.45.227 () {34 vars in 862 bytes} [Thu Jul 23 06:15:07 2026] GET /allocations/e085c1e2-81bb-4674-8d67-ddd67bc4a47c => generated 258 bytes in 28 msecs (HTTP/1.1 200) 8 headers in 296 bytes (1 switches on core 0)
2026-07-23 06:15:07.574 7 INFO placement.requestlog [req-15d2039e-c173-42ca-96e1-3e5aae465690 req-68a86603-aad9-427a-afb7-7abb4c759723 8b2c835896054e4b8e42633158caed8c 6f51b68a550a4780931a8279c67c4a6b - - 85fdc23793004848b387229e7c025c91 85fdc23793004848b387229e7c025c91] 199.204.45.227 "GET /allocations/563e311f-f964-4b79-a09f-eba7a2f00a47" status: 200 len: 258 microversion: 1.28 [pid: 7|app: 0|req: 525/1056] 199.204.45.227 () {34 vars in 862 bytes} [Thu Jul 23 06:15:07 2026] GET /allocations/563e311f-f964-4b79-a09f-eba7a2f00a47 => generated 258 bytes in 38 msecs (HTTP/1.1 200) 8 headers in 296 bytes (1 switches on core 0)
2026-07-23 06:15:07.604 8 INFO placement.requestlog [req-15d2039e-c173-42ca-96e1-3e5aae465690 req-49369894-2a5d-4a82-8cae-d35722d13365 8b2c835896054e4b8e42633158caed8c 6f51b68a550a4780931a8279c67c4a6b - - 85fdc23793004848b387229e7c025c91 85fdc23793004848b387229e7c025c91] 199.204.45.227 "GET /allocations/448b4d89-8ef8-479a-8b57-4586f5fdcd76" status: 200 len: 258 microversion: 1.28 [pid: 8|app: 0|req: 532/1057] 199.204.45.227 () {34 vars in 862 bytes} [Thu Jul 23 06:15:07 2026] GET /allocations/448b4d89-8ef8-479a-8b57-4586f5fdcd76 => generated 258 bytes in 22 msecs (HTTP/1.1 200) 8 headers in 296 bytes (1 switches on core 0)
2026-07-23 06:15:07.766 7 INFO placement.requestlog [None req-1a8a5042-c03a-49de-b4bb-c4ea0734fba3 - - - - - -] 10.0.0.105 "GET /" status: 200 len: 136 microversion: 1.0
2026-07-23 06:15:07.768 8 INFO placement.requestlog [None req-5cfd3e73-aceb-4c0d-b4c2-94b523b82d37 - - - - - -] 10.0.0.105 "GET /" status: 200 len: 136 microversion: 1.0
2026-07-23 06:15:17.766 8 INFO placement.requestlog [None req-68cdee6c-8810-4381-93d0-5006d45d2567 - - - - - -] 10.0.0.105 "GET /" status: 200 len: 136 microversion: 1.0
2026-07-23 06:15:17.767 7 INFO placement.requestlog [None req-cd309edc-f7c7-44d6-b109-3aab0c8be180 - - - - - -] 10.0.0.105 "GET /" status: 200 len: 136 microversion: 1.0
2026-07-23 06:15:24.443 8 INFO placement.requestlog [req-5feaa53a-4ed1-4070-9491-ff78b33a33c1 req-abaf0939-89a6-42f1-b5e4-e2af640df46d 8b2c835896054e4b8e42633158caed8c 6f51b68a550a4780931a8279c67c4a6b - - 85fdc23793004848b387229e7c025c91 85fdc23793004848b387229e7c025c91] 199.204.45.227 "GET /resource_providers/e50228b6-3574-4176-b5a9-ce3233af65d5/allocations" status: 200 len: 353 microversion: 1.0 [pid: 8|app: 0|req: 535/1062] 199.204.45.227 () {32 vars in 856 bytes} [Thu Jul 23 06:15:24 2026] GET /resource_providers/e50228b6-3574-4176-b5a9-ce3233af65d5/allocations => generated 353 bytes in 24 msecs (HTTP/1.1 200) 6 headers in 224 bytes (1 switches on core 0)
2026-07-23 06:15:24.486 7 INFO placement.requestlog [req-5feaa53a-4ed1-4070-9491-ff78b33a33c1 req-fb107f78-b955-4b4a-a932-7c64ad59cacb 8b2c835896054e4b8e42633158caed8c 6f51b68a550a4780931a8279c67c4a6b - - 85fdc23793004848b387229e7c025c91 85fdc23793004848b387229e7c025c91] 199.204.45.227 "GET /allocations/e085c1e2-81bb-4674-8d67-ddd67bc4a47c" status: 200 len: 258 microversion: 1.28 [pid: 7|app: 0|req: 528/1063] 199.204.45.227 () {34 vars in 862 bytes} [Thu Jul 23 06:15:24 2026] GET /allocations/e085c1e2-81bb-4674-8d67-ddd67bc4a47c => generated 258 bytes in 31 msecs (HTTP/1.1 200) 8 headers in 296 bytes (1 switches on core 0)
2026-07-23 06:15:24.517 8 INFO placement.requestlog [req-5feaa53a-4ed1-4070-9491-ff78b33a33c1 req-a575048f-b61e-4032-a50a-b5c55a8a2bfa 8b2c835896054e4b8e42633158caed8c 6f51b68a550a4780931a8279c67c4a6b - - 85fdc23793004848b387229e7c025c91 85fdc23793004848b387229e7c025c91] 199.204.45.227 "GET /allocations/563e311f-f964-4b79-a09f-eba7a2f00a47" status: 200 len: 258 microversion: 1.28 [pid: 8|app: 0|req: 536/1064] 199.204.45.227 () {34 vars in 862 bytes} [Thu Jul 23 06:15:24 2026] GET /allocations/563e311f-f964-4b79-a09f-eba7a2f00a47 => generated 258 bytes in 19 msecs (HTTP/1.1 200) 8 headers in 296 bytes (1 switches on core 0)
2026-07-23 06:15:24.539 7 INFO placement.requestlog [req-5feaa53a-4ed1-4070-9491-ff78b33a33c1 req-c9a69e60-392a-4497-a707-c3d81cc9703c 8b2c835896054e4b8e42633158caed8c 6f51b68a550a4780931a8279c67c4a6b - - 85fdc23793004848b387229e7c025c91 85fdc23793004848b387229e7c025c91] 199.204.45.227 "GET /allocations/448b4d89-8ef8-479a-8b57-4586f5fdcd76" status: 200 len: 258 microversion: 1.28 [pid: 7|app: 0|req: 529/1065] 199.204.45.227 () {34 vars in 862 bytes} [Thu Jul 23 06:15:24 2026] GET /allocations/448b4d89-8ef8-479a-8b57-4586f5fdcd76 => generated 258 bytes in 17 msecs (HTTP/1.1 200) 8 headers in 296 bytes (1 switches on core 0)
2026-07-23 06:15:25.599 8 INFO placement.requestlog [req-5feaa53a-4ed1-4070-9491-ff78b33a33c1 req-33a5b49d-68a3-4e28-8b5e-f5b87093ae77 8b2c835896054e4b8e42633158caed8c 6f51b68a550a4780931a8279c67c4a6b - - 85fdc23793004848b387229e7c025c91 85fdc23793004848b387229e7c025c91] 199.204.45.227 "DELETE /allocations/448b4d89-8ef8-479a-8b57-4586f5fdcd76" status: 204 len: 0 microversion: 1.0 [pid: 8|app: 0|req: 537/1066] 199.204.45.227 () {34 vars in 840 bytes} [Thu Jul 23 06:15:25 2026] DELETE /allocations/448b4d89-8ef8-479a-8b57-4586f5fdcd76 => generated 0 bytes in 30 msecs (HTTP/1.1 204) 5 headers in 198 bytes (1 switches on core 0)
2026-07-23 06:15:27.766 7 INFO placement.requestlog [None req-772f791a-9c4e-472b-a673-92cb7bb156da - - - - - -] 10.0.0.105 "GET /" status: 200 len: 136 microversion: 1.0
2026-07-23 06:15:27.767 8 INFO placement.requestlog [None req-bd3e335b-3dc7-446a-9387-a7468cea711b - - - - - -] 10.0.0.105 "GET /" status: 200 len: 136 microversion: 1.0
2026-07-23 06:15:30.604 7 INFO placement.requestlog [req-560cc51e-bfa9-4cf2-88d0-ee90a6624d78 req-f590a7e8-700e-4240-a56b-38b520bf213a 8b2c835896054e4b8e42633158caed8c 6f51b68a550a4780931a8279c67c4a6b - - 85fdc23793004848b387229e7c025c91 85fdc23793004848b387229e7c025c91] 199.204.45.227 "GET /resource_providers/e50228b6-3574-4176-b5a9-ce3233af65d5/allocations" status: 200 len: 253 microversion: 1.0 [pid: 7|app: 0|req: 531/1069] 199.204.45.227 () {32 vars in 856 bytes} [Thu Jul 23 06:15:30 2026] GET /resource_providers/e50228b6-3574-4176-b5a9-ce3233af65d5/allocations => generated 253 bytes in 51 msecs (HTTP/1.1 200) 6 headers in 224 bytes (1 switches on core 0)
2026-07-23 06:15:30.629 8 INFO placement.requestlog [req-560cc51e-bfa9-4cf2-88d0-ee90a6624d78 req-d289ed4d-7c8a-43b4-8ba6-e67bf63f7ebd 8b2c835896054e4b8e42633158caed8c 6f51b68a550a4780931a8279c67c4a6b - - 85fdc23793004848b387229e7c025c91 85fdc23793004848b387229e7c025c91] 199.204.45.227 "GET /resource_providers/e50228b6-3574-4176-b5a9-ce3233af65d5/allocations" status: 200 len: 253 microversion: 1.0 [pid: 8|app: 0|req: 539/1070] 199.204.45.227 () {32 vars in 856 bytes} [Thu Jul 23 06:15:30 2026] GET /resource_providers/e50228b6-3574-4176-b5a9-ce3233af65d5/allocations => generated 253 bytes in 15 msecs (HTTP/1.1 200) 6 headers in 224 bytes (1 switches on core 0)
2026-07-23 06:15:30.665 7 INFO placement.requestlog [req-560cc51e-bfa9-4cf2-88d0-ee90a6624d78 req-bf09ea1a-6663-4b58-9f18-2509fab79cdc 8b2c835896054e4b8e42633158caed8c 6f51b68a550a4780931a8279c67c4a6b - - 85fdc23793004848b387229e7c025c91 85fdc23793004848b387229e7c025c91] 199.204.45.227 "GET /allocations/e085c1e2-81bb-4674-8d67-ddd67bc4a47c" status: 200 len: 258 microversion: 1.28 [pid: 7|app: 0|req: 532/1071] 199.204.45.227 () {34 vars in 862 bytes} [Thu Jul 23 06:15:30 2026] GET /allocations/e085c1e2-81bb-4674-8d67-ddd67bc4a47c => generated 258 bytes in 30 msecs (HTTP/1.1 200) 8 headers in 296 bytes (1 switches on core 0)
2026-07-23 06:15:30.685 8 INFO placement.requestlog [req-560cc51e-bfa9-4cf2-88d0-ee90a6624d78 req-69244439-affc-4020-ac82-5ac28e38d514 8b2c835896054e4b8e42633158caed8c 6f51b68a550a4780931a8279c67c4a6b - - 85fdc23793004848b387229e7c025c91 85fdc23793004848b387229e7c025c91] 199.204.45.227 "GET /allocations/563e311f-f964-4b79-a09f-eba7a2f00a47" status: 200 len: 258 microversion: 1.28 [pid: 8|app: 0|req: 540/1072] 199.204.45.227 () {34 vars in 862 bytes} [Thu Jul 23 06:15:30 2026] GET /allocations/563e311f-f964-4b79-a09f-eba7a2f00a47 => generated 258 bytes in 14 msecs (HTTP/1.1 200) 8 headers in 296 bytes (1 switches on core 0)
2026-07-23 06:15:30.693 8 INFO placement.requestlog [None req-8889c551-0651-4d19-8ff7-e522801d41e3 112ef9c890a242e89bcbdf1d11235d1a 6f51b68a550a4780931a8279c67c4a6b - - 85fdc23793004848b387229e7c025c91 85fdc23793004848b387229e7c025c91] 10.0.0.1 "GET /resource_providers/d623e4c1-b50e-4521-a385-1ffb0a1c3adb/aggregates" status: 404 len: 235 microversion: 1.1 [pid: 8|app: 0|req: 541/1073] 10.0.0.1 () {32 vars in 813 bytes} [Thu Jul 23 06:15:30 2026] GET /resource_providers/d623e4c1-b50e-4521-a385-1ffb0a1c3adb/aggregates => generated 235 bytes in 7 msecs (HTTP/1.1 404) 5 headers in 202 bytes (1 switches on core 0)
2026-07-23 06:15:30.694 7 INFO placement.requestlog [None req-5e5092e9-781c-4ceb-a366-b18a6ea8f743 112ef9c890a242e89bcbdf1d11235d1a 6f51b68a550a4780931a8279c67c4a6b - - 85fdc23793004848b387229e7c025c91 85fdc23793004848b387229e7c025c91] 10.0.0.1 "GET /resource_providers/d623e4c1-b50e-4521-a385-1ffb0a1c3adb/aggregates" status: 404 len: 235 microversion: 1.1 [pid: 7|app: 0|req: 533/1074] 10.0.0.1 () {32 vars in 813 bytes} [Thu Jul 23 06:15:30 2026] GET /resource_providers/d623e4c1-b50e-4521-a385-1ffb0a1c3adb/aggregates => generated 235 bytes in 17 msecs (HTTP/1.1 404) 5 headers in 202 bytes (1 switches on core 0)
2026-07-23 06:15:30.721 8 INFO placement.requestlog [None req-58116a5f-bb48-4feb-b13f-69b97c35a85a 112ef9c890a242e89bcbdf1d11235d1a 6f51b68a550a4780931a8279c67c4a6b - - 85fdc23793004848b387229e7c025c91 85fdc23793004848b387229e7c025c91] 10.0.0.1 "DELETE /resource_providers/d623e4c1-b50e-4521-a385-1ffb0a1c3adb" status: 404 len: 246 microversion: 1.1 [pid: 8|app: 0|req: 542/1075] 10.0.0.1 () {34 vars in 813 bytes} [Thu Jul 23 06:15:30 2026] DELETE /resource_providers/d623e4c1-b50e-4521-a385-1ffb0a1c3adb => generated 246 bytes in 14 msecs (HTTP/1.1 404) 6 headers in 231 bytes (1 switches on core 0)
2026-07-23 06:15:30.722 7 INFO placement.requestlog [None req-f557079b-9077-4f6e-b14c-fdeb4ab94d43 112ef9c890a242e89bcbdf1d11235d1a 6f51b68a550a4780931a8279c67c4a6b - - 85fdc23793004848b387229e7c025c91 85fdc23793004848b387229e7c025c91] 10.0.0.1 "DELETE /resource_providers/d623e4c1-b50e-4521-a385-1ffb0a1c3adb" status: 404 len: 246 microversion: 1.1 [pid: 7|app: 0|req: 534/1076] 10.0.0.1 () {34 vars in 813 bytes} [Thu Jul 23 06:15:30 2026] DELETE /resource_providers/d623e4c1-b50e-4521-a385-1ffb0a1c3adb => generated 246 bytes in 14 msecs (HTTP/1.1 404) 6 headers in 231 bytes (1 switches on core 0)
2026-07-23 06:15:35.240 8 INFO placement.requestlog [None req-a6c066d8-ab43-47d0-b060-be5a93c9ed84 112ef9c890a242e89bcbdf1d11235d1a 6f51b68a550a4780931a8279c67c4a6b - - 85fdc23793004848b387229e7c025c91 85fdc23793004848b387229e7c025c91] 10.0.0.1 "GET /resource_providers/31a31cc2-30be-4146-ad14-944347b0afe7/aggregates" status: 404 len: 235 microversion: 1.1 [pid: 8|app: 0|req: 543/1077] 10.0.0.1 () {32 vars in 813 bytes} [Thu Jul 23 06:15:35 2026] GET /resource_providers/31a31cc2-30be-4146-ad14-944347b0afe7/aggregates => generated 235 bytes in 11 msecs (HTTP/1.1 404) 5 headers in 202 bytes (1 switches on core 0)
2026-07-23 06:15:35.250 7 INFO placement.requestlog [None req-216987e3-56db-4862-8612-d22eb35da01f 112ef9c890a242e89bcbdf1d11235d1a 6f51b68a550a4780931a8279c67c4a6b - - 85fdc23793004848b387229e7c025c91 85fdc23793004848b387229e7c025c91] 10.0.0.1 "GET /resource_providers/31a31cc2-30be-4146-ad14-944347b0afe7/aggregates" status: 404 len: 235 microversion: 1.1 [pid: 7|app: 0|req: 535/1078] 10.0.0.1 () {32 vars in 813 bytes} [Thu Jul 23 06:15:35 2026] GET /resource_providers/31a31cc2-30be-4146-ad14-944347b0afe7/aggregates => generated 235 bytes in 12 msecs (HTTP/1.1 404) 5 headers in 202 bytes (1 switches on core 0)
2026-07-23 06:15:35.268 8 INFO placement.requestlog [None req-7a64bb3a-b6de-4aa0-a5cd-d197f7476e03 112ef9c890a242e89bcbdf1d11235d1a 6f51b68a550a4780931a8279c67c4a6b - - 85fdc23793004848b387229e7c025c91 85fdc23793004848b387229e7c025c91] 10.0.0.1 "DELETE /resource_providers/31a31cc2-30be-4146-ad14-944347b0afe7" status: 404 len: 246 microversion: 1.1 [pid: 8|app: 0|req: 544/1079] 10.0.0.1 () {34 vars in 813 bytes} [Thu Jul 23 06:15:35 2026] DELETE /resource_providers/31a31cc2-30be-4146-ad14-944347b0afe7 => generated 246 bytes in 11 msecs (HTTP/1.1 404) 6 headers in 231 bytes (1 switches on core 0)
2026-07-23 06:15:35.288 7 INFO placement.requestlog [None req-269d44fa-97c5-446e-8470-04bab5a1f600 112ef9c890a242e89bcbdf1d11235d1a 6f51b68a550a4780931a8279c67c4a6b - - 85fdc23793004848b387229e7c025c91 85fdc23793004848b387229e7c025c91] 10.0.0.1 "DELETE /resource_providers/31a31cc2-30be-4146-ad14-944347b0afe7" status: 404 len: 246 microversion: 1.1 [pid: 7|app: 0|req: 536/1080] 10.0.0.1 () {34 vars in 813 bytes} [Thu Jul 23 06:15:35 2026] DELETE /resource_providers/31a31cc2-30be-4146-ad14-944347b0afe7 => generated 246 bytes in 12 msecs (HTTP/1.1 404) 6 headers in 231 bytes (1 switches on core 0)
2026-07-23 06:15:37.766 8 INFO placement.requestlog [None req-3de3513f-7478-4e19-9de1-f7bf133676d1 - - - - - -] 10.0.0.105 "GET /" status: 200 len: 136 microversion: 1.0
2026-07-23 06:15:37.766 7 INFO placement.requestlog [None req-9e6f1dd1-a58f-4e76-b70d-92d20e28dfcb - - - - - -] 10.0.0.105 "GET /" status: 200 len: 136 microversion: 1.0
