2026-07-25 18:00:22.701 8 INFO placement.requestlog [req-8637e985-0506-4b68-9a2d-b0192df25fb5 req-ed70d5e3-8106-48d2-8458-f04df6cc42b9 b6eeb7ee48f346d681a7abc1a454a430 dc943038c88f487db77d1ad8029d18e4 - - a9b6c9c0c8224fe5b89cd1ebacd5f9b4 a9b6c9c0c8224fe5b89cd1ebacd5f9b4] 199.204.45.44 "GET /resource_providers/80d64ffc-7243-49bd-9280-04c05686b01d/traits" status: 200 len: 2316 microversion: 1.6 [pid: 8|app: 0|req: 198/396] 199.204.45.44 () {34 vars in 889 bytes} [Sat Jul 25 18:00:22 2026] GET /resource_providers/80d64ffc-7243-49bd-9280-04c05686b01d/traits => generated 2316 bytes in 18 msecs (HTTP/1.1 200) 6 headers in 225 bytes (1 switches on core 0)
2026-07-25 18:00:22.722 7 INFO placement.requestlog [req-8637e985-0506-4b68-9a2d-b0192df25fb5 req-3d5cc3fd-7712-48fb-9b25-a376b26150d6 b6eeb7ee48f346d681a7abc1a454a430 dc943038c88f487db77d1ad8029d18e4 - - a9b6c9c0c8224fe5b89cd1ebacd5f9b4 a9b6c9c0c8224fe5b89cd1ebacd5f9b4] 199.204.45.44 "GET /resource_providers/80d64ffc-7243-49bd-9280-04c05686b01d/allocations" status: 200 len: 54 microversion: 1.0 [pid: 7|app: 0|req: 199/397] 199.204.45.44 () {32 vars in 856 bytes} [Sat Jul 25 18:00:22 2026] GET /resource_providers/80d64ffc-7243-49bd-9280-04c05686b01d/allocations => generated 54 bytes in 13 msecs (HTTP/1.1 200) 6 headers in 223 bytes (1 switches on core 0)
2026-07-25 18:00:23.822 8 INFO placement.requestlog [req-2d6b88a5-3ab2-4fab-9dad-67c2897f0176 req-e2e73f03-9118-4813-b555-64b010bcb84f b6eeb7ee48f346d681a7abc1a454a430 dc943038c88f487db77d1ad8029d18e4 - - a9b6c9c0c8224fe5b89cd1ebacd5f9b4 a9b6c9c0c8224fe5b89cd1ebacd5f9b4] 10.0.0.61 "GET /allocation_candidates?limit=1000&resources=DISK_GB%3A1%2CMEMORY_MB%3A512%2CVCPU%3A1&root_required=%21COMPUTE_STATUS_DISABLED" status: 200 len: 2781 microversion: 1.36 [pid: 8|app: 0|req: 199/398] 10.0.0.61 () {34 vars in 1011 bytes} [Sat Jul 25 18:00:23 2026] GET /allocation_candidates?limit=1000&resources=DISK_GB%3A1%2CMEMORY_MB%3A512%2CVCPU%3A1&root_required=%21COMPUTE_STATUS_DISABLED => generated 2781 bytes in 124 msecs (HTTP/1.1 200) 8 headers in 297 bytes (1 switches on core 0)
2026-07-25 18:00:23.861 7 INFO placement.requestlog [req-2d6b88a5-3ab2-4fab-9dad-67c2897f0176 req-25199808-5b1a-4a3f-866e-109752fc4a6e b6eeb7ee48f346d681a7abc1a454a430 dc943038c88f487db77d1ad8029d18e4 - - a9b6c9c0c8224fe5b89cd1ebacd5f9b4 a9b6c9c0c8224fe5b89cd1ebacd5f9b4] 10.0.0.61 "GET /allocations/7683b921-7e1d-4be8-a718-9749356b273f" status: 200 len: 19 microversion: 1.28 [pid: 7|app: 0|req: 200/399] 10.0.0.61 () {34 vars in 860 bytes} [Sat Jul 25 18:00:23 2026] GET /allocations/7683b921-7e1d-4be8-a718-9749356b273f => generated 19 bytes in 13 msecs (HTTP/1.1 200) 8 headers in 295 bytes (1 switches on core 0)
2026-07-25 18:00:23.947 8 INFO placement.requestlog [req-2d6b88a5-3ab2-4fab-9dad-67c2897f0176 req-c8e21807-a485-427c-96ed-4bb325e7f031 b6eeb7ee48f346d681a7abc1a454a430 dc943038c88f487db77d1ad8029d18e4 - - a9b6c9c0c8224fe5b89cd1ebacd5f9b4 a9b6c9c0c8224fe5b89cd1ebacd5f9b4] 10.0.0.61 "PUT /allocations/7683b921-7e1d-4be8-a718-9749356b273f" status: 204 len: 0 microversion: 1.36 [pid: 8|app: 0|req: 200/400] 10.0.0.61 () {38 vars in 913 bytes} [Sat Jul 25 18:00:23 2026] PUT /allocations/7683b921-7e1d-4be8-a718-9749356b273f => generated 0 bytes in 82 msecs (HTTP/1.1 204) 5 headers in 199 bytes (1 switches on core 0)
2026-07-25 18:00:24.310 7 INFO placement.requestlog [req-950ec2b3-ba5e-41a1-a238-736b9774a3d8 req-7b192d5c-8fba-4baa-84b2-2ca5b1e311e4 b6eeb7ee48f346d681a7abc1a454a430 dc943038c88f487db77d1ad8029d18e4 - - a9b6c9c0c8224fe5b89cd1ebacd5f9b4 a9b6c9c0c8224fe5b89cd1ebacd5f9b4] 10.0.0.61 "GET /allocation_candidates?limit=1000&resources=DISK_GB%3A1%2CMEMORY_MB%3A512%2CVCPU%3A1&root_required=%21COMPUTE_STATUS_DISABLED" status: 200 len: 2783 microversion: 1.36 [pid: 7|app: 0|req: 201/401] 10.0.0.61 () {34 vars in 1011 bytes} [Sat Jul 25 18:00:24 2026] GET /allocation_candidates?limit=1000&resources=DISK_GB%3A1%2CMEMORY_MB%3A512%2CVCPU%3A1&root_required=%21COMPUTE_STATUS_DISABLED => generated 2783 bytes in 61 msecs (HTTP/1.1 200) 8 headers in 297 bytes (1 switches on core 0)
2026-07-25 18:00:24.365 8 INFO placement.requestlog [req-950ec2b3-ba5e-41a1-a238-736b9774a3d8 req-5297ef18-68c6-44c6-8a7b-8e8311be9da1 b6eeb7ee48f346d681a7abc1a454a430 dc943038c88f487db77d1ad8029d18e4 - - a9b6c9c0c8224fe5b89cd1ebacd5f9b4 a9b6c9c0c8224fe5b89cd1ebacd5f9b4] 10.0.0.61 "GET /allocations/b5d10e63-bd07-4665-9a1a-b6f072fac2cd" status: 200 len: 19 microversion: 1.28 [pid: 8|app: 0|req: 201/402] 10.0.0.61 () {34 vars in 860 bytes} [Sat Jul 25 18:00:24 2026] GET /allocations/b5d10e63-bd07-4665-9a1a-b6f072fac2cd => generated 19 bytes in 14 msecs (HTTP/1.1 200) 8 headers in 295 bytes (1 switches on core 0)
2026-07-25 18:00:24.449 7 INFO placement.requestlog [req-950ec2b3-ba5e-41a1-a238-736b9774a3d8 req-1feebf91-511b-4e9e-ab67-46fb06d54cf8 b6eeb7ee48f346d681a7abc1a454a430 dc943038c88f487db77d1ad8029d18e4 - - a9b6c9c0c8224fe5b89cd1ebacd5f9b4 a9b6c9c0c8224fe5b89cd1ebacd5f9b4] 10.0.0.61 "PUT /allocations/b5d10e63-bd07-4665-9a1a-b6f072fac2cd" status: 204 len: 0 microversion: 1.36 [pid: 7|app: 0|req: 202/403] 10.0.0.61 () {38 vars in 913 bytes} [Sat Jul 25 18:00:24 2026] PUT /allocations/b5d10e63-bd07-4665-9a1a-b6f072fac2cd => generated 0 bytes in 79 msecs (HTTP/1.1 204) 5 headers in 199 bytes (1 switches on core 0)
2026-07-25 18:00:25.547 8 INFO placement.requestlog [req-2d6b88a5-3ab2-4fab-9dad-67c2897f0176 req-879b793b-9bcd-4fea-9cb4-781e53e21670 b6eeb7ee48f346d681a7abc1a454a430 dc943038c88f487db77d1ad8029d18e4 - - a9b6c9c0c8224fe5b89cd1ebacd5f9b4 a9b6c9c0c8224fe5b89cd1ebacd5f9b4] 199.204.45.44 "GET /allocations/7683b921-7e1d-4be8-a718-9749356b273f" status: 200 len: 257 microversion: 1.28 [pid: 8|app: 0|req: 202/404] 199.204.45.44 () {34 vars in 862 bytes} [Sat Jul 25 18:00:25 2026] GET /allocations/7683b921-7e1d-4be8-a718-9749356b273f => generated 257 bytes in 11 msecs (HTTP/1.1 200) 8 headers in 296 bytes (1 switches on core 0)
2026-07-25 18:00:26.080 7 INFO placement.requestlog [req-950ec2b3-ba5e-41a1-a238-736b9774a3d8 req-eb096f72-2b52-45ae-b021-07ffaf1b342c b6eeb7ee48f346d681a7abc1a454a430 dc943038c88f487db77d1ad8029d18e4 - - a9b6c9c0c8224fe5b89cd1ebacd5f9b4 a9b6c9c0c8224fe5b89cd1ebacd5f9b4] 199.204.45.44 "GET /allocations/b5d10e63-bd07-4665-9a1a-b6f072fac2cd" status: 200 len: 257 microversion: 1.28 [pid: 7|app: 0|req: 203/405] 199.204.45.44 () {34 vars in 862 bytes} [Sat Jul 25 18:00:26 2026] GET /allocations/b5d10e63-bd07-4665-9a1a-b6f072fac2cd => generated 257 bytes in 30 msecs (HTTP/1.1 200) 8 headers in 296 bytes (1 switches on core 0)
2026-07-25 18:00:26.591 8 INFO placement.requestlog [req-2d6b88a5-3ab2-4fab-9dad-67c2897f0176 req-d53ad605-6e7e-49ee-9139-9014c4d59db3 b6eeb7ee48f346d681a7abc1a454a430 dc943038c88f487db77d1ad8029d18e4 - - a9b6c9c0c8224fe5b89cd1ebacd5f9b4 a9b6c9c0c8224fe5b89cd1ebacd5f9b4] 199.204.45.44 "GET /resource_providers/80d64ffc-7243-49bd-9280-04c05686b01d/allocations" status: 200 len: 252 microversion: 1.0 [pid: 8|app: 0|req: 203/406] 199.204.45.44 () {32 vars in 856 bytes} [Sat Jul 25 18:00:26 2026] GET /resource_providers/80d64ffc-7243-49bd-9280-04c05686b01d/allocations => generated 252 bytes in 19 msecs (HTTP/1.1 200) 6 headers in 224 bytes (1 switches on core 0)
2026-07-25 18:00:26.620 7 INFO placement.requestlog [req-2d6b88a5-3ab2-4fab-9dad-67c2897f0176 req-bbdf875b-b999-41f4-9371-bc4f4451fdf2 b6eeb7ee48f346d681a7abc1a454a430 dc943038c88f487db77d1ad8029d18e4 - - a9b6c9c0c8224fe5b89cd1ebacd5f9b4 a9b6c9c0c8224fe5b89cd1ebacd5f9b4] 199.204.45.44 "GET /allocations/b5d10e63-bd07-4665-9a1a-b6f072fac2cd" status: 200 len: 257 microversion: 1.28 [pid: 7|app: 0|req: 204/407] 199.204.45.44 () {34 vars in 862 bytes} [Sat Jul 25 18:00:26 2026] GET /allocations/b5d10e63-bd07-4665-9a1a-b6f072fac2cd => generated 257 bytes in 23 msecs (HTTP/1.1 200) 8 headers in 296 bytes (1 switches on core 0)
2026-07-25 18:00:26.640 8 INFO placement.requestlog [req-2d6b88a5-3ab2-4fab-9dad-67c2897f0176 req-a7fdfdae-4f24-4b22-81e9-e23bb49410a8 b6eeb7ee48f346d681a7abc1a454a430 dc943038c88f487db77d1ad8029d18e4 - - a9b6c9c0c8224fe5b89cd1ebacd5f9b4 a9b6c9c0c8224fe5b89cd1ebacd5f9b4] 199.204.45.44 "GET /allocations/7683b921-7e1d-4be8-a718-9749356b273f" status: 200 len: 257 microversion: 1.28 [pid: 8|app: 0|req: 204/408] 199.204.45.44 () {34 vars in 862 bytes} [Sat Jul 25 18:00:26 2026] GET /allocations/7683b921-7e1d-4be8-a718-9749356b273f => generated 257 bytes in 22 msecs (HTTP/1.1 200) 8 headers in 296 bytes (1 switches on core 0)
2026-07-25 18:00:26.915 8 INFO placement.requestlog [None req-e8602311-663a-4221-8eae-922cb70f252e d5549297537c4b3f80a407aa6548d5a6 dc943038c88f487db77d1ad8029d18e4 - - a9b6c9c0c8224fe5b89cd1ebacd5f9b4 a9b6c9c0c8224fe5b89cd1ebacd5f9b4] 10.0.0.71 "GET /resource_providers/ec956da2-72b4-40bb-8034-7236863a79a4/aggregates" status: 404 len: 235 microversion: 1.1 [pid: 8|app: 0|req: 205/409] 10.0.0.71 () {32 vars in 815 bytes} [Sat Jul 25 18:00:26 2026] GET /resource_providers/ec956da2-72b4-40bb-8034-7236863a79a4/aggregates => generated 235 bytes in 41 msecs (HTTP/1.1 404) 5 headers in 202 bytes (1 switches on core 0)
2026-07-25 18:00:26.937 7 INFO placement.requestlog [None req-0925aca6-3882-45c0-9cd9-99193fdf1261 d5549297537c4b3f80a407aa6548d5a6 dc943038c88f487db77d1ad8029d18e4 - - a9b6c9c0c8224fe5b89cd1ebacd5f9b4 a9b6c9c0c8224fe5b89cd1ebacd5f9b4] 10.0.0.71 "GET /resource_providers/ec956da2-72b4-40bb-8034-7236863a79a4/aggregates" status: 404 len: 235 microversion: 1.1
2026-07-25 18:00:26.937 8 INFO placement.requestlog [None req-fb6eafce-c388-466d-bece-cb7fc27025c4 d5549297537c4b3f80a407aa6548d5a6 dc943038c88f487db77d1ad8029d18e4 - - a9b6c9c0c8224fe5b89cd1ebacd5f9b4 a9b6c9c0c8224fe5b89cd1ebacd5f9b4] 10.0.0.71 "DELETE /resource_providers/ec956da2-72b4-40bb-8034-7236863a79a4" status: 404 len: 246 microversion: 1.1 [pid: 7|app: 0|req: 205/411] 10.0.0.71 () {32 vars in 815 bytes} [Sat Jul 25 18:00:26 2026] GET /resource_providers/ec956da2-72b4-40bb-8034-7236863a79a4/aggregates => generated 235 bytes in 65 msecs (HTTP/1.1 404) 5 headers in 202 bytes (1 switches on core 0) [pid: 8|app: 0|req: 206/411] 10.0.0.71 () {34 vars in 815 bytes} [Sat Jul 25 18:00:26 2026] DELETE /resource_providers/ec956da2-72b4-40bb-8034-7236863a79a4 => generated 246 bytes in 11 msecs (HTTP/1.1 404) 6 headers in 231 bytes (1 switches on core 0)
2026-07-25 18:00:26.954 8 INFO placement.requestlog [None req-ea0923c6-2f83-4f02-a4da-d4bdaae4d2bf d5549297537c4b3f80a407aa6548d5a6 dc943038c88f487db77d1ad8029d18e4 - - a9b6c9c0c8224fe5b89cd1ebacd5f9b4 a9b6c9c0c8224fe5b89cd1ebacd5f9b4] 10.0.0.71 "DELETE /resource_providers/ec956da2-72b4-40bb-8034-7236863a79a4" status: 404 len: 246 microversion: 1.1 [pid: 8|app: 0|req: 207/412] 10.0.0.71 () {34 vars in 815 bytes} [Sat Jul 25 18:00:26 2026] DELETE /resource_providers/ec956da2-72b4-40bb-8034-7236863a79a4 => generated 246 bytes in 8 msecs (HTTP/1.1 404) 6 headers in 231 bytes (1 switches on core 0)
2026-07-25 18:00:27.840 8 INFO placement.requestlog [None req-e5ada8c5-8e2a-400b-9e4e-cf55545e12a2 d5549297537c4b3f80a407aa6548d5a6 dc943038c88f487db77d1ad8029d18e4 - - a9b6c9c0c8224fe5b89cd1ebacd5f9b4 a9b6c9c0c8224fe5b89cd1ebacd5f9b4] 10.0.0.71 "GET /resource_providers/7c4c468e-583b-4537-a764-094e4748a08d/aggregates" status: 404 len: 235 microversion: 1.1 [pid: 8|app: 0|req: 208/413] 10.0.0.71 () {32 vars in 815 bytes} [Sat Jul 25 18:00:27 2026] GET /resource_providers/7c4c468e-583b-4537-a764-094e4748a08d/aggregates => generated 235 bytes in 93 msecs (HTTP/1.1 404) 5 headers in 202 bytes (1 switches on core 0)
2026-07-25 18:00:27.840 8 INFO placement.requestlog [None req-0bb83f2c-3de9-4013-ae3e-40bb3f854f99 - - - - - -] 10.0.0.250 "GET /" status: 200 len: 136 microversion: 1.0
2026-07-25 18:00:27.841 8 INFO placement.requestlog [None req-9e79da24-7010-48e5-84b5-b8a69ec82882 - - - - - -] 10.0.0.250 "GET /" status: 200 len: 136 microversion: 1.0
2026-07-25 18:00:27.862 8 INFO placement.requestlog [None req-0cdc05ec-e2a6-4032-bdd2-57d923d9d7be d5549297537c4b3f80a407aa6548d5a6 dc943038c88f487db77d1ad8029d18e4 - - a9b6c9c0c8224fe5b89cd1ebacd5f9b4 a9b6c9c0c8224fe5b89cd1ebacd5f9b4] 10.0.0.71 "DELETE /resource_providers/7c4c468e-583b-4537-a764-094e4748a08d" status: 404 len: 246 microversion: 1.1 [pid: 8|app: 0|req: 211/416] 10.0.0.71 () {34 vars in 815 bytes} [Sat Jul 25 18:00:27 2026] DELETE /resource_providers/7c4c468e-583b-4537-a764-094e4748a08d => generated 246 bytes in 10 msecs (HTTP/1.1 404) 6 headers in 231 bytes (1 switches on core 0)
2026-07-25 18:00:27.894 7 INFO placement.requestlog [None req-c9fb8199-4a13-4608-b881-506baceab3d0 d5549297537c4b3f80a407aa6548d5a6 dc943038c88f487db77d1ad8029d18e4 - - a9b6c9c0c8224fe5b89cd1ebacd5f9b4 a9b6c9c0c8224fe5b89cd1ebacd5f9b4] 10.0.0.71 "GET /resource_providers/7c4c468e-583b-4537-a764-094e4748a08d/aggregates" status: 404 len: 235 microversion: 1.1 [pid: 7|app: 0|req: 206/417] 10.0.0.71 () {32 vars in 815 bytes} [Sat Jul 25 18:00:27 2026] GET /resource_providers/7c4c468e-583b-4537-a764-094e4748a08d/aggregates => generated 235 bytes in 158 msecs (HTTP/1.1 404) 5 headers in 202 bytes (1 switches on core 0)
2026-07-25 18:00:27.943 8 INFO placement.requestlog [None req-331c45ae-15fb-4067-966a-e3683e2e27fc d5549297537c4b3f80a407aa6548d5a6 dc943038c88f487db77d1ad8029d18e4 - - a9b6c9c0c8224fe5b89cd1ebacd5f9b4 a9b6c9c0c8224fe5b89cd1ebacd5f9b4] 10.0.0.71 "DELETE /resource_providers/7c4c468e-583b-4537-a764-094e4748a08d" status: 404 len: 246 microversion: 1.1 [pid: 8|app: 0|req: 212/418] 10.0.0.71 () {34 vars in 815 bytes} [Sat Jul 25 18:00:27 2026] DELETE /resource_providers/7c4c468e-583b-4537-a764-094e4748a08d => generated 246 bytes in 40 msecs (HTTP/1.1 404) 6 headers in 231 bytes (1 switches on core 0)
2026-07-25 18:00:28.724 7 INFO placement.requestlog [req-950ec2b3-ba5e-41a1-a238-736b9774a3d8 req-f253ba14-0fa1-4ff2-b8e6-ad525568c0a5 b6eeb7ee48f346d681a7abc1a454a430 dc943038c88f487db77d1ad8029d18e4 - - a9b6c9c0c8224fe5b89cd1ebacd5f9b4 a9b6c9c0c8224fe5b89cd1ebacd5f9b4] 199.204.45.44 "GET /resource_providers/80d64ffc-7243-49bd-9280-04c05686b01d/allocations" status: 200 len: 252 microversion: 1.0 [pid: 7|app: 0|req: 207/419] 199.204.45.44 () {32 vars in 856 bytes} [Sat Jul 25 18:00:28 2026] GET /resource_providers/80d64ffc-7243-49bd-9280-04c05686b01d/allocations => generated 252 bytes in 17 msecs (HTTP/1.1 200) 6 headers in 224 bytes (1 switches on core 0)
2026-07-25 18:00:28.742 8 INFO placement.requestlog [req-950ec2b3-ba5e-41a1-a238-736b9774a3d8 req-e5677f30-5ebf-48b7-b5e5-1a8018fc3e3d b6eeb7ee48f346d681a7abc1a454a430 dc943038c88f487db77d1ad8029d18e4 - - a9b6c9c0c8224fe5b89cd1ebacd5f9b4 a9b6c9c0c8224fe5b89cd1ebacd5f9b4] 199.204.45.44 "GET /allocations/b5d10e63-bd07-4665-9a1a-b6f072fac2cd" status: 200 len: 257 microversion: 1.28 [pid: 8|app: 0|req: 213/420] 199.204.45.44 () {34 vars in 862 bytes} [Sat Jul 25 18:00:28 2026] GET /allocations/b5d10e63-bd07-4665-9a1a-b6f072fac2cd => generated 257 bytes in 13 msecs (HTTP/1.1 200) 8 headers in 296 bytes (1 switches on core 0)
2026-07-25 18:00:28.766 7 INFO placement.requestlog [req-950ec2b3-ba5e-41a1-a238-736b9774a3d8 req-bdebd448-c646-4a25-8be8-eb7e9f78da58 b6eeb7ee48f346d681a7abc1a454a430 dc943038c88f487db77d1ad8029d18e4 - - a9b6c9c0c8224fe5b89cd1ebacd5f9b4 a9b6c9c0c8224fe5b89cd1ebacd5f9b4] 199.204.45.44 "GET /allocations/7683b921-7e1d-4be8-a718-9749356b273f" status: 200 len: 257 microversion: 1.28 [pid: 7|app: 0|req: 208/421] 199.204.45.44 () {34 vars in 862 bytes} [Sat Jul 25 18:00:28 2026] GET /allocations/7683b921-7e1d-4be8-a718-9749356b273f => generated 257 bytes in 18 msecs (HTTP/1.1 200) 8 headers in 296 bytes (1 switches on core 0)
2026-07-25 18:00:28.970 8 INFO placement.requestlog [None req-fb4d9c24-3bd5-421d-9980-6b84bf8c31f2 d5549297537c4b3f80a407aa6548d5a6 dc943038c88f487db77d1ad8029d18e4 - - a9b6c9c0c8224fe5b89cd1ebacd5f9b4 a9b6c9c0c8224fe5b89cd1ebacd5f9b4] 10.0.0.71 "GET /resource_providers/7cc504d2-3ca2-4c2b-a23a-3e57fb1326cb/aggregates" status: 404 len: 235 microversion: 1.1 [pid: 8|app: 0|req: 214/422] 10.0.0.71 () {32 vars in 815 bytes} [Sat Jul 25 18:00:28 2026] GET /resource_providers/7cc504d2-3ca2-4c2b-a23a-3e57fb1326cb/aggregates => generated 235 bytes in 16 msecs (HTTP/1.1 404) 5 headers in 202 bytes (1 switches on core 0)
2026-07-25 18:00:28.973 7 INFO placement.requestlog [None req-ee035789-ab13-4748-95f1-5032429748e1 d5549297537c4b3f80a407aa6548d5a6 dc943038c88f487db77d1ad8029d18e4 - - a9b6c9c0c8224fe5b89cd1ebacd5f9b4 a9b6c9c0c8224fe5b89cd1ebacd5f9b4] 10.0.0.71 "GET /resource_providers/7cc504d2-3ca2-4c2b-a23a-3e57fb1326cb/aggregates" status: 404 len: 235 microversion: 1.1 [pid: 7|app: 0|req: 209/423] 10.0.0.71 () {32 vars in 815 bytes} [Sat Jul 25 18:00:28 2026] GET /resource_providers/7cc504d2-3ca2-4c2b-a23a-3e57fb1326cb/aggregates => generated 235 bytes in 9 msecs (HTTP/1.1 404) 5 headers in 202 bytes (1 switches on core 0)
2026-07-25 18:00:28.991 8 INFO placement.requestlog [None req-6c95a658-a10b-4b0e-895a-e71362b4b6a4 d5549297537c4b3f80a407aa6548d5a6 dc943038c88f487db77d1ad8029d18e4 - - a9b6c9c0c8224fe5b89cd1ebacd5f9b4 a9b6c9c0c8224fe5b89cd1ebacd5f9b4] 10.0.0.71 "DELETE /resource_providers/7cc504d2-3ca2-4c2b-a23a-3e57fb1326cb" status: 404 len: 246 microversion: 1.1 [pid: 8|app: 0|req: 215/424] 10.0.0.71 () {34 vars in 815 bytes} [Sat Jul 25 18:00:28 2026] DELETE /resource_providers/7cc504d2-3ca2-4c2b-a23a-3e57fb1326cb => generated 246 bytes in 9 msecs (HTTP/1.1 404) 6 headers in 231 bytes (1 switches on core 0)
2026-07-25 18:00:28.996 7 INFO placement.requestlog [None req-c84f72aa-6494-46cb-843d-dfe628ed0808 d5549297537c4b3f80a407aa6548d5a6 dc943038c88f487db77d1ad8029d18e4 - - a9b6c9c0c8224fe5b89cd1ebacd5f9b4 a9b6c9c0c8224fe5b89cd1ebacd5f9b4] 10.0.0.71 "DELETE /resource_providers/7cc504d2-3ca2-4c2b-a23a-3e57fb1326cb" status: 404 len: 246 microversion: 1.1 [pid: 7|app: 0|req: 210/425] 10.0.0.71 () {34 vars in 815 bytes} [Sat Jul 25 18:00:28 2026] DELETE /resource_providers/7cc504d2-3ca2-4c2b-a23a-3e57fb1326cb => generated 246 bytes in 13 msecs (HTTP/1.1 404) 6 headers in 231 bytes (1 switches on core 0)
2026-07-25 18:00:29.891 8 INFO placement.requestlog [None req-4f4d449e-5cec-409e-81c9-2b0aaaebd425 d5549297537c4b3f80a407aa6548d5a6 dc943038c88f487db77d1ad8029d18e4 - - a9b6c9c0c8224fe5b89cd1ebacd5f9b4 a9b6c9c0c8224fe5b89cd1ebacd5f9b4] 10.0.0.71 "GET /resource_providers/f4d7f2b1-154a-45c7-8fa9-f062e58988f7/aggregates" status: 404 len: 235 microversion: 1.1 [pid: 8|app: 0|req: 216/426] 10.0.0.71 () {32 vars in 815 bytes} [Sat Jul 25 18:00:29 2026] GET /resource_providers/f4d7f2b1-154a-45c7-8fa9-f062e58988f7/aggregates => generated 235 bytes in 22 msecs (HTTP/1.1 404) 5 headers in 202 bytes (1 switches on core 0)
2026-07-25 18:00:29.911 7 INFO placement.requestlog [None req-1080182c-de11-402a-b405-00321edf53de d5549297537c4b3f80a407aa6548d5a6 dc943038c88f487db77d1ad8029d18e4 - - a9b6c9c0c8224fe5b89cd1ebacd5f9b4 a9b6c9c0c8224fe5b89cd1ebacd5f9b4] 10.0.0.71 "DELETE /resource_providers/f4d7f2b1-154a-45c7-8fa9-f062e58988f7" status: 404 len: 246 microversion: 1.1 [pid: 7|app: 0|req: 211/427] 10.0.0.71 () {34 vars in 815 bytes} [Sat Jul 25 18:00:29 2026] DELETE /resource_providers/f4d7f2b1-154a-45c7-8fa9-f062e58988f7 => generated 246 bytes in 14 msecs (HTTP/1.1 404) 6 headers in 231 bytes (1 switches on core 0)
2026-07-25 18:00:29.968 8 INFO placement.requestlog [None req-a27a4f4a-10f6-44ad-b572-e769ca1ff9bc d5549297537c4b3f80a407aa6548d5a6 dc943038c88f487db77d1ad8029d18e4 - - a9b6c9c0c8224fe5b89cd1ebacd5f9b4 a9b6c9c0c8224fe5b89cd1ebacd5f9b4] 10.0.0.71 "GET /resource_providers/f4d7f2b1-154a-45c7-8fa9-f062e58988f7/aggregates" status: 404 len: 235 microversion: 1.1 [pid: 8|app: 0|req: 217/428] 10.0.0.71 () {32 vars in 815 bytes} [Sat Jul 25 18:00:29 2026] GET /resource_providers/f4d7f2b1-154a-45c7-8fa9-f062e58988f7/aggregates => generated 235 bytes in 12 msecs (HTTP/1.1 404) 5 headers in 202 bytes (1 switches on core 0)
2026-07-25 18:00:29.990 7 INFO placement.requestlog [None req-fdc9e13c-7b06-4e02-9f76-0317e1836c62 d5549297537c4b3f80a407aa6548d5a6 dc943038c88f487db77d1ad8029d18e4 - - a9b6c9c0c8224fe5b89cd1ebacd5f9b4 a9b6c9c0c8224fe5b89cd1ebacd5f9b4] 10.0.0.71 "DELETE /resource_providers/f4d7f2b1-154a-45c7-8fa9-f062e58988f7" status: 404 len: 246 microversion: 1.1 [pid: 7|app: 0|req: 212/429] 10.0.0.71 () {34 vars in 815 bytes} [Sat Jul 25 18:00:29 2026] DELETE /resource_providers/f4d7f2b1-154a-45c7-8fa9-f062e58988f7 => generated 246 bytes in 13 msecs (HTTP/1.1 404) 6 headers in 231 bytes (1 switches on core 0)
2026-07-25 18:00:37.189 8 INFO placement.requestlog [req-b6d9a14e-efdc-4cb6-a452-f1e751680ca2 req-2d1a92c7-a0ec-4aaf-a6fe-7cc15c6c7f40 b6eeb7ee48f346d681a7abc1a454a430 dc943038c88f487db77d1ad8029d18e4 - - a9b6c9c0c8224fe5b89cd1ebacd5f9b4 a9b6c9c0c8224fe5b89cd1ebacd5f9b4] 10.0.0.61 "GET /allocation_candidates?limit=1000&resources=DISK_GB%3A1%2CMEMORY_MB%3A512%2CVCPU%3A1&root_required=%21COMPUTE_STATUS_DISABLED" status: 200 len: 2784 microversion: 1.36 [pid: 8|app: 0|req: 218/430] 10.0.0.61 () {34 vars in 1011 bytes} [Sat Jul 25 18:00:37 2026] GET /allocation_candidates?limit=1000&resources=DISK_GB%3A1%2CMEMORY_MB%3A512%2CVCPU%3A1&root_required=%21COMPUTE_STATUS_DISABLED => generated 2784 bytes in 63 msecs (HTTP/1.1 200) 8 headers in 297 bytes (1 switches on core 0)
2026-07-25 18:00:37.215 7 INFO placement.requestlog [req-b6d9a14e-efdc-4cb6-a452-f1e751680ca2 req-f2f9835a-8b44-4c7c-9acd-b89394179048 b6eeb7ee48f346d681a7abc1a454a430 dc943038c88f487db77d1ad8029d18e4 - - a9b6c9c0c8224fe5b89cd1ebacd5f9b4 a9b6c9c0c8224fe5b89cd1ebacd5f9b4] 10.0.0.61 "GET /allocations/f4bbacef-8212-4fce-b580-84d768f820fb" status: 200 len: 19 microversion: 1.28 [pid: 7|app: 0|req: 213/431] 10.0.0.61 () {34 vars in 860 bytes} [Sat Jul 25 18:00:37 2026] GET /allocations/f4bbacef-8212-4fce-b580-84d768f820fb => generated 19 bytes in 9 msecs (HTTP/1.1 200) 8 headers in 295 bytes (1 switches on core 0)
2026-07-25 18:00:37.315 8 INFO placement.requestlog [req-b6d9a14e-efdc-4cb6-a452-f1e751680ca2 req-d76c5a0b-fd92-4e1d-a2e3-8b7192f37a98 b6eeb7ee48f346d681a7abc1a454a430 dc943038c88f487db77d1ad8029d18e4 - - a9b6c9c0c8224fe5b89cd1ebacd5f9b4 a9b6c9c0c8224fe5b89cd1ebacd5f9b4] 10.0.0.61 "PUT /allocations/f4bbacef-8212-4fce-b580-84d768f820fb" status: 204 len: 0 microversion: 1.36 [pid: 8|app: 0|req: 219/432] 10.0.0.61 () {38 vars in 913 bytes} [Sat Jul 25 18:00:37 2026] PUT /allocations/f4bbacef-8212-4fce-b580-84d768f820fb => generated 0 bytes in 92 msecs (HTTP/1.1 204) 5 headers in 199 bytes (1 switches on core 0)
2026-07-25 18:00:37.810 7 INFO placement.requestlog [None req-59dde17b-8707-4f7d-ac10-300cd8e02f22 - - - - - -] 10.0.0.250 "GET /" status: 200 len: 136 microversion: 1.0
2026-07-25 18:00:37.812 8 INFO placement.requestlog [None req-4b73ef67-09d0-46ce-8a51-f7cf068191b9 - - - - - -] 10.0.0.250 "GET /" status: 200 len: 136 microversion: 1.0
2026-07-25 18:00:38.846 7 INFO placement.requestlog [req-b6d9a14e-efdc-4cb6-a452-f1e751680ca2 req-ba487635-c855-4451-bf51-bd5e9fdcaf18 b6eeb7ee48f346d681a7abc1a454a430 dc943038c88f487db77d1ad8029d18e4 - - a9b6c9c0c8224fe5b89cd1ebacd5f9b4 a9b6c9c0c8224fe5b89cd1ebacd5f9b4] 199.204.45.44 "GET /allocations/f4bbacef-8212-4fce-b580-84d768f820fb" status: 200 len: 257 microversion: 1.28 [pid: 7|app: 0|req: 215/435] 199.204.45.44 () {34 vars in 862 bytes} [Sat Jul 25 18:00:38 2026] GET /allocations/f4bbacef-8212-4fce-b580-84d768f820fb => generated 257 bytes in 29 msecs (HTTP/1.1 200) 8 headers in 296 bytes (1 switches on core 0)
2026-07-25 18:00:39.898 8 INFO placement.requestlog [req-b6d9a14e-efdc-4cb6-a452-f1e751680ca2 req-f6a6038c-18a6-49f7-8369-2e5eb0ab8c3d b6eeb7ee48f346d681a7abc1a454a430 dc943038c88f487db77d1ad8029d18e4 - - a9b6c9c0c8224fe5b89cd1ebacd5f9b4 a9b6c9c0c8224fe5b89cd1ebacd5f9b4] 199.204.45.44 "GET /resource_providers/80d64ffc-7243-49bd-9280-04c05686b01d/allocations" status: 200 len: 352 microversion: 1.0 [pid: 8|app: 0|req: 221/436] 199.204.45.44 () {32 vars in 856 bytes} [Sat Jul 25 18:00:39 2026] GET /resource_providers/80d64ffc-7243-49bd-9280-04c05686b01d/allocations => generated 352 bytes in 24 msecs (HTTP/1.1 200) 6 headers in 224 bytes (1 switches on core 0)
2026-07-25 18:00:39.924 7 INFO placement.requestlog [req-b6d9a14e-efdc-4cb6-a452-f1e751680ca2 req-3c739f3e-5850-441a-92a1-b512878ae17a b6eeb7ee48f346d681a7abc1a454a430 dc943038c88f487db77d1ad8029d18e4 - - a9b6c9c0c8224fe5b89cd1ebacd5f9b4 a9b6c9c0c8224fe5b89cd1ebacd5f9b4] 199.204.45.44 "GET /allocations/b5d10e63-bd07-4665-9a1a-b6f072fac2cd" status: 200 len: 257 microversion: 1.28 [pid: 7|app: 0|req: 216/437] 199.204.45.44 () {34 vars in 862 bytes} [Sat Jul 25 18:00:39 2026] GET /allocations/b5d10e63-bd07-4665-9a1a-b6f072fac2cd => generated 257 bytes in 15 msecs (HTTP/1.1 200) 8 headers in 296 bytes (1 switches on core 0)
2026-07-25 18:00:39.942 8 INFO placement.requestlog [req-b6d9a14e-efdc-4cb6-a452-f1e751680ca2 req-6bc3046f-7790-4211-909d-f3f241fce125 b6eeb7ee48f346d681a7abc1a454a430 dc943038c88f487db77d1ad8029d18e4 - - a9b6c9c0c8224fe5b89cd1ebacd5f9b4 a9b6c9c0c8224fe5b89cd1ebacd5f9b4] 199.204.45.44 "GET /allocations/f4bbacef-8212-4fce-b580-84d768f820fb" status: 200 len: 257 microversion: 1.28 [pid: 8|app: 0|req: 222/438] 199.204.45.44 () {34 vars in 862 bytes} [Sat Jul 25 18:00:39 2026] GET /allocations/f4bbacef-8212-4fce-b580-84d768f820fb => generated 257 bytes in 12 msecs (HTTP/1.1 200) 8 headers in 296 bytes (1 switches on core 0)
2026-07-25 18:00:39.965 7 INFO placement.requestlog [req-b6d9a14e-efdc-4cb6-a452-f1e751680ca2 req-41da31fa-7daf-4cea-a7ef-a7bfa96cf47e b6eeb7ee48f346d681a7abc1a454a430 dc943038c88f487db77d1ad8029d18e4 - - a9b6c9c0c8224fe5b89cd1ebacd5f9b4 a9b6c9c0c8224fe5b89cd1ebacd5f9b4] 199.204.45.44 "GET /allocations/7683b921-7e1d-4be8-a718-9749356b273f" status: 200 len: 257 microversion: 1.28 [pid: 7|app: 0|req: 217/439] 199.204.45.44 () {34 vars in 862 bytes} [Sat Jul 25 18:00:39 2026] GET /allocations/7683b921-7e1d-4be8-a718-9749356b273f => generated 257 bytes in 15 msecs (HTTP/1.1 200) 8 headers in 296 bytes (1 switches on core 0)
2026-07-25 18:00:47.811 7 INFO placement.requestlog [None req-f26302be-0845-4932-8a88-801b148e9d0f - - - - - -] 10.0.0.250 "GET /" status: 200 len: 136 microversion: 1.0
2026-07-25 18:00:47.811 8 INFO placement.requestlog [None req-66af98fa-935b-42a5-8eb0-158e7b633087 - - - - - -] 10.0.0.250 "GET /" status: 200 len: 136 microversion: 1.0
2026-07-25 18:00:50.400 7 INFO placement.requestlog [req-674162b0-1e47-437d-9ca1-c516e4cdd133 req-3be501d5-2d61-4469-b6c4-4fe2a59060c8 b6eeb7ee48f346d681a7abc1a454a430 dc943038c88f487db77d1ad8029d18e4 - - a9b6c9c0c8224fe5b89cd1ebacd5f9b4 a9b6c9c0c8224fe5b89cd1ebacd5f9b4] 199.204.45.44 "GET /resource_providers/80d64ffc-7243-49bd-9280-04c05686b01d/allocations" status: 200 len: 352 microversion: 1.0 [pid: 7|app: 0|req: 219/442] 199.204.45.44 () {32 vars in 856 bytes} [Sat Jul 25 18:00:50 2026] GET /resource_providers/80d64ffc-7243-49bd-9280-04c05686b01d/allocations => generated 352 bytes in 18 msecs (HTTP/1.1 200) 6 headers in 224 bytes (1 switches on core 0)
2026-07-25 18:00:50.420 8 INFO placement.requestlog [req-674162b0-1e47-437d-9ca1-c516e4cdd133 req-5dcad182-6233-4085-bdc3-4f8ee3e65523 b6eeb7ee48f346d681a7abc1a454a430 dc943038c88f487db77d1ad8029d18e4 - - a9b6c9c0c8224fe5b89cd1ebacd5f9b4 a9b6c9c0c8224fe5b89cd1ebacd5f9b4] 199.204.45.44 "GET /allocations/b5d10e63-bd07-4665-9a1a-b6f072fac2cd" status: 200 len: 257 microversion: 1.28 [pid: 8|app: 0|req: 224/443] 199.204.45.44 () {34 vars in 862 bytes} [Sat Jul 25 18:00:50 2026] GET /allocations/b5d10e63-bd07-4665-9a1a-b6f072fac2cd => generated 257 bytes in 14 msecs (HTTP/1.1 200) 8 headers in 296 bytes (1 switches on core 0)
2026-07-25 18:00:50.437 7 INFO placement.requestlog [req-674162b0-1e47-437d-9ca1-c516e4cdd133 req-f632b0bd-fe09-44f6-8fd9-113fa0633161 b6eeb7ee48f346d681a7abc1a454a430 dc943038c88f487db77d1ad8029d18e4 - - a9b6c9c0c8224fe5b89cd1ebacd5f9b4 a9b6c9c0c8224fe5b89cd1ebacd5f9b4] 199.204.45.44 "GET /allocations/f4bbacef-8212-4fce-b580-84d768f820fb" status: 200 len: 257 microversion: 1.28 [pid: 7|app: 0|req: 220/444] 199.204.45.44 () {34 vars in 862 bytes} [Sat Jul 25 18:00:50 2026] GET /allocations/f4bbacef-8212-4fce-b580-84d768f820fb => generated 257 bytes in 13 msecs (HTTP/1.1 200) 8 headers in 296 bytes (1 switches on core 0)
2026-07-25 18:00:50.459 8 INFO placement.requestlog [req-674162b0-1e47-437d-9ca1-c516e4cdd133 req-c6827333-11cf-48be-a2cd-016be05eca3c b6eeb7ee48f346d681a7abc1a454a430 dc943038c88f487db77d1ad8029d18e4 - - a9b6c9c0c8224fe5b89cd1ebacd5f9b4 a9b6c9c0c8224fe5b89cd1ebacd5f9b4] 199.204.45.44 "GET /allocations/7683b921-7e1d-4be8-a718-9749356b273f" status: 200 len: 257 microversion: 1.28 [pid: 8|app: 0|req: 225/445] 199.204.45.44 () {34 vars in 862 bytes} [Sat Jul 25 18:00:50 2026] GET /allocations/7683b921-7e1d-4be8-a718-9749356b273f => generated 257 bytes in 13 msecs (HTTP/1.1 200) 8 headers in 296 bytes (1 switches on core 0)
2026-07-25 18:00:51.523 7 INFO placement.requestlog [req-674162b0-1e47-437d-9ca1-c516e4cdd133 req-ca818c34-97bd-4350-a8c6-2c0342b4109e b6eeb7ee48f346d681a7abc1a454a430 dc943038c88f487db77d1ad8029d18e4 - - a9b6c9c0c8224fe5b89cd1ebacd5f9b4 a9b6c9c0c8224fe5b89cd1ebacd5f9b4] 199.204.45.44 "DELETE /allocations/7683b921-7e1d-4be8-a718-9749356b273f" status: 204 len: 0 microversion: 1.0 [pid: 7|app: 0|req: 221/446] 199.204.45.44 () {34 vars in 840 bytes} [Sat Jul 25 18:00:51 2026] DELETE /allocations/7683b921-7e1d-4be8-a718-9749356b273f => generated 0 bytes in 39 msecs (HTTP/1.1 204) 5 headers in 198 bytes (1 switches on core 0)
2026-07-25 18:00:55.150 8 INFO placement.requestlog [None req-e9ebd698-2373-4575-9e97-c1b4ef5fb50b d5549297537c4b3f80a407aa6548d5a6 dc943038c88f487db77d1ad8029d18e4 - - a9b6c9c0c8224fe5b89cd1ebacd5f9b4 a9b6c9c0c8224fe5b89cd1ebacd5f9b4] 10.0.0.71 "GET /resource_providers/a1b863dc-0fb8-480c-96da-3fc002ea0028/aggregates" status: 404 len: 235 microversion: 1.1 [pid: 8|app: 0|req: 226/447] 10.0.0.71 () {32 vars in 815 bytes} [Sat Jul 25 18:00:55 2026] GET /resource_providers/a1b863dc-0fb8-480c-96da-3fc002ea0028/aggregates => generated 235 bytes in 10 msecs (HTTP/1.1 404) 5 headers in 202 bytes (1 switches on core 0)
2026-07-25 18:00:55.161 7 INFO placement.requestlog [None req-69b06fe4-6904-41f8-9ee1-c162e1e882fd d5549297537c4b3f80a407aa6548d5a6 dc943038c88f487db77d1ad8029d18e4 - - a9b6c9c0c8224fe5b89cd1ebacd5f9b4 a9b6c9c0c8224fe5b89cd1ebacd5f9b4] 10.0.0.71 "GET /resource_providers/a1b863dc-0fb8-480c-96da-3fc002ea0028/aggregates" status: 404 len: 235 microversion: 1.1 [pid: 7|app: 0|req: 222/448] 10.0.0.71 () {32 vars in 815 bytes} [Sat Jul 25 18:00:55 2026] GET /resource_providers/a1b863dc-0fb8-480c-96da-3fc002ea0028/aggregates => generated 235 bytes in 20 msecs (HTTP/1.1 404) 5 headers in 202 bytes (1 switches on core 0)
2026-07-25 18:00:55.170 8 INFO placement.requestlog [None req-c54425b6-0749-4e19-a3f2-9aa32298d94c d5549297537c4b3f80a407aa6548d5a6 dc943038c88f487db77d1ad8029d18e4 - - a9b6c9c0c8224fe5b89cd1ebacd5f9b4 a9b6c9c0c8224fe5b89cd1ebacd5f9b4] 10.0.0.71 "DELETE /resource_providers/a1b863dc-0fb8-480c-96da-3fc002ea0028" status: 404 len: 246 microversion: 1.1 [pid: 8|app: 0|req: 227/449] 10.0.0.71 () {34 vars in 815 bytes} [Sat Jul 25 18:00:55 2026] DELETE /resource_providers/a1b863dc-0fb8-480c-96da-3fc002ea0028 => generated 246 bytes in 10 msecs (HTTP/1.1 404) 6 headers in 231 bytes (1 switches on core 0)
2026-07-25 18:00:55.180 7 INFO placement.requestlog [None req-6bc938bd-36bc-4560-b284-4e374a94826c d5549297537c4b3f80a407aa6548d5a6 dc943038c88f487db77d1ad8029d18e4 - - a9b6c9c0c8224fe5b89cd1ebacd5f9b4 a9b6c9c0c8224fe5b89cd1ebacd5f9b4] 10.0.0.71 "DELETE /resource_providers/a1b863dc-0fb8-480c-96da-3fc002ea0028" status: 404 len: 246 microversion: 1.1 [pid: 7|app: 0|req: 223/450] 10.0.0.71 () {34 vars in 815 bytes} [Sat Jul 25 18:00:55 2026] DELETE /resource_providers/a1b863dc-0fb8-480c-96da-3fc002ea0028 => generated 246 bytes in 7 msecs (HTTP/1.1 404) 6 headers in 231 bytes (1 switches on core 0)
2026-07-25 18:00:57.192 8 INFO placement.requestlog [None req-ba683917-1b53-4782-8adc-2010f588b549 d5549297537c4b3f80a407aa6548d5a6 dc943038c88f487db77d1ad8029d18e4 - - a9b6c9c0c8224fe5b89cd1ebacd5f9b4 a9b6c9c0c8224fe5b89cd1ebacd5f9b4] 10.0.0.71 "GET /resource_providers/9437b6cc-64d8-4951-bc37-9888e8768184/aggregates" status: 404 len: 235 microversion: 1.1 [pid: 8|app: 0|req: 228/451] 10.0.0.71 () {32 vars in 815 bytes} [Sat Jul 25 18:00:57 2026] GET /resource_providers/9437b6cc-64d8-4951-bc37-9888e8768184/aggregates => generated 235 bytes in 13 msecs (HTTP/1.1 404) 5 headers in 202 bytes (1 switches on core 0)
2026-07-25 18:00:57.200 7 INFO placement.requestlog [None req-5281a1b6-9128-454b-82f2-8754969a3b59 d5549297537c4b3f80a407aa6548d5a6 dc943038c88f487db77d1ad8029d18e4 - - a9b6c9c0c8224fe5b89cd1ebacd5f9b4 a9b6c9c0c8224fe5b89cd1ebacd5f9b4] 10.0.0.71 "GET /resource_providers/9437b6cc-64d8-4951-bc37-9888e8768184/aggregates" status: 404 len: 235 microversion: 1.1 [pid: 7|app: 0|req: 224/452] 10.0.0.71 () {32 vars in 815 bytes} [Sat Jul 25 18:00:57 2026] GET /resource_providers/9437b6cc-64d8-4951-bc37-9888e8768184/aggregates => generated 235 bytes in 10 msecs (HTTP/1.1 404) 5 headers in 202 bytes (1 switches on core 0)
2026-07-25 18:00:57.211 8 INFO placement.requestlog [None req-71239685-6d10-4d57-b8c7-b38870fed2ed d5549297537c4b3f80a407aa6548d5a6 dc943038c88f487db77d1ad8029d18e4 - - a9b6c9c0c8224fe5b89cd1ebacd5f9b4 a9b6c9c0c8224fe5b89cd1ebacd5f9b4] 10.0.0.71 "DELETE /resource_providers/9437b6cc-64d8-4951-bc37-9888e8768184" status: 404 len: 246 microversion: 1.1 [pid: 8|app: 0|req: 229/453] 10.0.0.71 () {34 vars in 815 bytes} [Sat Jul 25 18:00:57 2026] DELETE /resource_providers/9437b6cc-64d8-4951-bc37-9888e8768184 => generated 246 bytes in 11 msecs (HTTP/1.1 404) 6 headers in 231 bytes (1 switches on core 0)
2026-07-25 18:00:57.218 7 INFO placement.requestlog [None req-0ba9cee8-daf9-4dd0-8fb7-19190ad7d713 d5549297537c4b3f80a407aa6548d5a6 dc943038c88f487db77d1ad8029d18e4 - - a9b6c9c0c8224fe5b89cd1ebacd5f9b4 a9b6c9c0c8224fe5b89cd1ebacd5f9b4] 10.0.0.71 "DELETE /resource_providers/9437b6cc-64d8-4951-bc37-9888e8768184" status: 404 len: 246 microversion: 1.1 [pid: 7|app: 0|req: 225/454] 10.0.0.71 () {34 vars in 815 bytes} [Sat Jul 25 18:00:57 2026] DELETE /resource_providers/9437b6cc-64d8-4951-bc37-9888e8768184 => generated 246 bytes in 8 msecs (HTTP/1.1 404) 6 headers in 231 bytes (1 switches on core 0)
2026-07-25 18:00:57.227 8 INFO placement.requestlog [None req-3bea5374-645b-4fdf-bbff-7466c2dae457 d5549297537c4b3f80a407aa6548d5a6 dc943038c88f487db77d1ad8029d18e4 - - a9b6c9c0c8224fe5b89cd1ebacd5f9b4 a9b6c9c0c8224fe5b89cd1ebacd5f9b4] 10.0.0.71 "GET /resource_providers/1a0b7f29-8eb0-428a-afbc-367ce9652fc2/aggregates" status: 404 len: 235 microversion: 1.1 [pid: 8|app: 0|req: 230/455] 10.0.0.71 () {32 vars in 815 bytes} [Sat Jul 25 18:00:57 2026] GET /resource_providers/1a0b7f29-8eb0-428a-afbc-367ce9652fc2/aggregates => generated 235 bytes in 10 msecs (HTTP/1.1 404) 5 headers in 202 bytes (1 switches on core 0)
2026-07-25 18:00:57.233 7 INFO placement.requestlog [None req-b28cf2b1-fa71-4bae-abbf-51c43196bea2 d5549297537c4b3f80a407aa6548d5a6 dc943038c88f487db77d1ad8029d18e4 - - a9b6c9c0c8224fe5b89cd1ebacd5f9b4 a9b6c9c0c8224fe5b89cd1ebacd5f9b4] 10.0.0.71 "GET /resource_providers/1a0b7f29-8eb0-428a-afbc-367ce9652fc2/aggregates" status: 404 len: 235 microversion: 1.1 [pid: 7|app: 0|req: 226/456] 10.0.0.71 () {32 vars in 815 bytes} [Sat Jul 25 18:00:57 2026] GET /resource_providers/1a0b7f29-8eb0-428a-afbc-367ce9652fc2/aggregates => generated 235 bytes in 7 msecs (HTTP/1.1 404) 5 headers in 202 bytes (1 switches on core 0)
2026-07-25 18:00:57.252 7 INFO placement.requestlog [None req-f1b6cfa7-3ddf-4670-9cbf-a94b701b68e5 d5549297537c4b3f80a407aa6548d5a6 dc943038c88f487db77d1ad8029d18e4 - - a9b6c9c0c8224fe5b89cd1ebacd5f9b4 a9b6c9c0c8224fe5b89cd1ebacd5f9b4] 10.0.0.71 "DELETE /resource_providers/1a0b7f29-8eb0-428a-afbc-367ce9652fc2" status: 404 len: 246 microversion: 1.1 [pid: 7|app: 0|req: 227/457] 10.0.0.71 () {34 vars in 815 bytes} [Sat Jul 25 18:00:57 2026] DELETE /resource_providers/1a0b7f29-8eb0-428a-afbc-367ce9652fc2 => generated 246 bytes in 8 msecs (HTTP/1.1 404) 6 headers in 231 bytes (1 switches on core 0)
2026-07-25 18:00:57.252 8 INFO placement.requestlog [None req-4dfc76d0-babd-4ccd-b85d-50f844be68be d5549297537c4b3f80a407aa6548d5a6 dc943038c88f487db77d1ad8029d18e4 - - a9b6c9c0c8224fe5b89cd1ebacd5f9b4 a9b6c9c0c8224fe5b89cd1ebacd5f9b4] 10.0.0.71 "DELETE /resource_providers/1a0b7f29-8eb0-428a-afbc-367ce9652fc2" status: 404 len: 246 microversion: 1.1 [pid: 8|app: 0|req: 231/458] 10.0.0.71 () {34 vars in 815 bytes} [Sat Jul 25 18:00:57 2026] DELETE /resource_providers/1a0b7f29-8eb0-428a-afbc-367ce9652fc2 => generated 246 bytes in 12 msecs (HTTP/1.1 404) 6 headers in 231 bytes (1 switches on core 0)
2026-07-25 18:00:57.809 7 INFO placement.requestlog [None req-616af094-e24e-4778-b93a-ab2361909299 - - - - - -] 10.0.0.250 "GET /" status: 200 len: 136 microversion: 1.0
2026-07-25 18:00:57.809 8 INFO placement.requestlog [None req-35162f9f-ff1f-4444-a75b-c57982423397 - - - - - -] 10.0.0.250 "GET /" status: 200 len: 136 microversion: 1.0
2026-07-25 18:00:59.276 8 INFO placement.requestlog [None req-f9c5a4e9-cada-4110-869d-2d2f5b32b903 d5549297537c4b3f80a407aa6548d5a6 dc943038c88f487db77d1ad8029d18e4 - - a9b6c9c0c8224fe5b89cd1ebacd5f9b4 a9b6c9c0c8224fe5b89cd1ebacd5f9b4] 10.0.0.71 "GET /resource_providers/240d3d52-9077-401c-af9a-336552dfe654/aggregates" status: 404 len: 235 microversion: 1.1 [pid: 8|app: 0|req: 233/461] 10.0.0.71 () {32 vars in 815 bytes} [Sat Jul 25 18:00:59 2026] GET /resource_providers/240d3d52-9077-401c-af9a-336552dfe654/aggregates => generated 235 bytes in 9 msecs (HTTP/1.1 404) 5 headers in 202 bytes (1 switches on core 0)
2026-07-25 18:00:59.277 7 INFO placement.requestlog [None req-345901b2-9d79-4766-8569-0966755984d3 d5549297537c4b3f80a407aa6548d5a6 dc943038c88f487db77d1ad8029d18e4 - - a9b6c9c0c8224fe5b89cd1ebacd5f9b4 a9b6c9c0c8224fe5b89cd1ebacd5f9b4] 10.0.0.71 "GET /resource_providers/240d3d52-9077-401c-af9a-336552dfe654/aggregates" status: 404 len: 235 microversion: 1.1 [pid: 7|app: 0|req: 229/462] 10.0.0.71 () {32 vars in 815 bytes} [Sat Jul 25 18:00:59 2026] GET /resource_providers/240d3d52-9077-401c-af9a-336552dfe654/aggregates => generated 235 bytes in 13 msecs (HTTP/1.1 404) 5 headers in 202 bytes (1 switches on core 0)
2026-07-25 18:00:59.295 8 INFO placement.requestlog [None req-96180bbb-984b-4b7b-8469-b7177332d788 d5549297537c4b3f80a407aa6548d5a6 dc943038c88f487db77d1ad8029d18e4 - - a9b6c9c0c8224fe5b89cd1ebacd5f9b4 a9b6c9c0c8224fe5b89cd1ebacd5f9b4] 10.0.0.71 "DELETE /resource_providers/240d3d52-9077-401c-af9a-336552dfe654" status: 404 len: 246 microversion: 1.1 [pid: 8|app: 0|req: 234/463] 10.0.0.71 () {34 vars in 815 bytes} [Sat Jul 25 18:00:59 2026] DELETE /resource_providers/240d3d52-9077-401c-af9a-336552dfe654 => generated 246 bytes in 10 msecs (HTTP/1.1 404) 6 headers in 231 bytes (1 switches on core 0)
2026-07-25 18:00:59.303 7 INFO placement.requestlog [None req-a99c482a-c9e0-44f3-9be0-9f698e727c32 d5549297537c4b3f80a407aa6548d5a6 dc943038c88f487db77d1ad8029d18e4 - - a9b6c9c0c8224fe5b89cd1ebacd5f9b4 a9b6c9c0c8224fe5b89cd1ebacd5f9b4] 10.0.0.71 "DELETE /resource_providers/240d3d52-9077-401c-af9a-336552dfe654" status: 404 len: 246 microversion: 1.1 [pid: 7|app: 0|req: 230/464] 10.0.0.71 () {34 vars in 815 bytes} [Sat Jul 25 18:00:59 2026] DELETE /resource_providers/240d3d52-9077-401c-af9a-336552dfe654 => generated 246 bytes in 13 msecs (HTTP/1.1 404) 6 headers in 231 bytes (1 switches on core 0)
2026-07-25 18:01:00.994 8 INFO placement.requestlog [None req-e8521ce2-4d87-4e15-b6e8-48a23cf8f84b d5549297537c4b3f80a407aa6548d5a6 dc943038c88f487db77d1ad8029d18e4 - - a9b6c9c0c8224fe5b89cd1ebacd5f9b4 a9b6c9c0c8224fe5b89cd1ebacd5f9b4] 10.0.0.71 "GET /resource_providers/5ebf8b5f-ecf7-4504-ad82-dd56403b39db/aggregates" status: 404 len: 235 microversion: 1.1 [pid: 8|app: 0|req: 235/465] 10.0.0.71 () {32 vars in 815 bytes} [Sat Jul 25 18:01:00 2026] GET /resource_providers/5ebf8b5f-ecf7-4504-ad82-dd56403b39db/aggregates => generated 235 bytes in 10 msecs (HTTP/1.1 404) 5 headers in 202 bytes (1 switches on core 0)
2026-07-25 18:01:00.994 7 INFO placement.requestlog [None req-bc3134c1-fbc6-4bc2-93b8-2ff12a19f267 d5549297537c4b3f80a407aa6548d5a6 dc943038c88f487db77d1ad8029d18e4 - - a9b6c9c0c8224fe5b89cd1ebacd5f9b4 a9b6c9c0c8224fe5b89cd1ebacd5f9b4] 10.0.0.71 "GET /resource_providers/5ebf8b5f-ecf7-4504-ad82-dd56403b39db/aggregates" status: 404 len: 235 microversion: 1.1 [pid: 7|app: 0|req: 231/466] 10.0.0.71 () {32 vars in 815 bytes} [Sat Jul 25 18:01:00 2026] GET /resource_providers/5ebf8b5f-ecf7-4504-ad82-dd56403b39db/aggregates => generated 235 bytes in 10 msecs (HTTP/1.1 404) 5 headers in 202 bytes (1 switches on core 0)
2026-07-25 18:01:01.015 8 INFO placement.requestlog [None req-44b78380-32af-40d9-9a52-79f695119340 d5549297537c4b3f80a407aa6548d5a6 dc943038c88f487db77d1ad8029d18e4 - - a9b6c9c0c8224fe5b89cd1ebacd5f9b4 a9b6c9c0c8224fe5b89cd1ebacd5f9b4] 10.0.0.71 "DELETE /resource_providers/5ebf8b5f-ecf7-4504-ad82-dd56403b39db" status: 404 len: 246 microversion: 1.1 [pid: 8|app: 0|req: 236/467] 10.0.0.71 () {34 vars in 815 bytes} [Sat Jul 25 18:01:01 2026] DELETE /resource_providers/5ebf8b5f-ecf7-4504-ad82-dd56403b39db => generated 246 bytes in 10 msecs (HTTP/1.1 404) 6 headers in 231 bytes (1 switches on core 0)
2026-07-25 18:01:01.017 7 INFO placement.requestlog [None req-401ad09e-810d-48a5-8d74-dd427d2cd796 d5549297537c4b3f80a407aa6548d5a6 dc943038c88f487db77d1ad8029d18e4 - - a9b6c9c0c8224fe5b89cd1ebacd5f9b4 a9b6c9c0c8224fe5b89cd1ebacd5f9b4] 10.0.0.71 "DELETE /resource_providers/5ebf8b5f-ecf7-4504-ad82-dd56403b39db" status: 404 len: 246 microversion: 1.1 [pid: 7|app: 0|req: 232/468] 10.0.0.71 () {34 vars in 815 bytes} [Sat Jul 25 18:01:01 2026] DELETE /resource_providers/5ebf8b5f-ecf7-4504-ad82-dd56403b39db => generated 246 bytes in 8 msecs (HTTP/1.1 404) 6 headers in 231 bytes (1 switches on core 0)
2026-07-25 18:01:01.321 8 INFO placement.requestlog [None req-f02c259e-2909-4536-a5e8-016d54ea895d d5549297537c4b3f80a407aa6548d5a6 dc943038c88f487db77d1ad8029d18e4 - - a9b6c9c0c8224fe5b89cd1ebacd5f9b4 a9b6c9c0c8224fe5b89cd1ebacd5f9b4] 10.0.0.71 "GET /resource_providers/51ef4aff-171e-40ea-974c-d63188c55275/aggregates" status: 404 len: 235 microversion: 1.1 [pid: 8|app: 0|req: 237/469] 10.0.0.71 () {32 vars in 815 bytes} [Sat Jul 25 18:01:01 2026] GET /resource_providers/51ef4aff-171e-40ea-974c-d63188c55275/aggregates => generated 235 bytes in 16 msecs (HTTP/1.1 404) 5 headers in 202 bytes (1 switches on core 0)
2026-07-25 18:01:01.334 7 INFO placement.requestlog [None req-35b42fee-8eff-4b5f-b0f1-7ac2f2ce6314 d5549297537c4b3f80a407aa6548d5a6 dc943038c88f487db77d1ad8029d18e4 - - a9b6c9c0c8224fe5b89cd1ebacd5f9b4 a9b6c9c0c8224fe5b89cd1ebacd5f9b4] 10.0.0.71 "GET /resource_providers/51ef4aff-171e-40ea-974c-d63188c55275/aggregates" status: 404 len: 235 microversion: 1.1 [pid: 7|app: 0|req: 233/470] 10.0.0.71 () {32 vars in 815 bytes} [Sat Jul 25 18:01:01 2026] GET /resource_providers/51ef4aff-171e-40ea-974c-d63188c55275/aggregates => generated 235 bytes in 15 msecs (HTTP/1.1 404) 5 headers in 202 bytes (1 switches on core 0)
2026-07-25 18:01:01.349 8 INFO placement.requestlog [None req-9884a252-dd6f-46a7-9eb7-2958df1270c3 d5549297537c4b3f80a407aa6548d5a6 dc943038c88f487db77d1ad8029d18e4 - - a9b6c9c0c8224fe5b89cd1ebacd5f9b4 a9b6c9c0c8224fe5b89cd1ebacd5f9b4] 10.0.0.71 "DELETE /resource_providers/51ef4aff-171e-40ea-974c-d63188c55275" status: 404 len: 246 microversion: 1.1 [pid: 8|app: 0|req: 238/471] 10.0.0.71 () {34 vars in 815 bytes} [Sat Jul 25 18:01:01 2026] DELETE /resource_providers/51ef4aff-171e-40ea-974c-d63188c55275 => generated 246 bytes in 15 msecs (HTTP/1.1 404) 6 headers in 231 bytes (1 switches on core 0)
2026-07-25 18:01:01.364 7 INFO placement.requestlog [None req-7c109513-15f0-41e4-ae65-0bfb0722c572 d5549297537c4b3f80a407aa6548d5a6 dc943038c88f487db77d1ad8029d18e4 - - a9b6c9c0c8224fe5b89cd1ebacd5f9b4 a9b6c9c0c8224fe5b89cd1ebacd5f9b4] 10.0.0.71 "DELETE /resource_providers/51ef4aff-171e-40ea-974c-d63188c55275" status: 404 len: 246 microversion: 1.1 [pid: 7|app: 0|req: 234/472] 10.0.0.71 () {34 vars in 815 bytes} [Sat Jul 25 18:01:01 2026] DELETE /resource_providers/51ef4aff-171e-40ea-974c-d63188c55275 => generated 246 bytes in 14 msecs (HTTP/1.1 404) 6 headers in 231 bytes (1 switches on core 0)
2026-07-25 18:01:03.950 8 INFO placement.requestlog [None req-e5fc0aac-6257-4412-898a-b8699831f44a d5549297537c4b3f80a407aa6548d5a6 dc943038c88f487db77d1ad8029d18e4 - - a9b6c9c0c8224fe5b89cd1ebacd5f9b4 a9b6c9c0c8224fe5b89cd1ebacd5f9b4] 10.0.0.71 "GET /resource_providers/f5109b74-2808-4d99-b9ba-0127a2fe2e77/aggregates" status: 404 len: 235 microversion: 1.1 [pid: 8|app: 0|req: 239/473] 10.0.0.71 () {32 vars in 815 bytes} [Sat Jul 25 18:01:03 2026] GET /resource_providers/f5109b74-2808-4d99-b9ba-0127a2fe2e77/aggregates => generated 235 bytes in 10 msecs (HTTP/1.1 404) 5 headers in 202 bytes (1 switches on core 0)
2026-07-25 18:01:03.953 7 INFO placement.requestlog [None req-1a900542-fbc6-4b88-ba07-b326811ded37 d5549297537c4b3f80a407aa6548d5a6 dc943038c88f487db77d1ad8029d18e4 - - a9b6c9c0c8224fe5b89cd1ebacd5f9b4 a9b6c9c0c8224fe5b89cd1ebacd5f9b4] 10.0.0.71 "GET /resource_providers/f5109b74-2808-4d99-b9ba-0127a2fe2e77/aggregates" status: 404 len: 235 microversion: 1.1 [pid: 7|app: 0|req: 235/474] 10.0.0.71 () {32 vars in 815 bytes} [Sat Jul 25 18:01:03 2026] GET /resource_providers/f5109b74-2808-4d99-b9ba-0127a2fe2e77/aggregates => generated 235 bytes in 13 msecs (HTTP/1.1 404) 5 headers in 202 bytes (1 switches on core 0)
2026-07-25 18:01:03.975 8 INFO placement.requestlog [None req-f6943c65-92eb-4b9f-8371-44fad7e73bbd d5549297537c4b3f80a407aa6548d5a6 dc943038c88f487db77d1ad8029d18e4 - - a9b6c9c0c8224fe5b89cd1ebacd5f9b4 a9b6c9c0c8224fe5b89cd1ebacd5f9b4] 10.0.0.71 "DELETE /resource_providers/f5109b74-2808-4d99-b9ba-0127a2fe2e77" status: 404 len: 246 microversion: 1.1 [pid: 8|app: 0|req: 240/475] 10.0.0.71 () {34 vars in 815 bytes} [Sat Jul 25 18:01:03 2026] DELETE /resource_providers/f5109b74-2808-4d99-b9ba-0127a2fe2e77 => generated 246 bytes in 9 msecs (HTTP/1.1 404) 6 headers in 231 bytes (1 switches on core 0)
2026-07-25 18:01:03.976 7 INFO placement.requestlog [None req-09603121-5df4-4a33-8b1e-f76431f36728 d5549297537c4b3f80a407aa6548d5a6 dc943038c88f487db77d1ad8029d18e4 - - a9b6c9c0c8224fe5b89cd1ebacd5f9b4 a9b6c9c0c8224fe5b89cd1ebacd5f9b4] 10.0.0.71 "DELETE /resource_providers/f5109b74-2808-4d99-b9ba-0127a2fe2e77" status: 404 len: 246 microversion: 1.1 [pid: 7|app: 0|req: 236/476] 10.0.0.71 () {34 vars in 815 bytes} [Sat Jul 25 18:01:03 2026] DELETE /resource_providers/f5109b74-2808-4d99-b9ba-0127a2fe2e77 => generated 246 bytes in 10 msecs (HTTP/1.1 404) 6 headers in 231 bytes (1 switches on core 0)
2026-07-25 18:01:04.095 8 INFO placement.requestlog [None req-2fcbefe4-4740-466b-981d-0d8647a20d1b d5549297537c4b3f80a407aa6548d5a6 dc943038c88f487db77d1ad8029d18e4 - - a9b6c9c0c8224fe5b89cd1ebacd5f9b4 a9b6c9c0c8224fe5b89cd1ebacd5f9b4] 10.0.0.71 "GET /resource_providers/19807634-9790-44df-b86b-d8649d2bcb09/aggregates" status: 404 len: 235 microversion: 1.1 [pid: 8|app: 0|req: 241/477] 10.0.0.71 () {32 vars in 815 bytes} [Sat Jul 25 18:01:04 2026] GET /resource_providers/19807634-9790-44df-b86b-d8649d2bcb09/aggregates => generated 235 bytes in 9 msecs (HTTP/1.1 404) 5 headers in 202 bytes (1 switches on core 0)
2026-07-25 18:01:04.096 7 INFO placement.requestlog [None req-1d5c28c0-8c92-483b-b68b-0447949fbf65 d5549297537c4b3f80a407aa6548d5a6 dc943038c88f487db77d1ad8029d18e4 - - a9b6c9c0c8224fe5b89cd1ebacd5f9b4 a9b6c9c0c8224fe5b89cd1ebacd5f9b4] 10.0.0.71 "GET /resource_providers/19807634-9790-44df-b86b-d8649d2bcb09/aggregates" status: 404 len: 235 microversion: 1.1 [pid: 7|app: 0|req: 237/478] 10.0.0.71 () {32 vars in 815 bytes} [Sat Jul 25 18:01:04 2026] GET /resource_providers/19807634-9790-44df-b86b-d8649d2bcb09/aggregates => generated 235 bytes in 9 msecs (HTTP/1.1 404) 5 headers in 202 bytes (1 switches on core 0)
2026-07-25 18:01:04.115 8 INFO placement.requestlog [None req-464a3064-b990-4f79-8e19-f2f17141fc13 d5549297537c4b3f80a407aa6548d5a6 dc943038c88f487db77d1ad8029d18e4 - - a9b6c9c0c8224fe5b89cd1ebacd5f9b4 a9b6c9c0c8224fe5b89cd1ebacd5f9b4] 10.0.0.71 "DELETE /resource_providers/19807634-9790-44df-b86b-d8649d2bcb09" status: 404 len: 246 microversion: 1.1 [pid: 8|app: 0|req: 242/479] 10.0.0.71 () {34 vars in 815 bytes} [Sat Jul 25 18:01:04 2026] DELETE /resource_providers/19807634-9790-44df-b86b-d8649d2bcb09 => generated 246 bytes in 9 msecs (HTTP/1.1 404) 6 headers in 231 bytes (1 switches on core 0)
2026-07-25 18:01:04.118 7 INFO placement.requestlog [None req-436f9aa0-280b-465b-9224-2a6e664eb8a1 d5549297537c4b3f80a407aa6548d5a6 dc943038c88f487db77d1ad8029d18e4 - - a9b6c9c0c8224fe5b89cd1ebacd5f9b4 a9b6c9c0c8224fe5b89cd1ebacd5f9b4] 10.0.0.71 "DELETE /resource_providers/19807634-9790-44df-b86b-d8649d2bcb09" status: 404 len: 246 microversion: 1.1 [pid: 7|app: 0|req: 238/480] 10.0.0.71 () {34 vars in 815 bytes} [Sat Jul 25 18:01:04 2026] DELETE /resource_providers/19807634-9790-44df-b86b-d8649d2bcb09 => generated 246 bytes in 9 msecs (HTTP/1.1 404) 6 headers in 231 bytes (1 switches on core 0)
2026-07-25 18:01:05.995 8 INFO placement.requestlog [None req-0369d012-adbc-46dc-9880-b1a9bff5cb85 d5549297537c4b3f80a407aa6548d5a6 dc943038c88f487db77d1ad8029d18e4 - - a9b6c9c0c8224fe5b89cd1ebacd5f9b4 a9b6c9c0c8224fe5b89cd1ebacd5f9b4] 10.0.0.71 "GET /resource_providers/13d27c9f-f783-46fa-b16f-75b48161206e/aggregates" status: 404 len: 235 microversion: 1.1
