2026-07-15 04:27:28.426 7 INFO cinder.api.openstack.wsgi [None req-ef89df62-0c7c-4095-af5a-e6598e579f05 fc61eb35ffed4ad498f83214a861b97c 29c5e036848b4cd98cf7e0a149351b5b - - default default] http://cinder-api.openstack.svc.cluster.local:8776/v3/29c5e036848b4cd98cf7e0a149351b5b/volumes/56ff5c82-e1e0-421b-8475-c2a7020304b2 returned with HTTP 200 [pid: 7|app: 0|req: 345/691] 10.0.0.126 () {32 vars in 774 bytes} [Wed Jul 15 04:27:28 2026] GET /v3/29c5e036848b4cd98cf7e0a149351b5b/volumes/56ff5c82-e1e0-421b-8475-c2a7020304b2 => generated 933 bytes in 72 msecs (HTTP/1.1 200) 7 headers in 285 bytes (1 switches on core 0) /var/lib/openstack/lib/python3.10/site-packages/pycadf/identifier.py:71: UserWarning: Invalid uuid: cinderv3. To ensure interoperability, identifiers should be a valid uuid. warnings.warn(('Invalid uuid: %s. To ensure interoperability, '
2026-07-15 04:27:29.459 8 INFO cinder.api.openstack.wsgi [None req-c0f35c03-0b89-4b4f-b62e-b7dff6f01555 fc61eb35ffed4ad498f83214a861b97c 29c5e036848b4cd98cf7e0a149351b5b - - default default] GET http://cinder-api.openstack.svc.cluster.local:8776/v3/29c5e036848b4cd98cf7e0a149351b5b/volumes/56ff5c82-e1e0-421b-8475-c2a7020304b2 /var/lib/openstack/lib/python3.10/site-packages/oslo_context/context.py:100: DeprecationWarning: Policy enforcement is depending on the value of is_admin. This key is deprecated. Please update your policy file to use the standard policy values. warnings.warn('Policy enforcement is depending on the value of '
2026-07-15 04:27:29.487 8 INFO cinder.volume.api [None req-c0f35c03-0b89-4b4f-b62e-b7dff6f01555 fc61eb35ffed4ad498f83214a861b97c 29c5e036848b4cd98cf7e0a149351b5b - - default default] Volume info retrieved successfully.
2026-07-15 04:27:29.496 8 INFO cinder.api.openstack.wsgi [None req-c0f35c03-0b89-4b4f-b62e-b7dff6f01555 fc61eb35ffed4ad498f83214a861b97c 29c5e036848b4cd98cf7e0a149351b5b - - default default] http://cinder-api.openstack.svc.cluster.local:8776/v3/29c5e036848b4cd98cf7e0a149351b5b/volumes/56ff5c82-e1e0-421b-8475-c2a7020304b2 returned with HTTP 200 [pid: 8|app: 0|req: 347/692] 10.0.0.126 () {32 vars in 774 bytes} [Wed Jul 15 04:27:29 2026] GET /v3/29c5e036848b4cd98cf7e0a149351b5b/volumes/56ff5c82-e1e0-421b-8475-c2a7020304b2 => generated 957 bytes in 49 msecs (HTTP/1.1 200) 7 headers in 285 bytes (1 switches on core 0) /var/lib/openstack/lib/python3.10/site-packages/pycadf/identifier.py:71: UserWarning: Invalid uuid: cinderv3. To ensure interoperability, identifiers should be a valid uuid. warnings.warn(('Invalid uuid: %s. To ensure interoperability, '
2026-07-15 04:27:30.518 7 INFO cinder.api.openstack.wsgi [None req-94f79cd8-a1e1-4a30-9935-49ff48d27899 fc61eb35ffed4ad498f83214a861b97c 29c5e036848b4cd98cf7e0a149351b5b - - default default] GET http://cinder-api.openstack.svc.cluster.local:8776/v3/29c5e036848b4cd98cf7e0a149351b5b/volumes/56ff5c82-e1e0-421b-8475-c2a7020304b2 /var/lib/openstack/lib/python3.10/site-packages/oslo_context/context.py:100: DeprecationWarning: Policy enforcement is depending on the value of is_admin. This key is deprecated. Please update your policy file to use the standard policy values. warnings.warn('Policy enforcement is depending on the value of '
2026-07-15 04:27:30.531 7 INFO cinder.volume.api [None req-94f79cd8-a1e1-4a30-9935-49ff48d27899 fc61eb35ffed4ad498f83214a861b97c 29c5e036848b4cd98cf7e0a149351b5b - - default default] Volume info retrieved successfully.
2026-07-15 04:27:30.536 7 INFO cinder.api.openstack.wsgi [None req-94f79cd8-a1e1-4a30-9935-49ff48d27899 fc61eb35ffed4ad498f83214a861b97c 29c5e036848b4cd98cf7e0a149351b5b - - default default] http://cinder-api.openstack.svc.cluster.local:8776/v3/29c5e036848b4cd98cf7e0a149351b5b/volumes/56ff5c82-e1e0-421b-8475-c2a7020304b2 returned with HTTP 200 [pid: 7|app: 0|req: 346/693] 10.0.0.126 () {32 vars in 774 bytes} [Wed Jul 15 04:27:30 2026] GET /v3/29c5e036848b4cd98cf7e0a149351b5b/volumes/56ff5c82-e1e0-421b-8475-c2a7020304b2 => generated 957 bytes in 26 msecs (HTTP/1.1 200) 7 headers in 285 bytes (1 switches on core 0) /var/lib/openstack/lib/python3.10/site-packages/pycadf/identifier.py:71: UserWarning: Invalid uuid: cinderv3. To ensure interoperability, identifiers should be a valid uuid. warnings.warn(('Invalid uuid: %s. To ensure interoperability, '
2026-07-15 04:27:31.554 8 INFO cinder.api.openstack.wsgi [None req-0e9976c6-eff6-4875-a6df-bab76d98792a fc61eb35ffed4ad498f83214a861b97c 29c5e036848b4cd98cf7e0a149351b5b - - default default] GET http://cinder-api.openstack.svc.cluster.local:8776/v3/29c5e036848b4cd98cf7e0a149351b5b/volumes/56ff5c82-e1e0-421b-8475-c2a7020304b2 /var/lib/openstack/lib/python3.10/site-packages/oslo_context/context.py:100: DeprecationWarning: Policy enforcement is depending on the value of is_admin. This key is deprecated. Please update your policy file to use the standard policy values. warnings.warn('Policy enforcement is depending on the value of '
2026-07-15 04:27:31.569 8 INFO cinder.volume.api [None req-0e9976c6-eff6-4875-a6df-bab76d98792a fc61eb35ffed4ad498f83214a861b97c 29c5e036848b4cd98cf7e0a149351b5b - - default default] Volume info retrieved successfully.
2026-07-15 04:27:31.575 8 INFO cinder.api.openstack.wsgi [None req-0e9976c6-eff6-4875-a6df-bab76d98792a fc61eb35ffed4ad498f83214a861b97c 29c5e036848b4cd98cf7e0a149351b5b - - default default] http://cinder-api.openstack.svc.cluster.local:8776/v3/29c5e036848b4cd98cf7e0a149351b5b/volumes/56ff5c82-e1e0-421b-8475-c2a7020304b2 returned with HTTP 200 [pid: 8|app: 0|req: 348/694] 10.0.0.126 () {32 vars in 774 bytes} [Wed Jul 15 04:27:31 2026] GET /v3/29c5e036848b4cd98cf7e0a149351b5b/volumes/56ff5c82-e1e0-421b-8475-c2a7020304b2 => generated 1342 bytes in 29 msecs (HTTP/1.1 200) 7 headers in 286 bytes (1 switches on core 0) /var/lib/openstack/lib/python3.10/site-packages/pycadf/identifier.py:71: UserWarning: Invalid uuid: cinderv3. To ensure interoperability, identifiers should be a valid uuid. warnings.warn(('Invalid uuid: %s. To ensure interoperability, '
2026-07-15 04:27:31.648 7 INFO cinder.api.openstack.wsgi [req-babb1758-d97a-42e2-8e69-bcdf33abf2a6 req-a951bf33-9746-4162-be3a-2389df22bbbc fc61eb35ffed4ad498f83214a861b97c 29c5e036848b4cd98cf7e0a149351b5b - - default default] GET http://cinder-api.openstack.svc.cluster.local:8776/v3/29c5e036848b4cd98cf7e0a149351b5b/volumes/56ff5c82-e1e0-421b-8475-c2a7020304b2 /var/lib/openstack/lib/python3.10/site-packages/oslo_context/context.py:100: DeprecationWarning: Policy enforcement is depending on the value of is_admin. This key is deprecated. Please update your policy file to use the standard policy values. warnings.warn('Policy enforcement is depending on the value of '
2026-07-15 04:27:31.665 7 INFO cinder.volume.api [req-babb1758-d97a-42e2-8e69-bcdf33abf2a6 req-a951bf33-9746-4162-be3a-2389df22bbbc fc61eb35ffed4ad498f83214a861b97c 29c5e036848b4cd98cf7e0a149351b5b - - default default] Volume info retrieved successfully.
2026-07-15 04:27:31.670 7 INFO cinder.api.openstack.wsgi [req-babb1758-d97a-42e2-8e69-bcdf33abf2a6 req-a951bf33-9746-4162-be3a-2389df22bbbc fc61eb35ffed4ad498f83214a861b97c 29c5e036848b4cd98cf7e0a149351b5b - - default default] http://cinder-api.openstack.svc.cluster.local:8776/v3/29c5e036848b4cd98cf7e0a149351b5b/volumes/56ff5c82-e1e0-421b-8475-c2a7020304b2 returned with HTTP 200 [pid: 7|app: 0|req: 347/695] 10.0.0.53 () {34 vars in 1026 bytes} [Wed Jul 15 04:27:31 2026] GET /v3/29c5e036848b4cd98cf7e0a149351b5b/volumes/56ff5c82-e1e0-421b-8475-c2a7020304b2 => generated 1342 bytes in 30 msecs (HTTP/1.1 200) 7 headers in 286 bytes (1 switches on core 0) /var/lib/openstack/lib/python3.10/site-packages/pycadf/identifier.py:71: UserWarning: Invalid uuid: cinderv3. To ensure interoperability, identifiers should be a valid uuid. warnings.warn(('Invalid uuid: %s. To ensure interoperability, '
2026-07-15 04:27:32.320 8 INFO cinder.api.openstack.wsgi [req-babb1758-d97a-42e2-8e69-bcdf33abf2a6 req-624d05be-f736-46a8-b1d9-3e31584d6190 fc61eb35ffed4ad498f83214a861b97c 29c5e036848b4cd98cf7e0a149351b5b - - default default] GET http://cinder-api.openstack.svc.cluster.local:8776/v3/29c5e036848b4cd98cf7e0a149351b5b/volumes/56ff5c82-e1e0-421b-8475-c2a7020304b2 /var/lib/openstack/lib/python3.10/site-packages/oslo_context/context.py:100: DeprecationWarning: Policy enforcement is depending on the value of is_admin. This key is deprecated. Please update your policy file to use the standard policy values. warnings.warn('Policy enforcement is depending on the value of '
2026-07-15 04:27:32.341 8 INFO cinder.volume.api [req-babb1758-d97a-42e2-8e69-bcdf33abf2a6 req-624d05be-f736-46a8-b1d9-3e31584d6190 fc61eb35ffed4ad498f83214a861b97c 29c5e036848b4cd98cf7e0a149351b5b - - default default] Volume info retrieved successfully.
2026-07-15 04:27:32.349 8 INFO cinder.api.openstack.wsgi [req-babb1758-d97a-42e2-8e69-bcdf33abf2a6 req-624d05be-f736-46a8-b1d9-3e31584d6190 fc61eb35ffed4ad498f83214a861b97c 29c5e036848b4cd98cf7e0a149351b5b - - default default] http://cinder-api.openstack.svc.cluster.local:8776/v3/29c5e036848b4cd98cf7e0a149351b5b/volumes/56ff5c82-e1e0-421b-8475-c2a7020304b2 returned with HTTP 200 [pid: 8|app: 0|req: 349/696] 10.0.0.53 () {34 vars in 1026 bytes} [Wed Jul 15 04:27:32 2026] GET /v3/29c5e036848b4cd98cf7e0a149351b5b/volumes/56ff5c82-e1e0-421b-8475-c2a7020304b2 => generated 1342 bytes in 35 msecs (HTTP/1.1 200) 7 headers in 286 bytes (1 switches on core 0)
2026-07-15 04:27:32.365 7 INFO cinder.api.openstack.wsgi [req-babb1758-d97a-42e2-8e69-bcdf33abf2a6 req-a951bf33-9746-4162-be3a-2389df22bbbc fc61eb35ffed4ad498f83214a861b97c 29c5e036848b4cd98cf7e0a149351b5b - - default default] GET http://cinder-api.openstack.svc.cluster.local:8776/
2026-07-15 04:27:32.366 7 INFO cinder.api.openstack.wsgi [req-babb1758-d97a-42e2-8e69-bcdf33abf2a6 req-a951bf33-9746-4162-be3a-2389df22bbbc fc61eb35ffed4ad498f83214a861b97c 29c5e036848b4cd98cf7e0a149351b5b - - default default] http://cinder-api.openstack.svc.cluster.local:8776/ returned with HTTP 300 [pid: 7|app: 0|req: 348/697] 10.0.0.53 () {32 vars in 827 bytes} [Wed Jul 15 04:27:32 2026] GET / => generated 411 bytes in 2 msecs (HTTP/1.1 300) 5 headers in 169 bytes (1 switches on core 0) /var/lib/openstack/lib/python3.10/site-packages/pycadf/identifier.py:71: UserWarning: Invalid uuid: cinderv3. To ensure interoperability, identifiers should be a valid uuid. warnings.warn(('Invalid uuid: %s. To ensure interoperability, '
2026-07-15 04:27:32.381 8 INFO cinder.api.openstack.wsgi [req-babb1758-d97a-42e2-8e69-bcdf33abf2a6 req-7ae9a726-4290-4424-bde3-b4dc11bdcaab fc61eb35ffed4ad498f83214a861b97c 29c5e036848b4cd98cf7e0a149351b5b - - default default] POST http://cinder-api.openstack.svc.cluster.local:8776/v3/29c5e036848b4cd98cf7e0a149351b5b/attachments /var/lib/openstack/lib/python3.10/site-packages/oslo_context/context.py:100: DeprecationWarning: Policy enforcement is depending on the value of is_admin. This key is deprecated. Please update your policy file to use the standard policy values. warnings.warn('Policy enforcement is depending on the value of '
2026-07-15 04:27:32.449 8 INFO cinder.api.openstack.wsgi [req-babb1758-d97a-42e2-8e69-bcdf33abf2a6 req-7ae9a726-4290-4424-bde3-b4dc11bdcaab fc61eb35ffed4ad498f83214a861b97c 29c5e036848b4cd98cf7e0a149351b5b - - default default] http://cinder-api.openstack.svc.cluster.local:8776/v3/29c5e036848b4cd98cf7e0a149351b5b/attachments returned with HTTP 200 [pid: 8|app: 0|req: 350/698] 10.0.0.53 () {40 vars in 1055 bytes} [Wed Jul 15 04:27:32 2026] POST /v3/29c5e036848b4cd98cf7e0a149351b5b/attachments => generated 273 bytes in 75 msecs (HTTP/1.1 200) 7 headers in 286 bytes (1 switches on core 0)
2026-07-15 04:27:33.335 7 INFO cinder.api.openstack.wsgi [req-babb1758-d97a-42e2-8e69-bcdf33abf2a6 req-a951bf33-9746-4162-be3a-2389df22bbbc fc61eb35ffed4ad498f83214a861b97c 29c5e036848b4cd98cf7e0a149351b5b - - default default] GET http://cinder-api.openstack.svc.cluster.local:8776/
2026-07-15 04:27:33.336 7 INFO cinder.api.openstack.wsgi [req-babb1758-d97a-42e2-8e69-bcdf33abf2a6 req-a951bf33-9746-4162-be3a-2389df22bbbc fc61eb35ffed4ad498f83214a861b97c 29c5e036848b4cd98cf7e0a149351b5b - - default default] http://cinder-api.openstack.svc.cluster.local:8776/ returned with HTTP 300 [pid: 7|app: 0|req: 349/699] 199.204.45.157 () {32 vars in 839 bytes} [Wed Jul 15 04:27:33 2026] GET / => generated 411 bytes in 3 msecs (HTTP/1.1 300) 5 headers in 169 bytes (1 switches on core 0) /var/lib/openstack/lib/python3.10/site-packages/pycadf/identifier.py:71: UserWarning: Invalid uuid: cinderv3. To ensure interoperability, identifiers should be a valid uuid. warnings.warn(('Invalid uuid: %s. To ensure interoperability, '
2026-07-15 04:27:33.384 8 INFO cinder.api.openstack.wsgi [req-babb1758-d97a-42e2-8e69-bcdf33abf2a6 req-af364e7d-cde0-4cb1-b2c7-31389c4c30ea fc61eb35ffed4ad498f83214a861b97c 29c5e036848b4cd98cf7e0a149351b5b - - default default] GET http://cinder-api.openstack.svc.cluster.local:8776/v3/29c5e036848b4cd98cf7e0a149351b5b/volumes/56ff5c82-e1e0-421b-8475-c2a7020304b2 /var/lib/openstack/lib/python3.10/site-packages/oslo_context/context.py:100: DeprecationWarning: Policy enforcement is depending on the value of is_admin. This key is deprecated. Please update your policy file to use the standard policy values. warnings.warn('Policy enforcement is depending on the value of '
2026-07-15 04:27:33.416 8 INFO cinder.volume.api [req-babb1758-d97a-42e2-8e69-bcdf33abf2a6 req-af364e7d-cde0-4cb1-b2c7-31389c4c30ea fc61eb35ffed4ad498f83214a861b97c 29c5e036848b4cd98cf7e0a149351b5b - - default default] Volume info retrieved successfully.
2026-07-15 04:27:33.428 8 INFO cinder.api.openstack.wsgi [req-babb1758-d97a-42e2-8e69-bcdf33abf2a6 req-af364e7d-cde0-4cb1-b2c7-31389c4c30ea fc61eb35ffed4ad498f83214a861b97c 29c5e036848b4cd98cf7e0a149351b5b - - default default] http://cinder-api.openstack.svc.cluster.local:8776/v3/29c5e036848b4cd98cf7e0a149351b5b/volumes/56ff5c82-e1e0-421b-8475-c2a7020304b2 returned with HTTP 200 [pid: 8|app: 0|req: 351/700] 199.204.45.157 () {36 vars in 1072 bytes} [Wed Jul 15 04:27:33 2026] GET /v3/29c5e036848b4cd98cf7e0a149351b5b/volumes/56ff5c82-e1e0-421b-8475-c2a7020304b2 => generated 1440 bytes in 56 msecs (HTTP/1.1 200) 7 headers in 287 bytes (1 switches on core 0)
2026-07-15 04:27:33.968 7 INFO cinder.api.openstack.wsgi [req-babb1758-d97a-42e2-8e69-bcdf33abf2a6 req-a951bf33-9746-4162-be3a-2389df22bbbc fc61eb35ffed4ad498f83214a861b97c 29c5e036848b4cd98cf7e0a149351b5b - - default default] GET http://10.0.0.31:8776/
2026-07-15 04:27:33.968 8 INFO cinder.api.openstack.wsgi [req-babb1758-d97a-42e2-8e69-bcdf33abf2a6 req-af364e7d-cde0-4cb1-b2c7-31389c4c30ea fc61eb35ffed4ad498f83214a861b97c 29c5e036848b4cd98cf7e0a149351b5b - - default default] GET http://10.0.0.31:8776/
2026-07-15 04:27:33.969 8 INFO cinder.api.openstack.wsgi [req-babb1758-d97a-42e2-8e69-bcdf33abf2a6 req-af364e7d-cde0-4cb1-b2c7-31389c4c30ea fc61eb35ffed4ad498f83214a861b97c 29c5e036848b4cd98cf7e0a149351b5b - - default default] http://10.0.0.31:8776/ returned with HTTP 300
2026-07-15 04:27:33.970 7 INFO cinder.api.openstack.wsgi [req-babb1758-d97a-42e2-8e69-bcdf33abf2a6 req-a951bf33-9746-4162-be3a-2389df22bbbc fc61eb35ffed4ad498f83214a861b97c 29c5e036848b4cd98cf7e0a149351b5b - - default default] http://10.0.0.31:8776/ returned with HTTP 300 /var/lib/openstack/lib/python3.10/site-packages/pycadf/identifier.py:71: UserWarning: Invalid uuid: cinderv3. To ensure interoperability, identifiers should be a valid uuid. warnings.warn(('Invalid uuid: %s. To ensure interoperability, '
2026-07-15 04:27:35.441 8 INFO cinder.api.openstack.wsgi [req-babb1758-d97a-42e2-8e69-bcdf33abf2a6 req-c05e9bdd-8d86-43d4-8b5f-21afb80f8642 fc61eb35ffed4ad498f83214a861b97c 29c5e036848b4cd98cf7e0a149351b5b - - default default] PUT http://cinder-api.openstack.svc.cluster.local:8776/v3/29c5e036848b4cd98cf7e0a149351b5b/attachments/4e369236-5061-4078-9ba7-92038cdf8ed4 /var/lib/openstack/lib/python3.10/site-packages/oslo_context/context.py:100: DeprecationWarning: Policy enforcement is depending on the value of is_admin. This key is deprecated. Please update your policy file to use the standard policy values. warnings.warn('Policy enforcement is depending on the value of '
2026-07-15 04:27:36.100 8 INFO cinder.api.openstack.wsgi [req-babb1758-d97a-42e2-8e69-bcdf33abf2a6 req-c05e9bdd-8d86-43d4-8b5f-21afb80f8642 fc61eb35ffed4ad498f83214a861b97c 29c5e036848b4cd98cf7e0a149351b5b - - default default] http://cinder-api.openstack.svc.cluster.local:8776/v3/29c5e036848b4cd98cf7e0a149351b5b/attachments/4e369236-5061-4078-9ba7-92038cdf8ed4 returned with HTTP 200 [pid: 8|app: 0|req: 353/703] 199.204.45.157 () {40 vars in 1133 bytes} [Wed Jul 15 04:27:35 2026] PUT /v3/29c5e036848b4cd98cf7e0a149351b5b/attachments/4e369236-5061-4078-9ba7-92038cdf8ed4 => generated 775 bytes in 668 msecs (HTTP/1.1 200) 7 headers in 286 bytes (1 switches on core 0) /var/lib/openstack/lib/python3.10/site-packages/pycadf/identifier.py:71: UserWarning: Invalid uuid: cinderv3. To ensure interoperability, identifiers should be a valid uuid. warnings.warn(('Invalid uuid: %s. To ensure interoperability, '
2026-07-15 04:27:36.145 7 INFO cinder.api.openstack.wsgi [req-babb1758-d97a-42e2-8e69-bcdf33abf2a6 req-8c301d0e-d346-4cfa-88f6-88af20e46eae fc61eb35ffed4ad498f83214a861b97c 29c5e036848b4cd98cf7e0a149351b5b - - default default] POST http://cinder-api.openstack.svc.cluster.local:8776/v3/29c5e036848b4cd98cf7e0a149351b5b/attachments/4e369236-5061-4078-9ba7-92038cdf8ed4/action /var/lib/openstack/lib/python3.10/site-packages/oslo_context/context.py:100: DeprecationWarning: Policy enforcement is depending on the value of is_admin. This key is deprecated. Please update your policy file to use the standard policy values. warnings.warn('Policy enforcement is depending on the value of '
2026-07-15 04:27:36.214 7 INFO cinder.api.openstack.wsgi [req-babb1758-d97a-42e2-8e69-bcdf33abf2a6 req-8c301d0e-d346-4cfa-88f6-88af20e46eae fc61eb35ffed4ad498f83214a861b97c 29c5e036848b4cd98cf7e0a149351b5b - - default default] http://cinder-api.openstack.svc.cluster.local:8776/v3/29c5e036848b4cd98cf7e0a149351b5b/attachments/4e369236-5061-4078-9ba7-92038cdf8ed4/action returned with HTTP 204 [pid: 7|app: 0|req: 351/704] 199.204.45.157 () {40 vars in 1147 bytes} [Wed Jul 15 04:27:36 2026] POST /v3/29c5e036848b4cd98cf7e0a149351b5b/attachments/4e369236-5061-4078-9ba7-92038cdf8ed4/action => generated 0 bytes in 84 msecs (HTTP/1.1 204) 7 headers in 292 bytes (1 switches on core 0) /var/lib/openstack/lib/python3.10/site-packages/pycadf/identifier.py:71: UserWarning: Invalid uuid: cinderv3. To ensure interoperability, identifiers should be a valid uuid. warnings.warn(('Invalid uuid: %s. To ensure interoperability, '
2026-07-15 04:27:40.804 8 INFO cinder.api.openstack.wsgi [req-692faf05-6161-4f22-b157-d05fe17d1183 req-f53d947e-cfcf-49a7-b313-a53a9507b69a fc61eb35ffed4ad498f83214a861b97c 29c5e036848b4cd98cf7e0a149351b5b - - default default] DELETE http://cinder-api.openstack.svc.cluster.local:8776/v3/29c5e036848b4cd98cf7e0a149351b5b/attachments/4e369236-5061-4078-9ba7-92038cdf8ed4 /var/lib/openstack/lib/python3.10/site-packages/oslo_context/context.py:100: DeprecationWarning: Policy enforcement is depending on the value of is_admin. This key is deprecated. Please update your policy file to use the standard policy values. warnings.warn('Policy enforcement is depending on the value of '
2026-07-15 04:27:40.893 8 INFO cinder.api.openstack.wsgi [req-692faf05-6161-4f22-b157-d05fe17d1183 req-f53d947e-cfcf-49a7-b313-a53a9507b69a fc61eb35ffed4ad498f83214a861b97c 29c5e036848b4cd98cf7e0a149351b5b - - default default] http://cinder-api.openstack.svc.cluster.local:8776/v3/29c5e036848b4cd98cf7e0a149351b5b/attachments/4e369236-5061-4078-9ba7-92038cdf8ed4 returned with HTTP 200 [pid: 8|app: 0|req: 354/705] 199.204.45.157 () {38 vars in 1102 bytes} [Wed Jul 15 04:27:40 2026] DELETE /v3/29c5e036848b4cd98cf7e0a149351b5b/attachments/4e369236-5061-4078-9ba7-92038cdf8ed4 => generated 19 bytes in 97 msecs (HTTP/1.1 200) 7 headers in 285 bytes (1 switches on core 0) /var/lib/openstack/lib/python3.10/site-packages/pycadf/identifier.py:71: UserWarning: Invalid uuid: cinderv3. To ensure interoperability, identifiers should be a valid uuid. warnings.warn(('Invalid uuid: %s. To ensure interoperability, '
2026-07-15 04:27:40.910 7 INFO cinder.api.openstack.wsgi [req-692faf05-6161-4f22-b157-d05fe17d1183 req-6f9362a9-b9bc-45a4-a46e-c932afb90729 fc61eb35ffed4ad498f83214a861b97c 29c5e036848b4cd98cf7e0a149351b5b - - default default] DELETE http://cinder-api.openstack.svc.cluster.local:8776/v3/29c5e036848b4cd98cf7e0a149351b5b/volumes/56ff5c82-e1e0-421b-8475-c2a7020304b2
2026-07-15 04:27:40.911 7 INFO cinder.api.v3.volumes [req-692faf05-6161-4f22-b157-d05fe17d1183 req-6f9362a9-b9bc-45a4-a46e-c932afb90729 fc61eb35ffed4ad498f83214a861b97c 29c5e036848b4cd98cf7e0a149351b5b - - default default] Delete volume with id: 56ff5c82-e1e0-421b-8475-c2a7020304b2  /var/lib/openstack/lib/python3.10/site-packages/oslo_context/context.py:100: DeprecationWarning: Policy enforcement is depending on the value of is_admin. This key is deprecated. Please update your policy file to use the standard policy values. warnings.warn('Policy enforcement is depending on the value of '
2026-07-15 04:27:40.922 7 INFO cinder.volume.api [req-692faf05-6161-4f22-b157-d05fe17d1183 req-6f9362a9-b9bc-45a4-a46e-c932afb90729 fc61eb35ffed4ad498f83214a861b97c 29c5e036848b4cd98cf7e0a149351b5b - - default default] Volume info retrieved successfully.
2026-07-15 04:27:40.967 7 INFO cinder.volume.api [req-692faf05-6161-4f22-b157-d05fe17d1183 req-6f9362a9-b9bc-45a4-a46e-c932afb90729 fc61eb35ffed4ad498f83214a861b97c 29c5e036848b4cd98cf7e0a149351b5b - - default default] Delete volume request issued successfully.
2026-07-15 04:27:40.968 7 INFO cinder.api.openstack.wsgi [req-692faf05-6161-4f22-b157-d05fe17d1183 req-6f9362a9-b9bc-45a4-a46e-c932afb90729 fc61eb35ffed4ad498f83214a861b97c 29c5e036848b4cd98cf7e0a149351b5b - - default default] http://cinder-api.openstack.svc.cluster.local:8776/v3/29c5e036848b4cd98cf7e0a149351b5b/volumes/56ff5c82-e1e0-421b-8475-c2a7020304b2 returned with HTTP 202 [pid: 7|app: 0|req: 352/706] 199.204.45.157 () {36 vars in 1053 bytes} [Wed Jul 15 04:27:40 2026] DELETE /v3/29c5e036848b4cd98cf7e0a149351b5b/volumes/56ff5c82-e1e0-421b-8475-c2a7020304b2 => generated 0 bytes in 67 msecs (HTTP/1.1 202) 6 headers in 233 bytes (1 switches on core 0) /var/lib/openstack/lib/python3.10/site-packages/pycadf/identifier.py:71: UserWarning: Invalid uuid: cinderv3. To ensure interoperability, identifiers should be a valid uuid. warnings.warn(('Invalid uuid: %s. To ensure interoperability, '
2026-07-15 04:27:43.092 8 INFO cinder.api.openstack.wsgi [None req-0cbe2761-fa58-4ff1-a77f-d03731a351a6 5c57479b089c4ee595f6d6f98d865306 cfac821f476d4a08b4615f9950356cef - - default default] GET http://cinder-api.openstack.svc.cluster.local:8776/v3/cfac821f476d4a08b4615f9950356cef/snapshots?all_tenants=true /var/lib/openstack/lib/python3.10/site-packages/oslo_context/context.py:100: DeprecationWarning: Policy enforcement is depending on the value of is_admin. This key is deprecated. Please update your policy file to use the standard policy values. warnings.warn('Policy enforcement is depending on the value of '
2026-07-15 04:27:43.101 8 INFO cinder.volume.api [None req-0cbe2761-fa58-4ff1-a77f-d03731a351a6 5c57479b089c4ee595f6d6f98d865306 cfac821f476d4a08b4615f9950356cef - - default default] Get all snapshots completed successfully.
2026-07-15 04:27:43.102 8 INFO cinder.api.openstack.wsgi [None req-0cbe2761-fa58-4ff1-a77f-d03731a351a6 5c57479b089c4ee595f6d6f98d865306 cfac821f476d4a08b4615f9950356cef - - default default] http://cinder-api.openstack.svc.cluster.local:8776/v3/cfac821f476d4a08b4615f9950356cef/snapshots?all_tenants=true returned with HTTP 200 [pid: 8|app: 0|req: 355/707] 10.0.0.139 () {28 vars in 673 bytes} [Wed Jul 15 04:27:42 2026] GET /v3/cfac821f476d4a08b4615f9950356cef/snapshots?all_tenants=true => generated 17 bytes in 128 msecs (HTTP/1.1 200) 7 headers in 284 bytes (1 switches on core 0) /var/lib/openstack/lib/python3.10/site-packages/pycadf/identifier.py:71: UserWarning: Invalid uuid: cinderv3. To ensure interoperability, identifiers should be a valid uuid. warnings.warn(('Invalid uuid: %s. To ensure interoperability, '
2026-07-15 04:27:43.114 7 INFO cinder.api.openstack.wsgi [None req-c3fc1dde-ecce-473d-bc64-c3b3f0e481df 5c57479b089c4ee595f6d6f98d865306 cfac821f476d4a08b4615f9950356cef - - default default] GET http://cinder-api.openstack.svc.cluster.local:8776/v3/cfac821f476d4a08b4615f9950356cef/os-services
2026-07-15 04:27:43.122 7 INFO cinder.api.openstack.wsgi [None req-c3fc1dde-ecce-473d-bc64-c3b3f0e481df 5c57479b089c4ee595f6d6f98d865306 cfac821f476d4a08b4615f9950356cef - - default default] http://cinder-api.openstack.svc.cluster.local:8776/v3/cfac821f476d4a08b4615f9950356cef/os-services returned with HTTP 200 [pid: 7|app: 0|req: 353/708] 10.0.0.139 () {28 vars in 644 bytes} [Wed Jul 15 04:27:43 2026] GET /v3/cfac821f476d4a08b4615f9950356cef/os-services => generated 646 bytes in 17 msecs (HTTP/1.1 200) 7 headers in 285 bytes (1 switches on core 0)
2026-07-15 04:27:43.134 8 INFO cinder.api.openstack.wsgi [None req-f7fb55e9-82b8-4f91-82d3-834126e4f610 5c57479b089c4ee595f6d6f98d865306 cfac821f476d4a08b4615f9950356cef - - default default] GET http://cinder-api.openstack.svc.cluster.local:8776/v3/cfac821f476d4a08b4615f9950356cef/volumes/detail?all_tenants=true
2026-07-15 04:27:43.146 8 INFO cinder.volume.api [None req-f7fb55e9-82b8-4f91-82d3-834126e4f610 5c57479b089c4ee595f6d6f98d865306 cfac821f476d4a08b4615f9950356cef - - default default] Get all volumes completed successfully.
2026-07-15 04:27:43.149 8 INFO cinder.api.openstack.wsgi [None req-f7fb55e9-82b8-4f91-82d3-834126e4f610 5c57479b089c4ee595f6d6f98d865306 cfac821f476d4a08b4615f9950356cef - - default default] http://cinder-api.openstack.svc.cluster.local:8776/v3/cfac821f476d4a08b4615f9950356cef/volumes/detail?all_tenants=true returned with HTTP 200 [pid: 8|app: 0|req: 356/709] 10.0.0.139 () {28 vars in 683 bytes} [Wed Jul 15 04:27:43 2026] GET /v3/cfac821f476d4a08b4615f9950356cef/volumes/detail?all_tenants=true => generated 15 bytes in 24 msecs (HTTP/1.1 200) 7 headers in 284 bytes (1 switches on core 0)
2026-07-15 04:27:43.161 7 INFO cinder.api.openstack.wsgi [None req-e6fa3bb6-f0e0-4152-ab78-c5d5af3ddd85 5c57479b089c4ee595f6d6f98d865306 cfac821f476d4a08b4615f9950356cef - - default default] GET http://cinder-api.openstack.svc.cluster.local:8776/v3/cfac821f476d4a08b4615f9950356cef/scheduler-stats/get_pools?detail=true
2026-07-15 04:27:43.178 7 INFO cinder.api.openstack.wsgi [None req-e6fa3bb6-f0e0-4152-ab78-c5d5af3ddd85 5c57479b089c4ee595f6d6f98d865306 cfac821f476d4a08b4615f9950356cef - - default default] http://cinder-api.openstack.svc.cluster.local:8776/v3/cfac821f476d4a08b4615f9950356cef/scheduler-stats/get_pools?detail=true returned with HTTP 200 [pid: 7|app: 0|req: 354/710] 10.0.0.139 () {28 vars in 695 bytes} [Wed Jul 15 04:27:43 2026] GET /v3/cfac821f476d4a08b4615f9950356cef/scheduler-stats/get_pools?detail=true => generated 670 bytes in 26 msecs (HTTP/1.1 200) 7 headers in 285 bytes (1 switches on core 0)
2026-07-15 04:27:43.188 8 INFO cinder.api.openstack.wsgi [None req-fde36cfc-3e74-4034-84e3-3c9b74e76247 5c57479b089c4ee595f6d6f98d865306 cfac821f476d4a08b4615f9950356cef - - default default] GET http://cinder-api.openstack.svc.cluster.local:8776/v3/cfac821f476d4a08b4615f9950356cef/volumes/detail?all_tenants=true
2026-07-15 04:27:43.201 8 INFO cinder.volume.api [None req-fde36cfc-3e74-4034-84e3-3c9b74e76247 5c57479b089c4ee595f6d6f98d865306 cfac821f476d4a08b4615f9950356cef - - default default] Get all volumes completed successfully.
2026-07-15 04:27:43.203 8 INFO cinder.api.openstack.wsgi [None req-fde36cfc-3e74-4034-84e3-3c9b74e76247 5c57479b089c4ee595f6d6f98d865306 cfac821f476d4a08b4615f9950356cef - - default default] http://cinder-api.openstack.svc.cluster.local:8776/v3/cfac821f476d4a08b4615f9950356cef/volumes/detail?all_tenants=true returned with HTTP 200 [pid: 8|app: 0|req: 357/711] 10.0.0.139 () {28 vars in 683 bytes} [Wed Jul 15 04:27:43 2026] GET /v3/cfac821f476d4a08b4615f9950356cef/volumes/detail?all_tenants=true => generated 15 bytes in 22 msecs (HTTP/1.1 200) 7 headers in 284 bytes (1 switches on core 0)
2026-07-15 04:27:43.246 7 INFO cinder.api.openstack.wsgi [None req-3a12dfa6-463f-4db3-8d26-be8f97b84732 5c57479b089c4ee595f6d6f98d865306 cfac821f476d4a08b4615f9950356cef - - default default] GET http://cinder-api.openstack.svc.cluster.local:8776/v3/cfac821f476d4a08b4615f9950356cef/os-quota-sets/29c5e036848b4cd98cf7e0a149351b5b?usage=true
2026-07-15 04:27:43.295 7 INFO cinder.api.openstack.wsgi [None req-3a12dfa6-463f-4db3-8d26-be8f97b84732 5c57479b089c4ee595f6d6f98d865306 cfac821f476d4a08b4615f9950356cef - - default default] http://cinder-api.openstack.svc.cluster.local:8776/v3/cfac821f476d4a08b4615f9950356cef/os-quota-sets/29c5e036848b4cd98cf7e0a149351b5b?usage=true returned with HTTP 200 [pid: 7|app: 0|req: 355/712] 10.0.0.139 () {28 vars in 735 bytes} [Wed Jul 15 04:27:43 2026] GET /v3/cfac821f476d4a08b4615f9950356cef/os-quota-sets/29c5e036848b4cd98cf7e0a149351b5b?usage=true => generated 847 bytes in 57 msecs (HTTP/1.1 200) 7 headers in 285 bytes (1 switches on core 0)
2026-07-15 04:27:43.311 8 INFO cinder.api.openstack.wsgi [None req-b40dc18d-1633-4515-a4f3-da970617aec2 5c57479b089c4ee595f6d6f98d865306 cfac821f476d4a08b4615f9950356cef - - default default] GET http://cinder-api.openstack.svc.cluster.local:8776/v3/cfac821f476d4a08b4615f9950356cef/os-quota-sets/2b7ad95c0ad34a588653e0db55599894?usage=true
2026-07-15 04:27:43.357 8 INFO cinder.api.openstack.wsgi [None req-b40dc18d-1633-4515-a4f3-da970617aec2 5c57479b089c4ee595f6d6f98d865306 cfac821f476d4a08b4615f9950356cef - - default default] http://cinder-api.openstack.svc.cluster.local:8776/v3/cfac821f476d4a08b4615f9950356cef/os-quota-sets/2b7ad95c0ad34a588653e0db55599894?usage=true returned with HTTP 200 [pid: 8|app: 0|req: 358/713] 10.0.0.139 () {28 vars in 735 bytes} [Wed Jul 15 04:27:43 2026] GET /v3/cfac821f476d4a08b4615f9950356cef/os-quota-sets/2b7ad95c0ad34a588653e0db55599894?usage=true => generated 847 bytes in 60 msecs (HTTP/1.1 200) 7 headers in 285 bytes (1 switches on core 0)
2026-07-15 04:27:43.375 7 INFO cinder.api.openstack.wsgi [None req-d94d19cc-b9fa-476d-9bfa-436bcb8011e8 5c57479b089c4ee595f6d6f98d865306 cfac821f476d4a08b4615f9950356cef - - default default] GET http://cinder-api.openstack.svc.cluster.local:8776/v3/cfac821f476d4a08b4615f9950356cef/os-quota-sets/3e7d0e9383e44a6e88e712efb2296e88?usage=true
2026-07-15 04:27:43.413 7 INFO cinder.api.openstack.wsgi [None req-d94d19cc-b9fa-476d-9bfa-436bcb8011e8 5c57479b089c4ee595f6d6f98d865306 cfac821f476d4a08b4615f9950356cef - - default default] http://cinder-api.openstack.svc.cluster.local:8776/v3/cfac821f476d4a08b4615f9950356cef/os-quota-sets/3e7d0e9383e44a6e88e712efb2296e88?usage=true returned with HTTP 200 [pid: 7|app: 0|req: 356/714] 10.0.0.139 () {28 vars in 735 bytes} [Wed Jul 15 04:27:43 2026] GET /v3/cfac821f476d4a08b4615f9950356cef/os-quota-sets/3e7d0e9383e44a6e88e712efb2296e88?usage=true => generated 845 bytes in 51 msecs (HTTP/1.1 200) 7 headers in 285 bytes (1 switches on core 0)
2026-07-15 04:27:43.428 8 INFO cinder.api.openstack.wsgi [None req-bfbf75d8-da1a-4306-810d-585df658f91b 5c57479b089c4ee595f6d6f98d865306 cfac821f476d4a08b4615f9950356cef - - default default] GET http://cinder-api.openstack.svc.cluster.local:8776/v3/cfac821f476d4a08b4615f9950356cef/os-quota-sets/487d697240fe4aca8bf31c3d81a9ecd9?usage=true
2026-07-15 04:27:43.460 8 INFO cinder.api.openstack.wsgi [None req-bfbf75d8-da1a-4306-810d-585df658f91b 5c57479b089c4ee595f6d6f98d865306 cfac821f476d4a08b4615f9950356cef - - default default] http://cinder-api.openstack.svc.cluster.local:8776/v3/cfac821f476d4a08b4615f9950356cef/os-quota-sets/487d697240fe4aca8bf31c3d81a9ecd9?usage=true returned with HTTP 200 [pid: 8|app: 0|req: 359/715] 10.0.0.139 () {28 vars in 735 bytes} [Wed Jul 15 04:27:43 2026] GET /v3/cfac821f476d4a08b4615f9950356cef/os-quota-sets/487d697240fe4aca8bf31c3d81a9ecd9?usage=true => generated 847 bytes in 41 msecs (HTTP/1.1 200) 7 headers in 285 bytes (1 switches on core 0)
2026-07-15 04:27:43.474 7 INFO cinder.api.openstack.wsgi [None req-a8e8b5ef-e4af-4be8-ae0c-9bfa9911932c 5c57479b089c4ee595f6d6f98d865306 cfac821f476d4a08b4615f9950356cef - - default default] GET http://cinder-api.openstack.svc.cluster.local:8776/v3/cfac821f476d4a08b4615f9950356cef/os-quota-sets/98e9eb9ed890463ea64b98a4be68fbc3?usage=true
2026-07-15 04:27:43.495 7 INFO cinder.api.openstack.wsgi [None req-a8e8b5ef-e4af-4be8-ae0c-9bfa9911932c 5c57479b089c4ee595f6d6f98d865306 cfac821f476d4a08b4615f9950356cef - - default default] http://cinder-api.openstack.svc.cluster.local:8776/v3/cfac821f476d4a08b4615f9950356cef/os-quota-sets/98e9eb9ed890463ea64b98a4be68fbc3?usage=true returned with HTTP 200 [pid: 7|app: 0|req: 357/716] 10.0.0.139 () {28 vars in 735 bytes} [Wed Jul 15 04:27:43 2026] GET /v3/cfac821f476d4a08b4615f9950356cef/os-quota-sets/98e9eb9ed890463ea64b98a4be68fbc3?usage=true => generated 847 bytes in 31 msecs (HTTP/1.1 200) 7 headers in 285 bytes (1 switches on core 0)
2026-07-15 04:27:43.506 8 INFO cinder.api.openstack.wsgi [None req-e1362dca-6d75-4382-927f-73f0ebf9c28d 5c57479b089c4ee595f6d6f98d865306 cfac821f476d4a08b4615f9950356cef - - default default] GET http://cinder-api.openstack.svc.cluster.local:8776/v3/cfac821f476d4a08b4615f9950356cef/os-quota-sets/cfac821f476d4a08b4615f9950356cef?usage=true
2026-07-15 04:27:43.536 8 INFO cinder.api.openstack.wsgi [None req-e1362dca-6d75-4382-927f-73f0ebf9c28d 5c57479b089c4ee595f6d6f98d865306 cfac821f476d4a08b4615f9950356cef - - default default] http://cinder-api.openstack.svc.cluster.local:8776/v3/cfac821f476d4a08b4615f9950356cef/os-quota-sets/cfac821f476d4a08b4615f9950356cef?usage=true returned with HTTP 200 [pid: 8|app: 0|req: 360/717] 10.0.0.139 () {28 vars in 735 bytes} [Wed Jul 15 04:27:43 2026] GET /v3/cfac821f476d4a08b4615f9950356cef/os-quota-sets/cfac821f476d4a08b4615f9950356cef?usage=true => generated 845 bytes in 39 msecs (HTTP/1.1 200) 7 headers in 285 bytes (1 switches on core 0)
2026-07-15 04:27:43.969 8 INFO cinder.api.openstack.wsgi [None req-e1362dca-6d75-4382-927f-73f0ebf9c28d 5c57479b089c4ee595f6d6f98d865306 cfac821f476d4a08b4615f9950356cef - - default default] GET http://10.0.0.31:8776/
2026-07-15 04:27:43.970 8 INFO cinder.api.openstack.wsgi [None req-e1362dca-6d75-4382-927f-73f0ebf9c28d 5c57479b089c4ee595f6d6f98d865306 cfac821f476d4a08b4615f9950356cef - - default default] http://10.0.0.31:8776/ returned with HTTP 300
2026-07-15 04:27:43.971 7 INFO cinder.api.openstack.wsgi [None req-a8e8b5ef-e4af-4be8-ae0c-9bfa9911932c 5c57479b089c4ee595f6d6f98d865306 cfac821f476d4a08b4615f9950356cef - - default default] GET http://10.0.0.31:8776/
2026-07-15 04:27:43.975 7 INFO cinder.api.openstack.wsgi [None req-a8e8b5ef-e4af-4be8-ae0c-9bfa9911932c 5c57479b089c4ee595f6d6f98d865306 cfac821f476d4a08b4615f9950356cef - - default default] http://10.0.0.31:8776/ returned with HTTP 300
2026-07-15 04:27:53.968 8 INFO cinder.api.openstack.wsgi [None req-e1362dca-6d75-4382-927f-73f0ebf9c28d 5c57479b089c4ee595f6d6f98d865306 cfac821f476d4a08b4615f9950356cef - - default default] GET http://10.0.0.31:8776/
2026-07-15 04:27:53.968 7 INFO cinder.api.openstack.wsgi [None req-a8e8b5ef-e4af-4be8-ae0c-9bfa9911932c 5c57479b089c4ee595f6d6f98d865306 cfac821f476d4a08b4615f9950356cef - - default default] GET http://10.0.0.31:8776/
2026-07-15 04:27:53.969 7 INFO cinder.api.openstack.wsgi [None req-a8e8b5ef-e4af-4be8-ae0c-9bfa9911932c 5c57479b089c4ee595f6d6f98d865306 cfac821f476d4a08b4615f9950356cef - - default default] http://10.0.0.31:8776/ returned with HTTP 300
2026-07-15 04:27:53.969 8 INFO cinder.api.openstack.wsgi [None req-e1362dca-6d75-4382-927f-73f0ebf9c28d 5c57479b089c4ee595f6d6f98d865306 cfac821f476d4a08b4615f9950356cef - - default default] http://10.0.0.31:8776/ returned with HTTP 300
2026-07-15 04:28:03.969 7 INFO cinder.api.openstack.wsgi [None req-a8e8b5ef-e4af-4be8-ae0c-9bfa9911932c 5c57479b089c4ee595f6d6f98d865306 cfac821f476d4a08b4615f9950356cef - - default default] GET http://10.0.0.31:8776/
2026-07-15 04:28:03.970 8 INFO cinder.api.openstack.wsgi [None req-e1362dca-6d75-4382-927f-73f0ebf9c28d 5c57479b089c4ee595f6d6f98d865306 cfac821f476d4a08b4615f9950356cef - - default default] GET http://10.0.0.31:8776/
2026-07-15 04:28:03.970 7 INFO cinder.api.openstack.wsgi [None req-a8e8b5ef-e4af-4be8-ae0c-9bfa9911932c 5c57479b089c4ee595f6d6f98d865306 cfac821f476d4a08b4615f9950356cef - - default default] http://10.0.0.31:8776/ returned with HTTP 300
2026-07-15 04:28:03.971 8 INFO cinder.api.openstack.wsgi [None req-e1362dca-6d75-4382-927f-73f0ebf9c28d 5c57479b089c4ee595f6d6f98d865306 cfac821f476d4a08b4615f9950356cef - - default default] http://10.0.0.31:8776/ returned with HTTP 300
2026-07-15 04:28:13.969 8 INFO cinder.api.openstack.wsgi [None req-e1362dca-6d75-4382-927f-73f0ebf9c28d 5c57479b089c4ee595f6d6f98d865306 cfac821f476d4a08b4615f9950356cef - - default default] GET http://10.0.0.31:8776/
2026-07-15 04:28:13.969 8 INFO cinder.api.openstack.wsgi [None req-e1362dca-6d75-4382-927f-73f0ebf9c28d 5c57479b089c4ee595f6d6f98d865306 cfac821f476d4a08b4615f9950356cef - - default default] http://10.0.0.31:8776/ returned with HTTP 300
2026-07-15 04:28:13.972 7 INFO cinder.api.openstack.wsgi [None req-a8e8b5ef-e4af-4be8-ae0c-9bfa9911932c 5c57479b089c4ee595f6d6f98d865306 cfac821f476d4a08b4615f9950356cef - - default default] GET http://10.0.0.31:8776/
2026-07-15 04:28:13.972 7 INFO cinder.api.openstack.wsgi [None req-a8e8b5ef-e4af-4be8-ae0c-9bfa9911932c 5c57479b089c4ee595f6d6f98d865306 cfac821f476d4a08b4615f9950356cef - - default default] http://10.0.0.31:8776/ returned with HTTP 300
2026-07-15 04:28:23.969 7 INFO cinder.api.openstack.wsgi [None req-a8e8b5ef-e4af-4be8-ae0c-9bfa9911932c 5c57479b089c4ee595f6d6f98d865306 cfac821f476d4a08b4615f9950356cef - - default default] GET http://10.0.0.31:8776/
2026-07-15 04:28:23.969 8 INFO cinder.api.openstack.wsgi [None req-e1362dca-6d75-4382-927f-73f0ebf9c28d 5c57479b089c4ee595f6d6f98d865306 cfac821f476d4a08b4615f9950356cef - - default default] GET http://10.0.0.31:8776/
2026-07-15 04:28:23.970 7 INFO cinder.api.openstack.wsgi [None req-a8e8b5ef-e4af-4be8-ae0c-9bfa9911932c 5c57479b089c4ee595f6d6f98d865306 cfac821f476d4a08b4615f9950356cef - - default default] http://10.0.0.31:8776/ returned with HTTP 300
2026-07-15 04:28:23.971 8 INFO cinder.api.openstack.wsgi [None req-e1362dca-6d75-4382-927f-73f0ebf9c28d 5c57479b089c4ee595f6d6f98d865306 cfac821f476d4a08b4615f9950356cef - - default default] http://10.0.0.31:8776/ returned with HTTP 300
2026-07-15 04:28:33.970 7 INFO cinder.api.openstack.wsgi [None req-a8e8b5ef-e4af-4be8-ae0c-9bfa9911932c 5c57479b089c4ee595f6d6f98d865306 cfac821f476d4a08b4615f9950356cef - - default default] GET http://10.0.0.31:8776/
2026-07-15 04:28:33.971 7 INFO cinder.api.openstack.wsgi [None req-a8e8b5ef-e4af-4be8-ae0c-9bfa9911932c 5c57479b089c4ee595f6d6f98d865306 cfac821f476d4a08b4615f9950356cef - - default default] http://10.0.0.31:8776/ returned with HTTP 300
2026-07-15 04:28:33.972 8 INFO cinder.api.openstack.wsgi [None req-e1362dca-6d75-4382-927f-73f0ebf9c28d 5c57479b089c4ee595f6d6f98d865306 cfac821f476d4a08b4615f9950356cef - - default default] GET http://10.0.0.31:8776/
2026-07-15 04:28:33.973 8 INFO cinder.api.openstack.wsgi [None req-e1362dca-6d75-4382-927f-73f0ebf9c28d 5c57479b089c4ee595f6d6f98d865306 cfac821f476d4a08b4615f9950356cef - - default default] http://10.0.0.31:8776/ returned with HTTP 300
2026-07-15 04:28:43.219 7 INFO cinder.api.openstack.wsgi [None req-587e70ce-3e7c-411b-ada4-0535669b72bd 5c57479b089c4ee595f6d6f98d865306 cfac821f476d4a08b4615f9950356cef - - default default] GET http://cinder-api.openstack.svc.cluster.local:8776/v3/cfac821f476d4a08b4615f9950356cef/volumes/detail?all_tenants=true
2026-07-15 04:28:43.229 7 INFO cinder.volume.api [None req-587e70ce-3e7c-411b-ada4-0535669b72bd 5c57479b089c4ee595f6d6f98d865306 cfac821f476d4a08b4615f9950356cef - - default default] Get all volumes completed successfully.
2026-07-15 04:28:43.231 7 INFO cinder.api.openstack.wsgi [None req-587e70ce-3e7c-411b-ada4-0535669b72bd 5c57479b089c4ee595f6d6f98d865306 cfac821f476d4a08b4615f9950356cef - - default default] http://cinder-api.openstack.svc.cluster.local:8776/v3/cfac821f476d4a08b4615f9950356cef/volumes/detail?all_tenants=true returned with HTTP 200 [pid: 7|app: 0|req: 364/730] 10.0.0.139 () {28 vars in 683 bytes} [Wed Jul 15 04:28:43 2026] GET /v3/cfac821f476d4a08b4615f9950356cef/volumes/detail?all_tenants=true => generated 15 bytes in 211 msecs (HTTP/1.1 200) 7 headers in 284 bytes (1 switches on core 0)
2026-07-15 04:28:43.401 8 INFO cinder.api.openstack.wsgi [None req-aeb3a58d-18aa-4ffe-88fd-19a5adbe3636 5c57479b089c4ee595f6d6f98d865306 cfac821f476d4a08b4615f9950356cef - - default default] GET http://cinder-api.openstack.svc.cluster.local:8776/v3/cfac821f476d4a08b4615f9950356cef/os-quota-sets/0d1f782906754f0888a2bfc094b741a7?usage=true
2026-07-15 04:28:43.438 8 INFO cinder.api.openstack.wsgi [None req-aeb3a58d-18aa-4ffe-88fd-19a5adbe3636 5c57479b089c4ee595f6d6f98d865306 cfac821f476d4a08b4615f9950356cef - - default default] http://cinder-api.openstack.svc.cluster.local:8776/v3/cfac821f476d4a08b4615f9950356cef/os-quota-sets/0d1f782906754f0888a2bfc094b741a7?usage=true returned with HTTP 200 [pid: 8|app: 0|req: 367/731] 10.0.0.139 () {28 vars in 735 bytes} [Wed Jul 15 04:28:43 2026] GET /v3/cfac821f476d4a08b4615f9950356cef/os-quota-sets/0d1f782906754f0888a2bfc094b741a7?usage=true => generated 847 bytes in 46 msecs (HTTP/1.1 200) 7 headers in 285 bytes (1 switches on core 0)
2026-07-15 04:28:43.451 7 INFO cinder.api.openstack.wsgi [None req-08cc286d-ce7f-41e6-a522-a84a05da2d38 5c57479b089c4ee595f6d6f98d865306 cfac821f476d4a08b4615f9950356cef - - default default] GET http://cinder-api.openstack.svc.cluster.local:8776/v3/cfac821f476d4a08b4615f9950356cef/os-quota-sets/3e7d0e9383e44a6e88e712efb2296e88?usage=true
2026-07-15 04:28:43.477 7 INFO cinder.api.openstack.wsgi [None req-08cc286d-ce7f-41e6-a522-a84a05da2d38 5c57479b089c4ee595f6d6f98d865306 cfac821f476d4a08b4615f9950356cef - - default default] http://cinder-api.openstack.svc.cluster.local:8776/v3/cfac821f476d4a08b4615f9950356cef/os-quota-sets/3e7d0e9383e44a6e88e712efb2296e88?usage=true returned with HTTP 200 [pid: 7|app: 0|req: 365/732] 10.0.0.139 () {28 vars in 735 bytes} [Wed Jul 15 04:28:43 2026] GET /v3/cfac821f476d4a08b4615f9950356cef/os-quota-sets/3e7d0e9383e44a6e88e712efb2296e88?usage=true => generated 845 bytes in 33 msecs (HTTP/1.1 200) 7 headers in 285 bytes (1 switches on core 0)
2026-07-15 04:28:43.489 8 INFO cinder.api.openstack.wsgi [None req-78f3716c-d248-4ff1-ad2b-7967caece4df 5c57479b089c4ee595f6d6f98d865306 cfac821f476d4a08b4615f9950356cef - - default default] GET http://cinder-api.openstack.svc.cluster.local:8776/v3/cfac821f476d4a08b4615f9950356cef/os-quota-sets/54fea7d792ba407db6aa1be9c22e2620?usage=true
2026-07-15 04:28:43.516 8 INFO cinder.api.openstack.wsgi [None req-78f3716c-d248-4ff1-ad2b-7967caece4df 5c57479b089c4ee595f6d6f98d865306 cfac821f476d4a08b4615f9950356cef - - default default] http://cinder-api.openstack.svc.cluster.local:8776/v3/cfac821f476d4a08b4615f9950356cef/os-quota-sets/54fea7d792ba407db6aa1be9c22e2620?usage=true returned with HTTP 200 [pid: 8|app: 0|req: 368/733] 10.0.0.139 () {28 vars in 735 bytes} [Wed Jul 15 04:28:43 2026] GET /v3/cfac821f476d4a08b4615f9950356cef/os-quota-sets/54fea7d792ba407db6aa1be9c22e2620?usage=true => generated 847 bytes in 37 msecs (HTTP/1.1 200) 7 headers in 285 bytes (1 switches on core 0)
2026-07-15 04:28:43.536 7 INFO cinder.api.openstack.wsgi [None req-e16de542-56a8-474b-9499-43e2c99f49b5 5c57479b089c4ee595f6d6f98d865306 cfac821f476d4a08b4615f9950356cef - - default default] GET http://cinder-api.openstack.svc.cluster.local:8776/v3/cfac821f476d4a08b4615f9950356cef/os-quota-sets/76f724625cf34bcaa958949321b9700e?usage=true
2026-07-15 04:28:43.569 7 INFO cinder.api.openstack.wsgi [None req-e16de542-56a8-474b-9499-43e2c99f49b5 5c57479b089c4ee595f6d6f98d865306 cfac821f476d4a08b4615f9950356cef - - default default] http://cinder-api.openstack.svc.cluster.local:8776/v3/cfac821f476d4a08b4615f9950356cef/os-quota-sets/76f724625cf34bcaa958949321b9700e?usage=true returned with HTTP 200 [pid: 7|app: 0|req: 366/734] 10.0.0.139 () {28 vars in 735 bytes} [Wed Jul 15 04:28:43 2026] GET /v3/cfac821f476d4a08b4615f9950356cef/os-quota-sets/76f724625cf34bcaa958949321b9700e?usage=true => generated 847 bytes in 49 msecs (HTTP/1.1 200) 7 headers in 285 bytes (1 switches on core 0)
2026-07-15 04:28:43.586 8 INFO cinder.api.openstack.wsgi [None req-3031e6c6-1efb-4fa5-9a3b-be58f8473557 5c57479b089c4ee595f6d6f98d865306 cfac821f476d4a08b4615f9950356cef - - default default] GET http://cinder-api.openstack.svc.cluster.local:8776/v3/cfac821f476d4a08b4615f9950356cef/os-quota-sets/8569d48ac6064a84a043bd85d6461a50?usage=true
2026-07-15 04:28:43.612 8 INFO cinder.api.openstack.wsgi [None req-3031e6c6-1efb-4fa5-9a3b-be58f8473557 5c57479b089c4ee595f6d6f98d865306 cfac821f476d4a08b4615f9950356cef - - default default] http://cinder-api.openstack.svc.cluster.local:8776/v3/cfac821f476d4a08b4615f9950356cef/os-quota-sets/8569d48ac6064a84a043bd85d6461a50?usage=true returned with HTTP 200 [pid: 8|app: 0|req: 369/735] 10.0.0.139 () {28 vars in 735 bytes} [Wed Jul 15 04:28:43 2026] GET /v3/cfac821f476d4a08b4615f9950356cef/os-quota-sets/8569d48ac6064a84a043bd85d6461a50?usage=true => generated 847 bytes in 39 msecs (HTTP/1.1 200) 7 headers in 285 bytes (1 switches on core 0)
2026-07-15 04:28:43.627 7 INFO cinder.api.openstack.wsgi [None req-34694977-dee4-441e-9119-6b356938afce 5c57479b089c4ee595f6d6f98d865306 cfac821f476d4a08b4615f9950356cef - - default default] GET http://cinder-api.openstack.svc.cluster.local:8776/v3/cfac821f476d4a08b4615f9950356cef/os-quota-sets/98e9eb9ed890463ea64b98a4be68fbc3?usage=true
2026-07-15 04:28:43.654 7 INFO cinder.api.openstack.wsgi [None req-34694977-dee4-441e-9119-6b356938afce 5c57479b089c4ee595f6d6f98d865306 cfac821f476d4a08b4615f9950356cef - - default default] http://cinder-api.openstack.svc.cluster.local:8776/v3/cfac821f476d4a08b4615f9950356cef/os-quota-sets/98e9eb9ed890463ea64b98a4be68fbc3?usage=true returned with HTTP 200 [pid: 7|app: 0|req: 367/736] 10.0.0.139 () {28 vars in 735 bytes} [Wed Jul 15 04:28:43 2026] GET /v3/cfac821f476d4a08b4615f9950356cef/os-quota-sets/98e9eb9ed890463ea64b98a4be68fbc3?usage=true => generated 847 bytes in 38 msecs (HTTP/1.1 200) 7 headers in 285 bytes (1 switches on core 0)
2026-07-15 04:28:43.672 8 INFO cinder.api.openstack.wsgi [None req-1723dabd-aefc-45bc-b325-768123cc4422 5c57479b089c4ee595f6d6f98d865306 cfac821f476d4a08b4615f9950356cef - - default default] GET http://cinder-api.openstack.svc.cluster.local:8776/v3/cfac821f476d4a08b4615f9950356cef/os-quota-sets/cd912728c1e5464ea13ea27d36889a49?usage=true
2026-07-15 04:28:43.696 8 INFO cinder.api.openstack.wsgi [None req-1723dabd-aefc-45bc-b325-768123cc4422 5c57479b089c4ee595f6d6f98d865306 cfac821f476d4a08b4615f9950356cef - - default default] http://cinder-api.openstack.svc.cluster.local:8776/v3/cfac821f476d4a08b4615f9950356cef/os-quota-sets/cd912728c1e5464ea13ea27d36889a49?usage=true returned with HTTP 200 [pid: 8|app: 0|req: 370/737] 10.0.0.139 () {28 vars in 735 bytes} [Wed Jul 15 04:28:43 2026] GET /v3/cfac821f476d4a08b4615f9950356cef/os-quota-sets/cd912728c1e5464ea13ea27d36889a49?usage=true => generated 847 bytes in 35 msecs (HTTP/1.1 200) 7 headers in 285 bytes (1 switches on core 0)
2026-07-15 04:28:43.708 7 INFO cinder.api.openstack.wsgi [None req-7a347c48-f4fe-428f-a30b-f0f6a8d0ca64 5c57479b089c4ee595f6d6f98d865306 cfac821f476d4a08b4615f9950356cef - - default default] GET http://cinder-api.openstack.svc.cluster.local:8776/v3/cfac821f476d4a08b4615f9950356cef/os-quota-sets/cfac821f476d4a08b4615f9950356cef?usage=true
2026-07-15 04:28:43.737 7 INFO cinder.api.openstack.wsgi [None req-7a347c48-f4fe-428f-a30b-f0f6a8d0ca64 5c57479b089c4ee595f6d6f98d865306 cfac821f476d4a08b4615f9950356cef - - default default] http://cinder-api.openstack.svc.cluster.local:8776/v3/cfac821f476d4a08b4615f9950356cef/os-quota-sets/cfac821f476d4a08b4615f9950356cef?usage=true returned with HTTP 200 [pid: 7|app: 0|req: 368/738] 10.0.0.139 () {28 vars in 735 bytes} [Wed Jul 15 04:28:43 2026] GET /v3/cfac821f476d4a08b4615f9950356cef/os-quota-sets/cfac821f476d4a08b4615f9950356cef?usage=true => generated 845 bytes in 37 msecs (HTTP/1.1 200) 7 headers in 285 bytes (1 switches on core 0)
2026-07-15 04:28:43.748 8 INFO cinder.api.openstack.wsgi [None req-52d2f180-baee-4c61-8531-ca1fdb3ba412 5c57479b089c4ee595f6d6f98d865306 cfac821f476d4a08b4615f9950356cef - - default default] GET http://cinder-api.openstack.svc.cluster.local:8776/v3/cfac821f476d4a08b4615f9950356cef/snapshots?all_tenants=true
2026-07-15 04:28:43.754 8 INFO cinder.volume.api [None req-52d2f180-baee-4c61-8531-ca1fdb3ba412 5c57479b089c4ee595f6d6f98d865306 cfac821f476d4a08b4615f9950356cef - - default default] Get all snapshots completed successfully.
2026-07-15 04:28:43.754 8 INFO cinder.api.openstack.wsgi [None req-52d2f180-baee-4c61-8531-ca1fdb3ba412 5c57479b089c4ee595f6d6f98d865306 cfac821f476d4a08b4615f9950356cef - - default default] http://cinder-api.openstack.svc.cluster.local:8776/v3/cfac821f476d4a08b4615f9950356cef/snapshots?all_tenants=true returned with HTTP 200 [pid: 8|app: 0|req: 371/739] 10.0.0.139 () {28 vars in 673 bytes} [Wed Jul 15 04:28:43 2026] GET /v3/cfac821f476d4a08b4615f9950356cef/snapshots?all_tenants=true => generated 17 bytes in 12 msecs (HTTP/1.1 200) 7 headers in 284 bytes (1 switches on core 0)
