2026-07-15 00:23:19.912 7 INFO neutron.db.ovn_revision_numbers_db [None req-33496e16-c2ae-4ed4-9c4d-129d77de67ed be4839f16a37478485f059fb243ec952 70fe966d12924d71ad30eb352461f137 - - default default] Successfully bumped revision number for resource ba29ff69-4a5a-4a26-880b-ad75956fd6ea (type: ports) to 1 [pid: 8|app: 0|req: 1091/2147] 10.0.0.9 () {34 vars in 693 bytes} [Wed Jul 15 00:23:19 2026] POST /v2.0/security-group-rules => generated 602 bytes in 194 msecs (HTTP/1.1 201) 4 headers in 162 bytes (1 switches on core 0)
2026-07-15 00:23:20.031 8 INFO neutron_taas.services.taas.taas_plugin [None req-a52fd576-a454-477b-b58e-f2b3dd481dab 9dc790f2166548569689c341e7f4bcea 3a65e25e6341448688636685ff5af4ef - - default default] TaaS: Handle Delete Port: 61ebc563-66aa-4f3d-b4b1-173784e6bb50
2026-07-15 00:23:20.034 8 INFO neutron_taas.services.taas.tap_mirror_plugin [None req-a52fd576-a454-477b-b58e-f2b3dd481dab 9dc790f2166548569689c341e7f4bcea 3a65e25e6341448688636685ff5af4ef - - default default] Tap Mirror: Handle Delete Port: 61ebc563-66aa-4f3d-b4b1-173784e6bb50 [pid: 8|app: 0|req: 1092/2148] 10.0.0.9 () {32 vars in 718 bytes} [Wed Jul 15 00:23:19 2026] DELETE /v2.0/ports/61ebc563-66aa-4f3d-b4b1-173784e6bb50 => generated 0 bytes in 197 msecs (HTTP/1.1 204) 3 headers in 131 bytes (1 switches on core 0)
2026-07-15 00:23:20.227 8 INFO neutron.db.ovn_revision_numbers_db [None req-b7546925-b873-47c7-b6fb-982f26d587ea ddf9f3ad29ee478a834b17a92a6f1526 640c5feda32e4e7fb156c5a47ab6e8c9 - - default default] Successfully bumped revision number for resource 63a33b9d-00df-475c-b2a6-941a4d6daa2e (type: security_group_rules) to 0 [pid: 8|app: 0|req: 1093/2149] 10.0.0.9 () {34 vars in 693 bytes} [Wed Jul 15 00:23:20 2026] POST /v2.0/security-group-rules => generated 601 bytes in 133 msecs (HTTP/1.1 201) 4 headers in 162 bytes (1 switches on core 0)
2026-07-15 00:23:20.371 8 INFO neutron_taas.services.taas.taas_plugin [None req-70360255-391d-4978-808d-8dc6697a5a54 9dc790f2166548569689c341e7f4bcea 3a65e25e6341448688636685ff5af4ef - - default default] TaaS: Handle Delete Port: 3a1dc11a-6583-419d-ad79-e46b30e26f9b
2026-07-15 00:23:20.373 8 INFO neutron_taas.services.taas.tap_mirror_plugin [None req-70360255-391d-4978-808d-8dc6697a5a54 9dc790f2166548569689c341e7f4bcea 3a65e25e6341448688636685ff5af4ef - - default default] Tap Mirror: Handle Delete Port: 3a1dc11a-6583-419d-ad79-e46b30e26f9b [pid: 8|app: 0|req: 1096/2152] 10.0.0.9 () {32 vars in 718 bytes} [Wed Jul 15 00:23:20 2026] DELETE /v2.0/ports/3a1dc11a-6583-419d-ad79-e46b30e26f9b => generated 0 bytes in 241 msecs (HTTP/1.1 204) 3 headers in 131 bytes (1 switches on core 0)
2026-07-15 00:23:20.560 7 INFO neutron.plugins.ml2.drivers.ovn.mech_driver.mech_driver [None req-edfc23e8-ad90-48d5-8424-26b7f1da66f3 - - - - - -] OVN reports status up for port: ba29ff69-4a5a-4a26-880b-ad75956fd6ea
2026-07-15 00:23:20.564 8 INFO neutron.db.securitygroups_db [None req-7493836b-d1ce-4acc-be56-a36521b5ea63 ddf9f3ad29ee478a834b17a92a6f1526 640c5feda32e4e7fb156c5a47ab6e8c9 - - default default] Project 640c5feda32e4e7fb156c5a47ab6e8c9 added a security group rule with legacy IPv6 ICMP protocol name icmp, ipv6-icmp should be used instead. It was automatically converted.
2026-07-15 00:23:20.586 7 INFO neutron.plugins.ml2.plugin [None req-edfc23e8-ad90-48d5-8424-26b7f1da66f3 - - - - - -] Attempt 1 to provision port ba29ff69-4a5a-4a26-880b-ad75956fd6ea
2026-07-15 00:23:20.610 7 INFO neutron.db.ovn_revision_numbers_db [None req-33496e16-c2ae-4ed4-9c4d-129d77de67ed be4839f16a37478485f059fb243ec952 70fe966d12924d71ad30eb352461f137 - - default default] Successfully bumped revision number for resource ba29ff69-4a5a-4a26-880b-ad75956fd6ea (type: router_ports) to 1
2026-07-15 00:23:20.649 8 INFO neutron.db.ovn_revision_numbers_db [None req-7493836b-d1ce-4acc-be56-a36521b5ea63 ddf9f3ad29ee478a834b17a92a6f1526 640c5feda32e4e7fb156c5a47ab6e8c9 - - default default] Successfully bumped revision number for resource 630d95b7-9827-42ab-9576-e1088decbb4d (type: security_group_rules) to 0 [pid: 8|app: 0|req: 1097/2153] 10.0.0.9 () {34 vars in 693 bytes} [Wed Jul 15 00:23:20 2026] POST /v2.0/security-group-rules => generated 607 bytes in 177 msecs (HTTP/1.1 201) 4 headers in 162 bytes (1 switches on core 0)
2026-07-15 00:23:20.728 7 INFO neutron.db.ovn_revision_numbers_db [None req-33496e16-c2ae-4ed4-9c4d-129d77de67ed be4839f16a37478485f059fb243ec952 70fe966d12924d71ad30eb352461f137 - - default default] Successfully bumped revision number for resource a12c9f41-a85e-4d2a-ac07-8ce10f08ce4b (type: routers) to 2 [pid: 7|app: 0|req: 1057/2154] 10.0.0.9 () {34 vars in 667 bytes} [Wed Jul 15 00:23:19 2026] POST /v2.0/routers => generated 957 bytes in 1523 msecs (HTTP/1.1 201) 4 headers in 162 bytes (1 switches on core 0)
2026-07-15 00:23:20.801 8 INFO neutron_taas.services.taas.taas_plugin [None req-19d7f83e-1b60-4ca3-9b0b-5aac6e32bcb1 9dc790f2166548569689c341e7f4bcea 3a65e25e6341448688636685ff5af4ef - - default default] TaaS: Handle Delete Port: f42c1293-f327-4f81-a5e9-c4a613ed1130
2026-07-15 00:23:20.804 8 INFO neutron_taas.services.taas.tap_mirror_plugin [None req-19d7f83e-1b60-4ca3-9b0b-5aac6e32bcb1 9dc790f2166548569689c341e7f4bcea 3a65e25e6341448688636685ff5af4ef - - default default] Tap Mirror: Handle Delete Port: f42c1293-f327-4f81-a5e9-c4a613ed1130
2026-07-15 00:23:20.916 7 WARNING neutron.db.securitygroups_db [None req-d97fa692-d5f5-449d-b1b0-2c9c8c97e229 ee0847ec8885450e89893411e7798beb fd938b09b9974e31b3e8c0eacce8a99c - - default default] project_id key not found in filters, using tenant_id instead. This support has been deprecated and will be removed in a future release. [pid: 8|app: 0|req: 1098/2155] 10.0.0.9 () {32 vars in 718 bytes} [Wed Jul 15 00:23:20 2026] DELETE /v2.0/ports/f42c1293-f327-4f81-a5e9-c4a613ed1130 => generated 0 bytes in 240 msecs (HTTP/1.1 204) 3 headers in 131 bytes (1 switches on core 0)
2026-07-15 00:23:20.956 8 INFO neutron.db.securitygroups_db [None req-a87a91f3-43de-419f-a661-b7bbc6b894ff ddf9f3ad29ee478a834b17a92a6f1526 640c5feda32e4e7fb156c5a47ab6e8c9 - - default default] Project 640c5feda32e4e7fb156c5a47ab6e8c9 added a security group rule with legacy IPv6 ICMP protocol name icmp, ipv6-icmp should be used instead. It was automatically converted.
2026-07-15 00:23:21.048 8 INFO neutron.db.ovn_revision_numbers_db [None req-a87a91f3-43de-419f-a661-b7bbc6b894ff ddf9f3ad29ee478a834b17a92a6f1526 640c5feda32e4e7fb156c5a47ab6e8c9 - - default default] Successfully bumped revision number for resource 408773ab-d1cb-4e1c-9d74-9c15bbc8ae17 (type: security_group_rules) to 0
2026-07-15 00:23:21.081 7 INFO neutron.db.ovn_revision_numbers_db [None req-d97fa692-d5f5-449d-b1b0-2c9c8c97e229 ee0847ec8885450e89893411e7798beb fd938b09b9974e31b3e8c0eacce8a99c - - default default] Successfully bumped revision number for resource 3a0a2647-c759-4d04-ac23-c8494fcf33d8 (type: security_groups) to 1 [pid: 8|app: 0|req: 1099/2156] 10.0.0.9 () {34 vars in 693 bytes} [Wed Jul 15 00:23:20 2026] POST /v2.0/security-group-rules => generated 606 bytes in 166 msecs (HTTP/1.1 201) 4 headers in 162 bytes (1 switches on core 0)
2026-07-15 00:23:21.092 7 INFO neutron.db.ovn_revision_numbers_db [None req-d97fa692-d5f5-449d-b1b0-2c9c8c97e229 ee0847ec8885450e89893411e7798beb fd938b09b9974e31b3e8c0eacce8a99c - - default default] Successfully bumped revision number for resource 5b082bb0-38a5-4233-8fc5-dc0857b21dbc (type: security_group_rules) to 0
2026-07-15 00:23:21.112 7 INFO neutron.db.ovn_revision_numbers_db [None req-d97fa692-d5f5-449d-b1b0-2c9c8c97e229 ee0847ec8885450e89893411e7798beb fd938b09b9974e31b3e8c0eacce8a99c - - default default] Successfully bumped revision number for resource 724ece6f-6030-4600-a245-15bff2b56252 (type: security_group_rules) to 0
2026-07-15 00:23:21.130 7 INFO neutron.db.ovn_revision_numbers_db [None req-d97fa692-d5f5-449d-b1b0-2c9c8c97e229 ee0847ec8885450e89893411e7798beb fd938b09b9974e31b3e8c0eacce8a99c - - default default] Successfully bumped revision number for resource a122caaf-dde5-4832-ba12-b774baf2f015 (type: security_group_rules) to 0
2026-07-15 00:23:21.142 7 INFO neutron.db.ovn_revision_numbers_db [None req-d97fa692-d5f5-449d-b1b0-2c9c8c97e229 ee0847ec8885450e89893411e7798beb fd938b09b9974e31b3e8c0eacce8a99c - - default default] Successfully bumped revision number for resource e7089382-f49c-40d3-8f49-2a1b19a56a13 (type: security_group_rules) to 0 [pid: 7|app: 0|req: 1058/2157] 10.0.0.9 () {32 vars in 772 bytes} [Wed Jul 15 00:23:20 2026] GET /v2.0/security-groups?tenant_id=b639a63d9f0948c7981604d7bdd1a765&name=default => generated 2925 bytes in 429 msecs (HTTP/1.1 200) 4 headers in 158 bytes (1 switches on core 0)
2026-07-15 00:23:21.319 7 INFO neutron_taas.services.taas.taas_plugin [None req-f9ac331e-7580-4886-b3d8-0b731972a10f 9dc790f2166548569689c341e7f4bcea 3a65e25e6341448688636685ff5af4ef - - default default] TaaS: Handle Delete Port: 9b3ae8dc-469b-4cad-92e4-a7ba643dcb6c
2026-07-15 00:23:21.322 7 INFO neutron_taas.services.taas.tap_mirror_plugin [None req-f9ac331e-7580-4886-b3d8-0b731972a10f 9dc790f2166548569689c341e7f4bcea 3a65e25e6341448688636685ff5af4ef - - default default] Tap Mirror: Handle Delete Port: 9b3ae8dc-469b-4cad-92e4-a7ba643dcb6c [pid: 7|app: 0|req: 1059/2158] 10.0.0.9 () {32 vars in 718 bytes} [Wed Jul 15 00:23:21 2026] DELETE /v2.0/ports/9b3ae8dc-469b-4cad-92e4-a7ba643dcb6c => generated 0 bytes in 285 msecs (HTTP/1.1 204) 3 headers in 131 bytes (1 switches on core 0)
2026-07-15 00:23:21.592 8 WARNING neutron.scheduler.dhcp_agent_scheduler [None req-57b13bcd-e2ce-4838-873a-7ed8d829a010 be4839f16a37478485f059fb243ec952 70fe966d12924d71ad30eb352461f137 - - default default] No more DHCP agents
2026-07-15 00:23:21.594 8 WARNING neutron.api.rpc.agentnotifiers.dhcp_rpc_agent_api [None req-57b13bcd-e2ce-4838-873a-7ed8d829a010 be4839f16a37478485f059fb243ec952 70fe966d12924d71ad30eb352461f137 - - default default] Unable to schedule network 1d828a00-ac6b-4754-aec0-af49cd29fc83: no agents available; will retry on subsequent port and subnet creation events. [pid: 7|app: 0|req: 1060/2159] 10.0.0.9 () {32 vars in 738 bytes} [Wed Jul 15 00:23:21 2026] DELETE /v2.0/security-groups/3a0a2647-c759-4d04-ac23-c8494fcf33d8 => generated 0 bytes in 199 msecs (HTTP/1.1 204) 2 headers in 112 bytes (1 switches on core 0)
2026-07-15 00:23:21.749 8 INFO neutron.db.ovn_revision_numbers_db [None req-57b13bcd-e2ce-4838-873a-7ed8d829a010 be4839f16a37478485f059fb243ec952 70fe966d12924d71ad30eb352461f137 - - default default] Successfully bumped revision number for resource 30d74dce-ede8-466c-9ded-35581d7571a7 (type: ports) to 1
2026-07-15 00:23:21.833 7 INFO neutron_taas.services.taas.taas_plugin [None req-67d7ab5b-589e-42a8-a243-30ac80bdd861 9dc790f2166548569689c341e7f4bcea 3a65e25e6341448688636685ff5af4ef - - default default] TaaS: Handle Delete Port: 0d0d470b-fd28-49f7-89bf-dcd09c38394a
2026-07-15 00:23:21.839 7 INFO neutron_taas.services.taas.tap_mirror_plugin [None req-67d7ab5b-589e-42a8-a243-30ac80bdd861 9dc790f2166548569689c341e7f4bcea 3a65e25e6341448688636685ff5af4ef - - default default] Tap Mirror: Handle Delete Port: 0d0d470b-fd28-49f7-89bf-dcd09c38394a [pid: 7|app: 0|req: 1061/2160] 10.0.0.9 () {32 vars in 718 bytes} [Wed Jul 15 00:23:21 2026] DELETE /v2.0/ports/0d0d470b-fd28-49f7-89bf-dcd09c38394a => generated 0 bytes in 305 msecs (HTTP/1.1 204) 3 headers in 131 bytes (1 switches on core 0) [pid: 7|app: 0|req: 1062/2161] 10.0.0.9 () {32 vars in 647 bytes} [Wed Jul 15 00:23:21 2026] GET /v2.0/networks => generated 1374 bytes in 200 msecs (HTTP/1.1 200) 4 headers in 158 bytes (1 switches on core 0)
2026-07-15 00:23:22.172 7 WARNING neutron.db.securitygroups_db [None req-d8b242c6-cc4d-493d-b9a1-e4d35709502b ee0847ec8885450e89893411e7798beb fd938b09b9974e31b3e8c0eacce8a99c - - default default] project_id key not found in filters, using tenant_id instead. This support has been deprecated and will be removed in a future release.
2026-07-15 00:23:22.300 7 INFO neutron.db.ovn_revision_numbers_db [None req-d8b242c6-cc4d-493d-b9a1-e4d35709502b ee0847ec8885450e89893411e7798beb fd938b09b9974e31b3e8c0eacce8a99c - - default default] Successfully bumped revision number for resource 95e26c1a-7ffd-4f1e-8717-074737e4f866 (type: security_groups) to 1
2026-07-15 00:23:22.312 7 INFO neutron.db.ovn_revision_numbers_db [None req-d8b242c6-cc4d-493d-b9a1-e4d35709502b ee0847ec8885450e89893411e7798beb fd938b09b9974e31b3e8c0eacce8a99c - - default default] Successfully bumped revision number for resource 31f1e64c-1d38-4d7f-a3bb-2d1e208e5b11 (type: security_group_rules) to 0
2026-07-15 00:23:22.323 7 INFO neutron.db.ovn_revision_numbers_db [None req-d8b242c6-cc4d-493d-b9a1-e4d35709502b ee0847ec8885450e89893411e7798beb fd938b09b9974e31b3e8c0eacce8a99c - - default default] Successfully bumped revision number for resource 3baa37c9-db69-4f25-b700-40cc4dd20038 (type: security_group_rules) to 0
2026-07-15 00:23:22.335 7 INFO neutron.db.ovn_revision_numbers_db [None req-d8b242c6-cc4d-493d-b9a1-e4d35709502b ee0847ec8885450e89893411e7798beb fd938b09b9974e31b3e8c0eacce8a99c - - default default] Successfully bumped revision number for resource d1cc1934-d695-4118-9838-b4fc75153973 (type: security_group_rules) to 0
2026-07-15 00:23:22.351 7 INFO neutron.db.ovn_revision_numbers_db [None req-d8b242c6-cc4d-493d-b9a1-e4d35709502b ee0847ec8885450e89893411e7798beb fd938b09b9974e31b3e8c0eacce8a99c - - default default] Successfully bumped revision number for resource d53aaefa-6426-4206-90d1-045aed8df0f4 (type: security_group_rules) to 0 [pid: 7|app: 0|req: 1063/2162] 10.0.0.9 () {32 vars in 772 bytes} [Wed Jul 15 00:23:22 2026] GET /v2.0/security-groups?tenant_id=3424a2d9306348b8ac4aba960e75694f&name=default => generated 2925 bytes in 231 msecs (HTTP/1.1 200) 4 headers in 158 bytes (1 switches on core 0)
2026-07-15 00:23:22.546 7 INFO neutron_taas.services.taas.taas_plugin [None req-ce23055d-a5b8-4b80-9b3f-4da2584c9608 9dc790f2166548569689c341e7f4bcea 3a65e25e6341448688636685ff5af4ef - - default default] TaaS: Handle Delete Port: 827c7742-4bee-4e04-a0f8-f51ab4dd85c1
2026-07-15 00:23:22.549 7 INFO neutron_taas.services.taas.tap_mirror_plugin [None req-ce23055d-a5b8-4b80-9b3f-4da2584c9608 9dc790f2166548569689c341e7f4bcea 3a65e25e6341448688636685ff5af4ef - - default default] Tap Mirror: Handle Delete Port: 827c7742-4bee-4e04-a0f8-f51ab4dd85c1
2026-07-15 00:23:22.751 7 INFO neutron.services.segments.plugin [-] Segment 22b0899a-4996-446a-96dd-234ac262be86 resource provider aggregate not found
2026-07-15 00:23:22.752 7 INFO neutron.services.segments.plugin [-] Segment 22b0899a-4996-446a-96dd-234ac262be86 resource provider aggregate not found
2026-07-15 00:23:22.773 7 INFO neutron.services.segments.plugin [-] Client error retrieving segment 22b0899a-4996-446a-96dd-234ac262be86 resource provider; error: Placement Client Error (4xx): {"errors": [{"status": 404, "title": "Not Found", "detail": "The resource could not be found.\n\n No resource provider with uuid 22b0899a-4996-446a-96dd-234ac262be86 found for delete ", "request_id": "req-0ad2b02d-2245-4d7c-8714-7516320e83dc"}]}
2026-07-15 00:23:22.777 7 INFO neutron.services.segments.plugin [-] Client error retrieving segment 22b0899a-4996-446a-96dd-234ac262be86 resource provider; error: Placement Client Error (4xx): {"errors": [{"status": 404, "title": "Not Found", "detail": "The resource could not be found.\n\n No resource provider with uuid 22b0899a-4996-446a-96dd-234ac262be86 found for delete ", "request_id": "req-7ebb4143-43e9-4a0b-a8d1-2430ce4e4bd4"}]} [pid: 7|app: 0|req: 1064/2163] 10.0.0.9 () {32 vars in 724 bytes} [Wed Jul 15 00:23:22 2026] DELETE /v2.0/networks/bd9ce4d6-ab9a-4828-829a-044557580a35 => generated 0 bytes in 407 msecs (HTTP/1.1 204) 3 headers in 131 bytes (1 switches on core 0)
2026-07-15 00:23:22.810 7 WARNING neutron.db.securitygroups_db [req-c52266c3-e04b-4448-ae32-7100d442fde1 req-08bc88e9-d0d3-487e-8561-49475dfe29fe ddf9f3ad29ee478a834b17a92a6f1526 640c5feda32e4e7fb156c5a47ab6e8c9 - - default default] project_id key not found in filters, using tenant_id instead. This support has been deprecated and will be removed in a future release. [pid: 7|app: 0|req: 1065/2164] 10.0.0.24 () {34 vars in 1099 bytes} [Wed Jul 15 00:23:22 2026] GET /v2.0/security-groups?name=tempest-secgroup-smoke-1834358312&fields=id&tenant_id=640c5feda32e4e7fb156c5a47ab6e8c9 => generated 69 bytes in 30 msecs (HTTP/1.1 200) 4 headers in 156 bytes (1 switches on core 0) [pid: 7|app: 0|req: 1066/2165] 10.0.0.9 () {32 vars in 738 bytes} [Wed Jul 15 00:23:22 2026] DELETE /v2.0/security-groups/95e26c1a-7ffd-4f1e-8717-074737e4f866 => generated 0 bytes in 175 msecs (HTTP/1.1 204) 2 headers in 112 bytes (1 switches on core 0)
2026-07-15 00:23:23.030 8 WARNING neutron.plugins.ml2.drivers.ovn.mech_driver.ovsdb.ovn_client [None req-b8fc6798-592e-424e-a6af-700ae41a89d0 - - - - - -] No hosting information found for port 6aa5dc94-fe05-4695-98ce-cff6b9e64fdc: RuntimeError: No hosting information found for port 6aa5dc94-fe05-4695-98ce-cff6b9e64fdc
2026-07-15 00:23:23.165 8 WARNING neutron.scheduler.dhcp_agent_scheduler [None req-57b13bcd-e2ce-4838-873a-7ed8d829a010 be4839f16a37478485f059fb243ec952 70fe966d12924d71ad30eb352461f137 - - default default] No more DHCP agents
2026-07-15 00:23:23.166 8 WARNING neutron.api.rpc.agentnotifiers.dhcp_rpc_agent_api [None req-57b13bcd-e2ce-4838-873a-7ed8d829a010 be4839f16a37478485f059fb243ec952 70fe966d12924d71ad30eb352461f137 - - default default] Unable to schedule network 1d828a00-ac6b-4754-aec0-af49cd29fc83: no agents available; will retry on subsequent port and subnet creation events.
2026-07-15 00:23:23.169 8 INFO neutron.db.ovn_revision_numbers_db [None req-b8fc6798-592e-424e-a6af-700ae41a89d0 - - - - - -] Successfully bumped revision number for resource 6aa5dc94-fe05-4695-98ce-cff6b9e64fdc (type: router_ports) to 2
2026-07-15 00:23:23.171 7 INFO neutron_taas.services.taas.taas_plugin [None req-3290afef-2bdf-45a0-8b04-e8a1fafed6da 9dc790f2166548569689c341e7f4bcea 3a65e25e6341448688636685ff5af4ef - - default default] TaaS: Handle Delete Port: d38fa1f7-36f0-4586-be7b-6afafcf64f67
2026-07-15 00:23:23.173 7 INFO neutron_taas.services.taas.tap_mirror_plugin [None req-3290afef-2bdf-45a0-8b04-e8a1fafed6da 9dc790f2166548569689c341e7f4bcea 3a65e25e6341448688636685ff5af4ef - - default default] Tap Mirror: Handle Delete Port: d38fa1f7-36f0-4586-be7b-6afafcf64f67
2026-07-15 00:23:23.258 8 INFO neutron.plugins.ml2.drivers.ovn.mech_driver.mech_driver [None req-b8fc6798-592e-424e-a6af-700ae41a89d0 - - - - - -] OVN reports status down for port: 827f268e-c202-46fc-8439-19c57b4e57ba [pid: 7|app: 0|req: 1067/2166] 10.0.0.9 () {32 vars in 724 bytes} [Wed Jul 15 00:23:23 2026] DELETE /v2.0/networks/ba54033b-3f83-42a1-a7cd-a7d2b41b577c => generated 0 bytes in 413 msecs (HTTP/1.1 204) 3 headers in 131 bytes (1 switches on core 0) [pid: 7|app: 0|req: 1068/2167] 10.0.0.24 () {34 vars in 981 bytes} [Wed Jul 15 00:23:23 2026] GET /v2.0/networks?id=5c8f10ac-3a2e-4a93-a1a6-edef83d7b130 => generated 699 bytes in 53 msecs (HTTP/1.1 200) 4 headers in 157 bytes (1 switches on core 0)
2026-07-15 00:23:23.485 7 WARNING neutron.db.securitygroups_db [None req-97d08f27-08b0-46b6-9250-ac9607d53255 ee0847ec8885450e89893411e7798beb fd938b09b9974e31b3e8c0eacce8a99c - - default default] project_id key not found in filters, using tenant_id instead. This support has been deprecated and will be removed in a future release.
2026-07-15 00:23:23.597 8 INFO neutron.db.ovn_revision_numbers_db [None req-57b13bcd-e2ce-4838-873a-7ed8d829a010 be4839f16a37478485f059fb243ec952 70fe966d12924d71ad30eb352461f137 - - default default] Successfully bumped revision number for resource 30d74dce-ede8-466c-9ded-35581d7571a7 (type: router_ports) to 1 [pid: 8|app: 0|req: 1100/2168] 10.0.0.9 () {34 vars in 781 bytes} [Wed Jul 15 00:23:21 2026] PUT /v2.0/routers/a12c9f41-a85e-4d2a-ac07-8ce10f08ce4b/add_router_interface => generated 310 bytes in 2516 msecs (HTTP/1.1 200) 4 headers in 157 bytes (1 switches on core 0)
2026-07-15 00:23:23.702 7 INFO neutron.db.ovn_revision_numbers_db [None req-97d08f27-08b0-46b6-9250-ac9607d53255 ee0847ec8885450e89893411e7798beb fd938b09b9974e31b3e8c0eacce8a99c - - default default] Successfully bumped revision number for resource 2013efa8-eb68-4e4d-859f-b480ad36408f (type: security_groups) to 1
2026-07-15 00:23:23.714 7 INFO neutron.db.ovn_revision_numbers_db [None req-97d08f27-08b0-46b6-9250-ac9607d53255 ee0847ec8885450e89893411e7798beb fd938b09b9974e31b3e8c0eacce8a99c - - default default] Successfully bumped revision number for resource 2b666e64-8f72-4600-aebd-19abe76b24c8 (type: security_group_rules) to 0
2026-07-15 00:23:23.727 7 INFO neutron.db.ovn_revision_numbers_db [None req-97d08f27-08b0-46b6-9250-ac9607d53255 ee0847ec8885450e89893411e7798beb fd938b09b9974e31b3e8c0eacce8a99c - - default default] Successfully bumped revision number for resource 6ff3ed95-0b53-434a-a710-0c7baeed490a (type: security_group_rules) to 0
2026-07-15 00:23:23.740 7 INFO neutron.db.ovn_revision_numbers_db [None req-97d08f27-08b0-46b6-9250-ac9607d53255 ee0847ec8885450e89893411e7798beb fd938b09b9974e31b3e8c0eacce8a99c - - default default] Successfully bumped revision number for resource 7497ce83-29dc-4fd4-9735-53992b6bdb33 (type: security_group_rules) to 0
2026-07-15 00:23:23.750 8 INFO neutron_taas.services.taas.taas_plugin [None req-8e92d918-eeba-4c5e-9d02-84c21f8dfef6 9dc790f2166548569689c341e7f4bcea 3a65e25e6341448688636685ff5af4ef - - default default] TaaS: Handle Delete Port: 05a16a3b-6a56-4298-ad62-ece7fc033045
2026-07-15 00:23:23.752 7 INFO neutron.db.ovn_revision_numbers_db [None req-97d08f27-08b0-46b6-9250-ac9607d53255 ee0847ec8885450e89893411e7798beb fd938b09b9974e31b3e8c0eacce8a99c - - default default] Successfully bumped revision number for resource 8dafd0cb-bee1-4021-939b-3edf423e4cf0 (type: security_group_rules) to 0
2026-07-15 00:23:23.753 8 INFO neutron_taas.services.taas.tap_mirror_plugin [None req-8e92d918-eeba-4c5e-9d02-84c21f8dfef6 9dc790f2166548569689c341e7f4bcea 3a65e25e6341448688636685ff5af4ef - - default default] Tap Mirror: Handle Delete Port: 05a16a3b-6a56-4298-ad62-ece7fc033045 [pid: 7|app: 0|req: 1069/2169] 10.0.0.9 () {32 vars in 772 bytes} [Wed Jul 15 00:23:23 2026] GET /v2.0/security-groups?tenant_id=848d067c276a4f23bbec0fe73885b0d6&name=default => generated 2925 bytes in 309 msecs (HTTP/1.1 200) 4 headers in 158 bytes (1 switches on core 0) [pid: 7|app: 0|req: 1070/2170] 10.0.0.24 () {34 vars in 964 bytes} [Wed Jul 15 00:23:23 2026] GET /v2.0/quotas/640c5feda32e4e7fb156c5a47ab6e8c9 => generated 312 bytes in 9 msecs (HTTP/1.1 200) 4 headers in 157 bytes (1 switches on core 0)
2026-07-15 00:23:23.928 8 INFO neutron.services.segments.plugin [-] Segment 4e259ddd-296e-4dae-a050-5beed7e74abb resource provider aggregate not found
2026-07-15 00:23:23.936 8 INFO neutron.services.segments.plugin [-] Segment 4e259ddd-296e-4dae-a050-5beed7e74abb resource provider aggregate not found
2026-07-15 00:23:23.955 8 INFO neutron.services.segments.plugin [-] Client error retrieving segment 4e259ddd-296e-4dae-a050-5beed7e74abb resource provider; error: Placement Client Error (4xx): {"errors": [{"status": 404, "title": "Not Found", "detail": "The resource could not be found.\n\n No resource provider with uuid 4e259ddd-296e-4dae-a050-5beed7e74abb found for delete ", "request_id": "req-d3ff4d63-26f3-4d08-842a-85d210697247"}]}
2026-07-15 00:23:23.957 8 INFO neutron.services.segments.plugin [-] Client error retrieving segment 4e259ddd-296e-4dae-a050-5beed7e74abb resource provider; error: Placement Client Error (4xx): {"errors": [{"status": 404, "title": "Not Found", "detail": "The resource could not be found.\n\n No resource provider with uuid 4e259ddd-296e-4dae-a050-5beed7e74abb found for delete ", "request_id": "req-2f4d7885-be16-477e-91ea-b862a80bf050"}]} [pid: 8|app: 0|req: 1101/2171] 10.0.0.9 () {32 vars in 724 bytes} [Wed Jul 15 00:23:23 2026] DELETE /v2.0/networks/39e94616-b088-433a-93df-f8c1ad1a7db5 => generated 0 bytes in 389 msecs (HTTP/1.1 204) 3 headers in 131 bytes (1 switches on core 0) [pid: 8|app: 0|req: 1102/2172] 10.0.0.9 () {32 vars in 738 bytes} [Wed Jul 15 00:23:23 2026] DELETE /v2.0/security-groups/2013efa8-eb68-4e4d-859f-b480ad36408f => generated 0 bytes in 182 msecs (HTTP/1.1 204) 2 headers in 112 bytes (1 switches on core 0) [pid: 8|app: 0|req: 1103/2173] 10.0.0.24 () {34 vars in 1001 bytes} [Wed Jul 15 00:23:24 2026] GET /v2.0/ports?tenant_id=640c5feda32e4e7fb156c5a47ab6e8c9&fields=id => generated 103 bytes in 76 msecs (HTTP/1.1 200) 4 headers in 157 bytes (1 switches on core 0)
2026-07-15 00:23:24.371 8 INFO neutron_taas.services.taas.taas_plugin [None req-7c7c05e2-49a2-4dd1-8b4c-076ac6362661 9dc790f2166548569689c341e7f4bcea 3a65e25e6341448688636685ff5af4ef - - default default] TaaS: Handle Delete Port: 144e03f6-8e4d-4633-a409-9807cb673879
2026-07-15 00:23:24.374 8 INFO neutron_taas.services.taas.tap_mirror_plugin [None req-7c7c05e2-49a2-4dd1-8b4c-076ac6362661 9dc790f2166548569689c341e7f4bcea 3a65e25e6341448688636685ff5af4ef - - default default] Tap Mirror: Handle Delete Port: 144e03f6-8e4d-4633-a409-9807cb673879 [pid: 8|app: 0|req: 1104/2174] 10.0.0.9 () {32 vars in 724 bytes} [Wed Jul 15 00:23:24 2026] DELETE /v2.0/networks/51b7ef1f-77b8-4928-a709-95c4c888d447 => generated 0 bytes in 373 msecs (HTTP/1.1 204) 3 headers in 131 bytes (1 switches on core 0) [pid: 8|app: 0|req: 1105/2175] 10.0.0.24 () {34 vars in 1007 bytes} [Wed Jul 15 00:23:24 2026] GET /v2.0/networks/5c8f10ac-3a2e-4a93-a1a6-edef83d7b130?fields=segments => generated 14 bytes in 38 msecs (HTTP/1.1 200) 4 headers in 156 bytes (1 switches on core 0)
2026-07-15 00:23:24.785 8 INFO neutron_taas.services.taas.taas_plugin [None req-4e83d79d-e332-4499-af54-17ca172b3c35 9dc790f2166548569689c341e7f4bcea 3a65e25e6341448688636685ff5af4ef - - default default] TaaS: Handle Delete Port: d181eae9-2f1b-4f75-83c8-3cbe9a049cc7
2026-07-15 00:23:24.789 8 INFO neutron_taas.services.taas.tap_mirror_plugin [None req-4e83d79d-e332-4499-af54-17ca172b3c35 9dc790f2166548569689c341e7f4bcea 3a65e25e6341448688636685ff5af4ef - - default default] Tap Mirror: Handle Delete Port: d181eae9-2f1b-4f75-83c8-3cbe9a049cc7
2026-07-15 00:23:24.806 7 INFO neutron.services.segments.plugin [-] Segment 0c6ac96a-26ae-489c-9703-909868c9608b resource provider aggregate not found
2026-07-15 00:23:24.807 7 INFO neutron.services.segments.plugin [-] Segment 0c6ac96a-26ae-489c-9703-909868c9608b resource provider aggregate not found
2026-07-15 00:23:24.833 7 INFO neutron.services.segments.plugin [-] Client error retrieving segment 0c6ac96a-26ae-489c-9703-909868c9608b resource provider; error: Placement Client Error (4xx): {"errors": [{"status": 404, "title": "Not Found", "detail": "The resource could not be found.\n\n No resource provider with uuid 0c6ac96a-26ae-489c-9703-909868c9608b found for delete ", "request_id": "req-f021ba1b-87c1-4c47-afd7-cf01a09752ac"}]}
2026-07-15 00:23:24.838 7 INFO neutron.services.segments.plugin [-] Client error retrieving segment 0c6ac96a-26ae-489c-9703-909868c9608b resource provider; error: Placement Client Error (4xx): {"errors": [{"status": 404, "title": "Not Found", "detail": "The resource could not be found.\n\n No resource provider with uuid 0c6ac96a-26ae-489c-9703-909868c9608b found for delete ", "request_id": "req-00dd5394-c29e-410c-9939-d8cc41d3bcc8"}]} [pid: 8|app: 0|req: 1106/2176] 10.0.0.9 () {32 vars in 724 bytes} [Wed Jul 15 00:23:24 2026] DELETE /v2.0/networks/17acd35b-6a3e-4e67-8bbf-f506d945c231 => generated 0 bytes in 340 msecs (HTTP/1.1 204) 3 headers in 131 bytes (1 switches on core 0) [pid: 8|app: 0|req: 1107/2177] 10.0.0.24 () {34 vars in 1107 bytes} [Wed Jul 15 00:23:25 2026] GET /v2.0/networks/5c8f10ac-3a2e-4a93-a1a6-edef83d7b130?fields=provider%3Aphysical_network&fields=provider%3Anetwork_type => generated 79 bytes in 42 msecs (HTTP/1.1 200) 4 headers in 156 bytes (1 switches on core 0)
2026-07-15 00:23:25.059 7 WARNING neutron.scheduler.dhcp_agent_scheduler [None req-5fa4afcf-f585-472a-a155-16707cd7779f - - - - - -] No more DHCP agents
2026-07-15 00:23:25.062 7 WARNING neutron.api.rpc.agentnotifiers.dhcp_rpc_agent_api [None req-5fa4afcf-f585-472a-a155-16707cd7779f - - - - - -] Unable to schedule network 63bfc501-57a4-4bb2-922f-7bd39db064a3: no agents available; will retry on subsequent port and subnet creation events.
2026-07-15 00:23:25.218 8 INFO neutron.plugins.ml2.drivers.ovn.mech_driver.mech_driver [None req-b8fc6798-592e-424e-a6af-700ae41a89d0 - - - - - -] OVN reports status down for port: fc67c450-494d-45f6-87c6-5ff6867f96dc [pid: 8|app: 0|req: 1108/2178] 10.0.0.24 () {34 vars in 1069 bytes} [Wed Jul 15 00:23:25 2026] GET /v2.0/ports?fields=security_groups&fields=device_id&device_id=2065f9fa-a1b0-470b-82c6-1291c1e98320 => generated 12 bytes in 47 msecs (HTTP/1.1 200) 4 headers in 156 bytes (1 switches on core 0)
2026-07-15 00:23:25.249 7 INFO neutron.db.ovn_revision_numbers_db [None req-5fa4afcf-f585-472a-a155-16707cd7779f - - - - - -] Successfully bumped revision number for resource fc67c450-494d-45f6-87c6-5ff6867f96dc (type: ports) to 1
2026-07-15 00:23:25.514 7 INFO neutron.db.ovn_revision_numbers_db [None req-5fa4afcf-f585-472a-a155-16707cd7779f - - - - - -] Successfully bumped revision number for resource fc67c450-494d-45f6-87c6-5ff6867f96dc (type: ports) to 3
2026-07-15 00:23:25.606 7 INFO neutron.db.segments_db [None req-5fa4afcf-f585-472a-a155-16707cd7779f - - - - - -] Added segment 04558078-b13b-4f50-ae39-ab30d63c402c of type geneve for network 4946a182-94f0-46ec-9f55-10a6f22b4b9d
2026-07-15 00:23:25.718 7 INFO neutron.db.ovn_revision_numbers_db [None req-51bb560d-e792-4d26-8f6a-32166616cfe2 - - - - - -] Successfully bumped revision number for resource 4946a182-94f0-46ec-9f55-10a6f22b4b9d (type: networks) to 1
2026-07-15 00:23:25.872 7 WARNING neutron.plugins.ml2.drivers.ovn.mech_driver.ovsdb.ovn_client [None req-edfc23e8-ad90-48d5-8424-26b7f1da66f3 - - - - - -] No hosting information found for port ba29ff69-4a5a-4a26-880b-ad75956fd6ea: RuntimeError: No hosting information found for port ba29ff69-4a5a-4a26-880b-ad75956fd6ea
2026-07-15 00:23:25.873 7 INFO neutron.plugins.ml2.drivers.ovn.mech_driver.mech_driver [None req-edfc23e8-ad90-48d5-8424-26b7f1da66f3 - - - - - -] OVN reports status down for port: 30d74dce-ede8-466c-9ded-35581d7571a7
2026-07-15 00:23:25.876 7 WARNING neutron.scheduler.dhcp_agent_scheduler [None req-51bb560d-e792-4d26-8f6a-32166616cfe2 - - - - - -] No more DHCP agents
2026-07-15 00:23:25.877 7 WARNING neutron.api.rpc.agentnotifiers.dhcp_rpc_agent_api [None req-51bb560d-e792-4d26-8f6a-32166616cfe2 - - - - - -] Unable to schedule network 4946a182-94f0-46ec-9f55-10a6f22b4b9d: no agents available; will retry on subsequent port and subnet creation events.
2026-07-15 00:23:25.976 8 INFO neutron.services.segments.plugin [-] Segment 6971688f-f057-4d2a-b006-18bad3aa6857 resource provider aggregate not found
2026-07-15 00:23:25.980 8 INFO neutron.services.segments.plugin [-] Segment 6971688f-f057-4d2a-b006-18bad3aa6857 resource provider aggregate not found
2026-07-15 00:23:25.983 7 WARNING neutron.plugins.ml2.drivers.ovn.mech_driver.ovsdb.ovn_client [None req-edfc23e8-ad90-48d5-8424-26b7f1da66f3 - - - - - -] Logical_Switch_Port 30d74dce-ede8-466c-9ded-35581d7571a7 host information not removed, the port state is up
2026-07-15 00:23:25.984 7 INFO neutron.plugins.ml2.drivers.ovn.mech_driver.mech_driver [None req-edfc23e8-ad90-48d5-8424-26b7f1da66f3 - - - - - -] OVN reports status up for port: 30d74dce-ede8-466c-9ded-35581d7571a7
2026-07-15 00:23:25.994 8 INFO neutron.services.segments.plugin [-] Client error retrieving segment 6971688f-f057-4d2a-b006-18bad3aa6857 resource provider; error: Placement Client Error (4xx): {"errors": [{"status": 404, "title": "Not Found", "detail": "The resource could not be found.\n\n No resource provider with uuid 6971688f-f057-4d2a-b006-18bad3aa6857 found for delete ", "request_id": "req-692dc6e9-c663-4821-98bc-79cb95f18f64"}]}
2026-07-15 00:23:25.999 8 INFO neutron.services.segments.plugin [-] Client error retrieving segment 6971688f-f057-4d2a-b006-18bad3aa6857 resource provider; error: Placement Client Error (4xx): {"errors": [{"status": 404, "title": "Not Found", "detail": "The resource could not be found.\n\n No resource provider with uuid 6971688f-f057-4d2a-b006-18bad3aa6857 found for delete ", "request_id": "req-2deb0329-bbe0-4e9c-bd1e-8ef245b878ed"}]}
2026-07-15 00:23:26.003 7 INFO neutron.plugins.ml2.plugin [None req-edfc23e8-ad90-48d5-8424-26b7f1da66f3 - - - - - -] Attempt 1 to provision port 30d74dce-ede8-466c-9ded-35581d7571a7
2026-07-15 00:23:26.012 8 INFO neutron.services.segments.plugin [-] Segment 88d4fee1-0401-4859-85a1-612cc6c817e5 resource provider aggregate not found
2026-07-15 00:23:26.015 8 INFO neutron.services.segments.plugin [-] Segment 88d4fee1-0401-4859-85a1-612cc6c817e5 resource provider aggregate not found
2026-07-15 00:23:26.025 7 INFO neutron.db.ovn_revision_numbers_db [None req-51bb560d-e792-4d26-8f6a-32166616cfe2 - - - - - -] Successfully bumped revision number for resource 0d294d5f-5f3b-47a1-8b73-f4afd7937af9 (type: ports) to 1
2026-07-15 00:23:26.026 8 INFO neutron.services.segments.plugin [-] Client error retrieving segment 88d4fee1-0401-4859-85a1-612cc6c817e5 resource provider; error: Placement Client Error (4xx): {"errors": [{"status": 404, "title": "Not Found", "detail": "The resource could not be found.\n\n No resource provider with uuid 88d4fee1-0401-4859-85a1-612cc6c817e5 found for delete ", "request_id": "req-afbd5596-1fab-47bc-88a7-59c016f5448c"}]}
2026-07-15 00:23:26.031 8 INFO neutron.services.segments.plugin [-] Client error retrieving segment 88d4fee1-0401-4859-85a1-612cc6c817e5 resource provider; error: Placement Client Error (4xx): {"errors": [{"status": 404, "title": "Not Found", "detail": "The resource could not be found.\n\n No resource provider with uuid 88d4fee1-0401-4859-85a1-612cc6c817e5 found for delete ", "request_id": "req-b3bde70a-d08f-4e56-9d38-bf1360304411"}]}
2026-07-15 00:23:26.140 8 WARNING neutron.db.securitygroups_db [None req-cf363557-d89c-4cc1-bace-66135c6c34eb ee0847ec8885450e89893411e7798beb fd938b09b9974e31b3e8c0eacce8a99c - - default default] project_id key not found in filters, using tenant_id instead. This support has been deprecated and will be removed in a future release.
2026-07-15 00:23:26.270 8 INFO neutron.db.ovn_revision_numbers_db [None req-cf363557-d89c-4cc1-bace-66135c6c34eb ee0847ec8885450e89893411e7798beb fd938b09b9974e31b3e8c0eacce8a99c - - default default] Successfully bumped revision number for resource 8aa1610f-efd5-41b3-b862-297735a29d33 (type: security_groups) to 1
2026-07-15 00:23:26.280 7 WARNING neutron.scheduler.dhcp_agent_scheduler [None req-51bb560d-e792-4d26-8f6a-32166616cfe2 - - - - - -] No more DHCP agents
2026-07-15 00:23:26.286 8 INFO neutron.db.ovn_revision_numbers_db [None req-cf363557-d89c-4cc1-bace-66135c6c34eb ee0847ec8885450e89893411e7798beb fd938b09b9974e31b3e8c0eacce8a99c - - default default] Successfully bumped revision number for resource 7121c40d-3897-4232-906a-f52f255751af (type: security_group_rules) to 0
2026-07-15 00:23:26.288 7 WARNING neutron.api.rpc.agentnotifiers.dhcp_rpc_agent_api [None req-51bb560d-e792-4d26-8f6a-32166616cfe2 - - - - - -] Unable to schedule network 4946a182-94f0-46ec-9f55-10a6f22b4b9d: no agents available; will retry on subsequent port and subnet creation events.
2026-07-15 00:23:26.304 8 INFO neutron.db.ovn_revision_numbers_db [None req-cf363557-d89c-4cc1-bace-66135c6c34eb ee0847ec8885450e89893411e7798beb fd938b09b9974e31b3e8c0eacce8a99c - - default default] Successfully bumped revision number for resource c585f280-e00b-45b1-b3af-a080a284c959 (type: security_group_rules) to 0
2026-07-15 00:23:26.321 8 INFO neutron.db.ovn_revision_numbers_db [None req-cf363557-d89c-4cc1-bace-66135c6c34eb ee0847ec8885450e89893411e7798beb fd938b09b9974e31b3e8c0eacce8a99c - - default default] Successfully bumped revision number for resource e55ecbdb-2aba-43dd-a50c-618fdfb1a6b3 (type: security_group_rules) to 0
2026-07-15 00:23:26.339 8 INFO neutron.db.ovn_revision_numbers_db [None req-cf363557-d89c-4cc1-bace-66135c6c34eb ee0847ec8885450e89893411e7798beb fd938b09b9974e31b3e8c0eacce8a99c - - default default] Successfully bumped revision number for resource e7680202-e561-4da0-9b1f-27ab0e02ec4b (type: security_group_rules) to 0
2026-07-15 00:23:26.344 7 INFO neutron.db.ovn_revision_numbers_db [None req-51bb560d-e792-4d26-8f6a-32166616cfe2 - - - - - -] Successfully bumped revision number for resource 216cdf6d-748e-44b4-95a8-8f40ee546ad7 (type: subnets) to 0 [pid: 8|app: 0|req: 1109/2179] 10.0.0.9 () {32 vars in 772 bytes} [Wed Jul 15 00:23:25 2026] GET /v2.0/security-groups?tenant_id=57b187a0a4404c12b03da55c79bd0e30&name=default => generated 2925 bytes in 479 msecs (HTTP/1.1 200) 4 headers in 158 bytes (1 switches on core 0) [pid: 8|app: 0|req: 1110/2180] 10.0.0.24 () {34 vars in 1069 bytes} [Wed Jul 15 00:23:26 2026] GET /v2.0/ports?fields=security_groups&fields=device_id&device_id=2065f9fa-a1b0-470b-82c6-1291c1e98320 => generated 12 bytes in 26 msecs (HTTP/1.1 200) 4 headers in 156 bytes (1 switches on core 0) [pid: 8|app: 0|req: 1111/2181] 10.0.0.9 () {32 vars in 738 bytes} [Wed Jul 15 00:23:26 2026] DELETE /v2.0/security-groups/8aa1610f-efd5-41b3-b862-297735a29d33 => generated 0 bytes in 212 msecs (HTTP/1.1 204) 2 headers in 112 bytes (1 switches on core 0)
2026-07-15 00:23:26.709 8 WARNING neutron.db.securitygroups_db [None req-74341c1d-8a73-4b16-8e32-7aa401595a3d ee0847ec8885450e89893411e7798beb fd938b09b9974e31b3e8c0eacce8a99c - - default default] project_id key not found in filters, using tenant_id instead. This support has been deprecated and will be removed in a future release.
2026-07-15 00:23:26.846 8 INFO neutron.db.ovn_revision_numbers_db [None req-74341c1d-8a73-4b16-8e32-7aa401595a3d ee0847ec8885450e89893411e7798beb fd938b09b9974e31b3e8c0eacce8a99c - - default default] Successfully bumped revision number for resource e6b55c2b-793d-4739-bbfd-32dfdc2dae2a (type: security_groups) to 1
2026-07-15 00:23:26.866 8 INFO neutron.db.ovn_revision_numbers_db [None req-74341c1d-8a73-4b16-8e32-7aa401595a3d ee0847ec8885450e89893411e7798beb fd938b09b9974e31b3e8c0eacce8a99c - - default default] Successfully bumped revision number for resource 16b26eb6-087a-4920-895b-b58d0e89a014 (type: security_group_rules) to 0
2026-07-15 00:23:26.881 8 INFO neutron.db.ovn_revision_numbers_db [None req-74341c1d-8a73-4b16-8e32-7aa401595a3d ee0847ec8885450e89893411e7798beb fd938b09b9974e31b3e8c0eacce8a99c - - default default] Successfully bumped revision number for resource 5a42d914-132f-4361-a691-4bca0249a37c (type: security_group_rules) to 0
2026-07-15 00:23:26.903 8 INFO neutron.db.ovn_revision_numbers_db [None req-74341c1d-8a73-4b16-8e32-7aa401595a3d ee0847ec8885450e89893411e7798beb fd938b09b9974e31b3e8c0eacce8a99c - - default default] Successfully bumped revision number for resource 68db9b0e-ae53-4a88-9f4b-35f5e6085c0f (type: security_group_rules) to 0
2026-07-15 00:23:26.918 8 INFO neutron.db.ovn_revision_numbers_db [None req-74341c1d-8a73-4b16-8e32-7aa401595a3d ee0847ec8885450e89893411e7798beb fd938b09b9974e31b3e8c0eacce8a99c - - default default] Successfully bumped revision number for resource f11152fd-3215-4d5c-85e1-11dc22d65399 (type: security_group_rules) to 0
2026-07-15 00:23:26.932 7 INFO neutron.db.ovn_revision_numbers_db [None req-edfc23e8-ad90-48d5-8424-26b7f1da66f3 - - - - - -] Successfully bumped revision number for resource 30d74dce-ede8-466c-9ded-35581d7571a7 (type: ports) to 2 [pid: 8|app: 0|req: 1112/2182] 10.0.0.9 () {32 vars in 772 bytes} [Wed Jul 15 00:23:26 2026] GET /v2.0/security-groups?tenant_id=6e22b58bba094dddb5ab141f1c9f62f8&name=default => generated 2925 bytes in 275 msecs (HTTP/1.1 200) 4 headers in 158 bytes (1 switches on core 0)
2026-07-15 00:23:27.081 7 WARNING neutron.scheduler.dhcp_agent_scheduler [None req-51bb560d-e792-4d26-8f6a-32166616cfe2 - - - - - -] No more DHCP agents
2026-07-15 00:23:27.083 7 WARNING neutron.api.rpc.agentnotifiers.dhcp_rpc_agent_api [None req-51bb560d-e792-4d26-8f6a-32166616cfe2 - - - - - -] Unable to schedule network 4946a182-94f0-46ec-9f55-10a6f22b4b9d: no agents available; will retry on subsequent port and subnet creation events. [pid: 8|app: 0|req: 1113/2183] 10.0.0.9 () {32 vars in 738 bytes} [Wed Jul 15 00:23:26 2026] DELETE /v2.0/security-groups/e6b55c2b-793d-4739-bbfd-32dfdc2dae2a => generated 0 bytes in 177 msecs (HTTP/1.1 204) 2 headers in 112 bytes (1 switches on core 0)
2026-07-15 00:23:27.274 7 INFO neutron.db.ovn_revision_numbers_db [None req-51bb560d-e792-4d26-8f6a-32166616cfe2 - - - - - -] Successfully bumped revision number for resource 522cde71-8425-415f-85a9-b2d065dea5eb (type: ports) to 1
2026-07-15 00:23:27.339 8 WARNING neutron.db.securitygroups_db [None req-8c59bde7-00ed-46c3-a73c-9bea7e61f896 ee0847ec8885450e89893411e7798beb fd938b09b9974e31b3e8c0eacce8a99c - - default default] project_id key not found in filters, using tenant_id instead. This support has been deprecated and will be removed in a future release. [pid: 8|app: 0|req: 1114/2184] 10.0.0.9 () {32 vars in 772 bytes} [Wed Jul 15 00:23:27 2026] GET /v2.0/security-groups?tenant_id=3a65e25e6341448688636685ff5af4ef&name=default => generated 2925 bytes in 37 msecs (HTTP/1.1 200) 4 headers in 158 bytes (1 switches on core 0) [pid: 8|app: 0|req: 1115/2185] 10.0.0.9 () {32 vars in 738 bytes} [Wed Jul 15 00:23:27 2026] DELETE /v2.0/security-groups/ca72c944-d327-4047-9bbd-56d166dbea63 => generated 0 bytes in 265 msecs (HTTP/1.1 204) 2 headers in 112 bytes (1 switches on core 0) [pid: 8|app: 0|req: 1116/2186] 10.0.0.24 () {34 vars in 1069 bytes} [Wed Jul 15 00:23:27 2026] GET /v2.0/ports?fields=security_groups&fields=device_id&device_id=2065f9fa-a1b0-470b-82c6-1291c1e98320 => generated 12 bytes in 17 msecs (HTTP/1.1 200) 4 headers in 156 bytes (1 switches on core 0)
2026-07-15 00:23:28.063 7 WARNING neutron.scheduler.dhcp_agent_scheduler [None req-51bb560d-e792-4d26-8f6a-32166616cfe2 - - - - - -] No more DHCP agents
2026-07-15 00:23:28.065 7 WARNING neutron.api.rpc.agentnotifiers.dhcp_rpc_agent_api [None req-51bb560d-e792-4d26-8f6a-32166616cfe2 - - - - - -] Unable to schedule network 4946a182-94f0-46ec-9f55-10a6f22b4b9d: no agents available; will retry on subsequent port and subnet creation events.
2026-07-15 00:23:28.100 8 WARNING neutron.scheduler.dhcp_agent_scheduler [None req-8a06c973-de4f-46ac-9e07-8c12e7ceb651 a5c85ca34c4140f28356487759ac124f e238cdf197e64e5693e50f2b7565b5bc - - default default] No more DHCP agents
2026-07-15 00:23:28.101 8 WARNING neutron.api.rpc.agentnotifiers.dhcp_rpc_agent_api [None req-8a06c973-de4f-46ac-9e07-8c12e7ceb651 a5c85ca34c4140f28356487759ac124f e238cdf197e64e5693e50f2b7565b5bc - - default default] Unable to schedule network 63bfc501-57a4-4bb2-922f-7bd39db064a3: no agents available; will retry on subsequent port and subnet creation events. [pid: 8|app: 0|req: 1117/2187] 10.0.0.9 () {34 vars in 674 bytes} [Wed Jul 15 00:23:27 2026] POST /v2.0/floatingips => generated 552 bytes in 737 msecs (HTTP/1.1 201) 4 headers in 162 bytes (1 switches on core 0)
2026-07-15 00:23:28.489 8 WARNING tagging [None req-58a6e8b8-0441-4941-9750-93581145117c a5c85ca34c4140f28356487759ac124f e238cdf197e64e5693e50f2b7565b5bc - - default default] project_id key not found in request, using tenant_id instead. This support has been deprecated and will be removed in a future release. [pid: 8|app: 0|req: 1118/2188] 10.0.0.9 () {34 vars in 757 bytes} [Wed Jul 15 00:23:28 2026] PUT /v2.0/floatingips/2f3202eb-9b30-45c3-aa65-3d1e4567e74c/tags => generated 25 bytes in 118 msecs (HTTP/1.1 200) 4 headers in 156 bytes (1 switches on core 0)
2026-07-15 00:23:28.579 8 INFO neutron.common.ovn.utils [None req-b8fc6798-592e-424e-a6af-700ae41a89d0 - - - - - -] HA Chassis Group neutron-4946a182-94f0-46ec-9f55-10a6f22b4b9d synchronized; highest priority chassis d11c9f29-1f0f-4f71-bdc7-226daf8d005b
2026-07-15 00:23:28.613 8 WARNING tagging [None req-c2126ca4-4843-498f-843b-f744ce99d8bc a5c85ca34c4140f28356487759ac124f e238cdf197e64e5693e50f2b7565b5bc - - default default] project_id key not found in request, using tenant_id instead. This support has been deprecated and will be removed in a future release.
2026-07-15 00:23:28.617 7 INFO neutron.db.ovn_revision_numbers_db [None req-51bb560d-e792-4d26-8f6a-32166616cfe2 - - - - - -] Successfully bumped revision number for resource 522cde71-8425-415f-85a9-b2d065dea5eb (type: router_ports) to 1 [pid: 8|app: 0|req: 1119/2189] 10.0.0.9 () {32 vars in 737 bytes} [Wed Jul 15 00:23:28 2026] GET /v2.0/floatingips/2f3202eb-9b30-45c3-aa65-3d1e4567e74c/tags => generated 25 bytes in 58 msecs (HTTP/1.1 200) 4 headers in 156 bytes (1 switches on core 0)
2026-07-15 00:23:28.664 8 WARNING tagging [None req-0904136f-9de1-498a-b06c-f14925cb69c0 a5c85ca34c4140f28356487759ac124f e238cdf197e64e5693e50f2b7565b5bc - - default default] project_id key not found in request, using tenant_id instead. This support has been deprecated and will be removed in a future release. [pid: 8|app: 0|req: 1120/2190] 10.0.0.9 () {34 vars in 768 bytes} [Wed Jul 15 00:23:28 2026] PUT /v2.0/floatingips/2f3202eb-9b30-45c3-aa65-3d1e4567e74c/tags/green => generated 4 bytes in 93 msecs (HTTP/1.1 201) 4 headers in 160 bytes (1 switches on core 0) [pid: 8|app: 0|req: 1121/2191] 10.0.0.24 () {34 vars in 1069 bytes} [Wed Jul 15 00:23:28 2026] GET /v2.0/ports?fields=security_groups&fields=device_id&device_id=2065f9fa-a1b0-470b-82c6-1291c1e98320 => generated 12 bytes in 27 msecs (HTTP/1.1 200) 4 headers in 156 bytes (1 switches on core 0)
2026-07-15 00:23:28.778 8 WARNING tagging [None req-07258c18-460b-4361-9ea0-5bade2550614 a5c85ca34c4140f28356487759ac124f e238cdf197e64e5693e50f2b7565b5bc - - default default] project_id key not found in request, using tenant_id instead. This support has been deprecated and will be removed in a future release. [pid: 8|app: 0|req: 1122/2192] 10.0.0.9 () {32 vars in 737 bytes} [Wed Jul 15 00:23:28 2026] GET /v2.0/floatingips/2f3202eb-9b30-45c3-aa65-3d1e4567e74c/tags => generated 34 bytes in 42 msecs (HTTP/1.1 200) 4 headers in 156 bytes (1 switches on core 0)
2026-07-15 00:23:28.835 8 WARNING tagging [None req-5acfe3a3-ae62-4e39-b55d-a8b62dce1b4f a5c85ca34c4140f28356487759ac124f e238cdf197e64e5693e50f2b7565b5bc - - default default] project_id key not found in request, using tenant_id instead. This support has been deprecated and will be removed in a future release.
2026-07-15 00:23:28.864 7 WARNING neutron.scheduler.dhcp_agent_scheduler [None req-51bb560d-e792-4d26-8f6a-32166616cfe2 - - - - - -] No more DHCP agents
2026-07-15 00:23:28.865 7 WARNING neutron.api.rpc.agentnotifiers.dhcp_rpc_agent_api [None req-51bb560d-e792-4d26-8f6a-32166616cfe2 - - - - - -] Unable to schedule network 4946a182-94f0-46ec-9f55-10a6f22b4b9d: no agents available; will retry on subsequent port and subnet creation events. [pid: 8|app: 0|req: 1123/2193] 10.0.0.9 () {34 vars in 764 bytes} [Wed Jul 15 00:23:28 2026] PUT /v2.0/floatingips/2f3202eb-9b30-45c3-aa65-3d1e4567e74c/tags/red => generated 4 bytes in 68 msecs (HTTP/1.1 201) 4 headers in 160 bytes (1 switches on core 0)
2026-07-15 00:23:28.901 8 WARNING tagging [None req-e214f1a2-b56d-4449-a33c-62d8eaffd16b a5c85ca34c4140f28356487759ac124f e238cdf197e64e5693e50f2b7565b5bc - - default default] project_id key not found in request, using tenant_id instead. This support has been deprecated and will be removed in a future release. [pid: 8|app: 0|req: 1124/2194] 10.0.0.9 () {32 vars in 737 bytes} [Wed Jul 15 00:23:28 2026] GET /v2.0/floatingips/2f3202eb-9b30-45c3-aa65-3d1e4567e74c/tags => generated 34 bytes in 42 msecs (HTTP/1.1 200) 4 headers in 156 bytes (1 switches on core 0)
2026-07-15 00:23:28.962 8 WARNING tagging [None req-6639b908-dbe6-476c-bcc3-64824512f3c4 a5c85ca34c4140f28356487759ac124f e238cdf197e64e5693e50f2b7565b5bc - - default default] project_id key not found in request, using tenant_id instead. This support has been deprecated and will be removed in a future release.
2026-07-15 00:23:29.038 7 INFO neutron.db.ovn_revision_numbers_db [None req-51bb560d-e792-4d26-8f6a-32166616cfe2 - - - - - -] Successfully bumped revision number for resource af4e42ae-f294-4a8b-9d96-7ebd81a6348a (type: ports) to 1
2026-07-15 00:23:29.046 8 INFO neutron.plugins.ml2.drivers.ovn.mech_driver.mech_driver [None req-b8fc6798-592e-424e-a6af-700ae41a89d0 - - - - - -] OVN reports status down for port: af4e42ae-f294-4a8b-9d96-7ebd81a6348a [pid: 8|app: 0|req: 1125/2195] 10.0.0.9 () {34 vars in 786 bytes} [Wed Jul 15 00:23:28 2026] PUT /v2.0/floatingips/2f3202eb-9b30-45c3-aa65-3d1e4567e74c/tags/black.or.white => generated 4 bytes in 135 msecs (HTTP/1.1 201) 4 headers in 160 bytes (1 switches on core 0)
2026-07-15 00:23:29.106 8 WARNING tagging [None req-81de8a19-fd38-412f-b8bb-4dace8669b48 a5c85ca34c4140f28356487759ac124f e238cdf197e64e5693e50f2b7565b5bc - - default default] project_id key not found in request, using tenant_id instead. This support has been deprecated and will be removed in a future release. [pid: 8|app: 0|req: 1126/2196] 10.0.0.9 () {32 vars in 737 bytes} [Wed Jul 15 00:23:29 2026] GET /v2.0/floatingips/2f3202eb-9b30-45c3-aa65-3d1e4567e74c/tags => generated 52 bytes in 67 msecs (HTTP/1.1 200) 4 headers in 156 bytes (1 switches on core 0)
