2026-07-15 00:22:50.765 8 INFO neutron.db.ovn_revision_numbers_db [None req-6cc06ad3-f02b-4939-b465-a6196b1218b6 bc364159d8d843c8884218123c6d65d3 bb5d2fca5ba74cccae40ee7c5d2eb5ce - - default default] Successfully bumped revision number for resource 313940c8-6d88-4b1e-b222-97baf1975bb7 (type: routers) to 2 [pid: 8|app: 0|req: 989/1922] 10.0.0.9 () {34 vars in 667 bytes} [Wed Jul 15 00:22:49 2026] POST /v2.0/routers => generated 968 bytes in 1410 msecs (HTTP/1.1 201) 4 headers in 162 bytes (1 switches on core 0) [pid: 7|app: 0|req: 934/1923] 10.0.0.9 () {32 vars in 722 bytes} [Wed Jul 15 00:22:50 2026] DELETE /v2.0/subnets/b7092a56-2db9-4d96-b9a9-6e22d164c156 => generated 0 bytes in 154 msecs (HTTP/1.1 204) 3 headers in 131 bytes (1 switches on core 0)
2026-07-15 00:22:50.807 7 WARNING neutron.db.securitygroups_db [None req-ec158e71-0f81-4e13-b87a-b8f9e58a3c99 ee0847ec8885450e89893411e7798beb fd938b09b9974e31b3e8c0eacce8a99c - - default default] project_id key not found in filters, using tenant_id instead. This support has been deprecated and will be removed in a future release. [pid: 7|app: 0|req: 935/1924] 10.0.0.9 () {32 vars in 772 bytes} [Wed Jul 15 00:22:50 2026] GET /v2.0/security-groups?tenant_id=d9ea32b8d9ae46b9acdbbfcd90694216&name=default => generated 2925 bytes in 23 msecs (HTTP/1.1 200) 4 headers in 158 bytes (1 switches on core 0) [pid: 7|app: 0|req: 936/1925] 10.0.0.9 () {32 vars in 719 bytes} [Wed Jul 15 00:22:50 2026] GET /v2.0/routers/313940c8-6d88-4b1e-b222-97baf1975bb7 => generated 974 bytes in 64 msecs (HTTP/1.1 200) 4 headers in 157 bytes (1 switches on core 0) [pid: 8|app: 0|req: 990/1926] 10.0.0.9 () {32 vars in 738 bytes} [Wed Jul 15 00:22:50 2026] DELETE /v2.0/security-groups/e0de74ee-5bca-44b5-8e41-e84d0bdcad97 => generated 0 bytes in 152 msecs (HTTP/1.1 204) 2 headers in 112 bytes (1 switches on core 0) [pid: 7|app: 0|req: 937/1927] 10.0.0.9 () {32 vars in 722 bytes} [Wed Jul 15 00:22:50 2026] DELETE /v2.0/subnets/7b70ca21-6ffc-4f18-b995-15cd55c4126d => generated 0 bytes in 159 msecs (HTTP/1.1 204) 3 headers in 131 bytes (1 switches on core 0) [pid: 8|app: 0|req: 991/1928] 10.0.0.9 () {32 vars in 738 bytes} [Wed Jul 15 00:22:50 2026] DELETE /v2.0/security-groups/69ea3fde-ee38-4fd2-8766-8fe5cd81c398 => generated 0 bytes in 143 msecs (HTTP/1.1 204) 2 headers in 112 bytes (1 switches on core 0) [pid: 7|app: 0|req: 938/1929] 10.0.0.9 () {32 vars in 645 bytes} [Wed Jul 15 00:22:51 2026] GET /v2.0/routers => generated 977 bytes in 101 msecs (HTTP/1.1 200) 4 headers in 157 bytes (1 switches on core 0) [pid: 8|app: 0|req: 992/1930] 10.0.0.9 () {32 vars in 722 bytes} [Wed Jul 15 00:22:51 2026] DELETE /v2.0/subnets/69c4c06a-e158-4e3d-a923-e4b499f5c010 => generated 0 bytes in 194 msecs (HTTP/1.1 204) 3 headers in 131 bytes (1 switches on core 0)
2026-07-15 00:22:51.278 8 WARNING neutron.db.securitygroups_db [None req-86dad30d-a761-4ec9-8f8c-894ed5ff7adc ee0847ec8885450e89893411e7798beb fd938b09b9974e31b3e8c0eacce8a99c - - default default] project_id key not found in filters, using tenant_id instead. This support has been deprecated and will be removed in a future release.
2026-07-15 00:22:51.386 8 INFO neutron.db.ovn_revision_numbers_db [None req-86dad30d-a761-4ec9-8f8c-894ed5ff7adc ee0847ec8885450e89893411e7798beb fd938b09b9974e31b3e8c0eacce8a99c - - default default] Successfully bumped revision number for resource cc663c5c-1fdd-47f9-be06-5033532613b0 (type: security_groups) to 1
2026-07-15 00:22:51.402 8 INFO neutron.db.ovn_revision_numbers_db [None req-86dad30d-a761-4ec9-8f8c-894ed5ff7adc ee0847ec8885450e89893411e7798beb fd938b09b9974e31b3e8c0eacce8a99c - - default default] Successfully bumped revision number for resource 2f3370d0-f262-4760-8982-e18454fc3597 (type: security_group_rules) to 0
2026-07-15 00:22:51.416 8 INFO neutron.db.ovn_revision_numbers_db [None req-86dad30d-a761-4ec9-8f8c-894ed5ff7adc ee0847ec8885450e89893411e7798beb fd938b09b9974e31b3e8c0eacce8a99c - - default default] Successfully bumped revision number for resource 69ad1534-dfa6-480a-86d7-43d443db1d39 (type: security_group_rules) to 0
2026-07-15 00:22:51.436 8 INFO neutron.db.ovn_revision_numbers_db [None req-86dad30d-a761-4ec9-8f8c-894ed5ff7adc ee0847ec8885450e89893411e7798beb fd938b09b9974e31b3e8c0eacce8a99c - - default default] Successfully bumped revision number for resource bcd1acd7-474a-4743-afe0-bcbb03ef1503 (type: security_group_rules) to 0
2026-07-15 00:22:51.451 8 INFO neutron.db.ovn_revision_numbers_db [None req-86dad30d-a761-4ec9-8f8c-894ed5ff7adc ee0847ec8885450e89893411e7798beb fd938b09b9974e31b3e8c0eacce8a99c - - default default] Successfully bumped revision number for resource e9d74b5c-7734-4bee-a867-799667b34ae3 (type: security_group_rules) to 0 [pid: 8|app: 0|req: 993/1931] 10.0.0.9 () {32 vars in 772 bytes} [Wed Jul 15 00:22:51 2026] GET /v2.0/security-groups?tenant_id=f9012a4a77ff492dba9aaec777af2dbe&name=default => generated 2925 bytes in 236 msecs (HTTP/1.1 200) 4 headers in 158 bytes (1 switches on core 0)
2026-07-15 00:22:51.529 7 INFO neutron.db.ovn_revision_numbers_db [None req-c654cfa7-50d5-4f3b-b5a8-8fd1d7dbb119 bc364159d8d843c8884218123c6d65d3 bb5d2fca5ba74cccae40ee7c5d2eb5ce - - default default] Successfully bumped revision number for resource 313940c8-6d88-4b1e-b222-97baf1975bb7 (type: routers) to 3 [pid: 7|app: 0|req: 939/1932] 10.0.0.9 () {34 vars in 739 bytes} [Wed Jul 15 00:22:51 2026] PUT /v2.0/routers/313940c8-6d88-4b1e-b222-97baf1975bb7 => generated 981 bytes in 380 msecs (HTTP/1.1 200) 4 headers in 157 bytes (1 switches on core 0)
2026-07-15 00:22:51.631 8 INFO neutron_taas.services.taas.taas_plugin [None req-ec80daf5-b6eb-476e-88e4-08a5caa3cd57 1be5fc16ae5a4a19b0150762e9734bbd 03561058aa6643fba7ca53f8ce3436d9 - - default default] TaaS: Handle Delete Port: 5b02c597-94e6-4d6e-b38e-bd39bc1f0351
2026-07-15 00:22:51.634 8 INFO neutron_taas.services.taas.tap_mirror_plugin [None req-ec80daf5-b6eb-476e-88e4-08a5caa3cd57 1be5fc16ae5a4a19b0150762e9734bbd 03561058aa6643fba7ca53f8ce3436d9 - - default default] Tap Mirror: Handle Delete Port: 5b02c597-94e6-4d6e-b38e-bd39bc1f0351 [pid: 7|app: 0|req: 940/1933] 10.0.0.9 () {32 vars in 738 bytes} [Wed Jul 15 00:22:51 2026] DELETE /v2.0/security-groups/cc663c5c-1fdd-47f9-be06-5033532613b0 => generated 0 bytes in 174 msecs (HTTP/1.1 204) 2 headers in 112 bytes (1 switches on core 0) [pid: 7|app: 0|req: 941/1934] 10.0.0.9 () {32 vars in 719 bytes} [Wed Jul 15 00:22:51 2026] GET /v2.0/routers/313940c8-6d88-4b1e-b222-97baf1975bb7 => generated 981 bytes in 73 msecs (HTTP/1.1 200) 4 headers in 157 bytes (1 switches on core 0) [pid: 7|app: 0|req: 942/1935] 10.0.0.9 () {32 vars in 734 bytes} [Wed Jul 15 00:22:51 2026] GET /v2.0/ports?device_id=313940c8-6d88-4b1e-b222-97baf1975bb7 => generated 12 bytes in 21 msecs (HTTP/1.1 200) 4 headers in 156 bytes (1 switches on core 0)
2026-07-15 00:22:51.830 7 WARNING neutron.plugins.ml2.drivers.ovn.mech_driver.ovsdb.ovn_client [None req-edfc23e8-ad90-48d5-8424-26b7f1da66f3 - - - - - -] No port found with ID 19b8b18e-ea6e-4aaf-b2d8-eed0dc7628a2: RuntimeError: No port found with ID 19b8b18e-ea6e-4aaf-b2d8-eed0dc7628a2
2026-07-15 00:22:51.832 8 INFO neutron.services.segments.plugin [-] Segment 0dfb2c28-85a7-4467-b66f-79002397ac60 resource provider aggregate not found
2026-07-15 00:22:51.840 8 INFO neutron.services.segments.plugin [-] Segment 0dfb2c28-85a7-4467-b66f-79002397ac60 resource provider aggregate not found
2026-07-15 00:22:51.855 8 INFO neutron.services.segments.plugin [-] Client error retrieving segment 0dfb2c28-85a7-4467-b66f-79002397ac60 resource provider; error: Placement Client Error (4xx): {"errors": [{"status": 404, "title": "Not Found", "detail": "The resource could not be found.\n\n No resource provider with uuid 0dfb2c28-85a7-4467-b66f-79002397ac60 found for delete ", "request_id": "req-8a2620d7-f6a3-4fa3-99fe-a364706bdfce"}]}
2026-07-15 00:22:51.865 8 INFO neutron.services.segments.plugin [-] Client error retrieving segment 0dfb2c28-85a7-4467-b66f-79002397ac60 resource provider; error: Placement Client Error (4xx): {"errors": [{"status": 404, "title": "Not Found", "detail": "The resource could not be found.\n\n No resource provider with uuid 0dfb2c28-85a7-4467-b66f-79002397ac60 found for delete ", "request_id": "req-dcc98024-90be-42ef-8e13-a32d4666af52"}]} [pid: 8|app: 0|req: 994/1936] 10.0.0.9 () {32 vars in 724 bytes} [Wed Jul 15 00:22:51 2026] DELETE /v2.0/networks/dc708a56-0ce4-4d78-a37e-04d70d9361ca => generated 0 bytes in 372 msecs (HTTP/1.1 204) 3 headers in 131 bytes (1 switches on core 0)
2026-07-15 00:22:51.889 7 INFO neutron.plugins.ml2.drivers.ovn.mech_driver.mech_driver [None req-edfc23e8-ad90-48d5-8424-26b7f1da66f3 - - - - - -] OVN reports status down for port: 728edf19-6384-4b9d-ad81-d084bc6d2071
2026-07-15 00:22:52.001 8 INFO neutron_taas.services.taas.taas_plugin [None req-1d542cf2-a2c4-47be-a145-8be77a7b9461 1be5fc16ae5a4a19b0150762e9734bbd 03561058aa6643fba7ca53f8ce3436d9 - - default default] TaaS: Handle Delete Port: d94f574f-a0c6-4fc8-9ad8-688654b60c70
2026-07-15 00:22:52.004 8 INFO neutron_taas.services.taas.tap_mirror_plugin [None req-1d542cf2-a2c4-47be-a145-8be77a7b9461 1be5fc16ae5a4a19b0150762e9734bbd 03561058aa6643fba7ca53f8ce3436d9 - - default default] Tap Mirror: Handle Delete Port: d94f574f-a0c6-4fc8-9ad8-688654b60c70 [pid: 8|app: 0|req: 995/1937] 10.0.0.9 () {32 vars in 724 bytes} [Wed Jul 15 00:22:51 2026] DELETE /v2.0/networks/18493afb-028d-4f01-b5da-2bea0192f395 => generated 0 bytes in 341 msecs (HTTP/1.1 204) 3 headers in 131 bytes (1 switches on core 0)
2026-07-15 00:22:52.240 7 INFO neutron_taas.services.taas.taas_plugin [None req-e8af48a8-3fcf-463b-8338-986665a98e16 bc364159d8d843c8884218123c6d65d3 bb5d2fca5ba74cccae40ee7c5d2eb5ce - - default default] TaaS: Handle Delete Port: 729fcaa6-fdba-4bb7-8583-6c5c07cd2ec6
2026-07-15 00:22:52.243 7 INFO neutron_taas.services.taas.tap_mirror_plugin [None req-e8af48a8-3fcf-463b-8338-986665a98e16 bc364159d8d843c8884218123c6d65d3 bb5d2fca5ba74cccae40ee7c5d2eb5ce - - default default] Tap Mirror: Handle Delete Port: 729fcaa6-fdba-4bb7-8583-6c5c07cd2ec6
2026-07-15 00:22:52.336 8 INFO neutron_taas.services.taas.taas_plugin [None req-1b7a5915-f625-4fde-b657-ab8df51ef6ee 1be5fc16ae5a4a19b0150762e9734bbd 03561058aa6643fba7ca53f8ce3436d9 - - default default] TaaS: Handle Delete Port: 88816d37-48f8-42d2-9d91-9cdc68e30c1c
2026-07-15 00:22:52.339 8 INFO neutron_taas.services.taas.tap_mirror_plugin [None req-1b7a5915-f625-4fde-b657-ab8df51ef6ee 1be5fc16ae5a4a19b0150762e9734bbd 03561058aa6643fba7ca53f8ce3436d9 - - default default] Tap Mirror: Handle Delete Port: 88816d37-48f8-42d2-9d91-9cdc68e30c1c [pid: 8|app: 0|req: 996/1938] 10.0.0.9 () {32 vars in 724 bytes} [Wed Jul 15 00:22:52 2026] DELETE /v2.0/networks/eda6ad22-23c9-4065-842d-708d92f5d6e9 => generated 0 bytes in 345 msecs (HTTP/1.1 204) 3 headers in 131 bytes (1 switches on core 0) [pid: 7|app: 0|req: 943/1939] 10.0.0.9 () {32 vars in 722 bytes} [Wed Jul 15 00:22:51 2026] DELETE /v2.0/routers/313940c8-6d88-4b1e-b222-97baf1975bb7 => generated 0 bytes in 808 msecs (HTTP/1.1 204) 2 headers in 112 bytes (1 switches on core 0) [pid: 7|app: 0|req: 944/1940] 10.0.0.9 () {32 vars in 734 bytes} [Wed Jul 15 00:22:52 2026] GET /v2.0/ports?device_id=313940c8-6d88-4b1e-b222-97baf1975bb7 => generated 12 bytes in 21 msecs (HTTP/1.1 200) 4 headers in 156 bytes (1 switches on core 0)
2026-07-15 00:22:52.677 7 INFO neutron.api.v2.resource [None req-84b1bbd2-b5d4-48c2-843b-c11ea2cf33b4 bc364159d8d843c8884218123c6d65d3 bb5d2fca5ba74cccae40ee7c5d2eb5ce - - default default] delete failed (client error): The resource could not be found. [pid: 7|app: 0|req: 945/1941] 10.0.0.9 () {32 vars in 722 bytes} [Wed Jul 15 00:22:52 2026] DELETE /v2.0/routers/313940c8-6d88-4b1e-b222-97baf1975bb7 => generated 135 bytes in 17 msecs (HTTP/1.1 404) 4 headers in 164 bytes (1 switches on core 0) [pid: 7|app: 0|req: 946/1942] 10.0.0.9 () {32 vars in 734 bytes} [Wed Jul 15 00:22:52 2026] GET /v2.0/ports?device_id=1c4500b2-337c-42cd-8b12-4fcb3715dcca => generated 12 bytes in 15 msecs (HTTP/1.1 200) 4 headers in 156 bytes (1 switches on core 0)
2026-07-15 00:22:52.717 7 INFO neutron.api.v2.resource [None req-81a89296-2085-4477-a261-2110158fc1b7 bc364159d8d843c8884218123c6d65d3 bb5d2fca5ba74cccae40ee7c5d2eb5ce - - default default] delete failed (client error): The resource could not be found. [pid: 7|app: 0|req: 947/1943] 10.0.0.9 () {32 vars in 722 bytes} [Wed Jul 15 00:22:52 2026] DELETE /v2.0/routers/1c4500b2-337c-42cd-8b12-4fcb3715dcca => generated 135 bytes in 17 msecs (HTTP/1.1 404) 4 headers in 164 bytes (1 switches on core 0)
2026-07-15 00:22:52.722 8 INFO neutron_taas.services.taas.taas_plugin [None req-3ffbcaee-f193-4815-8418-4de09af6fec3 1be5fc16ae5a4a19b0150762e9734bbd 03561058aa6643fba7ca53f8ce3436d9 - - default default] TaaS: Handle Delete Port: 3c8d593b-c512-4a13-9d40-cb3a5706c6a0
2026-07-15 00:22:52.725 8 INFO neutron_taas.services.taas.tap_mirror_plugin [None req-3ffbcaee-f193-4815-8418-4de09af6fec3 1be5fc16ae5a4a19b0150762e9734bbd 03561058aa6643fba7ca53f8ce3436d9 - - default default] Tap Mirror: Handle Delete Port: 3c8d593b-c512-4a13-9d40-cb3a5706c6a0
2026-07-15 00:22:52.734 7 INFO neutron.pecan_wsgi.hooks.translation [None req-2f8392b5-e1bd-46db-a47e-00c22c22190c bc364159d8d843c8884218123c6d65d3 bb5d2fca5ba74cccae40ee7c5d2eb5ce - - default default] DELETE failed (client error): The resource could not be found. [pid: 7|app: 0|req: 948/1944] 10.0.0.9 () {32 vars in 722 bytes} [Wed Jul 15 00:22:52 2026] DELETE /v2.0/subnets/5ec03ba0-3ba3-4436-8ff2-f5a014d0f781 => generated 136 bytes in 14 msecs (HTTP/1.1 404) 4 headers in 164 bytes (1 switches on core 0) [pid: 7|app: 0|req: 949/1945] 10.0.0.9 () {32 vars in 734 bytes} [Wed Jul 15 00:22:52 2026] GET /v2.0/ports?device_id=505750a9-e894-452b-8d10-43a5346dd180 => generated 12 bytes in 14 msecs (HTTP/1.1 200) 4 headers in 156 bytes (1 switches on core 0)
2026-07-15 00:22:52.776 7 INFO neutron.api.v2.resource [None req-e6f8db13-4e63-4fcd-b0ab-84bae66fe2b5 bc364159d8d843c8884218123c6d65d3 bb5d2fca5ba74cccae40ee7c5d2eb5ce - - default default] delete failed (client error): The resource could not be found. [pid: 7|app: 0|req: 950/1946] 10.0.0.9 () {32 vars in 722 bytes} [Wed Jul 15 00:22:52 2026] DELETE /v2.0/routers/505750a9-e894-452b-8d10-43a5346dd180 => generated 135 bytes in 18 msecs (HTTP/1.1 404) 4 headers in 164 bytes (1 switches on core 0)
2026-07-15 00:22:52.793 7 INFO neutron.pecan_wsgi.hooks.translation [None req-ace11865-3db7-47d5-9b5c-badb6489e3df bc364159d8d843c8884218123c6d65d3 bb5d2fca5ba74cccae40ee7c5d2eb5ce - - default default] DELETE failed (client error): The resource could not be found. [pid: 7|app: 0|req: 951/1947] 10.0.0.9 () {32 vars in 722 bytes} [Wed Jul 15 00:22:52 2026] DELETE /v2.0/subnets/cf561e9b-8103-4406-ad88-e2355e097ee2 => generated 136 bytes in 14 msecs (HTTP/1.1 404) 4 headers in 164 bytes (1 switches on core 0) [pid: 7|app: 0|req: 952/1948] 10.0.0.9 () {32 vars in 734 bytes} [Wed Jul 15 00:22:52 2026] GET /v2.0/ports?device_id=f9ccf645-0fba-4005-b185-afcdfa10aa2b => generated 12 bytes in 29 msecs (HTTP/1.1 200) 4 headers in 156 bytes (1 switches on core 0)
2026-07-15 00:22:52.852 7 INFO neutron.api.v2.resource [None req-fddd5d4a-43a9-413e-8ed2-9e41edb055d1 bc364159d8d843c8884218123c6d65d3 bb5d2fca5ba74cccae40ee7c5d2eb5ce - - default default] delete failed (client error): The resource could not be found. [pid: 7|app: 0|req: 953/1949] 10.0.0.9 () {32 vars in 722 bytes} [Wed Jul 15 00:22:52 2026] DELETE /v2.0/routers/f9ccf645-0fba-4005-b185-afcdfa10aa2b => generated 135 bytes in 19 msecs (HTTP/1.1 404) 4 headers in 164 bytes (1 switches on core 0)
2026-07-15 00:22:52.869 7 INFO neutron.pecan_wsgi.hooks.translation [None req-bd26740d-d001-4f61-8ca4-0724d672861f bc364159d8d843c8884218123c6d65d3 bb5d2fca5ba74cccae40ee7c5d2eb5ce - - default default] DELETE failed (client error): The resource could not be found. [pid: 7|app: 0|req: 954/1950] 10.0.0.9 () {32 vars in 722 bytes} [Wed Jul 15 00:22:52 2026] DELETE /v2.0/subnets/53baa9d5-45d8-41ce-b929-e255176ebaf3 => generated 136 bytes in 13 msecs (HTTP/1.1 404) 4 headers in 164 bytes (1 switches on core 0)
2026-07-15 00:22:52.885 7 INFO neutron.pecan_wsgi.hooks.translation [None req-c13dabb1-67ad-4d33-83a1-6c3db4cd6029 bc364159d8d843c8884218123c6d65d3 bb5d2fca5ba74cccae40ee7c5d2eb5ce - - default default] DELETE failed (client error): The resource could not be found. [pid: 7|app: 0|req: 955/1951] 10.0.0.9 () {32 vars in 722 bytes} [Wed Jul 15 00:22:52 2026] DELETE /v2.0/subnets/469ddf79-2919-4863-bd87-2f78a4cd2db4 => generated 136 bytes in 12 msecs (HTTP/1.1 404) 4 headers in 164 bytes (1 switches on core 0) [pid: 8|app: 0|req: 997/1952] 10.0.0.9 () {32 vars in 724 bytes} [Wed Jul 15 00:22:52 2026] DELETE /v2.0/networks/e8f7b9b4-08c8-4c99-ae9b-45942a35c154 => generated 0 bytes in 335 msecs (HTTP/1.1 204) 3 headers in 131 bytes (1 switches on core 0)
2026-07-15 00:22:53.053 7 INFO neutron_taas.services.taas.taas_plugin [None req-6f554df6-a229-4f06-af67-a026ab98b6d4 1be5fc16ae5a4a19b0150762e9734bbd 03561058aa6643fba7ca53f8ce3436d9 - - default default] TaaS: Handle Delete Port: 728edf19-6384-4b9d-ad81-d084bc6d2071
2026-07-15 00:22:53.055 7 INFO neutron_taas.services.taas.tap_mirror_plugin [None req-6f554df6-a229-4f06-af67-a026ab98b6d4 1be5fc16ae5a4a19b0150762e9734bbd 03561058aa6643fba7ca53f8ce3436d9 - - default default] Tap Mirror: Handle Delete Port: 728edf19-6384-4b9d-ad81-d084bc6d2071
2026-07-15 00:22:53.222 7 INFO neutron.services.segments.plugin [-] Segment 66243192-adef-45d9-9bac-5a3a2d68803f resource provider aggregate not found
2026-07-15 00:22:53.227 7 INFO neutron.services.segments.plugin [-] Segment 66243192-adef-45d9-9bac-5a3a2d68803f resource provider aggregate not found
2026-07-15 00:22:53.245 7 INFO neutron.services.segments.plugin [-] Client error retrieving segment 66243192-adef-45d9-9bac-5a3a2d68803f resource provider; error: Placement Client Error (4xx): {"errors": [{"status": 404, "title": "Not Found", "detail": "The resource could not be found.\n\n No resource provider with uuid 66243192-adef-45d9-9bac-5a3a2d68803f found for delete ", "request_id": "req-76736103-988f-4d55-bc26-3cdad6c9eade"}]}
2026-07-15 00:22:53.246 7 INFO neutron.services.segments.plugin [-] Client error retrieving segment 66243192-adef-45d9-9bac-5a3a2d68803f resource provider; error: Placement Client Error (4xx): {"errors": [{"status": 404, "title": "Not Found", "detail": "The resource could not be found.\n\n No resource provider with uuid 66243192-adef-45d9-9bac-5a3a2d68803f found for delete ", "request_id": "req-8e8b9e71-c005-46b2-9505-14514e234b85"}]} [pid: 7|app: 0|req: 956/1953] 10.0.0.9 () {32 vars in 724 bytes} [Wed Jul 15 00:22:52 2026] DELETE /v2.0/networks/c87cdd3d-13a6-4d6d-a7a0-3a5b56a9ab5c => generated 0 bytes in 358 msecs (HTTP/1.1 204) 3 headers in 131 bytes (1 switches on core 0)
2026-07-15 00:22:53.347 8 WARNING neutron.db.securitygroups_db [None req-144dd9c1-5979-49a2-9e53-fed91165d2dc ee0847ec8885450e89893411e7798beb fd938b09b9974e31b3e8c0eacce8a99c - - default default] project_id key not found in filters, using tenant_id instead. This support has been deprecated and will be removed in a future release.
2026-07-15 00:22:53.487 8 INFO neutron.db.ovn_revision_numbers_db [None req-144dd9c1-5979-49a2-9e53-fed91165d2dc ee0847ec8885450e89893411e7798beb fd938b09b9974e31b3e8c0eacce8a99c - - default default] Successfully bumped revision number for resource 44e8ae9a-b811-4842-9be0-92f7591ec955 (type: security_groups) to 1
2026-07-15 00:22:53.501 8 INFO neutron.db.ovn_revision_numbers_db [None req-144dd9c1-5979-49a2-9e53-fed91165d2dc ee0847ec8885450e89893411e7798beb fd938b09b9974e31b3e8c0eacce8a99c - - default default] Successfully bumped revision number for resource 21ea591b-24de-4aa2-925b-57df2cd43d73 (type: security_group_rules) to 0
2026-07-15 00:22:53.517 8 INFO neutron.db.ovn_revision_numbers_db [None req-144dd9c1-5979-49a2-9e53-fed91165d2dc ee0847ec8885450e89893411e7798beb fd938b09b9974e31b3e8c0eacce8a99c - - default default] Successfully bumped revision number for resource 4a46f71e-4dd3-49d3-b436-b6df2532042e (type: security_group_rules) to 0
2026-07-15 00:22:53.529 8 INFO neutron.db.ovn_revision_numbers_db [None req-144dd9c1-5979-49a2-9e53-fed91165d2dc ee0847ec8885450e89893411e7798beb fd938b09b9974e31b3e8c0eacce8a99c - - default default] Successfully bumped revision number for resource dd73a2b2-d523-4d90-9afa-f56eabbb168b (type: security_group_rules) to 0
2026-07-15 00:22:53.544 8 INFO neutron.db.ovn_revision_numbers_db [None req-144dd9c1-5979-49a2-9e53-fed91165d2dc ee0847ec8885450e89893411e7798beb fd938b09b9974e31b3e8c0eacce8a99c - - default default] Successfully bumped revision number for resource fad7317e-2f99-4441-bd35-550082d31e53 (type: security_group_rules) to 0 [pid: 8|app: 0|req: 998/1954] 10.0.0.9 () {32 vars in 772 bytes} [Wed Jul 15 00:22:53 2026] GET /v2.0/security-groups?tenant_id=8db395531dfe432fa3fa7e30808db461&name=default => generated 2925 bytes in 350 msecs (HTTP/1.1 200) 4 headers in 158 bytes (1 switches on core 0)
2026-07-15 00:22:53.660 7 WARNING neutron.db.securitygroups_db [None req-019730fc-10ca-463e-aefe-0227fd9135da ee0847ec8885450e89893411e7798beb fd938b09b9974e31b3e8c0eacce8a99c - - default default] project_id key not found in filters, using tenant_id instead. This support has been deprecated and will be removed in a future release. [pid: 7|app: 0|req: 957/1955] 10.0.0.9 () {32 vars in 772 bytes} [Wed Jul 15 00:22:53 2026] GET /v2.0/security-groups?tenant_id=bb5d2fca5ba74cccae40ee7c5d2eb5ce&name=default => generated 2925 bytes in 252 msecs (HTTP/1.1 200) 4 headers in 158 bytes (1 switches on core 0) [pid: 8|app: 0|req: 999/1956] 10.0.0.9 () {32 vars in 738 bytes} [Wed Jul 15 00:22:53 2026] DELETE /v2.0/security-groups/44e8ae9a-b811-4842-9be0-92f7591ec955 => generated 0 bytes in 155 msecs (HTTP/1.1 204) 2 headers in 112 bytes (1 switches on core 0) [pid: 7|app: 0|req: 958/1957] 10.0.0.9 () {32 vars in 738 bytes} [Wed Jul 15 00:22:53 2026] DELETE /v2.0/security-groups/24d93d79-6c9d-4550-876c-a10cd7c454d7 => generated 0 bytes in 149 msecs (HTTP/1.1 204) 2 headers in 112 bytes (1 switches on core 0)
2026-07-15 00:22:53.869 8 INFO neutron.services.segments.plugin [-] Segment 22aa41b9-0c00-4113-ae28-16724e3939f7 resource provider aggregate not found
2026-07-15 00:22:53.881 8 INFO neutron.services.segments.plugin [-] Segment 22aa41b9-0c00-4113-ae28-16724e3939f7 resource provider aggregate not found
2026-07-15 00:22:53.884 8 INFO neutron.services.segments.plugin [-] Client error retrieving segment 22aa41b9-0c00-4113-ae28-16724e3939f7 resource provider; error: Placement Client Error (4xx): {"errors": [{"status": 404, "title": "Not Found", "detail": "The resource could not be found.\n\n No resource provider with uuid 22aa41b9-0c00-4113-ae28-16724e3939f7 found for delete ", "request_id": "req-1ddb2d97-3f75-451c-a8eb-59f8c1e9fb7e"}]}
2026-07-15 00:22:53.896 8 INFO neutron.services.segments.plugin [-] Client error retrieving segment 22aa41b9-0c00-4113-ae28-16724e3939f7 resource provider; error: Placement Client Error (4xx): {"errors": [{"status": 404, "title": "Not Found", "detail": "The resource could not be found.\n\n No resource provider with uuid 22aa41b9-0c00-4113-ae28-16724e3939f7 found for delete ", "request_id": "req-86fbddfa-de3a-4f9f-8c08-09d17df6d63f"}]}
2026-07-15 00:22:53.900 8 INFO neutron.services.segments.plugin [-] Segment 7800a818-ab6b-42c3-8f51-4e187415b121 resource provider aggregate not found
2026-07-15 00:22:53.913 8 INFO neutron.services.segments.plugin [-] Segment 7800a818-ab6b-42c3-8f51-4e187415b121 resource provider aggregate not found
2026-07-15 00:22:53.919 8 INFO neutron.services.segments.plugin [-] Client error retrieving segment 7800a818-ab6b-42c3-8f51-4e187415b121 resource provider; error: Placement Client Error (4xx): {"errors": [{"status": 404, "title": "Not Found", "detail": "The resource could not be found.\n\n No resource provider with uuid 7800a818-ab6b-42c3-8f51-4e187415b121 found for delete ", "request_id": "req-80e804d5-09ce-4a97-8fcf-617693497f73"}]}
2026-07-15 00:22:53.930 8 INFO neutron.services.segments.plugin [-] Client error retrieving segment 7800a818-ab6b-42c3-8f51-4e187415b121 resource provider; error: Placement Client Error (4xx): {"errors": [{"status": 404, "title": "Not Found", "detail": "The resource could not be found.\n\n No resource provider with uuid 7800a818-ab6b-42c3-8f51-4e187415b121 found for delete ", "request_id": "req-d898ee0d-9a47-4e4f-84ce-25b55ec14e19"}]}
2026-07-15 00:22:53.940 8 INFO neutron.services.segments.plugin [-] Segment c9fcfd3d-eba9-4a19-b10c-831286070024 resource provider aggregate not found
2026-07-15 00:22:53.947 8 INFO neutron.services.segments.plugin [-] Segment c9fcfd3d-eba9-4a19-b10c-831286070024 resource provider aggregate not found
2026-07-15 00:22:53.958 8 INFO neutron.services.segments.plugin [-] Client error retrieving segment c9fcfd3d-eba9-4a19-b10c-831286070024 resource provider; error: Placement Client Error (4xx): {"errors": [{"status": 404, "title": "Not Found", "detail": "The resource could not be found.\n\n No resource provider with uuid c9fcfd3d-eba9-4a19-b10c-831286070024 found for delete ", "request_id": "req-fa379958-72a7-465c-b84c-405baedee124"}]}
2026-07-15 00:22:53.961 8 INFO neutron.services.segments.plugin [-] Client error retrieving segment c9fcfd3d-eba9-4a19-b10c-831286070024 resource provider; error: Placement Client Error (4xx): {"errors": [{"status": 404, "title": "Not Found", "detail": "The resource could not be found.\n\n No resource provider with uuid c9fcfd3d-eba9-4a19-b10c-831286070024 found for delete ", "request_id": "req-98836e7b-de2e-4f0d-9878-a3b4eca2898f"}]}
2026-07-15 00:22:54.267 8 WARNING neutron.db.securitygroups_db [None req-b6061582-b88e-4653-8c3a-5c059698aef0 ee0847ec8885450e89893411e7798beb fd938b09b9974e31b3e8c0eacce8a99c - - default default] project_id key not found in filters, using tenant_id instead. This support has been deprecated and will be removed in a future release.
2026-07-15 00:22:54.411 8 INFO neutron.db.ovn_revision_numbers_db [None req-b6061582-b88e-4653-8c3a-5c059698aef0 ee0847ec8885450e89893411e7798beb fd938b09b9974e31b3e8c0eacce8a99c - - default default] Successfully bumped revision number for resource 0ad0c2a4-2b3a-4740-8487-d52fb8722ac7 (type: security_groups) to 1
2026-07-15 00:22:54.425 8 INFO neutron.db.ovn_revision_numbers_db [None req-b6061582-b88e-4653-8c3a-5c059698aef0 ee0847ec8885450e89893411e7798beb fd938b09b9974e31b3e8c0eacce8a99c - - default default] Successfully bumped revision number for resource 370f8121-eeae-467d-bc69-18734c33cb99 (type: security_group_rules) to 0
2026-07-15 00:22:54.441 8 INFO neutron.db.ovn_revision_numbers_db [None req-b6061582-b88e-4653-8c3a-5c059698aef0 ee0847ec8885450e89893411e7798beb fd938b09b9974e31b3e8c0eacce8a99c - - default default] Successfully bumped revision number for resource 3b4cd8c2-78c5-42ae-9d8f-e35d12314b51 (type: security_group_rules) to 0
2026-07-15 00:22:54.457 8 INFO neutron.db.ovn_revision_numbers_db [None req-b6061582-b88e-4653-8c3a-5c059698aef0 ee0847ec8885450e89893411e7798beb fd938b09b9974e31b3e8c0eacce8a99c - - default default] Successfully bumped revision number for resource acfa1cb8-83bb-4725-8e9f-84cea86c8e44 (type: security_group_rules) to 0
2026-07-15 00:22:54.470 8 INFO neutron.db.ovn_revision_numbers_db [None req-b6061582-b88e-4653-8c3a-5c059698aef0 ee0847ec8885450e89893411e7798beb fd938b09b9974e31b3e8c0eacce8a99c - - default default] Successfully bumped revision number for resource b6d0a0a2-8ff1-4e02-a9d4-2d1f119e22dd (type: security_group_rules) to 0 [pid: 8|app: 0|req: 1000/1958] 10.0.0.9 () {32 vars in 772 bytes} [Wed Jul 15 00:22:54 2026] GET /v2.0/security-groups?tenant_id=3e76f98557b74a77ba512dec416805a2&name=default => generated 2925 bytes in 452 msecs (HTTP/1.1 200) 4 headers in 158 bytes (1 switches on core 0) [pid: 7|app: 0|req: 959/1959] 10.0.0.9 () {32 vars in 738 bytes} [Wed Jul 15 00:22:54 2026] DELETE /v2.0/security-groups/0ad0c2a4-2b3a-4740-8487-d52fb8722ac7 => generated 0 bytes in 171 msecs (HTTP/1.1 204) 2 headers in 112 bytes (1 switches on core 0)
2026-07-15 00:22:54.796 8 WARNING neutron.db.securitygroups_db [None req-7c6269c3-77ca-42ac-b907-d22ab9878aff ee0847ec8885450e89893411e7798beb fd938b09b9974e31b3e8c0eacce8a99c - - default default] project_id key not found in filters, using tenant_id instead. This support has been deprecated and will be removed in a future release.
2026-07-15 00:22:54.954 8 INFO neutron.db.ovn_revision_numbers_db [None req-7c6269c3-77ca-42ac-b907-d22ab9878aff ee0847ec8885450e89893411e7798beb fd938b09b9974e31b3e8c0eacce8a99c - - default default] Successfully bumped revision number for resource 1e6d6ee3-a7e9-4a00-b82f-1ee6730e6f13 (type: security_groups) to 1
2026-07-15 00:22:54.975 8 INFO neutron.db.ovn_revision_numbers_db [None req-7c6269c3-77ca-42ac-b907-d22ab9878aff ee0847ec8885450e89893411e7798beb fd938b09b9974e31b3e8c0eacce8a99c - - default default] Successfully bumped revision number for resource 36c50f30-00b4-4a4e-a401-ce1cab861edf (type: security_group_rules) to 0
2026-07-15 00:22:54.994 8 INFO neutron.db.ovn_revision_numbers_db [None req-7c6269c3-77ca-42ac-b907-d22ab9878aff ee0847ec8885450e89893411e7798beb fd938b09b9974e31b3e8c0eacce8a99c - - default default] Successfully bumped revision number for resource 8f67187a-af96-41df-aafa-1f51e8d907f6 (type: security_group_rules) to 0
2026-07-15 00:22:55.008 8 INFO neutron.db.ovn_revision_numbers_db [None req-7c6269c3-77ca-42ac-b907-d22ab9878aff ee0847ec8885450e89893411e7798beb fd938b09b9974e31b3e8c0eacce8a99c - - default default] Successfully bumped revision number for resource a910a914-0651-4119-85eb-80c755fb2c81 (type: security_group_rules) to 0
2026-07-15 00:22:55.027 8 INFO neutron.db.ovn_revision_numbers_db [None req-7c6269c3-77ca-42ac-b907-d22ab9878aff ee0847ec8885450e89893411e7798beb fd938b09b9974e31b3e8c0eacce8a99c - - default default] Successfully bumped revision number for resource acb2d289-f138-4acf-80fb-d187afe1491b (type: security_group_rules) to 0 [pid: 8|app: 0|req: 1001/1960] 10.0.0.9 () {32 vars in 772 bytes} [Wed Jul 15 00:22:54 2026] GET /v2.0/security-groups?tenant_id=fe99c1278cc9482695f58d329a832213&name=default => generated 2925 bytes in 273 msecs (HTTP/1.1 200) 4 headers in 158 bytes (1 switches on core 0) [pid: 7|app: 0|req: 960/1961] 10.0.0.9 () {32 vars in 738 bytes} [Wed Jul 15 00:22:55 2026] DELETE /v2.0/security-groups/1e6d6ee3-a7e9-4a00-b82f-1ee6730e6f13 => generated 0 bytes in 179 msecs (HTTP/1.1 204) 2 headers in 112 bytes (1 switches on core 0)
2026-07-15 00:22:55.338 8 WARNING neutron.db.securitygroups_db [None req-9c4632b6-20e5-4403-9645-ceefb1cb1433 ee0847ec8885450e89893411e7798beb fd938b09b9974e31b3e8c0eacce8a99c - - default default] project_id key not found in filters, using tenant_id instead. This support has been deprecated and will be removed in a future release. [pid: 8|app: 0|req: 1002/1962] 10.0.0.9 () {32 vars in 772 bytes} [Wed Jul 15 00:22:55 2026] GET /v2.0/security-groups?tenant_id=03561058aa6643fba7ca53f8ce3436d9&name=default => generated 2925 bytes in 46 msecs (HTTP/1.1 200) 4 headers in 158 bytes (1 switches on core 0) [pid: 7|app: 0|req: 961/1963] 10.0.0.9 () {32 vars in 738 bytes} [Wed Jul 15 00:22:55 2026] DELETE /v2.0/security-groups/51a9d5bf-9341-4554-92fc-cfb93809d326 => generated 0 bytes in 192 msecs (HTTP/1.1 204) 2 headers in 112 bytes (1 switches on core 0)
2026-07-15 00:22:56.310 8 WARNING neutron.scheduler.dhcp_agent_scheduler [None req-145a8c1e-0544-4de5-ae20-d18fb184a6c3 19b5d80955574927af31e921f547587f 0592f5c2b14e4ee496bb6cf93b32acf3 - - default default] No more DHCP agents
2026-07-15 00:22:56.311 8 WARNING neutron.api.rpc.agentnotifiers.dhcp_rpc_agent_api [None req-145a8c1e-0544-4de5-ae20-d18fb184a6c3 19b5d80955574927af31e921f547587f 0592f5c2b14e4ee496bb6cf93b32acf3 - - default default] Unable to schedule network 63bfc501-57a4-4bb2-922f-7bd39db064a3: no agents available; will retry on subsequent port and subnet creation events.
2026-07-15 00:22:56.353 8 WARNING neutron.plugins.ml2.drivers.ovn.mech_driver.ovsdb.ovn_client [None req-4384a91b-1604-4523-8f7e-91ed064bc8b5 - - - - - -] No port found with ID 729fcaa6-fdba-4bb7-8583-6c5c07cd2ec6: RuntimeError: No port found with ID 729fcaa6-fdba-4bb7-8583-6c5c07cd2ec6 [pid: 8|app: 0|req: 1003/1964] 10.0.0.9 () {34 vars in 674 bytes} [Wed Jul 15 00:22:55 2026] POST /v2.0/floatingips => generated 552 bytes in 722 msecs (HTTP/1.1 201) 4 headers in 162 bytes (1 switches on core 0)
2026-07-15 00:22:56.888 7 WARNING neutron.scheduler.dhcp_agent_scheduler [None req-dd05e9a0-f7b4-4e87-997e-6a3519d93630 19b5d80955574927af31e921f547587f 0592f5c2b14e4ee496bb6cf93b32acf3 - - default default] No more DHCP agents
2026-07-15 00:22:56.890 7 WARNING neutron.api.rpc.agentnotifiers.dhcp_rpc_agent_api [None req-dd05e9a0-f7b4-4e87-997e-6a3519d93630 19b5d80955574927af31e921f547587f 0592f5c2b14e4ee496bb6cf93b32acf3 - - default default] Unable to schedule network 63bfc501-57a4-4bb2-922f-7bd39db064a3: no agents available; will retry on subsequent port and subnet creation events. [pid: 7|app: 0|req: 962/1965] 10.0.0.9 () {34 vars in 674 bytes} [Wed Jul 15 00:22:56 2026] POST /v2.0/floatingips => generated 552 bytes in 618 msecs (HTTP/1.1 201) 4 headers in 162 bytes (1 switches on core 0)
2026-07-15 00:22:57.536 8 WARNING neutron.scheduler.dhcp_agent_scheduler [None req-7a5a66b9-5fc9-4ab3-be10-2f0c9de62fcd 19b5d80955574927af31e921f547587f 0592f5c2b14e4ee496bb6cf93b32acf3 - - default default] No more DHCP agents
2026-07-15 00:22:57.538 8 WARNING neutron.api.rpc.agentnotifiers.dhcp_rpc_agent_api [None req-7a5a66b9-5fc9-4ab3-be10-2f0c9de62fcd 19b5d80955574927af31e921f547587f 0592f5c2b14e4ee496bb6cf93b32acf3 - - default default] Unable to schedule network 63bfc501-57a4-4bb2-922f-7bd39db064a3: no agents available; will retry on subsequent port and subnet creation events. [pid: 8|app: 0|req: 1004/1966] 10.0.0.9 () {34 vars in 674 bytes} [Wed Jul 15 00:22:57 2026] POST /v2.0/floatingips => generated 552 bytes in 617 msecs (HTTP/1.1 201) 4 headers in 162 bytes (1 switches on core 0)
2026-07-15 00:22:58.196 7 WARNING neutron.scheduler.dhcp_agent_scheduler [None req-e6aa6075-79c5-4102-99dc-eb8c1a4f83bd 19b5d80955574927af31e921f547587f 0592f5c2b14e4ee496bb6cf93b32acf3 - - default default] No more DHCP agents
2026-07-15 00:22:58.198 7 WARNING neutron.api.rpc.agentnotifiers.dhcp_rpc_agent_api [None req-e6aa6075-79c5-4102-99dc-eb8c1a4f83bd 19b5d80955574927af31e921f547587f 0592f5c2b14e4ee496bb6cf93b32acf3 - - default default] Unable to schedule network 63bfc501-57a4-4bb2-922f-7bd39db064a3: no agents available; will retry on subsequent port and subnet creation events. [pid: 7|app: 0|req: 963/1967] 10.0.0.9 () {34 vars in 674 bytes} [Wed Jul 15 00:22:57 2026] POST /v2.0/floatingips => generated 552 bytes in 750 msecs (HTTP/1.1 201) 4 headers in 162 bytes (1 switches on core 0)
2026-07-15 00:22:58.667 8 INFO neutron.db.ovn_revision_numbers_db [None req-9e3ebbe0-671b-4488-b55a-be916687990d b730679f9a5a476b8e5f52d712d59dc9 f0e9c0c2cdac412bbbc28ff5454d5ff7 - - default default] Successfully bumped revision number for resource 9333d4b1-2f2e-4d0a-9ab4-3eeb07a4ac50 (type: routers) to 1 [pid: 8|app: 0|req: 1005/1968] 10.0.0.9 () {34 vars in 666 bytes} [Wed Jul 15 00:22:58 2026] POST /v2.0/routers => generated 591 bytes in 562 msecs (HTTP/1.1 201) 4 headers in 162 bytes (1 switches on core 0)
2026-07-15 00:22:58.948 8 INFO neutron.db.ovn_revision_numbers_db [None req-31b0b31a-9047-469e-a4e7-eb36bb037e91 b730679f9a5a476b8e5f52d712d59dc9 f0e9c0c2cdac412bbbc28ff5454d5ff7 - - default default] Successfully bumped revision number for resource 55159a99-c3d4-4676-b6bc-48540039238a (type: routers) to 1 [pid: 8|app: 0|req: 1006/1969] 10.0.0.9 () {34 vars in 666 bytes} [Wed Jul 15 00:22:58 2026] POST /v2.0/routers => generated 591 bytes in 275 msecs (HTTP/1.1 201) 4 headers in 162 bytes (1 switches on core 0)
2026-07-15 00:22:59.044 7 WARNING neutron.scheduler.dhcp_agent_scheduler [None req-ac2d149a-df99-41f2-b402-c9339bc6b209 19b5d80955574927af31e921f547587f 0592f5c2b14e4ee496bb6cf93b32acf3 - - default default] No more DHCP agents
2026-07-15 00:22:59.045 7 WARNING neutron.api.rpc.agentnotifiers.dhcp_rpc_agent_api [None req-ac2d149a-df99-41f2-b402-c9339bc6b209 19b5d80955574927af31e921f547587f 0592f5c2b14e4ee496bb6cf93b32acf3 - - default default] Unable to schedule network 63bfc501-57a4-4bb2-922f-7bd39db064a3: no agents available; will retry on subsequent port and subnet creation events.
2026-07-15 00:22:59.307 8 INFO neutron.db.ovn_revision_numbers_db [None req-abfe1156-9c5b-4d21-a65b-e3623bcb3fb9 b730679f9a5a476b8e5f52d712d59dc9 f0e9c0c2cdac412bbbc28ff5454d5ff7 - - default default] Successfully bumped revision number for resource f9e09756-2e95-4387-8d5b-52b56a5a0460 (type: routers) to 1 [pid: 8|app: 0|req: 1007/1970] 10.0.0.9 () {34 vars in 666 bytes} [Wed Jul 15 00:22:58 2026] POST /v2.0/routers => generated 591 bytes in 382 msecs (HTTP/1.1 201) 4 headers in 162 bytes (1 switches on core 0) [pid: 7|app: 0|req: 964/1971] 10.0.0.9 () {34 vars in 674 bytes} [Wed Jul 15 00:22:58 2026] POST /v2.0/floatingips => generated 552 bytes in 816 msecs (HTTP/1.1 201) 4 headers in 162 bytes (1 switches on core 0)
2026-07-15 00:22:59.618 8 INFO neutron.db.ovn_revision_numbers_db [None req-44ac1389-0aaa-4d17-8033-570adf551a48 92e077bf07b14c78bd98dfcfbb4a6023 a642eb2074444407b59b99951162b4b8 - - default default] Successfully bumped revision number for resource b2ab8890-cab0-4183-ad6e-db7eb274115b (type: routers) to 1 [pid: 8|app: 0|req: 1008/1972] 10.0.0.9 () {34 vars in 666 bytes} [Wed Jul 15 00:22:59 2026] POST /v2.0/routers => generated 591 bytes in 278 msecs (HTTP/1.1 201) 4 headers in 162 bytes (1 switches on core 0)
2026-07-15 00:22:59.672 8 WARNING tagging [None req-6af9e43b-4337-494a-9ca4-a4d8fdf3127a 19b5d80955574927af31e921f547587f 0592f5c2b14e4ee496bb6cf93b32acf3 - - default default] project_id key not found in request, using tenant_id instead. This support has been deprecated and will be removed in a future release.
2026-07-15 00:22:59.672 7 INFO neutron.db.ovn_revision_numbers_db [None req-4282d34e-936e-45ee-956c-38ea8aadef13 b730679f9a5a476b8e5f52d712d59dc9 f0e9c0c2cdac412bbbc28ff5454d5ff7 - - default default] Successfully bumped revision number for resource 742b633f-8cf2-47af-bc28-d17cb48bb396 (type: routers) to 1 [pid: 7|app: 0|req: 965/1973] 10.0.0.9 () {34 vars in 666 bytes} [Wed Jul 15 00:22:59 2026] POST /v2.0/routers => generated 591 bytes in 245 msecs (HTTP/1.1 201) 4 headers in 162 bytes (1 switches on core 0) [pid: 8|app: 0|req: 1009/1974] 10.0.0.9 () {34 vars in 757 bytes} [Wed Jul 15 00:22:59 2026] PUT /v2.0/floatingips/33614b91-1e3c-4216-8b74-128492b6b047/tags => generated 17 bytes in 72 msecs (HTTP/1.1 200) 4 headers in 156 bytes (1 switches on core 0)
2026-07-15 00:22:59.743 7 WARNING tagging [None req-8747fcbd-0257-40cb-ad6c-0c1ec0fc539a 92e077bf07b14c78bd98dfcfbb4a6023 a642eb2074444407b59b99951162b4b8 - - default default] project_id key not found in request, using tenant_id instead. This support has been deprecated and will be removed in a future release. [pid: 7|app: 0|req: 966/1975] 10.0.0.9 () {34 vars in 749 bytes} [Wed Jul 15 00:22:59 2026] PUT /v2.0/routers/b2ab8890-cab0-4183-ad6e-db7eb274115b/tags => generated 25 bytes in 87 msecs (HTTP/1.1 200) 4 headers in 156 bytes (1 switches on core 0)
2026-07-15 00:22:59.815 7 WARNING tagging [None req-92859468-9fde-4af6-a3e5-d581a0444e4a 19b5d80955574927af31e921f547587f 0592f5c2b14e4ee496bb6cf93b32acf3 - - default default] project_id key not found in request, using tenant_id instead. This support has been deprecated and will be removed in a future release.
2026-07-15 00:22:59.851 8 INFO neutron.db.ovn_revision_numbers_db [None req-014ee54c-364f-4f05-ae0b-6c6adac54a88 b730679f9a5a476b8e5f52d712d59dc9 f0e9c0c2cdac412bbbc28ff5454d5ff7 - - default default] Successfully bumped revision number for resource 51607e72-84a4-431b-b802-f2800e1c5f6c (type: routers) to 1 [pid: 8|app: 0|req: 1010/1976] 10.0.0.9 () {34 vars in 666 bytes} [Wed Jul 15 00:22:59 2026] POST /v2.0/routers => generated 591 bytes in 149 msecs (HTTP/1.1 201) 4 headers in 162 bytes (1 switches on core 0) [pid: 7|app: 0|req: 967/1977] 10.0.0.9 () {34 vars in 757 bytes} [Wed Jul 15 00:22:59 2026] PUT /v2.0/floatingips/77c6e416-1544-48d5-ab6e-a7140b7524ea/tags => generated 25 bytes in 81 msecs (HTTP/1.1 200) 4 headers in 156 bytes (1 switches on core 0)
2026-07-15 00:22:59.908 8 WARNING tagging [None req-769e290d-2a58-48f3-a97f-bfbe2108359b 92e077bf07b14c78bd98dfcfbb4a6023 a642eb2074444407b59b99951162b4b8 - - default default] project_id key not found in request, using tenant_id instead. This support has been deprecated and will be removed in a future release.
2026-07-15 00:22:59.915 7 WARNING tagging [None req-d5fad1eb-7f24-434e-8c34-5efb5d8d6261 b730679f9a5a476b8e5f52d712d59dc9 f0e9c0c2cdac412bbbc28ff5454d5ff7 - - default default] project_id key not found in request, using tenant_id instead. This support has been deprecated and will be removed in a future release. [pid: 8|app: 0|req: 1011/1978] 10.0.0.9 () {32 vars in 729 bytes} [Wed Jul 15 00:22:59 2026] GET /v2.0/routers/b2ab8890-cab0-4183-ad6e-db7eb274115b/tags => generated 25 bytes in 65 msecs (HTTP/1.1 200) 4 headers in 156 bytes (1 switches on core 0) [pid: 7|app: 0|req: 968/1979] 10.0.0.9 () {34 vars in 749 bytes} [Wed Jul 15 00:22:59 2026] PUT /v2.0/routers/9333d4b1-2f2e-4d0a-9ab4-3eeb07a4ac50/tags => generated 17 bytes in 84 msecs (HTTP/1.1 200) 4 headers in 156 bytes (1 switches on core 0)
2026-07-15 00:22:59.962 8 WARNING tagging [None req-1eeece87-a63d-4c97-990a-e0e60525b125 19b5d80955574927af31e921f547587f 0592f5c2b14e4ee496bb6cf93b32acf3 - - default default] project_id key not found in request, using tenant_id instead. This support has been deprecated and will be removed in a future release. [pid: 8|app: 0|req: 1012/1980] 10.0.0.9 () {34 vars in 757 bytes} [Wed Jul 15 00:22:59 2026] PUT /v2.0/floatingips/09eea35c-e095-40a5-a5fd-0cd0b606304f/tags => generated 34 bytes in 60 msecs (HTTP/1.1 200) 4 headers in 156 bytes (1 switches on core 0)
2026-07-15 00:23:00.001 7 WARNING tagging [None req-81c1406b-4c6a-449e-a1a8-fc2760fd45b1 92e077bf07b14c78bd98dfcfbb4a6023 a642eb2074444407b59b99951162b4b8 - - default default] project_id key not found in request, using tenant_id instead. This support has been deprecated and will be removed in a future release.
2026-07-15 00:23:00.034 8 WARNING tagging [None req-52c8e14f-6285-4d14-9dfa-5563ca6d9c93 b730679f9a5a476b8e5f52d712d59dc9 f0e9c0c2cdac412bbbc28ff5454d5ff7 - - default default] project_id key not found in request, using tenant_id instead. This support has been deprecated and will be removed in a future release. [pid: 8|app: 0|req: 1013/1981] 10.0.0.9 () {34 vars in 749 bytes} [Wed Jul 15 00:22:59 2026] PUT /v2.0/routers/55159a99-c3d4-4676-b6bc-48540039238a/tags => generated 25 bytes in 81 msecs (HTTP/1.1 200) 4 headers in 156 bytes (1 switches on core 0) [pid: 7|app: 0|req: 969/1982] 10.0.0.9 () {34 vars in 760 bytes} [Wed Jul 15 00:22:59 2026] PUT /v2.0/routers/b2ab8890-cab0-4183-ad6e-db7eb274115b/tags/green => generated 4 bytes in 122 msecs (HTTP/1.1 201) 4 headers in 160 bytes (1 switches on core 0)
2026-07-15 00:23:00.122 7 WARNING tagging [None req-6777a952-27af-43b9-b6e2-b46923717902 b730679f9a5a476b8e5f52d712d59dc9 f0e9c0c2cdac412bbbc28ff5454d5ff7 - - default default] project_id key not found in request, using tenant_id instead. This support has been deprecated and will be removed in a future release. [pid: 7|app: 0|req: 970/1983] 10.0.0.9 () {34 vars in 749 bytes} [Wed Jul 15 00:23:00 2026] PUT /v2.0/routers/f9e09756-2e95-4387-8d5b-52b56a5a0460/tags => generated 34 bytes in 76 msecs (HTTP/1.1 200) 4 headers in 156 bytes (1 switches on core 0)
2026-07-15 00:23:00.194 7 WARNING tagging [None req-23c0e164-ec20-4980-9158-93c9ce687f08 92e077bf07b14c78bd98dfcfbb4a6023 a642eb2074444407b59b99951162b4b8 - - default default] project_id key not found in request, using tenant_id instead. This support has been deprecated and will be removed in a future release. [pid: 7|app: 0|req: 971/1984] 10.0.0.9 () {32 vars in 729 bytes} [Wed Jul 15 00:23:00 2026] GET /v2.0/routers/b2ab8890-cab0-4183-ad6e-db7eb274115b/tags => generated 34 bytes in 61 msecs (HTTP/1.1 200) 4 headers in 156 bytes (1 switches on core 0)
2026-07-15 00:23:00.257 7 WARNING tagging [None req-2cf08175-ce49-40b8-bd67-919988c60c5d b730679f9a5a476b8e5f52d712d59dc9 f0e9c0c2cdac412bbbc28ff5454d5ff7 - - default default] project_id key not found in request, using tenant_id instead. This support has been deprecated and will be removed in a future release. [pid: 7|app: 0|req: 972/1985] 10.0.0.9 () {34 vars in 749 bytes} [Wed Jul 15 00:23:00 2026] PUT /v2.0/routers/742b633f-8cf2-47af-bc28-d17cb48bb396/tags => generated 19 bytes in 72 msecs (HTTP/1.1 200) 4 headers in 156 bytes (1 switches on core 0)
2026-07-15 00:23:00.329 7 WARNING tagging [None req-530a0c6a-4e70-4ea4-8a16-41785a4c92ea 92e077bf07b14c78bd98dfcfbb4a6023 a642eb2074444407b59b99951162b4b8 - - default default] project_id key not found in request, using tenant_id instead. This support has been deprecated and will be removed in a future release. [pid: 7|app: 0|req: 973/1986] 10.0.0.9 () {34 vars in 756 bytes} [Wed Jul 15 00:23:00 2026] PUT /v2.0/routers/b2ab8890-cab0-4183-ad6e-db7eb274115b/tags/red => generated 4 bytes in 106 msecs (HTTP/1.1 201) 4 headers in 160 bytes (1 switches on core 0) [pid: 7|app: 0|req: 974/1987] 10.0.0.9 () {32 vars in 662 bytes} [Wed Jul 15 00:23:00 2026] GET /v2.0/routers?tags=red => generated 1814 bytes in 73 msecs (HTTP/1.1 200) 4 headers in 158 bytes (1 switches on core 0)
2026-07-15 00:23:00.516 7 WARNING tagging [None req-3c6c144c-f59b-4260-9065-4fce1ab268df 92e077bf07b14c78bd98dfcfbb4a6023 a642eb2074444407b59b99951162b4b8 - - default default] project_id key not found in request, using tenant_id instead. This support has been deprecated and will be removed in a future release. [pid: 7|app: 0|req: 975/1988] 10.0.0.9 () {32 vars in 729 bytes} [Wed Jul 15 00:23:00 2026] GET /v2.0/routers/b2ab8890-cab0-4183-ad6e-db7eb274115b/tags => generated 34 bytes in 67 msecs (HTTP/1.1 200) 4 headers in 156 bytes (1 switches on core 0) [pid: 7|app: 0|req: 976/1989] 10.0.0.9 () {32 vars in 676 bytes} [Wed Jul 15 00:23:00 2026] GET /v2.0/routers?tags=red%2Cblue => generated 1222 bytes in 56 msecs (HTTP/1.1 200) 4 headers in 158 bytes (1 switches on core 0)
2026-07-15 00:23:00.607 8 WARNING tagging [None req-8e818624-273d-4016-99e6-0859dc0dfda8 19b5d80955574927af31e921f547587f 0592f5c2b14e4ee496bb6cf93b32acf3 - - default default] project_id key not found in request, using tenant_id instead. This support has been deprecated and will be removed in a future release.
2026-07-15 00:23:00.631 7 WARNING tagging [None req-08c85d29-780d-4bdb-bae4-4e4c6fe55484 92e077bf07b14c78bd98dfcfbb4a6023 a642eb2074444407b59b99951162b4b8 - - default default] project_id key not found in request, using tenant_id instead. This support has been deprecated and will be removed in a future release. [pid: 8|app: 0|req: 1014/1990] 10.0.0.9 () {34 vars in 757 bytes} [Wed Jul 15 00:23:00 2026] PUT /v2.0/floatingips/765f9a5c-6357-431f-bc67-6635c97a3b82/tags => generated 19 bytes in 550 msecs (HTTP/1.1 200) 4 headers in 156 bytes (1 switches on core 0) [pid: 8|app: 0|req: 1015/1991] 10.0.0.9 () {32 vars in 672 bytes} [Wed Jul 15 00:23:00 2026] GET /v2.0/routers?tags-any=blue => generated 1222 bytes in 55 msecs (HTTP/1.1 200) 4 headers in 158 bytes (1 switches on core 0) [pid: 7|app: 0|req: 977/1992] 10.0.0.9 () {34 vars in 778 bytes} [Wed Jul 15 00:23:00 2026] PUT /v2.0/routers/b2ab8890-cab0-4183-ad6e-db7eb274115b/tags/black.or.white => generated 4 bytes in 106 msecs (HTTP/1.1 201) 4 headers in 160 bytes (1 switches on core 0) [pid: 8|app: 0|req: 1016/1993] 10.0.0.9 () {32 vars in 670 bytes} [Wed Jul 15 00:23:00 2026] GET /v2.0/floatingips?tags=red => generated 1671 bytes in 45 msecs (HTTP/1.1 200) 4 headers in 158 bytes (1 switches on core 0)
2026-07-15 00:23:00.766 8 WARNING tagging [None req-5f1435da-6b9c-455e-a734-81f4c54bab4c 92e077bf07b14c78bd98dfcfbb4a6023 a642eb2074444407b59b99951162b4b8 - - default default] project_id key not found in request, using tenant_id instead. This support has been deprecated and will be removed in a future release. [pid: 7|app: 0|req: 978/1994] 10.0.0.9 () {32 vars in 684 bytes} [Wed Jul 15 00:23:00 2026] GET /v2.0/routers?tags-any=red%2Cblue => generated 1814 bytes in 64 msecs (HTTP/1.1 200) 4 headers in 158 bytes (1 switches on core 0) [pid: 8|app: 0|req: 1017/1995] 10.0.0.9 () {32 vars in 729 bytes} [Wed Jul 15 00:23:00 2026] GET /v2.0/routers/b2ab8890-cab0-4183-ad6e-db7eb274115b/tags => generated 52 bytes in 63 msecs (HTTP/1.1 200) 4 headers in 156 bytes (1 switches on core 0) [pid: 7|app: 0|req: 979/1996] 10.0.0.9 () {32 vars in 684 bytes} [Wed Jul 15 00:23:00 2026] GET /v2.0/floatingips?tags=red%2Cblue => generated 1128 bytes in 50 msecs (HTTP/1.1 200) 4 headers in 158 bytes (1 switches on core 0) [pid: 8|app: 0|req: 1018/1997] 10.0.0.9 () {32 vars in 670 bytes} [Wed Jul 15 00:23:00 2026] GET /v2.0/routers?not-tags=red => generated 1194 bytes in 68 msecs (HTTP/1.1 200) 4 headers in 158 bytes (1 switches on core 0)
