2026-07-15 00:23:57.283 7 INFO neutron.db.ovn_revision_numbers_db [None req-d9177187-33f1-40ec-96b2-60bcd2e07f0c f4445dcfac14409ca9e1b0ff38b88294 fbb5267236214410876aec8eeee78f8c - - default default] Successfully bumped revision number for resource 14547261-5243-485c-bb2f-1f0809467b8a (type: router_ports) to 1 [pid: 7|app: 0|req: 1149/2381] 10.0.0.9 () {34 vars in 781 bytes} [Wed Jul 15 00:23:55 2026] PUT /v2.0/routers/4d58982a-e276-4ef9-aea4-b7ac0aa0e711/add_router_interface => generated 310 bytes in 2108 msecs (HTTP/1.1 200) 4 headers in 157 bytes (1 switches on core 0) [pid: 7|app: 0|req: 1150/2382] 10.0.0.9 () {32 vars in 740 bytes} [Wed Jul 15 00:23:57 2026] DELETE /v2.0/subnets/db251024-2aba-4cfb-8f29-d9023436986e/tags/red => generated 0 bytes in 73 msecs (HTTP/1.1 204) 2 headers in 112 bytes (1 switches on core 0)
2026-07-15 00:23:57.961 8 INFO neutron_taas.services.taas.taas_plugin [None req-fd367a8b-e217-4d83-9339-e5372597fb3d 62345a47eaa7457a88b2d339c9e81a17 151cb6cffbab4e6faf2bddfc62f3bf0d - - default default] TaaS: Handle Delete Port: 052ee269-15ec-4d63-8e59-b4a31db80118
2026-07-15 00:23:57.968 8 INFO neutron_taas.services.taas.tap_mirror_plugin [None req-fd367a8b-e217-4d83-9339-e5372597fb3d 62345a47eaa7457a88b2d339c9e81a17 151cb6cffbab4e6faf2bddfc62f3bf0d - - default default] Tap Mirror: Handle Delete Port: 052ee269-15ec-4d63-8e59-b4a31db80118 [pid: 8|app: 0|req: 1233/2383] 10.0.0.9 () {32 vars in 718 bytes} [Wed Jul 15 00:23:57 2026] DELETE /v2.0/ports/052ee269-15ec-4d63-8e59-b4a31db80118 => generated 0 bytes in 1135 msecs (HTTP/1.1 204) 3 headers in 131 bytes (1 switches on core 0) [pid: 8|app: 0|req: 1234/2384] 10.0.0.9 () {32 vars in 729 bytes} [Wed Jul 15 00:23:58 2026] GET /v2.0/subnets/db251024-2aba-4cfb-8f29-d9023436986e/tags => generated 30 bytes in 87 msecs (HTTP/1.1 200) 4 headers in 156 bytes (1 switches on core 0)
2026-07-15 00:23:58.365 8 INFO neutron.db.ovn_revision_numbers_db [None req-b8fc6798-592e-424e-a6af-700ae41a89d0 - - - - - -] Successfully bumped revision number for resource 14547261-5243-485c-bb2f-1f0809467b8a (type: ports) to 2
2026-07-15 00:23:58.507 8 INFO neutron_taas.services.taas.taas_plugin [None req-ee0d83dc-648f-4ffd-a797-3eeecacd6fbf 62345a47eaa7457a88b2d339c9e81a17 151cb6cffbab4e6faf2bddfc62f3bf0d - - default default] TaaS: Handle Delete Port: 121ccf2f-7f8a-4dff-98eb-993812802ba5
2026-07-15 00:23:58.520 8 INFO neutron_taas.services.taas.tap_mirror_plugin [None req-ee0d83dc-648f-4ffd-a797-3eeecacd6fbf 62345a47eaa7457a88b2d339c9e81a17 151cb6cffbab4e6faf2bddfc62f3bf0d - - default default] Tap Mirror: Handle Delete Port: 121ccf2f-7f8a-4dff-98eb-993812802ba5
2026-07-15 00:23:58.628 7 WARNING neutron.scheduler.dhcp_agent_scheduler [None req-13e79d07-44fd-4494-851b-164f85f28d6f f4445dcfac14409ca9e1b0ff38b88294 fbb5267236214410876aec8eeee78f8c - - default default] No more DHCP agents
2026-07-15 00:23:58.631 7 WARNING neutron.api.rpc.agentnotifiers.dhcp_rpc_agent_api [None req-13e79d07-44fd-4494-851b-164f85f28d6f f4445dcfac14409ca9e1b0ff38b88294 fbb5267236214410876aec8eeee78f8c - - default default] Unable to schedule network dfcd3625-b589-46b4-b112-e2e97241a948: no agents available; will retry on subsequent port and subnet creation events. [pid: 8|app: 0|req: 1235/2385] 10.0.0.9 () {32 vars in 718 bytes} [Wed Jul 15 00:23:58 2026] DELETE /v2.0/ports/121ccf2f-7f8a-4dff-98eb-993812802ba5 => generated 0 bytes in 345 msecs (HTTP/1.1 204) 3 headers in 131 bytes (1 switches on core 0)
2026-07-15 00:23:58.684 8 INFO neutron.api.v2.resource [None req-13f687f8-2e5f-42e2-b44d-625cf8d738e6 f79fe918668549ec961747d888b4c9a8 c45ba4d369a442fcab344e2bfcec051f - - default default] delete failed (client error): The resource could not be found. [pid: 8|app: 0|req: 1236/2386] 10.0.0.9 () {32 vars in 744 bytes} [Wed Jul 15 00:23:58 2026] DELETE /v2.0/subnets/db251024-2aba-4cfb-8f29-d9023436986e/tags/green => generated 99 bytes in 46 msecs (HTTP/1.1 404) 4 headers in 163 bytes (1 switches on core 0)
2026-07-15 00:23:58.793 7 INFO neutron.db.ovn_revision_numbers_db [None req-13e79d07-44fd-4494-851b-164f85f28d6f f4445dcfac14409ca9e1b0ff38b88294 fbb5267236214410876aec8eeee78f8c - - default default] Successfully bumped revision number for resource a8dbbf3c-2c81-4bea-b786-e3edd9fb290f (type: ports) to 1
2026-07-15 00:23:58.836 8 INFO neutron_taas.services.taas.taas_plugin [None req-f27415b0-8a64-4d94-a034-4a537ebbb620 62345a47eaa7457a88b2d339c9e81a17 151cb6cffbab4e6faf2bddfc62f3bf0d - - default default] TaaS: Handle Delete Port: 02251f4e-9837-45ba-b71f-08ee57cac4c3
2026-07-15 00:23:58.839 8 INFO neutron_taas.services.taas.tap_mirror_plugin [None req-f27415b0-8a64-4d94-a034-4a537ebbb620 62345a47eaa7457a88b2d339c9e81a17 151cb6cffbab4e6faf2bddfc62f3bf0d - - default default] Tap Mirror: Handle Delete Port: 02251f4e-9837-45ba-b71f-08ee57cac4c3 [pid: 8|app: 0|req: 1237/2387] 10.0.0.9 () {32 vars in 718 bytes} [Wed Jul 15 00:23:58 2026] DELETE /v2.0/ports/02251f4e-9837-45ba-b71f-08ee57cac4c3 => generated 0 bytes in 290 msecs (HTTP/1.1 204) 3 headers in 131 bytes (1 switches on core 0) [pid: 8|app: 0|req: 1238/2388] 10.0.0.9 () {32 vars in 732 bytes} [Wed Jul 15 00:23:58 2026] DELETE /v2.0/subnets/db251024-2aba-4cfb-8f29-d9023436986e/tags => generated 0 bytes in 70 msecs (HTTP/1.1 204) 2 headers in 112 bytes (1 switches on core 0)
2026-07-15 00:23:59.177 8 INFO neutron_taas.services.taas.taas_plugin [None req-8ea77867-e554-4c74-8ba4-05cc562f88f3 62345a47eaa7457a88b2d339c9e81a17 151cb6cffbab4e6faf2bddfc62f3bf0d - - default default] TaaS: Handle Delete Port: 80e65f6d-e2cc-4bac-b005-4558a1c29af4
2026-07-15 00:23:59.182 8 INFO neutron_taas.services.taas.tap_mirror_plugin [None req-8ea77867-e554-4c74-8ba4-05cc562f88f3 62345a47eaa7457a88b2d339c9e81a17 151cb6cffbab4e6faf2bddfc62f3bf0d - - default default] Tap Mirror: Handle Delete Port: 80e65f6d-e2cc-4bac-b005-4558a1c29af4 [pid: 8|app: 0|req: 1239/2389] 10.0.0.9 () {32 vars in 718 bytes} [Wed Jul 15 00:23:59 2026] DELETE /v2.0/ports/80e65f6d-e2cc-4bac-b005-4558a1c29af4 => generated 0 bytes in 272 msecs (HTTP/1.1 204) 3 headers in 131 bytes (1 switches on core 0) [pid: 8|app: 0|req: 1240/2390] 10.0.0.9 () {32 vars in 729 bytes} [Wed Jul 15 00:23:59 2026] GET /v2.0/subnets/db251024-2aba-4cfb-8f29-d9023436986e/tags => generated 12 bytes in 39 msecs (HTTP/1.1 200) 4 headers in 156 bytes (1 switches on core 0)
2026-07-15 00:23:59.538 8 INFO neutron_taas.services.taas.taas_plugin [None req-fd0fba12-b45f-438b-8854-67884beb5b55 62345a47eaa7457a88b2d339c9e81a17 151cb6cffbab4e6faf2bddfc62f3bf0d - - default default] TaaS: Handle Delete Port: 5c2e81f5-237a-4805-b7ec-9dbe1462fa0a
2026-07-15 00:23:59.543 8 INFO neutron_taas.services.taas.tap_mirror_plugin [None req-fd0fba12-b45f-438b-8854-67884beb5b55 62345a47eaa7457a88b2d339c9e81a17 151cb6cffbab4e6faf2bddfc62f3bf0d - - default default] Tap Mirror: Handle Delete Port: 5c2e81f5-237a-4805-b7ec-9dbe1462fa0a [pid: 8|app: 0|req: 1241/2391] 10.0.0.9 () {32 vars in 718 bytes} [Wed Jul 15 00:23:59 2026] DELETE /v2.0/ports/5c2e81f5-237a-4805-b7ec-9dbe1462fa0a => generated 0 bytes in 346 msecs (HTTP/1.1 204) 3 headers in 131 bytes (1 switches on core 0)
2026-07-15 00:23:59.829 7 WARNING neutron.scheduler.dhcp_agent_scheduler [None req-13e79d07-44fd-4494-851b-164f85f28d6f f4445dcfac14409ca9e1b0ff38b88294 fbb5267236214410876aec8eeee78f8c - - default default] No more DHCP agents
2026-07-15 00:23:59.831 7 WARNING neutron.api.rpc.agentnotifiers.dhcp_rpc_agent_api [None req-13e79d07-44fd-4494-851b-164f85f28d6f f4445dcfac14409ca9e1b0ff38b88294 fbb5267236214410876aec8eeee78f8c - - default default] Unable to schedule network dfcd3625-b589-46b4-b112-e2e97241a948: no agents available; will retry on subsequent port and subnet creation events. [pid: 8|app: 0|req: 1242/2392] 10.0.0.9 () {32 vars in 722 bytes} [Wed Jul 15 00:23:59 2026] DELETE /v2.0/subnets/db251024-2aba-4cfb-8f29-d9023436986e => generated 0 bytes in 212 msecs (HTTP/1.1 204) 3 headers in 131 bytes (1 switches on core 0)
2026-07-15 00:24:00.057 8 INFO neutron_taas.services.taas.taas_plugin [None req-7fa5f624-7381-4ca5-8a5f-a4dd9815df16 62345a47eaa7457a88b2d339c9e81a17 151cb6cffbab4e6faf2bddfc62f3bf0d - - default default] TaaS: Handle Delete Port: f6f0731f-79a1-4f3b-8c53-68ee66584b69
2026-07-15 00:24:00.060 8 INFO neutron_taas.services.taas.tap_mirror_plugin [None req-7fa5f624-7381-4ca5-8a5f-a4dd9815df16 62345a47eaa7457a88b2d339c9e81a17 151cb6cffbab4e6faf2bddfc62f3bf0d - - default default] Tap Mirror: Handle Delete Port: f6f0731f-79a1-4f3b-8c53-68ee66584b69
2026-07-15 00:24:00.113 7 INFO neutron.db.ovn_revision_numbers_db [None req-13e79d07-44fd-4494-851b-164f85f28d6f f4445dcfac14409ca9e1b0ff38b88294 fbb5267236214410876aec8eeee78f8c - - default default] Successfully bumped revision number for resource a8dbbf3c-2c81-4bea-b786-e3edd9fb290f (type: router_ports) to 1 [pid: 7|app: 0|req: 1151/2393] 10.0.0.9 () {34 vars in 781 bytes} [Wed Jul 15 00:23:57 2026] PUT /v2.0/routers/4d58982a-e276-4ef9-aea4-b7ac0aa0e711/add_router_interface => generated 310 bytes in 2757 msecs (HTTP/1.1 200) 4 headers in 157 bytes (1 switches on core 0)
2026-07-15 00:24:00.260 7 INFO neutron_taas.services.taas.taas_plugin [None req-6156e314-db0f-434a-bbc4-b64b88706431 f79fe918668549ec961747d888b4c9a8 c45ba4d369a442fcab344e2bfcec051f - - default default] TaaS: Handle Delete Port: 9ff78ce9-ba76-4540-96ee-486e981ccc85
2026-07-15 00:24:00.264 7 INFO neutron_taas.services.taas.tap_mirror_plugin [None req-6156e314-db0f-434a-bbc4-b64b88706431 f79fe918668549ec961747d888b4c9a8 c45ba4d369a442fcab344e2bfcec051f - - default default] Tap Mirror: Handle Delete Port: 9ff78ce9-ba76-4540-96ee-486e981ccc85
2026-07-15 00:24:00.338 8 INFO neutron.services.segments.plugin [-] Segment c691bac9-af06-44c0-ae7d-e8b847e06a49 resource provider aggregate not found
2026-07-15 00:24:00.339 8 INFO neutron.services.segments.plugin [-] Segment c691bac9-af06-44c0-ae7d-e8b847e06a49 resource provider aggregate not found
2026-07-15 00:24:00.362 8 INFO neutron.services.segments.plugin [-] Client error retrieving segment c691bac9-af06-44c0-ae7d-e8b847e06a49 resource provider; error: Placement Client Error (4xx): {"errors": [{"status": 404, "title": "Not Found", "detail": "The resource could not be found.\n\n No resource provider with uuid c691bac9-af06-44c0-ae7d-e8b847e06a49 found for delete ", "request_id": "req-f21533d9-b0b2-43a1-9d90-d0fd6380968b"}]}
2026-07-15 00:24:00.364 8 INFO neutron.services.segments.plugin [-] Client error retrieving segment c691bac9-af06-44c0-ae7d-e8b847e06a49 resource provider; error: Placement Client Error (4xx): {"errors": [{"status": 404, "title": "Not Found", "detail": "The resource could not be found.\n\n No resource provider with uuid c691bac9-af06-44c0-ae7d-e8b847e06a49 found for delete ", "request_id": "req-295d2bed-ef2d-4401-ad3e-4aac54213553"}]} [pid: 8|app: 0|req: 1243/2394] 10.0.0.9 () {32 vars in 724 bytes} [Wed Jul 15 00:23:59 2026] DELETE /v2.0/networks/ec368931-d82d-4a4d-a625-c4e0d8d07aa4 => generated 0 bytes in 504 msecs (HTTP/1.1 204) 3 headers in 131 bytes (1 switches on core 0)
2026-07-15 00:24:00.484 7 INFO neutron.services.segments.plugin [-] Segment 5e6900d2-5aec-458a-8f08-300312438671 resource provider aggregate not found
2026-07-15 00:24:00.490 7 INFO neutron.services.segments.plugin [-] Segment 5e6900d2-5aec-458a-8f08-300312438671 resource provider aggregate not found
2026-07-15 00:24:00.505 7 INFO neutron.services.segments.plugin [-] Client error retrieving segment 5e6900d2-5aec-458a-8f08-300312438671 resource provider; error: Placement Client Error (4xx): {"errors": [{"status": 404, "title": "Not Found", "detail": "The resource could not be found.\n\n No resource provider with uuid 5e6900d2-5aec-458a-8f08-300312438671 found for delete ", "request_id": "req-bf212a70-2618-4b34-927d-6501fb0cfb68"}]}
2026-07-15 00:24:00.514 7 INFO neutron.services.segments.plugin [-] Client error retrieving segment 5e6900d2-5aec-458a-8f08-300312438671 resource provider; error: Placement Client Error (4xx): {"errors": [{"status": 404, "title": "Not Found", "detail": "The resource could not be found.\n\n No resource provider with uuid 5e6900d2-5aec-458a-8f08-300312438671 found for delete ", "request_id": "req-428a6b10-bdf9-4529-9471-a7f8d3eb3e91"}]} [pid: 7|app: 0|req: 1152/2395] 10.0.0.9 () {32 vars in 724 bytes} [Wed Jul 15 00:24:00 2026] DELETE /v2.0/networks/3be34a7d-e064-4c81-a0ed-f967b78b8a2b => generated 0 bytes in 409 msecs (HTTP/1.1 204) 3 headers in 131 bytes (1 switches on core 0)
2026-07-15 00:24:00.613 8 INFO neutron.db.ovn_revision_numbers_db [None req-5769077c-0a1c-49e3-8314-891849c11be5 f4445dcfac14409ca9e1b0ff38b88294 fbb5267236214410876aec8eeee78f8c - - default default] Successfully bumped revision number for resource 3468fe6a-d400-4119-a9e6-03ba18972120 (type: security_groups) to 1
2026-07-15 00:24:00.626 8 INFO neutron.db.ovn_revision_numbers_db [None req-5769077c-0a1c-49e3-8314-891849c11be5 f4445dcfac14409ca9e1b0ff38b88294 fbb5267236214410876aec8eeee78f8c - - default default] Successfully bumped revision number for resource 53b26292-623e-43be-abf2-84e0d14bfa44 (type: security_group_rules) to 0
2026-07-15 00:24:00.642 8 INFO neutron.db.ovn_revision_numbers_db [None req-5769077c-0a1c-49e3-8314-891849c11be5 f4445dcfac14409ca9e1b0ff38b88294 fbb5267236214410876aec8eeee78f8c - - default default] Successfully bumped revision number for resource 722aa3f5-ab6f-4590-9df7-700fb500f266 (type: security_group_rules) to 0
2026-07-15 00:24:00.656 7 INFO neutron_taas.services.taas.taas_plugin [None req-d4bd1a70-4fee-4d5e-9af0-0d08d450c128 62345a47eaa7457a88b2d339c9e81a17 151cb6cffbab4e6faf2bddfc62f3bf0d - - default default] TaaS: Handle Delete Port: 7191f921-8431-412b-8d68-04fec7eb91f4
2026-07-15 00:24:00.659 7 INFO neutron_taas.services.taas.tap_mirror_plugin [None req-d4bd1a70-4fee-4d5e-9af0-0d08d450c128 62345a47eaa7457a88b2d339c9e81a17 151cb6cffbab4e6faf2bddfc62f3bf0d - - default default] Tap Mirror: Handle Delete Port: 7191f921-8431-412b-8d68-04fec7eb91f4 [pid: 8|app: 0|req: 1244/2396] 10.0.0.9 () {34 vars in 682 bytes} [Wed Jul 15 00:24:00 2026] POST /v2.0/security-groups => generated 1629 bytes in 264 msecs (HTTP/1.1 201) 4 headers in 163 bytes (1 switches on core 0)
2026-07-15 00:24:00.834 8 INFO neutron.db.ovn_revision_numbers_db [None req-b13066a2-726f-4172-a97e-534499eaa343 f4445dcfac14409ca9e1b0ff38b88294 fbb5267236214410876aec8eeee78f8c - - default default] Successfully bumped revision number for resource 072c4925-349e-4a76-8066-33cba67e0f86 (type: security_group_rules) to 0 [pid: 7|app: 0|req: 1153/2397] 10.0.0.9 () {32 vars in 724 bytes} [Wed Jul 15 00:24:00 2026] DELETE /v2.0/networks/be1a22cf-3644-4971-ac82-d939dd22c99f => generated 0 bytes in 362 msecs (HTTP/1.1 204) 3 headers in 131 bytes (1 switches on core 0) [pid: 8|app: 0|req: 1245/2398] 10.0.0.9 () {34 vars in 693 bytes} [Wed Jul 15 00:24:00 2026] POST /v2.0/security-group-rules => generated 597 bytes in 205 msecs (HTTP/1.1 201) 4 headers in 162 bytes (1 switches on core 0)
2026-07-15 00:24:01.009 8 INFO neutron.db.ovn_revision_numbers_db [None req-b112fcde-0e3f-471f-9bb5-359a50b28c60 f4445dcfac14409ca9e1b0ff38b88294 fbb5267236214410876aec8eeee78f8c - - default default] Successfully bumped revision number for resource 07cc1ed5-8a49-482c-807a-8236fd2b8a2a (type: security_group_rules) to 0
2026-07-15 00:24:01.023 7 INFO neutron_taas.services.taas.taas_plugin [None req-ebcec0e3-839b-4863-8094-038bcd7c6eca 62345a47eaa7457a88b2d339c9e81a17 151cb6cffbab4e6faf2bddfc62f3bf0d - - default default] TaaS: Handle Delete Port: 92900960-3525-420f-8003-ea81b390f79c
2026-07-15 00:24:01.025 7 INFO neutron_taas.services.taas.tap_mirror_plugin [None req-ebcec0e3-839b-4863-8094-038bcd7c6eca 62345a47eaa7457a88b2d339c9e81a17 151cb6cffbab4e6faf2bddfc62f3bf0d - - default default] Tap Mirror: Handle Delete Port: 92900960-3525-420f-8003-ea81b390f79c [pid: 8|app: 0|req: 1246/2399] 10.0.0.9 () {34 vars in 693 bytes} [Wed Jul 15 00:24:00 2026] POST /v2.0/security-group-rules => generated 597 bytes in 133 msecs (HTTP/1.1 201) 4 headers in 162 bytes (1 switches on core 0)
2026-07-15 00:24:01.170 8 INFO neutron.db.ovn_revision_numbers_db [None req-d9f89b09-5e9d-4ce8-a253-bf1b877b4dff f4445dcfac14409ca9e1b0ff38b88294 fbb5267236214410876aec8eeee78f8c - - default default] Successfully bumped revision number for resource 40809142-d12d-4bdb-9141-6375b0c2aa64 (type: security_group_rules) to 0 [pid: 8|app: 0|req: 1247/2400] 10.0.0.9 () {34 vars in 693 bytes} [Wed Jul 15 00:24:01 2026] POST /v2.0/security-group-rules => generated 599 bytes in 155 msecs (HTTP/1.1 201) 4 headers in 162 bytes (1 switches on core 0) [pid: 7|app: 0|req: 1154/2401] 10.0.0.9 () {32 vars in 724 bytes} [Wed Jul 15 00:24:00 2026] DELETE /v2.0/networks/f5668784-2aeb-47d5-be38-f99f16b644ec => generated 0 bytes in 346 msecs (HTTP/1.1 204) 3 headers in 131 bytes (1 switches on core 0)
2026-07-15 00:24:01.344 8 INFO neutron.db.ovn_revision_numbers_db [None req-91b3acaa-0fcd-4163-9234-0a9e3faca1d2 f4445dcfac14409ca9e1b0ff38b88294 fbb5267236214410876aec8eeee78f8c - - default default] Successfully bumped revision number for resource a565576c-bc5b-4d63-b5d4-550e1e1496e5 (type: security_group_rules) to 0
2026-07-15 00:24:01.383 7 WARNING neutron.db.securitygroups_db [None req-692657a7-a2e5-4a41-ae12-32811b6dbc89 ee0847ec8885450e89893411e7798beb fd938b09b9974e31b3e8c0eacce8a99c - - default default] project_id key not found in filters, using tenant_id instead. This support has been deprecated and will be removed in a future release. [pid: 8|app: 0|req: 1248/2402] 10.0.0.9 () {34 vars in 693 bytes} [Wed Jul 15 00:24:01 2026] POST /v2.0/security-group-rules => generated 601 bytes in 180 msecs (HTTP/1.1 201) 4 headers in 162 bytes (1 switches on core 0) [pid: 7|app: 0|req: 1155/2403] 10.0.0.9 () {32 vars in 772 bytes} [Wed Jul 15 00:24:01 2026] GET /v2.0/security-groups?tenant_id=c45ba4d369a442fcab344e2bfcec051f&name=default => generated 2929 bytes in 176 msecs (HTTP/1.1 200) 4 headers in 158 bytes (1 switches on core 0)
2026-07-15 00:24:01.535 8 INFO neutron_taas.services.taas.taas_plugin [None req-c0538307-822d-42ff-9a0f-e2a80663ef79 62345a47eaa7457a88b2d339c9e81a17 151cb6cffbab4e6faf2bddfc62f3bf0d - - default default] TaaS: Handle Delete Port: ef839465-c28c-487f-bdad-a26bea6e31ac
2026-07-15 00:24:01.538 8 INFO neutron_taas.services.taas.tap_mirror_plugin [None req-c0538307-822d-42ff-9a0f-e2a80663ef79 62345a47eaa7457a88b2d339c9e81a17 151cb6cffbab4e6faf2bddfc62f3bf0d - - default default] Tap Mirror: Handle Delete Port: ef839465-c28c-487f-bdad-a26bea6e31ac
2026-07-15 00:24:01.570 7 WARNING neutron.plugins.ml2.drivers.ovn.mech_driver.ovsdb.ovn_client [None req-a30e5041-a37d-4639-b538-2bc7eae79659 - - - - - -] No hosting information found for port 1f0fa809-f5cf-48e9-b225-0e944c2c3e6d: RuntimeError: No hosting information found for port 1f0fa809-f5cf-48e9-b225-0e944c2c3e6d
2026-07-15 00:24:01.570 7 INFO neutron.plugins.ml2.drivers.ovn.mech_driver.mech_driver [None req-a30e5041-a37d-4639-b538-2bc7eae79659 - - - - - -] OVN reports status down for port: 9ff78ce9-ba76-4540-96ee-486e981ccc85
2026-07-15 00:24:01.615 7 INFO neutron.db.ovn_revision_numbers_db [None req-189bb48d-5225-40e6-be96-9161e10042d5 f4445dcfac14409ca9e1b0ff38b88294 fbb5267236214410876aec8eeee78f8c - - default default] Successfully bumped revision number for resource df2ed9be-d43f-42a7-b138-42a87c8e6357 (type: security_group_rules) to 0
2026-07-15 00:24:01.647 7 INFO neutron.common.ovn.utils [None req-a30e5041-a37d-4639-b538-2bc7eae79659 - - - - - -] HA Chassis Group neutron-bdb01fc0-ae0b-4351-8a00-2f4fa78e614a synchronized; highest priority chassis d11c9f29-1f0f-4f71-bdc7-226daf8d005b [pid: 7|app: 0|req: 1156/2404] 10.0.0.9 () {34 vars in 693 bytes} [Wed Jul 15 00:24:01 2026] POST /v2.0/security-group-rules => generated 601 bytes in 256 msecs (HTTP/1.1 201) 4 headers in 162 bytes (1 switches on core 0)
2026-07-15 00:24:01.823 7 INFO neutron.db.ovn_revision_numbers_db [None req-a30e5041-a37d-4639-b538-2bc7eae79659 - - - - - -] Successfully bumped revision number for resource 1f0fa809-f5cf-48e9-b225-0e944c2c3e6d (type: router_ports) to 2 [pid: 8|app: 0|req: 1249/2405] 10.0.0.9 () {32 vars in 724 bytes} [Wed Jul 15 00:24:01 2026] DELETE /v2.0/networks/fd587153-7728-4ebf-868d-838506e9cfff => generated 0 bytes in 438 msecs (HTTP/1.1 204) 3 headers in 131 bytes (1 switches on core 0)
2026-07-15 00:24:01.941 7 INFO neutron.common.ovn.utils [None req-a30e5041-a37d-4639-b538-2bc7eae79659 - - - - - -] HA Chassis Group neutron-b8f58d04-de76-43cf-a635-077a0f72ad5b synchronized; highest priority chassis d11c9f29-1f0f-4f71-bdc7-226daf8d005b
2026-07-15 00:24:01.962 8 INFO neutron.db.ovn_revision_numbers_db [None req-a0703ca0-a3dd-4fc1-91c5-fd0c01db7cc4 f4445dcfac14409ca9e1b0ff38b88294 fbb5267236214410876aec8eeee78f8c - - default default] Successfully bumped revision number for resource e6439dc7-5403-43bb-ae44-9868ad38db31 (type: security_group_rules) to 0 [pid: 8|app: 0|req: 1250/2406] 10.0.0.9 () {34 vars in 693 bytes} [Wed Jul 15 00:24:01 2026] POST /v2.0/security-group-rules => generated 597 bytes in 157 msecs (HTTP/1.1 201) 4 headers in 162 bytes (1 switches on core 0) [pid: 7|app: 0|req: 1157/2407] 10.0.0.9 () {32 vars in 738 bytes} [Wed Jul 15 00:24:01 2026] DELETE /v2.0/security-groups/a1bcbb18-708d-454a-a79c-5ec8ededc510 => generated 0 bytes in 320 msecs (HTTP/1.1 204) 2 headers in 112 bytes (1 switches on core 0)
2026-07-15 00:24:02.017 7 INFO neutron.common.ovn.utils [None req-a30e5041-a37d-4639-b538-2bc7eae79659 - - - - - -] HA Chassis Group neutron-dfcd3625-b589-46b4-b112-e2e97241a948 synchronized; highest priority chassis d11c9f29-1f0f-4f71-bdc7-226daf8d005b
2026-07-15 00:24:02.125 8 INFO neutron_taas.services.taas.taas_plugin [None req-7754758c-eeca-421a-8741-a624568b7ba2 62345a47eaa7457a88b2d339c9e81a17 151cb6cffbab4e6faf2bddfc62f3bf0d - - default default] TaaS: Handle Delete Port: 83662033-41f2-4bfb-b83d-225c48f1175d
2026-07-15 00:24:02.128 8 INFO neutron_taas.services.taas.tap_mirror_plugin [None req-7754758c-eeca-421a-8741-a624568b7ba2 62345a47eaa7457a88b2d339c9e81a17 151cb6cffbab4e6faf2bddfc62f3bf0d - - default default] Tap Mirror: Handle Delete Port: 83662033-41f2-4bfb-b83d-225c48f1175d
2026-07-15 00:24:02.193 7 INFO neutron.db.ovn_revision_numbers_db [None req-11a13fd7-d279-4633-b4d6-dfd3d5017bbd f4445dcfac14409ca9e1b0ff38b88294 fbb5267236214410876aec8eeee78f8c - - default default] Successfully bumped revision number for resource aebdc2ed-c8b7-4688-a934-6c0c96ece901 (type: security_group_rules) to 0 [pid: 7|app: 0|req: 1158/2408] 10.0.0.9 () {34 vars in 693 bytes} [Wed Jul 15 00:24:01 2026] POST /v2.0/security-group-rules => generated 597 bytes in 242 msecs (HTTP/1.1 201) 4 headers in 162 bytes (1 switches on core 0)
2026-07-15 00:24:02.246 7 WARNING neutron.db.securitygroups_db [None req-ce0d6c26-5eaa-444e-840e-e6c5eba159b5 ee0847ec8885450e89893411e7798beb fd938b09b9974e31b3e8c0eacce8a99c - - default default] project_id key not found in filters, using tenant_id instead. This support has been deprecated and will be removed in a future release.
2026-07-15 00:24:02.390 8 INFO neutron.services.segments.plugin [-] Segment db31c74c-f3ad-4d23-9956-6cefad67b9aa resource provider aggregate not found
2026-07-15 00:24:02.400 8 INFO neutron.services.segments.plugin [-] Segment db31c74c-f3ad-4d23-9956-6cefad67b9aa resource provider aggregate not found
2026-07-15 00:24:02.408 8 INFO neutron.services.segments.plugin [-] Client error retrieving segment db31c74c-f3ad-4d23-9956-6cefad67b9aa resource provider; error: Placement Client Error (4xx): {"errors": [{"status": 404, "title": "Not Found", "detail": "The resource could not be found.\n\n No resource provider with uuid db31c74c-f3ad-4d23-9956-6cefad67b9aa found for delete ", "request_id": "req-94a4392c-5bd1-4c69-865e-b8f777e7bb15"}]}
2026-07-15 00:24:02.412 7 INFO neutron.db.ovn_revision_numbers_db [None req-ce0d6c26-5eaa-444e-840e-e6c5eba159b5 ee0847ec8885450e89893411e7798beb fd938b09b9974e31b3e8c0eacce8a99c - - default default] Successfully bumped revision number for resource 64b6bdb3-ab17-4ff7-b9ac-e5bf09954722 (type: security_groups) to 1
2026-07-15 00:24:02.421 8 INFO neutron.services.segments.plugin [-] Client error retrieving segment db31c74c-f3ad-4d23-9956-6cefad67b9aa resource provider; error: Placement Client Error (4xx): {"errors": [{"status": 404, "title": "Not Found", "detail": "The resource could not be found.\n\n No resource provider with uuid db31c74c-f3ad-4d23-9956-6cefad67b9aa found for delete ", "request_id": "req-0d932708-bf0a-4ef2-a19e-f56cbb8a91ba"}]}
2026-07-15 00:24:02.432 8 INFO neutron.services.segments.plugin [-] Segment 04d14a25-30d2-4ec3-bb40-74f4bfe6e3de resource provider aggregate not found
2026-07-15 00:24:02.437 7 INFO neutron.db.ovn_revision_numbers_db [None req-ce0d6c26-5eaa-444e-840e-e6c5eba159b5 ee0847ec8885450e89893411e7798beb fd938b09b9974e31b3e8c0eacce8a99c - - default default] Successfully bumped revision number for resource 2b3ab1e9-3452-4648-a86c-90964293895f (type: security_group_rules) to 0
2026-07-15 00:24:02.439 8 INFO neutron.services.segments.plugin [-] Segment 04d14a25-30d2-4ec3-bb40-74f4bfe6e3de resource provider aggregate not found
2026-07-15 00:24:02.455 8 INFO neutron.services.segments.plugin [-] Client error retrieving segment 04d14a25-30d2-4ec3-bb40-74f4bfe6e3de resource provider; error: Placement Client Error (4xx): {"errors": [{"status": 404, "title": "Not Found", "detail": "The resource could not be found.\n\n No resource provider with uuid 04d14a25-30d2-4ec3-bb40-74f4bfe6e3de found for delete ", "request_id": "req-062d5206-6440-4513-900a-af1432540b50"}]}
2026-07-15 00:24:02.457 8 INFO neutron.services.segments.plugin [-] Client error retrieving segment 04d14a25-30d2-4ec3-bb40-74f4bfe6e3de resource provider; error: Placement Client Error (4xx): {"errors": [{"status": 404, "title": "Not Found", "detail": "The resource could not be found.\n\n No resource provider with uuid 04d14a25-30d2-4ec3-bb40-74f4bfe6e3de found for delete ", "request_id": "req-cb19dcff-daeb-4bfc-9776-40d4158ba1b5"}]}
2026-07-15 00:24:02.458 7 INFO neutron.db.ovn_revision_numbers_db [None req-ce0d6c26-5eaa-444e-840e-e6c5eba159b5 ee0847ec8885450e89893411e7798beb fd938b09b9974e31b3e8c0eacce8a99c - - default default] Successfully bumped revision number for resource 76c8a04b-71b8-4305-a74c-e0977f8647c1 (type: security_group_rules) to 0
2026-07-15 00:24:02.480 7 INFO neutron.db.ovn_revision_numbers_db [None req-ce0d6c26-5eaa-444e-840e-e6c5eba159b5 ee0847ec8885450e89893411e7798beb fd938b09b9974e31b3e8c0eacce8a99c - - default default] Successfully bumped revision number for resource b03b4a3b-3cdd-4863-834f-07be78a8975a (type: security_group_rules) to 0 [pid: 8|app: 0|req: 1251/2409] 10.0.0.9 () {32 vars in 724 bytes} [Wed Jul 15 00:24:01 2026] DELETE /v2.0/networks/4b3f205b-0346-4014-8579-57b858bd67cb => generated 0 bytes in 489 msecs (HTTP/1.1 204) 3 headers in 131 bytes (1 switches on core 0)
2026-07-15 00:24:02.498 7 INFO neutron.db.ovn_revision_numbers_db [None req-ce0d6c26-5eaa-444e-840e-e6c5eba159b5 ee0847ec8885450e89893411e7798beb fd938b09b9974e31b3e8c0eacce8a99c - - default default] Successfully bumped revision number for resource e3e373b3-683f-428e-a931-a2d97e5e2e74 (type: security_group_rules) to 0
2026-07-15 00:24:02.534 7 INFO neutron.services.segments.plugin [-] Segment 97af2709-489e-4365-88da-7b07f4a85131 resource provider aggregate not found
2026-07-15 00:24:02.539 7 INFO neutron.services.segments.plugin [-] Segment 97af2709-489e-4365-88da-7b07f4a85131 resource provider aggregate not found [pid: 7|app: 0|req: 1159/2410] 10.0.0.9 () {32 vars in 772 bytes} [Wed Jul 15 00:24:02 2026] GET /v2.0/security-groups?tenant_id=96462f11e1eb4a30b07998466894183d&name=default => generated 2929 bytes in 311 msecs (HTTP/1.1 200) 4 headers in 158 bytes (1 switches on core 0)
2026-07-15 00:24:02.555 7 INFO neutron.services.segments.plugin [-] Client error retrieving segment 97af2709-489e-4365-88da-7b07f4a85131 resource provider; error: Placement Client Error (4xx): {"errors": [{"status": 404, "title": "Not Found", "detail": "The resource could not be found.\n\n No resource provider with uuid 97af2709-489e-4365-88da-7b07f4a85131 found for delete ", "request_id": "req-06ddfe64-ac66-4636-94ff-9a5c66af4c35"}]}
2026-07-15 00:24:02.562 7 INFO neutron.services.segments.plugin [-] Client error retrieving segment 97af2709-489e-4365-88da-7b07f4a85131 resource provider; error: Placement Client Error (4xx): {"errors": [{"status": 404, "title": "Not Found", "detail": "The resource could not be found.\n\n No resource provider with uuid 97af2709-489e-4365-88da-7b07f4a85131 found for delete ", "request_id": "req-e00f4adf-c9a5-45ad-bdda-1f9eef6ad75b"}]}
2026-07-15 00:24:02.595 7 INFO neutron.services.segments.plugin [-] Segment 2d90b9f3-c2de-45ac-a0d7-d7a3348cb60e resource provider aggregate not found
2026-07-15 00:24:02.596 7 INFO neutron.services.segments.plugin [-] Segment 2d90b9f3-c2de-45ac-a0d7-d7a3348cb60e resource provider aggregate not found
2026-07-15 00:24:02.631 7 INFO neutron.services.segments.plugin [-] Client error retrieving segment 2d90b9f3-c2de-45ac-a0d7-d7a3348cb60e resource provider; error: Placement Client Error (4xx): {"errors": [{"status": 404, "title": "Not Found", "detail": "The resource could not be found.\n\n No resource provider with uuid 2d90b9f3-c2de-45ac-a0d7-d7a3348cb60e found for delete ", "request_id": "req-ed25ec7d-18cf-44c6-a1f5-929c1410cfba"}]}
2026-07-15 00:24:02.636 7 INFO neutron.services.segments.plugin [-] Client error retrieving segment 2d90b9f3-c2de-45ac-a0d7-d7a3348cb60e resource provider; error: Placement Client Error (4xx): {"errors": [{"status": 404, "title": "Not Found", "detail": "The resource could not be found.\n\n No resource provider with uuid 2d90b9f3-c2de-45ac-a0d7-d7a3348cb60e found for delete ", "request_id": "req-bda897bd-6192-46be-870d-35be9a8d9804"}]}
2026-07-15 00:24:02.657 8 INFO neutron.db.ovn_revision_numbers_db [None req-450c5c50-a1b2-4c71-823a-380c46f8567b f4445dcfac14409ca9e1b0ff38b88294 fbb5267236214410876aec8eeee78f8c - - default default] Successfully bumped revision number for resource a2bb20f7-26da-418d-9c7e-832b16d56330 (type: security_group_rules) to 0 [pid: 8|app: 0|req: 1252/2411] 10.0.0.9 () {34 vars in 693 bytes} [Wed Jul 15 00:24:02 2026] POST /v2.0/security-group-rules => generated 597 bytes in 213 msecs (HTTP/1.1 201) 4 headers in 162 bytes (1 switches on core 0) [pid: 7|app: 0|req: 1160/2412] 10.0.0.9 () {32 vars in 738 bytes} [Wed Jul 15 00:24:02 2026] DELETE /v2.0/security-groups/64b6bdb3-ab17-4ff7-b9ac-e5bf09954722 => generated 0 bytes in 265 msecs (HTTP/1.1 204) 2 headers in 112 bytes (1 switches on core 0)
2026-07-15 00:24:02.877 8 INFO neutron.db.ovn_revision_numbers_db [None req-47e1a8d0-3d76-486b-9f68-6161b984f037 f4445dcfac14409ca9e1b0ff38b88294 fbb5267236214410876aec8eeee78f8c - - default default] Successfully bumped revision number for resource 4d4c459a-1ce8-43df-b416-1390ebd7bdab (type: security_group_rules) to 0 [pid: 8|app: 0|req: 1253/2413] 10.0.0.9 () {34 vars in 693 bytes} [Wed Jul 15 00:24:02 2026] POST /v2.0/security-group-rules => generated 599 bytes in 219 msecs (HTTP/1.1 201) 4 headers in 162 bytes (1 switches on core 0)
2026-07-15 00:24:03.060 7 INFO neutron.db.ovn_revision_numbers_db [None req-b4f1bfc8-7bd9-4360-9913-623b227addd3 f4445dcfac14409ca9e1b0ff38b88294 fbb5267236214410876aec8eeee78f8c - - default default] Successfully bumped revision number for resource 6f779fd6-3a20-4a97-be78-6f4437eefce7 (type: security_group_rules) to 0 [pid: 7|app: 0|req: 1161/2414] 10.0.0.9 () {34 vars in 693 bytes} [Wed Jul 15 00:24:02 2026] POST /v2.0/security-group-rules => generated 601 bytes in 167 msecs (HTTP/1.1 201) 4 headers in 162 bytes (1 switches on core 0)
2026-07-15 00:24:03.244 8 INFO neutron.db.ovn_revision_numbers_db [None req-993db71d-9385-4aad-bc23-ff933e7c10a5 f4445dcfac14409ca9e1b0ff38b88294 fbb5267236214410876aec8eeee78f8c - - default default] Successfully bumped revision number for resource e7230ee1-3659-418c-b855-5602a58963f8 (type: security_group_rules) to 0 [pid: 8|app: 0|req: 1254/2415] 10.0.0.9 () {34 vars in 693 bytes} [Wed Jul 15 00:24:03 2026] POST /v2.0/security-group-rules => generated 597 bytes in 176 msecs (HTTP/1.1 201) 4 headers in 162 bytes (1 switches on core 0)
2026-07-15 00:24:03.499 8 WARNING neutron.plugins.ml2.drivers.ovn.mech_driver.ovsdb.ovn_client [None req-75856428-dd37-473a-a524-a5cc0cbc0f3e - - - - - -] No hosting information found for port 14547261-5243-485c-bb2f-1f0809467b8a: RuntimeError: No hosting information found for port 14547261-5243-485c-bb2f-1f0809467b8a
2026-07-15 00:24:03.549 7 WARNING neutron.db.securitygroups_db [None req-0e4beeaa-9d80-4513-96a1-17195169d4d0 ee0847ec8885450e89893411e7798beb fd938b09b9974e31b3e8c0eacce8a99c - - default default] project_id key not found in filters, using tenant_id instead. This support has been deprecated and will be removed in a future release.
2026-07-15 00:24:03.597 8 INFO neutron.db.ovn_revision_numbers_db [None req-75856428-dd37-473a-a524-a5cc0cbc0f3e - - - - - -] Successfully bumped revision number for resource 14547261-5243-485c-bb2f-1f0809467b8a (type: router_ports) to 2
2026-07-15 00:24:03.614 8 WARNING neutron.db.securitygroups_db [req-951be54a-4b28-47ac-8294-8b6cc1ce167f req-85683e55-f857-4362-85b3-befefb514a46 f4445dcfac14409ca9e1b0ff38b88294 fbb5267236214410876aec8eeee78f8c - - default default] project_id key not found in filters, using tenant_id instead. This support has been deprecated and will be removed in a future release. [pid: 8|app: 0|req: 1255/2416] 10.0.0.24 () {34 vars in 1093 bytes} [Wed Jul 15 00:24:03 2026] GET /v2.0/security-groups?name=tempest-lb_member_SG-672106242&fields=id&tenant_id=fbb5267236214410876aec8eeee78f8c => generated 69 bytes in 48 msecs (HTTP/1.1 200) 4 headers in 156 bytes (1 switches on core 0)
2026-07-15 00:24:03.656 8 INFO neutron.plugins.ml2.drivers.ovn.mech_driver.mech_driver [None req-75856428-dd37-473a-a524-a5cc0cbc0f3e - - - - - -] OVN reports status down for port: a8dbbf3c-2c81-4bea-b786-e3edd9fb290f
2026-07-15 00:24:03.695 7 INFO neutron.db.ovn_revision_numbers_db [None req-0e4beeaa-9d80-4513-96a1-17195169d4d0 ee0847ec8885450e89893411e7798beb fd938b09b9974e31b3e8c0eacce8a99c - - default default] Successfully bumped revision number for resource 8dc55fe4-b6a9-4c3d-9881-3dc684307403 (type: security_groups) to 1
2026-07-15 00:24:03.708 7 INFO neutron.db.ovn_revision_numbers_db [None req-0e4beeaa-9d80-4513-96a1-17195169d4d0 ee0847ec8885450e89893411e7798beb fd938b09b9974e31b3e8c0eacce8a99c - - default default] Successfully bumped revision number for resource 47b13d7a-8284-475f-97a4-8ff4b4f6cf5b (type: security_group_rules) to 0
2026-07-15 00:24:03.723 7 INFO neutron.db.ovn_revision_numbers_db [None req-0e4beeaa-9d80-4513-96a1-17195169d4d0 ee0847ec8885450e89893411e7798beb fd938b09b9974e31b3e8c0eacce8a99c - - default default] Successfully bumped revision number for resource 804df20c-7111-45df-8750-e64bbdf215c2 (type: security_group_rules) to 0 [pid: 8|app: 0|req: 1256/2417] 10.0.0.24 () {34 vars in 981 bytes} [Wed Jul 15 00:24:03 2026] GET /v2.0/networks?id=b8f58d04-de76-43cf-a635-077a0f72ad5b => generated 743 bytes in 79 msecs (HTTP/1.1 200) 4 headers in 157 bytes (1 switches on core 0)
2026-07-15 00:24:03.738 7 INFO neutron.db.ovn_revision_numbers_db [None req-0e4beeaa-9d80-4513-96a1-17195169d4d0 ee0847ec8885450e89893411e7798beb fd938b09b9974e31b3e8c0eacce8a99c - - default default] Successfully bumped revision number for resource 820e6d55-37d0-477e-b030-9248b44c814c (type: security_group_rules) to 0 [pid: 8|app: 0|req: 1257/2418] 10.0.0.24 () {34 vars in 964 bytes} [Wed Jul 15 00:24:03 2026] GET /v2.0/quotas/fbb5267236214410876aec8eeee78f8c => generated 312 bytes in 16 msecs (HTTP/1.1 200) 4 headers in 157 bytes (1 switches on core 0)
2026-07-15 00:24:03.755 7 INFO neutron.db.ovn_revision_numbers_db [None req-0e4beeaa-9d80-4513-96a1-17195169d4d0 ee0847ec8885450e89893411e7798beb fd938b09b9974e31b3e8c0eacce8a99c - - default default] Successfully bumped revision number for resource dd8a7d06-816b-421c-82ab-94a389e14a0f (type: security_group_rules) to 0
2026-07-15 00:24:03.791 8 WARNING neutron.plugins.ml2.drivers.ovn.mech_driver.ovsdb.ovn_client [None req-75856428-dd37-473a-a524-a5cc0cbc0f3e - - - - - -] Logical_Switch_Port a8dbbf3c-2c81-4bea-b786-e3edd9fb290f host information not removed, the port state is up
2026-07-15 00:24:03.792 8 INFO neutron.plugins.ml2.drivers.ovn.mech_driver.mech_driver [None req-75856428-dd37-473a-a524-a5cc0cbc0f3e - - - - - -] OVN reports status up for port: a8dbbf3c-2c81-4bea-b786-e3edd9fb290f [pid: 7|app: 0|req: 1162/2419] 10.0.0.9 () {32 vars in 772 bytes} [Wed Jul 15 00:24:03 2026] GET /v2.0/security-groups?tenant_id=7a99d8ca4310485886f46f6633a835a6&name=default => generated 2929 bytes in 362 msecs (HTTP/1.1 200) 4 headers in 158 bytes (1 switches on core 0)
2026-07-15 00:24:03.817 8 INFO neutron.plugins.ml2.plugin [None req-75856428-dd37-473a-a524-a5cc0cbc0f3e - - - - - -] Attempt 1 to provision port a8dbbf3c-2c81-4bea-b786-e3edd9fb290f [pid: 7|app: 0|req: 1163/2420] 10.0.0.9 () {32 vars in 738 bytes} [Wed Jul 15 00:24:03 2026] DELETE /v2.0/security-groups/8dc55fe4-b6a9-4c3d-9881-3dc684307403 => generated 0 bytes in 218 msecs (HTTP/1.1 204) 2 headers in 112 bytes (1 switches on core 0) [pid: 8|app: 0|req: 1258/2421] 10.0.0.24 () {34 vars in 1001 bytes} [Wed Jul 15 00:24:03 2026] GET /v2.0/ports?tenant_id=fbb5267236214410876aec8eeee78f8c&fields=id => generated 287 bytes in 315 msecs (HTTP/1.1 200) 4 headers in 157 bytes (1 switches on core 0)
2026-07-15 00:24:04.136 8 WARNING neutron.db.securitygroups_db [None req-692d4af2-2685-4085-8a2e-231680bb294d ee0847ec8885450e89893411e7798beb fd938b09b9974e31b3e8c0eacce8a99c - - default default] project_id key not found in filters, using tenant_id instead. This support has been deprecated and will be removed in a future release. [pid: 7|app: 0|req: 1164/2422] 10.0.0.24 () {34 vars in 1007 bytes} [Wed Jul 15 00:24:04 2026] GET /v2.0/networks/b8f58d04-de76-43cf-a635-077a0f72ad5b?fields=segments => generated 14 bytes in 46 msecs (HTTP/1.1 200) 4 headers in 156 bytes (1 switches on core 0) [pid: 8|app: 0|req: 1259/2423] 10.0.0.9 () {32 vars in 772 bytes} [Wed Jul 15 00:24:04 2026] GET /v2.0/security-groups?tenant_id=151cb6cffbab4e6faf2bddfc62f3bf0d&name=default => generated 2927 bytes in 55 msecs (HTTP/1.1 200) 4 headers in 158 bytes (1 switches on core 0) [pid: 7|app: 0|req: 1165/2424] 10.0.0.24 () {34 vars in 1107 bytes} [Wed Jul 15 00:24:04 2026] GET /v2.0/networks/b8f58d04-de76-43cf-a635-077a0f72ad5b?fields=provider%3Aphysical_network&fields=provider%3Anetwork_type => generated 79 bytes in 55 msecs (HTTP/1.1 200) 4 headers in 156 bytes (1 switches on core 0) [pid: 7|app: 0|req: 1166/2425] 10.0.0.24 () {34 vars in 1069 bytes} [Wed Jul 15 00:24:04 2026] GET /v2.0/ports?fields=security_groups&fields=device_id&device_id=4cd13898-b88e-45a8-b48a-b03d7d9ee32c => generated 12 bytes in 29 msecs (HTTP/1.1 200) 4 headers in 156 bytes (1 switches on core 0)
2026-07-15 00:24:04.585 8 INFO neutron.db.ovn_revision_numbers_db [None req-75856428-dd37-473a-a524-a5cc0cbc0f3e - - - - - -] Successfully bumped revision number for resource a8dbbf3c-2c81-4bea-b786-e3edd9fb290f (type: ports) to 2 [pid: 8|app: 0|req: 1260/2426] 10.0.0.9 () {32 vars in 738 bytes} [Wed Jul 15 00:24:04 2026] DELETE /v2.0/security-groups/cd9c1cb6-7f44-4e81-9731-b5b50d7918b2 => generated 0 bytes in 437 msecs (HTTP/1.1 204) 2 headers in 112 bytes (1 switches on core 0)
2026-07-15 00:24:04.770 7 WARNING neutron.db.securitygroups_db [None req-00e39705-fb92-48f7-8fb3-f973aee0460a ee0847ec8885450e89893411e7798beb fd938b09b9974e31b3e8c0eacce8a99c - - default default] project_id key not found in filters, using tenant_id instead. This support has been deprecated and will be removed in a future release.
2026-07-15 00:24:04.907 7 INFO neutron.db.ovn_revision_numbers_db [None req-00e39705-fb92-48f7-8fb3-f973aee0460a ee0847ec8885450e89893411e7798beb fd938b09b9974e31b3e8c0eacce8a99c - - default default] Successfully bumped revision number for resource 489ec7d4-68dd-4fc0-8973-6454516c2e4d (type: security_groups) to 1
2026-07-15 00:24:04.923 7 INFO neutron.db.ovn_revision_numbers_db [None req-00e39705-fb92-48f7-8fb3-f973aee0460a ee0847ec8885450e89893411e7798beb fd938b09b9974e31b3e8c0eacce8a99c - - default default] Successfully bumped revision number for resource 33ab5c42-e300-4e03-b55d-1955fa28f3ad (type: security_group_rules) to 0
2026-07-15 00:24:04.934 7 INFO neutron.db.ovn_revision_numbers_db [None req-00e39705-fb92-48f7-8fb3-f973aee0460a ee0847ec8885450e89893411e7798beb fd938b09b9974e31b3e8c0eacce8a99c - - default default] Successfully bumped revision number for resource c51d3316-b48e-4c3c-a559-afb72d695b3b (type: security_group_rules) to 0
2026-07-15 00:24:04.945 7 INFO neutron.db.ovn_revision_numbers_db [None req-00e39705-fb92-48f7-8fb3-f973aee0460a ee0847ec8885450e89893411e7798beb fd938b09b9974e31b3e8c0eacce8a99c - - default default] Successfully bumped revision number for resource e81254c7-686d-43b5-a7bf-32fbb1ef2b90 (type: security_group_rules) to 0
2026-07-15 00:24:04.955 7 INFO neutron.db.ovn_revision_numbers_db [None req-00e39705-fb92-48f7-8fb3-f973aee0460a ee0847ec8885450e89893411e7798beb fd938b09b9974e31b3e8c0eacce8a99c - - default default] Successfully bumped revision number for resource ee3a9012-fd3e-4a66-a214-b4de6dc2120c (type: security_group_rules) to 0 [pid: 7|app: 0|req: 1167/2429] 10.0.0.9 () {32 vars in 772 bytes} [Wed Jul 15 00:24:04 2026] GET /v2.0/security-groups?tenant_id=9a9789ad91f0414ebad1754459ca339f&name=default => generated 2929 bytes in 237 msecs (HTTP/1.1 200) 4 headers in 158 bytes (1 switches on core 0) [pid: 8|app: 0|req: 1263/2430] 10.0.0.9 () {32 vars in 738 bytes} [Wed Jul 15 00:24:05 2026] DELETE /v2.0/security-groups/489ec7d4-68dd-4fc0-8973-6454516c2e4d => generated 0 bytes in 166 msecs (HTTP/1.1 204) 2 headers in 112 bytes (1 switches on core 0)
2026-07-15 00:24:06.656 7 INFO neutron.db.ovn_revision_numbers_db [None req-dd226b24-31e1-4f21-afa0-cca0c1189c39 8629ea8d3eea49eba4f55305bdb81c57 0e8fa63bfebb4993b4de4c5c60b83279 - - default default] Successfully bumped revision number for resource b6471e13-9397-43c4-b736-ff600c165657 (type: security_groups) to 1
2026-07-15 00:24:06.670 7 INFO neutron.db.ovn_revision_numbers_db [None req-dd226b24-31e1-4f21-afa0-cca0c1189c39 8629ea8d3eea49eba4f55305bdb81c57 0e8fa63bfebb4993b4de4c5c60b83279 - - default default] Successfully bumped revision number for resource 7cb6fb2f-6caa-4fb7-92a5-55461bc83747 (type: security_group_rules) to 0
2026-07-15 00:24:06.681 7 INFO neutron.db.ovn_revision_numbers_db [None req-dd226b24-31e1-4f21-afa0-cca0c1189c39 8629ea8d3eea49eba4f55305bdb81c57 0e8fa63bfebb4993b4de4c5c60b83279 - - default default] Successfully bumped revision number for resource 9c2e17ef-2855-40e3-92b9-7eabc2339b14 (type: security_group_rules) to 0
2026-07-15 00:24:06.693 7 INFO neutron.db.ovn_revision_numbers_db [None req-dd226b24-31e1-4f21-afa0-cca0c1189c39 8629ea8d3eea49eba4f55305bdb81c57 0e8fa63bfebb4993b4de4c5c60b83279 - - default default] Successfully bumped revision number for resource b0e27974-47f3-446b-9097-9d80a39d431e (type: security_group_rules) to 0
2026-07-15 00:24:06.706 7 INFO neutron.db.ovn_revision_numbers_db [None req-dd226b24-31e1-4f21-afa0-cca0c1189c39 8629ea8d3eea49eba4f55305bdb81c57 0e8fa63bfebb4993b4de4c5c60b83279 - - default default] Successfully bumped revision number for resource e29c30b2-cce8-426d-ba86-e5696141be8f (type: security_group_rules) to 0
2026-07-15 00:24:06.790 7 INFO neutron.db.segments_db [None req-dd226b24-31e1-4f21-afa0-cca0c1189c39 8629ea8d3eea49eba4f55305bdb81c57 0e8fa63bfebb4993b4de4c5c60b83279 - - default default] Added segment 5238c304-a140-4040-8e78-79202ffc2e5e of type geneve for network 106d2f3d-356a-4960-baa5-0f12a9886ac8
2026-07-15 00:24:06.911 7 INFO neutron.db.ovn_revision_numbers_db [None req-dd226b24-31e1-4f21-afa0-cca0c1189c39 8629ea8d3eea49eba4f55305bdb81c57 0e8fa63bfebb4993b4de4c5c60b83279 - - default default] Successfully bumped revision number for resource 106d2f3d-356a-4960-baa5-0f12a9886ac8 (type: networks) to 1
2026-07-15 00:24:07.076 7 WARNING neutron.scheduler.dhcp_agent_scheduler [None req-dd226b24-31e1-4f21-afa0-cca0c1189c39 8629ea8d3eea49eba4f55305bdb81c57 0e8fa63bfebb4993b4de4c5c60b83279 - - default default] No more DHCP agents
2026-07-15 00:24:07.077 7 WARNING neutron.api.rpc.agentnotifiers.dhcp_rpc_agent_api [None req-dd226b24-31e1-4f21-afa0-cca0c1189c39 8629ea8d3eea49eba4f55305bdb81c57 0e8fa63bfebb4993b4de4c5c60b83279 - - default default] Unable to schedule network 106d2f3d-356a-4960-baa5-0f12a9886ac8: no agents available; will retry on subsequent port and subnet creation events.
2026-07-15 00:24:07.137 7 INFO neutron.plugins.ml2.drivers.ovn.mech_driver.mech_driver [None req-a30e5041-a37d-4639-b538-2bc7eae79659 - - - - - -] OVN reports status down for port: fbed9390-6fa6-41fa-9012-05cf55ac6179
2026-07-15 00:24:07.187 7 INFO neutron.db.ovn_revision_numbers_db [None req-dd226b24-31e1-4f21-afa0-cca0c1189c39 8629ea8d3eea49eba4f55305bdb81c57 0e8fa63bfebb4993b4de4c5c60b83279 - - default default] Successfully bumped revision number for resource fbed9390-6fa6-41fa-9012-05cf55ac6179 (type: ports) to 1 [pid: 7|app: 0|req: 1168/2431] 10.0.0.9 () {34 vars in 668 bytes} [Wed Jul 15 00:24:06 2026] POST /v2.0/networks => generated 670 bytes in 924 msecs (HTTP/1.1 201) 4 headers in 162 bytes (1 switches on core 0)
2026-07-15 00:24:07.482 8 WARNING neutron.scheduler.dhcp_agent_scheduler [None req-8eda8327-23bd-4cbd-9367-ad9a407ac706 8629ea8d3eea49eba4f55305bdb81c57 0e8fa63bfebb4993b4de4c5c60b83279 - - default default] No more DHCP agents
2026-07-15 00:24:07.485 8 WARNING neutron.api.rpc.agentnotifiers.dhcp_rpc_agent_api [None req-8eda8327-23bd-4cbd-9367-ad9a407ac706 8629ea8d3eea49eba4f55305bdb81c57 0e8fa63bfebb4993b4de4c5c60b83279 - - default default] Unable to schedule network 106d2f3d-356a-4960-baa5-0f12a9886ac8: no agents available; will retry on subsequent port and subnet creation events.
2026-07-15 00:24:07.568 7 INFO neutron.plugins.ml2.drivers.ovn.mech_driver.mech_driver [None req-a30e5041-a37d-4639-b538-2bc7eae79659 - - - - - -] OVN reports status down for port: 0d5f95bd-cb4c-409b-a503-e327b2cb9e04
2026-07-15 00:24:07.599 8 INFO neutron.db.ovn_revision_numbers_db [None req-8eda8327-23bd-4cbd-9367-ad9a407ac706 8629ea8d3eea49eba4f55305bdb81c57 0e8fa63bfebb4993b4de4c5c60b83279 - - default default] Successfully bumped revision number for resource 0d5f95bd-cb4c-409b-a503-e327b2cb9e04 (type: ports) to 1 [pid: 8|app: 0|req: 1264/2432] 10.0.0.9 () {34 vars in 662 bytes} [Wed Jul 15 00:24:07 2026] POST /v2.0/ports => generated 743 bytes in 397 msecs (HTTP/1.1 201) 4 headers in 162 bytes (1 switches on core 0) [pid: 7|app: 0|req: 1169/2433] 10.0.0.9 () {34 vars in 664 bytes} [Wed Jul 15 00:24:07 2026] POST /v2.0/trunks => generated 409 bytes in 171 msecs (HTTP/1.1 201) 4 headers in 162 bytes (1 switches on core 0) /var/lib/openstack/lib/python3.12/site-packages/pycadf/identifier.py:70: UserWarning: Invalid uuid: neutron. To ensure interoperability, identifiers should be a valid uuid. warnings.warn(('Invalid uuid: %s. To ensure interoperability, '
2026-07-15 00:24:07.820 8 WARNING tagging [None req-02a03030-04d3-4d3d-b05e-60ce65c323a6 8629ea8d3eea49eba4f55305bdb81c57 0e8fa63bfebb4993b4de4c5c60b83279 - - default default] project_id key not found in request, using tenant_id instead. This support has been deprecated and will be removed in a future release. [pid: 8|app: 0|req: 1265/2434] 10.0.0.9 () {34 vars in 747 bytes} [Wed Jul 15 00:24:07 2026] PUT /v2.0/trunks/163ed006-73c0-449c-a53d-5c6398da2cc3/tags => generated 25 bytes in 34 msecs (HTTP/1.1 200) 4 headers in 156 bytes (1 switches on core 0)
2026-07-15 00:24:07.884 7 WARNING tagging [None req-753a7037-9271-4a36-a99c-8cacd360ca26 8629ea8d3eea49eba4f55305bdb81c57 0e8fa63bfebb4993b4de4c5c60b83279 - - default default] project_id key not found in request, using tenant_id instead. This support has been deprecated and will be removed in a future release. [pid: 7|app: 0|req: 1170/2435] 10.0.0.9 () {32 vars in 727 bytes} [Wed Jul 15 00:24:07 2026] GET /v2.0/trunks/163ed006-73c0-449c-a53d-5c6398da2cc3/tags => generated 25 bytes in 48 msecs (HTTP/1.1 200) 4 headers in 156 bytes (1 switches on core 0)
2026-07-15 00:24:07.939 8 WARNING tagging [None req-1fcebe24-1ccf-46b9-b5c8-eda5e7b08bd8 8629ea8d3eea49eba4f55305bdb81c57 0e8fa63bfebb4993b4de4c5c60b83279 - - default default] project_id key not found in request, using tenant_id instead. This support has been deprecated and will be removed in a future release. [pid: 8|app: 0|req: 1266/2436] 10.0.0.9 () {34 vars in 758 bytes} [Wed Jul 15 00:24:07 2026] PUT /v2.0/trunks/163ed006-73c0-449c-a53d-5c6398da2cc3/tags/green => generated 4 bytes in 70 msecs (HTTP/1.1 201) 4 headers in 160 bytes (1 switches on core 0)
2026-07-15 00:24:07.991 7 WARNING tagging [None req-28bdd051-fdc8-48da-97a6-bab3fba16273 8629ea8d3eea49eba4f55305bdb81c57 0e8fa63bfebb4993b4de4c5c60b83279 - - default default] project_id key not found in request, using tenant_id instead. This support has been deprecated and will be removed in a future release. [pid: 7|app: 0|req: 1171/2437] 10.0.0.9 () {32 vars in 727 bytes} [Wed Jul 15 00:24:07 2026] GET /v2.0/trunks/163ed006-73c0-449c-a53d-5c6398da2cc3/tags => generated 34 bytes in 21 msecs (HTTP/1.1 200) 4 headers in 156 bytes (1 switches on core 0)
