2026-07-15 00:21:57.966 7 WARNING neutron.plugins.ml2.drivers.ovn.mech_driver.ovsdb.ovn_client [None req-a050c45c-d743-4264-9bd9-c4fdfecd6faa - - - - - -] Logical_Switch_Port ce0389b6-8056-4e38-b4c4-feedbeeada15 host information not removed, the port state is up
2026-07-15 00:21:57.967 7 INFO neutron.plugins.ml2.drivers.ovn.mech_driver.mech_driver [None req-a050c45c-d743-4264-9bd9-c4fdfecd6faa - - - - - -] OVN reports status up for port: ce0389b6-8056-4e38-b4c4-feedbeeada15
2026-07-15 00:21:57.988 7 INFO neutron.plugins.ml2.plugin [None req-a050c45c-d743-4264-9bd9-c4fdfecd6faa - - - - - -] Attempt 1 to provision port ce0389b6-8056-4e38-b4c4-feedbeeada15 [pid: 7|app: 0|req: 737/1544] 10.0.0.9 () {32 vars in 722 bytes} [Wed Jul 15 00:21:57 2026] DELETE /v2.0/subnets/2e7ca9f6-99f7-400c-9987-8a95196d96b5 => generated 0 bytes in 288 msecs (HTTP/1.1 204) 3 headers in 131 bytes (1 switches on core 0)
2026-07-15 00:21:58.310 8 WARNING neutron.scheduler.dhcp_agent_scheduler [None req-2e62763d-12c7-4ac9-acd5-54a9186bae71 340ca709160344739bd246748f91144d 4ed822de4f314cf68b577fa4df2b13f6 - - default default] No more DHCP agents
2026-07-15 00:21:58.311 8 WARNING neutron.api.rpc.agentnotifiers.dhcp_rpc_agent_api [None req-2e62763d-12c7-4ac9-acd5-54a9186bae71 340ca709160344739bd246748f91144d 4ed822de4f314cf68b577fa4df2b13f6 - - default default] Unable to schedule network 16ec0b46-f19f-46ae-9d1c-06c2d4539096: no agents available; will retry on subsequent port and subnet creation events.
2026-07-15 00:21:58.390 8 INFO neutron.plugins.ml2.drivers.ovn.mech_driver.mech_driver [None req-d9794694-bcf3-45ec-9638-2e31c2a9783f - - - - - -] OVN reports status down for port: bfdf3001-2e76-43c2-9043-39be91443590
2026-07-15 00:21:58.449 7 INFO neutron_taas.services.taas.taas_plugin [None req-40f7f5a9-a55f-4134-9114-61ce46cc2989 97026351103b48dcb0c38c1e8ece2f7b 476218c52d64435ea2b41cb49fa26ce0 - - default default] TaaS: Handle Delete Port: 63580d21-5f47-46fb-a759-46ed332368ac
2026-07-15 00:21:58.450 8 INFO neutron.db.ovn_revision_numbers_db [None req-2e62763d-12c7-4ac9-acd5-54a9186bae71 340ca709160344739bd246748f91144d 4ed822de4f314cf68b577fa4df2b13f6 - - default default] Successfully bumped revision number for resource bfdf3001-2e76-43c2-9043-39be91443590 (type: ports) to 1
2026-07-15 00:21:58.454 7 INFO neutron_taas.services.taas.tap_mirror_plugin [None req-40f7f5a9-a55f-4134-9114-61ce46cc2989 97026351103b48dcb0c38c1e8ece2f7b 476218c52d64435ea2b41cb49fa26ce0 - - default default] Tap Mirror: Handle Delete Port: 63580d21-5f47-46fb-a759-46ed332368ac
2026-07-15 00:21:58.726 7 INFO neutron.db.ovn_revision_numbers_db [None req-a050c45c-d743-4264-9bd9-c4fdfecd6faa - - - - - -] Successfully bumped revision number for resource ce0389b6-8056-4e38-b4c4-feedbeeada15 (type: ports) to 2
2026-07-15 00:21:58.839 7 INFO neutron.services.segments.plugin [-] Segment 6e9eb5eb-8a69-4d52-a182-e82b231f4fa3 resource provider aggregate not found
2026-07-15 00:21:58.846 7 INFO neutron.services.segments.plugin [-] Segment 6e9eb5eb-8a69-4d52-a182-e82b231f4fa3 resource provider aggregate not found
2026-07-15 00:21:58.858 7 INFO neutron.services.segments.plugin [-] Client error retrieving segment 6e9eb5eb-8a69-4d52-a182-e82b231f4fa3 resource provider; error: Placement Client Error (4xx): {"errors": [{"status": 404, "title": "Not Found", "detail": "The resource could not be found.\n\n No resource provider with uuid 6e9eb5eb-8a69-4d52-a182-e82b231f4fa3 found for delete ", "request_id": "req-371289fa-bb46-4386-aa18-efd95f991af6"}]}
2026-07-15 00:21:58.868 7 INFO neutron.services.segments.plugin [-] Client error retrieving segment 6e9eb5eb-8a69-4d52-a182-e82b231f4fa3 resource provider; error: Placement Client Error (4xx): {"errors": [{"status": 404, "title": "Not Found", "detail": "The resource could not be found.\n\n No resource provider with uuid 6e9eb5eb-8a69-4d52-a182-e82b231f4fa3 found for delete ", "request_id": "req-13c52f77-0f9b-46d0-b791-108fab944a11"}]} [pid: 7|app: 0|req: 738/1545] 10.0.0.9 () {32 vars in 724 bytes} [Wed Jul 15 00:21:58 2026] DELETE /v2.0/networks/a1d896cf-08ed-49a4-9904-c1f2ba9bdbf8 => generated 0 bytes in 736 msecs (HTTP/1.1 204) 3 headers in 131 bytes (1 switches on core 0) [pid: 7|app: 0|req: 739/1546] 10.0.0.219 () {32 vars in 800 bytes} [Wed Jul 15 00:21:58 2026] GET /v2.0/extensions => generated 22668 bytes in 5 msecs (HTTP/1.1 200) 4 headers in 159 bytes (1 switches on core 0)
2026-07-15 00:21:58.984 8 INFO neutron.plugins.ml2.drivers.ovn.mech_driver.mech_driver [None req-d9794694-bcf3-45ec-9638-2e31c2a9783f - - - - - -] OVN reports status up for port: bfdf3001-2e76-43c2-9043-39be91443590
2026-07-15 00:21:59.010 8 INFO neutron.plugins.ml2.plugin [None req-d9794694-bcf3-45ec-9638-2e31c2a9783f - - - - - -] Attempt 1 to provision port bfdf3001-2e76-43c2-9043-39be91443590
2026-07-15 00:21:59.097 7 INFO neutron.db.ovn_revision_numbers_db [None req-e69d88c1-000a-46c9-bebf-caa13d047940 4b6717620d0c4ffc8e439ed15474b97f 9edbbb06202e4f9bbd213759a3203c60 - - default default] Successfully bumped revision number for resource 90be4460-afd5-4328-a46a-fcf618bb15ce (type: security_groups) to 1
2026-07-15 00:21:59.105 7 INFO neutron.db.ovn_revision_numbers_db [None req-e69d88c1-000a-46c9-bebf-caa13d047940 4b6717620d0c4ffc8e439ed15474b97f 9edbbb06202e4f9bbd213759a3203c60 - - default default] Successfully bumped revision number for resource 290ab7c3-76e0-4505-83a3-5f48367588dd (type: security_group_rules) to 0
2026-07-15 00:21:59.136 8 WARNING neutron.scheduler.dhcp_agent_scheduler [None req-2e62763d-12c7-4ac9-acd5-54a9186bae71 340ca709160344739bd246748f91144d 4ed822de4f314cf68b577fa4df2b13f6 - - default default] No more DHCP agents
2026-07-15 00:21:59.139 7 INFO neutron.db.ovn_revision_numbers_db [None req-e69d88c1-000a-46c9-bebf-caa13d047940 4b6717620d0c4ffc8e439ed15474b97f 9edbbb06202e4f9bbd213759a3203c60 - - default default] Successfully bumped revision number for resource 9ab9d476-e9d3-4524-ada9-5ebfd23f895d (type: security_group_rules) to 0
2026-07-15 00:21:59.141 8 WARNING neutron.api.rpc.agentnotifiers.dhcp_rpc_agent_api [None req-2e62763d-12c7-4ac9-acd5-54a9186bae71 340ca709160344739bd246748f91144d 4ed822de4f314cf68b577fa4df2b13f6 - - default default] Unable to schedule network 16ec0b46-f19f-46ae-9d1c-06c2d4539096: no agents available; will retry on subsequent port and subnet creation events. [pid: 7|app: 0|req: 740/1547] 10.0.0.9 () {34 vars in 683 bytes} [Wed Jul 15 00:21:58 2026] POST /v2.0/security-groups => generated 1673 bytes in 229 msecs (HTTP/1.1 201) 4 headers in 163 bytes (1 switches on core 0)
2026-07-15 00:21:59.391 7 WARNING neutron.scheduler.dhcp_agent_scheduler [None req-121cf405-9423-4df4-b95a-e69855f50ff6 97026351103b48dcb0c38c1e8ece2f7b 476218c52d64435ea2b41cb49fa26ce0 - - default default] No more DHCP agents
2026-07-15 00:21:59.392 7 WARNING neutron.api.rpc.agentnotifiers.dhcp_rpc_agent_api [None req-121cf405-9423-4df4-b95a-e69855f50ff6 97026351103b48dcb0c38c1e8ece2f7b 476218c52d64435ea2b41cb49fa26ce0 - - default default] Unable to schedule network a3fa8261-7641-440a-9eed-0b2645148ff9: no agents available; will retry on subsequent port and subnet creation events.
2026-07-15 00:21:59.507 7 INFO neutron.db.ovn_revision_numbers_db [None req-121cf405-9423-4df4-b95a-e69855f50ff6 97026351103b48dcb0c38c1e8ece2f7b 476218c52d64435ea2b41cb49fa26ce0 - - default default] Successfully bumped revision number for resource ac55dfff-ad1f-47be-ac3e-098371abfe04 (type: ports) to 1 [pid: 7|app: 0|req: 741/1548] 10.0.0.9 () {34 vars in 663 bytes} [Wed Jul 15 00:21:59 2026] POST /v2.0/ports => generated 779 bytes in 361 msecs (HTTP/1.1 201) 4 headers in 162 bytes (1 switches on core 0) /var/lib/openstack/lib/python3.12/site-packages/pycadf/identifier.py:70: UserWarning: Invalid uuid: neutron. To ensure interoperability, identifiers should be a valid uuid. warnings.warn(('Invalid uuid: %s. To ensure interoperability, '
2026-07-15 00:21:59.610 8 INFO neutron.db.ovn_revision_numbers_db [None req-2e62763d-12c7-4ac9-acd5-54a9186bae71 340ca709160344739bd246748f91144d 4ed822de4f314cf68b577fa4df2b13f6 - - default default] Successfully bumped revision number for resource bfdf3001-2e76-43c2-9043-39be91443590 (type: router_ports) to 1 [pid: 8|app: 0|req: 808/1549] 10.0.0.9 () {34 vars in 781 bytes} [Wed Jul 15 00:21:57 2026] PUT /v2.0/routers/d8f49dcf-58c5-4f04-9f3b-4f278b12a2f4/add_router_interface => generated 310 bytes in 1764 msecs (HTTP/1.1 200) 4 headers in 157 bytes (1 switches on core 0) [pid: 7|app: 0|req: 742/1550] 10.0.0.219 () {32 vars in 861 bytes} [Wed Jul 15 00:21:59 2026] GET /v2.0/quotas/169d557f2e494f57841e3c5085ef2a82/details => generated 904 bytes in 89 msecs (HTTP/1.1 200) 4 headers in 157 bytes (1 switches on core 0)
2026-07-15 00:21:59.832 8 INFO neutron.db.ovn_revision_numbers_db [None req-d9794694-bcf3-45ec-9638-2e31c2a9783f - - - - - -] Successfully bumped revision number for resource bfdf3001-2e76-43c2-9043-39be91443590 (type: ports) to 2
2026-07-15 00:21:59.883 8 INFO neutron.db.ovn_revision_numbers_db [None req-c731b168-d09f-4433-834c-5ddfb10dfa2b 4b6717620d0c4ffc8e439ed15474b97f 9edbbb06202e4f9bbd213759a3203c60 - - default default] Successfully bumped revision number for resource 6cef9b51-8efc-4938-b13d-e18e943509bc (type: security_group_rules) to 0
2026-07-15 00:21:59.916 7 INFO neutron.db.ovn_revision_numbers_db [None req-1b48b366-e424-414c-863c-ac812579919c 97026351103b48dcb0c38c1e8ece2f7b 476218c52d64435ea2b41cb49fa26ce0 - - default default] Successfully bumped revision number for resource ac55dfff-ad1f-47be-ac3e-098371abfe04 (type: ports) to 2 [pid: 7|app: 0|req: 743/1551] 10.0.0.9 () {34 vars in 735 bytes} [Wed Jul 15 00:21:59 2026] PUT /v2.0/ports/ac55dfff-ad1f-47be-ac3e-098371abfe04 => generated 752 bytes in 301 msecs (HTTP/1.1 200) 4 headers in 157 bytes (1 switches on core 0) /var/lib/openstack/lib/python3.12/site-packages/pycadf/identifier.py:70: UserWarning: Invalid uuid: neutron. To ensure interoperability, identifiers should be a valid uuid. warnings.warn(('Invalid uuid: %s. To ensure interoperability, ' [pid: 8|app: 0|req: 809/1552] 10.0.0.9 () {34 vars in 693 bytes} [Wed Jul 15 00:21:59 2026] POST /v2.0/security-group-rules => generated 597 bytes in 317 msecs (HTTP/1.1 201) 4 headers in 162 bytes (1 switches on core 0) [pid: 7|app: 0|req: 744/1553] 10.0.0.9 () {32 vars in 715 bytes} [Wed Jul 15 00:21:59 2026] GET /v2.0/ports/bfdf3001-2e76-43c2-9043-39be91443590 => generated 947 bytes in 66 msecs (HTTP/1.1 200) 4 headers in 157 bytes (1 switches on core 0)
2026-07-15 00:22:00.080 8 INFO neutron_taas.services.taas.taas_plugin [None req-6ec07792-f743-4a3d-ad0c-88bd137c7cf0 97026351103b48dcb0c38c1e8ece2f7b 476218c52d64435ea2b41cb49fa26ce0 - - default default] TaaS: Handle Delete Port: ac55dfff-ad1f-47be-ac3e-098371abfe04
2026-07-15 00:22:00.083 8 INFO neutron_taas.services.taas.tap_mirror_plugin [None req-6ec07792-f743-4a3d-ad0c-88bd137c7cf0 97026351103b48dcb0c38c1e8ece2f7b 476218c52d64435ea2b41cb49fa26ce0 - - default default] Tap Mirror: Handle Delete Port: ac55dfff-ad1f-47be-ac3e-098371abfe04
2026-07-15 00:22:00.105 7 INFO neutron.db.ovn_revision_numbers_db [None req-429b8277-ebe1-40e5-884a-8649a380dea5 4b6717620d0c4ffc8e439ed15474b97f 9edbbb06202e4f9bbd213759a3203c60 - - default default] Successfully bumped revision number for resource bf3d1bd9-632e-4a04-b751-e4199a80a371 (type: security_group_rules) to 0 [pid: 7|app: 0|req: 745/1554] 10.0.0.9 () {34 vars in 693 bytes} [Wed Jul 15 00:21:59 2026] POST /v2.0/security-group-rules => generated 596 bytes in 144 msecs (HTTP/1.1 201) 4 headers in 162 bytes (1 switches on core 0) [pid: 8|app: 0|req: 810/1555] 10.0.0.9 () {32 vars in 718 bytes} [Wed Jul 15 00:21:59 2026] DELETE /v2.0/ports/ac55dfff-ad1f-47be-ac3e-098371abfe04 => generated 0 bytes in 269 msecs (HTTP/1.1 204) 3 headers in 131 bytes (1 switches on core 0)
2026-07-15 00:22:00.309 8 INFO neutron.db.ovn_revision_numbers_db [None req-9e0a8098-5240-48c2-9450-64902872379b 4b6717620d0c4ffc8e439ed15474b97f 9edbbb06202e4f9bbd213759a3203c60 - - default default] Successfully bumped revision number for resource 966672b5-11c7-46cd-862f-1791d3812a8c (type: security_group_rules) to 0 [pid: 8|app: 0|req: 811/1556] 10.0.0.9 () {34 vars in 693 bytes} [Wed Jul 15 00:22:00 2026] POST /v2.0/security-group-rules => generated 602 bytes in 130 msecs (HTTP/1.1 201) 4 headers in 162 bytes (1 switches on core 0) [pid: 8|app: 0|req: 812/1557] 10.0.0.9 () {32 vars in 641 bytes} [Wed Jul 15 00:22:00 2026] GET /v2.0/ports => generated 1537 bytes in 37 msecs (HTTP/1.1 200) 4 headers in 158 bytes (1 switches on core 0)
2026-07-15 00:22:00.515 8 INFO neutron.db.ovn_revision_numbers_db [None req-f60e92c0-0d1a-44db-a088-bf3743737d34 4b6717620d0c4ffc8e439ed15474b97f 9edbbb06202e4f9bbd213759a3203c60 - - default default] Successfully bumped revision number for resource b0fc178f-aeec-4886-acb3-c56ee36c98dc (type: security_group_rules) to 0 [pid: 8|app: 0|req: 813/1558] 10.0.0.9 () {34 vars in 693 bytes} [Wed Jul 15 00:22:00 2026] POST /v2.0/security-group-rules => generated 601 bytes in 171 msecs (HTTP/1.1 201) 4 headers in 162 bytes (1 switches on core 0)
2026-07-15 00:22:00.562 8 INFO neutron.pecan_wsgi.hooks.translation [None req-88c110fb-522e-4422-a99c-7e2cc41767ec 97026351103b48dcb0c38c1e8ece2f7b 476218c52d64435ea2b41cb49fa26ce0 - - default default] GET failed (client error): The resource could not be found. [pid: 8|app: 0|req: 814/1559] 10.0.0.9 () {32 vars in 715 bytes} [Wed Jul 15 00:22:00 2026] GET /v2.0/ports/ac55dfff-ad1f-47be-ac3e-098371abfe04 => generated 132 bytes in 17 msecs (HTTP/1.1 404) 4 headers in 164 bytes (1 switches on core 0)
2026-07-15 00:22:00.600 8 INFO neutron.db.securitygroups_db [None req-78854031-e8fb-4ef9-850c-482ff7138065 4b6717620d0c4ffc8e439ed15474b97f 9edbbb06202e4f9bbd213759a3203c60 - - default default] Project 9edbbb06202e4f9bbd213759a3203c60 added a security group rule with legacy IPv6 ICMP protocol name icmp, ipv6-icmp should be used instead. It was automatically converted.
2026-07-15 00:22:00.611 7 WARNING neutron.scheduler.dhcp_agent_scheduler [None req-bc4af50e-7f19-4636-8cc9-095487fce8cf 340ca709160344739bd246748f91144d 4ed822de4f314cf68b577fa4df2b13f6 - - default default] No more DHCP agents
2026-07-15 00:22:00.613 7 WARNING neutron.api.rpc.agentnotifiers.dhcp_rpc_agent_api [None req-bc4af50e-7f19-4636-8cc9-095487fce8cf 340ca709160344739bd246748f91144d 4ed822de4f314cf68b577fa4df2b13f6 - - default default] Unable to schedule network ecd3f339-fb2c-4d0b-b43b-9661d23470ec: no agents available; will retry on subsequent port and subnet creation events.
2026-07-15 00:22:00.688 8 INFO neutron.db.ovn_revision_numbers_db [None req-78854031-e8fb-4ef9-850c-482ff7138065 4b6717620d0c4ffc8e439ed15474b97f 9edbbb06202e4f9bbd213759a3203c60 - - default default] Successfully bumped revision number for resource 87fa3156-ea99-4384-a15d-e5f24470e6e0 (type: security_group_rules) to 0 [pid: 8|app: 0|req: 815/1560] 10.0.0.9 () {34 vars in 693 bytes} [Wed Jul 15 00:22:00 2026] POST /v2.0/security-group-rules => generated 607 bytes in 170 msecs (HTTP/1.1 201) 4 headers in 162 bytes (1 switches on core 0)
2026-07-15 00:22:00.756 7 INFO neutron.db.ovn_revision_numbers_db [None req-bc4af50e-7f19-4636-8cc9-095487fce8cf 340ca709160344739bd246748f91144d 4ed822de4f314cf68b577fa4df2b13f6 - - default default] Successfully bumped revision number for resource d09e119c-f6e1-41cd-83fa-46e8fc152fed (type: ports) to 1 [pid: 8|app: 0|req: 816/1561] 10.0.0.9 () {32 vars in 641 bytes} [Wed Jul 15 00:22:00 2026] GET /v2.0/ports => generated 1537 bytes in 36 msecs (HTTP/1.1 200) 4 headers in 158 bytes (1 switches on core 0)
2026-07-15 00:22:00.802 8 INFO neutron.db.securitygroups_db [None req-143d0223-40f9-4262-8b73-5a683bbd63a0 4b6717620d0c4ffc8e439ed15474b97f 9edbbb06202e4f9bbd213759a3203c60 - - default default] Project 9edbbb06202e4f9bbd213759a3203c60 added a security group rule with legacy IPv6 ICMP protocol name icmp, ipv6-icmp should be used instead. It was automatically converted.
2026-07-15 00:22:00.902 8 INFO neutron.db.ovn_revision_numbers_db [None req-143d0223-40f9-4262-8b73-5a683bbd63a0 4b6717620d0c4ffc8e439ed15474b97f 9edbbb06202e4f9bbd213759a3203c60 - - default default] Successfully bumped revision number for resource cfc67932-ae03-4f0c-a27d-b7077beb206b (type: security_group_rules) to 0 [pid: 8|app: 0|req: 817/1562] 10.0.0.9 () {34 vars in 693 bytes} [Wed Jul 15 00:22:00 2026] POST /v2.0/security-group-rules => generated 606 bytes in 162 msecs (HTTP/1.1 201) 4 headers in 162 bytes (1 switches on core 0) [pid: 8|app: 0|req: 818/1563] 10.0.0.9 () {32 vars in 715 bytes} [Wed Jul 15 00:22:00 2026] GET /v2.0/ports/35367b45-487c-4094-8563-e459dff710bc => generated 778 bytes in 33 msecs (HTTP/1.1 200) 4 headers in 157 bytes (1 switches on core 0)
2026-07-15 00:22:00.989 8 INFO neutron.pecan_wsgi.hooks.translation [None req-33fe6825-4221-4324-a873-a96240a57367 97026351103b48dcb0c38c1e8ece2f7b 476218c52d64435ea2b41cb49fa26ce0 - - default default] DELETE failed (client error): The resource could not be found. [pid: 8|app: 0|req: 819/1564] 10.0.0.9 () {32 vars in 718 bytes} [Wed Jul 15 00:22:00 2026] DELETE /v2.0/ports/e727413a-1534-46ad-b29b-3a937fd25e1f => generated 132 bytes in 19 msecs (HTTP/1.1 404) 4 headers in 164 bytes (1 switches on core 0)
2026-07-15 00:22:01.011 8 INFO neutron.pecan_wsgi.hooks.translation [None req-11bcea5c-0120-40bd-af23-d00d53a79619 97026351103b48dcb0c38c1e8ece2f7b 476218c52d64435ea2b41cb49fa26ce0 - - default default] DELETE failed (client error): The resource could not be found. [pid: 8|app: 0|req: 820/1565] 10.0.0.9 () {32 vars in 722 bytes} [Wed Jul 15 00:22:00 2026] DELETE /v2.0/subnets/2e7ca9f6-99f7-400c-9987-8a95196d96b5 => generated 136 bytes in 20 msecs (HTTP/1.1 404) 4 headers in 164 bytes (1 switches on core 0)
2026-07-15 00:22:01.036 8 INFO neutron.pecan_wsgi.hooks.translation [None req-459a5300-29d6-42bb-b484-4abe3b403352 97026351103b48dcb0c38c1e8ece2f7b 476218c52d64435ea2b41cb49fa26ce0 - - default default] DELETE failed (client error): The resource could not be found. [pid: 8|app: 0|req: 821/1566] 10.0.0.9 () {32 vars in 722 bytes} [Wed Jul 15 00:22:01 2026] DELETE /v2.0/subnets/599bf359-f756-41d4-97d3-2f93b72d3f81 => generated 136 bytes in 20 msecs (HTTP/1.1 404) 4 headers in 164 bytes (1 switches on core 0)
2026-07-15 00:22:01.169 8 INFO neutron_taas.services.taas.taas_plugin [None req-73a72983-e344-4efc-8df6-b773db1d03fb 97026351103b48dcb0c38c1e8ece2f7b 476218c52d64435ea2b41cb49fa26ce0 - - default default] TaaS: Handle Delete Port: 35367b45-487c-4094-8563-e459dff710bc
2026-07-15 00:22:01.172 8 INFO neutron_taas.services.taas.tap_mirror_plugin [None req-73a72983-e344-4efc-8df6-b773db1d03fb 97026351103b48dcb0c38c1e8ece2f7b 476218c52d64435ea2b41cb49fa26ce0 - - default default] Tap Mirror: Handle Delete Port: 35367b45-487c-4094-8563-e459dff710bc [pid: 8|app: 0|req: 822/1567] 10.0.0.9 () {32 vars in 718 bytes} [Wed Jul 15 00:22:01 2026] DELETE /v2.0/ports/35367b45-487c-4094-8563-e459dff710bc => generated 0 bytes in 232 msecs (HTTP/1.1 204) 3 headers in 131 bytes (1 switches on core 0)
2026-07-15 00:22:01.425 8 INFO neutron_taas.services.taas.taas_plugin [None req-f1e9eae3-6b54-4694-a8d6-23c2a7406c77 97026351103b48dcb0c38c1e8ece2f7b 476218c52d64435ea2b41cb49fa26ce0 - - default default] TaaS: Handle Delete Port: de52222b-3c2a-47f2-91de-bef41c544704
2026-07-15 00:22:01.429 8 INFO neutron_taas.services.taas.tap_mirror_plugin [None req-f1e9eae3-6b54-4694-a8d6-23c2a7406c77 97026351103b48dcb0c38c1e8ece2f7b 476218c52d64435ea2b41cb49fa26ce0 - - default default] Tap Mirror: Handle Delete Port: de52222b-3c2a-47f2-91de-bef41c544704
2026-07-15 00:22:01.455 7 WARNING neutron.scheduler.dhcp_agent_scheduler [None req-bc4af50e-7f19-4636-8cc9-095487fce8cf 340ca709160344739bd246748f91144d 4ed822de4f314cf68b577fa4df2b13f6 - - default default] No more DHCP agents
2026-07-15 00:22:01.457 7 WARNING neutron.api.rpc.agentnotifiers.dhcp_rpc_agent_api [None req-bc4af50e-7f19-4636-8cc9-095487fce8cf 340ca709160344739bd246748f91144d 4ed822de4f314cf68b577fa4df2b13f6 - - default default] Unable to schedule network ecd3f339-fb2c-4d0b-b43b-9661d23470ec: no agents available; will retry on subsequent port and subnet creation events.
2026-07-15 00:22:01.611 8 INFO neutron.services.segments.plugin [-] Segment 25470ebb-eb5d-4685-8a33-5f5b8b25635f resource provider aggregate not found
2026-07-15 00:22:01.618 8 INFO neutron.services.segments.plugin [-] Segment 25470ebb-eb5d-4685-8a33-5f5b8b25635f resource provider aggregate not found
2026-07-15 00:22:01.635 8 INFO neutron.services.segments.plugin [-] Client error retrieving segment 25470ebb-eb5d-4685-8a33-5f5b8b25635f resource provider; error: Placement Client Error (4xx): {"errors": [{"status": 404, "title": "Not Found", "detail": "The resource could not be found.\n\n No resource provider with uuid 25470ebb-eb5d-4685-8a33-5f5b8b25635f found for delete ", "request_id": "req-8e8c0b96-d098-4441-a456-c5bbf6d46dff"}]}
2026-07-15 00:22:01.641 8 INFO neutron.services.segments.plugin [-] Client error retrieving segment 25470ebb-eb5d-4685-8a33-5f5b8b25635f resource provider; error: Placement Client Error (4xx): {"errors": [{"status": 404, "title": "Not Found", "detail": "The resource could not be found.\n\n No resource provider with uuid 25470ebb-eb5d-4685-8a33-5f5b8b25635f found for delete ", "request_id": "req-a1a7aab2-0ae9-415d-88b5-a678c32407f2"}]} [pid: 8|app: 0|req: 823/1568] 10.0.0.9 () {32 vars in 724 bytes} [Wed Jul 15 00:22:01 2026] DELETE /v2.0/networks/a3fa8261-7641-440a-9eed-0b2645148ff9 => generated 0 bytes in 388 msecs (HTTP/1.1 204) 3 headers in 131 bytes (1 switches on core 0)
2026-07-15 00:22:01.739 7 INFO neutron.db.ovn_revision_numbers_db [None req-bc4af50e-7f19-4636-8cc9-095487fce8cf 340ca709160344739bd246748f91144d 4ed822de4f314cf68b577fa4df2b13f6 - - default default] Successfully bumped revision number for resource d09e119c-f6e1-41cd-83fa-46e8fc152fed (type: router_ports) to 1 [pid: 7|app: 0|req: 746/1569] 10.0.0.9 () {34 vars in 781 bytes} [Wed Jul 15 00:22:00 2026] PUT /v2.0/routers/d8f49dcf-58c5-4f04-9f3b-4f278b12a2f4/add_router_interface => generated 310 bytes in 1601 msecs (HTTP/1.1 200) 4 headers in 157 bytes (1 switches on core 0)
2026-07-15 00:22:01.786 8 INFO neutron.db.ovn_revision_numbers_db [None req-c1a2fa68-a86c-4854-80bc-5b4200313fd9 4b6717620d0c4ffc8e439ed15474b97f 9edbbb06202e4f9bbd213759a3203c60 - - default default] Successfully bumped revision number for resource 56a7aef9-f9ea-4f7a-a3fa-ced798666412 (type: security_groups) to 1
2026-07-15 00:22:01.797 8 INFO neutron.db.ovn_revision_numbers_db [None req-c1a2fa68-a86c-4854-80bc-5b4200313fd9 4b6717620d0c4ffc8e439ed15474b97f 9edbbb06202e4f9bbd213759a3203c60 - - default default] Successfully bumped revision number for resource 0b42af7d-2e29-4643-b0eb-6e91fcbe8813 (type: security_group_rules) to 0
2026-07-15 00:22:01.810 8 INFO neutron.db.ovn_revision_numbers_db [None req-c1a2fa68-a86c-4854-80bc-5b4200313fd9 4b6717620d0c4ffc8e439ed15474b97f 9edbbb06202e4f9bbd213759a3203c60 - - default default] Successfully bumped revision number for resource c80c3ead-3cc6-41c2-82f4-c4cfb92c2427 (type: security_group_rules) to 0 [pid: 7|app: 0|req: 747/1570] 10.0.0.9 () {32 vars in 715 bytes} [Wed Jul 15 00:22:01 2026] GET /v2.0/ports/d09e119c-f6e1-41cd-83fa-46e8fc152fed => generated 953 bytes in 62 msecs (HTTP/1.1 200) 4 headers in 157 bytes (1 switches on core 0) [pid: 8|app: 0|req: 824/1571] 10.0.0.9 () {34 vars in 683 bytes} [Wed Jul 15 00:22:01 2026] POST /v2.0/security-groups => generated 1659 bytes in 175 msecs (HTTP/1.1 201) 4 headers in 163 bytes (1 switches on core 0) [pid: 7|app: 0|req: 748/1572] 10.0.0.9 () {32 vars in 715 bytes} [Wed Jul 15 00:22:01 2026] GET /v2.0/ports/d09e119c-f6e1-41cd-83fa-46e8fc152fed => generated 953 bytes in 34 msecs (HTTP/1.1 200) 4 headers in 157 bytes (1 switches on core 0)
2026-07-15 00:22:01.969 8 INFO neutron.db.ovn_revision_numbers_db [None req-4e0bb435-1083-4fe4-a3c8-3d050c298020 4b6717620d0c4ffc8e439ed15474b97f 9edbbb06202e4f9bbd213759a3203c60 - - default default] Successfully bumped revision number for resource 6e1bc8a4-a8f6-4a78-b01c-d1907181a10b (type: security_group_rules) to 0 [pid: 8|app: 0|req: 825/1573] 10.0.0.9 () {34 vars in 693 bytes} [Wed Jul 15 00:22:01 2026] POST /v2.0/security-group-rules => generated 597 bytes in 148 msecs (HTTP/1.1 201) 4 headers in 162 bytes (1 switches on core 0)
2026-07-15 00:22:02.160 7 INFO neutron.db.ovn_revision_numbers_db [None req-cce78db9-911a-4654-bd9e-88181d48bcf0 4b6717620d0c4ffc8e439ed15474b97f 9edbbb06202e4f9bbd213759a3203c60 - - default default] Successfully bumped revision number for resource f53ce69c-5cb3-4837-97d9-bdb2239eeeca (type: security_group_rules) to 0 [pid: 7|app: 0|req: 749/1574] 10.0.0.9 () {34 vars in 693 bytes} [Wed Jul 15 00:22:02 2026] POST /v2.0/security-group-rules => generated 602 bytes in 193 msecs (HTTP/1.1 201) 4 headers in 162 bytes (1 switches on core 0)
2026-07-15 00:22:02.516 8 WARNING neutron.scheduler.dhcp_agent_scheduler [None req-ebd8a4c3-cc7d-41ee-af46-a5c41ff28a26 4b6717620d0c4ffc8e439ed15474b97f 9edbbb06202e4f9bbd213759a3203c60 - - default default] No more DHCP agents
2026-07-15 00:22:02.518 8 WARNING neutron.api.rpc.agentnotifiers.dhcp_rpc_agent_api [None req-ebd8a4c3-cc7d-41ee-af46-a5c41ff28a26 4b6717620d0c4ffc8e439ed15474b97f 9edbbb06202e4f9bbd213759a3203c60 - - default default] Unable to schedule network 63bfc501-57a4-4bb2-922f-7bd39db064a3: no agents available; will retry on subsequent port and subnet creation events.
2026-07-15 00:22:02.600 7 WARNING neutron.db.securitygroups_db [None req-ac688efe-bee9-4e45-a86e-4989a2755e54 ee0847ec8885450e89893411e7798beb fd938b09b9974e31b3e8c0eacce8a99c - - default default] project_id key not found in filters, using tenant_id instead. This support has been deprecated and will be removed in a future release. [pid: 7|app: 0|req: 750/1575] 10.0.0.9 () {32 vars in 772 bytes} [Wed Jul 15 00:22:02 2026] GET /v2.0/security-groups?tenant_id=476218c52d64435ea2b41cb49fa26ce0&name=default => generated 2925 bytes in 337 msecs (HTTP/1.1 200) 4 headers in 158 bytes (1 switches on core 0) [pid: 7|app: 0|req: 751/1576] 10.0.0.9 () {32 vars in 738 bytes} [Wed Jul 15 00:22:02 2026] DELETE /v2.0/security-groups/1224f147-2aec-4c17-8a00-9d5c68e5db18 => generated 0 bytes in 227 msecs (HTTP/1.1 204) 2 headers in 112 bytes (1 switches on core 0) [pid: 8|app: 0|req: 826/1577] 10.0.0.9 () {34 vars in 674 bytes} [Wed Jul 15 00:22:02 2026] POST /v2.0/floatingips => generated 552 bytes in 674 msecs (HTTP/1.1 201) 4 headers in 162 bytes (1 switches on core 0)
2026-07-15 00:22:02.888 7 WARNING neutron.db.securitygroups_db [None req-605798bd-f71f-4f6f-83f3-12fe4746ff1b ee0847ec8885450e89893411e7798beb fd938b09b9974e31b3e8c0eacce8a99c - - default default] project_id key not found in filters, using tenant_id instead. This support has been deprecated and will be removed in a future release. [pid: 8|app: 0|req: 827/1578] 10.0.0.9 () {32 vars in 715 bytes} [Wed Jul 15 00:22:02 2026] GET /v2.0/ports/d09e119c-f6e1-41cd-83fa-46e8fc152fed => generated 953 bytes in 74 msecs (HTTP/1.1 200) 4 headers in 157 bytes (1 switches on core 0)
2026-07-15 00:22:02.958 8 WARNING neutron.db.securitygroups_db [req-88679a5b-1703-45e2-8e37-1dded5656cda req-d54e29ce-8fe8-4300-aa92-ad647367bcd3 4b6717620d0c4ffc8e439ed15474b97f 9edbbb06202e4f9bbd213759a3203c60 - - default default] project_id key not found in filters, using tenant_id instead. This support has been deprecated and will be removed in a future release. [pid: 8|app: 0|req: 828/1579] 10.0.0.24 () {34 vars in 1097 bytes} [Wed Jul 15 00:22:02 2026] GET /v2.0/security-groups?name=tempest-secgroup-smoke-173064749&fields=id&tenant_id=9edbbb06202e4f9bbd213759a3203c60 => generated 69 bytes in 34 msecs (HTTP/1.1 200) 4 headers in 156 bytes (1 switches on core 0)
2026-07-15 00:22:03.003 8 WARNING neutron.db.securitygroups_db [req-88679a5b-1703-45e2-8e37-1dded5656cda req-7e62f5ed-5c29-49a4-aa47-d68b226184bd 4b6717620d0c4ffc8e439ed15474b97f 9edbbb06202e4f9bbd213759a3203c60 - - default default] project_id key not found in filters, using tenant_id instead. This support has been deprecated and will be removed in a future release. [pid: 8|app: 0|req: 829/1580] 10.0.0.24 () {34 vars in 1097 bytes} [Wed Jul 15 00:22:02 2026] GET /v2.0/security-groups?name=tempest-securitygroup--569592023&fields=id&tenant_id=9edbbb06202e4f9bbd213759a3203c60 => generated 69 bytes in 32 msecs (HTTP/1.1 200) 4 headers in 156 bytes (1 switches on core 0)
2026-07-15 00:22:03.038 7 INFO neutron.db.ovn_revision_numbers_db [None req-605798bd-f71f-4f6f-83f3-12fe4746ff1b ee0847ec8885450e89893411e7798beb fd938b09b9974e31b3e8c0eacce8a99c - - default default] Successfully bumped revision number for resource 45cf34a9-24b3-4e76-8c3e-43543cf39bae (type: security_groups) to 1
2026-07-15 00:22:03.056 7 INFO neutron.db.ovn_revision_numbers_db [None req-605798bd-f71f-4f6f-83f3-12fe4746ff1b ee0847ec8885450e89893411e7798beb fd938b09b9974e31b3e8c0eacce8a99c - - default default] Successfully bumped revision number for resource 092d03b8-3e71-4c2e-8d88-bb433241b685 (type: security_group_rules) to 0
2026-07-15 00:22:03.075 7 INFO neutron.db.ovn_revision_numbers_db [None req-605798bd-f71f-4f6f-83f3-12fe4746ff1b ee0847ec8885450e89893411e7798beb fd938b09b9974e31b3e8c0eacce8a99c - - default default] Successfully bumped revision number for resource 6d0f2546-ad1e-4bf4-a10d-3c602043dba1 (type: security_group_rules) to 0
2026-07-15 00:22:03.086 7 INFO neutron.db.ovn_revision_numbers_db [None req-605798bd-f71f-4f6f-83f3-12fe4746ff1b ee0847ec8885450e89893411e7798beb fd938b09b9974e31b3e8c0eacce8a99c - - default default] Successfully bumped revision number for resource d4f87752-d2de-4cab-897a-f9331bbb65bb (type: security_group_rules) to 0 [pid: 8|app: 0|req: 830/1581] 10.0.0.24 () {34 vars in 981 bytes} [Wed Jul 15 00:22:03 2026] GET /v2.0/networks?id=c61bd5cb-378c-4595-9af0-60e2a2c6da2f => generated 711 bytes in 48 msecs (HTTP/1.1 200) 4 headers in 157 bytes (1 switches on core 0)
2026-07-15 00:22:03.096 7 INFO neutron.db.ovn_revision_numbers_db [None req-605798bd-f71f-4f6f-83f3-12fe4746ff1b ee0847ec8885450e89893411e7798beb fd938b09b9974e31b3e8c0eacce8a99c - - default default] Successfully bumped revision number for resource f082d9ea-4fcb-4e0c-be22-56148a05837d (type: security_group_rules) to 0 [pid: 8|app: 0|req: 831/1582] 10.0.0.24 () {34 vars in 964 bytes} [Wed Jul 15 00:22:03 2026] GET /v2.0/quotas/9edbbb06202e4f9bbd213759a3203c60 => generated 312 bytes in 16 msecs (HTTP/1.1 200) 4 headers in 157 bytes (1 switches on core 0) [pid: 7|app: 0|req: 752/1583] 10.0.0.9 () {32 vars in 772 bytes} [Wed Jul 15 00:22:02 2026] GET /v2.0/security-groups?tenant_id=169d557f2e494f57841e3c5085ef2a82&name=default => generated 2925 bytes in 272 msecs (HTTP/1.1 200) 4 headers in 158 bytes (1 switches on core 0) [pid: 8|app: 0|req: 832/1584] 10.0.0.24 () {34 vars in 1001 bytes} [Wed Jul 15 00:22:03 2026] GET /v2.0/ports?tenant_id=9edbbb06202e4f9bbd213759a3203c60&fields=id => generated 103 bytes in 66 msecs (HTTP/1.1 200) 4 headers in 157 bytes (1 switches on core 0) [pid: 8|app: 0|req: 833/1585] 10.0.0.24 () {34 vars in 1007 bytes} [Wed Jul 15 00:22:03 2026] GET /v2.0/networks/c61bd5cb-378c-4595-9af0-60e2a2c6da2f?fields=segments => generated 14 bytes in 49 msecs (HTTP/1.1 200) 4 headers in 156 bytes (1 switches on core 0) [pid: 8|app: 0|req: 834/1586] 10.0.0.24 () {34 vars in 1107 bytes} [Wed Jul 15 00:22:03 2026] GET /v2.0/networks/c61bd5cb-378c-4595-9af0-60e2a2c6da2f?fields=provider%3Aphysical_network&fields=provider%3Anetwork_type => generated 79 bytes in 50 msecs (HTTP/1.1 200) 4 headers in 156 bytes (1 switches on core 0) [pid: 7|app: 0|req: 753/1587] 10.0.0.9 () {32 vars in 738 bytes} [Wed Jul 15 00:22:03 2026] DELETE /v2.0/security-groups/45cf34a9-24b3-4e76-8c3e-43543cf39bae => generated 0 bytes in 184 msecs (HTTP/1.1 204) 2 headers in 112 bytes (1 switches on core 0)
2026-07-15 00:22:03.456 7 WARNING neutron.plugins.ml2.drivers.ovn.mech_driver.ovsdb.ovn_client [None req-02c1980e-bacf-400f-ab99-5b335e86a87f - - - - - -] No hosting information found for port ce0389b6-8056-4e38-b4c4-feedbeeada15: RuntimeError: No hosting information found for port ce0389b6-8056-4e38-b4c4-feedbeeada15 [pid: 8|app: 0|req: 835/1588] 10.0.0.24 () {34 vars in 1069 bytes} [Wed Jul 15 00:22:03 2026] GET /v2.0/ports?fields=security_groups&fields=device_id&device_id=582179ce-166b-49fc-a5a8-8f7c61327686 => generated 12 bytes in 23 msecs (HTTP/1.1 200) 4 headers in 156 bytes (1 switches on core 0)
2026-07-15 00:22:03.495 7 INFO neutron.common.ovn.utils [None req-02c1980e-bacf-400f-ab99-5b335e86a87f - - - - - -] HA Chassis Group neutron-12272659-f4ce-400f-b18a-d7a535ff97eb synchronized; highest priority chassis d11c9f29-1f0f-4f71-bdc7-226daf8d005b
2026-07-15 00:22:03.597 7 INFO neutron.db.ovn_revision_numbers_db [None req-02c1980e-bacf-400f-ab99-5b335e86a87f - - - - - -] Successfully bumped revision number for resource ce0389b6-8056-4e38-b4c4-feedbeeada15 (type: router_ports) to 2
2026-07-15 00:22:03.638 7 INFO neutron.plugins.ml2.drivers.ovn.mech_driver.mech_driver [None req-02c1980e-bacf-400f-ab99-5b335e86a87f - - - - - -] OVN reports status down for port: ac55dfff-ad1f-47be-ac3e-098371abfe04
2026-07-15 00:22:03.647 7 INFO neutron.plugins.ml2.drivers.ovn.mech_driver.mech_driver [None req-02c1980e-bacf-400f-ab99-5b335e86a87f - - - - - -] OVN reports status down for port: ac55dfff-ad1f-47be-ac3e-098371abfe04
2026-07-15 00:22:03.657 7 INFO neutron.plugins.ml2.drivers.ovn.mech_driver.mech_driver [None req-02c1980e-bacf-400f-ab99-5b335e86a87f - - - - - -] OVN reports status down for port: d09e119c-f6e1-41cd-83fa-46e8fc152fed
2026-07-15 00:22:03.714 7 WARNING neutron.plugins.ml2.drivers.ovn.mech_driver.ovsdb.ovn_client [None req-02c1980e-bacf-400f-ab99-5b335e86a87f - - - - - -] Logical_Switch_Port d09e119c-f6e1-41cd-83fa-46e8fc152fed host information not removed, the port state is up
2026-07-15 00:22:03.714 7 INFO neutron.plugins.ml2.drivers.ovn.mech_driver.mech_driver [None req-02c1980e-bacf-400f-ab99-5b335e86a87f - - - - - -] OVN reports status up for port: d09e119c-f6e1-41cd-83fa-46e8fc152fed
2026-07-15 00:22:03.729 7 INFO neutron.plugins.ml2.plugin [None req-02c1980e-bacf-400f-ab99-5b335e86a87f - - - - - -] Attempt 1 to provision port d09e119c-f6e1-41cd-83fa-46e8fc152fed [pid: 7|app: 0|req: 754/1589] 10.0.0.9 () {32 vars in 715 bytes} [Wed Jul 15 00:22:03 2026] GET /v2.0/ports/d09e119c-f6e1-41cd-83fa-46e8fc152fed => generated 955 bytes in 63 msecs (HTTP/1.1 200) 4 headers in 157 bytes (1 switches on core 0)
2026-07-15 00:22:04.145 7 INFO neutron.db.ovn_revision_numbers_db [None req-02c1980e-bacf-400f-ab99-5b335e86a87f - - - - - -] Successfully bumped revision number for resource d09e119c-f6e1-41cd-83fa-46e8fc152fed (type: ports) to 2
2026-07-15 00:22:04.286 8 INFO neutron_taas.services.taas.taas_plugin [None req-791af682-14d4-4036-800b-05ef239c689a 340ca709160344739bd246748f91144d 4ed822de4f314cf68b577fa4df2b13f6 - - default default] TaaS: Handle Delete Port: d09e119c-f6e1-41cd-83fa-46e8fc152fed
2026-07-15 00:22:04.289 8 INFO neutron_taas.services.taas.tap_mirror_plugin [None req-791af682-14d4-4036-800b-05ef239c689a 340ca709160344739bd246748f91144d 4ed822de4f314cf68b577fa4df2b13f6 - - default default] Tap Mirror: Handle Delete Port: d09e119c-f6e1-41cd-83fa-46e8fc152fed [pid: 7|app: 0|req: 755/1590] 10.0.0.24 () {34 vars in 1069 bytes} [Wed Jul 15 00:22:04 2026] GET /v2.0/ports?fields=security_groups&fields=device_id&device_id=582179ce-166b-49fc-a5a8-8f7c61327686 => generated 12 bytes in 26 msecs (HTTP/1.1 200) 4 headers in 156 bytes (1 switches on core 0)
2026-07-15 00:22:04.610 8 WARNING neutron.plugins.ml2.drivers.ovn.mech_driver.ovsdb.ovn_client [None req-472c6239-ea98-4fd5-8641-0e823abcda8d - - - - - -] No hosting information found for port bfdf3001-2e76-43c2-9043-39be91443590: RuntimeError: No hosting information found for port bfdf3001-2e76-43c2-9043-39be91443590 [pid: 8|app: 0|req: 836/1591] 10.0.0.9 () {34 vars in 787 bytes} [Wed Jul 15 00:22:04 2026] PUT /v2.0/routers/d8f49dcf-58c5-4f04-9f3b-4f278b12a2f4/remove_router_interface => generated 310 bytes in 670 msecs (HTTP/1.1 200) 4 headers in 157 bytes (1 switches on core 0) /var/lib/openstack/lib/python3.12/site-packages/pycadf/identifier.py:70: UserWarning: Invalid uuid: neutron. To ensure interoperability, identifiers should be a valid uuid. warnings.warn(('Invalid uuid: %s. To ensure interoperability, '
2026-07-15 00:22:04.774 8 INFO neutron.db.ovn_revision_numbers_db [None req-472c6239-ea98-4fd5-8641-0e823abcda8d - - - - - -] Successfully bumped revision number for resource bfdf3001-2e76-43c2-9043-39be91443590 (type: router_ports) to 2 [pid: 8|app: 0|req: 837/1592] 10.0.0.9 () {32 vars in 715 bytes} [Wed Jul 15 00:22:04 2026] GET /v2.0/ports/bfdf3001-2e76-43c2-9043-39be91443590 => generated 947 bytes in 145 msecs (HTTP/1.1 200) 4 headers in 157 bytes (1 switches on core 0)
2026-07-15 00:22:05.069 7 INFO neutron.db.ovn_revision_numbers_db [None req-f8b8191c-f5ac-41be-8991-4b095384342f 1cebb3d26417422abdc21568c8e7b37d ed52e4a7905b47c2bde5a10662d92d51 - - default default] Successfully bumped revision number for resource 1aff1a43-800e-4459-8765-0d68fcc780f2 (type: security_groups) to 1
2026-07-15 00:22:05.082 7 INFO neutron.db.ovn_revision_numbers_db [None req-f8b8191c-f5ac-41be-8991-4b095384342f 1cebb3d26417422abdc21568c8e7b37d ed52e4a7905b47c2bde5a10662d92d51 - - default default] Successfully bumped revision number for resource 0b8a8ef0-1699-4c91-aab8-0580e21cebd5 (type: security_group_rules) to 0
2026-07-15 00:22:05.100 7 INFO neutron.db.ovn_revision_numbers_db [None req-f8b8191c-f5ac-41be-8991-4b095384342f 1cebb3d26417422abdc21568c8e7b37d ed52e4a7905b47c2bde5a10662d92d51 - - default default] Successfully bumped revision number for resource 4f639ead-3dfc-4f42-b290-90013dcecd01 (type: security_group_rules) to 0
2026-07-15 00:22:05.114 7 INFO neutron.db.ovn_revision_numbers_db [None req-f8b8191c-f5ac-41be-8991-4b095384342f 1cebb3d26417422abdc21568c8e7b37d ed52e4a7905b47c2bde5a10662d92d51 - - default default] Successfully bumped revision number for resource 60c16956-1436-42fd-8b55-0588583d24e3 (type: security_group_rules) to 0
2026-07-15 00:22:05.127 7 INFO neutron.db.ovn_revision_numbers_db [None req-f8b8191c-f5ac-41be-8991-4b095384342f 1cebb3d26417422abdc21568c8e7b37d ed52e4a7905b47c2bde5a10662d92d51 - - default default] Successfully bumped revision number for resource 695b0d4a-8f0f-4f09-94bb-2c1bbd51a874 (type: security_group_rules) to 0
2026-07-15 00:22:05.168 8 INFO neutron_taas.services.taas.taas_plugin [None req-e50f7557-1a91-461c-bd6e-48223d955879 340ca709160344739bd246748f91144d 4ed822de4f314cf68b577fa4df2b13f6 - - default default] TaaS: Handle Delete Port: bfdf3001-2e76-43c2-9043-39be91443590
2026-07-15 00:22:05.171 8 INFO neutron_taas.services.taas.tap_mirror_plugin [None req-e50f7557-1a91-461c-bd6e-48223d955879 340ca709160344739bd246748f91144d 4ed822de4f314cf68b577fa4df2b13f6 - - default default] Tap Mirror: Handle Delete Port: bfdf3001-2e76-43c2-9043-39be91443590
2026-07-15 00:22:05.208 7 INFO neutron.db.segments_db [None req-f8b8191c-f5ac-41be-8991-4b095384342f 1cebb3d26417422abdc21568c8e7b37d ed52e4a7905b47c2bde5a10662d92d51 - - default default] Added segment d53172ef-9f0d-4888-bde8-c26e9234a258 of type geneve for network d04f1870-be84-4c07-a73b-e8a4dab5790b
2026-07-15 00:22:05.340 7 INFO neutron.db.ovn_revision_numbers_db [None req-f8b8191c-f5ac-41be-8991-4b095384342f 1cebb3d26417422abdc21568c8e7b37d ed52e4a7905b47c2bde5a10662d92d51 - - default default] Successfully bumped revision number for resource d04f1870-be84-4c07-a73b-e8a4dab5790b (type: networks) to 1
2026-07-15 00:22:05.544 7 WARNING neutron.scheduler.dhcp_agent_scheduler [None req-f8b8191c-f5ac-41be-8991-4b095384342f 1cebb3d26417422abdc21568c8e7b37d ed52e4a7905b47c2bde5a10662d92d51 - - default default] No more DHCP agents
2026-07-15 00:22:05.546 7 WARNING neutron.api.rpc.agentnotifiers.dhcp_rpc_agent_api [None req-f8b8191c-f5ac-41be-8991-4b095384342f 1cebb3d26417422abdc21568c8e7b37d ed52e4a7905b47c2bde5a10662d92d51 - - default default] Unable to schedule network d04f1870-be84-4c07-a73b-e8a4dab5790b: no agents available; will retry on subsequent port and subnet creation events. [pid: 8|app: 0|req: 838/1593] 10.0.0.9 () {34 vars in 787 bytes} [Wed Jul 15 00:22:04 2026] PUT /v2.0/routers/d8f49dcf-58c5-4f04-9f3b-4f278b12a2f4/remove_router_interface => generated 310 bytes in 692 msecs (HTTP/1.1 200) 4 headers in 157 bytes (1 switches on core 0) /var/lib/openstack/lib/python3.12/site-packages/pycadf/identifier.py:70: UserWarning: Invalid uuid: neutron. To ensure interoperability, identifiers should be a valid uuid. warnings.warn(('Invalid uuid: %s. To ensure interoperability, ' [pid: 8|app: 0|req: 841/1596] 10.0.0.9 () {32 vars in 734 bytes} [Wed Jul 15 00:22:05 2026] GET /v2.0/ports?device_id=d8f49dcf-58c5-4f04-9f3b-4f278b12a2f4 => generated 12 bytes in 50 msecs (HTTP/1.1 200) 4 headers in 156 bytes (1 switches on core 0)
2026-07-15 00:22:05.676 7 INFO neutron.db.ovn_revision_numbers_db [None req-f8b8191c-f5ac-41be-8991-4b095384342f 1cebb3d26417422abdc21568c8e7b37d ed52e4a7905b47c2bde5a10662d92d51 - - default default] Successfully bumped revision number for resource 99c34cdf-f968-4e84-a3e3-2d55f6b1c717 (type: ports) to 1 [pid: 7|app: 0|req: 756/1597] 10.0.0.9 () {34 vars in 668 bytes} [Wed Jul 15 00:22:04 2026] POST /v2.0/networks => generated 683 bytes in 1020 msecs (HTTP/1.1 201) 4 headers in 162 bytes (1 switches on core 0) [pid: 7|app: 0|req: 757/1598] 10.0.0.24 () {34 vars in 1069 bytes} [Wed Jul 15 00:22:05 2026] GET /v2.0/ports?fields=security_groups&fields=device_id&device_id=582179ce-166b-49fc-a5a8-8f7c61327686 => generated 12 bytes in 33 msecs (HTTP/1.1 200) 4 headers in 156 bytes (1 switches on core 0) [pid: 8|app: 0|req: 842/1599] 10.0.0.9 () {32 vars in 722 bytes} [Wed Jul 15 00:22:05 2026] DELETE /v2.0/routers/d8f49dcf-58c5-4f04-9f3b-4f278b12a2f4 => generated 0 bytes in 230 msecs (HTTP/1.1 204) 2 headers in 112 bytes (1 switches on core 0) [pid: 8|app: 0|req: 843/1600] 10.0.0.9 () {32 vars in 722 bytes} [Wed Jul 15 00:22:05 2026] DELETE /v2.0/subnets/e01c4398-da99-4926-823c-961c5e587356 => generated 0 bytes in 152 msecs (HTTP/1.1 204) 3 headers in 131 bytes (1 switches on core 0)
2026-07-15 00:22:06.016 7 WARNING neutron.scheduler.dhcp_agent_scheduler [None req-736cdbf2-10cc-43ec-8a40-5869039bb7e2 1cebb3d26417422abdc21568c8e7b37d ed52e4a7905b47c2bde5a10662d92d51 - - default default] No more DHCP agents
2026-07-15 00:22:06.017 7 WARNING neutron.api.rpc.agentnotifiers.dhcp_rpc_agent_api [None req-736cdbf2-10cc-43ec-8a40-5869039bb7e2 1cebb3d26417422abdc21568c8e7b37d ed52e4a7905b47c2bde5a10662d92d51 - - default default] Unable to schedule network d04f1870-be84-4c07-a73b-e8a4dab5790b: no agents available; will retry on subsequent port and subnet creation events.
2026-07-15 00:22:06.144 7 INFO neutron.db.ovn_revision_numbers_db [None req-736cdbf2-10cc-43ec-8a40-5869039bb7e2 1cebb3d26417422abdc21568c8e7b37d ed52e4a7905b47c2bde5a10662d92d51 - - default default] Successfully bumped revision number for resource 6a19338f-3897-4213-a3b7-d3e1795203c8 (type: ports) to 1 [pid: 7|app: 0|req: 758/1601] 10.0.0.9 () {34 vars in 663 bytes} [Wed Jul 15 00:22:05 2026] POST /v2.0/ports => generated 774 bytes in 429 msecs (HTTP/1.1 201) 4 headers in 162 bytes (1 switches on core 0) [pid: 8|app: 0|req: 844/1602] 10.0.0.9 () {32 vars in 722 bytes} [Wed Jul 15 00:22:06 2026] DELETE /v2.0/subnets/116658db-dc02-457b-846a-856a215be07f => generated 0 bytes in 164 msecs (HTTP/1.1 204) 3 headers in 131 bytes (1 switches on core 0) /var/lib/openstack/lib/python3.12/site-packages/pycadf/identifier.py:70: UserWarning: Invalid uuid: neutron. To ensure interoperability, identifiers should be a valid uuid. warnings.warn(('Invalid uuid: %s. To ensure interoperability, '
2026-07-15 00:22:06.276 7 INFO neutron.db.segments_db [None req-cd7107ca-7208-4553-b9fc-b06b6529ccd8 1cebb3d26417422abdc21568c8e7b37d ed52e4a7905b47c2bde5a10662d92d51 - - default default] Added segment 4ddcb48b-3133-40d8-bff8-45aca8b737bc of type geneve for network dffcbc78-0fee-4e3a-a0bc-a585a6640906
2026-07-15 00:22:06.319 8 INFO neutron_taas.services.taas.taas_plugin [None req-484b7dab-e96d-4947-8162-05482f6d8b4e 340ca709160344739bd246748f91144d 4ed822de4f314cf68b577fa4df2b13f6 - - default default] TaaS: Handle Delete Port: 83edd2a3-8996-427e-8a01-f744d7c63331
2026-07-15 00:22:06.324 8 INFO neutron_taas.services.taas.tap_mirror_plugin [None req-484b7dab-e96d-4947-8162-05482f6d8b4e 340ca709160344739bd246748f91144d 4ed822de4f314cf68b577fa4df2b13f6 - - default default] Tap Mirror: Handle Delete Port: 83edd2a3-8996-427e-8a01-f744d7c63331
2026-07-15 00:22:06.415 7 INFO neutron.db.ovn_revision_numbers_db [None req-cd7107ca-7208-4553-b9fc-b06b6529ccd8 1cebb3d26417422abdc21568c8e7b37d ed52e4a7905b47c2bde5a10662d92d51 - - default default] Successfully bumped revision number for resource dffcbc78-0fee-4e3a-a0bc-a585a6640906 (type: networks) to 1
2026-07-15 00:22:06.566 8 INFO neutron.services.segments.plugin [-] Segment 35b4e6a0-c45c-46d2-995d-bbd49d08f3bb resource provider aggregate not found
2026-07-15 00:22:06.581 8 INFO neutron.services.segments.plugin [-] Segment 35b4e6a0-c45c-46d2-995d-bbd49d08f3bb resource provider aggregate not found
2026-07-15 00:22:06.587 8 INFO neutron.services.segments.plugin [-] Client error retrieving segment 35b4e6a0-c45c-46d2-995d-bbd49d08f3bb resource provider; error: Placement Client Error (4xx): {"errors": [{"status": 404, "title": "Not Found", "detail": "The resource could not be found.\n\n No resource provider with uuid 35b4e6a0-c45c-46d2-995d-bbd49d08f3bb found for delete ", "request_id": "req-73812f4b-a637-4dc6-aeee-5260cfc76663"}]}
2026-07-15 00:22:06.602 8 INFO neutron.services.segments.plugin [-] Client error retrieving segment 35b4e6a0-c45c-46d2-995d-bbd49d08f3bb resource provider; error: Placement Client Error (4xx): {"errors": [{"status": 404, "title": "Not Found", "detail": "The resource could not be found.\n\n No resource provider with uuid 35b4e6a0-c45c-46d2-995d-bbd49d08f3bb found for delete ", "request_id": "req-3ae81f75-2108-446c-b288-e34f47180285"}]} [pid: 8|app: 0|req: 845/1603] 10.0.0.9 () {32 vars in 724 bytes} [Wed Jul 15 00:22:06 2026] DELETE /v2.0/networks/ecd3f339-fb2c-4d0b-b43b-9661d23470ec => generated 0 bytes in 443 msecs (HTTP/1.1 204) 3 headers in 131 bytes (1 switches on core 0)
2026-07-15 00:22:06.667 7 WARNING neutron.scheduler.dhcp_agent_scheduler [None req-cd7107ca-7208-4553-b9fc-b06b6529ccd8 1cebb3d26417422abdc21568c8e7b37d ed52e4a7905b47c2bde5a10662d92d51 - - default default] No more DHCP agents
2026-07-15 00:22:06.670 7 WARNING neutron.api.rpc.agentnotifiers.dhcp_rpc_agent_api [None req-cd7107ca-7208-4553-b9fc-b06b6529ccd8 1cebb3d26417422abdc21568c8e7b37d ed52e4a7905b47c2bde5a10662d92d51 - - default default] Unable to schedule network dffcbc78-0fee-4e3a-a0bc-a585a6640906: no agents available; will retry on subsequent port and subnet creation events.
2026-07-15 00:22:06.762 8 INFO neutron_taas.services.taas.taas_plugin [None req-8e829691-fbf4-4da0-8925-158037fb632c 340ca709160344739bd246748f91144d 4ed822de4f314cf68b577fa4df2b13f6 - - default default] TaaS: Handle Delete Port: c9289df9-7678-449a-86ce-9bbc6675479c
2026-07-15 00:22:06.771 8 INFO neutron_taas.services.taas.tap_mirror_plugin [None req-8e829691-fbf4-4da0-8925-158037fb632c 340ca709160344739bd246748f91144d 4ed822de4f314cf68b577fa4df2b13f6 - - default default] Tap Mirror: Handle Delete Port: c9289df9-7678-449a-86ce-9bbc6675479c
2026-07-15 00:22:06.810 7 INFO neutron.db.ovn_revision_numbers_db [None req-cd7107ca-7208-4553-b9fc-b06b6529ccd8 1cebb3d26417422abdc21568c8e7b37d ed52e4a7905b47c2bde5a10662d92d51 - - default default] Successfully bumped revision number for resource 90c386d8-997b-4a60-b4aa-d8829d8f12c1 (type: ports) to 1 [pid: 7|app: 0|req: 759/1604] 10.0.0.9 () {34 vars in 668 bytes} [Wed Jul 15 00:22:06 2026] POST /v2.0/networks => generated 670 bytes in 673 msecs (HTTP/1.1 201) 4 headers in 162 bytes (1 switches on core 0) [pid: 7|app: 0|req: 760/1605] 10.0.0.24 () {34 vars in 1069 bytes} [Wed Jul 15 00:22:06 2026] GET /v2.0/ports?fields=security_groups&fields=device_id&device_id=582179ce-166b-49fc-a5a8-8f7c61327686 => generated 12 bytes in 28 msecs (HTTP/1.1 200) 4 headers in 156 bytes (1 switches on core 0) [pid: 8|app: 0|req: 846/1606] 10.0.0.9 () {32 vars in 724 bytes} [Wed Jul 15 00:22:06 2026] DELETE /v2.0/networks/16ec0b46-f19f-46ae-9d1c-06c2d4539096 => generated 0 bytes in 381 msecs (HTTP/1.1 204) 3 headers in 131 bytes (1 switches on core 0)
2026-07-15 00:22:07.088 7 WARNING neutron.scheduler.dhcp_agent_scheduler [None req-aa5e6c08-fbb7-4a26-bf76-625468b90896 1cebb3d26417422abdc21568c8e7b37d ed52e4a7905b47c2bde5a10662d92d51 - - default default] No more DHCP agents
2026-07-15 00:22:07.089 7 WARNING neutron.api.rpc.agentnotifiers.dhcp_rpc_agent_api [None req-aa5e6c08-fbb7-4a26-bf76-625468b90896 1cebb3d26417422abdc21568c8e7b37d ed52e4a7905b47c2bde5a10662d92d51 - - default default] Unable to schedule network dffcbc78-0fee-4e3a-a0bc-a585a6640906: no agents available; will retry on subsequent port and subnet creation events.
2026-07-15 00:22:07.102 8 INFO neutron.db.segments_db [None req-feb5fae3-8745-460d-8c6d-5e8fdee1346b 340ca709160344739bd246748f91144d 4ed822de4f314cf68b577fa4df2b13f6 - - default default] Added segment 3eab484a-53ce-402a-a4c7-bbcce54b75e8 of type geneve for network 271efb7a-5b85-47d4-9107-0fb39d27c6d7
