2026-07-15 00:22:15.672 7 INFO neutron_taas.services.taas.tap_mirror_plugin [None req-f41f64a7-7f67-4af0-91c5-4d709f6f375b 1cebb3d26417422abdc21568c8e7b37d ed52e4a7905b47c2bde5a10662d92d51 - - default default] Tap Mirror: Handle Delete Port: e1826f7f-f475-4f9e-9055-f90517d092b1 [pid: 8|app: 0|req: 875/1666] 199.204.45.216 () {34 vars in 1112 bytes} [Wed Jul 15 00:22:15 2026] GET /v2.0/networks/c61bd5cb-378c-4595-9af0-60e2a2c6da2f?fields=provider%3Aphysical_network&fields=provider%3Anetwork_type => generated 79 bytes in 44 msecs (HTTP/1.1 200) 4 headers in 156 bytes (1 switches on core 0)
2026-07-15 00:22:15.849 7 INFO neutron.services.segments.plugin [-] Segment 933d1f56-ca2e-413b-a372-572ca9821259 resource provider aggregate not found
2026-07-15 00:22:15.858 7 INFO neutron.services.segments.plugin [-] Segment 933d1f56-ca2e-413b-a372-572ca9821259 resource provider aggregate not found
2026-07-15 00:22:15.877 7 INFO neutron.services.segments.plugin [-] Client error retrieving segment 933d1f56-ca2e-413b-a372-572ca9821259 resource provider; error: Placement Client Error (4xx): {"errors": [{"status": 404, "title": "Not Found", "detail": "The resource could not be found.\n\n No resource provider with uuid 933d1f56-ca2e-413b-a372-572ca9821259 found for delete ", "request_id": "req-473a8325-4199-4393-b43c-7cd4c8fc7670"}]}
2026-07-15 00:22:15.879 7 INFO neutron.services.segments.plugin [-] Client error retrieving segment 933d1f56-ca2e-413b-a372-572ca9821259 resource provider; error: Placement Client Error (4xx): {"errors": [{"status": 404, "title": "Not Found", "detail": "The resource could not be found.\n\n No resource provider with uuid 933d1f56-ca2e-413b-a372-572ca9821259 found for delete ", "request_id": "req-0bd223b3-a635-4c01-961c-dc309bf7bfeb"}]} [pid: 7|app: 0|req: 792/1667] 10.0.0.9 () {32 vars in 724 bytes} [Wed Jul 15 00:22:15 2026] DELETE /v2.0/networks/7d2ba9cc-dcf9-45ac-8edd-bb1304b26dbd => generated 0 bytes in 395 msecs (HTTP/1.1 204) 3 headers in 131 bytes (1 switches on core 0)
2026-07-15 00:22:15.904 8 WARNING neutron.scheduler.dhcp_agent_scheduler [None req-8adad22a-3c9d-4662-a411-c8e304794f68 340ca709160344739bd246748f91144d 4ed822de4f314cf68b577fa4df2b13f6 - - default default] No more DHCP agents
2026-07-15 00:22:15.905 8 WARNING neutron.api.rpc.agentnotifiers.dhcp_rpc_agent_api [None req-8adad22a-3c9d-4662-a411-c8e304794f68 340ca709160344739bd246748f91144d 4ed822de4f314cf68b577fa4df2b13f6 - - default default] Unable to schedule network b5ce0a82-7272-4200-9b94-a82748ee9dac: no agents available; will retry on subsequent port and subnet creation events.
2026-07-15 00:22:15.937 8 INFO neutron.db.ovn_revision_numbers_db [None req-8adad22a-3c9d-4662-a411-c8e304794f68 340ca709160344739bd246748f91144d 4ed822de4f314cf68b577fa4df2b13f6 - - default default] Successfully bumped revision number for resource bffff834-9c2b-494c-8b18-48ef5498eb8c (type: subnets) to 0 [pid: 8|app: 0|req: 876/1668] 10.0.0.9 () {34 vars in 667 bytes} [Wed Jul 15 00:22:15 2026] POST /v2.0/subnets => generated 646 bytes in 254 msecs (HTTP/1.1 201) 4 headers in 162 bytes (1 switches on core 0) [pid: 7|app: 0|req: 793/1669] 10.0.0.9 () {32 vars in 686 bytes} [Wed Jul 15 00:22:15 2026] GET /v2.0/networks?not-tags=red%2Cblue => generated 2638 bytes in 74 msecs (HTTP/1.1 200) 4 headers in 158 bytes (1 switches on core 0)
2026-07-15 00:22:16.088 7 INFO neutron.db.ovn_revision_numbers_db [None req-eec396af-4efe-499a-b1f3-d1e549372485 340ca709160344739bd246748f91144d 4ed822de4f314cf68b577fa4df2b13f6 - - default default] Successfully bumped revision number for resource 5901673c-d0e2-4b54-aef9-c2625bf87a29 (type: routers) to 1 [pid: 7|app: 0|req: 794/1670] 10.0.0.9 () {34 vars in 667 bytes} [Wed Jul 15 00:22:15 2026] POST /v2.0/routers => generated 627 bytes in 132 msecs (HTTP/1.1 201) 4 headers in 162 bytes (1 switches on core 0) [pid: 7|app: 0|req: 795/1671] 10.0.0.9 () {32 vars in 682 bytes} [Wed Jul 15 00:22:16 2026] GET /v2.0/networks?not-tags-any=blue => generated 2638 bytes in 61 msecs (HTTP/1.1 200) 4 headers in 158 bytes (1 switches on core 0)
2026-07-15 00:22:16.172 8 WARNING neutron.scheduler.dhcp_agent_scheduler [None req-923d3349-a9d8-45f6-807a-79a94bd1ee46 1cebb3d26417422abdc21568c8e7b37d ed52e4a7905b47c2bde5a10662d92d51 - - default default] No more DHCP agents
2026-07-15 00:22:16.173 8 WARNING neutron.api.rpc.agentnotifiers.dhcp_rpc_agent_api [None req-923d3349-a9d8-45f6-807a-79a94bd1ee46 1cebb3d26417422abdc21568c8e7b37d ed52e4a7905b47c2bde5a10662d92d51 - - default default] Unable to schedule network d04f1870-be84-4c07-a73b-e8a4dab5790b: no agents available; will retry on subsequent port and subnet creation events.
2026-07-15 00:22:16.258 8 INFO neutron.db.ovn_revision_numbers_db [None req-923d3349-a9d8-45f6-807a-79a94bd1ee46 1cebb3d26417422abdc21568c8e7b37d ed52e4a7905b47c2bde5a10662d92d51 - - default default] Successfully bumped revision number for resource 30aae907-b4f5-43e5-b521-7883f2274d06 (type: ports) to 1
2026-07-15 00:22:16.264 7 WARNING neutron.plugins.ml2.drivers.ovn.mech_driver.ovsdb.ovn_client [None req-de50139e-adcd-428a-ac18-426257aaa876 - - - - - -] No port found with ID 1b7aaa1e-2780-4116-bab0-c014d1b58631: RuntimeError: No port found with ID 1b7aaa1e-2780-4116-bab0-c014d1b58631 [pid: 8|app: 0|req: 877/1672] 10.0.0.9 () {34 vars in 663 bytes} [Wed Jul 15 00:22:15 2026] POST /v2.0/ports => generated 773 bytes in 331 msecs (HTTP/1.1 201) 4 headers in 162 bytes (1 switches on core 0) /var/lib/openstack/lib/python3.12/site-packages/pycadf/identifier.py:70: UserWarning: Invalid uuid: neutron. To ensure interoperability, identifiers should be a valid uuid. warnings.warn(('Invalid uuid: %s. To ensure interoperability, ' [pid: 8|app: 0|req: 878/1673] 10.0.0.9 () {32 vars in 694 bytes} [Wed Jul 15 00:22:16 2026] GET /v2.0/networks?not-tags-any=red%2Cblue => generated 1988 bytes in 53 msecs (HTTP/1.1 200) 4 headers in 158 bytes (1 switches on core 0)
2026-07-15 00:22:16.344 7 INFO neutron.plugins.ml2.drivers.ovn.mech_driver.mech_driver [None req-de50139e-adcd-428a-ac18-426257aaa876 - - - - - -] OVN reports status down for port: f7ac992d-b1bf-4446-81e5-425821854af4
2026-07-15 00:22:16.487 7 INFO neutron.plugins.ml2.drivers.ovn.mech_driver.mech_driver [None req-de50139e-adcd-428a-ac18-426257aaa876 - - - - - -] OVN reports status down for port: bb9e812d-a414-4a92-9e9e-ffe35de3028f
2026-07-15 00:22:16.598 8 INFO neutron.db.ovn_revision_numbers_db [None req-b81eb4ba-d782-45b6-ac91-cb6eff72594a 1cebb3d26417422abdc21568c8e7b37d ed52e4a7905b47c2bde5a10662d92d51 - - default default] Successfully bumped revision number for resource 30aae907-b4f5-43e5-b521-7883f2274d06 (type: ports) to 2 [pid: 8|app: 0|req: 879/1674] 10.0.0.9 () {34 vars in 735 bytes} [Wed Jul 15 00:22:16 2026] PUT /v2.0/ports/30aae907-b4f5-43e5-b521-7883f2274d06 => generated 752 bytes in 275 msecs (HTTP/1.1 200) 4 headers in 157 bytes (1 switches on core 0) /var/lib/openstack/lib/python3.12/site-packages/pycadf/identifier.py:70: UserWarning: Invalid uuid: neutron. To ensure interoperability, identifiers should be a valid uuid. warnings.warn(('Invalid uuid: %s. To ensure interoperability, '
2026-07-15 00:22:16.645 7 INFO neutron.plugins.ml2.drivers.ovn.mech_driver.mech_driver [None req-de50139e-adcd-428a-ac18-426257aaa876 - - - - - -] OVN reports status down for port: b7ff15de-392a-44e0-b4dd-bc9c4e2f6289
2026-07-15 00:22:16.688 7 INFO neutron.plugins.ml2.drivers.ovn.mech_driver.mech_driver [None req-de50139e-adcd-428a-ac18-426257aaa876 - - - - - -] OVN reports status down for port: 020b0e84-9499-4ad8-9c51-63c3a62f91af
2026-07-15 00:22:16.743 8 INFO neutron_taas.services.taas.taas_plugin [None req-dcf3c6bf-932a-4d30-8ce5-8705ff044da6 fe6ab8746815459facacedbc5d1e8672 09bef738a09e4d038b2a49e1be60fdfa - - default default] TaaS: Handle Delete Port: b23901c6-177d-4f43-be8b-7485884476d5
2026-07-15 00:22:16.748 8 INFO neutron_taas.services.taas.tap_mirror_plugin [None req-dcf3c6bf-932a-4d30-8ce5-8705ff044da6 fe6ab8746815459facacedbc5d1e8672 09bef738a09e4d038b2a49e1be60fdfa - - default default] Tap Mirror: Handle Delete Port: b23901c6-177d-4f43-be8b-7485884476d5
2026-07-15 00:22:16.783 7 WARNING neutron.scheduler.dhcp_agent_scheduler [None req-e10100a7-4628-4c53-881e-13d5398c1e1d 340ca709160344739bd246748f91144d 4ed822de4f314cf68b577fa4df2b13f6 - - default default] No more DHCP agents
2026-07-15 00:22:16.785 7 WARNING neutron.api.rpc.agentnotifiers.dhcp_rpc_agent_api [None req-e10100a7-4628-4c53-881e-13d5398c1e1d 340ca709160344739bd246748f91144d 4ed822de4f314cf68b577fa4df2b13f6 - - default default] Unable to schedule network b5ce0a82-7272-4200-9b94-a82748ee9dac: no agents available; will retry on subsequent port and subnet creation events.
2026-07-15 00:22:16.825 7 INFO neutron.plugins.ml2.drivers.ovn.mech_driver.mech_driver [None req-de50139e-adcd-428a-ac18-426257aaa876 - - - - - -] OVN reports status down for port: 30aae907-b4f5-43e5-b521-7883f2274d06 [pid: 8|app: 0|req: 880/1675] 10.0.0.9 () {32 vars in 724 bytes} [Wed Jul 15 00:22:16 2026] DELETE /v2.0/networks/2ce7a54f-7e0c-4e83-8731-8869f3c440ac => generated 0 bytes in 364 msecs (HTTP/1.1 204) 3 headers in 131 bytes (1 switches on core 0)
2026-07-15 00:22:16.980 7 INFO neutron.plugins.ml2.drivers.ovn.mech_driver.mech_driver [None req-de50139e-adcd-428a-ac18-426257aaa876 - - - - - -] OVN reports status down for port: 30aae907-b4f5-43e5-b521-7883f2274d06
2026-07-15 00:22:17.033 7 INFO neutron.db.ovn_revision_numbers_db [None req-e10100a7-4628-4c53-881e-13d5398c1e1d 340ca709160344739bd246748f91144d 4ed822de4f314cf68b577fa4df2b13f6 - - default default] Successfully bumped revision number for resource 4326ac88-96f0-4b18-a2ee-26f6ef28872e (type: ports) to 1
2026-07-15 00:22:17.044 8 INFO neutron.services.segments.plugin [-] Segment 03801c9d-b65c-4379-8307-d9b24dbf6f61 resource provider aggregate not found
2026-07-15 00:22:17.048 8 INFO neutron.services.segments.plugin [-] Segment 03801c9d-b65c-4379-8307-d9b24dbf6f61 resource provider aggregate not found
2026-07-15 00:22:17.064 8 INFO neutron.services.segments.plugin [-] Client error retrieving segment 03801c9d-b65c-4379-8307-d9b24dbf6f61 resource provider; error: Placement Client Error (4xx): {"errors": [{"status": 404, "title": "Not Found", "detail": "The resource could not be found.\n\n No resource provider with uuid 03801c9d-b65c-4379-8307-d9b24dbf6f61 found for delete ", "request_id": "req-f0d45f42-a879-4350-a69f-9e00055defce"}]}
2026-07-15 00:22:17.066 8 INFO neutron.services.segments.plugin [-] Client error retrieving segment 03801c9d-b65c-4379-8307-d9b24dbf6f61 resource provider; error: Placement Client Error (4xx): {"errors": [{"status": 404, "title": "Not Found", "detail": "The resource could not be found.\n\n No resource provider with uuid 03801c9d-b65c-4379-8307-d9b24dbf6f61 found for delete ", "request_id": "req-71daf09b-c847-45b8-8400-f98b757c7801"}]} [pid: 8|app: 0|req: 881/1676] 10.0.0.24 () {34 vars in 1069 bytes} [Wed Jul 15 00:22:16 2026] GET /v2.0/ports?fields=security_groups&fields=device_id&device_id=582179ce-166b-49fc-a5a8-8f7c61327686 => generated 162 bytes in 90 msecs (HTTP/1.1 200) 4 headers in 157 bytes (1 switches on core 0)
2026-07-15 00:22:17.087 7 INFO neutron.plugins.ml2.drivers.ovn.mech_driver.mech_driver [None req-de50139e-adcd-428a-ac18-426257aaa876 - - - - - -] OVN reports status down for port: 4326ac88-96f0-4b18-a2ee-26f6ef28872e
2026-07-15 00:22:17.185 8 INFO neutron_taas.services.taas.taas_plugin [None req-0c1a7e0b-0040-4cc8-a9f7-a9e1f4143bc5 1cebb3d26417422abdc21568c8e7b37d ed52e4a7905b47c2bde5a10662d92d51 - - default default] TaaS: Handle Delete Port: 30aae907-b4f5-43e5-b521-7883f2274d06
2026-07-15 00:22:17.189 8 INFO neutron_taas.services.taas.tap_mirror_plugin [None req-0c1a7e0b-0040-4cc8-a9f7-a9e1f4143bc5 1cebb3d26417422abdc21568c8e7b37d ed52e4a7905b47c2bde5a10662d92d51 - - default default] Tap Mirror: Handle Delete Port: 30aae907-b4f5-43e5-b521-7883f2274d06 [pid: 8|app: 0|req: 882/1677] 10.0.0.9 () {32 vars in 718 bytes} [Wed Jul 15 00:22:17 2026] DELETE /v2.0/ports/30aae907-b4f5-43e5-b521-7883f2274d06 => generated 0 bytes in 241 msecs (HTTP/1.1 204) 3 headers in 131 bytes (1 switches on core 0)
2026-07-15 00:22:17.444 8 INFO neutron_taas.services.taas.taas_plugin [None req-fd971651-3d60-424d-8416-e0ddb864b5b5 fe6ab8746815459facacedbc5d1e8672 09bef738a09e4d038b2a49e1be60fdfa - - default default] TaaS: Handle Delete Port: 4225f63a-a555-40af-b65d-8ec17d2b9cb3
2026-07-15 00:22:17.448 8 INFO neutron_taas.services.taas.tap_mirror_plugin [None req-fd971651-3d60-424d-8416-e0ddb864b5b5 fe6ab8746815459facacedbc5d1e8672 09bef738a09e4d038b2a49e1be60fdfa - - default default] Tap Mirror: Handle Delete Port: 4225f63a-a555-40af-b65d-8ec17d2b9cb3
2026-07-15 00:22:17.655 7 INFO neutron.plugins.ml2.drivers.ovn.mech_driver.mech_driver [None req-de50139e-adcd-428a-ac18-426257aaa876 - - - - - -] OVN reports status up for port: 4326ac88-96f0-4b18-a2ee-26f6ef28872e [pid: 8|app: 0|req: 883/1678] 10.0.0.9 () {32 vars in 724 bytes} [Wed Jul 15 00:22:17 2026] DELETE /v2.0/networks/cd6718bc-de85-4d91-8531-5bf7d94e56c5 => generated 0 bytes in 363 msecs (HTTP/1.1 204) 3 headers in 131 bytes (1 switches on core 0)
2026-07-15 00:22:17.681 7 INFO neutron.plugins.ml2.plugin [None req-de50139e-adcd-428a-ac18-426257aaa876 - - - - - -] Attempt 1 to provision port 4326ac88-96f0-4b18-a2ee-26f6ef28872e [pid: 8|app: 0|req: 884/1679] 10.0.0.24 () {34 vars in 1119 bytes} [Wed Jul 15 00:22:17 2026] GET /v2.0/security-groups?id=56a7aef9-f9ea-4f7a-a3fa-ced798666412&id=90be4460-afd5-4328-a46a-fcf618bb15ce&fields=id&fields=name => generated 205 bytes in 25 msecs (HTTP/1.1 200) 4 headers in 157 bytes (1 switches on core 0) [pid: 8|app: 0|req: 885/1680] 10.0.0.9 () {32 vars in 641 bytes} [Wed Jul 15 00:22:17 2026] GET /v2.0/ports => generated 1533 bytes in 33 msecs (HTTP/1.1 200) 4 headers in 158 bytes (1 switches on core 0)
2026-07-15 00:22:17.786 7 WARNING neutron.scheduler.dhcp_agent_scheduler [None req-e10100a7-4628-4c53-881e-13d5398c1e1d 340ca709160344739bd246748f91144d 4ed822de4f314cf68b577fa4df2b13f6 - - default default] No more DHCP agents
2026-07-15 00:22:17.789 7 WARNING neutron.api.rpc.agentnotifiers.dhcp_rpc_agent_api [None req-e10100a7-4628-4c53-881e-13d5398c1e1d 340ca709160344739bd246748f91144d 4ed822de4f314cf68b577fa4df2b13f6 - - default default] Unable to schedule network b5ce0a82-7272-4200-9b94-a82748ee9dac: no agents available; will retry on subsequent port and subnet creation events.
2026-07-15 00:22:17.832 8 INFO neutron_taas.services.taas.taas_plugin [None req-922de836-5622-43ce-a8ad-6e61e2d155a1 fe6ab8746815459facacedbc5d1e8672 09bef738a09e4d038b2a49e1be60fdfa - - default default] TaaS: Handle Delete Port: 50f884b8-f149-41cf-b313-7826ae18e5d0
2026-07-15 00:22:17.835 8 INFO neutron_taas.services.taas.tap_mirror_plugin [None req-922de836-5622-43ce-a8ad-6e61e2d155a1 fe6ab8746815459facacedbc5d1e8672 09bef738a09e4d038b2a49e1be60fdfa - - default default] Tap Mirror: Handle Delete Port: 50f884b8-f149-41cf-b313-7826ae18e5d0 [pid: 8|app: 0|req: 886/1681] 10.0.0.9 () {32 vars in 724 bytes} [Wed Jul 15 00:22:17 2026] DELETE /v2.0/networks/94d0c7aa-a642-4708-b166-daeafe04ef32 => generated 0 bytes in 286 msecs (HTTP/1.1 204) 3 headers in 131 bytes (1 switches on core 0)
2026-07-15 00:22:18.036 8 INFO neutron.pecan_wsgi.hooks.translation [None req-2ecde3c1-2859-4c99-9dd1-f870d8250d62 1cebb3d26417422abdc21568c8e7b37d ed52e4a7905b47c2bde5a10662d92d51 - - default default] GET failed (client error): The resource could not be found. [pid: 8|app: 0|req: 887/1682] 10.0.0.9 () {32 vars in 715 bytes} [Wed Jul 15 00:22:18 2026] GET /v2.0/ports/30aae907-b4f5-43e5-b521-7883f2274d06 => generated 132 bytes in 16 msecs (HTTP/1.1 404) 4 headers in 164 bytes (1 switches on core 0)
2026-07-15 00:22:18.158 8 INFO neutron_taas.services.taas.taas_plugin [None req-21a0d6f9-3f4e-4948-9315-78355ec0c731 fe6ab8746815459facacedbc5d1e8672 09bef738a09e4d038b2a49e1be60fdfa - - default default] TaaS: Handle Delete Port: f7ac992d-b1bf-4446-81e5-425821854af4
2026-07-15 00:22:18.161 8 INFO neutron_taas.services.taas.tap_mirror_plugin [None req-21a0d6f9-3f4e-4948-9315-78355ec0c731 fe6ab8746815459facacedbc5d1e8672 09bef738a09e4d038b2a49e1be60fdfa - - default default] Tap Mirror: Handle Delete Port: f7ac992d-b1bf-4446-81e5-425821854af4
2026-07-15 00:22:18.229 7 INFO neutron.db.ovn_revision_numbers_db [None req-e10100a7-4628-4c53-881e-13d5398c1e1d 340ca709160344739bd246748f91144d 4ed822de4f314cf68b577fa4df2b13f6 - - default default] Successfully bumped revision number for resource 4326ac88-96f0-4b18-a2ee-26f6ef28872e (type: router_ports) to 1 [pid: 7|app: 0|req: 796/1683] 10.0.0.9 () {34 vars in 781 bytes} [Wed Jul 15 00:22:16 2026] PUT /v2.0/routers/5901673c-d0e2-4b54-aef9-c2625bf87a29/add_router_interface => generated 310 bytes in 2072 msecs (HTTP/1.1 200) 4 headers in 157 bytes (1 switches on core 0) [pid: 8|app: 0|req: 888/1684] 10.0.0.9 () {32 vars in 724 bytes} [Wed Jul 15 00:22:18 2026] DELETE /v2.0/networks/5ef11242-647e-420b-9bab-f30bde9f863e => generated 0 bytes in 326 msecs (HTTP/1.1 204) 3 headers in 131 bytes (1 switches on core 0) [pid: 7|app: 0|req: 797/1685] 10.0.0.9 () {32 vars in 641 bytes} [Wed Jul 15 00:22:18 2026] GET /v2.0/ports => generated 1533 bytes in 142 msecs (HTTP/1.1 200) 4 headers in 158 bytes (1 switches on core 0) [pid: 8|app: 0|req: 889/1686] 10.0.0.9 () {32 vars in 715 bytes} [Wed Jul 15 00:22:18 2026] GET /v2.0/ports/4326ac88-96f0-4b18-a2ee-26f6ef28872e => generated 947 bytes in 39 msecs (HTTP/1.1 200) 4 headers in 157 bytes (1 switches on core 0)
2026-07-15 00:22:18.410 7 INFO neutron.db.ovn_revision_numbers_db [None req-de50139e-adcd-428a-ac18-426257aaa876 - - - - - -] Successfully bumped revision number for resource 4326ac88-96f0-4b18-a2ee-26f6ef28872e (type: ports) to 2 [pid: 8|app: 0|req: 890/1687] 10.0.0.9 () {32 vars in 715 bytes} [Wed Jul 15 00:22:18 2026] GET /v2.0/ports/6a19338f-3897-4213-a3b7-d3e1795203c8 => generated 774 bytes in 40 msecs (HTTP/1.1 200) 4 headers in 157 bytes (1 switches on core 0) [pid: 8|app: 0|req: 891/1688] 10.0.0.9 () {32 vars in 715 bytes} [Wed Jul 15 00:22:18 2026] GET /v2.0/ports/4326ac88-96f0-4b18-a2ee-26f6ef28872e => generated 947 bytes in 42 msecs (HTTP/1.1 200) 4 headers in 157 bytes (1 switches on core 0)
2026-07-15 00:22:18.508 8 INFO neutron.pecan_wsgi.hooks.translation [None req-6b2d2956-4147-4712-80c3-6351a00ab63a 1cebb3d26417422abdc21568c8e7b37d ed52e4a7905b47c2bde5a10662d92d51 - - default default] DELETE failed (client error): The resource could not be found. [pid: 8|app: 0|req: 892/1689] 10.0.0.9 () {32 vars in 718 bytes} [Wed Jul 15 00:22:18 2026] DELETE /v2.0/ports/b7ff15de-392a-44e0-b4dd-bc9c4e2f6289 => generated 132 bytes in 23 msecs (HTTP/1.1 404) 4 headers in 164 bytes (1 switches on core 0)
2026-07-15 00:22:18.576 7 INFO neutron_taas.services.taas.taas_plugin [None req-70b40f80-935a-4889-bc90-7abf57d270d6 fe6ab8746815459facacedbc5d1e8672 09bef738a09e4d038b2a49e1be60fdfa - - default default] TaaS: Handle Delete Port: bb9e812d-a414-4a92-9e9e-ffe35de3028f
2026-07-15 00:22:18.579 7 INFO neutron_taas.services.taas.tap_mirror_plugin [None req-70b40f80-935a-4889-bc90-7abf57d270d6 fe6ab8746815459facacedbc5d1e8672 09bef738a09e4d038b2a49e1be60fdfa - - default default] Tap Mirror: Handle Delete Port: bb9e812d-a414-4a92-9e9e-ffe35de3028f
2026-07-15 00:22:18.777 8 INFO neutron_taas.services.taas.taas_plugin [None req-e973a872-3c44-44f4-92aa-d8c0a144dd71 340ca709160344739bd246748f91144d 4ed822de4f314cf68b577fa4df2b13f6 - - default default] TaaS: Handle Delete Port: 4326ac88-96f0-4b18-a2ee-26f6ef28872e
2026-07-15 00:22:18.780 8 INFO neutron_taas.services.taas.tap_mirror_plugin [None req-e973a872-3c44-44f4-92aa-d8c0a144dd71 340ca709160344739bd246748f91144d 4ed822de4f314cf68b577fa4df2b13f6 - - default default] Tap Mirror: Handle Delete Port: 4326ac88-96f0-4b18-a2ee-26f6ef28872e
2026-07-15 00:22:18.784 7 INFO neutron.services.segments.plugin [-] Segment 88bef075-2adb-4829-80c9-0d89c031e117 resource provider aggregate not found
2026-07-15 00:22:18.789 7 INFO neutron.services.segments.plugin [-] Segment 88bef075-2adb-4829-80c9-0d89c031e117 resource provider aggregate not found
2026-07-15 00:22:18.800 7 INFO neutron.services.segments.plugin [-] Client error retrieving segment 88bef075-2adb-4829-80c9-0d89c031e117 resource provider; error: Placement Client Error (4xx): {"errors": [{"status": 404, "title": "Not Found", "detail": "The resource could not be found.\n\n No resource provider with uuid 88bef075-2adb-4829-80c9-0d89c031e117 found for delete ", "request_id": "req-b11c19fe-0cdc-4b23-80bc-5dee2668743d"}]}
2026-07-15 00:22:18.824 7 INFO neutron.services.segments.plugin [-] Client error retrieving segment 88bef075-2adb-4829-80c9-0d89c031e117 resource provider; error: Placement Client Error (4xx): {"errors": [{"status": 404, "title": "Not Found", "detail": "The resource could not be found.\n\n No resource provider with uuid 88bef075-2adb-4829-80c9-0d89c031e117 found for delete ", "request_id": "req-d57a6792-b3a2-48c1-87fd-167876fc8d0f"}]} [pid: 7|app: 0|req: 798/1690] 10.0.0.9 () {32 vars in 724 bytes} [Wed Jul 15 00:22:18 2026] DELETE /v2.0/networks/d62c2c0f-e5f0-4a0a-a388-319aa6da34e5 => generated 0 bytes in 472 msecs (HTTP/1.1 204) 3 headers in 131 bytes (1 switches on core 0)
2026-07-15 00:22:18.869 7 INFO neutron.pecan_wsgi.hooks.translation [None req-7ee671d7-2794-49e0-a245-558ebf873857 1cebb3d26417422abdc21568c8e7b37d ed52e4a7905b47c2bde5a10662d92d51 - - default default] DELETE failed (client error): The resource could not be found. [pid: 7|app: 0|req: 799/1691] 10.0.0.9 () {32 vars in 722 bytes} [Wed Jul 15 00:22:18 2026] DELETE /v2.0/subnets/cf029b1d-f583-4aa8-88e5-14b2ca75292f => generated 136 bytes in 17 msecs (HTTP/1.1 404) 4 headers in 164 bytes (1 switches on core 0) [pid: 7|app: 0|req: 800/1692] 10.0.0.24 () {34 vars in 1069 bytes} [Wed Jul 15 00:22:18 2026] GET /v2.0/ports?fields=security_groups&fields=device_id&device_id=582179ce-166b-49fc-a5a8-8f7c61327686 => generated 162 bytes in 31 msecs (HTTP/1.1 200) 4 headers in 157 bytes (1 switches on core 0)
2026-07-15 00:22:18.917 7 INFO neutron.pecan_wsgi.hooks.translation [None req-8f4791b3-1e8e-4ec4-ad93-7880f181eb5f 1cebb3d26417422abdc21568c8e7b37d ed52e4a7905b47c2bde5a10662d92d51 - - default default] DELETE failed (client error): The resource could not be found. [pid: 7|app: 0|req: 801/1693] 10.0.0.9 () {32 vars in 722 bytes} [Wed Jul 15 00:22:18 2026] DELETE /v2.0/subnets/18172d39-08e3-4efb-8884-ce850a6dec53 => generated 136 bytes in 16 msecs (HTTP/1.1 404) 4 headers in 164 bytes (1 switches on core 0) [pid: 7|app: 0|req: 802/1694] 10.0.0.24 () {34 vars in 1119 bytes} [Wed Jul 15 00:22:18 2026] GET /v2.0/security-groups?id=56a7aef9-f9ea-4f7a-a3fa-ced798666412&id=90be4460-afd5-4328-a46a-fcf618bb15ce&fields=id&fields=name => generated 205 bytes in 33 msecs (HTTP/1.1 200) 4 headers in 157 bytes (1 switches on core 0)
2026-07-15 00:22:19.102 7 INFO neutron_taas.services.taas.taas_plugin [None req-d8432f5d-04b9-41f3-8ced-02d3f625d27d 1cebb3d26417422abdc21568c8e7b37d ed52e4a7905b47c2bde5a10662d92d51 - - default default] TaaS: Handle Delete Port: 6a19338f-3897-4213-a3b7-d3e1795203c8
2026-07-15 00:22:19.107 7 INFO neutron_taas.services.taas.tap_mirror_plugin [None req-d8432f5d-04b9-41f3-8ced-02d3f625d27d 1cebb3d26417422abdc21568c8e7b37d ed52e4a7905b47c2bde5a10662d92d51 - - default default] Tap Mirror: Handle Delete Port: 6a19338f-3897-4213-a3b7-d3e1795203c8
2026-07-15 00:22:19.107 8 INFO neutron.services.segments.plugin [-] Segment fb5e445a-6b54-4b5a-9b0b-7398370728e4 resource provider aggregate not found
2026-07-15 00:22:19.124 8 INFO neutron.services.segments.plugin [-] Segment fb5e445a-6b54-4b5a-9b0b-7398370728e4 resource provider aggregate not found
2026-07-15 00:22:19.127 8 INFO neutron.services.segments.plugin [-] Client error retrieving segment fb5e445a-6b54-4b5a-9b0b-7398370728e4 resource provider; error: Placement Client Error (4xx): {"errors": [{"status": 404, "title": "Not Found", "detail": "The resource could not be found.\n\n No resource provider with uuid fb5e445a-6b54-4b5a-9b0b-7398370728e4 found for delete ", "request_id": "req-6976b4b3-71d6-4e63-9671-0891f60df5af"}]}
2026-07-15 00:22:19.142 8 INFO neutron.services.segments.plugin [-] Client error retrieving segment fb5e445a-6b54-4b5a-9b0b-7398370728e4 resource provider; error: Placement Client Error (4xx): {"errors": [{"status": 404, "title": "Not Found", "detail": "The resource could not be found.\n\n No resource provider with uuid fb5e445a-6b54-4b5a-9b0b-7398370728e4 found for delete ", "request_id": "req-f309a517-6d24-4149-8668-113bf990fdfb"}]}
2026-07-15 00:22:19.147 8 INFO neutron.services.segments.plugin [-] Segment 09549581-8ea7-4a48-ac96-d5709f65d0c8 resource provider aggregate not found
2026-07-15 00:22:19.165 8 INFO neutron.services.segments.plugin [-] Segment 09549581-8ea7-4a48-ac96-d5709f65d0c8 resource provider aggregate not found
2026-07-15 00:22:19.172 8 INFO neutron.services.segments.plugin [-] Client error retrieving segment 09549581-8ea7-4a48-ac96-d5709f65d0c8 resource provider; error: Placement Client Error (4xx): {"errors": [{"status": 404, "title": "Not Found", "detail": "The resource could not be found.\n\n No resource provider with uuid 09549581-8ea7-4a48-ac96-d5709f65d0c8 found for delete ", "request_id": "req-30073df8-ae4c-4acc-8cb6-e53ec919b76e"}]}
2026-07-15 00:22:19.193 8 INFO neutron.services.segments.plugin [-] Client error retrieving segment 09549581-8ea7-4a48-ac96-d5709f65d0c8 resource provider; error: Placement Client Error (4xx): {"errors": [{"status": 404, "title": "Not Found", "detail": "The resource could not be found.\n\n No resource provider with uuid 09549581-8ea7-4a48-ac96-d5709f65d0c8 found for delete ", "request_id": "req-39f296b6-136b-45e1-8709-502519bb873c"}]}
2026-07-15 00:22:19.197 8 INFO neutron.services.segments.plugin [-] Segment 8e74fe19-6771-457b-bf0c-e52e540c7f12 resource provider aggregate not found [pid: 8|app: 0|req: 893/1695] 10.0.0.9 () {34 vars in 787 bytes} [Wed Jul 15 00:22:18 2026] PUT /v2.0/routers/5901673c-d0e2-4b54-aef9-c2625bf87a29/remove_router_interface => generated 310 bytes in 704 msecs (HTTP/1.1 200) 4 headers in 157 bytes (1 switches on core 0)
2026-07-15 00:22:19.217 8 INFO neutron.services.segments.plugin [-] Client error retrieving segment 8e74fe19-6771-457b-bf0c-e52e540c7f12 resource provider; error: Placement Client Error (4xx): {"errors": [{"status": 404, "title": "Not Found", "detail": "The resource could not be found.\n\n No resource provider with uuid 8e74fe19-6771-457b-bf0c-e52e540c7f12 found for delete ", "request_id": "req-7f42b1a8-3e66-4a7a-8617-cb18e6990fda"}]}
2026-07-15 00:22:19.218 8 INFO neutron.services.segments.plugin [-] Segment 8e74fe19-6771-457b-bf0c-e52e540c7f12 resource provider aggregate not found /var/lib/openstack/lib/python3.12/site-packages/pycadf/identifier.py:70: UserWarning: Invalid uuid: neutron. To ensure interoperability, identifiers should be a valid uuid. warnings.warn(('Invalid uuid: %s. To ensure interoperability, ' [pid: 7|app: 0|req: 803/1696] 10.0.0.9 () {32 vars in 718 bytes} [Wed Jul 15 00:22:18 2026] DELETE /v2.0/ports/6a19338f-3897-4213-a3b7-d3e1795203c8 => generated 0 bytes in 277 msecs (HTTP/1.1 204) 3 headers in 131 bytes (1 switches on core 0)
2026-07-15 00:22:19.235 8 INFO neutron.services.segments.plugin [-] Client error retrieving segment 8e74fe19-6771-457b-bf0c-e52e540c7f12 resource provider; error: Placement Client Error (4xx): {"errors": [{"status": 404, "title": "Not Found", "detail": "The resource could not be found.\n\n No resource provider with uuid 8e74fe19-6771-457b-bf0c-e52e540c7f12 found for delete ", "request_id": "req-9ca7c6e4-3ff7-4fb9-98e6-21c8e172695e"}]} [pid: 8|app: 0|req: 894/1697] 10.0.0.9 () {32 vars in 734 bytes} [Wed Jul 15 00:22:19 2026] GET /v2.0/ports?device_id=5901673c-d0e2-4b54-aef9-c2625bf87a29 => generated 12 bytes in 21 msecs (HTTP/1.1 200) 4 headers in 156 bytes (1 switches on core 0)
2026-07-15 00:22:19.363 7 INFO neutron_taas.services.taas.taas_plugin [None req-aac76125-f6ac-415f-9e01-0cb39e3c9687 1cebb3d26417422abdc21568c8e7b37d ed52e4a7905b47c2bde5a10662d92d51 - - default default] TaaS: Handle Delete Port: 99c34cdf-f968-4e84-a3e3-2d55f6b1c717
2026-07-15 00:22:19.366 7 INFO neutron_taas.services.taas.tap_mirror_plugin [None req-aac76125-f6ac-415f-9e01-0cb39e3c9687 1cebb3d26417422abdc21568c8e7b37d ed52e4a7905b47c2bde5a10662d92d51 - - default default] Tap Mirror: Handle Delete Port: 99c34cdf-f968-4e84-a3e3-2d55f6b1c717 [pid: 8|app: 0|req: 895/1698] 10.0.0.9 () {32 vars in 722 bytes} [Wed Jul 15 00:22:19 2026] DELETE /v2.0/routers/5901673c-d0e2-4b54-aef9-c2625bf87a29 => generated 0 bytes in 214 msecs (HTTP/1.1 204) 2 headers in 112 bytes (1 switches on core 0) [pid: 7|app: 0|req: 804/1699] 10.0.0.9 () {32 vars in 724 bytes} [Wed Jul 15 00:22:19 2026] DELETE /v2.0/networks/d04f1870-be84-4c07-a73b-e8a4dab5790b => generated 0 bytes in 422 msecs (HTTP/1.1 204) 3 headers in 131 bytes (1 switches on core 0) [pid: 8|app: 0|req: 896/1700] 10.0.0.9 () {32 vars in 722 bytes} [Wed Jul 15 00:22:19 2026] DELETE /v2.0/subnets/bffff834-9c2b-494c-8b18-48ef5498eb8c => generated 0 bytes in 212 msecs (HTTP/1.1 204) 3 headers in 131 bytes (1 switches on core 0)
2026-07-15 00:22:19.837 7 INFO neutron_taas.services.taas.taas_plugin [None req-25dd6712-eaca-4bbd-ab83-411b89408bca 340ca709160344739bd246748f91144d 4ed822de4f314cf68b577fa4df2b13f6 - - default default] TaaS: Handle Delete Port: 020b0e84-9499-4ad8-9c51-63c3a62f91af
2026-07-15 00:22:19.840 7 INFO neutron_taas.services.taas.tap_mirror_plugin [None req-25dd6712-eaca-4bbd-ab83-411b89408bca 340ca709160344739bd246748f91144d 4ed822de4f314cf68b577fa4df2b13f6 - - default default] Tap Mirror: Handle Delete Port: 020b0e84-9499-4ad8-9c51-63c3a62f91af
2026-07-15 00:22:19.977 8 WARNING neutron.db.securitygroups_db [None req-aa0e9ab4-e1bc-4ca2-aba7-7fffe2443bf1 ee0847ec8885450e89893411e7798beb fd938b09b9974e31b3e8c0eacce8a99c - - default default] project_id key not found in filters, using tenant_id instead. This support has been deprecated and will be removed in a future release. [pid: 8|app: 0|req: 897/1701] 10.0.0.9 () {32 vars in 772 bytes} [Wed Jul 15 00:22:19 2026] GET /v2.0/security-groups?tenant_id=09bef738a09e4d038b2a49e1be60fdfa&name=default => generated 2925 bytes in 261 msecs (HTTP/1.1 200) 4 headers in 158 bytes (1 switches on core 0) [pid: 8|app: 0|req: 898/1702] 199.204.45.216 () {34 vars in 994 bytes} [Wed Jul 15 00:22:20 2026] GET /v2.0/ports?device_id=582179ce-166b-49fc-a5a8-8f7c61327686 => generated 1008 bytes in 34 msecs (HTTP/1.1 200) 4 headers in 158 bytes (1 switches on core 0) [pid: 7|app: 0|req: 805/1705] 10.0.0.9 () {32 vars in 724 bytes} [Wed Jul 15 00:22:19 2026] DELETE /v2.0/networks/b5ce0a82-7272-4200-9b94-a82748ee9dac => generated 0 bytes in 407 msecs (HTTP/1.1 204) 3 headers in 131 bytes (1 switches on core 0) [pid: 7|app: 0|req: 806/1706] 10.0.0.24 () {34 vars in 1069 bytes} [Wed Jul 15 00:22:20 2026] GET /v2.0/ports?fields=security_groups&fields=device_id&device_id=582179ce-166b-49fc-a5a8-8f7c61327686 => generated 162 bytes in 32 msecs (HTTP/1.1 200) 4 headers in 157 bytes (1 switches on core 0)
2026-07-15 00:22:20.306 7 INFO neutron_taas.services.taas.taas_plugin [req-88679a5b-1703-45e2-8e37-1dded5656cda req-44cc885e-3239-496a-aae0-c521cc163a7a 4b6717620d0c4ffc8e439ed15474b97f 9edbbb06202e4f9bbd213759a3203c60 - - default default] TaaS: Handle Delete Port: b9ba7d44-dbf4-4bb1-8031-ebdbd8c2fd95
2026-07-15 00:22:20.309 7 INFO neutron_taas.services.taas.tap_mirror_plugin [req-88679a5b-1703-45e2-8e37-1dded5656cda req-44cc885e-3239-496a-aae0-c521cc163a7a 4b6717620d0c4ffc8e439ed15474b97f 9edbbb06202e4f9bbd213759a3203c60 - - default default] Tap Mirror: Handle Delete Port: b9ba7d44-dbf4-4bb1-8031-ebdbd8c2fd95 [pid: 8|app: 0|req: 901/1707] 10.0.0.9 () {32 vars in 738 bytes} [Wed Jul 15 00:22:20 2026] DELETE /v2.0/security-groups/1b825688-cf43-4e3e-80f7-345558c8442e => generated 0 bytes in 307 msecs (HTTP/1.1 204) 2 headers in 112 bytes (1 switches on core 0) [pid: 7|app: 0|req: 807/1708] 199.204.45.216 () {36 vars in 997 bytes} [Wed Jul 15 00:22:20 2026] DELETE /v2.0/ports/b9ba7d44-dbf4-4bb1-8031-ebdbd8c2fd95 => generated 0 bytes in 379 msecs (HTTP/1.1 204) 3 headers in 131 bytes (1 switches on core 0)
2026-07-15 00:22:20.536 7 WARNING neutron.notifiers.nova [-] Nova event matching ['req-d58bed4f-eed5-4736-a51d-e4923bd1df31']: {'server_uuid': '582179ce-166b-49fc-a5a8-8f7c61327686', 'name': 'network-vif-deleted', 'tag': 'b9ba7d44-dbf4-4bb1-8031-ebdbd8c2fd95', 'status': 'failed', 'code': 422} returned with failed status [pid: 7|app: 0|req: 808/1709] 10.0.0.24 () {34 vars in 1119 bytes} [Wed Jul 15 00:22:20 2026] GET /v2.0/security-groups?id=56a7aef9-f9ea-4f7a-a3fa-ced798666412&id=90be4460-afd5-4328-a46a-fcf618bb15ce&fields=id&fields=name => generated 205 bytes in 41 msecs (HTTP/1.1 200) 4 headers in 157 bytes (1 switches on core 0)
2026-07-15 00:22:20.744 7 WARNING neutron.db.securitygroups_db [None req-08618668-d34a-445f-a8d3-ac0525a4fd7b ee0847ec8885450e89893411e7798beb fd938b09b9974e31b3e8c0eacce8a99c - - default default] project_id key not found in filters, using tenant_id instead. This support has been deprecated and will be removed in a future release. [pid: 7|app: 0|req: 809/1710] 10.0.0.9 () {32 vars in 772 bytes} [Wed Jul 15 00:22:20 2026] GET /v2.0/security-groups?tenant_id=ed52e4a7905b47c2bde5a10662d92d51&name=default => generated 2925 bytes in 216 msecs (HTTP/1.1 200) 4 headers in 158 bytes (1 switches on core 0)
2026-07-15 00:22:20.772 7 WARNING neutron.db.securitygroups_db [None req-75c3772f-9c87-4322-b237-eb1d1f191fce ee0847ec8885450e89893411e7798beb fd938b09b9974e31b3e8c0eacce8a99c - - default default] project_id key not found in filters, using tenant_id instead. This support has been deprecated and will be removed in a future release.
2026-07-15 00:22:20.823 7 INFO neutron.services.segments.plugin [-] Segment d53172ef-9f0d-4888-bde8-c26e9234a258 resource provider aggregate not found
2026-07-15 00:22:20.845 7 INFO neutron.services.segments.plugin [-] Client error retrieving segment d53172ef-9f0d-4888-bde8-c26e9234a258 resource provider; error: Placement Client Error (4xx): {"errors": [{"status": 404, "title": "Not Found", "detail": "The resource could not be found.\n\n No resource provider with uuid d53172ef-9f0d-4888-bde8-c26e9234a258 found for delete ", "request_id": "req-eea6c4cc-7152-4604-be75-59516b00f4de"}]}
2026-07-15 00:22:20.848 7 INFO neutron.services.segments.plugin [-] Segment d53172ef-9f0d-4888-bde8-c26e9234a258 resource provider aggregate not found
2026-07-15 00:22:20.870 7 INFO neutron.services.segments.plugin [-] Client error retrieving segment d53172ef-9f0d-4888-bde8-c26e9234a258 resource provider; error: Placement Client Error (4xx): {"errors": [{"status": 404, "title": "Not Found", "detail": "The resource could not be found.\n\n No resource provider with uuid d53172ef-9f0d-4888-bde8-c26e9234a258 found for delete ", "request_id": "req-865d2a10-417a-467f-8e66-14b0226e297f"}]}
2026-07-15 00:22:20.877 7 INFO neutron.services.segments.plugin [-] Segment 4c6ed1f4-559f-4373-a7f1-8bc06f1267b1 resource provider aggregate not found
2026-07-15 00:22:20.887 8 WARNING neutron.scheduler.dhcp_agent_scheduler [None req-e2c1bfeb-dba8-4675-8e40-5ab0ba6084f0 340ca709160344739bd246748f91144d 4ed822de4f314cf68b577fa4df2b13f6 - - default default] No more DHCP agents
2026-07-15 00:22:20.888 8 WARNING neutron.api.rpc.agentnotifiers.dhcp_rpc_agent_api [None req-e2c1bfeb-dba8-4675-8e40-5ab0ba6084f0 340ca709160344739bd246748f91144d 4ed822de4f314cf68b577fa4df2b13f6 - - default default] Unable to schedule network 63bfc501-57a4-4bb2-922f-7bd39db064a3: no agents available; will retry on subsequent port and subnet creation events.
2026-07-15 00:22:20.896 7 INFO neutron.services.segments.plugin [-] Client error retrieving segment 4c6ed1f4-559f-4373-a7f1-8bc06f1267b1 resource provider; error: Placement Client Error (4xx): {"errors": [{"status": 404, "title": "Not Found", "detail": "The resource could not be found.\n\n No resource provider with uuid 4c6ed1f4-559f-4373-a7f1-8bc06f1267b1 found for delete ", "request_id": "req-ae85db69-9c3d-4348-a103-a7668b958d7e"}]}
2026-07-15 00:22:20.899 7 INFO neutron.services.segments.plugin [-] Segment 4c6ed1f4-559f-4373-a7f1-8bc06f1267b1 resource provider aggregate not found
2026-07-15 00:22:20.919 7 INFO neutron.services.segments.plugin [-] Client error retrieving segment 4c6ed1f4-559f-4373-a7f1-8bc06f1267b1 resource provider; error: Placement Client Error (4xx): {"errors": [{"status": 404, "title": "Not Found", "detail": "The resource could not be found.\n\n No resource provider with uuid 4c6ed1f4-559f-4373-a7f1-8bc06f1267b1 found for delete ", "request_id": "req-74901d86-52ea-4186-a282-f7d19eb10043"}]}
2026-07-15 00:22:20.937 7 INFO neutron.db.ovn_revision_numbers_db [None req-75c3772f-9c87-4322-b237-eb1d1f191fce ee0847ec8885450e89893411e7798beb fd938b09b9974e31b3e8c0eacce8a99c - - default default] Successfully bumped revision number for resource 94f59696-ea92-4146-8474-e2860b2b73be (type: security_groups) to 1
2026-07-15 00:22:20.946 7 INFO neutron.db.ovn_revision_numbers_db [None req-75c3772f-9c87-4322-b237-eb1d1f191fce ee0847ec8885450e89893411e7798beb fd938b09b9974e31b3e8c0eacce8a99c - - default default] Successfully bumped revision number for resource 71b0e22e-6d34-4cfe-b6f0-9517a6c60af2 (type: security_group_rules) to 0
2026-07-15 00:22:20.959 7 INFO neutron.db.ovn_revision_numbers_db [None req-75c3772f-9c87-4322-b237-eb1d1f191fce ee0847ec8885450e89893411e7798beb fd938b09b9974e31b3e8c0eacce8a99c - - default default] Successfully bumped revision number for resource 9a5f6d7c-217d-4615-8943-b80ba181322b (type: security_group_rules) to 0
2026-07-15 00:22:20.972 7 INFO neutron.db.ovn_revision_numbers_db [None req-75c3772f-9c87-4322-b237-eb1d1f191fce ee0847ec8885450e89893411e7798beb fd938b09b9974e31b3e8c0eacce8a99c - - default default] Successfully bumped revision number for resource dea8a3d7-0613-405b-8149-e064e68b4b44 (type: security_group_rules) to 0
2026-07-15 00:22:20.986 7 INFO neutron.db.ovn_revision_numbers_db [None req-75c3772f-9c87-4322-b237-eb1d1f191fce ee0847ec8885450e89893411e7798beb fd938b09b9974e31b3e8c0eacce8a99c - - default default] Successfully bumped revision number for resource f64e437c-812e-4d55-b572-84a36fd3e5ba (type: security_group_rules) to 0
2026-07-15 00:22:21.037 8 INFO neutron.db.ovn_revision_numbers_db [None req-e2c1bfeb-dba8-4675-8e40-5ab0ba6084f0 340ca709160344739bd246748f91144d 4ed822de4f314cf68b577fa4df2b13f6 - - default default] Successfully bumped revision number for resource 87d272d6-829f-4a74-81bf-8d434d1364b3 (type: ports) to 1 [pid: 7|app: 0|req: 810/1711] 10.0.0.9 () {32 vars in 772 bytes} [Wed Jul 15 00:22:20 2026] GET /v2.0/security-groups?tenant_id=75ad47790f464e2d801621789b2fd0d7&name=default => generated 2925 bytes in 296 msecs (HTTP/1.1 200) 4 headers in 158 bytes (1 switches on core 0) [pid: 7|app: 0|req: 811/1712] 10.0.0.9 () {32 vars in 738 bytes} [Wed Jul 15 00:22:21 2026] DELETE /v2.0/security-groups/1aff1a43-800e-4459-8765-0d68fcc780f2 => generated 0 bytes in 190 msecs (HTTP/1.1 204) 2 headers in 112 bytes (1 switches on core 0) [pid: 7|app: 0|req: 812/1713] 10.0.0.9 () {32 vars in 738 bytes} [Wed Jul 15 00:22:21 2026] DELETE /v2.0/security-groups/94f59696-ea92-4146-8474-e2860b2b73be => generated 0 bytes in 213 msecs (HTTP/1.1 204) 2 headers in 112 bytes (1 switches on core 0) [pid: 7|app: 0|req: 813/1714] 10.0.0.24 () {34 vars in 1069 bytes} [Wed Jul 15 00:22:21 2026] GET /v2.0/ports?fields=security_groups&fields=device_id&device_id=582179ce-166b-49fc-a5a8-8f7c61327686 => generated 12 bytes in 27 msecs (HTTP/1.1 200) 4 headers in 156 bytes (1 switches on core 0)
2026-07-15 00:22:21.658 7 WARNING neutron.db.securitygroups_db [None req-878925e7-8c0c-4399-a197-d82916679a01 ee0847ec8885450e89893411e7798beb fd938b09b9974e31b3e8c0eacce8a99c - - default default] project_id key not found in filters, using tenant_id instead. This support has been deprecated and will be removed in a future release.
2026-07-15 00:22:21.684 8 INFO neutron.db.ovn_revision_numbers_db [None req-e2c1bfeb-dba8-4675-8e40-5ab0ba6084f0 340ca709160344739bd246748f91144d 4ed822de4f314cf68b577fa4df2b13f6 - - default default] Successfully bumped revision number for resource 87d272d6-829f-4a74-81bf-8d434d1364b3 (type: router_ports) to 1
2026-07-15 00:22:21.758 8 INFO neutron.db.ovn_revision_numbers_db [None req-e2c1bfeb-dba8-4675-8e40-5ab0ba6084f0 340ca709160344739bd246748f91144d 4ed822de4f314cf68b577fa4df2b13f6 - - default default] Successfully bumped revision number for resource 3a0af2c7-2608-4da7-a62b-27f3489bd3d9 (type: routers) to 2
2026-07-15 00:22:21.776 7 INFO neutron.db.ovn_revision_numbers_db [None req-878925e7-8c0c-4399-a197-d82916679a01 ee0847ec8885450e89893411e7798beb fd938b09b9974e31b3e8c0eacce8a99c - - default default] Successfully bumped revision number for resource c1a9a412-16bf-470e-848d-65b0582637ad (type: security_groups) to 1 [pid: 8|app: 0|req: 902/1715] 10.0.0.9 () {34 vars in 667 bytes} [Wed Jul 15 00:22:20 2026] POST /v2.0/routers => generated 972 bytes in 1413 msecs (HTTP/1.1 201) 4 headers in 162 bytes (1 switches on core 0)
2026-07-15 00:22:21.790 7 INFO neutron.db.ovn_revision_numbers_db [None req-878925e7-8c0c-4399-a197-d82916679a01 ee0847ec8885450e89893411e7798beb fd938b09b9974e31b3e8c0eacce8a99c - - default default] Successfully bumped revision number for resource 399042bc-8d10-4940-a7a4-92c0e69c73f8 (type: security_group_rules) to 0
2026-07-15 00:22:21.806 7 INFO neutron.db.ovn_revision_numbers_db [None req-878925e7-8c0c-4399-a197-d82916679a01 ee0847ec8885450e89893411e7798beb fd938b09b9974e31b3e8c0eacce8a99c - - default default] Successfully bumped revision number for resource 4e5b81f8-0d36-4465-b2fa-81117c87bb8e (type: security_group_rules) to 0
2026-07-15 00:22:21.818 7 INFO neutron.db.ovn_revision_numbers_db [None req-878925e7-8c0c-4399-a197-d82916679a01 ee0847ec8885450e89893411e7798beb fd938b09b9974e31b3e8c0eacce8a99c - - default default] Successfully bumped revision number for resource 55467fdb-f1c8-4581-8f29-8d6bd6d49138 (type: security_group_rules) to 0
2026-07-15 00:22:21.831 7 INFO neutron.db.ovn_revision_numbers_db [None req-878925e7-8c0c-4399-a197-d82916679a01 ee0847ec8885450e89893411e7798beb fd938b09b9974e31b3e8c0eacce8a99c - - default default] Successfully bumped revision number for resource 6830950b-0ea1-4c25-8ca2-421b5151c8c6 (type: security_group_rules) to 0 [pid: 8|app: 0|req: 903/1716] 10.0.0.9 () {32 vars in 719 bytes} [Wed Jul 15 00:22:21 2026] GET /v2.0/routers/3a0af2c7-2608-4da7-a62b-27f3489bd3d9 => generated 978 bytes in 62 msecs (HTTP/1.1 200) 4 headers in 157 bytes (1 switches on core 0) [pid: 7|app: 0|req: 814/1717] 10.0.0.9 () {32 vars in 772 bytes} [Wed Jul 15 00:22:21 2026] GET /v2.0/security-groups?tenant_id=00640153dd22465abf31d05b86d873df&name=default => generated 2925 bytes in 218 msecs (HTTP/1.1 200) 4 headers in 158 bytes (1 switches on core 0) [pid: 8|app: 0|req: 904/1718] 10.0.0.9 () {32 vars in 645 bytes} [Wed Jul 15 00:22:21 2026] GET /v2.0/routers => generated 981 bytes in 90 msecs (HTTP/1.1 200) 4 headers in 157 bytes (1 switches on core 0) [pid: 7|app: 0|req: 815/1719] 10.0.0.9 () {32 vars in 738 bytes} [Wed Jul 15 00:22:21 2026] DELETE /v2.0/security-groups/c1a9a412-16bf-470e-848d-65b0582637ad => generated 0 bytes in 185 msecs (HTTP/1.1 204) 2 headers in 112 bytes (1 switches on core 0)
2026-07-15 00:22:22.253 8 INFO neutron.db.ovn_revision_numbers_db [None req-d68d5eb3-e5e5-41ac-9ff3-34c4c868f2b0 340ca709160344739bd246748f91144d 4ed822de4f314cf68b577fa4df2b13f6 - - default default] Successfully bumped revision number for resource 3a0af2c7-2608-4da7-a62b-27f3489bd3d9 (type: routers) to 3 [pid: 8|app: 0|req: 905/1720] 10.0.0.9 () {34 vars in 739 bytes} [Wed Jul 15 00:22:21 2026] PUT /v2.0/routers/3a0af2c7-2608-4da7-a62b-27f3489bd3d9 => generated 985 bytes in 307 msecs (HTTP/1.1 200) 4 headers in 157 bytes (1 switches on core 0) [pid: 7|app: 0|req: 816/1721] 10.0.0.9 () {32 vars in 719 bytes} [Wed Jul 15 00:22:22 2026] GET /v2.0/routers/3a0af2c7-2608-4da7-a62b-27f3489bd3d9 => generated 985 bytes in 62 msecs (HTTP/1.1 200) 4 headers in 157 bytes (1 switches on core 0) [pid: 8|app: 0|req: 906/1722] 10.0.0.9 () {32 vars in 734 bytes} [Wed Jul 15 00:22:22 2026] GET /v2.0/ports?device_id=3a0af2c7-2608-4da7-a62b-27f3489bd3d9 => generated 12 bytes in 20 msecs (HTTP/1.1 200) 4 headers in 156 bytes (1 switches on core 0) [pid: 8|app: 0|req: 907/1723] 10.0.0.247 () {34 vars in 990 bytes} [Wed Jul 15 00:22:22 2026] GET /v2.0/ports?device_id=582179ce-166b-49fc-a5a8-8f7c61327686 => generated 12 bytes in 15 msecs (HTTP/1.1 200) 4 headers in 156 bytes (1 switches on core 0)
2026-07-15 00:22:22.713 7 INFO neutron_taas.services.taas.taas_plugin [None req-0611ab0f-947e-45f7-ae60-4d118f89802a 340ca709160344739bd246748f91144d 4ed822de4f314cf68b577fa4df2b13f6 - - default default] TaaS: Handle Delete Port: 87d272d6-829f-4a74-81bf-8d434d1364b3
2026-07-15 00:22:22.716 7 INFO neutron_taas.services.taas.tap_mirror_plugin [None req-0611ab0f-947e-45f7-ae60-4d118f89802a 340ca709160344739bd246748f91144d 4ed822de4f314cf68b577fa4df2b13f6 - - default default] Tap Mirror: Handle Delete Port: 87d272d6-829f-4a74-81bf-8d434d1364b3 [pid: 8|app: 0|req: 908/1724] 10.0.0.24 () {34 vars in 1069 bytes} [Wed Jul 15 00:22:22 2026] GET /v2.0/ports?fields=security_groups&fields=device_id&device_id=582179ce-166b-49fc-a5a8-8f7c61327686 => generated 12 bytes in 21 msecs (HTTP/1.1 200) 4 headers in 156 bytes (1 switches on core 0) [pid: 8|app: 0|req: 909/1725] 10.0.0.24 () {34 vars in 989 bytes} [Wed Jul 15 00:22:22 2026] GET /v2.0/ports?device_id=582179ce-166b-49fc-a5a8-8f7c61327686 => generated 12 bytes in 19 msecs (HTTP/1.1 200) 4 headers in 156 bytes (1 switches on core 0) [pid: 7|app: 0|req: 817/1726] 10.0.0.9 () {32 vars in 722 bytes} [Wed Jul 15 00:22:22 2026] DELETE /v2.0/routers/3a0af2c7-2608-4da7-a62b-27f3489bd3d9 => generated 0 bytes in 752 msecs (HTTP/1.1 204) 2 headers in 112 bytes (1 switches on core 0) [pid: 7|app: 0|req: 818/1727] 10.0.0.9 () {32 vars in 738 bytes} [Wed Jul 15 00:22:23 2026] DELETE /v2.0/security-groups/56a7aef9-f9ea-4f7a-a3fa-ced798666412 => generated 0 bytes in 164 msecs (HTTP/1.1 204) 2 headers in 112 bytes (1 switches on core 0)
2026-07-15 00:22:23.297 7 WARNING neutron.plugins.ml2.drivers.ovn.mech_driver.ovsdb.ovn_client [None req-682daf5f-84f2-4466-b0a5-fb11f7af158b - - - - - -] No port found with ID 4326ac88-96f0-4b18-a2ee-26f6ef28872e: RuntimeError: No port found with ID 4326ac88-96f0-4b18-a2ee-26f6ef28872e [pid: 7|app: 0|req: 819/1728] 10.0.0.9 () {32 vars in 734 bytes} [Wed Jul 15 00:22:23 2026] GET /v2.0/ports?device_id=3a0af2c7-2608-4da7-a62b-27f3489bd3d9 => generated 12 bytes in 27 msecs (HTTP/1.1 200) 4 headers in 156 bytes (1 switches on core 0)
2026-07-15 00:22:23.313 7 INFO neutron.api.v2.resource [None req-959c9fd2-6d5f-4479-8147-52967df8dcb2 4b6717620d0c4ffc8e439ed15474b97f 9edbbb06202e4f9bbd213759a3203c60 - - default default] show failed (client error): The resource could not be found. [pid: 7|app: 0|req: 820/1729] 10.0.0.9 () {32 vars in 735 bytes} [Wed Jul 15 00:22:23 2026] GET /v2.0/security-groups/56a7aef9-f9ea-4f7a-a3fa-ced798666412 => generated 146 bytes in 16 msecs (HTTP/1.1 404) 4 headers in 164 bytes (1 switches on core 0)
2026-07-15 00:22:23.333 8 INFO neutron.db.ovn_revision_numbers_db [None req-899eb8a0-c4b8-4c88-8fee-3de381676a4c bc364159d8d843c8884218123c6d65d3 bb5d2fca5ba74cccae40ee7c5d2eb5ce - - default default] Successfully bumped revision number for resource 24d93d79-6c9d-4550-876c-a10cd7c454d7 (type: security_groups) to 1
2026-07-15 00:22:23.338 7 INFO neutron.api.v2.resource [None req-0903cc5e-0ca9-48a3-b362-6259614945b7 340ca709160344739bd246748f91144d 4ed822de4f314cf68b577fa4df2b13f6 - - default default] delete failed (client error): The resource could not be found. [pid: 7|app: 0|req: 821/1730] 10.0.0.9 () {32 vars in 722 bytes} [Wed Jul 15 00:22:23 2026] DELETE /v2.0/routers/3a0af2c7-2608-4da7-a62b-27f3489bd3d9 => generated 135 bytes in 24 msecs (HTTP/1.1 404) 4 headers in 164 bytes (1 switches on core 0)
2026-07-15 00:22:23.358 8 INFO neutron.db.ovn_revision_numbers_db [None req-899eb8a0-c4b8-4c88-8fee-3de381676a4c bc364159d8d843c8884218123c6d65d3 bb5d2fca5ba74cccae40ee7c5d2eb5ce - - default default] Successfully bumped revision number for resource 024478d2-bde2-4349-8e4f-ee76b3da3637 (type: security_group_rules) to 0
2026-07-15 00:22:23.373 8 INFO neutron.db.ovn_revision_numbers_db [None req-899eb8a0-c4b8-4c88-8fee-3de381676a4c bc364159d8d843c8884218123c6d65d3 bb5d2fca5ba74cccae40ee7c5d2eb5ce - - default default] Successfully bumped revision number for resource 89c5c93a-57b0-4ec2-b6ca-e25ea070f35e (type: security_group_rules) to 0
2026-07-15 00:22:23.388 7 INFO neutron.plugins.ml2.drivers.ovn.mech_driver.mech_driver [None req-682daf5f-84f2-4466-b0a5-fb11f7af158b - - - - - -] OVN reports status down for port: 87d272d6-829f-4a74-81bf-8d434d1364b3
2026-07-15 00:22:23.388 8 INFO neutron.db.ovn_revision_numbers_db [None req-899eb8a0-c4b8-4c88-8fee-3de381676a4c bc364159d8d843c8884218123c6d65d3 bb5d2fca5ba74cccae40ee7c5d2eb5ce - - default default] Successfully bumped revision number for resource 8d977b28-065d-4e04-88fa-fbe6202f1f2f (type: security_group_rules) to 0
2026-07-15 00:22:23.409 8 INFO neutron.db.ovn_revision_numbers_db [None req-899eb8a0-c4b8-4c88-8fee-3de381676a4c bc364159d8d843c8884218123c6d65d3 bb5d2fca5ba74cccae40ee7c5d2eb5ce - - default default] Successfully bumped revision number for resource cfb0a6bc-14e2-4c28-9c85-17975d179106 (type: security_group_rules) to 0
