2026-07-15 00:23:48.209 7 INFO neutron.plugins.ml2.drivers.ovn.mech_driver.mech_driver [None req-24359924-81d3-435d-8d4f-6b2ea868afe0 - - - - - -] OVN reports status down for port: 7191f921-8431-412b-8d68-04fec7eb91f4
2026-07-15 00:23:48.218 8 INFO neutron.db.segments_db [None req-6241bf15-5626-421c-92ed-266c703e9dcd f4445dcfac14409ca9e1b0ff38b88294 fbb5267236214410876aec8eeee78f8c - - default default] Added segment 67635c04-73dc-48bf-88e1-3eecdaa83371 of type geneve for network b8f58d04-de76-43cf-a635-077a0f72ad5b
2026-07-15 00:23:48.256 7 INFO neutron.db.ovn_revision_numbers_db [None req-1b426cff-9163-4dc9-9afa-54fddeb13db5 62345a47eaa7457a88b2d339c9e81a17 151cb6cffbab4e6faf2bddfc62f3bf0d - - default default] Successfully bumped revision number for resource 7191f921-8431-412b-8d68-04fec7eb91f4 (type: ports) to 1 [pid: 7|app: 0|req: 1138/2314] 10.0.0.9 () {34 vars in 668 bytes} [Wed Jul 15 00:23:47 2026] POST /v2.0/networks => generated 670 bytes in 521 msecs (HTTP/1.1 201) 4 headers in 162 bytes (1 switches on core 0)
2026-07-15 00:23:48.328 8 INFO neutron.db.ovn_revision_numbers_db [None req-6241bf15-5626-421c-92ed-266c703e9dcd f4445dcfac14409ca9e1b0ff38b88294 fbb5267236214410876aec8eeee78f8c - - default default] Successfully bumped revision number for resource b8f58d04-de76-43cf-a635-077a0f72ad5b (type: networks) to 1
2026-07-15 00:23:48.389 7 WARNING neutron.db.securitygroups_db [None req-2fbd4583-a56b-482d-96ac-76787b3e5cba ee0847ec8885450e89893411e7798beb fd938b09b9974e31b3e8c0eacce8a99c - - default default] project_id key not found in filters, using tenant_id instead. This support has been deprecated and will be removed in a future release.
2026-07-15 00:23:48.495 8 WARNING neutron.scheduler.dhcp_agent_scheduler [None req-6241bf15-5626-421c-92ed-266c703e9dcd f4445dcfac14409ca9e1b0ff38b88294 fbb5267236214410876aec8eeee78f8c - - default default] No more DHCP agents
2026-07-15 00:23:48.497 8 WARNING neutron.api.rpc.agentnotifiers.dhcp_rpc_agent_api [None req-6241bf15-5626-421c-92ed-266c703e9dcd f4445dcfac14409ca9e1b0ff38b88294 fbb5267236214410876aec8eeee78f8c - - default default] Unable to schedule network b8f58d04-de76-43cf-a635-077a0f72ad5b: no agents available; will retry on subsequent port and subnet creation events.
2026-07-15 00:23:48.526 7 INFO neutron.db.ovn_revision_numbers_db [None req-2fbd4583-a56b-482d-96ac-76787b3e5cba ee0847ec8885450e89893411e7798beb fd938b09b9974e31b3e8c0eacce8a99c - - default default] Successfully bumped revision number for resource cbde9fb7-a127-4c6a-97df-b769cabb3992 (type: security_groups) to 1
2026-07-15 00:23:48.538 8 INFO neutron.plugins.ml2.drivers.ovn.mech_driver.mech_driver [None req-b8fc6798-592e-424e-a6af-700ae41a89d0 - - - - - -] OVN reports status down for port: 97ec6f42-3fdc-4595-9b9d-3ba3c4afac74
2026-07-15 00:23:48.559 7 INFO neutron.db.ovn_revision_numbers_db [None req-2fbd4583-a56b-482d-96ac-76787b3e5cba ee0847ec8885450e89893411e7798beb fd938b09b9974e31b3e8c0eacce8a99c - - default default] Successfully bumped revision number for resource 47c0c8f1-36cb-4581-9959-c980db738693 (type: security_group_rules) to 0
2026-07-15 00:23:48.572 7 INFO neutron.db.ovn_revision_numbers_db [None req-2fbd4583-a56b-482d-96ac-76787b3e5cba ee0847ec8885450e89893411e7798beb fd938b09b9974e31b3e8c0eacce8a99c - - default default] Successfully bumped revision number for resource 9a2d9b7b-6d07-44d0-a902-566dd966737d (type: security_group_rules) to 0
2026-07-15 00:23:48.583 7 INFO neutron.db.ovn_revision_numbers_db [None req-2fbd4583-a56b-482d-96ac-76787b3e5cba ee0847ec8885450e89893411e7798beb fd938b09b9974e31b3e8c0eacce8a99c - - default default] Successfully bumped revision number for resource b6a86243-0bfc-4ecb-a0c1-31d0e9b269ee (type: security_group_rules) to 0
2026-07-15 00:23:48.594 8 INFO neutron.db.ovn_revision_numbers_db [None req-6241bf15-5626-421c-92ed-266c703e9dcd f4445dcfac14409ca9e1b0ff38b88294 fbb5267236214410876aec8eeee78f8c - - default default] Successfully bumped revision number for resource 97ec6f42-3fdc-4595-9b9d-3ba3c4afac74 (type: ports) to 1
2026-07-15 00:23:48.597 7 INFO neutron.db.ovn_revision_numbers_db [None req-2fbd4583-a56b-482d-96ac-76787b3e5cba ee0847ec8885450e89893411e7798beb fd938b09b9974e31b3e8c0eacce8a99c - - default default] Successfully bumped revision number for resource d0920f86-19ff-4f22-b5e4-2838981a88a0 (type: security_group_rules) to 0 [pid: 8|app: 0|req: 1177/2315] 10.0.0.9 () {34 vars in 668 bytes} [Wed Jul 15 00:23:48 2026] POST /v2.0/networks => generated 676 bytes in 517 msecs (HTTP/1.1 201) 4 headers in 162 bytes (1 switches on core 0) [pid: 7|app: 0|req: 1139/2316] 10.0.0.9 () {32 vars in 772 bytes} [Wed Jul 15 00:23:48 2026] GET /v2.0/security-groups?tenant_id=ec769c18db3f46138dc1c97054bdd6dd&name=default => generated 2929 bytes in 364 msecs (HTTP/1.1 200) 4 headers in 158 bytes (1 switches on core 0)
2026-07-15 00:23:48.878 7 WARNING neutron.scheduler.dhcp_agent_scheduler [None req-b706d61d-5f43-4871-972e-556a409217b0 f4445dcfac14409ca9e1b0ff38b88294 fbb5267236214410876aec8eeee78f8c - - default default] No more DHCP agents
2026-07-15 00:23:48.879 8 WARNING neutron.scheduler.dhcp_agent_scheduler [None req-babb3dc5-1f06-47bb-9c4a-7081436ae8d9 62345a47eaa7457a88b2d339c9e81a17 151cb6cffbab4e6faf2bddfc62f3bf0d - - default default] No more DHCP agents
2026-07-15 00:23:48.879 7 WARNING neutron.api.rpc.agentnotifiers.dhcp_rpc_agent_api [None req-b706d61d-5f43-4871-972e-556a409217b0 f4445dcfac14409ca9e1b0ff38b88294 fbb5267236214410876aec8eeee78f8c - - default default] Unable to schedule network b8f58d04-de76-43cf-a635-077a0f72ad5b: no agents available; will retry on subsequent port and subnet creation events.
2026-07-15 00:23:48.880 8 WARNING neutron.api.rpc.agentnotifiers.dhcp_rpc_agent_api [None req-babb3dc5-1f06-47bb-9c4a-7081436ae8d9 62345a47eaa7457a88b2d339c9e81a17 151cb6cffbab4e6faf2bddfc62f3bf0d - - default default] Unable to schedule network be1a22cf-3644-4971-ac82-d939dd22c99f: no agents available; will retry on subsequent port and subnet creation events.
2026-07-15 00:23:48.943 8 INFO neutron.plugins.ml2.drivers.ovn.mech_driver.mech_driver [None req-b8fc6798-592e-424e-a6af-700ae41a89d0 - - - - - -] OVN reports status down for port: 121ccf2f-7f8a-4dff-98eb-993812802ba5
2026-07-15 00:23:48.987 8 INFO neutron.db.ovn_revision_numbers_db [None req-babb3dc5-1f06-47bb-9c4a-7081436ae8d9 62345a47eaa7457a88b2d339c9e81a17 151cb6cffbab4e6faf2bddfc62f3bf0d - - default default] Successfully bumped revision number for resource 121ccf2f-7f8a-4dff-98eb-993812802ba5 (type: ports) to 1 [pid: 8|app: 0|req: 1178/2317] 10.0.0.9 () {34 vars in 662 bytes} [Wed Jul 15 00:23:48 2026] POST /v2.0/ports => generated 743 bytes in 395 msecs (HTTP/1.1 201) 4 headers in 162 bytes (1 switches on core 0) /var/lib/openstack/lib/python3.12/site-packages/pycadf/identifier.py:70: UserWarning: Invalid uuid: neutron. To ensure interoperability, identifiers should be a valid uuid. warnings.warn(('Invalid uuid: %s. To ensure interoperability, ' [pid: 8|app: 0|req: 1179/2318] 10.0.0.9 () {32 vars in 738 bytes} [Wed Jul 15 00:23:49 2026] DELETE /v2.0/security-groups/cbde9fb7-a127-4c6a-97df-b769cabb3992 => generated 0 bytes in 199 msecs (HTTP/1.1 204) 2 headers in 112 bytes (1 switches on core 0)
2026-07-15 00:23:49.418 7 INFO neutron.db.ovn_revision_numbers_db [None req-b706d61d-5f43-4871-972e-556a409217b0 f4445dcfac14409ca9e1b0ff38b88294 fbb5267236214410876aec8eeee78f8c - - default default] Successfully bumped revision number for resource 97ec6f42-3fdc-4595-9b9d-3ba3c4afac74 (type: ports) to 2
2026-07-15 00:23:49.471 7 INFO neutron.db.ovn_revision_numbers_db [None req-b706d61d-5f43-4871-972e-556a409217b0 f4445dcfac14409ca9e1b0ff38b88294 fbb5267236214410876aec8eeee78f8c - - default default] Successfully bumped revision number for resource a34c82e1-d189-48a2-acc0-071efdc6ed12 (type: subnets) to 0 [pid: 7|app: 0|req: 1140/2319] 10.0.0.9 () {34 vars in 667 bytes} [Wed Jul 15 00:23:48 2026] POST /v2.0/subnets => generated 656 bytes in 832 msecs (HTTP/1.1 201) 4 headers in 162 bytes (1 switches on core 0)
2026-07-15 00:23:49.492 7 WARNING neutron.db.securitygroups_db [None req-b907d6b2-abc4-4b83-993b-36db50730d8d ee0847ec8885450e89893411e7798beb fd938b09b9974e31b3e8c0eacce8a99c - - default default] project_id key not found in filters, using tenant_id instead. This support has been deprecated and will be removed in a future release. [pid: 8|app: 0|req: 1180/2320] 10.0.0.9 () {34 vars in 664 bytes} [Wed Jul 15 00:23:49 2026] POST /v2.0/trunks => generated 409 bytes in 284 msecs (HTTP/1.1 201) 4 headers in 162 bytes (1 switches on core 0) [pid: 7|app: 0|req: 1141/2321] 10.0.0.9 () {32 vars in 772 bytes} [Wed Jul 15 00:23:49 2026] GET /v2.0/security-groups?tenant_id=640c5feda32e4e7fb156c5a47ab6e8c9&name=default => generated 2925 bytes in 33 msecs (HTTP/1.1 200) 4 headers in 158 bytes (1 switches on core 0)
2026-07-15 00:23:49.612 7 INFO neutron.db.segments_db [None req-88aae78a-f0c3-4903-a3ad-0c06ed60ab9a 62345a47eaa7457a88b2d339c9e81a17 151cb6cffbab4e6faf2bddfc62f3bf0d - - default default] Added segment 2d90b9f3-c2de-45ac-a0d7-d7a3348cb60e of type geneve for network f5668784-2aeb-47d5-be38-f99f16b644ec
2026-07-15 00:23:49.709 7 INFO neutron.db.ovn_revision_numbers_db [None req-88aae78a-f0c3-4903-a3ad-0c06ed60ab9a 62345a47eaa7457a88b2d339c9e81a17 151cb6cffbab4e6faf2bddfc62f3bf0d - - default default] Successfully bumped revision number for resource f5668784-2aeb-47d5-be38-f99f16b644ec (type: networks) to 1
2026-07-15 00:23:49.731 8 WARNING neutron.scheduler.dhcp_agent_scheduler [None req-62e5b6ad-f7ea-4e10-b77d-4e982ae64feb f4445dcfac14409ca9e1b0ff38b88294 fbb5267236214410876aec8eeee78f8c - - default default] No more DHCP agents
2026-07-15 00:23:49.732 8 WARNING neutron.api.rpc.agentnotifiers.dhcp_rpc_agent_api [None req-62e5b6ad-f7ea-4e10-b77d-4e982ae64feb f4445dcfac14409ca9e1b0ff38b88294 fbb5267236214410876aec8eeee78f8c - - default default] Unable to schedule network b8f58d04-de76-43cf-a635-077a0f72ad5b: no agents available; will retry on subsequent port and subnet creation events.
2026-07-15 00:23:49.765 8 INFO neutron.db.ovn_revision_numbers_db [None req-62e5b6ad-f7ea-4e10-b77d-4e982ae64feb f4445dcfac14409ca9e1b0ff38b88294 fbb5267236214410876aec8eeee78f8c - - default default] Successfully bumped revision number for resource f8b484bb-8a58-4672-8e38-eaba0d6593c2 (type: subnets) to 0 [pid: 8|app: 0|req: 1181/2322] 10.0.0.9 () {34 vars in 667 bytes} [Wed Jul 15 00:23:49 2026] POST /v2.0/subnets => generated 725 bytes in 309 msecs (HTTP/1.1 201) 4 headers in 162 bytes (1 switches on core 0)
2026-07-15 00:23:49.935 7 WARNING neutron.scheduler.dhcp_agent_scheduler [None req-88aae78a-f0c3-4903-a3ad-0c06ed60ab9a 62345a47eaa7457a88b2d339c9e81a17 151cb6cffbab4e6faf2bddfc62f3bf0d - - default default] No more DHCP agents
2026-07-15 00:23:49.937 7 WARNING neutron.api.rpc.agentnotifiers.dhcp_rpc_agent_api [None req-88aae78a-f0c3-4903-a3ad-0c06ed60ab9a 62345a47eaa7457a88b2d339c9e81a17 151cb6cffbab4e6faf2bddfc62f3bf0d - - default default] Unable to schedule network f5668784-2aeb-47d5-be38-f99f16b644ec: no agents available; will retry on subsequent port and subnet creation events.
2026-07-15 00:23:49.976 8 INFO neutron.plugins.ml2.drivers.ovn.mech_driver.mech_driver [None req-b8fc6798-592e-424e-a6af-700ae41a89d0 - - - - - -] OVN reports status down for port: 92900960-3525-420f-8003-ea81b390f79c
2026-07-15 00:23:50.060 7 INFO neutron.db.ovn_revision_numbers_db [None req-88aae78a-f0c3-4903-a3ad-0c06ed60ab9a 62345a47eaa7457a88b2d339c9e81a17 151cb6cffbab4e6faf2bddfc62f3bf0d - - default default] Successfully bumped revision number for resource 92900960-3525-420f-8003-ea81b390f79c (type: ports) to 1 [pid: 7|app: 0|req: 1142/2323] 10.0.0.9 () {34 vars in 668 bytes} [Wed Jul 15 00:23:49 2026] POST /v2.0/networks => generated 670 bytes in 594 msecs (HTTP/1.1 201) 4 headers in 162 bytes (1 switches on core 0) [pid: 8|app: 0|req: 1182/2324] 10.0.0.9 () {32 vars in 738 bytes} [Wed Jul 15 00:23:49 2026] DELETE /v2.0/security-groups/bed561f3-94a7-48e4-8f22-d869d01df2c4 => generated 0 bytes in 342 msecs (HTTP/1.1 204) 2 headers in 112 bytes (1 switches on core 0)
2026-07-15 00:23:50.244 7 INFO neutron.db.segments_db [None req-13599c3d-184c-4676-a62d-6f197ca314bc f4445dcfac14409ca9e1b0ff38b88294 fbb5267236214410876aec8eeee78f8c - - default default] Added segment 42e9d40f-fef8-48bd-97f8-38ee535fa332 of type geneve for network dfcd3625-b589-46b4-b112-e2e97241a948
2026-07-15 00:23:50.382 7 INFO neutron.db.ovn_revision_numbers_db [None req-13599c3d-184c-4676-a62d-6f197ca314bc f4445dcfac14409ca9e1b0ff38b88294 fbb5267236214410876aec8eeee78f8c - - default default] Successfully bumped revision number for resource dfcd3625-b589-46b4-b112-e2e97241a948 (type: networks) to 1
2026-07-15 00:23:50.473 8 WARNING neutron.scheduler.dhcp_agent_scheduler [None req-19adf80c-166f-4514-9c52-bd44312a75a4 62345a47eaa7457a88b2d339c9e81a17 151cb6cffbab4e6faf2bddfc62f3bf0d - - default default] No more DHCP agents
2026-07-15 00:23:50.475 8 WARNING neutron.api.rpc.agentnotifiers.dhcp_rpc_agent_api [None req-19adf80c-166f-4514-9c52-bd44312a75a4 62345a47eaa7457a88b2d339c9e81a17 151cb6cffbab4e6faf2bddfc62f3bf0d - - default default] Unable to schedule network f5668784-2aeb-47d5-be38-f99f16b644ec: no agents available; will retry on subsequent port and subnet creation events.
2026-07-15 00:23:50.525 8 INFO neutron.plugins.ml2.drivers.ovn.mech_driver.mech_driver [None req-b8fc6798-592e-424e-a6af-700ae41a89d0 - - - - - -] OVN reports status down for port: 02251f4e-9837-45ba-b71f-08ee57cac4c3
2026-07-15 00:23:50.572 8 INFO neutron.db.ovn_revision_numbers_db [None req-19adf80c-166f-4514-9c52-bd44312a75a4 62345a47eaa7457a88b2d339c9e81a17 151cb6cffbab4e6faf2bddfc62f3bf0d - - default default] Successfully bumped revision number for resource 02251f4e-9837-45ba-b71f-08ee57cac4c3 (type: ports) to 1
2026-07-15 00:23:50.605 7 WARNING neutron.scheduler.dhcp_agent_scheduler [None req-13599c3d-184c-4676-a62d-6f197ca314bc f4445dcfac14409ca9e1b0ff38b88294 fbb5267236214410876aec8eeee78f8c - - default default] No more DHCP agents
2026-07-15 00:23:50.606 7 WARNING neutron.api.rpc.agentnotifiers.dhcp_rpc_agent_api [None req-13599c3d-184c-4676-a62d-6f197ca314bc f4445dcfac14409ca9e1b0ff38b88294 fbb5267236214410876aec8eeee78f8c - - default default] Unable to schedule network dfcd3625-b589-46b4-b112-e2e97241a948: no agents available; will retry on subsequent port and subnet creation events. [pid: 8|app: 0|req: 1185/2327] 10.0.0.9 () {34 vars in 662 bytes} [Wed Jul 15 00:23:50 2026] POST /v2.0/ports => generated 743 bytes in 448 msecs (HTTP/1.1 201) 4 headers in 162 bytes (1 switches on core 0) /var/lib/openstack/lib/python3.12/site-packages/pycadf/identifier.py:70: UserWarning: Invalid uuid: neutron. To ensure interoperability, identifiers should be a valid uuid. warnings.warn(('Invalid uuid: %s. To ensure interoperability, '
2026-07-15 00:23:50.645 7 INFO neutron.plugins.ml2.drivers.ovn.mech_driver.mech_driver [None req-24359924-81d3-435d-8d4f-6b2ea868afe0 - - - - - -] OVN reports status down for port: 17d61e13-b009-47be-9caf-7eaafd20d91a
2026-07-15 00:23:50.693 7 INFO neutron.db.ovn_revision_numbers_db [None req-13599c3d-184c-4676-a62d-6f197ca314bc f4445dcfac14409ca9e1b0ff38b88294 fbb5267236214410876aec8eeee78f8c - - default default] Successfully bumped revision number for resource 17d61e13-b009-47be-9caf-7eaafd20d91a (type: ports) to 1 [pid: 7|app: 0|req: 1143/2328] 10.0.0.9 () {34 vars in 668 bytes} [Wed Jul 15 00:23:50 2026] POST /v2.0/networks => generated 675 bytes in 618 msecs (HTTP/1.1 201) 4 headers in 162 bytes (1 switches on core 0) [pid: 8|app: 0|req: 1186/2329] 10.0.0.9 () {34 vars in 664 bytes} [Wed Jul 15 00:23:50 2026] POST /v2.0/trunks => generated 409 bytes in 175 msecs (HTTP/1.1 201) 4 headers in 162 bytes (1 switches on core 0)
2026-07-15 00:23:50.880 8 INFO neutron.db.segments_db [None req-1e18764b-48c1-4762-8498-07d8e98febc6 62345a47eaa7457a88b2d339c9e81a17 151cb6cffbab4e6faf2bddfc62f3bf0d - - default default] Added segment db31c74c-f3ad-4d23-9956-6cefad67b9aa of type geneve for network fd587153-7728-4ebf-868d-838506e9cfff
2026-07-15 00:23:50.898 7 WARNING neutron.scheduler.dhcp_agent_scheduler [None req-d545a506-c3c1-416e-a899-3d35d28bab09 f4445dcfac14409ca9e1b0ff38b88294 fbb5267236214410876aec8eeee78f8c - - default default] No more DHCP agents
2026-07-15 00:23:50.899 7 WARNING neutron.api.rpc.agentnotifiers.dhcp_rpc_agent_api [None req-d545a506-c3c1-416e-a899-3d35d28bab09 f4445dcfac14409ca9e1b0ff38b88294 fbb5267236214410876aec8eeee78f8c - - default default] Unable to schedule network dfcd3625-b589-46b4-b112-e2e97241a948: no agents available; will retry on subsequent port and subnet creation events.
2026-07-15 00:23:50.994 8 INFO neutron.db.ovn_revision_numbers_db [None req-1e18764b-48c1-4762-8498-07d8e98febc6 62345a47eaa7457a88b2d339c9e81a17 151cb6cffbab4e6faf2bddfc62f3bf0d - - default default] Successfully bumped revision number for resource fd587153-7728-4ebf-868d-838506e9cfff (type: networks) to 1
2026-07-15 00:23:51.168 8 WARNING neutron.scheduler.dhcp_agent_scheduler [None req-1e18764b-48c1-4762-8498-07d8e98febc6 62345a47eaa7457a88b2d339c9e81a17 151cb6cffbab4e6faf2bddfc62f3bf0d - - default default] No more DHCP agents
2026-07-15 00:23:51.169 8 WARNING neutron.api.rpc.agentnotifiers.dhcp_rpc_agent_api [None req-1e18764b-48c1-4762-8498-07d8e98febc6 62345a47eaa7457a88b2d339c9e81a17 151cb6cffbab4e6faf2bddfc62f3bf0d - - default default] Unable to schedule network fd587153-7728-4ebf-868d-838506e9cfff: no agents available; will retry on subsequent port and subnet creation events.
2026-07-15 00:23:51.220 7 INFO neutron.plugins.ml2.drivers.ovn.mech_driver.mech_driver [None req-24359924-81d3-435d-8d4f-6b2ea868afe0 - - - - - -] OVN reports status down for port: ef839465-c28c-487f-bdad-a26bea6e31ac
2026-07-15 00:23:51.252 8 INFO neutron.db.ovn_revision_numbers_db [None req-1e18764b-48c1-4762-8498-07d8e98febc6 62345a47eaa7457a88b2d339c9e81a17 151cb6cffbab4e6faf2bddfc62f3bf0d - - default default] Successfully bumped revision number for resource ef839465-c28c-487f-bdad-a26bea6e31ac (type: ports) to 1 [pid: 8|app: 0|req: 1187/2330] 10.0.0.9 () {34 vars in 668 bytes} [Wed Jul 15 00:23:50 2026] POST /v2.0/networks => generated 670 bytes in 475 msecs (HTTP/1.1 201) 4 headers in 162 bytes (1 switches on core 0)
2026-07-15 00:23:51.415 7 INFO neutron.db.ovn_revision_numbers_db [None req-d545a506-c3c1-416e-a899-3d35d28bab09 f4445dcfac14409ca9e1b0ff38b88294 fbb5267236214410876aec8eeee78f8c - - default default] Successfully bumped revision number for resource 17d61e13-b009-47be-9caf-7eaafd20d91a (type: ports) to 2
2026-07-15 00:23:51.455 7 INFO neutron.db.ovn_revision_numbers_db [None req-d545a506-c3c1-416e-a899-3d35d28bab09 f4445dcfac14409ca9e1b0ff38b88294 fbb5267236214410876aec8eeee78f8c - - default default] Successfully bumped revision number for resource 2bcc5fc1-ebba-4ebb-9fec-1c7e54ecf1d2 (type: subnets) to 0 [pid: 7|app: 0|req: 1144/2331] 10.0.0.9 () {34 vars in 667 bytes} [Wed Jul 15 00:23:50 2026] POST /v2.0/subnets => generated 656 bytes in 738 msecs (HTTP/1.1 201) 4 headers in 162 bytes (1 switches on core 0)
2026-07-15 00:23:51.533 8 WARNING neutron.scheduler.dhcp_agent_scheduler [None req-eb780bef-048e-4279-b6a6-1c41bbc547ea 62345a47eaa7457a88b2d339c9e81a17 151cb6cffbab4e6faf2bddfc62f3bf0d - - default default] No more DHCP agents
2026-07-15 00:23:51.534 8 WARNING neutron.api.rpc.agentnotifiers.dhcp_rpc_agent_api [None req-eb780bef-048e-4279-b6a6-1c41bbc547ea 62345a47eaa7457a88b2d339c9e81a17 151cb6cffbab4e6faf2bddfc62f3bf0d - - default default] Unable to schedule network fd587153-7728-4ebf-868d-838506e9cfff: no agents available; will retry on subsequent port and subnet creation events.
2026-07-15 00:23:51.585 8 INFO neutron.plugins.ml2.drivers.ovn.mech_driver.mech_driver [None req-b8fc6798-592e-424e-a6af-700ae41a89d0 - - - - - -] OVN reports status down for port: 80e65f6d-e2cc-4bac-b005-4558a1c29af4
2026-07-15 00:23:51.641 8 INFO neutron.db.ovn_revision_numbers_db [None req-eb780bef-048e-4279-b6a6-1c41bbc547ea 62345a47eaa7457a88b2d339c9e81a17 151cb6cffbab4e6faf2bddfc62f3bf0d - - default default] Successfully bumped revision number for resource 80e65f6d-e2cc-4bac-b005-4558a1c29af4 (type: ports) to 1
2026-07-15 00:23:51.661 7 WARNING neutron.scheduler.dhcp_agent_scheduler [None req-19738bf5-71c4-441c-9a7a-b18fd4fc2a98 f4445dcfac14409ca9e1b0ff38b88294 fbb5267236214410876aec8eeee78f8c - - default default] No more DHCP agents
2026-07-15 00:23:51.662 7 WARNING neutron.api.rpc.agentnotifiers.dhcp_rpc_agent_api [None req-19738bf5-71c4-441c-9a7a-b18fd4fc2a98 f4445dcfac14409ca9e1b0ff38b88294 fbb5267236214410876aec8eeee78f8c - - default default] Unable to schedule network dfcd3625-b589-46b4-b112-e2e97241a948: no agents available; will retry on subsequent port and subnet creation events. [pid: 8|app: 0|req: 1188/2332] 10.0.0.9 () {34 vars in 662 bytes} [Wed Jul 15 00:23:51 2026] POST /v2.0/ports => generated 743 bytes in 397 msecs (HTTP/1.1 201) 4 headers in 162 bytes (1 switches on core 0)
2026-07-15 00:23:51.685 7 INFO neutron.db.ovn_revision_numbers_db [None req-19738bf5-71c4-441c-9a7a-b18fd4fc2a98 f4445dcfac14409ca9e1b0ff38b88294 fbb5267236214410876aec8eeee78f8c - - default default] Successfully bumped revision number for resource 6c000ce1-03dd-46d8-aba2-04070d4dd87b (type: subnets) to 0 /var/lib/openstack/lib/python3.12/site-packages/pycadf/identifier.py:70: UserWarning: Invalid uuid: neutron. To ensure interoperability, identifiers should be a valid uuid. warnings.warn(('Invalid uuid: %s. To ensure interoperability, ' [pid: 7|app: 0|req: 1145/2333] 10.0.0.9 () {34 vars in 667 bytes} [Wed Jul 15 00:23:51 2026] POST /v2.0/subnets => generated 730 bytes in 222 msecs (HTTP/1.1 201) 4 headers in 162 bytes (1 switches on core 0) [pid: 8|app: 0|req: 1189/2334] 10.0.0.9 () {34 vars in 664 bytes} [Wed Jul 15 00:23:51 2026] POST /v2.0/trunks => generated 409 bytes in 168 msecs (HTTP/1.1 201) 4 headers in 162 bytes (1 switches on core 0)
2026-07-15 00:23:51.944 8 INFO neutron.db.segments_db [None req-9bf03f21-64b1-4cce-bd58-c540dab89cc1 62345a47eaa7457a88b2d339c9e81a17 151cb6cffbab4e6faf2bddfc62f3bf0d - - default default] Added segment 04d14a25-30d2-4ec3-bb40-74f4bfe6e3de of type geneve for network 4b3f205b-0346-4014-8579-57b858bd67cb
2026-07-15 00:23:52.057 8 INFO neutron.db.ovn_revision_numbers_db [None req-9bf03f21-64b1-4cce-bd58-c540dab89cc1 62345a47eaa7457a88b2d339c9e81a17 151cb6cffbab4e6faf2bddfc62f3bf0d - - default default] Successfully bumped revision number for resource 4b3f205b-0346-4014-8579-57b858bd67cb (type: networks) to 1
2026-07-15 00:23:52.115 7 WARNING neutron.scheduler.dhcp_agent_scheduler [None req-0abdfe74-f2e7-4351-be47-305607fd2e50 f4445dcfac14409ca9e1b0ff38b88294 fbb5267236214410876aec8eeee78f8c - - default default] No more DHCP agents
2026-07-15 00:23:52.117 7 WARNING neutron.api.rpc.agentnotifiers.dhcp_rpc_agent_api [None req-0abdfe74-f2e7-4351-be47-305607fd2e50 f4445dcfac14409ca9e1b0ff38b88294 fbb5267236214410876aec8eeee78f8c - - default default] Unable to schedule network 63bfc501-57a4-4bb2-922f-7bd39db064a3: no agents available; will retry on subsequent port and subnet creation events.
2026-07-15 00:23:52.227 7 INFO neutron.plugins.ml2.drivers.ovn.mech_driver.mech_driver [None req-24359924-81d3-435d-8d4f-6b2ea868afe0 - - - - - -] OVN reports status down for port: 8fbaf47b-7ce5-491a-a0ae-197e0ad49209
2026-07-15 00:23:52.242 8 WARNING neutron.scheduler.dhcp_agent_scheduler [None req-9bf03f21-64b1-4cce-bd58-c540dab89cc1 62345a47eaa7457a88b2d339c9e81a17 151cb6cffbab4e6faf2bddfc62f3bf0d - - default default] No more DHCP agents
2026-07-15 00:23:52.244 8 WARNING neutron.api.rpc.agentnotifiers.dhcp_rpc_agent_api [None req-9bf03f21-64b1-4cce-bd58-c540dab89cc1 62345a47eaa7457a88b2d339c9e81a17 151cb6cffbab4e6faf2bddfc62f3bf0d - - default default] Unable to schedule network 4b3f205b-0346-4014-8579-57b858bd67cb: no agents available; will retry on subsequent port and subnet creation events.
2026-07-15 00:23:52.295 8 INFO neutron.plugins.ml2.drivers.ovn.mech_driver.mech_driver [None req-b8fc6798-592e-424e-a6af-700ae41a89d0 - - - - - -] OVN reports status down for port: 83662033-41f2-4bfb-b83d-225c48f1175d
2026-07-15 00:23:52.297 7 INFO neutron.db.ovn_revision_numbers_db [None req-0abdfe74-f2e7-4351-be47-305607fd2e50 f4445dcfac14409ca9e1b0ff38b88294 fbb5267236214410876aec8eeee78f8c - - default default] Successfully bumped revision number for resource 8fbaf47b-7ce5-491a-a0ae-197e0ad49209 (type: ports) to 1
2026-07-15 00:23:52.354 8 INFO neutron.db.ovn_revision_numbers_db [None req-9bf03f21-64b1-4cce-bd58-c540dab89cc1 62345a47eaa7457a88b2d339c9e81a17 151cb6cffbab4e6faf2bddfc62f3bf0d - - default default] Successfully bumped revision number for resource 83662033-41f2-4bfb-b83d-225c48f1175d (type: ports) to 1 [pid: 8|app: 0|req: 1190/2335] 10.0.0.9 () {34 vars in 668 bytes} [Wed Jul 15 00:23:51 2026] POST /v2.0/networks => generated 669 bytes in 539 msecs (HTTP/1.1 201) 4 headers in 162 bytes (1 switches on core 0)
2026-07-15 00:23:52.667 8 WARNING neutron.scheduler.dhcp_agent_scheduler [None req-78d2114f-ac65-4d6b-b250-c3f896d82b6c 62345a47eaa7457a88b2d339c9e81a17 151cb6cffbab4e6faf2bddfc62f3bf0d - - default default] No more DHCP agents
2026-07-15 00:23:52.668 8 WARNING neutron.api.rpc.agentnotifiers.dhcp_rpc_agent_api [None req-78d2114f-ac65-4d6b-b250-c3f896d82b6c 62345a47eaa7457a88b2d339c9e81a17 151cb6cffbab4e6faf2bddfc62f3bf0d - - default default] Unable to schedule network 4b3f205b-0346-4014-8579-57b858bd67cb: no agents available; will retry on subsequent port and subnet creation events.
2026-07-15 00:23:52.728 7 INFO neutron.plugins.ml2.drivers.ovn.mech_driver.mech_driver [None req-24359924-81d3-435d-8d4f-6b2ea868afe0 - - - - - -] OVN reports status down for port: 5c2e81f5-237a-4805-b7ec-9dbe1462fa0a
2026-07-15 00:23:52.756 8 INFO neutron.db.ovn_revision_numbers_db [None req-78d2114f-ac65-4d6b-b250-c3f896d82b6c 62345a47eaa7457a88b2d339c9e81a17 151cb6cffbab4e6faf2bddfc62f3bf0d - - default default] Successfully bumped revision number for resource 5c2e81f5-237a-4805-b7ec-9dbe1462fa0a (type: ports) to 1 [pid: 8|app: 0|req: 1191/2336] 10.0.0.9 () {34 vars in 662 bytes} [Wed Jul 15 00:23:52 2026] POST /v2.0/ports => generated 743 bytes in 379 msecs (HTTP/1.1 201) 4 headers in 162 bytes (1 switches on core 0) /var/lib/openstack/lib/python3.12/site-packages/pycadf/identifier.py:70: UserWarning: Invalid uuid: neutron. To ensure interoperability, identifiers should be a valid uuid. warnings.warn(('Invalid uuid: %s. To ensure interoperability, ' [pid: 8|app: 0|req: 1192/2337] 10.0.0.9 () {34 vars in 664 bytes} [Wed Jul 15 00:23:52 2026] POST /v2.0/trunks => generated 409 bytes in 162 msecs (HTTP/1.1 201) 4 headers in 162 bytes (1 switches on core 0)
2026-07-15 00:23:52.970 7 INFO neutron.plugins.ml2.drivers.ovn.mech_driver.mech_driver [None req-24359924-81d3-435d-8d4f-6b2ea868afe0 - - - - - -] OVN reports status up for port: 8fbaf47b-7ce5-491a-a0ae-197e0ad49209
2026-07-15 00:23:53.001 8 WARNING tagging [None req-a2168407-1176-4924-b849-384e062a4871 62345a47eaa7457a88b2d339c9e81a17 151cb6cffbab4e6faf2bddfc62f3bf0d - - default default] project_id key not found in request, using tenant_id instead. This support has been deprecated and will be removed in a future release.
2026-07-15 00:23:53.008 7 INFO neutron.plugins.ml2.plugin [None req-24359924-81d3-435d-8d4f-6b2ea868afe0 - - - - - -] Attempt 1 to provision port 8fbaf47b-7ce5-491a-a0ae-197e0ad49209 [pid: 8|app: 0|req: 1193/2338] 10.0.0.9 () {34 vars in 747 bytes} [Wed Jul 15 00:23:52 2026] PUT /v2.0/trunks/40df1807-b3b2-4b84-a76a-c88ffb668904/tags => generated 17 bytes in 74 msecs (HTTP/1.1 200) 4 headers in 156 bytes (1 switches on core 0)
2026-07-15 00:23:53.032 7 INFO neutron.db.ovn_revision_numbers_db [None req-0abdfe74-f2e7-4351-be47-305607fd2e50 f4445dcfac14409ca9e1b0ff38b88294 fbb5267236214410876aec8eeee78f8c - - default default] Successfully bumped revision number for resource 8fbaf47b-7ce5-491a-a0ae-197e0ad49209 (type: router_ports) to 1
2026-07-15 00:23:53.042 8 INFO neutron.plugins.ml2.drivers.ovn.mech_driver.ovsdb.ovsdb_monitor [None req-6c1126fd-0351-4ad3-9a3f-0afc686e0b6e - - - - - -] Router 4d58982a-e276-4ef9-aea4-b7ac0aa0e711 is bound to host instance
2026-07-15 00:23:53.055 8 WARNING tagging [None req-e97fd143-657c-49b6-92e5-bbf9faabc3d9 62345a47eaa7457a88b2d339c9e81a17 151cb6cffbab4e6faf2bddfc62f3bf0d - - default default] project_id key not found in request, using tenant_id instead. This support has been deprecated and will be removed in a future release. [pid: 8|app: 0|req: 1194/2339] 10.0.0.9 () {34 vars in 747 bytes} [Wed Jul 15 00:23:53 2026] PUT /v2.0/trunks/18c473c0-845b-48b7-9e2f-9204f6740a36/tags => generated 25 bytes in 49 msecs (HTTP/1.1 200) 4 headers in 156 bytes (1 switches on core 0)
2026-07-15 00:23:53.111 8 WARNING tagging [None req-4ca10052-7b58-452c-8243-fb4a0e656b32 62345a47eaa7457a88b2d339c9e81a17 151cb6cffbab4e6faf2bddfc62f3bf0d - - default default] project_id key not found in request, using tenant_id instead. This support has been deprecated and will be removed in a future release.
2026-07-15 00:23:53.147 7 INFO neutron.db.ovn_revision_numbers_db [None req-0abdfe74-f2e7-4351-be47-305607fd2e50 f4445dcfac14409ca9e1b0ff38b88294 fbb5267236214410876aec8eeee78f8c - - default default] Successfully bumped revision number for resource 4d58982a-e276-4ef9-aea4-b7ac0aa0e711 (type: routers) to 2 [pid: 8|app: 0|req: 1195/2340] 10.0.0.9 () {34 vars in 747 bytes} [Wed Jul 15 00:23:53 2026] PUT /v2.0/trunks/47e19374-4d87-4993-8011-421fc0133cce/tags => generated 34 bytes in 70 msecs (HTTP/1.1 200) 4 headers in 156 bytes (1 switches on core 0) [pid: 7|app: 0|req: 1146/2341] 10.0.0.9 () {34 vars in 667 bytes} [Wed Jul 15 00:23:51 2026] POST /v2.0/routers => generated 965 bytes in 1456 msecs (HTTP/1.1 201) 4 headers in 162 bytes (1 switches on core 0)
2026-07-15 00:23:53.184 8 WARNING tagging [None req-0c8f3203-8def-4be3-ad61-8c1e332dc07b 62345a47eaa7457a88b2d339c9e81a17 151cb6cffbab4e6faf2bddfc62f3bf0d - - default default] project_id key not found in request, using tenant_id instead. This support has been deprecated and will be removed in a future release. [pid: 8|app: 0|req: 1196/2342] 10.0.0.9 () {34 vars in 747 bytes} [Wed Jul 15 00:23:53 2026] PUT /v2.0/trunks/3d91be7b-7b53-46eb-a6e6-1dbba1849a71/tags => generated 19 bytes in 63 msecs (HTTP/1.1 200) 4 headers in 156 bytes (1 switches on core 0) [pid: 8|app: 0|req: 1197/2343] 10.0.0.9 () {32 vars in 660 bytes} [Wed Jul 15 00:23:53 2026] GET /v2.0/trunks?tags=red => generated 1252 bytes in 39 msecs (HTTP/1.1 200) 4 headers in 158 bytes (1 switches on core 0) [pid: 8|app: 0|req: 1198/2344] 10.0.0.9 () {32 vars in 674 bytes} [Wed Jul 15 00:23:53 2026] GET /v2.0/trunks?tags=red%2Cblue => generated 847 bytes in 48 msecs (HTTP/1.1 200) 4 headers in 157 bytes (1 switches on core 0) [pid: 8|app: 0|req: 1199/2345] 10.0.0.9 () {32 vars in 670 bytes} [Wed Jul 15 00:23:53 2026] GET /v2.0/trunks?tags-any=blue => generated 847 bytes in 39 msecs (HTTP/1.1 200) 4 headers in 157 bytes (1 switches on core 0) [pid: 8|app: 0|req: 1200/2346] 10.0.0.9 () {32 vars in 682 bytes} [Wed Jul 15 00:23:53 2026] GET /v2.0/trunks?tags-any=red%2Cblue => generated 1252 bytes in 39 msecs (HTTP/1.1 200) 4 headers in 158 bytes (1 switches on core 0) [pid: 8|app: 0|req: 1201/2347] 10.0.0.9 () {32 vars in 668 bytes} [Wed Jul 15 00:23:53 2026] GET /v2.0/trunks?not-tags=red => generated 819 bytes in 38 msecs (HTTP/1.1 200) 4 headers in 157 bytes (1 switches on core 0) [pid: 8|app: 0|req: 1202/2348] 10.0.0.9 () {32 vars in 682 bytes} [Wed Jul 15 00:23:53 2026] GET /v2.0/trunks?not-tags=red%2Cblue => generated 1224 bytes in 43 msecs (HTTP/1.1 200) 4 headers in 158 bytes (1 switches on core 0) [pid: 8|app: 0|req: 1203/2349] 10.0.0.9 () {32 vars in 678 bytes} [Wed Jul 15 00:23:53 2026] GET /v2.0/trunks?not-tags-any=blue => generated 1224 bytes in 35 msecs (HTTP/1.1 200) 4 headers in 158 bytes (1 switches on core 0) [pid: 8|app: 0|req: 1204/2350] 10.0.0.9 () {32 vars in 690 bytes} [Wed Jul 15 00:23:53 2026] GET /v2.0/trunks?not-tags-any=red%2Cblue => generated 819 bytes in 30 msecs (HTTP/1.1 200) 4 headers in 157 bytes (1 switches on core 0) [pid: 8|app: 0|req: 1205/2351] 10.0.0.9 () {32 vars in 717 bytes} [Wed Jul 15 00:23:53 2026] GET /v2.0/trunks/40df1807-b3b2-4b84-a76a-c88ffb668904 => generated 414 bytes in 28 msecs (HTTP/1.1 200) 4 headers in 157 bytes (1 switches on core 0)
2026-07-15 00:23:53.743 7 WARNING neutron.scheduler.dhcp_agent_scheduler [None req-741b7d86-bce8-47d6-8d2d-e0b4e5e0174d f4445dcfac14409ca9e1b0ff38b88294 fbb5267236214410876aec8eeee78f8c - - default default] No more DHCP agents
2026-07-15 00:23:53.745 7 WARNING neutron.api.rpc.agentnotifiers.dhcp_rpc_agent_api [None req-741b7d86-bce8-47d6-8d2d-e0b4e5e0174d f4445dcfac14409ca9e1b0ff38b88294 fbb5267236214410876aec8eeee78f8c - - default default] Unable to schedule network bdb01fc0-ae0b-4351-8a00-2f4fa78e614a: no agents available; will retry on subsequent port and subnet creation events.
2026-07-15 00:23:53.898 7 INFO neutron.db.ovn_revision_numbers_db [None req-741b7d86-bce8-47d6-8d2d-e0b4e5e0174d f4445dcfac14409ca9e1b0ff38b88294 fbb5267236214410876aec8eeee78f8c - - default default] Successfully bumped revision number for resource 1f0fa809-f5cf-48e9-b225-0e944c2c3e6d (type: ports) to 1
2026-07-15 00:23:54.035 8 INFO neutron.db.ovn_revision_numbers_db [None req-38c19a29-2ba8-495c-9f21-1f6799f81464 f79fe918668549ec961747d888b4c9a8 c45ba4d369a442fcab344e2bfcec051f - - default default] Successfully bumped revision number for resource a1bcbb18-708d-454a-a79c-5ec8ededc510 (type: security_groups) to 1
2026-07-15 00:23:54.057 8 INFO neutron.db.ovn_revision_numbers_db [None req-38c19a29-2ba8-495c-9f21-1f6799f81464 f79fe918668549ec961747d888b4c9a8 c45ba4d369a442fcab344e2bfcec051f - - default default] Successfully bumped revision number for resource 028de2b0-2917-469c-9b8e-ba9b8c429c3e (type: security_group_rules) to 0
2026-07-15 00:23:54.093 8 INFO neutron.db.ovn_revision_numbers_db [None req-38c19a29-2ba8-495c-9f21-1f6799f81464 f79fe918668549ec961747d888b4c9a8 c45ba4d369a442fcab344e2bfcec051f - - default default] Successfully bumped revision number for resource 77fd0813-025d-4250-b7c1-f50a6b05c982 (type: security_group_rules) to 0
2026-07-15 00:23:54.112 8 INFO neutron.db.ovn_revision_numbers_db [None req-38c19a29-2ba8-495c-9f21-1f6799f81464 f79fe918668549ec961747d888b4c9a8 c45ba4d369a442fcab344e2bfcec051f - - default default] Successfully bumped revision number for resource f51229b4-4a70-477b-b6e2-36379c3c046e (type: security_group_rules) to 0
2026-07-15 00:23:54.135 8 INFO neutron.db.ovn_revision_numbers_db [None req-38c19a29-2ba8-495c-9f21-1f6799f81464 f79fe918668549ec961747d888b4c9a8 c45ba4d369a442fcab344e2bfcec051f - - default default] Successfully bumped revision number for resource fb21c47b-5418-4ebe-9a73-c2670813cdc2 (type: security_group_rules) to 0
2026-07-15 00:23:54.199 8 INFO neutron.db.ovn_revision_numbers_db [None req-306abb8c-50db-4153-bab7-07bc3d49e39a - - - - - -] Successfully bumped revision number for resource 8fbaf47b-7ce5-491a-a0ae-197e0ad49209 (type: ports) to 4
2026-07-15 00:23:54.250 8 INFO neutron.db.segments_db [None req-38c19a29-2ba8-495c-9f21-1f6799f81464 f79fe918668549ec961747d888b4c9a8 c45ba4d369a442fcab344e2bfcec051f - - default default] Added segment 5e6900d2-5aec-458a-8f08-300312438671 of type geneve for network 3be34a7d-e064-4c81-a0ed-f967b78b8a2b
2026-07-15 00:23:54.476 8 INFO neutron.db.ovn_revision_numbers_db [None req-38c19a29-2ba8-495c-9f21-1f6799f81464 f79fe918668549ec961747d888b4c9a8 c45ba4d369a442fcab344e2bfcec051f - - default default] Successfully bumped revision number for resource 3be34a7d-e064-4c81-a0ed-f967b78b8a2b (type: networks) to 1
2026-07-15 00:23:54.704 7 WARNING neutron.scheduler.dhcp_agent_scheduler [None req-741b7d86-bce8-47d6-8d2d-e0b4e5e0174d f4445dcfac14409ca9e1b0ff38b88294 fbb5267236214410876aec8eeee78f8c - - default default] No more DHCP agents
2026-07-15 00:23:54.706 7 WARNING neutron.api.rpc.agentnotifiers.dhcp_rpc_agent_api [None req-741b7d86-bce8-47d6-8d2d-e0b4e5e0174d f4445dcfac14409ca9e1b0ff38b88294 fbb5267236214410876aec8eeee78f8c - - default default] Unable to schedule network bdb01fc0-ae0b-4351-8a00-2f4fa78e614a: no agents available; will retry on subsequent port and subnet creation events.
2026-07-15 00:23:54.791 8 INFO neutron.db.ovn_revision_numbers_db [None req-306abb8c-50db-4153-bab7-07bc3d49e39a - - - - - -] Successfully bumped revision number for resource 8fbaf47b-7ce5-491a-a0ae-197e0ad49209 (type: ports) to 5
2026-07-15 00:23:54.797 8 WARNING neutron.scheduler.dhcp_agent_scheduler [None req-38c19a29-2ba8-495c-9f21-1f6799f81464 f79fe918668549ec961747d888b4c9a8 c45ba4d369a442fcab344e2bfcec051f - - default default] No more DHCP agents
2026-07-15 00:23:54.799 8 WARNING neutron.api.rpc.agentnotifiers.dhcp_rpc_agent_api [None req-38c19a29-2ba8-495c-9f21-1f6799f81464 f79fe918668549ec961747d888b4c9a8 c45ba4d369a442fcab344e2bfcec051f - - default default] Unable to schedule network 3be34a7d-e064-4c81-a0ed-f967b78b8a2b: no agents available; will retry on subsequent port and subnet creation events.
2026-07-15 00:23:54.927 8 INFO neutron.db.ovn_revision_numbers_db [None req-38c19a29-2ba8-495c-9f21-1f6799f81464 f79fe918668549ec961747d888b4c9a8 c45ba4d369a442fcab344e2bfcec051f - - default default] Successfully bumped revision number for resource 9ff78ce9-ba76-4540-96ee-486e981ccc85 (type: ports) to 1 [pid: 8|app: 0|req: 1206/2352] 10.0.0.9 () {34 vars in 668 bytes} [Wed Jul 15 00:23:53 2026] POST /v2.0/networks => generated 669 bytes in 1355 msecs (HTTP/1.1 201) 4 headers in 162 bytes (1 switches on core 0) [pid: 8|app: 0|req: 1207/2353] 10.0.0.9 () {32 vars in 715 bytes} [Wed Jul 15 00:23:54 2026] GET /v2.0/ports/052ee269-15ec-4d63-8e59-b4a31db80118 => generated 826 bytes in 100 msecs (HTTP/1.1 200) 4 headers in 157 bytes (1 switches on core 0)
2026-07-15 00:23:55.087 7 INFO neutron.db.ovn_revision_numbers_db [None req-741b7d86-bce8-47d6-8d2d-e0b4e5e0174d f4445dcfac14409ca9e1b0ff38b88294 fbb5267236214410876aec8eeee78f8c - - default default] Successfully bumped revision number for resource 1f0fa809-f5cf-48e9-b225-0e944c2c3e6d (type: router_ports) to 1 [pid: 7|app: 0|req: 1147/2354] 10.0.0.9 () {34 vars in 781 bytes} [Wed Jul 15 00:23:53 2026] PUT /v2.0/routers/4d58982a-e276-4ef9-aea4-b7ac0aa0e711/add_router_interface => generated 310 bytes in 1923 msecs (HTTP/1.1 200) 4 headers in 157 bytes (1 switches on core 0) [pid: 7|app: 0|req: 1148/2355] 10.0.0.9 () {32 vars in 720 bytes} [Wed Jul 15 00:23:55 2026] DELETE /v2.0/trunks/40df1807-b3b2-4b84-a76a-c88ffb668904 => generated 0 bytes in 86 msecs (HTTP/1.1 204) 2 headers in 112 bytes (1 switches on core 0)
2026-07-15 00:23:55.232 8 WARNING neutron.scheduler.dhcp_agent_scheduler [None req-af447bdd-a575-49c0-951a-ae3daf823602 f79fe918668549ec961747d888b4c9a8 c45ba4d369a442fcab344e2bfcec051f - - default default] No more DHCP agents
2026-07-15 00:23:55.233 8 WARNING neutron.api.rpc.agentnotifiers.dhcp_rpc_agent_api [None req-af447bdd-a575-49c0-951a-ae3daf823602 f79fe918668549ec961747d888b4c9a8 c45ba4d369a442fcab344e2bfcec051f - - default default] Unable to schedule network 3be34a7d-e064-4c81-a0ed-f967b78b8a2b: no agents available; will retry on subsequent port and subnet creation events.
2026-07-15 00:23:55.533 7 INFO neutron.plugins.ml2.drivers.ovn.mech_driver.mech_driver [None req-24359924-81d3-435d-8d4f-6b2ea868afe0 - - - - - -] OVN reports status down for port: 1f0fa809-f5cf-48e9-b225-0e944c2c3e6d
2026-07-15 00:23:55.650 7 WARNING neutron.plugins.ml2.drivers.ovn.mech_driver.ovsdb.ovn_client [None req-24359924-81d3-435d-8d4f-6b2ea868afe0 - - - - - -] Logical_Switch_Port 1f0fa809-f5cf-48e9-b225-0e944c2c3e6d host information not removed, the port state is up
2026-07-15 00:23:55.651 7 INFO neutron.plugins.ml2.drivers.ovn.mech_driver.mech_driver [None req-24359924-81d3-435d-8d4f-6b2ea868afe0 - - - - - -] OVN reports status up for port: 1f0fa809-f5cf-48e9-b225-0e944c2c3e6d
2026-07-15 00:23:55.688 7 INFO neutron.plugins.ml2.plugin [None req-24359924-81d3-435d-8d4f-6b2ea868afe0 - - - - - -] Attempt 1 to provision port 1f0fa809-f5cf-48e9-b225-0e944c2c3e6d
2026-07-15 00:23:55.698 8 INFO neutron.db.ovn_revision_numbers_db [None req-af447bdd-a575-49c0-951a-ae3daf823602 f79fe918668549ec961747d888b4c9a8 c45ba4d369a442fcab344e2bfcec051f - - default default] Successfully bumped revision number for resource 9ff78ce9-ba76-4540-96ee-486e981ccc85 (type: ports) to 2
2026-07-15 00:23:55.725 8 INFO neutron.db.ovn_revision_numbers_db [None req-af447bdd-a575-49c0-951a-ae3daf823602 f79fe918668549ec961747d888b4c9a8 c45ba4d369a442fcab344e2bfcec051f - - default default] Successfully bumped revision number for resource db251024-2aba-4cfb-8f29-d9023436986e (type: subnets) to 0 [pid: 8|app: 0|req: 1208/2356] 10.0.0.9 () {34 vars in 667 bytes} [Wed Jul 15 00:23:55 2026] POST /v2.0/subnets => generated 626 bytes in 678 msecs (HTTP/1.1 201) 4 headers in 162 bytes (1 switches on core 0) [pid: 8|app: 0|req: 1209/2357] 10.0.0.9 () {32 vars in 717 bytes} [Wed Jul 15 00:23:55 2026] GET /v2.0/trunks/18c473c0-845b-48b7-9e2f-9204f6740a36 => generated 422 bytes in 13 msecs (HTTP/1.1 200) 4 headers in 157 bytes (1 switches on core 0) [pid: 8|app: 0|req: 1210/2358] 10.0.0.9 () {34 vars in 749 bytes} [Wed Jul 15 00:23:55 2026] PUT /v2.0/subnets/db251024-2aba-4cfb-8f29-d9023436986e/tags => generated 25 bytes in 54 msecs (HTTP/1.1 200) 4 headers in 156 bytes (1 switches on core 0)
2026-07-15 00:23:55.824 7 WARNING neutron.scheduler.dhcp_agent_scheduler [None req-d9177187-33f1-40ec-96b2-60bcd2e07f0c f4445dcfac14409ca9e1b0ff38b88294 fbb5267236214410876aec8eeee78f8c - - default default] No more DHCP agents
2026-07-15 00:23:55.825 7 WARNING neutron.api.rpc.agentnotifiers.dhcp_rpc_agent_api [None req-d9177187-33f1-40ec-96b2-60bcd2e07f0c f4445dcfac14409ca9e1b0ff38b88294 fbb5267236214410876aec8eeee78f8c - - default default] Unable to schedule network b8f58d04-de76-43cf-a635-077a0f72ad5b: no agents available; will retry on subsequent port and subnet creation events. [pid: 8|app: 0|req: 1211/2359] 10.0.0.9 () {32 vars in 715 bytes} [Wed Jul 15 00:23:55 2026] GET /v2.0/ports/121ccf2f-7f8a-4dff-98eb-993812802ba5 => generated 826 bytes in 74 msecs (HTTP/1.1 200) 4 headers in 157 bytes (1 switches on core 0) [pid: 8|app: 0|req: 1212/2360] 10.0.0.9 () {32 vars in 729 bytes} [Wed Jul 15 00:23:55 2026] GET /v2.0/subnets/db251024-2aba-4cfb-8f29-d9023436986e/tags => generated 25 bytes in 41 msecs (HTTP/1.1 200) 4 headers in 156 bytes (1 switches on core 0)
2026-07-15 00:23:55.993 8 INFO neutron.plugins.ml2.drivers.ovn.mech_driver.mech_driver [None req-b8fc6798-592e-424e-a6af-700ae41a89d0 - - - - - -] OVN reports status down for port: 14547261-5243-485c-bb2f-1f0809467b8a [pid: 8|app: 0|req: 1213/2361] 10.0.0.9 () {32 vars in 720 bytes} [Wed Jul 15 00:23:55 2026] DELETE /v2.0/trunks/18c473c0-845b-48b7-9e2f-9204f6740a36 => generated 0 bytes in 89 msecs (HTTP/1.1 204) 2 headers in 112 bytes (1 switches on core 0)
2026-07-15 00:23:56.053 7 INFO neutron.db.ovn_revision_numbers_db [None req-d9177187-33f1-40ec-96b2-60bcd2e07f0c f4445dcfac14409ca9e1b0ff38b88294 fbb5267236214410876aec8eeee78f8c - - default default] Successfully bumped revision number for resource 14547261-5243-485c-bb2f-1f0809467b8a (type: ports) to 1 [pid: 8|app: 0|req: 1214/2362] 10.0.0.9 () {34 vars in 760 bytes} [Wed Jul 15 00:23:56 2026] PUT /v2.0/subnets/db251024-2aba-4cfb-8f29-d9023436986e/tags/green => generated 4 bytes in 112 msecs (HTTP/1.1 201) 4 headers in 160 bytes (1 switches on core 0) [pid: 8|app: 0|req: 1215/2363] 10.0.0.9 () {32 vars in 717 bytes} [Wed Jul 15 00:23:56 2026] GET /v2.0/trunks/47e19374-4d87-4993-8011-421fc0133cce => generated 431 bytes in 12 msecs (HTTP/1.1 200) 4 headers in 157 bytes (1 switches on core 0) [pid: 8|app: 0|req: 1216/2364] 10.0.0.9 () {32 vars in 729 bytes} [Wed Jul 15 00:23:56 2026] GET /v2.0/subnets/db251024-2aba-4cfb-8f29-d9023436986e/tags => generated 34 bytes in 36 msecs (HTTP/1.1 200) 4 headers in 156 bytes (1 switches on core 0) [pid: 8|app: 0|req: 1217/2365] 10.0.0.9 () {32 vars in 715 bytes} [Wed Jul 15 00:23:56 2026] GET /v2.0/ports/02251f4e-9837-45ba-b71f-08ee57cac4c3 => generated 826 bytes in 83 msecs (HTTP/1.1 200) 4 headers in 157 bytes (1 switches on core 0) [pid: 8|app: 0|req: 1218/2366] 10.0.0.9 () {34 vars in 756 bytes} [Wed Jul 15 00:23:56 2026] PUT /v2.0/subnets/db251024-2aba-4cfb-8f29-d9023436986e/tags/red => generated 4 bytes in 52 msecs (HTTP/1.1 201) 4 headers in 160 bytes (1 switches on core 0)
2026-07-15 00:23:56.357 7 INFO neutron.db.ovn_revision_numbers_db [None req-24359924-81d3-435d-8d4f-6b2ea868afe0 - - - - - -] Successfully bumped revision number for resource 1f0fa809-f5cf-48e9-b225-0e944c2c3e6d (type: ports) to 2 [pid: 8|app: 0|req: 1219/2367] 10.0.0.9 () {32 vars in 720 bytes} [Wed Jul 15 00:23:56 2026] DELETE /v2.0/trunks/47e19374-4d87-4993-8011-421fc0133cce => generated 0 bytes in 78 msecs (HTTP/1.1 204) 2 headers in 112 bytes (1 switches on core 0) [pid: 8|app: 0|req: 1220/2368] 10.0.0.9 () {32 vars in 729 bytes} [Wed Jul 15 00:23:56 2026] GET /v2.0/subnets/db251024-2aba-4cfb-8f29-d9023436986e/tags => generated 34 bytes in 49 msecs (HTTP/1.1 200) 4 headers in 156 bytes (1 switches on core 0) [pid: 8|app: 0|req: 1221/2369] 10.0.0.9 () {32 vars in 717 bytes} [Wed Jul 15 00:23:56 2026] GET /v2.0/trunks/3d91be7b-7b53-46eb-a6e6-1dbba1849a71 => generated 416 bytes in 15 msecs (HTTP/1.1 200) 4 headers in 157 bytes (1 switches on core 0) [pid: 8|app: 0|req: 1222/2370] 10.0.0.9 () {34 vars in 778 bytes} [Wed Jul 15 00:23:56 2026] PUT /v2.0/subnets/db251024-2aba-4cfb-8f29-d9023436986e/tags/black.or.white => generated 4 bytes in 74 msecs (HTTP/1.1 201) 4 headers in 160 bytes (1 switches on core 0) [pid: 8|app: 0|req: 1223/2371] 10.0.0.9 () {32 vars in 715 bytes} [Wed Jul 15 00:23:56 2026] GET /v2.0/ports/80e65f6d-e2cc-4bac-b005-4558a1c29af4 => generated 826 bytes in 67 msecs (HTTP/1.1 200) 4 headers in 157 bytes (1 switches on core 0) [pid: 8|app: 0|req: 1224/2372] 10.0.0.9 () {32 vars in 729 bytes} [Wed Jul 15 00:23:56 2026] GET /v2.0/subnets/db251024-2aba-4cfb-8f29-d9023436986e/tags => generated 52 bytes in 34 msecs (HTTP/1.1 200) 4 headers in 156 bytes (1 switches on core 0) [pid: 8|app: 0|req: 1225/2373] 10.0.0.9 () {32 vars in 720 bytes} [Wed Jul 15 00:23:56 2026] DELETE /v2.0/trunks/3d91be7b-7b53-46eb-a6e6-1dbba1849a71 => generated 0 bytes in 72 msecs (HTTP/1.1 204) 2 headers in 112 bytes (1 switches on core 0) [pid: 8|app: 0|req: 1226/2374] 10.0.0.9 () {34 vars in 749 bytes} [Wed Jul 15 00:23:56 2026] PUT /v2.0/subnets/db251024-2aba-4cfb-8f29-d9023436986e/tags => generated 37 bytes in 55 msecs (HTTP/1.1 200) 4 headers in 156 bytes (1 switches on core 0) [pid: 8|app: 0|req: 1227/2375] 10.0.0.9 () {32 vars in 717 bytes} [Wed Jul 15 00:23:56 2026] GET /v2.0/trunks/0ad53d6d-de29-4488-a494-456df03d8abf => generated 409 bytes in 14 msecs (HTTP/1.1 200) 4 headers in 157 bytes (1 switches on core 0) [pid: 8|app: 0|req: 1228/2376] 10.0.0.9 () {32 vars in 729 bytes} [Wed Jul 15 00:23:56 2026] GET /v2.0/subnets/db251024-2aba-4cfb-8f29-d9023436986e/tags => generated 37 bytes in 38 msecs (HTTP/1.1 200) 4 headers in 156 bytes (1 switches on core 0) [pid: 8|app: 0|req: 1229/2377] 10.0.0.9 () {32 vars in 715 bytes} [Wed Jul 15 00:23:56 2026] GET /v2.0/ports/5c2e81f5-237a-4805-b7ec-9dbe1462fa0a => generated 826 bytes in 42 msecs (HTTP/1.1 200) 4 headers in 157 bytes (1 switches on core 0) [pid: 8|app: 0|req: 1230/2378] 10.0.0.9 () {32 vars in 737 bytes} [Wed Jul 15 00:23:56 2026] GET /v2.0/subnets/db251024-2aba-4cfb-8f29-d9023436986e/tags/red => generated 0 bytes in 37 msecs (HTTP/1.1 204) 2 headers in 112 bytes (1 switches on core 0)
2026-07-15 00:23:56.943 8 INFO neutron.plugins.ml2.drivers.ovn.mech_driver.mech_driver [None req-b8fc6798-592e-424e-a6af-700ae41a89d0 - - - - - -] OVN reports status up for port: 14547261-5243-485c-bb2f-1f0809467b8a
2026-07-15 00:23:56.977 8 INFO neutron.plugins.ml2.plugin [None req-b8fc6798-592e-424e-a6af-700ae41a89d0 - - - - - -] Attempt 1 to provision port 14547261-5243-485c-bb2f-1f0809467b8a [pid: 8|app: 0|req: 1231/2379] 10.0.0.9 () {32 vars in 720 bytes} [Wed Jul 15 00:23:56 2026] DELETE /v2.0/trunks/0ad53d6d-de29-4488-a494-456df03d8abf => generated 0 bytes in 104 msecs (HTTP/1.1 204) 2 headers in 112 bytes (1 switches on core 0)
2026-07-15 00:23:57.021 7 WARNING neutron.scheduler.dhcp_agent_scheduler [None req-d9177187-33f1-40ec-96b2-60bcd2e07f0c f4445dcfac14409ca9e1b0ff38b88294 fbb5267236214410876aec8eeee78f8c - - default default] No more DHCP agents
2026-07-15 00:23:57.022 7 WARNING neutron.api.rpc.agentnotifiers.dhcp_rpc_agent_api [None req-d9177187-33f1-40ec-96b2-60bcd2e07f0c f4445dcfac14409ca9e1b0ff38b88294 fbb5267236214410876aec8eeee78f8c - - default default] Unable to schedule network b8f58d04-de76-43cf-a635-077a0f72ad5b: no agents available; will retry on subsequent port and subnet creation events.
2026-07-15 00:23:57.069 8 INFO neutron.api.v2.resource [None req-376799c7-f7bb-49e5-b9e3-a3435deb0608 f79fe918668549ec961747d888b4c9a8 c45ba4d369a442fcab344e2bfcec051f - - default default] show failed (client error): The resource could not be found. [pid: 8|app: 0|req: 1232/2380] 10.0.0.9 () {32 vars in 741 bytes} [Wed Jul 15 00:23:57 2026] GET /v2.0/subnets/db251024-2aba-4cfb-8f29-d9023436986e/tags/green => generated 99 bytes in 69 msecs (HTTP/1.1 404) 4 headers in 163 bytes (1 switches on core 0)
