2026-07-15 00:21:37.974 7 INFO neutron.db.ovn_revision_numbers_db [None req-35ee3506-c001-40ee-b1fb-3a27e616985a ee0847ec8885450e89893411e7798beb fd938b09b9974e31b3e8c0eacce8a99c - - default default] Successfully bumped revision number for resource 4482163c-b428-4ac4-8632-1421ed787366 (type: security_group_rules) to 0
2026-07-15 00:21:37.990 8 WARNING neutron.db.securitygroups_db [None req-389bf77a-1657-4159-85f1-ab0624acf6fc ee0847ec8885450e89893411e7798beb fd938b09b9974e31b3e8c0eacce8a99c - - default default] project_id key not found in filters, using tenant_id instead. This support has been deprecated and will be removed in a future release.
2026-07-15 00:21:37.990 7 INFO neutron.db.ovn_revision_numbers_db [None req-35ee3506-c001-40ee-b1fb-3a27e616985a ee0847ec8885450e89893411e7798beb fd938b09b9974e31b3e8c0eacce8a99c - - default default] Successfully bumped revision number for resource 8c008440-d710-4b10-9b10-40047bc0469e (type: security_group_rules) to 0
2026-07-15 00:21:38.009 7 INFO neutron.db.ovn_revision_numbers_db [None req-35ee3506-c001-40ee-b1fb-3a27e616985a ee0847ec8885450e89893411e7798beb fd938b09b9974e31b3e8c0eacce8a99c - - default default] Successfully bumped revision number for resource c569f3b9-e5a8-46b8-96c4-ded7469d272a (type: security_group_rules) to 0 [pid: 8|app: 0|req: 761/1460] 10.0.0.9 () {32 vars in 772 bytes} [Wed Jul 15 00:21:37 2026] GET /v2.0/security-groups?tenant_id=1fa683fa32414d67b3b9367eb39778af&name=default => generated 2925 bytes in 73 msecs (HTTP/1.1 200) 4 headers in 158 bytes (1 switches on core 0) [pid: 7|app: 0|req: 700/1461] 10.0.0.9 () {32 vars in 772 bytes} [Wed Jul 15 00:21:37 2026] GET /v2.0/security-groups?tenant_id=b344f30e6db2497b9f6de508ecee32ad&name=default => generated 2925 bytes in 485 msecs (HTTP/1.1 200) 4 headers in 158 bytes (1 switches on core 0) [pid: 8|app: 0|req: 762/1462] 10.0.0.9 () {32 vars in 738 bytes} [Wed Jul 15 00:21:38 2026] DELETE /v2.0/security-groups/af88272c-40c1-4081-a589-c67eca893a5d => generated 0 bytes in 192 msecs (HTTP/1.1 204) 2 headers in 112 bytes (1 switches on core 0)
2026-07-15 00:21:38.296 7 INFO neutron.services.segments.plugin [-] Segment 95ab036d-2834-488a-921c-632292b228c5 resource provider aggregate not found [pid: 7|app: 0|req: 701/1463] 10.0.0.9 () {32 vars in 738 bytes} [Wed Jul 15 00:21:38 2026] DELETE /v2.0/security-groups/c5080c83-cd83-4edd-a8d2-ce472e88ad19 => generated 0 bytes in 244 msecs (HTTP/1.1 204) 2 headers in 112 bytes (1 switches on core 0)
2026-07-15 00:21:38.312 7 INFO neutron.services.segments.plugin [-] Segment 95ab036d-2834-488a-921c-632292b228c5 resource provider aggregate not found
2026-07-15 00:21:38.317 7 INFO neutron.services.segments.plugin [-] Client error retrieving segment 95ab036d-2834-488a-921c-632292b228c5 resource provider; error: Placement Client Error (4xx): {"errors": [{"status": 404, "title": "Not Found", "detail": "The resource could not be found.\n\n No resource provider with uuid 95ab036d-2834-488a-921c-632292b228c5 found for delete ", "request_id": "req-99035b8e-846b-4548-ade7-04ee0b9f588a"}]}
2026-07-15 00:21:38.327 7 INFO neutron.services.segments.plugin [-] Client error retrieving segment 95ab036d-2834-488a-921c-632292b228c5 resource provider; error: Placement Client Error (4xx): {"errors": [{"status": 404, "title": "Not Found", "detail": "The resource could not be found.\n\n No resource provider with uuid 95ab036d-2834-488a-921c-632292b228c5 found for delete ", "request_id": "req-347409cc-d1c9-49d8-88dc-a22b8ebe62f1"}]}
2026-07-15 00:21:39.069 8 INFO neutron.services.segments.plugin [-] Segment b66ac251-d9d2-4d6f-9dc5-f1fc1d97e600 resource provider aggregate not found
2026-07-15 00:21:39.072 8 INFO neutron.services.segments.plugin [-] Segment b66ac251-d9d2-4d6f-9dc5-f1fc1d97e600 resource provider aggregate not found
2026-07-15 00:21:39.086 8 INFO neutron.services.segments.plugin [-] Client error retrieving segment b66ac251-d9d2-4d6f-9dc5-f1fc1d97e600 resource provider; error: Placement Client Error (4xx): {"errors": [{"status": 404, "title": "Not Found", "detail": "The resource could not be found.\n\n No resource provider with uuid b66ac251-d9d2-4d6f-9dc5-f1fc1d97e600 found for delete ", "request_id": "req-3b12160b-d6b1-4302-b733-7754f8cd1c4b"}]}
2026-07-15 00:21:39.089 8 INFO neutron.services.segments.plugin [-] Client error retrieving segment b66ac251-d9d2-4d6f-9dc5-f1fc1d97e600 resource provider; error: Placement Client Error (4xx): {"errors": [{"status": 404, "title": "Not Found", "detail": "The resource could not be found.\n\n No resource provider with uuid b66ac251-d9d2-4d6f-9dc5-f1fc1d97e600 found for delete ", "request_id": "req-9f6cb3f4-dfea-4a29-b505-a917ae2433b9"}]}
2026-07-15 00:21:40.677 8 WARNING keystonemiddleware.audit [None req-ef59475c-659f-4027-9a2c-97847f91f95a ee0847ec8885450e89893411e7798beb fd938b09b9974e31b3e8c0eacce8a99c - - default default] Skipping service tempest-service-1232449157 as it have no endpoints.
2026-07-15 00:21:40.835 8 INFO neutron.db.ovn_revision_numbers_db [None req-ca9b3fd9-85b3-42ea-990a-25b83d69a4f5 43bcd7e33d0b41b2867be67dfdec6644 880d2ee421254406a3b9437ddd4fd9ce - - default default] Successfully bumped revision number for resource ae0911d4-c793-4d3a-9321-623add60da02 (type: security_groups) to 1
2026-07-15 00:21:40.861 8 INFO neutron.db.ovn_revision_numbers_db [None req-ca9b3fd9-85b3-42ea-990a-25b83d69a4f5 43bcd7e33d0b41b2867be67dfdec6644 880d2ee421254406a3b9437ddd4fd9ce - - default default] Successfully bumped revision number for resource 67651dd9-9094-4594-9579-eaa97fdafec7 (type: security_group_rules) to 0
2026-07-15 00:21:40.874 8 INFO neutron.db.ovn_revision_numbers_db [None req-ca9b3fd9-85b3-42ea-990a-25b83d69a4f5 43bcd7e33d0b41b2867be67dfdec6644 880d2ee421254406a3b9437ddd4fd9ce - - default default] Successfully bumped revision number for resource 8ba7f46b-aae1-4b8a-8758-494fa6e79e5f (type: security_group_rules) to 0
2026-07-15 00:21:40.887 8 INFO neutron.db.ovn_revision_numbers_db [None req-ca9b3fd9-85b3-42ea-990a-25b83d69a4f5 43bcd7e33d0b41b2867be67dfdec6644 880d2ee421254406a3b9437ddd4fd9ce - - default default] Successfully bumped revision number for resource cdd86384-fcd7-4513-ac30-0d2e9c9e13d0 (type: security_group_rules) to 0
2026-07-15 00:21:40.898 8 INFO neutron.db.ovn_revision_numbers_db [None req-ca9b3fd9-85b3-42ea-990a-25b83d69a4f5 43bcd7e33d0b41b2867be67dfdec6644 880d2ee421254406a3b9437ddd4fd9ce - - default default] Successfully bumped revision number for resource fd15532c-a4cf-4ba7-b2fb-28185dc2e5d0 (type: security_group_rules) to 0
2026-07-15 00:21:40.974 8 INFO neutron.db.segments_db [None req-ca9b3fd9-85b3-42ea-990a-25b83d69a4f5 43bcd7e33d0b41b2867be67dfdec6644 880d2ee421254406a3b9437ddd4fd9ce - - default default] Added segment c41802cf-7c17-419f-b04c-f553fdd2e60a of type geneve for network 7c58ce27-e365-4496-b777-215b05031cb0
2026-07-15 00:21:41.089 8 INFO neutron.db.ovn_revision_numbers_db [None req-ca9b3fd9-85b3-42ea-990a-25b83d69a4f5 43bcd7e33d0b41b2867be67dfdec6644 880d2ee421254406a3b9437ddd4fd9ce - - default default] Successfully bumped revision number for resource 7c58ce27-e365-4496-b777-215b05031cb0 (type: networks) to 1
2026-07-15 00:21:41.260 8 WARNING neutron.scheduler.dhcp_agent_scheduler [None req-ca9b3fd9-85b3-42ea-990a-25b83d69a4f5 43bcd7e33d0b41b2867be67dfdec6644 880d2ee421254406a3b9437ddd4fd9ce - - default default] No more DHCP agents
2026-07-15 00:21:41.261 8 WARNING neutron.api.rpc.agentnotifiers.dhcp_rpc_agent_api [None req-ca9b3fd9-85b3-42ea-990a-25b83d69a4f5 43bcd7e33d0b41b2867be67dfdec6644 880d2ee421254406a3b9437ddd4fd9ce - - default default] Unable to schedule network 7c58ce27-e365-4496-b777-215b05031cb0: no agents available; will retry on subsequent port and subnet creation events.
2026-07-15 00:21:41.312 8 INFO neutron.plugins.ml2.drivers.ovn.mech_driver.mech_driver [None req-6d357ed8-7bfd-4f91-a301-73315ae46197 - - - - - -] OVN reports status down for port: 72c43d81-7980-41ff-a812-b55b65732921
2026-07-15 00:21:41.367 8 INFO neutron.db.ovn_revision_numbers_db [None req-ca9b3fd9-85b3-42ea-990a-25b83d69a4f5 43bcd7e33d0b41b2867be67dfdec6644 880d2ee421254406a3b9437ddd4fd9ce - - default default] Successfully bumped revision number for resource 72c43d81-7980-41ff-a812-b55b65732921 (type: ports) to 1 [pid: 8|app: 0|req: 763/1464] 10.0.0.9 () {34 vars in 668 bytes} [Wed Jul 15 00:21:40 2026] POST /v2.0/networks => generated 685 bytes in 989 msecs (HTTP/1.1 201) 4 headers in 162 bytes (1 switches on core 0)
2026-07-15 00:21:41.892 8 WARNING keystonemiddleware.audit [None req-ca9b3fd9-85b3-42ea-990a-25b83d69a4f5 43bcd7e33d0b41b2867be67dfdec6644 880d2ee421254406a3b9437ddd4fd9ce - - default default] Skipping service tempest-service-1232449157 as it have no endpoints.
2026-07-15 00:21:41.910 7 WARNING neutron.db.securitygroups_db [None req-88a2db66-3d5e-4fcc-bef9-fe2f3b3f487d ee0847ec8885450e89893411e7798beb fd938b09b9974e31b3e8c0eacce8a99c - - default default] project_id key not found in filters, using tenant_id instead. This support has been deprecated and will be removed in a future release.
2026-07-15 00:21:42.067 7 INFO neutron.db.ovn_revision_numbers_db [None req-88a2db66-3d5e-4fcc-bef9-fe2f3b3f487d ee0847ec8885450e89893411e7798beb fd938b09b9974e31b3e8c0eacce8a99c - - default default] Successfully bumped revision number for resource 4ce18551-8e45-41b1-ad4c-a6e56079e16b (type: security_groups) to 1
2026-07-15 00:21:42.079 7 INFO neutron.db.ovn_revision_numbers_db [None req-88a2db66-3d5e-4fcc-bef9-fe2f3b3f487d ee0847ec8885450e89893411e7798beb fd938b09b9974e31b3e8c0eacce8a99c - - default default] Successfully bumped revision number for resource 0ccc7332-6e2d-46bd-b5bc-50641acb8fbc (type: security_group_rules) to 0
2026-07-15 00:21:42.090 8 WARNING neutron.scheduler.dhcp_agent_scheduler [None req-b9bb5c7a-691d-4121-abee-d1a6190916b1 43bcd7e33d0b41b2867be67dfdec6644 880d2ee421254406a3b9437ddd4fd9ce - - default default] No more DHCP agents
2026-07-15 00:21:42.091 8 WARNING neutron.api.rpc.agentnotifiers.dhcp_rpc_agent_api [None req-b9bb5c7a-691d-4121-abee-d1a6190916b1 43bcd7e33d0b41b2867be67dfdec6644 880d2ee421254406a3b9437ddd4fd9ce - - default default] Unable to schedule network 7c58ce27-e365-4496-b777-215b05031cb0: no agents available; will retry on subsequent port and subnet creation events.
2026-07-15 00:21:42.092 7 INFO neutron.db.ovn_revision_numbers_db [None req-88a2db66-3d5e-4fcc-bef9-fe2f3b3f487d ee0847ec8885450e89893411e7798beb fd938b09b9974e31b3e8c0eacce8a99c - - default default] Successfully bumped revision number for resource 67b44940-8838-43a4-be8e-68967629036c (type: security_group_rules) to 0
2026-07-15 00:21:42.116 7 INFO neutron.db.ovn_revision_numbers_db [None req-88a2db66-3d5e-4fcc-bef9-fe2f3b3f487d ee0847ec8885450e89893411e7798beb fd938b09b9974e31b3e8c0eacce8a99c - - default default] Successfully bumped revision number for resource d7b3077a-1030-452e-803d-a31e50fa82a4 (type: security_group_rules) to 0
2026-07-15 00:21:42.128 7 INFO neutron.db.ovn_revision_numbers_db [None req-88a2db66-3d5e-4fcc-bef9-fe2f3b3f487d ee0847ec8885450e89893411e7798beb fd938b09b9974e31b3e8c0eacce8a99c - - default default] Successfully bumped revision number for resource ec667bd3-76a7-403b-aa5f-0122e9754baf (type: security_group_rules) to 0
2026-07-15 00:21:42.130 8 INFO neutron.db.ovn_revision_numbers_db [None req-b9bb5c7a-691d-4121-abee-d1a6190916b1 43bcd7e33d0b41b2867be67dfdec6644 880d2ee421254406a3b9437ddd4fd9ce - - default default] Successfully bumped revision number for resource 7b2e9871-e42c-4cb0-92ba-28f104351bd6 (type: subnets) to 0 [pid: 8|app: 0|req: 764/1465] 10.0.0.9 () {34 vars in 667 bytes} [Wed Jul 15 00:21:41 2026] POST /v2.0/subnets => generated 673 bytes in 261 msecs (HTTP/1.1 201) 4 headers in 162 bytes (1 switches on core 0)
2026-07-15 00:21:42.156 8 WARNING keystonemiddleware.audit [None req-b9bb5c7a-691d-4121-abee-d1a6190916b1 43bcd7e33d0b41b2867be67dfdec6644 880d2ee421254406a3b9437ddd4fd9ce - - default default] Skipping service tempest-service-1232449157 as it have no endpoints. [pid: 7|app: 0|req: 702/1466] 10.0.0.9 () {32 vars in 772 bytes} [Wed Jul 15 00:21:41 2026] GET /v2.0/security-groups?tenant_id=61d9e67e4d5443ce94ea9aa5080bd364&name=default => generated 2925 bytes in 511 msecs (HTTP/1.1 200) 4 headers in 158 bytes (1 switches on core 0)
2026-07-15 00:21:42.255 8 INFO neutron.db.segments_db [None req-cec8d641-f6a1-4c21-af47-bb4759caf6ef 43bcd7e33d0b41b2867be67dfdec6644 880d2ee421254406a3b9437ddd4fd9ce - - default default] Added segment 547d2cb1-5626-4078-bccc-b455422cddab of type geneve for network 18c20b89-9061-46fe-ac12-8dfc4e20e27f [pid: 7|app: 0|req: 703/1467] 10.0.0.9 () {32 vars in 738 bytes} [Wed Jul 15 00:21:42 2026] DELETE /v2.0/security-groups/4ce18551-8e45-41b1-ad4c-a6e56079e16b => generated 0 bytes in 202 msecs (HTTP/1.1 204) 2 headers in 112 bytes (1 switches on core 0)
2026-07-15 00:21:42.403 8 INFO neutron.db.ovn_revision_numbers_db [None req-cec8d641-f6a1-4c21-af47-bb4759caf6ef 43bcd7e33d0b41b2867be67dfdec6644 880d2ee421254406a3b9437ddd4fd9ce - - default default] Successfully bumped revision number for resource 18c20b89-9061-46fe-ac12-8dfc4e20e27f (type: networks) to 1
2026-07-15 00:21:42.542 7 WARNING neutron.db.securitygroups_db [None req-765a2226-a97d-43ff-807f-abba447c9760 ee0847ec8885450e89893411e7798beb fd938b09b9974e31b3e8c0eacce8a99c - - default default] project_id key not found in filters, using tenant_id instead. This support has been deprecated and will be removed in a future release.
2026-07-15 00:21:42.622 8 WARNING neutron.scheduler.dhcp_agent_scheduler [None req-cec8d641-f6a1-4c21-af47-bb4759caf6ef 43bcd7e33d0b41b2867be67dfdec6644 880d2ee421254406a3b9437ddd4fd9ce - - default default] No more DHCP agents
2026-07-15 00:21:42.624 8 WARNING neutron.api.rpc.agentnotifiers.dhcp_rpc_agent_api [None req-cec8d641-f6a1-4c21-af47-bb4759caf6ef 43bcd7e33d0b41b2867be67dfdec6644 880d2ee421254406a3b9437ddd4fd9ce - - default default] Unable to schedule network 18c20b89-9061-46fe-ac12-8dfc4e20e27f: no agents available; will retry on subsequent port and subnet creation events.
2026-07-15 00:21:42.681 7 INFO neutron.db.ovn_revision_numbers_db [None req-765a2226-a97d-43ff-807f-abba447c9760 ee0847ec8885450e89893411e7798beb fd938b09b9974e31b3e8c0eacce8a99c - - default default] Successfully bumped revision number for resource 7e421bd0-c9f9-424a-906d-f38e419d26f4 (type: security_groups) to 1
2026-07-15 00:21:42.708 7 INFO neutron.db.ovn_revision_numbers_db [None req-765a2226-a97d-43ff-807f-abba447c9760 ee0847ec8885450e89893411e7798beb fd938b09b9974e31b3e8c0eacce8a99c - - default default] Successfully bumped revision number for resource 58320349-fc2e-4685-ac62-4fb325b6bdd4 (type: security_group_rules) to 0
2026-07-15 00:21:42.715 7 INFO neutron.plugins.ml2.drivers.ovn.mech_driver.mech_driver [None req-a050c45c-d743-4264-9bd9-c4fdfecd6faa - - - - - -] OVN reports status down for port: 9ab76a7a-1e7e-4b56-83f1-697d010593bc
2026-07-15 00:21:42.728 7 INFO neutron.db.ovn_revision_numbers_db [None req-765a2226-a97d-43ff-807f-abba447c9760 ee0847ec8885450e89893411e7798beb fd938b09b9974e31b3e8c0eacce8a99c - - default default] Successfully bumped revision number for resource 5c6b3b05-d00b-4914-a731-32c032b305d6 (type: security_group_rules) to 0
2026-07-15 00:21:42.732 8 INFO neutron.db.ovn_revision_numbers_db [None req-cec8d641-f6a1-4c21-af47-bb4759caf6ef 43bcd7e33d0b41b2867be67dfdec6644 880d2ee421254406a3b9437ddd4fd9ce - - default default] Successfully bumped revision number for resource 9ab76a7a-1e7e-4b56-83f1-697d010593bc (type: ports) to 1
2026-07-15 00:21:42.754 7 INFO neutron.db.ovn_revision_numbers_db [None req-765a2226-a97d-43ff-807f-abba447c9760 ee0847ec8885450e89893411e7798beb fd938b09b9974e31b3e8c0eacce8a99c - - default default] Successfully bumped revision number for resource 9f2f9b70-1914-4d9a-94c0-2c69015a651b (type: security_group_rules) to 0 [pid: 8|app: 0|req: 765/1468] 10.0.0.9 () {34 vars in 668 bytes} [Wed Jul 15 00:21:42 2026] POST /v2.0/networks => generated 686 bytes in 612 msecs (HTTP/1.1 201) 4 headers in 162 bytes (1 switches on core 0)
2026-07-15 00:21:42.772 7 INFO neutron.db.ovn_revision_numbers_db [None req-765a2226-a97d-43ff-807f-abba447c9760 ee0847ec8885450e89893411e7798beb fd938b09b9974e31b3e8c0eacce8a99c - - default default] Successfully bumped revision number for resource fa6116f0-c1db-4dae-bb1c-95b3c7eb1b50 (type: security_group_rules) to 0
2026-07-15 00:21:42.774 8 WARNING keystonemiddleware.audit [None req-cec8d641-f6a1-4c21-af47-bb4759caf6ef 43bcd7e33d0b41b2867be67dfdec6644 880d2ee421254406a3b9437ddd4fd9ce - - default default] Skipping service tempest-service-1232449157 as it have no endpoints. [pid: 7|app: 0|req: 704/1469] 10.0.0.9 () {32 vars in 772 bytes} [Wed Jul 15 00:21:42 2026] GET /v2.0/security-groups?tenant_id=70a07273ed1649f5af140ab206760378&name=default => generated 2925 bytes in 448 msecs (HTTP/1.1 200) 4 headers in 158 bytes (1 switches on core 0)
2026-07-15 00:21:42.932 8 INFO neutron.db.ovn_revision_numbers_db [None req-61ce0d35-6250-4ded-9d06-5d3985255084 43bcd7e33d0b41b2867be67dfdec6644 880d2ee421254406a3b9437ddd4fd9ce - - default default] Successfully bumped revision number for resource 18c20b89-9061-46fe-ac12-8dfc4e20e27f (type: networks) to 2 [pid: 8|app: 0|req: 766/1470] 10.0.0.9 () {34 vars in 741 bytes} [Wed Jul 15 00:21:42 2026] PUT /v2.0/networks/18c20b89-9061-46fe-ac12-8dfc4e20e27f => generated 636 bytes in 166 msecs (HTTP/1.1 200) 4 headers in 157 bytes (1 switches on core 0)
2026-07-15 00:21:42.945 8 WARNING keystonemiddleware.audit [None req-61ce0d35-6250-4ded-9d06-5d3985255084 43bcd7e33d0b41b2867be67dfdec6644 880d2ee421254406a3b9437ddd4fd9ce - - default default] Skipping service tempest-service-1232449157 as it have no endpoints. [pid: 7|app: 0|req: 705/1471] 10.0.0.9 () {32 vars in 738 bytes} [Wed Jul 15 00:21:42 2026] DELETE /v2.0/security-groups/7e421bd0-c9f9-424a-906d-f38e419d26f4 => generated 0 bytes in 204 msecs (HTTP/1.1 204) 2 headers in 112 bytes (1 switches on core 0)
2026-07-15 00:21:43.128 8 WARNING neutron.scheduler.dhcp_agent_scheduler [None req-b9908a01-29ae-488d-9f3b-f47c06a332d3 43bcd7e33d0b41b2867be67dfdec6644 880d2ee421254406a3b9437ddd4fd9ce - - default default] No more DHCP agents
2026-07-15 00:21:43.130 8 WARNING neutron.api.rpc.agentnotifiers.dhcp_rpc_agent_api [None req-b9908a01-29ae-488d-9f3b-f47c06a332d3 43bcd7e33d0b41b2867be67dfdec6644 880d2ee421254406a3b9437ddd4fd9ce - - default default] Unable to schedule network 18c20b89-9061-46fe-ac12-8dfc4e20e27f: no agents available; will retry on subsequent port and subnet creation events.
2026-07-15 00:21:43.156 8 INFO neutron.db.ovn_revision_numbers_db [None req-b9908a01-29ae-488d-9f3b-f47c06a332d3 43bcd7e33d0b41b2867be67dfdec6644 880d2ee421254406a3b9437ddd4fd9ce - - default default] Successfully bumped revision number for resource 6f5a4419-1a87-4282-bccd-a9c52a2dd0f0 (type: subnets) to 0
2026-07-15 00:21:43.162 7 WARNING neutron.db.securitygroups_db [None req-bd223fc8-f359-4c46-8c30-21aad6421a2f ee0847ec8885450e89893411e7798beb fd938b09b9974e31b3e8c0eacce8a99c - - default default] project_id key not found in filters, using tenant_id instead. This support has been deprecated and will be removed in a future release. [pid: 8|app: 0|req: 767/1472] 10.0.0.9 () {34 vars in 667 bytes} [Wed Jul 15 00:21:42 2026] POST /v2.0/subnets => generated 646 bytes in 228 msecs (HTTP/1.1 201) 4 headers in 162 bytes (1 switches on core 0)
2026-07-15 00:21:43.297 7 INFO neutron.db.ovn_revision_numbers_db [None req-bd223fc8-f359-4c46-8c30-21aad6421a2f ee0847ec8885450e89893411e7798beb fd938b09b9974e31b3e8c0eacce8a99c - - default default] Successfully bumped revision number for resource 284f814a-b029-4389-b676-e84b02b6dca5 (type: security_groups) to 1
2026-07-15 00:21:43.314 7 INFO neutron.db.ovn_revision_numbers_db [None req-bd223fc8-f359-4c46-8c30-21aad6421a2f ee0847ec8885450e89893411e7798beb fd938b09b9974e31b3e8c0eacce8a99c - - default default] Successfully bumped revision number for resource 418506ce-03eb-4689-832c-95614fbdea2b (type: security_group_rules) to 0
2026-07-15 00:21:43.330 7 INFO neutron.db.ovn_revision_numbers_db [None req-bd223fc8-f359-4c46-8c30-21aad6421a2f ee0847ec8885450e89893411e7798beb fd938b09b9974e31b3e8c0eacce8a99c - - default default] Successfully bumped revision number for resource 9ad5e440-f30c-45c9-b6fe-d914ffa64f74 (type: security_group_rules) to 0
2026-07-15 00:21:43.353 7 INFO neutron.db.ovn_revision_numbers_db [None req-bd223fc8-f359-4c46-8c30-21aad6421a2f ee0847ec8885450e89893411e7798beb fd938b09b9974e31b3e8c0eacce8a99c - - default default] Successfully bumped revision number for resource a07f5104-064a-4f52-9731-4cfe18fb78d3 (type: security_group_rules) to 0
2026-07-15 00:21:43.380 7 INFO neutron.db.ovn_revision_numbers_db [None req-bd223fc8-f359-4c46-8c30-21aad6421a2f ee0847ec8885450e89893411e7798beb fd938b09b9974e31b3e8c0eacce8a99c - - default default] Successfully bumped revision number for resource c18b155e-62cc-4dae-9c8f-79e954e06fc1 (type: security_group_rules) to 0 [pid: 8|app: 0|req: 768/1473] 10.0.0.206 () {28 vars in 585 bytes} [Wed Jul 15 00:21:43 2026] GET /v2.0/networks => generated 3847 bytes in 205 msecs (HTTP/1.1 200) 4 headers in 158 bytes (1 switches on core 0)
2026-07-15 00:21:43.384 8 WARNING keystonemiddleware.audit [None req-7af932a8-120e-4220-80f9-5355fd1a75e9 ee0847ec8885450e89893411e7798beb fd938b09b9974e31b3e8c0eacce8a99c - - default default] Skipping service tempest-service-1232449157 as it have no endpoints. [pid: 7|app: 0|req: 706/1474] 10.0.0.9 () {32 vars in 772 bytes} [Wed Jul 15 00:21:43 2026] GET /v2.0/security-groups?tenant_id=3f5a00385ad04b3fa8eb65c6a812b4c9&name=default => generated 2925 bytes in 277 msecs (HTTP/1.1 200) 4 headers in 158 bytes (1 switches on core 0) [pid: 7|app: 0|req: 707/1475] 10.0.0.206 () {28 vars in 579 bytes} [Wed Jul 15 00:21:43 2026] GET /v2.0/ports => generated 6971 bytes in 56 msecs (HTTP/1.1 200) 4 headers in 158 bytes (1 switches on core 0) [pid: 7|app: 0|req: 708/1476] 10.0.0.9 () {32 vars in 738 bytes} [Wed Jul 15 00:21:43 2026] DELETE /v2.0/security-groups/284f814a-b029-4389-b676-e84b02b6dca5 => generated 0 bytes in 176 msecs (HTTP/1.1 204) 2 headers in 112 bytes (1 switches on core 0) [pid: 7|app: 0|req: 709/1477] 10.0.0.206 () {28 vars in 583 bytes} [Wed Jul 15 00:21:43 2026] GET /v2.0/routers => generated 15 bytes in 20 msecs (HTTP/1.1 200) 4 headers in 156 bytes (1 switches on core 0)
2026-07-15 00:21:43.878 7 WARNING neutron.db.securitygroups_db [None req-0690258b-4cae-4f20-b445-0f6dc15ac585 ee0847ec8885450e89893411e7798beb fd938b09b9974e31b3e8c0eacce8a99c - - default default] project_id key not found in filters, using tenant_id instead. This support has been deprecated and will be removed in a future release.
2026-07-15 00:21:44.010 7 INFO neutron.db.ovn_revision_numbers_db [None req-0690258b-4cae-4f20-b445-0f6dc15ac585 ee0847ec8885450e89893411e7798beb fd938b09b9974e31b3e8c0eacce8a99c - - default default] Successfully bumped revision number for resource b2c3cf7d-72f2-4589-b591-c176a97891d5 (type: security_groups) to 1
2026-07-15 00:21:44.023 7 INFO neutron.db.ovn_revision_numbers_db [None req-0690258b-4cae-4f20-b445-0f6dc15ac585 ee0847ec8885450e89893411e7798beb fd938b09b9974e31b3e8c0eacce8a99c - - default default] Successfully bumped revision number for resource 0a5460cd-d02a-4dae-b803-603d95a0e1f8 (type: security_group_rules) to 0
2026-07-15 00:21:44.033 8 INFO neutron.db.ovn_revision_numbers_db [None req-4890212c-210e-41e8-bcd0-c2fc2cea784d 43bcd7e33d0b41b2867be67dfdec6644 880d2ee421254406a3b9437ddd4fd9ce - - default default] Successfully bumped revision number for resource 9ab76a7a-1e7e-4b56-83f1-697d010593bc (type: ports) to 2
2026-07-15 00:21:44.039 7 INFO neutron.db.ovn_revision_numbers_db [None req-0690258b-4cae-4f20-b445-0f6dc15ac585 ee0847ec8885450e89893411e7798beb fd938b09b9974e31b3e8c0eacce8a99c - - default default] Successfully bumped revision number for resource 198e790e-ea83-4332-a1b0-67d37db5de1c (type: security_group_rules) to 0
2026-07-15 00:21:44.067 7 INFO neutron.db.ovn_revision_numbers_db [None req-0690258b-4cae-4f20-b445-0f6dc15ac585 ee0847ec8885450e89893411e7798beb fd938b09b9974e31b3e8c0eacce8a99c - - default default] Successfully bumped revision number for resource 1b1a3b76-80f4-4073-8f34-9a27dfbc9540 (type: security_group_rules) to 0
2026-07-15 00:21:44.072 8 INFO neutron.db.ovn_revision_numbers_db [None req-4890212c-210e-41e8-bcd0-c2fc2cea784d 43bcd7e33d0b41b2867be67dfdec6644 880d2ee421254406a3b9437ddd4fd9ce - - default default] Successfully bumped revision number for resource 6f5a4419-1a87-4282-bccd-a9c52a2dd0f0 (type: subnets) to 1 [pid: 8|app: 0|req: 769/1478] 10.0.0.9 () {34 vars in 739 bytes} [Wed Jul 15 00:21:43 2026] PUT /v2.0/subnets/6f5a4419-1a87-4282-bccd-a9c52a2dd0f0 => generated 656 bytes in 695 msecs (HTTP/1.1 200) 4 headers in 157 bytes (1 switches on core 0)
2026-07-15 00:21:44.083 7 INFO neutron.db.ovn_revision_numbers_db [None req-0690258b-4cae-4f20-b445-0f6dc15ac585 ee0847ec8885450e89893411e7798beb fd938b09b9974e31b3e8c0eacce8a99c - - default default] Successfully bumped revision number for resource 3b156dd6-ac3d-4ffb-a902-e036bb8ba9ff (type: security_group_rules) to 0 [pid: 8|app: 0|req: 770/1479] 10.0.0.206 () {28 vars in 624 bytes} [Wed Jul 15 00:21:44 2026] GET /v2.0/agents?binary=ovn-controller => generated 416 bytes in 11 msecs (HTTP/1.1 200) 4 headers in 157 bytes (1 switches on core 0)
2026-07-15 00:21:44.091 8 WARNING keystonemiddleware.audit [None req-996181b3-aa5a-4ae5-9ef0-2c2f1ebbe700 ee0847ec8885450e89893411e7798beb fd938b09b9974e31b3e8c0eacce8a99c - - default default] Skipping service tempest-service-1232449157 as it have no endpoints. [pid: 7|app: 0|req: 710/1480] 10.0.0.9 () {32 vars in 772 bytes} [Wed Jul 15 00:21:43 2026] GET /v2.0/security-groups?tenant_id=4c5112b9af9a49098f318d3e95fbf93f&name=default => generated 2925 bytes in 431 msecs (HTTP/1.1 200) 4 headers in 158 bytes (1 switches on core 0) [pid: 7|app: 0|req: 711/1481] 10.0.0.206 () {28 vars in 583 bytes} [Wed Jul 15 00:21:44 2026] GET /v2.0/subnets => generated 2653 bytes in 34 msecs (HTTP/1.1 200) 4 headers in 158 bytes (1 switches on core 0)
2026-07-15 00:21:44.240 8 INFO neutron_taas.services.taas.taas_plugin [None req-a3465e27-b3ba-4c05-ab69-9e196d5b3469 43bcd7e33d0b41b2867be67dfdec6644 880d2ee421254406a3b9437ddd4fd9ce - - default default] TaaS: Handle Delete Port: 9ab76a7a-1e7e-4b56-83f1-697d010593bc
2026-07-15 00:21:44.246 8 INFO neutron_taas.services.taas.tap_mirror_plugin [None req-a3465e27-b3ba-4c05-ab69-9e196d5b3469 43bcd7e33d0b41b2867be67dfdec6644 880d2ee421254406a3b9437ddd4fd9ce - - default default] Tap Mirror: Handle Delete Port: 9ab76a7a-1e7e-4b56-83f1-697d010593bc [pid: 7|app: 0|req: 712/1482] 10.0.0.9 () {32 vars in 738 bytes} [Wed Jul 15 00:21:44 2026] DELETE /v2.0/security-groups/b2c3cf7d-72f2-4589-b591-c176a97891d5 => generated 0 bytes in 148 msecs (HTTP/1.1 204) 2 headers in 112 bytes (1 switches on core 0) [pid: 7|app: 0|req: 713/1483] 10.0.0.206 () {28 vars in 581 bytes} [Wed Jul 15 00:21:44 2026] GET /v2.0/agents => generated 1214 bytes in 14 msecs (HTTP/1.1 200) 4 headers in 158 bytes (1 switches on core 0) [pid: 7|app: 0|req: 714/1484] 10.0.0.206 () {28 vars in 619 bytes} [Wed Jul 15 00:21:44 2026] GET /v2.0/network-ip-availabilities => generated 3528 bytes in 18 msecs (HTTP/1.1 200) 4 headers in 158 bytes (1 switches on core 0) [pid: 7|app: 0|req: 715/1485] 10.0.0.206 () {28 vars in 583 bytes} [Wed Jul 15 00:21:44 2026] GET /v2.0/subnets => generated 2653 bytes in 45 msecs (HTTP/1.1 200) 4 headers in 158 bytes (1 switches on core 0)
2026-07-15 00:21:44.545 8 INFO neutron.services.segments.plugin [-] Segment 547d2cb1-5626-4078-bccc-b455422cddab resource provider aggregate not found
2026-07-15 00:21:44.552 8 INFO neutron.services.segments.plugin [-] Segment 547d2cb1-5626-4078-bccc-b455422cddab resource provider aggregate not found
2026-07-15 00:21:44.571 8 INFO neutron.services.segments.plugin [-] Client error retrieving segment 547d2cb1-5626-4078-bccc-b455422cddab resource provider; error: Placement Client Error (4xx): {"errors": [{"status": 404, "title": "Not Found", "detail": "The resource could not be found.\n\n No resource provider with uuid 547d2cb1-5626-4078-bccc-b455422cddab found for delete ", "request_id": "req-54b13702-d611-4c5c-88b0-0a4119bb7684"}]}
2026-07-15 00:21:44.574 8 INFO neutron.services.segments.plugin [-] Client error retrieving segment 547d2cb1-5626-4078-bccc-b455422cddab resource provider; error: Placement Client Error (4xx): {"errors": [{"status": 404, "title": "Not Found", "detail": "The resource could not be found.\n\n No resource provider with uuid 547d2cb1-5626-4078-bccc-b455422cddab found for delete ", "request_id": "req-f4aa1b29-bb41-499b-b915-bc441c918fdc"}]} [pid: 8|app: 0|req: 771/1486] 10.0.0.9 () {32 vars in 724 bytes} [Wed Jul 15 00:21:44 2026] DELETE /v2.0/networks/18c20b89-9061-46fe-ac12-8dfc4e20e27f => generated 0 bytes in 511 msecs (HTTP/1.1 204) 3 headers in 131 bytes (1 switches on core 0) [pid: 8|app: 0|req: 772/1487] 10.0.0.206 () {28 vars in 591 bytes} [Wed Jul 15 00:21:44 2026] GET /v2.0/subnetpools => generated 19 bytes in 11 msecs (HTTP/1.1 200) 4 headers in 156 bytes (1 switches on core 0)
2026-07-15 00:21:44.615 8 WARNING neutron.db.securitygroups_db [None req-41da82e5-b57c-431b-89a8-8a48de996741 ee0847ec8885450e89893411e7798beb fd938b09b9974e31b3e8c0eacce8a99c - - default default] project_id key not found in filters, using tenant_id instead. This support has been deprecated and will be removed in a future release.
2026-07-15 00:21:44.714 7 INFO neutron.db.ovn_revision_numbers_db [None req-f321cd8b-8071-4146-9db8-145c09eb0aac ee0847ec8885450e89893411e7798beb fd938b09b9974e31b3e8c0eacce8a99c - - default default] Successfully bumped revision number for resource 64d56746-251f-4f09-ad1e-3d4d5f90b6fe (type: security_groups) to 1
2026-07-15 00:21:44.726 7 INFO neutron.db.ovn_revision_numbers_db [None req-f321cd8b-8071-4146-9db8-145c09eb0aac ee0847ec8885450e89893411e7798beb fd938b09b9974e31b3e8c0eacce8a99c - - default default] Successfully bumped revision number for resource 709cd9b1-8472-4e4e-bb57-6ca7324baa66 (type: security_group_rules) to 0
2026-07-15 00:21:44.768 7 INFO neutron.db.ovn_revision_numbers_db [None req-f321cd8b-8071-4146-9db8-145c09eb0aac ee0847ec8885450e89893411e7798beb fd938b09b9974e31b3e8c0eacce8a99c - - default default] Successfully bumped revision number for resource 794e88c6-59f6-4906-b855-35e63001c44e (type: security_group_rules) to 0
2026-07-15 00:21:44.790 7 INFO neutron.db.ovn_revision_numbers_db [None req-f321cd8b-8071-4146-9db8-145c09eb0aac ee0847ec8885450e89893411e7798beb fd938b09b9974e31b3e8c0eacce8a99c - - default default] Successfully bumped revision number for resource fdc5caf2-8c6e-4e83-a122-0eaa97246f01 (type: security_group_rules) to 0
2026-07-15 00:21:44.809 7 INFO neutron.db.ovn_revision_numbers_db [None req-f321cd8b-8071-4146-9db8-145c09eb0aac ee0847ec8885450e89893411e7798beb fd938b09b9974e31b3e8c0eacce8a99c - - default default] Successfully bumped revision number for resource fe9053f8-46cc-4d66-af5d-41b9b66e934a (type: security_group_rules) to 0
2026-07-15 00:21:44.824 8 INFO neutron.db.ovn_revision_numbers_db [None req-41da82e5-b57c-431b-89a8-8a48de996741 ee0847ec8885450e89893411e7798beb fd938b09b9974e31b3e8c0eacce8a99c - - default default] Successfully bumped revision number for resource e27a29b8-e42e-4215-b5fa-482a9c16a994 (type: security_groups) to 1
2026-07-15 00:21:44.840 8 INFO neutron.db.ovn_revision_numbers_db [None req-41da82e5-b57c-431b-89a8-8a48de996741 ee0847ec8885450e89893411e7798beb fd938b09b9974e31b3e8c0eacce8a99c - - default default] Successfully bumped revision number for resource 47086dee-c8cf-47a7-9050-89e9efa144d0 (type: security_group_rules) to 0
2026-07-15 00:21:44.854 8 INFO neutron.db.ovn_revision_numbers_db [None req-41da82e5-b57c-431b-89a8-8a48de996741 ee0847ec8885450e89893411e7798beb fd938b09b9974e31b3e8c0eacce8a99c - - default default] Successfully bumped revision number for resource 5bc27d72-f299-4c67-813d-1645e9cc5729 (type: security_group_rules) to 0
2026-07-15 00:21:44.868 8 INFO neutron.db.ovn_revision_numbers_db [None req-41da82e5-b57c-431b-89a8-8a48de996741 ee0847ec8885450e89893411e7798beb fd938b09b9974e31b3e8c0eacce8a99c - - default default] Successfully bumped revision number for resource 96eb1536-8508-4f65-9428-0ff05afc2368 (type: security_group_rules) to 0
2026-07-15 00:21:44.881 8 INFO neutron.db.ovn_revision_numbers_db [None req-41da82e5-b57c-431b-89a8-8a48de996741 ee0847ec8885450e89893411e7798beb fd938b09b9974e31b3e8c0eacce8a99c - - default default] Successfully bumped revision number for resource d78b06c7-dc11-4d4c-a757-75d06143fc8d (type: security_group_rules) to 0
2026-07-15 00:21:44.885 7 INFO neutron.db.segments_db [None req-f321cd8b-8071-4146-9db8-145c09eb0aac ee0847ec8885450e89893411e7798beb fd938b09b9974e31b3e8c0eacce8a99c - - default default] Added segment 5fb87f42-2fe2-4b43-aa27-d7adde9b57c2 of type geneve for network c61bd5cb-378c-4595-9af0-60e2a2c6da2f [pid: 8|app: 0|req: 773/1488] 10.0.0.9 () {32 vars in 772 bytes} [Wed Jul 15 00:21:44 2026] GET /v2.0/security-groups?tenant_id=ab01c5ddc10542de960d03500da70a30&name=default => generated 2925 bytes in 305 msecs (HTTP/1.1 200) 4 headers in 158 bytes (1 switches on core 0)
2026-07-15 00:21:44.919 8 WARNING keystonemiddleware.audit [None req-41da82e5-b57c-431b-89a8-8a48de996741 ee0847ec8885450e89893411e7798beb fd938b09b9974e31b3e8c0eacce8a99c - - default default] Skipping service tempest-service-1232449157 as it have no endpoints.
2026-07-15 00:21:44.928 8 INFO neutron.pecan_wsgi.hooks.translation [None req-88883ef8-e41f-4271-bc05-d13c598122a3 43bcd7e33d0b41b2867be67dfdec6644 880d2ee421254406a3b9437ddd4fd9ce - - default default] DELETE failed (client error): The resource could not be found. [pid: 8|app: 0|req: 774/1489] 10.0.0.9 () {32 vars in 724 bytes} [Wed Jul 15 00:21:44 2026] DELETE /v2.0/networks/18c20b89-9061-46fe-ac12-8dfc4e20e27f => generated 138 bytes in 13 msecs (HTTP/1.1 404) 4 headers in 164 bytes (1 switches on core 0) [pid: 8|app: 0|req: 775/1490] 10.0.0.206 () {28 vars in 591 bytes} [Wed Jul 15 00:21:44 2026] GET /v2.0/floatingips => generated 19 bytes in 16 msecs (HTTP/1.1 200) 4 headers in 156 bytes (1 switches on core 0)
2026-07-15 00:21:45.020 7 INFO neutron.db.ovn_revision_numbers_db [None req-f321cd8b-8071-4146-9db8-145c09eb0aac ee0847ec8885450e89893411e7798beb fd938b09b9974e31b3e8c0eacce8a99c - - default default] Successfully bumped revision number for resource c61bd5cb-378c-4595-9af0-60e2a2c6da2f (type: networks) to 1 [pid: 8|app: 0|req: 776/1491] 10.0.0.9 () {32 vars in 738 bytes} [Wed Jul 15 00:21:44 2026] DELETE /v2.0/security-groups/e27a29b8-e42e-4215-b5fa-482a9c16a994 => generated 0 bytes in 170 msecs (HTTP/1.1 204) 2 headers in 112 bytes (1 switches on core 0)
2026-07-15 00:21:45.120 8 WARNING keystonemiddleware.audit [None req-780aab06-c2e0-44ae-922b-c4cddc5a2339 ee0847ec8885450e89893411e7798beb fd938b09b9974e31b3e8c0eacce8a99c - - default default] Skipping service tempest-service-1232449157 as it have no endpoints. [pid: 8|app: 0|req: 777/1492] 10.0.0.9 () {32 vars in 692 bytes} [Wed Jul 15 00:21:45 2026] GET /v2.0/networks?router%3Aexternal=True => generated 689 bytes in 56 msecs (HTTP/1.1 200) 4 headers in 157 bytes (1 switches on core 0)
2026-07-15 00:21:45.194 7 WARNING neutron.scheduler.dhcp_agent_scheduler [None req-f321cd8b-8071-4146-9db8-145c09eb0aac ee0847ec8885450e89893411e7798beb fd938b09b9974e31b3e8c0eacce8a99c - - default default] No more DHCP agents
2026-07-15 00:21:45.195 7 WARNING neutron.api.rpc.agentnotifiers.dhcp_rpc_agent_api [None req-f321cd8b-8071-4146-9db8-145c09eb0aac ee0847ec8885450e89893411e7798beb fd938b09b9974e31b3e8c0eacce8a99c - - default default] Unable to schedule network c61bd5cb-378c-4595-9af0-60e2a2c6da2f: no agents available; will retry on subsequent port and subnet creation events. [pid: 8|app: 0|req: 778/1493] 10.0.0.206 () {28 vars in 599 bytes} [Wed Jul 15 00:21:45 2026] GET /v2.0/security-groups => generated 23209 bytes in 37 msecs (HTTP/1.1 200) 4 headers in 159 bytes (1 switches on core 0)
2026-07-15 00:21:45.215 8 WARNING keystonemiddleware.audit [None req-b7df948a-8cd1-4bdf-b106-92903d2fcf9f ee0847ec8885450e89893411e7798beb fd938b09b9974e31b3e8c0eacce8a99c - - default default] Skipping service tempest-service-1232449157 as it have no endpoints.
2026-07-15 00:21:45.259 8 INFO neutron.plugins.ml2.drivers.ovn.mech_driver.mech_driver [None req-6d357ed8-7bfd-4f91-a301-73315ae46197 - - - - - -] OVN reports status down for port: 9dc5e4da-bff8-4fa6-9b46-cbfaf5587e58 [pid: 8|app: 0|req: 779/1494] 10.0.0.9 () {32 vars in 740 bytes} [Wed Jul 15 00:21:45 2026] GET /v2.0/subnets?network_id=63bfc501-57a4-4bb2-922f-7bd39db064a3 => generated 649 bytes in 58 msecs (HTTP/1.1 200) 4 headers in 157 bytes (1 switches on core 0)
2026-07-15 00:21:45.275 7 INFO neutron.db.ovn_revision_numbers_db [None req-f321cd8b-8071-4146-9db8-145c09eb0aac ee0847ec8885450e89893411e7798beb fd938b09b9974e31b3e8c0eacce8a99c - - default default] Successfully bumped revision number for resource 9dc5e4da-bff8-4fa6-9b46-cbfaf5587e58 (type: ports) to 1
2026-07-15 00:21:45.284 8 WARNING keystonemiddleware.audit [None req-03b32724-1723-4206-ab8d-cd39f2b2325c 43bcd7e33d0b41b2867be67dfdec6644 880d2ee421254406a3b9437ddd4fd9ce - - default default] Skipping service tempest-service-1232449157 as it have no endpoints. [pid: 8|app: 0|req: 780/1495] 10.0.0.9 () {32 vars in 651 bytes} [Wed Jul 15 00:21:45 2026] GET /v2.0/extensions => generated 22668 bytes in 15 msecs (HTTP/1.1 200) 4 headers in 159 bytes (1 switches on core 0)
2026-07-15 00:21:45.303 8 WARNING keystonemiddleware.audit [None req-7644e77b-afab-4e33-84cf-dbf7ec04309a 43bcd7e33d0b41b2867be67dfdec6644 880d2ee421254406a3b9437ddd4fd9ce - - default default] Skipping service tempest-service-1232449157 as it have no endpoints. [pid: 7|app: 0|req: 716/1496] 10.0.0.9 () {34 vars in 669 bytes} [Wed Jul 15 00:21:44 2026] POST /v2.0/networks => generated 782 bytes in 915 msecs (HTTP/1.1 201) 4 headers in 162 bytes (1 switches on core 0) [pid: 8|app: 0|req: 781/1497] 10.0.0.9 () {32 vars in 647 bytes} [Wed Jul 15 00:21:45 2026] GET /v2.0/networks => generated 1388 bytes in 93 msecs (HTTP/1.1 200) 4 headers in 158 bytes (1 switches on core 0)
2026-07-15 00:21:45.404 8 WARNING keystonemiddleware.audit [None req-a71b2c28-b862-4370-93f6-4e42180e9c71 43bcd7e33d0b41b2867be67dfdec6644 880d2ee421254406a3b9437ddd4fd9ce - - default default] Skipping service tempest-service-1232449157 as it have no endpoints. [pid: 8|app: 0|req: 782/1498] 10.0.0.9 () {32 vars in 645 bytes} [Wed Jul 15 00:21:45 2026] GET /v2.0/subnets => generated 1312 bytes in 39 msecs (HTTP/1.1 200) 4 headers in 158 bytes (1 switches on core 0)
2026-07-15 00:21:45.452 8 WARNING keystonemiddleware.audit [None req-0b305b8c-b11f-480d-a476-a3d5217dfdd1 43bcd7e33d0b41b2867be67dfdec6644 880d2ee421254406a3b9437ddd4fd9ce - - default default] Skipping service tempest-service-1232449157 as it have no endpoints.
2026-07-15 00:21:45.490 7 WARNING neutron.scheduler.dhcp_agent_scheduler [None req-f8bcba03-a0c8-41c7-91c3-5d94dbf70ff2 ee0847ec8885450e89893411e7798beb fd938b09b9974e31b3e8c0eacce8a99c - - default default] No more DHCP agents
2026-07-15 00:21:45.491 7 WARNING neutron.api.rpc.agentnotifiers.dhcp_rpc_agent_api [None req-f8bcba03-a0c8-41c7-91c3-5d94dbf70ff2 ee0847ec8885450e89893411e7798beb fd938b09b9974e31b3e8c0eacce8a99c - - default default] Unable to schedule network c61bd5cb-378c-4595-9af0-60e2a2c6da2f: no agents available; will retry on subsequent port and subnet creation events. [pid: 8|app: 0|req: 783/1499] 10.0.0.9 () {32 vars in 721 bytes} [Wed Jul 15 00:21:45 2026] GET /v2.0/networks/7c58ce27-e365-4496-b777-215b05031cb0 => generated 710 bytes in 47 msecs (HTTP/1.1 200) 4 headers in 157 bytes (1 switches on core 0)
2026-07-15 00:21:45.509 8 WARNING keystonemiddleware.audit [None req-38486d57-e7b5-48cd-92b1-3ddaf8da55e7 43bcd7e33d0b41b2867be67dfdec6644 880d2ee421254406a3b9437ddd4fd9ce - - default default] Skipping service tempest-service-1232449157 as it have no endpoints. [pid: 8|app: 0|req: 784/1500] 10.0.0.9 () {32 vars in 719 bytes} [Wed Jul 15 00:21:45 2026] GET /v2.0/subnets/7b2e9871-e42c-4cb0-92ba-28f104351bd6 => generated 673 bytes in 34 msecs (HTTP/1.1 200) 4 headers in 157 bytes (1 switches on core 0)
2026-07-15 00:21:45.551 8 WARNING keystonemiddleware.audit [None req-837a86ab-1259-43a3-a570-55a540f8c9da 43bcd7e33d0b41b2867be67dfdec6644 880d2ee421254406a3b9437ddd4fd9ce - - default default] Skipping service tempest-service-1232449157 as it have no endpoints.
2026-07-15 00:21:45.568 8 INFO neutron.pecan_wsgi.hooks.translation [None req-900e7b15-e597-4908-b322-bbd6c1a0edb6 43bcd7e33d0b41b2867be67dfdec6644 880d2ee421254406a3b9437ddd4fd9ce - - default default] DELETE failed (client error): The resource could not be found. [pid: 8|app: 0|req: 785/1501] 10.0.0.9 () {32 vars in 722 bytes} [Wed Jul 15 00:21:45 2026] DELETE /v2.0/subnets/6f5a4419-1a87-4282-bccd-a9c52a2dd0f0 => generated 136 bytes in 21 msecs (HTTP/1.1 404) 4 headers in 164 bytes (1 switches on core 0)
2026-07-15 00:21:45.576 8 WARNING keystonemiddleware.audit [None req-900e7b15-e597-4908-b322-bbd6c1a0edb6 43bcd7e33d0b41b2867be67dfdec6644 880d2ee421254406a3b9437ddd4fd9ce - - default default] Skipping service tempest-service-1232449157 as it have no endpoints.
2026-07-15 00:21:45.588 8 INFO neutron.pecan_wsgi.hooks.translation [None req-9538df2f-a5d3-4a09-aaba-bca350ff7079 43bcd7e33d0b41b2867be67dfdec6644 880d2ee421254406a3b9437ddd4fd9ce - - default default] DELETE failed (client error): The resource could not be found. [pid: 8|app: 0|req: 786/1502] 10.0.0.9 () {32 vars in 724 bytes} [Wed Jul 15 00:21:45 2026] DELETE /v2.0/networks/18c20b89-9061-46fe-ac12-8dfc4e20e27f => generated 138 bytes in 16 msecs (HTTP/1.1 404) 4 headers in 164 bytes (1 switches on core 0)
2026-07-15 00:21:45.598 8 WARNING keystonemiddleware.audit [None req-9538df2f-a5d3-4a09-aaba-bca350ff7079 43bcd7e33d0b41b2867be67dfdec6644 880d2ee421254406a3b9437ddd4fd9ce - - default default] Skipping service tempest-service-1232449157 as it have no endpoints. [pid: 8|app: 0|req: 787/1503] 10.0.0.9 () {32 vars in 722 bytes} [Wed Jul 15 00:21:45 2026] DELETE /v2.0/subnets/7b2e9871-e42c-4cb0-92ba-28f104351bd6 => generated 0 bytes in 108 msecs (HTTP/1.1 204) 3 headers in 131 bytes (1 switches on core 0)
2026-07-15 00:21:45.711 8 WARNING keystonemiddleware.audit [None req-e9f906f3-ac80-41f9-9c0b-e7d83ac511df 43bcd7e33d0b41b2867be67dfdec6644 880d2ee421254406a3b9437ddd4fd9ce - - default default] Skipping service tempest-service-1232449157 as it have no endpoints.
2026-07-15 00:21:45.844 8 INFO neutron_taas.services.taas.taas_plugin [None req-b69122d4-e4d3-426f-978b-1492ddeaee6c 43bcd7e33d0b41b2867be67dfdec6644 880d2ee421254406a3b9437ddd4fd9ce - - default default] TaaS: Handle Delete Port: 72c43d81-7980-41ff-a812-b55b65732921
2026-07-15 00:21:45.846 8 INFO neutron_taas.services.taas.tap_mirror_plugin [None req-b69122d4-e4d3-426f-978b-1492ddeaee6c 43bcd7e33d0b41b2867be67dfdec6644 880d2ee421254406a3b9437ddd4fd9ce - - default default] Tap Mirror: Handle Delete Port: 72c43d81-7980-41ff-a812-b55b65732921
2026-07-15 00:21:46.014 7 INFO neutron.db.ovn_revision_numbers_db [None req-f8bcba03-a0c8-41c7-91c3-5d94dbf70ff2 ee0847ec8885450e89893411e7798beb fd938b09b9974e31b3e8c0eacce8a99c - - default default] Successfully bumped revision number for resource 9dc5e4da-bff8-4fa6-9b46-cbfaf5587e58 (type: ports) to 2
2026-07-15 00:21:46.065 7 INFO neutron.db.ovn_revision_numbers_db [None req-f8bcba03-a0c8-41c7-91c3-5d94dbf70ff2 ee0847ec8885450e89893411e7798beb fd938b09b9974e31b3e8c0eacce8a99c - - default default] Successfully bumped revision number for resource d09746f3-97c1-491b-8532-87c401ef044a (type: subnets) to 0 [pid: 7|app: 0|req: 717/1504] 10.0.0.9 () {34 vars in 667 bytes} [Wed Jul 15 00:21:45 2026] POST /v2.0/subnets => generated 688 bytes in 793 msecs (HTTP/1.1 201) 4 headers in 162 bytes (1 switches on core 0) [pid: 8|app: 0|req: 788/1505] 10.0.0.9 () {32 vars in 724 bytes} [Wed Jul 15 00:21:45 2026] DELETE /v2.0/networks/7c58ce27-e365-4496-b777-215b05031cb0 => generated 0 bytes in 459 msecs (HTTP/1.1 204) 3 headers in 131 bytes (1 switches on core 0)
2026-07-15 00:21:46.259 7 WARNING neutron.db.securitygroups_db [None req-b9ce3bc8-b5a2-417e-8f2f-5442f2c77e1e ee0847ec8885450e89893411e7798beb fd938b09b9974e31b3e8c0eacce8a99c - - default default] project_id key not found in filters, using tenant_id instead. This support has been deprecated and will be removed in a future release.
2026-07-15 00:21:46.396 7 INFO neutron.db.ovn_revision_numbers_db [None req-b9ce3bc8-b5a2-417e-8f2f-5442f2c77e1e ee0847ec8885450e89893411e7798beb fd938b09b9974e31b3e8c0eacce8a99c - - default default] Successfully bumped revision number for resource d40be221-019d-4f40-a802-531b6816caa7 (type: security_groups) to 1
2026-07-15 00:21:46.416 7 INFO neutron.db.ovn_revision_numbers_db [None req-b9ce3bc8-b5a2-417e-8f2f-5442f2c77e1e ee0847ec8885450e89893411e7798beb fd938b09b9974e31b3e8c0eacce8a99c - - default default] Successfully bumped revision number for resource 267d81d6-bf81-492c-abca-22e1a449b7a4 (type: security_group_rules) to 0
2026-07-15 00:21:46.435 7 INFO neutron.db.ovn_revision_numbers_db [None req-b9ce3bc8-b5a2-417e-8f2f-5442f2c77e1e ee0847ec8885450e89893411e7798beb fd938b09b9974e31b3e8c0eacce8a99c - - default default] Successfully bumped revision number for resource 7023d4c1-7e69-42bc-9b63-add72484f956 (type: security_group_rules) to 0
2026-07-15 00:21:46.449 7 INFO neutron.db.ovn_revision_numbers_db [None req-b9ce3bc8-b5a2-417e-8f2f-5442f2c77e1e ee0847ec8885450e89893411e7798beb fd938b09b9974e31b3e8c0eacce8a99c - - default default] Successfully bumped revision number for resource c425a7e5-7de5-4d03-ac2e-313f04923429 (type: security_group_rules) to 0
2026-07-15 00:21:46.465 7 INFO neutron.db.ovn_revision_numbers_db [None req-b9ce3bc8-b5a2-417e-8f2f-5442f2c77e1e ee0847ec8885450e89893411e7798beb fd938b09b9974e31b3e8c0eacce8a99c - - default default] Successfully bumped revision number for resource fa861623-6f5f-409d-8c41-f848a818b7b4 (type: security_group_rules) to 0 [pid: 7|app: 0|req: 718/1506] 10.0.0.9 () {32 vars in 772 bytes} [Wed Jul 15 00:21:46 2026] GET /v2.0/security-groups?tenant_id=bbb4ee7018904c7387f7b5658f931fdd&name=default => generated 2925 bytes in 395 msecs (HTTP/1.1 200) 4 headers in 158 bytes (1 switches on core 0)
2026-07-15 00:21:46.594 8 INFO neutron.services.segments.plugin [-] Segment c41802cf-7c17-419f-b04c-f553fdd2e60a resource provider aggregate not found
2026-07-15 00:21:46.600 8 INFO neutron.services.segments.plugin [-] Segment c41802cf-7c17-419f-b04c-f553fdd2e60a resource provider aggregate not found
2026-07-15 00:21:46.621 8 INFO neutron.services.segments.plugin [-] Client error retrieving segment c41802cf-7c17-419f-b04c-f553fdd2e60a resource provider; error: Placement Client Error (4xx): {"errors": [{"status": 404, "title": "Not Found", "detail": "The resource could not be found.\n\n No resource provider with uuid c41802cf-7c17-419f-b04c-f553fdd2e60a found for delete ", "request_id": "req-b2c6b2e8-daf0-42ae-830b-19b993e7a415"}]}
2026-07-15 00:21:46.624 8 INFO neutron.services.segments.plugin [-] Client error retrieving segment c41802cf-7c17-419f-b04c-f553fdd2e60a resource provider; error: Placement Client Error (4xx): {"errors": [{"status": 404, "title": "Not Found", "detail": "The resource could not be found.\n\n No resource provider with uuid c41802cf-7c17-419f-b04c-f553fdd2e60a found for delete ", "request_id": "req-03bb014b-7589-495d-88cf-19daf6f19eae"}]}
2026-07-15 00:21:46.744 8 WARNING neutron.scheduler.dhcp_agent_scheduler [None req-719d7c81-0eba-4b56-a593-e151bb72b892 ee0847ec8885450e89893411e7798beb fd938b09b9974e31b3e8c0eacce8a99c - - default default] No more DHCP agents
2026-07-15 00:21:46.745 8 WARNING neutron.api.rpc.agentnotifiers.dhcp_rpc_agent_api [None req-719d7c81-0eba-4b56-a593-e151bb72b892 ee0847ec8885450e89893411e7798beb fd938b09b9974e31b3e8c0eacce8a99c - - default default] Unable to schedule network 63bfc501-57a4-4bb2-922f-7bd39db064a3: no agents available; will retry on subsequent port and subnet creation events. [pid: 7|app: 0|req: 719/1507] 10.0.0.9 () {32 vars in 738 bytes} [Wed Jul 15 00:21:46 2026] DELETE /v2.0/security-groups/d40be221-019d-4f40-a802-531b6816caa7 => generated 0 bytes in 229 msecs (HTTP/1.1 204) 2 headers in 112 bytes (1 switches on core 0)
2026-07-15 00:21:46.867 8 INFO neutron.plugins.ml2.drivers.ovn.mech_driver.mech_driver [None req-6d357ed8-7bfd-4f91-a301-73315ae46197 - - - - - -] OVN reports status down for port: 31b80b05-c5ba-4b0f-a74f-426b237b2b52
2026-07-15 00:21:46.921 8 INFO neutron.db.ovn_revision_numbers_db [None req-719d7c81-0eba-4b56-a593-e151bb72b892 ee0847ec8885450e89893411e7798beb fd938b09b9974e31b3e8c0eacce8a99c - - default default] Successfully bumped revision number for resource 31b80b05-c5ba-4b0f-a74f-426b237b2b52 (type: ports) to 1
