2026-07-15 00:22:42.418 7 INFO neutron.db.ovn_revision_numbers_db [None req-d12ce226-c1ec-4e69-820a-3e67eee81ee6 1be5fc16ae5a4a19b0150762e9734bbd 03561058aa6643fba7ca53f8ce3436d9 - - default default] Successfully bumped revision number for resource d94f574f-a0c6-4fc8-9ad8-688654b60c70 (type: ports) to 1 [pid: 7|app: 0|req: 893/1859] 10.0.0.9 () {34 vars in 668 bytes} [Wed Jul 15 00:22:41 2026] POST /v2.0/networks => generated 669 bytes in 487 msecs (HTTP/1.1 201) 4 headers in 162 bytes (1 switches on core 0) [pid: 8|app: 0|req: 967/1860] 10.0.0.9 () {32 vars in 724 bytes} [Wed Jul 15 00:22:42 2026] DELETE /v2.0/networks/134d57cd-0920-4548-a895-36ed6801e28c => generated 0 bytes in 466 msecs (HTTP/1.1 204) 3 headers in 131 bytes (1 switches on core 0)
2026-07-15 00:22:42.545 7 INFO neutron.db.segments_db [None req-2027dd7a-95fc-47f4-a6f7-7caadc73c057 01f56d2ba12e400289e04dcdf53a470b d9ea32b8d9ae46b9acdbbfcd90694216 - - default default] Added segment 4a79c943-9949-4ffd-b8fd-91370739d2e0 of type geneve for network 2ec1ea00-85b3-443d-9c55-adb4e99f8c77
2026-07-15 00:22:42.668 7 INFO neutron.db.ovn_revision_numbers_db [None req-2027dd7a-95fc-47f4-a6f7-7caadc73c057 01f56d2ba12e400289e04dcdf53a470b d9ea32b8d9ae46b9acdbbfcd90694216 - - default default] Successfully bumped revision number for resource 2ec1ea00-85b3-443d-9c55-adb4e99f8c77 (type: networks) to 1
2026-07-15 00:22:42.729 8 WARNING neutron.scheduler.dhcp_agent_scheduler [None req-8021405e-1065-4e5c-9f9f-2f6237a6b5d9 1be5fc16ae5a4a19b0150762e9734bbd 03561058aa6643fba7ca53f8ce3436d9 - - default default] No more DHCP agents
2026-07-15 00:22:42.730 8 WARNING neutron.api.rpc.agentnotifiers.dhcp_rpc_agent_api [None req-8021405e-1065-4e5c-9f9f-2f6237a6b5d9 1be5fc16ae5a4a19b0150762e9734bbd 03561058aa6643fba7ca53f8ce3436d9 - - default default] Unable to schedule network 18493afb-028d-4f01-b5da-2bea0192f395: no agents available; will retry on subsequent port and subnet creation events.
2026-07-15 00:22:42.826 7 WARNING neutron.scheduler.dhcp_agent_scheduler [None req-2027dd7a-95fc-47f4-a6f7-7caadc73c057 01f56d2ba12e400289e04dcdf53a470b d9ea32b8d9ae46b9acdbbfcd90694216 - - default default] No more DHCP agents
2026-07-15 00:22:42.827 7 WARNING neutron.api.rpc.agentnotifiers.dhcp_rpc_agent_api [None req-2027dd7a-95fc-47f4-a6f7-7caadc73c057 01f56d2ba12e400289e04dcdf53a470b d9ea32b8d9ae46b9acdbbfcd90694216 - - default default] Unable to schedule network 2ec1ea00-85b3-443d-9c55-adb4e99f8c77: no agents available; will retry on subsequent port and subnet creation events.
2026-07-15 00:22:42.892 8 INFO neutron.plugins.ml2.drivers.ovn.mech_driver.mech_driver [None req-4384a91b-1604-4523-8f7e-91ed064bc8b5 - - - - - -] OVN reports status down for port: 90b9101a-ea87-4788-86f4-2c1df8c7a393
2026-07-15 00:22:42.907 7 INFO neutron.db.ovn_revision_numbers_db [None req-2027dd7a-95fc-47f4-a6f7-7caadc73c057 01f56d2ba12e400289e04dcdf53a470b d9ea32b8d9ae46b9acdbbfcd90694216 - - default default] Successfully bumped revision number for resource 90b9101a-ea87-4788-86f4-2c1df8c7a393 (type: ports) to 1 [pid: 7|app: 0|req: 894/1861] 10.0.0.9 () {34 vars in 668 bytes} [Wed Jul 15 00:22:42 2026] POST /v2.0/networks => generated 767 bytes in 481 msecs (HTTP/1.1 201) 4 headers in 162 bytes (1 switches on core 0)
2026-07-15 00:22:43.056 7 INFO neutron.db.segments_db [None req-5fab711a-bb10-4125-9ffd-7c3fc49027f2 bc364159d8d843c8884218123c6d65d3 bb5d2fca5ba74cccae40ee7c5d2eb5ce - - default default] Added segment ebf5bb74-08bb-4d44-83a6-6520edb8ace1 of type geneve for network e10911f5-d920-4ec6-8b49-6144ec94c17f
2026-07-15 00:22:43.180 7 INFO neutron.db.ovn_revision_numbers_db [None req-5fab711a-bb10-4125-9ffd-7c3fc49027f2 bc364159d8d843c8884218123c6d65d3 bb5d2fca5ba74cccae40ee7c5d2eb5ce - - default default] Successfully bumped revision number for resource e10911f5-d920-4ec6-8b49-6144ec94c17f (type: networks) to 1
2026-07-15 00:22:43.210 8 INFO neutron.db.ovn_revision_numbers_db [None req-8021405e-1065-4e5c-9f9f-2f6237a6b5d9 1be5fc16ae5a4a19b0150762e9734bbd 03561058aa6643fba7ca53f8ce3436d9 - - default default] Successfully bumped revision number for resource d94f574f-a0c6-4fc8-9ad8-688654b60c70 (type: ports) to 2
2026-07-15 00:22:43.249 8 INFO neutron.db.ovn_revision_numbers_db [None req-8021405e-1065-4e5c-9f9f-2f6237a6b5d9 1be5fc16ae5a4a19b0150762e9734bbd 03561058aa6643fba7ca53f8ce3436d9 - - default default] Successfully bumped revision number for resource b49fe1c2-f44c-43fe-ada4-dbdbf938d39d (type: subnets) to 0 [pid: 8|app: 0|req: 968/1862] 10.0.0.9 () {34 vars in 667 bytes} [Wed Jul 15 00:22:42 2026] POST /v2.0/subnets => generated 629 bytes in 737 msecs (HTTP/1.1 201) 4 headers in 162 bytes (1 switches on core 0)
2026-07-15 00:22:43.391 7 WARNING neutron.scheduler.dhcp_agent_scheduler [None req-5fab711a-bb10-4125-9ffd-7c3fc49027f2 bc364159d8d843c8884218123c6d65d3 bb5d2fca5ba74cccae40ee7c5d2eb5ce - - default default] No more DHCP agents
2026-07-15 00:22:43.393 7 WARNING neutron.api.rpc.agentnotifiers.dhcp_rpc_agent_api [None req-5fab711a-bb10-4125-9ffd-7c3fc49027f2 bc364159d8d843c8884218123c6d65d3 bb5d2fca5ba74cccae40ee7c5d2eb5ce - - default default] Unable to schedule network e10911f5-d920-4ec6-8b49-6144ec94c17f: no agents available; will retry on subsequent port and subnet creation events.
2026-07-15 00:22:43.421 8 WARNING neutron.scheduler.dhcp_agent_scheduler [None req-5edbbb11-b377-4665-9617-e6fa8c3cb920 01f56d2ba12e400289e04dcdf53a470b d9ea32b8d9ae46b9acdbbfcd90694216 - - default default] No more DHCP agents
2026-07-15 00:22:43.422 8 WARNING neutron.api.rpc.agentnotifiers.dhcp_rpc_agent_api [None req-5edbbb11-b377-4665-9617-e6fa8c3cb920 01f56d2ba12e400289e04dcdf53a470b d9ea32b8d9ae46b9acdbbfcd90694216 - - default default] Unable to schedule network 2ec1ea00-85b3-443d-9c55-adb4e99f8c77: no agents available; will retry on subsequent port and subnet creation events.
2026-07-15 00:22:43.476 8 INFO neutron.plugins.ml2.drivers.ovn.mech_driver.mech_driver [None req-4384a91b-1604-4523-8f7e-91ed064bc8b5 - - - - - -] OVN reports status down for port: 4ecf4ae6-1e45-4446-ab98-7548a9c7ddc1
2026-07-15 00:22:43.508 7 INFO neutron.db.ovn_revision_numbers_db [None req-5fab711a-bb10-4125-9ffd-7c3fc49027f2 bc364159d8d843c8884218123c6d65d3 bb5d2fca5ba74cccae40ee7c5d2eb5ce - - default default] Successfully bumped revision number for resource 4ecf4ae6-1e45-4446-ab98-7548a9c7ddc1 (type: ports) to 1 [pid: 7|app: 0|req: 895/1863] 10.0.0.9 () {34 vars in 668 bytes} [Wed Jul 15 00:22:42 2026] POST /v2.0/networks => generated 668 bytes in 603 msecs (HTTP/1.1 201) 4 headers in 162 bytes (1 switches on core 0) [pid: 7|app: 0|req: 896/1864] 10.0.0.206 () {28 vars in 599 bytes} [Wed Jul 15 00:22:43 2026] GET /v2.0/security-groups => generated 26113 bytes in 249 msecs (HTTP/1.1 200) 4 headers in 159 bytes (1 switches on core 0)
2026-07-15 00:22:43.837 7 WARNING neutron.plugins.ml2.drivers.ovn.mech_driver.ovsdb.ovn_client [None req-c389f949-bb49-490c-9335-e586605f95a0 - - - - - -] No port found with ID fedfac27-763b-4f0f-bc5a-8c6029f89bab: RuntimeError: No port found with ID fedfac27-763b-4f0f-bc5a-8c6029f89bab
2026-07-15 00:22:43.846 7 INFO neutron.plugins.ml2.drivers.ovn.mech_driver.mech_driver [None req-c389f949-bb49-490c-9335-e586605f95a0 - - - - - -] OVN reports status down for port: 5b02c597-94e6-4d6e-b38e-bd39bc1f0351
2026-07-15 00:22:43.876 7 INFO neutron.db.segments_db [None req-177561a3-16fb-4f8c-812a-672d48e95a97 1be5fc16ae5a4a19b0150762e9734bbd 03561058aa6643fba7ca53f8ce3436d9 - - default default] Added segment 7800a818-ab6b-42c3-8f51-4e187415b121 of type geneve for network eda6ad22-23c9-4065-842d-708d92f5d6e9
2026-07-15 00:22:43.927 8 INFO neutron.db.ovn_revision_numbers_db [None req-5edbbb11-b377-4665-9617-e6fa8c3cb920 01f56d2ba12e400289e04dcdf53a470b d9ea32b8d9ae46b9acdbbfcd90694216 - - default default] Successfully bumped revision number for resource 90b9101a-ea87-4788-86f4-2c1df8c7a393 (type: ports) to 2
2026-07-15 00:22:43.962 8 INFO neutron.db.ovn_revision_numbers_db [None req-5edbbb11-b377-4665-9617-e6fa8c3cb920 01f56d2ba12e400289e04dcdf53a470b d9ea32b8d9ae46b9acdbbfcd90694216 - - default default] Successfully bumped revision number for resource 9ae01607-76d5-42e3-8df2-0592ebe87720 (type: subnets) to 0 [pid: 8|app: 0|req: 969/1865] 10.0.0.9 () {34 vars in 667 bytes} [Wed Jul 15 00:22:43 2026] POST /v2.0/subnets => generated 647 bytes in 713 msecs (HTTP/1.1 201) 4 headers in 162 bytes (1 switches on core 0)
2026-07-15 00:22:44.032 7 INFO neutron.db.ovn_revision_numbers_db [None req-177561a3-16fb-4f8c-812a-672d48e95a97 1be5fc16ae5a4a19b0150762e9734bbd 03561058aa6643fba7ca53f8ce3436d9 - - default default] Successfully bumped revision number for resource eda6ad22-23c9-4065-842d-708d92f5d6e9 (type: networks) to 1
2026-07-15 00:22:44.050 8 INFO neutron.services.segments.plugin [-] Segment 677a97a2-3216-49f2-9c31-75ec259af98c resource provider aggregate not found
2026-07-15 00:22:44.062 8 INFO neutron.services.segments.plugin [-] Segment 677a97a2-3216-49f2-9c31-75ec259af98c resource provider aggregate not found
2026-07-15 00:22:44.070 8 INFO neutron.services.segments.plugin [-] Client error retrieving segment 677a97a2-3216-49f2-9c31-75ec259af98c resource provider; error: Placement Client Error (4xx): {"errors": [{"status": 404, "title": "Not Found", "detail": "The resource could not be found.\n\n No resource provider with uuid 677a97a2-3216-49f2-9c31-75ec259af98c found for delete ", "request_id": "req-cb0e37c6-cc3e-4e62-aa28-60bbe21e3b89"}]}
2026-07-15 00:22:44.086 8 INFO neutron.services.segments.plugin [-] Client error retrieving segment 677a97a2-3216-49f2-9c31-75ec259af98c resource provider; error: Placement Client Error (4xx): {"errors": [{"status": 404, "title": "Not Found", "detail": "The resource could not be found.\n\n No resource provider with uuid 677a97a2-3216-49f2-9c31-75ec259af98c found for delete ", "request_id": "req-9f676a5a-e7c1-4294-b377-e4ba19a8a894"}]}
2026-07-15 00:22:44.164 8 WARNING neutron.scheduler.dhcp_agent_scheduler [None req-1cb4d7e7-af00-45ec-99bf-e34a4dd5b104 bc364159d8d843c8884218123c6d65d3 bb5d2fca5ba74cccae40ee7c5d2eb5ce - - default default] No more DHCP agents
2026-07-15 00:22:44.165 8 WARNING neutron.api.rpc.agentnotifiers.dhcp_rpc_agent_api [None req-1cb4d7e7-af00-45ec-99bf-e34a4dd5b104 bc364159d8d843c8884218123c6d65d3 bb5d2fca5ba74cccae40ee7c5d2eb5ce - - default default] Unable to schedule network e10911f5-d920-4ec6-8b49-6144ec94c17f: no agents available; will retry on subsequent port and subnet creation events.
2026-07-15 00:22:44.199 7 WARNING neutron.scheduler.dhcp_agent_scheduler [None req-177561a3-16fb-4f8c-812a-672d48e95a97 1be5fc16ae5a4a19b0150762e9734bbd 03561058aa6643fba7ca53f8ce3436d9 - - default default] No more DHCP agents
2026-07-15 00:22:44.201 7 WARNING neutron.api.rpc.agentnotifiers.dhcp_rpc_agent_api [None req-177561a3-16fb-4f8c-812a-672d48e95a97 1be5fc16ae5a4a19b0150762e9734bbd 03561058aa6643fba7ca53f8ce3436d9 - - default default] Unable to schedule network eda6ad22-23c9-4065-842d-708d92f5d6e9: no agents available; will retry on subsequent port and subnet creation events.
2026-07-15 00:22:44.252 8 INFO neutron.plugins.ml2.drivers.ovn.mech_driver.mech_driver [None req-4384a91b-1604-4523-8f7e-91ed064bc8b5 - - - - - -] OVN reports status down for port: 88816d37-48f8-42d2-9d91-9cdc68e30c1c
2026-07-15 00:22:44.280 7 INFO neutron.db.ovn_revision_numbers_db [None req-177561a3-16fb-4f8c-812a-672d48e95a97 1be5fc16ae5a4a19b0150762e9734bbd 03561058aa6643fba7ca53f8ce3436d9 - - default default] Successfully bumped revision number for resource 88816d37-48f8-42d2-9d91-9cdc68e30c1c (type: ports) to 1 [pid: 7|app: 0|req: 897/1866] 10.0.0.9 () {34 vars in 668 bytes} [Wed Jul 15 00:22:43 2026] POST /v2.0/networks => generated 668 bytes in 519 msecs (HTTP/1.1 201) 4 headers in 162 bytes (1 switches on core 0) [pid: 7|app: 0|req: 898/1867] 10.0.0.206 () {28 vars in 579 bytes} [Wed Jul 15 00:22:44 2026] GET /v2.0/ports => generated 10132 bytes in 40 msecs (HTTP/1.1 200) 4 headers in 159 bytes (1 switches on core 0) [pid: 7|app: 0|req: 899/1868] 10.0.0.9 () {34 vars in 679 bytes} [Wed Jul 15 00:22:44 2026] POST /v2.0/rbac-policies => generated 324 bytes in 160 msecs (HTTP/1.1 201) 4 headers in 162 bytes (1 switches on core 0)
2026-07-15 00:22:44.586 7 WARNING neutron.db.securitygroups_db [None req-d862c4ae-5f4d-416f-8323-34ac2b3bcd91 ee0847ec8885450e89893411e7798beb fd938b09b9974e31b3e8c0eacce8a99c - - default default] project_id key not found in filters, using tenant_id instead. This support has been deprecated and will be removed in a future release.
2026-07-15 00:22:44.669 8 INFO neutron.db.ovn_revision_numbers_db [None req-1cb4d7e7-af00-45ec-99bf-e34a4dd5b104 bc364159d8d843c8884218123c6d65d3 bb5d2fca5ba74cccae40ee7c5d2eb5ce - - default default] Successfully bumped revision number for resource 4ecf4ae6-1e45-4446-ab98-7548a9c7ddc1 (type: ports) to 2
2026-07-15 00:22:44.714 7 INFO neutron.db.ovn_revision_numbers_db [None req-d862c4ae-5f4d-416f-8323-34ac2b3bcd91 ee0847ec8885450e89893411e7798beb fd938b09b9974e31b3e8c0eacce8a99c - - default default] Successfully bumped revision number for resource a3c59c4b-2477-4df4-9c78-db7a9b8b59ef (type: security_groups) to 1
2026-07-15 00:22:44.714 8 INFO neutron.db.ovn_revision_numbers_db [None req-1cb4d7e7-af00-45ec-99bf-e34a4dd5b104 bc364159d8d843c8884218123c6d65d3 bb5d2fca5ba74cccae40ee7c5d2eb5ce - - default default] Successfully bumped revision number for resource 5ec03ba0-3ba3-4436-8ff2-f5a014d0f781 (type: subnets) to 0
2026-07-15 00:22:44.725 7 INFO neutron.db.ovn_revision_numbers_db [None req-d862c4ae-5f4d-416f-8323-34ac2b3bcd91 ee0847ec8885450e89893411e7798beb fd938b09b9974e31b3e8c0eacce8a99c - - default default] Successfully bumped revision number for resource 44069fb2-5165-4b5d-a067-901d3097c80a (type: security_group_rules) to 0 [pid: 8|app: 0|req: 970/1869] 10.0.0.9 () {34 vars in 667 bytes} [Wed Jul 15 00:22:43 2026] POST /v2.0/subnets => generated 626 bytes in 750 msecs (HTTP/1.1 201) 4 headers in 162 bytes (1 switches on core 0)
2026-07-15 00:22:44.736 7 INFO neutron.db.ovn_revision_numbers_db [None req-d862c4ae-5f4d-416f-8323-34ac2b3bcd91 ee0847ec8885450e89893411e7798beb fd938b09b9974e31b3e8c0eacce8a99c - - default default] Successfully bumped revision number for resource 810d26c2-38a2-4ff0-acce-a472a69432f8 (type: security_group_rules) to 0
2026-07-15 00:22:44.744 7 INFO neutron.db.ovn_revision_numbers_db [None req-d862c4ae-5f4d-416f-8323-34ac2b3bcd91 ee0847ec8885450e89893411e7798beb fd938b09b9974e31b3e8c0eacce8a99c - - default default] Successfully bumped revision number for resource 8ba9d3a7-734f-4dd9-8a58-8483ddb34408 (type: security_group_rules) to 0
2026-07-15 00:22:44.765 7 INFO neutron.db.ovn_revision_numbers_db [None req-d862c4ae-5f4d-416f-8323-34ac2b3bcd91 ee0847ec8885450e89893411e7798beb fd938b09b9974e31b3e8c0eacce8a99c - - default default] Successfully bumped revision number for resource cb90f3a1-4034-4ea4-89bd-065f3070d286 (type: security_group_rules) to 0 [pid: 7|app: 0|req: 900/1870] 10.0.0.9 () {32 vars in 772 bytes} [Wed Jul 15 00:22:44 2026] GET /v2.0/security-groups?tenant_id=a9e927f069b24bdcb7afa2184da5c318&name=default => generated 2925 bytes in 300 msecs (HTTP/1.1 200) 4 headers in 158 bytes (1 switches on core 0) [pid: 7|app: 0|req: 901/1871] 10.0.0.206 () {28 vars in 619 bytes} [Wed Jul 15 00:22:44 2026] GET /v2.0/network-ip-availabilities => generated 5147 bytes in 15 msecs (HTTP/1.1 200) 4 headers in 158 bytes (1 switches on core 0)
2026-07-15 00:22:44.880 8 WARNING neutron.scheduler.dhcp_agent_scheduler [None req-e3f8ccb7-974b-4e6b-aece-98fae6cb1409 1be5fc16ae5a4a19b0150762e9734bbd 03561058aa6643fba7ca53f8ce3436d9 - - default default] No more DHCP agents
2026-07-15 00:22:44.882 8 WARNING neutron.api.rpc.agentnotifiers.dhcp_rpc_agent_api [None req-e3f8ccb7-974b-4e6b-aece-98fae6cb1409 1be5fc16ae5a4a19b0150762e9734bbd 03561058aa6643fba7ca53f8ce3436d9 - - default default] Unable to schedule network eda6ad22-23c9-4065-842d-708d92f5d6e9: no agents available; will retry on subsequent port and subnet creation events.
2026-07-15 00:22:44.927 7 INFO neutron.db.ovn_revision_numbers_db [None req-7ed6b945-4405-4143-b944-5c4c9cc3cd41 bc364159d8d843c8884218123c6d65d3 bb5d2fca5ba74cccae40ee7c5d2eb5ce - - default default] Successfully bumped revision number for resource 1c4500b2-337c-42cd-8b12-4fcb3715dcca (type: routers) to 1 [pid: 7|app: 0|req: 902/1872] 10.0.0.9 () {34 vars in 667 bytes} [Wed Jul 15 00:22:44 2026] POST /v2.0/routers => generated 624 bytes in 119 msecs (HTTP/1.1 201) 4 headers in 162 bytes (1 switches on core 0) [pid: 7|app: 0|req: 903/1873] 10.0.0.9 () {32 vars in 738 bytes} [Wed Jul 15 00:22:44 2026] DELETE /v2.0/security-groups/a3c59c4b-2477-4df4-9c78-db7a9b8b59ef => generated 0 bytes in 148 msecs (HTTP/1.1 204) 2 headers in 112 bytes (1 switches on core 0) [pid: 7|app: 0|req: 904/1874] 10.0.0.206 () {28 vars in 585 bytes} [Wed Jul 15 00:22:45 2026] GET /v2.0/networks => generated 6194 bytes in 56 msecs (HTTP/1.1 200) 4 headers in 158 bytes (1 switches on core 0)
2026-07-15 00:22:45.340 8 INFO neutron.db.ovn_revision_numbers_db [None req-e3f8ccb7-974b-4e6b-aece-98fae6cb1409 1be5fc16ae5a4a19b0150762e9734bbd 03561058aa6643fba7ca53f8ce3436d9 - - default default] Successfully bumped revision number for resource 88816d37-48f8-42d2-9d91-9cdc68e30c1c (type: ports) to 2 [pid: 7|app: 0|req: 905/1875] 10.0.0.9 () {32 vars in 721 bytes} [Wed Jul 15 00:22:45 2026] GET /v2.0/networks/2ec1ea00-85b3-443d-9c55-adb4e99f8c77 => generated 692 bytes in 203 msecs (HTTP/1.1 200) 4 headers in 157 bytes (1 switches on core 0)
2026-07-15 00:22:45.376 8 INFO neutron.db.ovn_revision_numbers_db [None req-e3f8ccb7-974b-4e6b-aece-98fae6cb1409 1be5fc16ae5a4a19b0150762e9734bbd 03561058aa6643fba7ca53f8ce3436d9 - - default default] Successfully bumped revision number for resource b7092a56-2db9-4d96-b9a9-6e22d164c156 (type: subnets) to 0 [pid: 8|app: 0|req: 971/1876] 10.0.0.9 () {34 vars in 667 bytes} [Wed Jul 15 00:22:44 2026] POST /v2.0/subnets => generated 629 bytes in 670 msecs (HTTP/1.1 201) 4 headers in 162 bytes (1 switches on core 0) [pid: 8|app: 0|req: 972/1877] 10.0.0.206 () {28 vars in 583 bytes} [Wed Jul 15 00:22:45 2026] GET /v2.0/routers => generated 645 bytes in 34 msecs (HTTP/1.1 200) 4 headers in 157 bytes (1 switches on core 0)
2026-07-15 00:22:45.440 8 WARNING neutron.db.securitygroups_db [None req-60eafa7d-496d-47e6-94c9-7eb371dd77e6 ee0847ec8885450e89893411e7798beb fd938b09b9974e31b3e8c0eacce8a99c - - default default] project_id key not found in filters, using tenant_id instead. This support has been deprecated and will be removed in a future release.
2026-07-15 00:22:45.581 8 INFO neutron.db.ovn_revision_numbers_db [None req-60eafa7d-496d-47e6-94c9-7eb371dd77e6 ee0847ec8885450e89893411e7798beb fd938b09b9974e31b3e8c0eacce8a99c - - default default] Successfully bumped revision number for resource d66d7454-e9df-4cb4-b834-1268439b0087 (type: security_groups) to 1
2026-07-15 00:22:45.596 8 INFO neutron.db.ovn_revision_numbers_db [None req-60eafa7d-496d-47e6-94c9-7eb371dd77e6 ee0847ec8885450e89893411e7798beb fd938b09b9974e31b3e8c0eacce8a99c - - default default] Successfully bumped revision number for resource 43ffa32c-e9bd-478b-8595-241a2fa4ebed (type: security_group_rules) to 0
2026-07-15 00:22:45.610 8 INFO neutron.db.ovn_revision_numbers_db [None req-60eafa7d-496d-47e6-94c9-7eb371dd77e6 ee0847ec8885450e89893411e7798beb fd938b09b9974e31b3e8c0eacce8a99c - - default default] Successfully bumped revision number for resource 8c3c7da3-1eba-411b-905f-4dfb5fefb76f (type: security_group_rules) to 0
2026-07-15 00:22:45.621 8 INFO neutron.db.ovn_revision_numbers_db [None req-60eafa7d-496d-47e6-94c9-7eb371dd77e6 ee0847ec8885450e89893411e7798beb fd938b09b9974e31b3e8c0eacce8a99c - - default default] Successfully bumped revision number for resource 99382b8b-980c-4a75-a44d-aa15d5c9e747 (type: security_group_rules) to 0
2026-07-15 00:22:45.635 8 INFO neutron.db.ovn_revision_numbers_db [None req-60eafa7d-496d-47e6-94c9-7eb371dd77e6 ee0847ec8885450e89893411e7798beb fd938b09b9974e31b3e8c0eacce8a99c - - default default] Successfully bumped revision number for resource aeb45f27-e6a0-4477-877c-be997577e4f7 (type: security_group_rules) to 0 [pid: 8|app: 0|req: 973/1878] 10.0.0.9 () {32 vars in 772 bytes} [Wed Jul 15 00:22:45 2026] GET /v2.0/security-groups?tenant_id=50f1e1a9fa224f2eabfc7476671365d3&name=default => generated 2925 bytes in 237 msecs (HTTP/1.1 200) 4 headers in 158 bytes (1 switches on core 0)
2026-07-15 00:22:45.756 7 WARNING neutron.scheduler.dhcp_agent_scheduler [None req-745a13bb-d9a2-4813-8f43-609f53b9433a bc364159d8d843c8884218123c6d65d3 bb5d2fca5ba74cccae40ee7c5d2eb5ce - - default default] No more DHCP agents
2026-07-15 00:22:45.757 7 WARNING neutron.api.rpc.agentnotifiers.dhcp_rpc_agent_api [None req-745a13bb-d9a2-4813-8f43-609f53b9433a bc364159d8d843c8884218123c6d65d3 bb5d2fca5ba74cccae40ee7c5d2eb5ce - - default default] Unable to schedule network e10911f5-d920-4ec6-8b49-6144ec94c17f: no agents available; will retry on subsequent port and subnet creation events.
2026-07-15 00:22:45.784 8 INFO neutron.db.segments_db [None req-3e75816f-b961-4c7b-b26b-a73e24b7bdae 1be5fc16ae5a4a19b0150762e9734bbd 03561058aa6643fba7ca53f8ce3436d9 - - default default] Added segment c9fcfd3d-eba9-4a19-b10c-831286070024 of type geneve for network e8f7b9b4-08c8-4c99-ae9b-45942a35c154
2026-07-15 00:22:45.884 7 INFO neutron.plugins.ml2.drivers.ovn.mech_driver.mech_driver [None req-c389f949-bb49-490c-9335-e586605f95a0 - - - - - -] OVN reports status down for port: 19b8b18e-ea6e-4aaf-b2d8-eed0dc7628a2
2026-07-15 00:22:45.900 8 INFO neutron.db.ovn_revision_numbers_db [None req-3e75816f-b961-4c7b-b26b-a73e24b7bdae 1be5fc16ae5a4a19b0150762e9734bbd 03561058aa6643fba7ca53f8ce3436d9 - - default default] Successfully bumped revision number for resource e8f7b9b4-08c8-4c99-ae9b-45942a35c154 (type: networks) to 1
2026-07-15 00:22:45.929 7 INFO neutron.db.ovn_revision_numbers_db [None req-745a13bb-d9a2-4813-8f43-609f53b9433a bc364159d8d843c8884218123c6d65d3 bb5d2fca5ba74cccae40ee7c5d2eb5ce - - default default] Successfully bumped revision number for resource 19b8b18e-ea6e-4aaf-b2d8-eed0dc7628a2 (type: ports) to 1
2026-07-15 00:22:46.049 8 WARNING neutron.scheduler.dhcp_agent_scheduler [None req-3e75816f-b961-4c7b-b26b-a73e24b7bdae 1be5fc16ae5a4a19b0150762e9734bbd 03561058aa6643fba7ca53f8ce3436d9 - - default default] No more DHCP agents
2026-07-15 00:22:46.051 8 WARNING neutron.api.rpc.agentnotifiers.dhcp_rpc_agent_api [None req-3e75816f-b961-4c7b-b26b-a73e24b7bdae 1be5fc16ae5a4a19b0150762e9734bbd 03561058aa6643fba7ca53f8ce3436d9 - - default default] Unable to schedule network e8f7b9b4-08c8-4c99-ae9b-45942a35c154: no agents available; will retry on subsequent port and subnet creation events.
2026-07-15 00:22:46.096 8 INFO neutron.plugins.ml2.drivers.ovn.mech_driver.mech_driver [None req-4384a91b-1604-4523-8f7e-91ed064bc8b5 - - - - - -] OVN reports status down for port: 3c8d593b-c512-4a13-9d40-cb3a5706c6a0
2026-07-15 00:22:46.147 8 INFO neutron.db.ovn_revision_numbers_db [None req-3e75816f-b961-4c7b-b26b-a73e24b7bdae 1be5fc16ae5a4a19b0150762e9734bbd 03561058aa6643fba7ca53f8ce3436d9 - - default default] Successfully bumped revision number for resource 3c8d593b-c512-4a13-9d40-cb3a5706c6a0 (type: ports) to 1 [pid: 8|app: 0|req: 974/1879] 10.0.0.9 () {34 vars in 668 bytes} [Wed Jul 15 00:22:45 2026] POST /v2.0/networks => generated 670 bytes in 521 msecs (HTTP/1.1 201) 4 headers in 162 bytes (1 switches on core 0) [pid: 8|app: 0|req: 975/1880] 10.0.0.206 () {28 vars in 624 bytes} [Wed Jul 15 00:22:46 2026] GET /v2.0/agents?binary=ovn-controller => generated 416 bytes in 12 msecs (HTTP/1.1 200) 4 headers in 157 bytes (1 switches on core 0) [pid: 8|app: 0|req: 976/1881] 10.0.0.9 () {32 vars in 738 bytes} [Wed Jul 15 00:22:46 2026] DELETE /v2.0/security-groups/d66d7454-e9df-4cb4-b834-1268439b0087 => generated 0 bytes in 176 msecs (HTTP/1.1 204) 2 headers in 112 bytes (1 switches on core 0)
2026-07-15 00:22:46.442 8 INFO neutron.pecan_wsgi.hooks.translation [None req-5fadf1f3-5807-45cd-9d05-9b17116fac25 b60a3d18742c4fd7a86734940b7a9eca f9012a4a77ff492dba9aaec777af2dbe - - default default] GET failed (client error): The resource could not be found. [pid: 8|app: 0|req: 977/1882] 10.0.0.9 () {32 vars in 721 bytes} [Wed Jul 15 00:22:46 2026] GET /v2.0/networks/2ec1ea00-85b3-443d-9c55-adb4e99f8c77 => generated 138 bytes in 57 msecs (HTTP/1.1 404) 4 headers in 164 bytes (1 switches on core 0)
2026-07-15 00:22:46.485 7 INFO neutron.plugins.ml2.drivers.ovn.mech_driver.mech_driver [None req-c389f949-bb49-490c-9335-e586605f95a0 - - - - - -] OVN reports status up for port: 19b8b18e-ea6e-4aaf-b2d8-eed0dc7628a2
2026-07-15 00:22:46.507 7 INFO neutron.plugins.ml2.plugin [None req-c389f949-bb49-490c-9335-e586605f95a0 - - - - - -] Attempt 1 to provision port 19b8b18e-ea6e-4aaf-b2d8-eed0dc7628a2
2026-07-15 00:22:46.608 7 WARNING neutron.scheduler.dhcp_agent_scheduler [None req-745a13bb-d9a2-4813-8f43-609f53b9433a bc364159d8d843c8884218123c6d65d3 bb5d2fca5ba74cccae40ee7c5d2eb5ce - - default default] No more DHCP agents
2026-07-15 00:22:46.610 7 WARNING neutron.api.rpc.agentnotifiers.dhcp_rpc_agent_api [None req-745a13bb-d9a2-4813-8f43-609f53b9433a bc364159d8d843c8884218123c6d65d3 bb5d2fca5ba74cccae40ee7c5d2eb5ce - - default default] Unable to schedule network e10911f5-d920-4ec6-8b49-6144ec94c17f: no agents available; will retry on subsequent port and subnet creation events.
2026-07-15 00:22:46.617 8 WARNING neutron.scheduler.dhcp_agent_scheduler [None req-6ff29c7c-1c11-449e-9fbc-c0a202e48869 1be5fc16ae5a4a19b0150762e9734bbd 03561058aa6643fba7ca53f8ce3436d9 - - default default] No more DHCP agents
2026-07-15 00:22:46.619 8 WARNING neutron.api.rpc.agentnotifiers.dhcp_rpc_agent_api [None req-6ff29c7c-1c11-449e-9fbc-c0a202e48869 1be5fc16ae5a4a19b0150762e9734bbd 03561058aa6643fba7ca53f8ce3436d9 - - default default] Unable to schedule network e8f7b9b4-08c8-4c99-ae9b-45942a35c154: no agents available; will retry on subsequent port and subnet creation events.
2026-07-15 00:22:46.996 7 INFO neutron.db.ovn_revision_numbers_db [None req-745a13bb-d9a2-4813-8f43-609f53b9433a bc364159d8d843c8884218123c6d65d3 bb5d2fca5ba74cccae40ee7c5d2eb5ce - - default default] Successfully bumped revision number for resource 19b8b18e-ea6e-4aaf-b2d8-eed0dc7628a2 (type: router_ports) to 1 [pid: 7|app: 0|req: 906/1883] 10.0.0.9 () {34 vars in 781 bytes} [Wed Jul 15 00:22:45 2026] PUT /v2.0/routers/1c4500b2-337c-42cd-8b12-4fcb3715dcca/add_router_interface => generated 310 bytes in 1654 msecs (HTTP/1.1 200) 4 headers in 157 bytes (1 switches on core 0)
2026-07-15 00:22:47.095 8 INFO neutron.db.ovn_revision_numbers_db [None req-6ff29c7c-1c11-449e-9fbc-c0a202e48869 1be5fc16ae5a4a19b0150762e9734bbd 03561058aa6643fba7ca53f8ce3436d9 - - default default] Successfully bumped revision number for resource 3c8d593b-c512-4a13-9d40-cb3a5706c6a0 (type: ports) to 2 [pid: 7|app: 0|req: 907/1884] 10.0.0.206 () {28 vars in 583 bytes} [Wed Jul 15 00:22:47 2026] GET /v2.0/subnets => generated 5124 bytes in 101 msecs (HTTP/1.1 200) 4 headers in 158 bytes (1 switches on core 0)
2026-07-15 00:22:47.129 8 INFO neutron.db.ovn_revision_numbers_db [None req-6ff29c7c-1c11-449e-9fbc-c0a202e48869 1be5fc16ae5a4a19b0150762e9734bbd 03561058aa6643fba7ca53f8ce3436d9 - - default default] Successfully bumped revision number for resource 7b70ca21-6ffc-4f18-b995-15cd55c4126d (type: subnets) to 0 [pid: 8|app: 0|req: 978/1885] 10.0.0.9 () {34 vars in 667 bytes} [Wed Jul 15 00:22:46 2026] POST /v2.0/subnets => generated 629 bytes in 703 msecs (HTTP/1.1 201) 4 headers in 162 bytes (1 switches on core 0)
2026-07-15 00:22:47.171 7 INFO neutron.db.ovn_revision_numbers_db [None req-c389f949-bb49-490c-9335-e586605f95a0 - - - - - -] Successfully bumped revision number for resource 19b8b18e-ea6e-4aaf-b2d8-eed0dc7628a2 (type: ports) to 2 [pid: 8|app: 0|req: 979/1886] 10.0.0.9 () {32 vars in 715 bytes} [Wed Jul 15 00:22:47 2026] GET /v2.0/ports/19b8b18e-ea6e-4aaf-b2d8-eed0dc7628a2 => generated 943 bytes in 31 msecs (HTTP/1.1 200) 4 headers in 157 bytes (1 switches on core 0) [pid: 8|app: 0|req: 980/1887] 10.0.0.206 () {28 vars in 591 bytes} [Wed Jul 15 00:22:47 2026] GET /v2.0/floatingips => generated 19 bytes in 22 msecs (HTTP/1.1 200) 4 headers in 156 bytes (1 switches on core 0)
2026-07-15 00:22:47.283 8 INFO neutron.db.segments_db [None req-7d8d6d9b-9e60-4084-9e15-0fa2be797e85 1be5fc16ae5a4a19b0150762e9734bbd 03561058aa6643fba7ca53f8ce3436d9 - - default default] Added segment 66243192-adef-45d9-9bac-5a3a2d68803f of type geneve for network c87cdd3d-13a6-4d6d-a7a0-3a5b56a9ab5c
2026-07-15 00:22:47.343 7 INFO neutron_taas.services.taas.taas_plugin [None req-61c65f45-77e5-405e-9c02-b25a20b0650f 01f56d2ba12e400289e04dcdf53a470b d9ea32b8d9ae46b9acdbbfcd90694216 - - default default] TaaS: Handle Delete Port: 90b9101a-ea87-4788-86f4-2c1df8c7a393
2026-07-15 00:22:47.348 7 INFO neutron_taas.services.taas.tap_mirror_plugin [None req-61c65f45-77e5-405e-9c02-b25a20b0650f 01f56d2ba12e400289e04dcdf53a470b d9ea32b8d9ae46b9acdbbfcd90694216 - - default default] Tap Mirror: Handle Delete Port: 90b9101a-ea87-4788-86f4-2c1df8c7a393
2026-07-15 00:22:47.423 8 INFO neutron.db.ovn_revision_numbers_db [None req-7d8d6d9b-9e60-4084-9e15-0fa2be797e85 1be5fc16ae5a4a19b0150762e9734bbd 03561058aa6643fba7ca53f8ce3436d9 - - default default] Successfully bumped revision number for resource c87cdd3d-13a6-4d6d-a7a0-3a5b56a9ab5c (type: networks) to 1
2026-07-15 00:22:47.636 8 WARNING neutron.scheduler.dhcp_agent_scheduler [None req-7d8d6d9b-9e60-4084-9e15-0fa2be797e85 1be5fc16ae5a4a19b0150762e9734bbd 03561058aa6643fba7ca53f8ce3436d9 - - default default] No more DHCP agents
2026-07-15 00:22:47.637 8 WARNING neutron.api.rpc.agentnotifiers.dhcp_rpc_agent_api [None req-7d8d6d9b-9e60-4084-9e15-0fa2be797e85 1be5fc16ae5a4a19b0150762e9734bbd 03561058aa6643fba7ca53f8ce3436d9 - - default default] Unable to schedule network c87cdd3d-13a6-4d6d-a7a0-3a5b56a9ab5c: no agents available; will retry on subsequent port and subnet creation events.
2026-07-15 00:22:47.692 7 INFO neutron.services.segments.plugin [-] Segment 4a79c943-9949-4ffd-b8fd-91370739d2e0 resource provider aggregate not found
2026-07-15 00:22:47.709 7 INFO neutron.services.segments.plugin [-] Segment 4a79c943-9949-4ffd-b8fd-91370739d2e0 resource provider aggregate not found
2026-07-15 00:22:47.725 7 INFO neutron.services.segments.plugin [-] Client error retrieving segment 4a79c943-9949-4ffd-b8fd-91370739d2e0 resource provider; error: Placement Client Error (4xx): {"errors": [{"status": 404, "title": "Not Found", "detail": "The resource could not be found.\n\n No resource provider with uuid 4a79c943-9949-4ffd-b8fd-91370739d2e0 found for delete ", "request_id": "req-e3b767f0-268e-42a4-9247-eccbf95fbdb7"}]}
2026-07-15 00:22:47.731 7 INFO neutron.services.segments.plugin [-] Client error retrieving segment 4a79c943-9949-4ffd-b8fd-91370739d2e0 resource provider; error: Placement Client Error (4xx): {"errors": [{"status": 404, "title": "Not Found", "detail": "The resource could not be found.\n\n No resource provider with uuid 4a79c943-9949-4ffd-b8fd-91370739d2e0 found for delete ", "request_id": "req-5084e1d7-42dc-4b11-8c6e-78df97fa39be"}]}
2026-07-15 00:22:47.736 8 INFO neutron.db.ovn_revision_numbers_db [None req-7d8d6d9b-9e60-4084-9e15-0fa2be797e85 1be5fc16ae5a4a19b0150762e9734bbd 03561058aa6643fba7ca53f8ce3436d9 - - default default] Successfully bumped revision number for resource 728edf19-6384-4b9d-ad81-d084bc6d2071 (type: ports) to 1 [pid: 7|app: 0|req: 908/1888] 10.0.0.9 () {32 vars in 724 bytes} [Wed Jul 15 00:22:47 2026] DELETE /v2.0/networks/2ec1ea00-85b3-443d-9c55-adb4e99f8c77 => generated 0 bytes in 653 msecs (HTTP/1.1 204) 3 headers in 131 bytes (1 switches on core 0) [pid: 8|app: 0|req: 981/1889] 10.0.0.9 () {34 vars in 668 bytes} [Wed Jul 15 00:22:47 2026] POST /v2.0/networks => generated 669 bytes in 563 msecs (HTTP/1.1 201) 4 headers in 162 bytes (1 switches on core 0) [pid: 8|app: 0|req: 982/1890] 10.0.0.206 () {28 vars in 581 bytes} [Wed Jul 15 00:22:47 2026] GET /v2.0/agents => generated 1214 bytes in 16 msecs (HTTP/1.1 200) 4 headers in 158 bytes (1 switches on core 0)
2026-07-15 00:22:47.790 8 INFO neutron.pecan_wsgi.hooks.translation [None req-ea9346cf-84e1-4f85-bac9-752d10374794 01f56d2ba12e400289e04dcdf53a470b d9ea32b8d9ae46b9acdbbfcd90694216 - - default default] DELETE failed (client error): The resource could not be found. [pid: 8|app: 0|req: 983/1891] 10.0.0.9 () {32 vars in 722 bytes} [Wed Jul 15 00:22:47 2026] DELETE /v2.0/subnets/3aa0d093-6085-4d81-8f1b-795dadd64f5c => generated 136 bytes in 11 msecs (HTTP/1.1 404) 4 headers in 164 bytes (1 switches on core 0) [pid: 7|app: 0|req: 909/1892] 10.0.0.9 () {32 vars in 715 bytes} [Wed Jul 15 00:22:47 2026] GET /v2.0/ports/19b8b18e-ea6e-4aaf-b2d8-eed0dc7628a2 => generated 943 bytes in 64 msecs (HTTP/1.1 200) 4 headers in 157 bytes (1 switches on core 0) [pid: 7|app: 0|req: 910/1893] 10.0.0.206 () {28 vars in 583 bytes} [Wed Jul 15 00:22:47 2026] GET /v2.0/subnets => generated 4487 bytes in 33 msecs (HTTP/1.1 200) 4 headers in 158 bytes (1 switches on core 0)
2026-07-15 00:22:47.867 7 INFO neutron.pecan_wsgi.hooks.translation [None req-1cfc28ba-9797-48d0-b42a-77fb2e3ecade 01f56d2ba12e400289e04dcdf53a470b d9ea32b8d9ae46b9acdbbfcd90694216 - - default default] DELETE failed (client error): The resource could not be found. [pid: 7|app: 0|req: 911/1894] 10.0.0.9 () {32 vars in 722 bytes} [Wed Jul 15 00:22:47 2026] DELETE /v2.0/subnets/97e65afc-a691-4f50-bd00-75c90c31096c => generated 136 bytes in 12 msecs (HTTP/1.1 404) 4 headers in 164 bytes (1 switches on core 0)
2026-07-15 00:22:47.957 8 WARNING neutron.scheduler.dhcp_agent_scheduler [None req-cd74e042-9df8-4b86-a388-ccdd9af2cc27 1be5fc16ae5a4a19b0150762e9734bbd 03561058aa6643fba7ca53f8ce3436d9 - - default default] No more DHCP agents
2026-07-15 00:22:47.959 8 WARNING neutron.api.rpc.agentnotifiers.dhcp_rpc_agent_api [None req-cd74e042-9df8-4b86-a388-ccdd9af2cc27 1be5fc16ae5a4a19b0150762e9734bbd 03561058aa6643fba7ca53f8ce3436d9 - - default default] Unable to schedule network c87cdd3d-13a6-4d6d-a7a0-3a5b56a9ab5c: no agents available; will retry on subsequent port and subnet creation events.
2026-07-15 00:22:48.134 7 INFO neutron_taas.services.taas.taas_plugin [None req-ae4c6804-e956-4da1-ab4a-9d151753afe9 bc364159d8d843c8884218123c6d65d3 bb5d2fca5ba74cccae40ee7c5d2eb5ce - - default default] TaaS: Handle Delete Port: 19b8b18e-ea6e-4aaf-b2d8-eed0dc7628a2
2026-07-15 00:22:48.136 7 INFO neutron_taas.services.taas.tap_mirror_plugin [None req-ae4c6804-e956-4da1-ab4a-9d151753afe9 bc364159d8d843c8884218123c6d65d3 bb5d2fca5ba74cccae40ee7c5d2eb5ce - - default default] Tap Mirror: Handle Delete Port: 19b8b18e-ea6e-4aaf-b2d8-eed0dc7628a2
2026-07-15 00:22:48.419 8 INFO neutron.db.ovn_revision_numbers_db [None req-cd74e042-9df8-4b86-a388-ccdd9af2cc27 1be5fc16ae5a4a19b0150762e9734bbd 03561058aa6643fba7ca53f8ce3436d9 - - default default] Successfully bumped revision number for resource 728edf19-6384-4b9d-ad81-d084bc6d2071 (type: ports) to 2
2026-07-15 00:22:48.454 8 INFO neutron.db.ovn_revision_numbers_db [None req-cd74e042-9df8-4b86-a388-ccdd9af2cc27 1be5fc16ae5a4a19b0150762e9734bbd 03561058aa6643fba7ca53f8ce3436d9 - - default default] Successfully bumped revision number for resource 69c4c06a-e158-4e3d-a923-e4b499f5c010 (type: subnets) to 0 [pid: 7|app: 0|req: 912/1895] 10.0.0.9 () {34 vars in 787 bytes} [Wed Jul 15 00:22:47 2026] PUT /v2.0/routers/1c4500b2-337c-42cd-8b12-4fcb3715dcca/remove_router_interface => generated 310 bytes in 585 msecs (HTTP/1.1 200) 4 headers in 157 bytes (1 switches on core 0) /var/lib/openstack/lib/python3.12/site-packages/pycadf/identifier.py:70: UserWarning: Invalid uuid: neutron. To ensure interoperability, identifiers should be a valid uuid. warnings.warn(('Invalid uuid: %s. To ensure interoperability, ' [pid: 7|app: 0|req: 913/1896] 10.0.0.206 () {28 vars in 591 bytes} [Wed Jul 15 00:22:48 2026] GET /v2.0/subnetpools => generated 19 bytes in 11 msecs (HTTP/1.1 200) 4 headers in 156 bytes (1 switches on core 0) [pid: 8|app: 0|req: 984/1897] 10.0.0.9 () {34 vars in 667 bytes} [Wed Jul 15 00:22:47 2026] POST /v2.0/subnets => generated 629 bytes in 680 msecs (HTTP/1.1 201) 4 headers in 162 bytes (1 switches on core 0)
2026-07-15 00:22:48.482 7 INFO neutron.pecan_wsgi.hooks.translation [None req-6bb8f09e-26a2-45bf-b262-c4e2063c063b 01f56d2ba12e400289e04dcdf53a470b d9ea32b8d9ae46b9acdbbfcd90694216 - - default default] DELETE failed (client error): The resource could not be found. [pid: 7|app: 0|req: 914/1898] 10.0.0.9 () {32 vars in 722 bytes} [Wed Jul 15 00:22:48 2026] DELETE /v2.0/subnets/9ae01607-76d5-42e3-8df2-0592ebe87720 => generated 136 bytes in 17 msecs (HTTP/1.1 404) 4 headers in 164 bytes (1 switches on core 0) [pid: 8|app: 0|req: 985/1899] 10.0.0.9 () {32 vars in 734 bytes} [Wed Jul 15 00:22:48 2026] GET /v2.0/ports?device_id=1c4500b2-337c-42cd-8b12-4fcb3715dcca => generated 12 bytes in 18 msecs (HTTP/1.1 200) 4 headers in 156 bytes (1 switches on core 0) [pid: 7|app: 0|req: 915/1900] 10.0.0.9 () {34 vars in 749 bytes} [Wed Jul 15 00:22:48 2026] PUT /v2.0/subnets/bbc5bc74-b7d2-4cea-9cdf-43c5760d6733/tags => generated 17 bytes in 78 msecs (HTTP/1.1 200) 4 headers in 156 bytes (1 switches on core 0) [pid: 7|app: 0|req: 916/1901] 10.0.0.9 () {34 vars in 749 bytes} [Wed Jul 15 00:22:48 2026] PUT /v2.0/subnets/b49fe1c2-f44c-43fe-ada4-dbdbf938d39d/tags => generated 25 bytes in 54 msecs (HTTP/1.1 200) 4 headers in 156 bytes (1 switches on core 0) [pid: 8|app: 0|req: 986/1902] 10.0.0.9 () {32 vars in 722 bytes} [Wed Jul 15 00:22:48 2026] DELETE /v2.0/routers/1c4500b2-337c-42cd-8b12-4fcb3715dcca => generated 0 bytes in 189 msecs (HTTP/1.1 204) 2 headers in 112 bytes (1 switches on core 0) [pid: 7|app: 0|req: 917/1903] 10.0.0.9 () {34 vars in 749 bytes} [Wed Jul 15 00:22:48 2026] PUT /v2.0/subnets/b7092a56-2db9-4d96-b9a9-6e22d164c156/tags => generated 34 bytes in 60 msecs (HTTP/1.1 200) 4 headers in 156 bytes (1 switches on core 0) [pid: 7|app: 0|req: 918/1904] 10.0.0.9 () {34 vars in 749 bytes} [Wed Jul 15 00:22:48 2026] PUT /v2.0/subnets/7b70ca21-6ffc-4f18-b995-15cd55c4126d/tags => generated 19 bytes in 52 msecs (HTTP/1.1 200) 4 headers in 156 bytes (1 switches on core 0) [pid: 7|app: 0|req: 919/1905] 10.0.0.9 () {32 vars in 662 bytes} [Wed Jul 15 00:22:48 2026] GET /v2.0/subnets?tags=red => generated 1904 bytes in 42 msecs (HTTP/1.1 200) 4 headers in 158 bytes (1 switches on core 0) [pid: 7|app: 0|req: 920/1906] 10.0.0.9 () {32 vars in 676 bytes} [Wed Jul 15 00:22:48 2026] GET /v2.0/subnets?tags=red%2Cblue => generated 1283 bytes in 37 msecs (HTTP/1.1 200) 4 headers in 158 bytes (1 switches on core 0) [pid: 8|app: 0|req: 987/1907] 10.0.0.9 () {32 vars in 722 bytes} [Wed Jul 15 00:22:48 2026] DELETE /v2.0/subnets/5ec03ba0-3ba3-4436-8ff2-f5a014d0f781 => generated 0 bytes in 186 msecs (HTTP/1.1 204) 3 headers in 131 bytes (1 switches on core 0) [pid: 7|app: 0|req: 921/1908] 10.0.0.9 () {32 vars in 672 bytes} [Wed Jul 15 00:22:48 2026] GET /v2.0/subnets?tags-any=blue => generated 1283 bytes in 52 msecs (HTTP/1.1 200) 4 headers in 158 bytes (1 switches on core 0) [pid: 7|app: 0|req: 922/1909] 10.0.0.9 () {32 vars in 684 bytes} [Wed Jul 15 00:22:48 2026] GET /v2.0/subnets?tags-any=red%2Cblue => generated 1904 bytes in 34 msecs (HTTP/1.1 200) 4 headers in 158 bytes (1 switches on core 0) [pid: 7|app: 0|req: 923/1910] 10.0.0.9 () {32 vars in 670 bytes} [Wed Jul 15 00:22:48 2026] GET /v2.0/subnets?not-tags=red => generated 1894 bytes in 52 msecs (HTTP/1.1 200) 4 headers in 158 bytes (1 switches on core 0)
2026-07-15 00:22:49.053 8 INFO neutron_taas.services.taas.taas_plugin [None req-b2b0ef97-ad6c-4e45-bc30-046f4015076a bc364159d8d843c8884218123c6d65d3 bb5d2fca5ba74cccae40ee7c5d2eb5ce - - default default] TaaS: Handle Delete Port: 4ecf4ae6-1e45-4446-ab98-7548a9c7ddc1
2026-07-15 00:22:49.057 8 INFO neutron_taas.services.taas.tap_mirror_plugin [None req-b2b0ef97-ad6c-4e45-bc30-046f4015076a bc364159d8d843c8884218123c6d65d3 bb5d2fca5ba74cccae40ee7c5d2eb5ce - - default default] Tap Mirror: Handle Delete Port: 4ecf4ae6-1e45-4446-ab98-7548a9c7ddc1 [pid: 7|app: 0|req: 924/1911] 10.0.0.9 () {32 vars in 684 bytes} [Wed Jul 15 00:22:48 2026] GET /v2.0/subnets?not-tags=red%2Cblue => generated 2515 bytes in 75 msecs (HTTP/1.1 200) 4 headers in 158 bytes (1 switches on core 0) [pid: 7|app: 0|req: 925/1912] 10.0.0.9 () {32 vars in 680 bytes} [Wed Jul 15 00:22:49 2026] GET /v2.0/subnets?not-tags-any=blue => generated 2515 bytes in 71 msecs (HTTP/1.1 200) 4 headers in 158 bytes (1 switches on core 0) [pid: 7|app: 0|req: 926/1913] 10.0.0.9 () {32 vars in 692 bytes} [Wed Jul 15 00:22:49 2026] GET /v2.0/subnets?not-tags-any=red%2Cblue => generated 1894 bytes in 116 msecs (HTTP/1.1 200) 4 headers in 158 bytes (1 switches on core 0)
2026-07-15 00:22:49.312 8 INFO neutron.services.segments.plugin [-] Segment ebf5bb74-08bb-4d44-83a6-6520edb8ace1 resource provider aggregate not found
2026-07-15 00:22:49.317 8 INFO neutron.services.segments.plugin [-] Segment ebf5bb74-08bb-4d44-83a6-6520edb8ace1 resource provider aggregate not found
2026-07-15 00:22:49.328 8 INFO neutron.services.segments.plugin [-] Client error retrieving segment ebf5bb74-08bb-4d44-83a6-6520edb8ace1 resource provider; error: Placement Client Error (4xx): {"errors": [{"status": 404, "title": "Not Found", "detail": "The resource could not be found.\n\n No resource provider with uuid ebf5bb74-08bb-4d44-83a6-6520edb8ace1 found for delete ", "request_id": "req-6bce096a-e582-40c3-9a44-e44940292e79"}]}
2026-07-15 00:22:49.341 8 INFO neutron.services.segments.plugin [-] Client error retrieving segment ebf5bb74-08bb-4d44-83a6-6520edb8ace1 resource provider; error: Placement Client Error (4xx): {"errors": [{"status": 404, "title": "Not Found", "detail": "The resource could not be found.\n\n No resource provider with uuid ebf5bb74-08bb-4d44-83a6-6520edb8ace1 found for delete ", "request_id": "req-512f8b56-d2bc-4f38-bbe9-1657e3ddaf2f"}]} [pid: 8|app: 0|req: 988/1914] 10.0.0.9 () {32 vars in 724 bytes} [Wed Jul 15 00:22:48 2026] DELETE /v2.0/networks/e10911f5-d920-4ec6-8b49-6144ec94c17f => generated 0 bytes in 487 msecs (HTTP/1.1 204) 3 headers in 131 bytes (1 switches on core 0) [pid: 7|app: 0|req: 927/1915] 10.0.0.9 () {32 vars in 722 bytes} [Wed Jul 15 00:22:49 2026] DELETE /v2.0/subnets/bbc5bc74-b7d2-4cea-9cdf-43c5760d6733 => generated 0 bytes in 223 msecs (HTTP/1.1 204) 3 headers in 131 bytes (1 switches on core 0)
2026-07-15 00:22:49.758 7 WARNING neutron.db.securitygroups_db [None req-b1ba747f-7dc1-4391-89a9-358a5b0409d1 ee0847ec8885450e89893411e7798beb fd938b09b9974e31b3e8c0eacce8a99c - - default default] project_id key not found in filters, using tenant_id instead. This support has been deprecated and will be removed in a future release.
2026-07-15 00:22:49.847 8 WARNING neutron.scheduler.dhcp_agent_scheduler [None req-6cc06ad3-f02b-4939-b465-a6196b1218b6 bc364159d8d843c8884218123c6d65d3 bb5d2fca5ba74cccae40ee7c5d2eb5ce - - default default] No more DHCP agents
2026-07-15 00:22:49.850 8 WARNING neutron.api.rpc.agentnotifiers.dhcp_rpc_agent_api [None req-6cc06ad3-f02b-4939-b465-a6196b1218b6 bc364159d8d843c8884218123c6d65d3 bb5d2fca5ba74cccae40ee7c5d2eb5ce - - default default] Unable to schedule network 63bfc501-57a4-4bb2-922f-7bd39db064a3: no agents available; will retry on subsequent port and subnet creation events.
2026-07-15 00:22:49.880 7 INFO neutron.db.ovn_revision_numbers_db [None req-b1ba747f-7dc1-4391-89a9-358a5b0409d1 ee0847ec8885450e89893411e7798beb fd938b09b9974e31b3e8c0eacce8a99c - - default default] Successfully bumped revision number for resource b8c6b3dc-650b-4ef6-bc93-8f62336bed52 (type: security_groups) to 1
2026-07-15 00:22:49.892 7 INFO neutron.db.ovn_revision_numbers_db [None req-b1ba747f-7dc1-4391-89a9-358a5b0409d1 ee0847ec8885450e89893411e7798beb fd938b09b9974e31b3e8c0eacce8a99c - - default default] Successfully bumped revision number for resource 13ec2bdb-9ea3-4b33-aa4e-6770a3aec456 (type: security_group_rules) to 0
2026-07-15 00:22:49.907 7 INFO neutron.db.ovn_revision_numbers_db [None req-b1ba747f-7dc1-4391-89a9-358a5b0409d1 ee0847ec8885450e89893411e7798beb fd938b09b9974e31b3e8c0eacce8a99c - - default default] Successfully bumped revision number for resource 5162757e-d6fb-42fd-98ab-77459968c9ca (type: security_group_rules) to 0
2026-07-15 00:22:49.918 7 INFO neutron.db.ovn_revision_numbers_db [None req-b1ba747f-7dc1-4391-89a9-358a5b0409d1 ee0847ec8885450e89893411e7798beb fd938b09b9974e31b3e8c0eacce8a99c - - default default] Successfully bumped revision number for resource c8fe2d61-1713-4875-8f0a-a2035530d561 (type: security_group_rules) to 0
2026-07-15 00:22:49.929 7 INFO neutron.db.ovn_revision_numbers_db [None req-b1ba747f-7dc1-4391-89a9-358a5b0409d1 ee0847ec8885450e89893411e7798beb fd938b09b9974e31b3e8c0eacce8a99c - - default default] Successfully bumped revision number for resource f91587e0-a330-4906-bb02-b6d92ea7c4e6 (type: security_group_rules) to 0
2026-07-15 00:22:49.969 8 INFO neutron.plugins.ml2.drivers.ovn.mech_driver.mech_driver [None req-4384a91b-1604-4523-8f7e-91ed064bc8b5 - - - - - -] OVN reports status down for port: 729fcaa6-fdba-4bb7-8583-6c5c07cd2ec6 [pid: 7|app: 0|req: 928/1916] 10.0.0.9 () {32 vars in 772 bytes} [Wed Jul 15 00:22:49 2026] GET /v2.0/security-groups?tenant_id=1033dbb74f774f74978e9b3cd77acd25&name=default => generated 2925 bytes in 474 msecs (HTTP/1.1 200) 4 headers in 158 bytes (1 switches on core 0)
2026-07-15 00:22:50.025 8 INFO neutron.db.ovn_revision_numbers_db [None req-6cc06ad3-f02b-4939-b465-a6196b1218b6 bc364159d8d843c8884218123c6d65d3 bb5d2fca5ba74cccae40ee7c5d2eb5ce - - default default] Successfully bumped revision number for resource 729fcaa6-fdba-4bb7-8583-6c5c07cd2ec6 (type: ports) to 1 [pid: 7|app: 0|req: 929/1917] 10.0.0.9 () {32 vars in 722 bytes} [Wed Jul 15 00:22:49 2026] DELETE /v2.0/subnets/b49fe1c2-f44c-43fe-ada4-dbdbf938d39d => generated 0 bytes in 163 msecs (HTTP/1.1 204) 3 headers in 131 bytes (1 switches on core 0)
2026-07-15 00:22:50.228 7 WARNING neutron.db.securitygroups_db [None req-c2e87f68-4ecc-4d3a-b61f-7b44dd0b34fe ee0847ec8885450e89893411e7798beb fd938b09b9974e31b3e8c0eacce8a99c - - default default] project_id key not found in filters, using tenant_id instead. This support has been deprecated and will be removed in a future release.
2026-07-15 00:22:50.354 7 INFO neutron.db.ovn_revision_numbers_db [None req-c2e87f68-4ecc-4d3a-b61f-7b44dd0b34fe ee0847ec8885450e89893411e7798beb fd938b09b9974e31b3e8c0eacce8a99c - - default default] Successfully bumped revision number for resource e0de74ee-5bca-44b5-8e41-e84d0bdcad97 (type: security_groups) to 1
2026-07-15 00:22:50.367 7 INFO neutron.db.ovn_revision_numbers_db [None req-c2e87f68-4ecc-4d3a-b61f-7b44dd0b34fe ee0847ec8885450e89893411e7798beb fd938b09b9974e31b3e8c0eacce8a99c - - default default] Successfully bumped revision number for resource 1e2b6136-cae8-4489-98b1-203e1733d720 (type: security_group_rules) to 0
2026-07-15 00:22:50.380 7 INFO neutron.db.ovn_revision_numbers_db [None req-c2e87f68-4ecc-4d3a-b61f-7b44dd0b34fe ee0847ec8885450e89893411e7798beb fd938b09b9974e31b3e8c0eacce8a99c - - default default] Successfully bumped revision number for resource 9413edf2-d0e5-4163-af02-b87e09cf1264 (type: security_group_rules) to 0
2026-07-15 00:22:50.396 7 INFO neutron.db.ovn_revision_numbers_db [None req-c2e87f68-4ecc-4d3a-b61f-7b44dd0b34fe ee0847ec8885450e89893411e7798beb fd938b09b9974e31b3e8c0eacce8a99c - - default default] Successfully bumped revision number for resource e73a9a4c-780c-467e-a819-2c31164cd41c (type: security_group_rules) to 0
2026-07-15 00:22:50.407 7 INFO neutron.db.ovn_revision_numbers_db [None req-c2e87f68-4ecc-4d3a-b61f-7b44dd0b34fe ee0847ec8885450e89893411e7798beb fd938b09b9974e31b3e8c0eacce8a99c - - default default] Successfully bumped revision number for resource f32e73c8-3fab-4e17-9c40-53cde94d7bbc (type: security_group_rules) to 0 [pid: 7|app: 0|req: 930/1918] 10.0.0.9 () {32 vars in 772 bytes} [Wed Jul 15 00:22:50 2026] GET /v2.0/security-groups?tenant_id=c23eca8790e2490ba1dce77458344328&name=default => generated 2925 bytes in 313 msecs (HTTP/1.1 200) 4 headers in 158 bytes (1 switches on core 0)
2026-07-15 00:22:50.603 8 INFO neutron.plugins.ml2.drivers.ovn.mech_driver.mech_driver [None req-4384a91b-1604-4523-8f7e-91ed064bc8b5 - - - - - -] OVN reports status up for port: 729fcaa6-fdba-4bb7-8583-6c5c07cd2ec6
2026-07-15 00:22:50.631 8 INFO neutron.plugins.ml2.plugin [None req-4384a91b-1604-4523-8f7e-91ed064bc8b5 - - - - - -] Attempt 1 to provision port 729fcaa6-fdba-4bb7-8583-6c5c07cd2ec6 [pid: 7|app: 0|req: 933/1921] 10.0.0.9 () {32 vars in 738 bytes} [Wed Jul 15 00:22:50 2026] DELETE /v2.0/security-groups/b8c6b3dc-650b-4ef6-bc93-8f62336bed52 => generated 0 bytes in 187 msecs (HTTP/1.1 204) 2 headers in 112 bytes (1 switches on core 0)
2026-07-15 00:22:50.664 8 INFO neutron.db.ovn_revision_numbers_db [None req-6cc06ad3-f02b-4939-b465-a6196b1218b6 bc364159d8d843c8884218123c6d65d3 bb5d2fca5ba74cccae40ee7c5d2eb5ce - - default default] Successfully bumped revision number for resource 729fcaa6-fdba-4bb7-8583-6c5c07cd2ec6 (type: router_ports) to 1
