2026-07-15 00:21:46.925 7 WARNING neutron.db.securitygroups_db [None req-89af7f63-74c9-439c-a84b-592e2dd18297 ee0847ec8885450e89893411e7798beb fd938b09b9974e31b3e8c0eacce8a99c - - default default] project_id key not found in filters, using tenant_id instead. This support has been deprecated and will be removed in a future release. [pid: 7|app: 0|req: 720/1508] 10.0.0.9 () {32 vars in 772 bytes} [Wed Jul 15 00:21:46 2026] GET /v2.0/security-groups?tenant_id=880d2ee421254406a3b9437ddd4fd9ce&name=default => generated 2925 bytes in 198 msecs (HTTP/1.1 200) 4 headers in 158 bytes (1 switches on core 0) [pid: 7|app: 0|req: 721/1509] 10.0.0.9 () {32 vars in 738 bytes} [Wed Jul 15 00:21:46 2026] DELETE /v2.0/security-groups/ae0911d4-c793-4d3a-9321-623add60da02 => generated 0 bytes in 185 msecs (HTTP/1.1 204) 2 headers in 112 bytes (1 switches on core 0)
2026-07-15 00:21:47.579 8 INFO neutron.plugins.ml2.drivers.ovn.mech_driver.mech_driver [None req-6d357ed8-7bfd-4f91-a301-73315ae46197 - - - - - -] OVN reports status up for port: 31b80b05-c5ba-4b0f-a74f-426b237b2b52
2026-07-15 00:21:47.588 7 INFO neutron.plugins.ml2.drivers.ovn.mech_driver.ovsdb.ovsdb_monitor [None req-ed7aaae4-622e-4671-b01d-f91317bf3e41 - - - - - -] Router 2698ebca-73bd-43ec-88da-3f5ab9851dec is bound to host instance
2026-07-15 00:21:47.630 8 INFO neutron.plugins.ml2.plugin [None req-6d357ed8-7bfd-4f91-a301-73315ae46197 - - - - - -] Attempt 1 to provision port 31b80b05-c5ba-4b0f-a74f-426b237b2b52
2026-07-15 00:21:47.667 8 INFO neutron.db.ovn_revision_numbers_db [None req-719d7c81-0eba-4b56-a593-e151bb72b892 ee0847ec8885450e89893411e7798beb fd938b09b9974e31b3e8c0eacce8a99c - - default default] Successfully bumped revision number for resource 31b80b05-c5ba-4b0f-a74f-426b237b2b52 (type: router_ports) to 1
2026-07-15 00:21:47.792 8 INFO neutron.db.ovn_revision_numbers_db [None req-719d7c81-0eba-4b56-a593-e151bb72b892 ee0847ec8885450e89893411e7798beb fd938b09b9974e31b3e8c0eacce8a99c - - default default] Successfully bumped revision number for resource 2698ebca-73bd-43ec-88da-3f5ab9851dec (type: routers) to 2 [pid: 8|app: 0|req: 789/1510] 10.0.0.9 () {34 vars in 667 bytes} [Wed Jul 15 00:21:46 2026] POST /v2.0/routers => generated 987 bytes in 1645 msecs (HTTP/1.1 201) 4 headers in 162 bytes (1 switches on core 0)
2026-07-15 00:21:48.735 7 WARNING neutron.scheduler.dhcp_agent_scheduler [None req-fc8fc4fb-2e92-42e6-9eab-7f76773a15d0 ee0847ec8885450e89893411e7798beb fd938b09b9974e31b3e8c0eacce8a99c - - default default] No more DHCP agents
2026-07-15 00:21:48.739 7 WARNING neutron.api.rpc.agentnotifiers.dhcp_rpc_agent_api [None req-fc8fc4fb-2e92-42e6-9eab-7f76773a15d0 ee0847ec8885450e89893411e7798beb fd938b09b9974e31b3e8c0eacce8a99c - - default default] Unable to schedule network c61bd5cb-378c-4595-9af0-60e2a2c6da2f: no agents available; will retry on subsequent port and subnet creation events.
2026-07-15 00:21:49.038 7 INFO neutron.db.ovn_revision_numbers_db [None req-ba54d126-236d-4a5a-93e9-dca0cc6300b7 - - - - - -] Successfully bumped revision number for resource 31b80b05-c5ba-4b0f-a74f-426b237b2b52 (type: ports) to 4
2026-07-15 00:21:49.054 8 WARNING neutron.db.securitygroups_db [None req-6f65533c-2da4-455f-844e-b17610f99c89 ee0847ec8885450e89893411e7798beb fd938b09b9974e31b3e8c0eacce8a99c - - default default] project_id key not found in filters, using tenant_id instead. This support has been deprecated and will be removed in a future release.
2026-07-15 00:21:49.057 7 INFO neutron.db.ovn_revision_numbers_db [None req-fc8fc4fb-2e92-42e6-9eab-7f76773a15d0 ee0847ec8885450e89893411e7798beb fd938b09b9974e31b3e8c0eacce8a99c - - default default] Successfully bumped revision number for resource bba916be-4d41-460c-b46d-bb29266066ea (type: ports) to 1
2026-07-15 00:21:49.165 8 INFO neutron.db.ovn_revision_numbers_db [None req-6f65533c-2da4-455f-844e-b17610f99c89 ee0847ec8885450e89893411e7798beb fd938b09b9974e31b3e8c0eacce8a99c - - default default] Successfully bumped revision number for resource 68a7eff2-f130-4237-8a36-9f6f78cc3d3d (type: security_groups) to 1
2026-07-15 00:21:49.194 8 INFO neutron.db.ovn_revision_numbers_db [None req-6f65533c-2da4-455f-844e-b17610f99c89 ee0847ec8885450e89893411e7798beb fd938b09b9974e31b3e8c0eacce8a99c - - default default] Successfully bumped revision number for resource 238f6544-25cb-4508-95f0-92af2f2ae8f8 (type: security_group_rules) to 0
2026-07-15 00:21:49.216 8 INFO neutron.db.ovn_revision_numbers_db [None req-6f65533c-2da4-455f-844e-b17610f99c89 ee0847ec8885450e89893411e7798beb fd938b09b9974e31b3e8c0eacce8a99c - - default default] Successfully bumped revision number for resource 42f6dedc-d906-4b21-9bed-2ecdfd0fefe9 (type: security_group_rules) to 0
2026-07-15 00:21:49.238 8 INFO neutron.db.ovn_revision_numbers_db [None req-6f65533c-2da4-455f-844e-b17610f99c89 ee0847ec8885450e89893411e7798beb fd938b09b9974e31b3e8c0eacce8a99c - - default default] Successfully bumped revision number for resource 644e5a20-92a9-438f-aec3-fa59d8167f83 (type: security_group_rules) to 0
2026-07-15 00:21:49.277 8 INFO neutron.db.ovn_revision_numbers_db [None req-6f65533c-2da4-455f-844e-b17610f99c89 ee0847ec8885450e89893411e7798beb fd938b09b9974e31b3e8c0eacce8a99c - - default default] Successfully bumped revision number for resource 8006d3dd-7ca6-4606-94d4-5d75f88a8938 (type: security_group_rules) to 0 [pid: 8|app: 0|req: 790/1511] 10.0.0.9 () {32 vars in 772 bytes} [Wed Jul 15 00:21:48 2026] GET /v2.0/security-groups?tenant_id=0fc0b4ecda484932b8e335c971f09885&name=default => generated 2925 bytes in 575 msecs (HTTP/1.1 200) 4 headers in 158 bytes (1 switches on core 0)
2026-07-15 00:21:49.536 8 INFO neutron.db.ovn_revision_numbers_db [None req-29c49f2e-25ce-495f-bfff-d7e9f124eae3 97026351103b48dcb0c38c1e8ece2f7b 476218c52d64435ea2b41cb49fa26ce0 - - default default] Successfully bumped revision number for resource 1224f147-2aec-4c17-8a00-9d5c68e5db18 (type: security_groups) to 1
2026-07-15 00:21:49.599 8 INFO neutron.db.ovn_revision_numbers_db [None req-29c49f2e-25ce-495f-bfff-d7e9f124eae3 97026351103b48dcb0c38c1e8ece2f7b 476218c52d64435ea2b41cb49fa26ce0 - - default default] Successfully bumped revision number for resource 4f934c4e-58b1-4148-9e63-8da1e761be8c (type: security_group_rules) to 0
2026-07-15 00:21:49.668 8 INFO neutron.db.ovn_revision_numbers_db [None req-29c49f2e-25ce-495f-bfff-d7e9f124eae3 97026351103b48dcb0c38c1e8ece2f7b 476218c52d64435ea2b41cb49fa26ce0 - - default default] Successfully bumped revision number for resource 51434581-8e9b-4206-901e-d7484830a040 (type: security_group_rules) to 0
2026-07-15 00:21:49.696 8 INFO neutron.db.ovn_revision_numbers_db [None req-29c49f2e-25ce-495f-bfff-d7e9f124eae3 97026351103b48dcb0c38c1e8ece2f7b 476218c52d64435ea2b41cb49fa26ce0 - - default default] Successfully bumped revision number for resource 99afd7f5-153c-4f67-be4b-385da76864a9 (type: security_group_rules) to 0
2026-07-15 00:21:49.722 7 INFO neutron.db.ovn_revision_numbers_db [None req-ba54d126-236d-4a5a-93e9-dca0cc6300b7 - - - - - -] Successfully bumped revision number for resource 31b80b05-c5ba-4b0f-a74f-426b237b2b52 (type: ports) to 5
2026-07-15 00:21:49.731 8 INFO neutron.db.ovn_revision_numbers_db [None req-29c49f2e-25ce-495f-bfff-d7e9f124eae3 97026351103b48dcb0c38c1e8ece2f7b 476218c52d64435ea2b41cb49fa26ce0 - - default default] Successfully bumped revision number for resource b8afa7e5-8ff4-4ed8-86da-54a855790a96 (type: security_group_rules) to 0
2026-07-15 00:21:49.802 8 INFO neutron.db.segments_db [None req-29c49f2e-25ce-495f-bfff-d7e9f124eae3 97026351103b48dcb0c38c1e8ece2f7b 476218c52d64435ea2b41cb49fa26ce0 - - default default] Added segment 25470ebb-eb5d-4685-8a33-5f5b8b25635f of type geneve for network a3fa8261-7641-440a-9eed-0b2645148ff9
2026-07-15 00:21:49.917 8 INFO neutron.db.ovn_revision_numbers_db [None req-29c49f2e-25ce-495f-bfff-d7e9f124eae3 97026351103b48dcb0c38c1e8ece2f7b 476218c52d64435ea2b41cb49fa26ce0 - - default default] Successfully bumped revision number for resource a3fa8261-7641-440a-9eed-0b2645148ff9 (type: networks) to 1
2026-07-15 00:21:50.106 7 WARNING neutron.scheduler.dhcp_agent_scheduler [None req-fc8fc4fb-2e92-42e6-9eab-7f76773a15d0 ee0847ec8885450e89893411e7798beb fd938b09b9974e31b3e8c0eacce8a99c - - default default] No more DHCP agents
2026-07-15 00:21:50.107 7 WARNING neutron.api.rpc.agentnotifiers.dhcp_rpc_agent_api [None req-fc8fc4fb-2e92-42e6-9eab-7f76773a15d0 ee0847ec8885450e89893411e7798beb fd938b09b9974e31b3e8c0eacce8a99c - - default default] Unable to schedule network c61bd5cb-378c-4595-9af0-60e2a2c6da2f: no agents available; will retry on subsequent port and subnet creation events.
2026-07-15 00:21:50.113 8 WARNING neutron.scheduler.dhcp_agent_scheduler [None req-29c49f2e-25ce-495f-bfff-d7e9f124eae3 97026351103b48dcb0c38c1e8ece2f7b 476218c52d64435ea2b41cb49fa26ce0 - - default default] No more DHCP agents
2026-07-15 00:21:50.116 8 WARNING neutron.api.rpc.agentnotifiers.dhcp_rpc_agent_api [None req-29c49f2e-25ce-495f-bfff-d7e9f124eae3 97026351103b48dcb0c38c1e8ece2f7b 476218c52d64435ea2b41cb49fa26ce0 - - default default] Unable to schedule network a3fa8261-7641-440a-9eed-0b2645148ff9: no agents available; will retry on subsequent port and subnet creation events.
2026-07-15 00:21:50.130 8 INFO neutron.plugins.ml2.drivers.ovn.mech_driver.mech_driver [None req-6d357ed8-7bfd-4f91-a301-73315ae46197 - - - - - -] OVN reports status down for port: bba916be-4d41-460c-b46d-bb29266066ea
2026-07-15 00:21:50.223 8 INFO neutron.db.ovn_revision_numbers_db [None req-29c49f2e-25ce-495f-bfff-d7e9f124eae3 97026351103b48dcb0c38c1e8ece2f7b 476218c52d64435ea2b41cb49fa26ce0 - - default default] Successfully bumped revision number for resource de52222b-3c2a-47f2-91de-bef41c544704 (type: ports) to 1
2026-07-15 00:21:50.243 8 WARNING neutron.plugins.ml2.drivers.ovn.mech_driver.ovsdb.ovn_client [None req-6d357ed8-7bfd-4f91-a301-73315ae46197 - - - - - -] Logical_Switch_Port bba916be-4d41-460c-b46d-bb29266066ea host information not removed, the port state is up
2026-07-15 00:21:50.245 8 INFO neutron.plugins.ml2.drivers.ovn.mech_driver.mech_driver [None req-6d357ed8-7bfd-4f91-a301-73315ae46197 - - - - - -] OVN reports status up for port: bba916be-4d41-460c-b46d-bb29266066ea [pid: 8|app: 0|req: 791/1512] 10.0.0.9 () {34 vars in 668 bytes} [Wed Jul 15 00:21:49 2026] POST /v2.0/networks => generated 687 bytes in 942 msecs (HTTP/1.1 201) 4 headers in 162 bytes (1 switches on core 0)
2026-07-15 00:21:50.258 8 INFO neutron.plugins.ml2.plugin [None req-6d357ed8-7bfd-4f91-a301-73315ae46197 - - - - - -] Attempt 1 to provision port bba916be-4d41-460c-b46d-bb29266066ea
2026-07-15 00:21:50.291 8 WARNING neutron.db.securitygroups_db [None req-741c8a97-c39b-405f-87d5-f779df387402 ee0847ec8885450e89893411e7798beb fd938b09b9974e31b3e8c0eacce8a99c - - default default] project_id key not found in filters, using tenant_id instead. This support has been deprecated and will be removed in a future release.
2026-07-15 00:21:50.500 7 INFO neutron.db.ovn_revision_numbers_db [None req-fc8fc4fb-2e92-42e6-9eab-7f76773a15d0 ee0847ec8885450e89893411e7798beb fd938b09b9974e31b3e8c0eacce8a99c - - default default] Successfully bumped revision number for resource bba916be-4d41-460c-b46d-bb29266066ea (type: router_ports) to 1 [pid: 7|app: 0|req: 722/1513] 10.0.0.9 () {34 vars in 781 bytes} [Wed Jul 15 00:21:47 2026] PUT /v2.0/routers/2698ebca-73bd-43ec-88da-3f5ab9851dec/add_router_interface => generated 310 bytes in 2683 msecs (HTTP/1.1 200) 4 headers in 157 bytes (1 switches on core 0)
2026-07-15 00:21:50.624 8 INFO neutron.db.ovn_revision_numbers_db [None req-741c8a97-c39b-405f-87d5-f779df387402 ee0847ec8885450e89893411e7798beb fd938b09b9974e31b3e8c0eacce8a99c - - default default] Successfully bumped revision number for resource ca1b2fe8-ddff-4278-b695-e25dfff91f20 (type: security_groups) to 1
2026-07-15 00:21:50.647 8 INFO neutron.db.ovn_revision_numbers_db [None req-741c8a97-c39b-405f-87d5-f779df387402 ee0847ec8885450e89893411e7798beb fd938b09b9974e31b3e8c0eacce8a99c - - default default] Successfully bumped revision number for resource 36511840-c3b0-45bd-9af6-c55fc540efd8 (type: security_group_rules) to 0 [pid: 7|app: 0|req: 723/1514] 10.0.0.9 () {32 vars in 738 bytes} [Wed Jul 15 00:21:50 2026] DELETE /v2.0/security-groups/68a7eff2-f130-4237-8a36-9f6f78cc3d3d => generated 0 bytes in 164 msecs (HTTP/1.1 204) 2 headers in 112 bytes (1 switches on core 0)
2026-07-15 00:21:50.673 8 INFO neutron.db.ovn_revision_numbers_db [None req-741c8a97-c39b-405f-87d5-f779df387402 ee0847ec8885450e89893411e7798beb fd938b09b9974e31b3e8c0eacce8a99c - - default default] Successfully bumped revision number for resource 3cd41d2d-218e-4b45-9f54-f67809c368f3 (type: security_group_rules) to 0
2026-07-15 00:21:50.693 8 INFO neutron.db.ovn_revision_numbers_db [None req-741c8a97-c39b-405f-87d5-f779df387402 ee0847ec8885450e89893411e7798beb fd938b09b9974e31b3e8c0eacce8a99c - - default default] Successfully bumped revision number for resource 9c235d35-d196-4b9f-a332-4159415d0023 (type: security_group_rules) to 0
2026-07-15 00:21:50.711 8 INFO neutron.db.ovn_revision_numbers_db [None req-741c8a97-c39b-405f-87d5-f779df387402 ee0847ec8885450e89893411e7798beb fd938b09b9974e31b3e8c0eacce8a99c - - default default] Successfully bumped revision number for resource e55cb1f0-4d01-4a86-8656-d145b5900fab (type: security_group_rules) to 0 [pid: 8|app: 0|req: 792/1517] 10.0.0.9 () {32 vars in 772 bytes} [Wed Jul 15 00:21:50 2026] GET /v2.0/security-groups?tenant_id=d44379d8839c4480a41f41e0cf89f7e4&name=default => generated 2925 bytes in 522 msecs (HTTP/1.1 200) 4 headers in 158 bytes (1 switches on core 0)
2026-07-15 00:21:50.915 7 WARNING neutron.scheduler.dhcp_agent_scheduler [None req-e3f0c65c-27fe-4285-b35b-a1b2a20dc929 97026351103b48dcb0c38c1e8ece2f7b 476218c52d64435ea2b41cb49fa26ce0 - - default default] No more DHCP agents
2026-07-15 00:21:50.916 7 WARNING neutron.api.rpc.agentnotifiers.dhcp_rpc_agent_api [None req-e3f0c65c-27fe-4285-b35b-a1b2a20dc929 97026351103b48dcb0c38c1e8ece2f7b 476218c52d64435ea2b41cb49fa26ce0 - - default default] Unable to schedule network a3fa8261-7641-440a-9eed-0b2645148ff9: no agents available; will retry on subsequent port and subnet creation events.
2026-07-15 00:21:50.967 8 INFO neutron.db.ovn_revision_numbers_db [None req-6d357ed8-7bfd-4f91-a301-73315ae46197 - - - - - -] Successfully bumped revision number for resource bba916be-4d41-460c-b46d-bb29266066ea (type: ports) to 2
2026-07-15 00:21:50.970 7 INFO neutron.plugins.ml2.drivers.ovn.mech_driver.mech_driver [None req-a050c45c-d743-4264-9bd9-c4fdfecd6faa - - - - - -] OVN reports status down for port: 35367b45-487c-4094-8563-e459dff710bc
2026-07-15 00:21:51.020 7 INFO neutron.db.ovn_revision_numbers_db [None req-e3f0c65c-27fe-4285-b35b-a1b2a20dc929 97026351103b48dcb0c38c1e8ece2f7b 476218c52d64435ea2b41cb49fa26ce0 - - default default] Successfully bumped revision number for resource 35367b45-487c-4094-8563-e459dff710bc (type: ports) to 1 [pid: 8|app: 0|req: 793/1518] 10.0.0.9 () {32 vars in 738 bytes} [Wed Jul 15 00:21:50 2026] DELETE /v2.0/security-groups/ca1b2fe8-ddff-4278-b695-e25dfff91f20 => generated 0 bytes in 266 msecs (HTTP/1.1 204) 2 headers in 112 bytes (1 switches on core 0) [pid: 7|app: 0|req: 726/1519] 10.0.0.9 () {34 vars in 663 bytes} [Wed Jul 15 00:21:50 2026] POST /v2.0/ports => generated 778 bytes in 393 msecs (HTTP/1.1 201) 4 headers in 162 bytes (1 switches on core 0)
2026-07-15 00:21:51.174 8 INFO neutron.db.segments_db [None req-364502a3-f82c-4606-a86c-9659f642dd5d 97026351103b48dcb0c38c1e8ece2f7b 476218c52d64435ea2b41cb49fa26ce0 - - default default] Added segment 55299849-e5e7-40a9-86cc-8dd09fed2b7e of type geneve for network 3801463e-f766-4b17-aa83-ab3788d3f573
2026-07-15 00:21:51.279 8 INFO neutron.db.ovn_revision_numbers_db [None req-364502a3-f82c-4606-a86c-9659f642dd5d 97026351103b48dcb0c38c1e8ece2f7b 476218c52d64435ea2b41cb49fa26ce0 - - default default] Successfully bumped revision number for resource 3801463e-f766-4b17-aa83-ab3788d3f573 (type: networks) to 1
2026-07-15 00:21:51.481 8 WARNING neutron.scheduler.dhcp_agent_scheduler [None req-364502a3-f82c-4606-a86c-9659f642dd5d 97026351103b48dcb0c38c1e8ece2f7b 476218c52d64435ea2b41cb49fa26ce0 - - default default] No more DHCP agents
2026-07-15 00:21:51.482 8 WARNING neutron.api.rpc.agentnotifiers.dhcp_rpc_agent_api [None req-364502a3-f82c-4606-a86c-9659f642dd5d 97026351103b48dcb0c38c1e8ece2f7b 476218c52d64435ea2b41cb49fa26ce0 - - default default] Unable to schedule network 3801463e-f766-4b17-aa83-ab3788d3f573: no agents available; will retry on subsequent port and subnet creation events.
2026-07-15 00:21:51.597 8 INFO neutron.db.ovn_revision_numbers_db [None req-364502a3-f82c-4606-a86c-9659f642dd5d 97026351103b48dcb0c38c1e8ece2f7b 476218c52d64435ea2b41cb49fa26ce0 - - default default] Successfully bumped revision number for resource e9e72a21-996f-4009-9c21-e1edebda9ba6 (type: ports) to 1 [pid: 8|app: 0|req: 794/1520] 10.0.0.9 () {34 vars in 668 bytes} [Wed Jul 15 00:21:51 2026] POST /v2.0/networks => generated 672 bytes in 575 msecs (HTTP/1.1 201) 4 headers in 162 bytes (1 switches on core 0) /var/lib/openstack/lib/python3.12/site-packages/pycadf/identifier.py:70: UserWarning: Invalid uuid: neutron. To ensure interoperability, identifiers should be a valid uuid. warnings.warn(('Invalid uuid: %s. To ensure interoperability, '
2026-07-15 00:21:51.920 7 WARNING neutron.scheduler.dhcp_agent_scheduler [None req-c8c456d0-d25a-4703-aa35-59858793a680 97026351103b48dcb0c38c1e8ece2f7b 476218c52d64435ea2b41cb49fa26ce0 - - default default] No more DHCP agents
2026-07-15 00:21:51.922 7 WARNING neutron.api.rpc.agentnotifiers.dhcp_rpc_agent_api [None req-c8c456d0-d25a-4703-aa35-59858793a680 97026351103b48dcb0c38c1e8ece2f7b 476218c52d64435ea2b41cb49fa26ce0 - - default default] Unable to schedule network 3801463e-f766-4b17-aa83-ab3788d3f573: no agents available; will retry on subsequent port and subnet creation events.
2026-07-15 00:21:51.984 7 INFO neutron.db.ovn_revision_numbers_db [None req-c8c456d0-d25a-4703-aa35-59858793a680 97026351103b48dcb0c38c1e8ece2f7b 476218c52d64435ea2b41cb49fa26ce0 - - default default] Successfully bumped revision number for resource 599bf359-f756-41d4-97d3-2f93b72d3f81 (type: subnets) to 0 [pid: 7|app: 0|req: 727/1521] 10.0.0.9 () {34 vars in 667 bytes} [Wed Jul 15 00:21:51 2026] POST /v2.0/subnets => generated 646 bytes in 399 msecs (HTTP/1.1 201) 4 headers in 162 bytes (1 switches on core 0)
2026-07-15 00:21:52.071 8 INFO neutron.db.ovn_revision_numbers_db [None req-f01af33e-42f2-47e0-9e44-5cb91c72befb ee0847ec8885450e89893411e7798beb fd938b09b9974e31b3e8c0eacce8a99c - - default default] Successfully bumped revision number for resource 1f812529-cc70-44bc-bf8c-ed321ed86b97 (type: security_groups) to 1
2026-07-15 00:21:52.089 8 INFO neutron.db.ovn_revision_numbers_db [None req-f01af33e-42f2-47e0-9e44-5cb91c72befb ee0847ec8885450e89893411e7798beb fd938b09b9974e31b3e8c0eacce8a99c - - default default] Successfully bumped revision number for resource 48e6d222-4c12-46f5-8463-ab26abcc1665 (type: security_group_rules) to 0
2026-07-15 00:21:52.104 8 INFO neutron.db.ovn_revision_numbers_db [None req-f01af33e-42f2-47e0-9e44-5cb91c72befb ee0847ec8885450e89893411e7798beb fd938b09b9974e31b3e8c0eacce8a99c - - default default] Successfully bumped revision number for resource 5d72ddbc-2da6-45a9-8d5e-708a1ba514d5 (type: security_group_rules) to 0
2026-07-15 00:21:52.115 8 INFO neutron.db.ovn_revision_numbers_db [None req-f01af33e-42f2-47e0-9e44-5cb91c72befb ee0847ec8885450e89893411e7798beb fd938b09b9974e31b3e8c0eacce8a99c - - default default] Successfully bumped revision number for resource 7bb26ead-2c35-42a9-9ef9-4693860f852f (type: security_group_rules) to 0
2026-07-15 00:21:52.247 8 INFO neutron.db.ovn_revision_numbers_db [None req-f01af33e-42f2-47e0-9e44-5cb91c72befb ee0847ec8885450e89893411e7798beb fd938b09b9974e31b3e8c0eacce8a99c - - default default] Successfully bumped revision number for resource 9218a098-b8ba-4dc3-ad27-936d20bae6a8 (type: security_group_rules) to 0
2026-07-15 00:21:52.316 8 INFO neutron.db.segments_db [None req-f01af33e-42f2-47e0-9e44-5cb91c72befb ee0847ec8885450e89893411e7798beb fd938b09b9974e31b3e8c0eacce8a99c - - default default] Added segment 58b8c911-c2fc-4123-be0c-b713a08f4cd4 of type geneve for network 12272659-f4ce-400f-b18a-d7a535ff97eb
2026-07-15 00:21:52.426 7 WARNING neutron.scheduler.dhcp_agent_scheduler [None req-55cdee48-9537-424d-9336-844237a64a17 97026351103b48dcb0c38c1e8ece2f7b 476218c52d64435ea2b41cb49fa26ce0 - - default default] No more DHCP agents
2026-07-15 00:21:52.427 7 WARNING neutron.api.rpc.agentnotifiers.dhcp_rpc_agent_api [None req-55cdee48-9537-424d-9336-844237a64a17 97026351103b48dcb0c38c1e8ece2f7b 476218c52d64435ea2b41cb49fa26ce0 - - default default] Unable to schedule network 3801463e-f766-4b17-aa83-ab3788d3f573: no agents available; will retry on subsequent port and subnet creation events.
2026-07-15 00:21:52.486 8 INFO neutron.db.ovn_revision_numbers_db [None req-f01af33e-42f2-47e0-9e44-5cb91c72befb ee0847ec8885450e89893411e7798beb fd938b09b9974e31b3e8c0eacce8a99c - - default default] Successfully bumped revision number for resource 12272659-f4ce-400f-b18a-d7a535ff97eb (type: networks) to 1
2026-07-15 00:21:52.529 7 INFO neutron.plugins.ml2.drivers.ovn.mech_driver.mech_driver [None req-a050c45c-d743-4264-9bd9-c4fdfecd6faa - - - - - -] OVN reports status down for port: 48056346-58e0-4b17-8cf7-47d0676178e9
2026-07-15 00:21:52.614 7 INFO neutron.db.ovn_revision_numbers_db [None req-55cdee48-9537-424d-9336-844237a64a17 97026351103b48dcb0c38c1e8ece2f7b 476218c52d64435ea2b41cb49fa26ce0 - - default default] Successfully bumped revision number for resource 48056346-58e0-4b17-8cf7-47d0676178e9 (type: ports) to 1 [pid: 7|app: 0|req: 728/1522] 10.0.0.9 () {34 vars in 663 bytes} [Wed Jul 15 00:21:52 2026] POST /v2.0/ports => generated 966 bytes in 601 msecs (HTTP/1.1 201) 4 headers in 162 bytes (1 switches on core 0)
2026-07-15 00:21:52.660 8 WARNING neutron.scheduler.dhcp_agent_scheduler [None req-f01af33e-42f2-47e0-9e44-5cb91c72befb ee0847ec8885450e89893411e7798beb fd938b09b9974e31b3e8c0eacce8a99c - - default default] No more DHCP agents
2026-07-15 00:21:52.662 8 WARNING neutron.api.rpc.agentnotifiers.dhcp_rpc_agent_api [None req-f01af33e-42f2-47e0-9e44-5cb91c72befb ee0847ec8885450e89893411e7798beb fd938b09b9974e31b3e8c0eacce8a99c - - default default] Unable to schedule network 12272659-f4ce-400f-b18a-d7a535ff97eb: no agents available; will retry on subsequent port and subnet creation events. /var/lib/openstack/lib/python3.12/site-packages/pycadf/identifier.py:70: UserWarning: Invalid uuid: neutron. To ensure interoperability, identifiers should be a valid uuid. warnings.warn(('Invalid uuid: %s. To ensure interoperability, '
2026-07-15 00:21:52.767 8 INFO neutron.db.ovn_revision_numbers_db [None req-f01af33e-42f2-47e0-9e44-5cb91c72befb ee0847ec8885450e89893411e7798beb fd938b09b9974e31b3e8c0eacce8a99c - - default default] Successfully bumped revision number for resource 2ecad20c-416a-4d04-b4c5-3adf757eeffb (type: ports) to 1 [pid: 8|app: 0|req: 795/1523] 10.0.0.9 () {34 vars in 669 bytes} [Wed Jul 15 00:21:51 2026] POST /v2.0/networks => generated 781 bytes in 1037 msecs (HTTP/1.1 201) 4 headers in 162 bytes (1 switches on core 0)
2026-07-15 00:21:52.837 7 INFO neutron_taas.services.taas.taas_plugin [None req-32483038-105a-47cb-93ee-02312c6c0184 97026351103b48dcb0c38c1e8ece2f7b 476218c52d64435ea2b41cb49fa26ce0 - - default default] TaaS: Handle Delete Port: 48056346-58e0-4b17-8cf7-47d0676178e9
2026-07-15 00:21:52.840 7 INFO neutron_taas.services.taas.tap_mirror_plugin [None req-32483038-105a-47cb-93ee-02312c6c0184 97026351103b48dcb0c38c1e8ece2f7b 476218c52d64435ea2b41cb49fa26ce0 - - default default] Tap Mirror: Handle Delete Port: 48056346-58e0-4b17-8cf7-47d0676178e9
2026-07-15 00:21:52.939 8 WARNING neutron.scheduler.dhcp_agent_scheduler [None req-43ae412e-25c0-4194-a6f3-d31159744bc0 ee0847ec8885450e89893411e7798beb fd938b09b9974e31b3e8c0eacce8a99c - - default default] No more DHCP agents
2026-07-15 00:21:52.950 8 WARNING neutron.api.rpc.agentnotifiers.dhcp_rpc_agent_api [None req-43ae412e-25c0-4194-a6f3-d31159744bc0 ee0847ec8885450e89893411e7798beb fd938b09b9974e31b3e8c0eacce8a99c - - default default] Unable to schedule network 12272659-f4ce-400f-b18a-d7a535ff97eb: no agents available; will retry on subsequent port and subnet creation events. [pid: 7|app: 0|req: 729/1524] 10.0.0.9 () {32 vars in 718 bytes} [Wed Jul 15 00:21:52 2026] DELETE /v2.0/ports/48056346-58e0-4b17-8cf7-47d0676178e9 => generated 0 bytes in 301 msecs (HTTP/1.1 204) 3 headers in 131 bytes (1 switches on core 0)
2026-07-15 00:21:52.984 7 INFO neutron.pecan_wsgi.hooks.translation [None req-038e7091-ec69-43e8-aebb-148b9a881cc9 97026351103b48dcb0c38c1e8ece2f7b 476218c52d64435ea2b41cb49fa26ce0 - - default default] DELETE failed (client error): The resource could not be found. [pid: 7|app: 0|req: 730/1525] 10.0.0.9 () {32 vars in 718 bytes} [Wed Jul 15 00:21:52 2026] DELETE /v2.0/ports/48056346-58e0-4b17-8cf7-47d0676178e9 => generated 132 bytes in 21 msecs (HTTP/1.1 404) 4 headers in 164 bytes (1 switches on core 0)
2026-07-15 00:21:53.007 7 INFO neutron.pecan_wsgi.hooks.translation [None req-37c2fb63-3872-4046-aece-a851e069435f 97026351103b48dcb0c38c1e8ece2f7b 476218c52d64435ea2b41cb49fa26ce0 - - default default] GET failed (client error): The resource could not be found. [pid: 7|app: 0|req: 731/1526] 10.0.0.9 () {32 vars in 715 bytes} [Wed Jul 15 00:21:52 2026] GET /v2.0/ports/48056346-58e0-4b17-8cf7-47d0676178e9 => generated 132 bytes in 16 msecs (HTTP/1.1 404) 4 headers in 164 bytes (1 switches on core 0)
2026-07-15 00:21:53.281 7 INFO neutron.db.ovn_revision_numbers_db [None req-35b532f0-4ed2-46e2-8ab1-bf6f89710b2c 340ca709160344739bd246748f91144d 4ed822de4f314cf68b577fa4df2b13f6 - - default default] Successfully bumped revision number for resource 2cf4710f-8f72-432e-a109-9655b45808ae (type: security_groups) to 1
2026-07-15 00:21:53.292 7 INFO neutron.db.ovn_revision_numbers_db [None req-35b532f0-4ed2-46e2-8ab1-bf6f89710b2c 340ca709160344739bd246748f91144d 4ed822de4f314cf68b577fa4df2b13f6 - - default default] Successfully bumped revision number for resource 24a91596-680f-4c4f-baa0-813fe7a25bb6 (type: security_group_rules) to 0
2026-07-15 00:21:53.306 7 INFO neutron.db.ovn_revision_numbers_db [None req-35b532f0-4ed2-46e2-8ab1-bf6f89710b2c 340ca709160344739bd246748f91144d 4ed822de4f314cf68b577fa4df2b13f6 - - default default] Successfully bumped revision number for resource 442b12bd-cdcd-497b-a15a-ee35f530c0f7 (type: security_group_rules) to 0
2026-07-15 00:21:53.322 7 INFO neutron.db.ovn_revision_numbers_db [None req-35b532f0-4ed2-46e2-8ab1-bf6f89710b2c 340ca709160344739bd246748f91144d 4ed822de4f314cf68b577fa4df2b13f6 - - default default] Successfully bumped revision number for resource 8bbf3b43-5263-4a38-8fc3-9943d1d85c54 (type: security_group_rules) to 0
2026-07-15 00:21:53.337 7 INFO neutron.db.ovn_revision_numbers_db [None req-35b532f0-4ed2-46e2-8ab1-bf6f89710b2c 340ca709160344739bd246748f91144d 4ed822de4f314cf68b577fa4df2b13f6 - - default default] Successfully bumped revision number for resource aa9d6498-a654-4a03-b750-26dd14326f31 (type: security_group_rules) to 0
2026-07-15 00:21:53.426 7 INFO neutron.db.segments_db [None req-35b532f0-4ed2-46e2-8ab1-bf6f89710b2c 340ca709160344739bd246748f91144d 4ed822de4f314cf68b577fa4df2b13f6 - - default default] Added segment 45820eb0-7ad1-4ab6-92f3-7e9b00aef5a8 of type geneve for network 16ec0b46-f19f-46ae-9d1c-06c2d4539096
2026-07-15 00:21:53.428 8 INFO neutron.db.ovn_revision_numbers_db [None req-43ae412e-25c0-4194-a6f3-d31159744bc0 ee0847ec8885450e89893411e7798beb fd938b09b9974e31b3e8c0eacce8a99c - - default default] Successfully bumped revision number for resource 2ecad20c-416a-4d04-b4c5-3adf757eeffb (type: ports) to 2
2026-07-15 00:21:53.459 8 INFO neutron.db.ovn_revision_numbers_db [None req-43ae412e-25c0-4194-a6f3-d31159744bc0 ee0847ec8885450e89893411e7798beb fd938b09b9974e31b3e8c0eacce8a99c - - default default] Successfully bumped revision number for resource c78a8ae6-48ca-4fe5-acf3-9cdb1e8e0491 (type: subnets) to 0 [pid: 8|app: 0|req: 796/1527] 10.0.0.9 () {34 vars in 667 bytes} [Wed Jul 15 00:21:52 2026] POST /v2.0/subnets => generated 687 bytes in 675 msecs (HTTP/1.1 201) 4 headers in 162 bytes (1 switches on core 0)
2026-07-15 00:21:53.563 7 INFO neutron.db.ovn_revision_numbers_db [None req-35b532f0-4ed2-46e2-8ab1-bf6f89710b2c 340ca709160344739bd246748f91144d 4ed822de4f314cf68b577fa4df2b13f6 - - default default] Successfully bumped revision number for resource 16ec0b46-f19f-46ae-9d1c-06c2d4539096 (type: networks) to 1 [pid: 8|app: 0|req: 797/1528] 10.0.0.9 () {32 vars in 722 bytes} [Wed Jul 15 00:21:53 2026] DELETE /v2.0/subnets/599bf359-f756-41d4-97d3-2f93b72d3f81 => generated 0 bytes in 134 msecs (HTTP/1.1 204) 3 headers in 131 bytes (1 switches on core 0)
2026-07-15 00:21:53.736 7 WARNING neutron.scheduler.dhcp_agent_scheduler [None req-35b532f0-4ed2-46e2-8ab1-bf6f89710b2c 340ca709160344739bd246748f91144d 4ed822de4f314cf68b577fa4df2b13f6 - - default default] No more DHCP agents
2026-07-15 00:21:53.740 7 WARNING neutron.api.rpc.agentnotifiers.dhcp_rpc_agent_api [None req-35b532f0-4ed2-46e2-8ab1-bf6f89710b2c 340ca709160344739bd246748f91144d 4ed822de4f314cf68b577fa4df2b13f6 - - default default] Unable to schedule network 16ec0b46-f19f-46ae-9d1c-06c2d4539096: no agents available; will retry on subsequent port and subnet creation events.
2026-07-15 00:21:53.824 7 INFO neutron.db.ovn_revision_numbers_db [None req-35b532f0-4ed2-46e2-8ab1-bf6f89710b2c 340ca709160344739bd246748f91144d 4ed822de4f314cf68b577fa4df2b13f6 - - default default] Successfully bumped revision number for resource c9289df9-7678-449a-86ce-9bbc6675479c (type: ports) to 1 [pid: 7|app: 0|req: 732/1529] 10.0.0.9 () {34 vars in 668 bytes} [Wed Jul 15 00:21:53 2026] POST /v2.0/networks => generated 670 bytes in 836 msecs (HTTP/1.1 201) 4 headers in 162 bytes (1 switches on core 0)
2026-07-15 00:21:53.958 7 INFO neutron_taas.services.taas.taas_plugin [None req-8478aed9-cbde-4c30-83e2-8ec0c8b69224 97026351103b48dcb0c38c1e8ece2f7b 476218c52d64435ea2b41cb49fa26ce0 - - default default] TaaS: Handle Delete Port: e9e72a21-996f-4009-9c21-e1edebda9ba6
2026-07-15 00:21:53.961 7 INFO neutron_taas.services.taas.tap_mirror_plugin [None req-8478aed9-cbde-4c30-83e2-8ec0c8b69224 97026351103b48dcb0c38c1e8ece2f7b 476218c52d64435ea2b41cb49fa26ce0 - - default default] Tap Mirror: Handle Delete Port: e9e72a21-996f-4009-9c21-e1edebda9ba6
2026-07-15 00:21:54.024 8 WARNING neutron.scheduler.dhcp_agent_scheduler [None req-ce55dded-0693-4f25-a5a6-e0e29e5e40b5 ee0847ec8885450e89893411e7798beb fd938b09b9974e31b3e8c0eacce8a99c - - default default] No more DHCP agents
2026-07-15 00:21:54.025 8 WARNING neutron.api.rpc.agentnotifiers.dhcp_rpc_agent_api [None req-ce55dded-0693-4f25-a5a6-e0e29e5e40b5 ee0847ec8885450e89893411e7798beb fd938b09b9974e31b3e8c0eacce8a99c - - default default] Unable to schedule network 63bfc501-57a4-4bb2-922f-7bd39db064a3: no agents available; will retry on subsequent port and subnet creation events.
2026-07-15 00:21:54.138 7 INFO neutron.plugins.ml2.drivers.ovn.mech_driver.mech_driver [None req-a050c45c-d743-4264-9bd9-c4fdfecd6faa - - - - - -] OVN reports status down for port: 75caca31-1d0a-42a9-a6d7-38bdc8eea8c9
2026-07-15 00:21:54.161 8 INFO neutron.db.ovn_revision_numbers_db [None req-ce55dded-0693-4f25-a5a6-e0e29e5e40b5 ee0847ec8885450e89893411e7798beb fd938b09b9974e31b3e8c0eacce8a99c - - default default] Successfully bumped revision number for resource 75caca31-1d0a-42a9-a6d7-38bdc8eea8c9 (type: ports) to 1
2026-07-15 00:21:54.174 7 INFO neutron.services.segments.plugin [-] Segment 55299849-e5e7-40a9-86cc-8dd09fed2b7e resource provider aggregate not found
2026-07-15 00:21:54.183 7 INFO neutron.services.segments.plugin [-] Segment 55299849-e5e7-40a9-86cc-8dd09fed2b7e resource provider aggregate not found
2026-07-15 00:21:54.201 7 INFO neutron.services.segments.plugin [-] Client error retrieving segment 55299849-e5e7-40a9-86cc-8dd09fed2b7e resource provider; error: Placement Client Error (4xx): {"errors": [{"status": 404, "title": "Not Found", "detail": "The resource could not be found.\n\n No resource provider with uuid 55299849-e5e7-40a9-86cc-8dd09fed2b7e found for delete ", "request_id": "req-58e9dbc9-3714-4492-adf2-8a27240b96f1"}]}
2026-07-15 00:21:54.208 7 INFO neutron.services.segments.plugin [-] Client error retrieving segment 55299849-e5e7-40a9-86cc-8dd09fed2b7e resource provider; error: Placement Client Error (4xx): {"errors": [{"status": 404, "title": "Not Found", "detail": "The resource could not be found.\n\n No resource provider with uuid 55299849-e5e7-40a9-86cc-8dd09fed2b7e found for delete ", "request_id": "req-55233eb0-ba3f-467a-8e75-bca687663c02"}]} [pid: 7|app: 0|req: 733/1530] 10.0.0.9 () {32 vars in 724 bytes} [Wed Jul 15 00:21:53 2026] DELETE /v2.0/networks/3801463e-f766-4b17-aa83-ab3788d3f573 => generated 0 bytes in 420 msecs (HTTP/1.1 204) 3 headers in 131 bytes (1 switches on core 0)
2026-07-15 00:21:54.365 7 INFO neutron.db.segments_db [None req-b3b2cdfe-8b7a-4aad-a7d5-17f102a9ab9d 340ca709160344739bd246748f91144d 4ed822de4f314cf68b577fa4df2b13f6 - - default default] Added segment 35b4e6a0-c45c-46d2-995d-bbd49d08f3bb of type geneve for network ecd3f339-fb2c-4d0b-b43b-9661d23470ec
2026-07-15 00:21:54.493 7 INFO neutron.db.ovn_revision_numbers_db [None req-b3b2cdfe-8b7a-4aad-a7d5-17f102a9ab9d 340ca709160344739bd246748f91144d 4ed822de4f314cf68b577fa4df2b13f6 - - default default] Successfully bumped revision number for resource ecd3f339-fb2c-4d0b-b43b-9661d23470ec (type: networks) to 1
2026-07-15 00:21:54.703 7 INFO neutron.plugins.ml2.drivers.ovn.mech_driver.mech_driver [None req-a050c45c-d743-4264-9bd9-c4fdfecd6faa - - - - - -] OVN reports status up for port: 75caca31-1d0a-42a9-a6d7-38bdc8eea8c9
2026-07-15 00:21:54.723 7 INFO neutron.plugins.ml2.plugin [None req-a050c45c-d743-4264-9bd9-c4fdfecd6faa - - - - - -] Attempt 1 to provision port 75caca31-1d0a-42a9-a6d7-38bdc8eea8c9
2026-07-15 00:21:54.726 8 INFO neutron.db.ovn_revision_numbers_db [None req-ce55dded-0693-4f25-a5a6-e0e29e5e40b5 ee0847ec8885450e89893411e7798beb fd938b09b9974e31b3e8c0eacce8a99c - - default default] Successfully bumped revision number for resource 75caca31-1d0a-42a9-a6d7-38bdc8eea8c9 (type: router_ports) to 1
2026-07-15 00:21:54.728 7 WARNING neutron.scheduler.dhcp_agent_scheduler [None req-b3b2cdfe-8b7a-4aad-a7d5-17f102a9ab9d 340ca709160344739bd246748f91144d 4ed822de4f314cf68b577fa4df2b13f6 - - default default] No more DHCP agents
2026-07-15 00:21:54.736 7 WARNING neutron.api.rpc.agentnotifiers.dhcp_rpc_agent_api [None req-b3b2cdfe-8b7a-4aad-a7d5-17f102a9ab9d 340ca709160344739bd246748f91144d 4ed822de4f314cf68b577fa4df2b13f6 - - default default] Unable to schedule network ecd3f339-fb2c-4d0b-b43b-9661d23470ec: no agents available; will retry on subsequent port and subnet creation events.
2026-07-15 00:21:54.789 7 INFO neutron.plugins.ml2.drivers.ovn.mech_driver.ovsdb.ovsdb_monitor [None req-ba54d126-236d-4a5a-93e9-dca0cc6300b7 - - - - - -] Router 2b4a5610-254c-492f-9c0b-31bd5a3433d6 is bound to host instance
2026-07-15 00:21:54.797 8 INFO neutron.db.ovn_revision_numbers_db [None req-ce55dded-0693-4f25-a5a6-e0e29e5e40b5 ee0847ec8885450e89893411e7798beb fd938b09b9974e31b3e8c0eacce8a99c - - default default] Successfully bumped revision number for resource 2b4a5610-254c-492f-9c0b-31bd5a3433d6 (type: routers) to 2 [pid: 8|app: 0|req: 798/1531] 10.0.0.9 () {34 vars in 667 bytes} [Wed Jul 15 00:21:53 2026] POST /v2.0/routers => generated 986 bytes in 1197 msecs (HTTP/1.1 201) 4 headers in 162 bytes (1 switches on core 0) [pid: 8|app: 0|req: 799/1532] 10.0.0.219 () {32 vars in 800 bytes} [Wed Jul 15 00:21:54 2026] GET /v2.0/extensions => generated 22668 bytes in 35 msecs (HTTP/1.1 200) 4 headers in 159 bytes (1 switches on core 0)
2026-07-15 00:21:54.927 7 INFO neutron.db.ovn_revision_numbers_db [None req-b3b2cdfe-8b7a-4aad-a7d5-17f102a9ab9d 340ca709160344739bd246748f91144d 4ed822de4f314cf68b577fa4df2b13f6 - - default default] Successfully bumped revision number for resource 83edd2a3-8996-427e-8a01-f744d7c63331 (type: ports) to 1
2026-07-15 00:21:54.932 8 INFO neutron.db.segments_db [None req-339027eb-1aec-4e32-b164-978d6142c664 97026351103b48dcb0c38c1e8ece2f7b 476218c52d64435ea2b41cb49fa26ce0 - - default default] Added segment 6e9eb5eb-8a69-4d52-a182-e82b231f4fa3 of type geneve for network a1d896cf-08ed-49a4-9904-c1f2ba9bdbf8 [pid: 7|app: 0|req: 734/1533] 10.0.0.9 () {34 vars in 668 bytes} [Wed Jul 15 00:21:54 2026] POST /v2.0/networks => generated 671 bytes in 710 msecs (HTTP/1.1 201) 4 headers in 162 bytes (1 switches on core 0)
2026-07-15 00:21:55.044 8 INFO neutron.db.ovn_revision_numbers_db [None req-339027eb-1aec-4e32-b164-978d6142c664 97026351103b48dcb0c38c1e8ece2f7b 476218c52d64435ea2b41cb49fa26ce0 - - default default] Successfully bumped revision number for resource a1d896cf-08ed-49a4-9904-c1f2ba9bdbf8 (type: networks) to 1
2026-07-15 00:21:55.199 8 WARNING neutron.scheduler.dhcp_agent_scheduler [None req-339027eb-1aec-4e32-b164-978d6142c664 97026351103b48dcb0c38c1e8ece2f7b 476218c52d64435ea2b41cb49fa26ce0 - - default default] No more DHCP agents
2026-07-15 00:21:55.200 8 WARNING neutron.api.rpc.agentnotifiers.dhcp_rpc_agent_api [None req-339027eb-1aec-4e32-b164-978d6142c664 97026351103b48dcb0c38c1e8ece2f7b 476218c52d64435ea2b41cb49fa26ce0 - - default default] Unable to schedule network a1d896cf-08ed-49a4-9904-c1f2ba9bdbf8: no agents available; will retry on subsequent port and subnet creation events.
2026-07-15 00:21:55.277 8 INFO neutron.db.ovn_revision_numbers_db [None req-339027eb-1aec-4e32-b164-978d6142c664 97026351103b48dcb0c38c1e8ece2f7b 476218c52d64435ea2b41cb49fa26ce0 - - default default] Successfully bumped revision number for resource 63580d21-5f47-46fb-a759-46ed332368ac (type: ports) to 1 [pid: 8|app: 0|req: 800/1534] 10.0.0.9 () {34 vars in 668 bytes} [Wed Jul 15 00:21:54 2026] POST /v2.0/networks => generated 674 bytes in 451 msecs (HTTP/1.1 201) 4 headers in 162 bytes (1 switches on core 0) [pid: 8|app: 0|req: 801/1535] 10.0.0.219 () {32 vars in 861 bytes} [Wed Jul 15 00:21:55 2026] GET /v2.0/quotas/169d557f2e494f57841e3c5085ef2a82/details => generated 904 bytes in 109 msecs (HTTP/1.1 200) 4 headers in 157 bytes (1 switches on core 0)
2026-07-15 00:21:55.594 8 WARNING neutron.scheduler.dhcp_agent_scheduler [None req-c88aea36-49d6-4e14-8652-47dfd72034b4 340ca709160344739bd246748f91144d 4ed822de4f314cf68b577fa4df2b13f6 - - default default] No more DHCP agents
2026-07-15 00:21:55.596 8 WARNING neutron.api.rpc.agentnotifiers.dhcp_rpc_agent_api [None req-c88aea36-49d6-4e14-8652-47dfd72034b4 340ca709160344739bd246748f91144d 4ed822de4f314cf68b577fa4df2b13f6 - - default default] Unable to schedule network 16ec0b46-f19f-46ae-9d1c-06c2d4539096: no agents available; will retry on subsequent port and subnet creation events.
2026-07-15 00:21:55.620 8 INFO neutron.db.ovn_revision_numbers_db [None req-c88aea36-49d6-4e14-8652-47dfd72034b4 340ca709160344739bd246748f91144d 4ed822de4f314cf68b577fa4df2b13f6 - - default default] Successfully bumped revision number for resource 116658db-dc02-457b-846a-856a215be07f (type: subnets) to 0 [pid: 8|app: 0|req: 802/1536] 10.0.0.9 () {34 vars in 667 bytes} [Wed Jul 15 00:21:55 2026] POST /v2.0/subnets => generated 646 bytes in 225 msecs (HTTP/1.1 201) 4 headers in 162 bytes (1 switches on core 0)
2026-07-15 00:21:55.794 7 WARNING neutron.scheduler.dhcp_agent_scheduler [None req-ca2d0957-9bac-41d7-ac94-f4c06cc2f615 ee0847ec8885450e89893411e7798beb fd938b09b9974e31b3e8c0eacce8a99c - - default default] No more DHCP agents
2026-07-15 00:21:55.799 7 WARNING neutron.api.rpc.agentnotifiers.dhcp_rpc_agent_api [None req-ca2d0957-9bac-41d7-ac94-f4c06cc2f615 ee0847ec8885450e89893411e7798beb fd938b09b9974e31b3e8c0eacce8a99c - - default default] Unable to schedule network 12272659-f4ce-400f-b18a-d7a535ff97eb: no agents available; will retry on subsequent port and subnet creation events.
2026-07-15 00:21:55.815 8 WARNING neutron.scheduler.dhcp_agent_scheduler [None req-28180bf1-61e3-46b0-bfa5-c3a91355be4e 97026351103b48dcb0c38c1e8ece2f7b 476218c52d64435ea2b41cb49fa26ce0 - - default default] No more DHCP agents
2026-07-15 00:21:55.816 8 WARNING neutron.api.rpc.agentnotifiers.dhcp_rpc_agent_api [None req-28180bf1-61e3-46b0-bfa5-c3a91355be4e 97026351103b48dcb0c38c1e8ece2f7b 476218c52d64435ea2b41cb49fa26ce0 - - default default] Unable to schedule network a1d896cf-08ed-49a4-9904-c1f2ba9bdbf8: no agents available; will retry on subsequent port and subnet creation events.
2026-07-15 00:21:55.851 8 INFO neutron.db.ovn_revision_numbers_db [None req-28180bf1-61e3-46b0-bfa5-c3a91355be4e 97026351103b48dcb0c38c1e8ece2f7b 476218c52d64435ea2b41cb49fa26ce0 - - default default] Successfully bumped revision number for resource 2e7ca9f6-99f7-400c-9987-8a95196d96b5 (type: subnets) to 0 [pid: 8|app: 0|req: 803/1537] 10.0.0.9 () {34 vars in 667 bytes} [Wed Jul 15 00:21:55 2026] POST /v2.0/subnets => generated 646 bytes in 231 msecs (HTTP/1.1 201) 4 headers in 162 bytes (1 switches on core 0)
2026-07-15 00:21:56.055 8 WARNING neutron.scheduler.dhcp_agent_scheduler [None req-ac0e7d1f-12eb-4948-b776-2f7a5f03e79d 340ca709160344739bd246748f91144d 4ed822de4f314cf68b577fa4df2b13f6 - - default default] No more DHCP agents
2026-07-15 00:21:56.056 8 WARNING neutron.api.rpc.agentnotifiers.dhcp_rpc_agent_api [None req-ac0e7d1f-12eb-4948-b776-2f7a5f03e79d 340ca709160344739bd246748f91144d 4ed822de4f314cf68b577fa4df2b13f6 - - default default] Unable to schedule network ecd3f339-fb2c-4d0b-b43b-9661d23470ec: no agents available; will retry on subsequent port and subnet creation events.
2026-07-15 00:21:56.071 7 INFO neutron.db.ovn_revision_numbers_db [None req-ca2d0957-9bac-41d7-ac94-f4c06cc2f615 ee0847ec8885450e89893411e7798beb fd938b09b9974e31b3e8c0eacce8a99c - - default default] Successfully bumped revision number for resource ce0389b6-8056-4e38-b4c4-feedbeeada15 (type: ports) to 1
2026-07-15 00:21:56.099 8 INFO neutron.db.ovn_revision_numbers_db [None req-ac0e7d1f-12eb-4948-b776-2f7a5f03e79d 340ca709160344739bd246748f91144d 4ed822de4f314cf68b577fa4df2b13f6 - - default default] Successfully bumped revision number for resource e01c4398-da99-4926-823c-961c5e587356 (type: subnets) to 0
2026-07-15 00:21:56.110 8 WARNING neutron.plugins.ml2.drivers.ovn.mech_driver.ovsdb.ovn_client [None req-d9794694-bcf3-45ec-9638-2e31c2a9783f - - - - - -] No hosting information found for port bba916be-4d41-460c-b46d-bb29266066ea: RuntimeError: No hosting information found for port bba916be-4d41-460c-b46d-bb29266066ea
2026-07-15 00:21:56.113 8 INFO neutron.plugins.ml2.drivers.ovn.mech_driver.mech_driver [None req-d9794694-bcf3-45ec-9638-2e31c2a9783f - - - - - -] OVN reports status down for port: de52222b-3c2a-47f2-91de-bef41c544704 [pid: 8|app: 0|req: 804/1538] 10.0.0.9 () {34 vars in 667 bytes} [Wed Jul 15 00:21:55 2026] POST /v2.0/subnets => generated 655 bytes in 267 msecs (HTTP/1.1 201) 4 headers in 162 bytes (1 switches on core 0)
2026-07-15 00:21:56.327 8 INFO neutron.common.ovn.utils [None req-d9794694-bcf3-45ec-9638-2e31c2a9783f - - - - - -] HA Chassis Group neutron-c61bd5cb-378c-4595-9af0-60e2a2c6da2f synchronized; highest priority chassis d11c9f29-1f0f-4f71-bdc7-226daf8d005b
2026-07-15 00:21:56.407 7 INFO neutron.db.ovn_revision_numbers_db [None req-8bb59bdf-43a5-4dfd-bfec-3ff6df6d177e - - - - - -] Successfully bumped revision number for resource 75caca31-1d0a-42a9-a6d7-38bdc8eea8c9 (type: ports) to 4
2026-07-15 00:21:56.525 8 INFO neutron.db.ovn_revision_numbers_db [None req-d9794694-bcf3-45ec-9638-2e31c2a9783f - - - - - -] Successfully bumped revision number for resource bba916be-4d41-460c-b46d-bb29266066ea (type: router_ports) to 2
2026-07-15 00:21:56.599 8 INFO neutron.plugins.ml2.drivers.ovn.mech_driver.mech_driver [None req-d9794694-bcf3-45ec-9638-2e31c2a9783f - - - - - -] OVN reports status down for port: e9e72a21-996f-4009-9c21-e1edebda9ba6
2026-07-15 00:21:56.604 8 WARNING neutron.scheduler.dhcp_agent_scheduler [None req-a84ead93-c1b4-40f0-9bf4-7b2748d16ee0 97026351103b48dcb0c38c1e8ece2f7b 476218c52d64435ea2b41cb49fa26ce0 - - default default] No more DHCP agents
2026-07-15 00:21:56.606 8 WARNING neutron.api.rpc.agentnotifiers.dhcp_rpc_agent_api [None req-a84ead93-c1b4-40f0-9bf4-7b2748d16ee0 97026351103b48dcb0c38c1e8ece2f7b 476218c52d64435ea2b41cb49fa26ce0 - - default default] Unable to schedule network a1d896cf-08ed-49a4-9904-c1f2ba9bdbf8: no agents available; will retry on subsequent port and subnet creation events.
2026-07-15 00:21:56.613 8 INFO neutron.plugins.ml2.drivers.ovn.mech_driver.mech_driver [None req-d9794694-bcf3-45ec-9638-2e31c2a9783f - - - - - -] OVN reports status down for port: 2ecad20c-416a-4d04-b4c5-3adf757eeffb
2026-07-15 00:21:56.719 8 INFO neutron.plugins.ml2.drivers.ovn.mech_driver.mech_driver [None req-d9794694-bcf3-45ec-9638-2e31c2a9783f - - - - - -] OVN reports status down for port: c9289df9-7678-449a-86ce-9bbc6675479c
2026-07-15 00:21:56.794 8 INFO neutron.db.ovn_revision_numbers_db [None req-a84ead93-c1b4-40f0-9bf4-7b2748d16ee0 97026351103b48dcb0c38c1e8ece2f7b 476218c52d64435ea2b41cb49fa26ce0 - - default default] Successfully bumped revision number for resource e727413a-1534-46ad-b29b-3a937fd25e1f (type: ports) to 1
2026-07-15 00:21:56.832 8 INFO neutron.plugins.ml2.drivers.ovn.mech_driver.mech_driver [None req-d9794694-bcf3-45ec-9638-2e31c2a9783f - - - - - -] OVN reports status down for port: 83edd2a3-8996-427e-8a01-f744d7c63331 [pid: 8|app: 0|req: 805/1539] 10.0.0.9 () {34 vars in 663 bytes} [Wed Jul 15 00:21:56 2026] POST /v2.0/ports => generated 927 bytes in 714 msecs (HTTP/1.1 201) 4 headers in 162 bytes (1 switches on core 0)
2026-07-15 00:21:56.957 8 INFO neutron.plugins.ml2.drivers.ovn.mech_driver.mech_driver [None req-d9794694-bcf3-45ec-9638-2e31c2a9783f - - - - - -] OVN reports status down for port: e727413a-1534-46ad-b29b-3a937fd25e1f
2026-07-15 00:21:57.069 7 INFO neutron.db.ovn_revision_numbers_db [None req-8bb59bdf-43a5-4dfd-bfec-3ff6df6d177e - - - - - -] Successfully bumped revision number for resource 75caca31-1d0a-42a9-a6d7-38bdc8eea8c9 (type: ports) to 5
2026-07-15 00:21:57.285 7 WARNING neutron.scheduler.dhcp_agent_scheduler [None req-ca2d0957-9bac-41d7-ac94-f4c06cc2f615 ee0847ec8885450e89893411e7798beb fd938b09b9974e31b3e8c0eacce8a99c - - default default] No more DHCP agents
2026-07-15 00:21:57.286 7 WARNING neutron.api.rpc.agentnotifiers.dhcp_rpc_agent_api [None req-ca2d0957-9bac-41d7-ac94-f4c06cc2f615 ee0847ec8885450e89893411e7798beb fd938b09b9974e31b3e8c0eacce8a99c - - default default] Unable to schedule network 12272659-f4ce-400f-b18a-d7a535ff97eb: no agents available; will retry on subsequent port and subnet creation events.
2026-07-15 00:21:57.450 8 INFO neutron.db.ovn_revision_numbers_db [None req-d2624c44-caf4-48b7-952d-1a292ccf1966 340ca709160344739bd246748f91144d 4ed822de4f314cf68b577fa4df2b13f6 - - default default] Successfully bumped revision number for resource d8f49dcf-58c5-4f04-9f3b-4f278b12a2f4 (type: routers) to 1 [pid: 8|app: 0|req: 806/1540] 10.0.0.9 () {34 vars in 667 bytes} [Wed Jul 15 00:21:56 2026] POST /v2.0/routers => generated 628 bytes in 642 msecs (HTTP/1.1 201) 4 headers in 162 bytes (1 switches on core 0)
2026-07-15 00:21:57.594 7 INFO neutron.plugins.ml2.drivers.ovn.mech_driver.mech_driver [None req-a050c45c-d743-4264-9bd9-c4fdfecd6faa - - - - - -] OVN reports status down for port: 63580d21-5f47-46fb-a759-46ed332368ac
2026-07-15 00:21:57.639 8 INFO neutron_taas.services.taas.taas_plugin [None req-88b2eb4a-3f2b-4791-b06e-37632423d71a 97026351103b48dcb0c38c1e8ece2f7b 476218c52d64435ea2b41cb49fa26ce0 - - default default] TaaS: Handle Delete Port: e727413a-1534-46ad-b29b-3a937fd25e1f
2026-07-15 00:21:57.642 8 INFO neutron_taas.services.taas.tap_mirror_plugin [None req-88b2eb4a-3f2b-4791-b06e-37632423d71a 97026351103b48dcb0c38c1e8ece2f7b 476218c52d64435ea2b41cb49fa26ce0 - - default default] Tap Mirror: Handle Delete Port: e727413a-1534-46ad-b29b-3a937fd25e1f
2026-07-15 00:21:57.792 7 INFO neutron.plugins.ml2.drivers.ovn.mech_driver.mech_driver [None req-a050c45c-d743-4264-9bd9-c4fdfecd6faa - - - - - -] OVN reports status down for port: ce0389b6-8056-4e38-b4c4-feedbeeada15
2026-07-15 00:21:57.850 7 INFO neutron.db.ovn_revision_numbers_db [None req-ca2d0957-9bac-41d7-ac94-f4c06cc2f615 ee0847ec8885450e89893411e7798beb fd938b09b9974e31b3e8c0eacce8a99c - - default default] Successfully bumped revision number for resource ce0389b6-8056-4e38-b4c4-feedbeeada15 (type: router_ports) to 1 [pid: 8|app: 0|req: 807/1541] 10.0.0.9 () {32 vars in 718 bytes} [Wed Jul 15 00:21:57 2026] DELETE /v2.0/ports/e727413a-1534-46ad-b29b-3a937fd25e1f => generated 0 bytes in 359 msecs (HTTP/1.1 204) 3 headers in 131 bytes (1 switches on core 0) [pid: 7|app: 0|req: 735/1542] 10.0.0.9 () {34 vars in 781 bytes} [Wed Jul 15 00:21:54 2026] PUT /v2.0/routers/2b4a5610-254c-492f-9c0b-31bd5a3433d6/add_router_interface => generated 310 bytes in 2889 msecs (HTTP/1.1 200) 4 headers in 157 bytes (1 switches on core 0)
2026-07-15 00:21:57.910 7 INFO neutron.pecan_wsgi.hooks.translation [None req-f8aa0986-bb96-4fb2-9f1d-bf25a3ec7e4c 97026351103b48dcb0c38c1e8ece2f7b 476218c52d64435ea2b41cb49fa26ce0 - - default default] GET failed (client error): The resource could not be found. [pid: 7|app: 0|req: 736/1543] 10.0.0.9 () {32 vars in 715 bytes} [Wed Jul 15 00:21:57 2026] GET /v2.0/ports/e727413a-1534-46ad-b29b-3a937fd25e1f => generated 132 bytes in 47 msecs (HTTP/1.1 404) 4 headers in 164 bytes (1 switches on core 0)
