2026-07-15 00:20:52.009 8 INFO neutron.db.ovn_revision_numbers_db [None req-8de05120-84a9-4f2f-aab2-839ffc516ed6 ee0847ec8885450e89893411e7798beb fd938b09b9974e31b3e8c0eacce8a99c - - default default] Successfully bumped revision number for resource 0e7e71e9-8ec0-435c-aecb-73f634c58f98 (type: security_groups) to 1
2026-07-15 00:20:52.056 8 INFO neutron.db.ovn_revision_numbers_db [None req-8de05120-84a9-4f2f-aab2-839ffc516ed6 ee0847ec8885450e89893411e7798beb fd938b09b9974e31b3e8c0eacce8a99c - - default default] Successfully bumped revision number for resource 1f4d6887-0512-4946-b735-3fd81fe9d2a1 (type: security_group_rules) to 0
2026-07-15 00:20:52.074 8 INFO neutron.db.ovn_revision_numbers_db [None req-8de05120-84a9-4f2f-aab2-839ffc516ed6 ee0847ec8885450e89893411e7798beb fd938b09b9974e31b3e8c0eacce8a99c - - default default] Successfully bumped revision number for resource 70191f3c-db62-4919-8f83-0b706e119ca0 (type: security_group_rules) to 0
2026-07-15 00:20:52.108 8 INFO neutron.db.ovn_revision_numbers_db [None req-8de05120-84a9-4f2f-aab2-839ffc516ed6 ee0847ec8885450e89893411e7798beb fd938b09b9974e31b3e8c0eacce8a99c - - default default] Successfully bumped revision number for resource 856c5a35-4cae-4d1b-930a-a5b2657ac6f6 (type: security_group_rules) to 0
2026-07-15 00:20:52.124 8 INFO neutron.db.ovn_revision_numbers_db [None req-8de05120-84a9-4f2f-aab2-839ffc516ed6 ee0847ec8885450e89893411e7798beb fd938b09b9974e31b3e8c0eacce8a99c - - default default] Successfully bumped revision number for resource b50d0d58-c848-4cd5-bd9f-377e28a0ca54 (type: security_group_rules) to 0 [pid: 8|app: 0|req: 636/1222] 10.0.0.9 () {32 vars in 772 bytes} [Wed Jul 15 00:20:51 2026] GET /v2.0/security-groups?tenant_id=132a2545eb8d463882b382f52d29eb07&name=default => generated 2925 bytes in 319 msecs (HTTP/1.1 200) 4 headers in 158 bytes (1 switches on core 0) [pid: 8|app: 0|req: 637/1223] 10.0.0.9 () {32 vars in 722 bytes} [Wed Jul 15 00:20:52 2026] DELETE /v2.0/subnets/00348bea-2e58-4248-a381-e27332652ba4 => generated 0 bytes in 149 msecs (HTTP/1.1 204) 3 headers in 131 bytes (1 switches on core 0)
2026-07-15 00:20:52.451 8 INFO neutron.plugins.ml2.drivers.ovn.mech_driver.mech_driver [None req-76983853-c828-47b1-8c9a-7049e487f4c2 - - - - - -] OVN reports status up for port: 48985987-f55e-4cc8-af0b-fa0dc7db141a
2026-07-15 00:20:52.500 8 INFO neutron.plugins.ml2.plugin [None req-76983853-c828-47b1-8c9a-7049e487f4c2 - - - - - -] Attempt 1 to provision port 48985987-f55e-4cc8-af0b-fa0dc7db141a
2026-07-15 00:20:52.546 7 WARNING neutron.scheduler.dhcp_agent_scheduler [None req-52b9df15-0cb4-422a-b5a1-0b8a8e72e993 de6422d7214549e88e367ec53582aecd 5043bffe0fc34f7a9a1e4055c98199a2 - - default default] No more DHCP agents
2026-07-15 00:20:52.548 7 WARNING neutron.api.rpc.agentnotifiers.dhcp_rpc_agent_api [None req-52b9df15-0cb4-422a-b5a1-0b8a8e72e993 de6422d7214549e88e367ec53582aecd 5043bffe0fc34f7a9a1e4055c98199a2 - - default default] Unable to schedule network b319ac9a-3afa-4e50-a5ea-6ba6dd1619ee: no agents available; will retry on subsequent port and subnet creation events. [pid: 8|app: 0|req: 638/1224] 10.0.0.9 () {32 vars in 738 bytes} [Wed Jul 15 00:20:52 2026] DELETE /v2.0/security-groups/a9c7be03-9a9e-4e23-93aa-50bdc946fc60 => generated 0 bytes in 247 msecs (HTTP/1.1 204) 2 headers in 112 bytes (1 switches on core 0)
2026-07-15 00:20:52.873 7 INFO neutron.db.ovn_revision_numbers_db [None req-52b9df15-0cb4-422a-b5a1-0b8a8e72e993 de6422d7214549e88e367ec53582aecd 5043bffe0fc34f7a9a1e4055c98199a2 - - default default] Successfully bumped revision number for resource 48985987-f55e-4cc8-af0b-fa0dc7db141a (type: router_ports) to 1 [pid: 7|app: 0|req: 587/1225] 10.0.0.9 () {34 vars in 781 bytes} [Wed Jul 15 00:20:51 2026] PUT /v2.0/routers/6e1f2e0f-fbe4-4bad-9a02-cf848f802045/add_router_interface => generated 310 bytes in 1835 msecs (HTTP/1.1 200) 4 headers in 157 bytes (1 switches on core 0) [pid: 8|app: 0|req: 639/1226] 10.0.0.9 () {32 vars in 738 bytes} [Wed Jul 15 00:20:52 2026] DELETE /v2.0/security-groups/0e7e71e9-8ec0-435c-aecb-73f634c58f98 => generated 0 bytes in 355 msecs (HTTP/1.1 204) 2 headers in 112 bytes (1 switches on core 0)
2026-07-15 00:20:53.002 7 INFO neutron_taas.services.taas.taas_plugin [None req-12dcff88-7039-4600-a4be-d67c6d5bebdb ee0847ec8885450e89893411e7798beb fd938b09b9974e31b3e8c0eacce8a99c - - default default] TaaS: Handle Delete Port: 9914df30-24ba-4e2d-b1a0-d7baff46830c
2026-07-15 00:20:53.005 7 INFO neutron_taas.services.taas.tap_mirror_plugin [None req-12dcff88-7039-4600-a4be-d67c6d5bebdb ee0847ec8885450e89893411e7798beb fd938b09b9974e31b3e8c0eacce8a99c - - default default] Tap Mirror: Handle Delete Port: 9914df30-24ba-4e2d-b1a0-d7baff46830c
2026-07-15 00:20:53.237 7 INFO neutron.services.segments.plugin [-] Segment a35ca8a0-3094-4de1-be39-92489abd4ea9 resource provider aggregate not found
2026-07-15 00:20:53.243 7 INFO neutron.services.segments.plugin [-] Segment a35ca8a0-3094-4de1-be39-92489abd4ea9 resource provider aggregate not found
2026-07-15 00:20:53.260 7 INFO neutron.services.segments.plugin [-] Client error retrieving segment a35ca8a0-3094-4de1-be39-92489abd4ea9 resource provider; error: Placement Client Error (4xx): {"errors": [{"status": 404, "title": "Not Found", "detail": "The resource could not be found.\n\n No resource provider with uuid a35ca8a0-3094-4de1-be39-92489abd4ea9 found for delete ", "request_id": "req-ec68670a-68af-452f-b433-d9ad6c5e6e30"}]}
2026-07-15 00:20:53.261 7 INFO neutron.services.segments.plugin [-] Client error retrieving segment a35ca8a0-3094-4de1-be39-92489abd4ea9 resource provider; error: Placement Client Error (4xx): {"errors": [{"status": 404, "title": "Not Found", "detail": "The resource could not be found.\n\n No resource provider with uuid a35ca8a0-3094-4de1-be39-92489abd4ea9 found for delete ", "request_id": "req-64e5ffc1-5f4f-4419-82d2-29c684219e2f"}]}
2026-07-15 00:20:53.304 8 INFO neutron.db.ovn_revision_numbers_db [None req-76983853-c828-47b1-8c9a-7049e487f4c2 - - - - - -] Successfully bumped revision number for resource 48985987-f55e-4cc8-af0b-fa0dc7db141a (type: ports) to 2 [pid: 7|app: 0|req: 588/1227] 10.0.0.9 () {32 vars in 724 bytes} [Wed Jul 15 00:20:52 2026] DELETE /v2.0/networks/40caedc2-0cb2-44f0-a75a-9f8f611c04b7 => generated 0 bytes in 426 msecs (HTTP/1.1 204) 3 headers in 131 bytes (1 switches on core 0)
2026-07-15 00:20:53.477 8 WARNING neutron.scheduler.dhcp_agent_scheduler [None req-53850d51-e2de-48ca-902b-0304898a9394 de6422d7214549e88e367ec53582aecd 5043bffe0fc34f7a9a1e4055c98199a2 - - default default] No more DHCP agents
2026-07-15 00:20:53.481 8 WARNING neutron.api.rpc.agentnotifiers.dhcp_rpc_agent_api [None req-53850d51-e2de-48ca-902b-0304898a9394 de6422d7214549e88e367ec53582aecd 5043bffe0fc34f7a9a1e4055c98199a2 - - default default] Unable to schedule network b319ac9a-3afa-4e50-a5ea-6ba6dd1619ee: no agents available; will retry on subsequent port and subnet creation events.
2026-07-15 00:20:53.513 7 WARNING neutron.db.securitygroups_db [None req-d86bc1f7-215a-46fe-b016-481af7640e21 ee0847ec8885450e89893411e7798beb fd938b09b9974e31b3e8c0eacce8a99c - - default default] project_id key not found in filters, using tenant_id instead. This support has been deprecated and will be removed in a future release. [pid: 7|app: 0|req: 589/1228] 10.0.0.9 () {32 vars in 772 bytes} [Wed Jul 15 00:20:53 2026] GET /v2.0/security-groups?tenant_id=fa252eb2c0b848bb9303e916f61a78e7&name=default => generated 2925 bytes in 28 msecs (HTTP/1.1 200) 4 headers in 158 bytes (1 switches on core 0)
2026-07-15 00:20:53.708 8 INFO neutron.db.ovn_revision_numbers_db [None req-53850d51-e2de-48ca-902b-0304898a9394 de6422d7214549e88e367ec53582aecd 5043bffe0fc34f7a9a1e4055c98199a2 - - default default] Successfully bumped revision number for resource 5eb4940b-9a79-4f20-b520-aa9b1709ed30 (type: ports) to 1 [pid: 8|app: 0|req: 640/1229] 10.0.0.9 () {34 vars in 663 bytes} [Wed Jul 15 00:20:52 2026] POST /v2.0/ports => generated 954 bytes in 831 msecs (HTTP/1.1 201) 4 headers in 162 bytes (1 switches on core 0) /var/lib/openstack/lib/python3.12/site-packages/pycadf/identifier.py:70: UserWarning: Invalid uuid: neutron. To ensure interoperability, identifiers should be a valid uuid. warnings.warn(('Invalid uuid: %s. To ensure interoperability, ' [pid: 7|app: 0|req: 590/1230] 10.0.0.9 () {32 vars in 738 bytes} [Wed Jul 15 00:20:53 2026] DELETE /v2.0/security-groups/b8653451-c674-4a7b-9378-550f7417c462 => generated 0 bytes in 224 msecs (HTTP/1.1 204) 2 headers in 112 bytes (1 switches on core 0)
2026-07-15 00:20:54.020 8 WARNING neutron.scheduler.dhcp_agent_scheduler [None req-37651d68-0eeb-41e2-91f4-0ff39f6fadc2 de6422d7214549e88e367ec53582aecd 5043bffe0fc34f7a9a1e4055c98199a2 - - default default] No more DHCP agents
2026-07-15 00:20:54.022 8 WARNING neutron.api.rpc.agentnotifiers.dhcp_rpc_agent_api [None req-37651d68-0eeb-41e2-91f4-0ff39f6fadc2 de6422d7214549e88e367ec53582aecd 5043bffe0fc34f7a9a1e4055c98199a2 - - default default] Unable to schedule network b319ac9a-3afa-4e50-a5ea-6ba6dd1619ee: no agents available; will retry on subsequent port and subnet creation events.
2026-07-15 00:20:54.194 8 INFO neutron.db.ovn_revision_numbers_db [None req-37651d68-0eeb-41e2-91f4-0ff39f6fadc2 de6422d7214549e88e367ec53582aecd 5043bffe0fc34f7a9a1e4055c98199a2 - - default default] Successfully bumped revision number for resource 999c7bbb-762c-4ac9-990b-6182fdf07226 (type: ports) to 1 [pid: 8|app: 0|req: 641/1231] 10.0.0.9 () {34 vars in 663 bytes} [Wed Jul 15 00:20:53 2026] POST /v2.0/ports => generated 958 bytes in 464 msecs (HTTP/1.1 201) 4 headers in 162 bytes (1 switches on core 0)
2026-07-15 00:20:54.545 7 WARNING neutron.scheduler.dhcp_agent_scheduler [None req-941826e9-0f26-48a3-9d7e-8cf27252eea8 de6422d7214549e88e367ec53582aecd 5043bffe0fc34f7a9a1e4055c98199a2 - - default default] No more DHCP agents
2026-07-15 00:20:54.547 7 WARNING neutron.api.rpc.agentnotifiers.dhcp_rpc_agent_api [None req-941826e9-0f26-48a3-9d7e-8cf27252eea8 de6422d7214549e88e367ec53582aecd 5043bffe0fc34f7a9a1e4055c98199a2 - - default default] Unable to schedule network 63bfc501-57a4-4bb2-922f-7bd39db064a3: no agents available; will retry on subsequent port and subnet creation events. /var/lib/openstack/lib/python3.12/site-packages/pycadf/identifier.py:70: UserWarning: Invalid uuid: neutron. To ensure interoperability, identifiers should be a valid uuid. warnings.warn(('Invalid uuid: %s. To ensure interoperability, '
2026-07-15 00:20:54.788 8 INFO neutron.db.ovn_revision_numbers_db [None req-0de49671-275a-4b36-ad3e-c162268f053a ee0847ec8885450e89893411e7798beb fd938b09b9974e31b3e8c0eacce8a99c - - default default] Successfully bumped revision number for resource ada65ded-a8f9-4460-b15d-f490831977e9 (type: security_groups) to 1
2026-07-15 00:20:54.816 8 INFO neutron.db.ovn_revision_numbers_db [None req-0de49671-275a-4b36-ad3e-c162268f053a ee0847ec8885450e89893411e7798beb fd938b09b9974e31b3e8c0eacce8a99c - - default default] Successfully bumped revision number for resource 3b9f27eb-0b5c-4f57-992b-d9b487bd52da (type: security_group_rules) to 0
2026-07-15 00:20:54.963 8 INFO neutron.db.ovn_revision_numbers_db [None req-0de49671-275a-4b36-ad3e-c162268f053a ee0847ec8885450e89893411e7798beb fd938b09b9974e31b3e8c0eacce8a99c - - default default] Successfully bumped revision number for resource 625d3fc2-2d9e-4494-b08f-450bf32e2b2d (type: security_group_rules) to 0
2026-07-15 00:20:55.033 8 INFO neutron.db.ovn_revision_numbers_db [None req-0de49671-275a-4b36-ad3e-c162268f053a ee0847ec8885450e89893411e7798beb fd938b09b9974e31b3e8c0eacce8a99c - - default default] Successfully bumped revision number for resource b81908f8-65a0-4a7a-9b24-5326f1def175 (type: security_group_rules) to 0
2026-07-15 00:20:55.081 8 INFO neutron.db.ovn_revision_numbers_db [None req-0de49671-275a-4b36-ad3e-c162268f053a ee0847ec8885450e89893411e7798beb fd938b09b9974e31b3e8c0eacce8a99c - - default default] Successfully bumped revision number for resource fd875383-9e81-43a3-8a82-a0cfcf203c79 (type: security_group_rules) to 0
2026-07-15 00:20:55.165 8 INFO neutron.db.segments_db [None req-0de49671-275a-4b36-ad3e-c162268f053a ee0847ec8885450e89893411e7798beb fd938b09b9974e31b3e8c0eacce8a99c - - default default] Added segment d0771c37-c99a-4a7e-871d-47699da98eb8 of type geneve for network 68d1bcd8-b3a0-42c6-8823-3e9c389e9c96
2026-07-15 00:20:55.272 8 INFO neutron.db.ovn_revision_numbers_db [None req-0de49671-275a-4b36-ad3e-c162268f053a ee0847ec8885450e89893411e7798beb fd938b09b9974e31b3e8c0eacce8a99c - - default default] Successfully bumped revision number for resource 68d1bcd8-b3a0-42c6-8823-3e9c389e9c96 (type: networks) to 1
2026-07-15 00:20:55.448 8 WARNING neutron.scheduler.dhcp_agent_scheduler [None req-0de49671-275a-4b36-ad3e-c162268f053a ee0847ec8885450e89893411e7798beb fd938b09b9974e31b3e8c0eacce8a99c - - default default] No more DHCP agents
2026-07-15 00:20:55.449 8 WARNING neutron.api.rpc.agentnotifiers.dhcp_rpc_agent_api [None req-0de49671-275a-4b36-ad3e-c162268f053a ee0847ec8885450e89893411e7798beb fd938b09b9974e31b3e8c0eacce8a99c - - default default] Unable to schedule network 68d1bcd8-b3a0-42c6-8823-3e9c389e9c96: no agents available; will retry on subsequent port and subnet creation events.
2026-07-15 00:20:55.547 8 INFO neutron.db.ovn_revision_numbers_db [None req-0de49671-275a-4b36-ad3e-c162268f053a ee0847ec8885450e89893411e7798beb fd938b09b9974e31b3e8c0eacce8a99c - - default default] Successfully bumped revision number for resource 22dc450d-98fe-4d93-b18a-12b350448988 (type: ports) to 1 [pid: 8|app: 0|req: 642/1232] 10.0.0.9 () {34 vars in 669 bytes} [Wed Jul 15 00:20:54 2026] POST /v2.0/networks => generated 782 bytes in 1107 msecs (HTTP/1.1 201) 4 headers in 162 bytes (1 switches on core 0)
2026-07-15 00:20:55.713 8 WARNING neutron.scheduler.dhcp_agent_scheduler [None req-51f76523-239f-4bda-8193-9b1b7cd07ed8 ee0847ec8885450e89893411e7798beb fd938b09b9974e31b3e8c0eacce8a99c - - default default] No more DHCP agents
2026-07-15 00:20:55.714 8 WARNING neutron.api.rpc.agentnotifiers.dhcp_rpc_agent_api [None req-51f76523-239f-4bda-8193-9b1b7cd07ed8 ee0847ec8885450e89893411e7798beb fd938b09b9974e31b3e8c0eacce8a99c - - default default] Unable to schedule network 68d1bcd8-b3a0-42c6-8823-3e9c389e9c96: no agents available; will retry on subsequent port and subnet creation events.
2026-07-15 00:20:56.027 7 INFO neutron.db.ovn_revision_numbers_db [None req-941826e9-0f26-48a3-9d7e-8cf27252eea8 de6422d7214549e88e367ec53582aecd 5043bffe0fc34f7a9a1e4055c98199a2 - - default default] Successfully bumped revision number for resource cf19580f-c12e-430d-9c24-f7ec141e75df (type: floatingips) to 1
2026-07-15 00:20:56.027 7 INFO neutron.db.l3_db [None req-941826e9-0f26-48a3-9d7e-8cf27252eea8 de6422d7214549e88e367ec53582aecd 5043bffe0fc34f7a9a1e4055c98199a2 - - default default] Floating IP cf19580f-c12e-430d-9c24-f7ec141e75df associated. External IP: 10.96.250.214, port: 999c7bbb-762c-4ac9-990b-6182fdf07226. [pid: 7|app: 0|req: 591/1233] 10.0.0.9 () {34 vars in 675 bytes} [Wed Jul 15 00:20:54 2026] POST /v2.0/floatingips => generated 842 bytes in 1871 msecs (HTTP/1.1 201) 4 headers in 162 bytes (1 switches on core 0)
2026-07-15 00:20:56.110 7 WARNING neutron.plugins.ml2.drivers.ovn.mech_driver.ovsdb.ovn_client [None req-1fe53ede-b675-4403-8014-933177ae4edf - - - - - -] No hosting information found for port e75434ab-ea78-4a5e-a3bc-b528c0361e43: RuntimeError: No hosting information found for port e75434ab-ea78-4a5e-a3bc-b528c0361e43
2026-07-15 00:20:56.146 7 INFO neutron.common.ovn.utils [None req-1fe53ede-b675-4403-8014-933177ae4edf - - - - - -] HA Chassis Group neutron-b319ac9a-3afa-4e50-a5ea-6ba6dd1619ee synchronized; highest priority chassis d11c9f29-1f0f-4f71-bdc7-226daf8d005b
2026-07-15 00:20:56.175 8 INFO neutron.db.ovn_revision_numbers_db [None req-51f76523-239f-4bda-8193-9b1b7cd07ed8 ee0847ec8885450e89893411e7798beb fd938b09b9974e31b3e8c0eacce8a99c - - default default] Successfully bumped revision number for resource 22dc450d-98fe-4d93-b18a-12b350448988 (type: ports) to 2
2026-07-15 00:20:56.255 8 INFO neutron.db.ovn_revision_numbers_db [None req-51f76523-239f-4bda-8193-9b1b7cd07ed8 ee0847ec8885450e89893411e7798beb fd938b09b9974e31b3e8c0eacce8a99c - - default default] Successfully bumped revision number for resource f3c8bd45-7dff-497c-affa-e62207d6de3d (type: subnets) to 0 [pid: 8|app: 0|req: 643/1234] 10.0.0.9 () {34 vars in 667 bytes} [Wed Jul 15 00:20:55 2026] POST /v2.0/subnets => generated 688 bytes in 702 msecs (HTTP/1.1 201) 4 headers in 162 bytes (1 switches on core 0)
2026-07-15 00:20:56.390 7 INFO neutron.db.ovn_revision_numbers_db [None req-4cae10c1-ad56-48d1-87e0-d2959d847351 ee0847ec8885450e89893411e7798beb fd938b09b9974e31b3e8c0eacce8a99c - - default default] Successfully bumped revision number for resource 7cf2006c-82a5-4375-a675-6c95a67fb201 (type: security_groups) to 1
2026-07-15 00:20:56.414 7 INFO neutron.db.ovn_revision_numbers_db [None req-4cae10c1-ad56-48d1-87e0-d2959d847351 ee0847ec8885450e89893411e7798beb fd938b09b9974e31b3e8c0eacce8a99c - - default default] Successfully bumped revision number for resource 3e555728-a3bf-4dba-bd2e-b12631793e3a (type: security_group_rules) to 0
2026-07-15 00:20:56.438 7 INFO neutron.db.ovn_revision_numbers_db [None req-4cae10c1-ad56-48d1-87e0-d2959d847351 ee0847ec8885450e89893411e7798beb fd938b09b9974e31b3e8c0eacce8a99c - - default default] Successfully bumped revision number for resource 441a4568-2677-41e7-a83c-d3f6858ca331 (type: security_group_rules) to 0
2026-07-15 00:20:56.462 7 INFO neutron.db.ovn_revision_numbers_db [None req-4cae10c1-ad56-48d1-87e0-d2959d847351 ee0847ec8885450e89893411e7798beb fd938b09b9974e31b3e8c0eacce8a99c - - default default] Successfully bumped revision number for resource 7806692e-db1b-49e5-bf5c-9b80df6d3361 (type: security_group_rules) to 0
2026-07-15 00:20:56.481 7 INFO neutron.db.ovn_revision_numbers_db [None req-4cae10c1-ad56-48d1-87e0-d2959d847351 ee0847ec8885450e89893411e7798beb fd938b09b9974e31b3e8c0eacce8a99c - - default default] Successfully bumped revision number for resource fe62557b-80e1-47df-bfc8-6d2ea231b945 (type: security_group_rules) to 0
2026-07-15 00:20:56.515 8 INFO neutron.db.l3_db [None req-d18fb1e7-e2f7-41d7-93d0-313a7a534e6c de6422d7214549e88e367ec53582aecd 5043bffe0fc34f7a9a1e4055c98199a2 - - default default] Floating IP cf19580f-c12e-430d-9c24-f7ec141e75df disassociated. External IP: 10.96.250.214, port: 999c7bbb-762c-4ac9-990b-6182fdf07226. [pid: 8|app: 0|req: 644/1235] 10.0.0.9 () {34 vars in 747 bytes} [Wed Jul 15 00:20:56 2026] PUT /v2.0/floatingips/cf19580f-c12e-430d-9c24-f7ec141e75df => generated 554 bytes in 272 msecs (HTTP/1.1 200) 4 headers in 157 bytes (1 switches on core 0)
2026-07-15 00:20:56.564 7 INFO neutron.db.segments_db [None req-4cae10c1-ad56-48d1-87e0-d2959d847351 ee0847ec8885450e89893411e7798beb fd938b09b9974e31b3e8c0eacce8a99c - - default default] Added segment 3d8e3eb2-cd75-4d06-ae5e-560ffe00dcc6 of type geneve for network 8f24d555-be7b-4a86-8f8c-5329d995a0de
2026-07-15 00:20:56.757 7 INFO neutron.db.ovn_revision_numbers_db [None req-4cae10c1-ad56-48d1-87e0-d2959d847351 ee0847ec8885450e89893411e7798beb fd938b09b9974e31b3e8c0eacce8a99c - - default default] Successfully bumped revision number for resource 8f24d555-be7b-4a86-8f8c-5329d995a0de (type: networks) to 1
2026-07-15 00:20:57.037 7 WARNING neutron.scheduler.dhcp_agent_scheduler [None req-4cae10c1-ad56-48d1-87e0-d2959d847351 ee0847ec8885450e89893411e7798beb fd938b09b9974e31b3e8c0eacce8a99c - - default default] No more DHCP agents
2026-07-15 00:20:57.038 7 WARNING neutron.api.rpc.agentnotifiers.dhcp_rpc_agent_api [None req-4cae10c1-ad56-48d1-87e0-d2959d847351 ee0847ec8885450e89893411e7798beb fd938b09b9974e31b3e8c0eacce8a99c - - default default] Unable to schedule network 8f24d555-be7b-4a86-8f8c-5329d995a0de: no agents available; will retry on subsequent port and subnet creation events.
2026-07-15 00:20:57.077 7 INFO neutron.plugins.ml2.drivers.ovn.mech_driver.mech_driver [None req-1fe53ede-b675-4403-8014-933177ae4edf - - - - - -] OVN reports status down for port: 19a8d485-3911-40ea-9f9a-af197169f8da
2026-07-15 00:20:57.146 7 INFO neutron.db.ovn_revision_numbers_db [None req-4cae10c1-ad56-48d1-87e0-d2959d847351 ee0847ec8885450e89893411e7798beb fd938b09b9974e31b3e8c0eacce8a99c - - default default] Successfully bumped revision number for resource 19a8d485-3911-40ea-9f9a-af197169f8da (type: ports) to 1 [pid: 7|app: 0|req: 592/1236] 10.0.0.9 () {34 vars in 669 bytes} [Wed Jul 15 00:20:56 2026] POST /v2.0/networks => generated 784 bytes in 1127 msecs (HTTP/1.1 201) 4 headers in 162 bytes (1 switches on core 0)
2026-07-15 00:20:57.352 7 INFO neutron_taas.services.taas.taas_plugin [None req-0161a0ee-651a-4834-a868-3c51ddf3e036 de6422d7214549e88e367ec53582aecd 5043bffe0fc34f7a9a1e4055c98199a2 - - default default] TaaS: Handle Delete Port: cd46ef8f-f74a-4388-9352-db15c0c174eb
2026-07-15 00:20:57.355 7 INFO neutron_taas.services.taas.tap_mirror_plugin [None req-0161a0ee-651a-4834-a868-3c51ddf3e036 de6422d7214549e88e367ec53582aecd 5043bffe0fc34f7a9a1e4055c98199a2 - - default default] Tap Mirror: Handle Delete Port: cd46ef8f-f74a-4388-9352-db15c0c174eb
2026-07-15 00:20:57.413 8 WARNING neutron.scheduler.dhcp_agent_scheduler [None req-77cdfbbe-bb7f-4b0f-aac4-0215fb7518d9 ee0847ec8885450e89893411e7798beb fd938b09b9974e31b3e8c0eacce8a99c - - default default] No more DHCP agents
2026-07-15 00:20:57.416 8 WARNING neutron.api.rpc.agentnotifiers.dhcp_rpc_agent_api [None req-77cdfbbe-bb7f-4b0f-aac4-0215fb7518d9 ee0847ec8885450e89893411e7798beb fd938b09b9974e31b3e8c0eacce8a99c - - default default] Unable to schedule network 63bfc501-57a4-4bb2-922f-7bd39db064a3: no agents available; will retry on subsequent port and subnet creation events.
2026-07-15 00:20:57.557 7 INFO neutron.plugins.ml2.drivers.ovn.mech_driver.mech_driver [None req-1fe53ede-b675-4403-8014-933177ae4edf - - - - - -] OVN reports status down for port: e9db02b1-1c76-4702-b06a-af4e923ac735
2026-07-15 00:20:57.707 8 INFO neutron.db.ovn_revision_numbers_db [None req-77cdfbbe-bb7f-4b0f-aac4-0215fb7518d9 ee0847ec8885450e89893411e7798beb fd938b09b9974e31b3e8c0eacce8a99c - - default default] Successfully bumped revision number for resource e9db02b1-1c76-4702-b06a-af4e923ac735 (type: ports) to 1 [pid: 7|app: 0|req: 593/1237] 10.0.0.9 () {32 vars in 730 bytes} [Wed Jul 15 00:20:57 2026] DELETE /v2.0/floatingips/cf19580f-c12e-430d-9c24-f7ec141e75df => generated 0 bytes in 579 msecs (HTTP/1.1 204) 2 headers in 112 bytes (1 switches on core 0)
2026-07-15 00:20:58.041 7 WARNING neutron.scheduler.dhcp_agent_scheduler [None req-4a025946-2922-4bf6-a754-68fbba565ce5 ee0847ec8885450e89893411e7798beb fd938b09b9974e31b3e8c0eacce8a99c - - default default] No more DHCP agents
2026-07-15 00:20:58.042 7 WARNING neutron.api.rpc.agentnotifiers.dhcp_rpc_agent_api [None req-4a025946-2922-4bf6-a754-68fbba565ce5 ee0847ec8885450e89893411e7798beb fd938b09b9974e31b3e8c0eacce8a99c - - default default] Unable to schedule network 8f24d555-be7b-4a86-8f8c-5329d995a0de: no agents available; will retry on subsequent port and subnet creation events.
2026-07-15 00:20:58.343 8 INFO neutron.plugins.ml2.drivers.ovn.mech_driver.ovsdb.ovsdb_monitor [None req-7bc87691-4137-464c-ab42-b30028291b99 - - - - - -] Router 9d270a94-8fd8-4ff3-8433-1a0e6a03fd22 is bound to host instance
2026-07-15 00:20:58.362 7 INFO neutron.plugins.ml2.drivers.ovn.mech_driver.mech_driver [None req-1fe53ede-b675-4403-8014-933177ae4edf - - - - - -] OVN reports status up for port: e9db02b1-1c76-4702-b06a-af4e923ac735
2026-07-15 00:20:58.436 8 INFO neutron.db.ovn_revision_numbers_db [None req-77cdfbbe-bb7f-4b0f-aac4-0215fb7518d9 ee0847ec8885450e89893411e7798beb fd938b09b9974e31b3e8c0eacce8a99c - - default default] Successfully bumped revision number for resource e9db02b1-1c76-4702-b06a-af4e923ac735 (type: router_ports) to 1
2026-07-15 00:20:58.437 7 INFO neutron.plugins.ml2.plugin [None req-1fe53ede-b675-4403-8014-933177ae4edf - - - - - -] Attempt 1 to provision port e9db02b1-1c76-4702-b06a-af4e923ac735
2026-07-15 00:20:58.712 8 INFO neutron.db.ovn_revision_numbers_db [None req-77cdfbbe-bb7f-4b0f-aac4-0215fb7518d9 ee0847ec8885450e89893411e7798beb fd938b09b9974e31b3e8c0eacce8a99c - - default default] Successfully bumped revision number for resource 9d270a94-8fd8-4ff3-8433-1a0e6a03fd22 (type: routers) to 2
2026-07-15 00:20:58.803 7 INFO neutron.db.ovn_revision_numbers_db [None req-4a025946-2922-4bf6-a754-68fbba565ce5 ee0847ec8885450e89893411e7798beb fd938b09b9974e31b3e8c0eacce8a99c - - default default] Successfully bumped revision number for resource 19a8d485-3911-40ea-9f9a-af197169f8da (type: ports) to 2 [pid: 8|app: 0|req: 645/1238] 10.0.0.9 () {34 vars in 667 bytes} [Wed Jul 15 00:20:56 2026] POST /v2.0/routers => generated 987 bytes in 2256 msecs (HTTP/1.1 201) 4 headers in 162 bytes (1 switches on core 0)
2026-07-15 00:20:58.878 7 INFO neutron.db.ovn_revision_numbers_db [None req-4a025946-2922-4bf6-a754-68fbba565ce5 ee0847ec8885450e89893411e7798beb fd938b09b9974e31b3e8c0eacce8a99c - - default default] Successfully bumped revision number for resource 31ab751b-ece9-4d84-abda-2cafedac0c60 (type: subnets) to 0 [pid: 7|app: 0|req: 594/1239] 10.0.0.9 () {34 vars in 667 bytes} [Wed Jul 15 00:20:57 2026] POST /v2.0/subnets => generated 690 bytes in 1104 msecs (HTTP/1.1 201) 4 headers in 162 bytes (1 switches on core 0)
2026-07-15 00:20:58.930 8 WARNING neutron.db.securitygroups_db [None req-34ce8746-364e-401e-9008-1ef418c12a2e ee0847ec8885450e89893411e7798beb fd938b09b9974e31b3e8c0eacce8a99c - - default default] project_id key not found in filters, using tenant_id instead. This support has been deprecated and will be removed in a future release.
2026-07-15 00:20:59.084 8 WARNING neutron.plugins.ml2.drivers.ovn.mech_driver.ovsdb.ovn_client [None req-20076304-93dc-4572-a45d-54c89aafc63f - - - - - -] No hosting information found for port 48985987-f55e-4cc8-af0b-fa0dc7db141a: RuntimeError: No hosting information found for port 48985987-f55e-4cc8-af0b-fa0dc7db141a
2026-07-15 00:20:59.377 7 WARNING neutron.scheduler.dhcp_agent_scheduler [None req-3882de2a-b87f-4705-bb68-74b3dbdd1be2 de6422d7214549e88e367ec53582aecd 5043bffe0fc34f7a9a1e4055c98199a2 - - default default] No more DHCP agents
2026-07-15 00:20:59.378 7 WARNING neutron.api.rpc.agentnotifiers.dhcp_rpc_agent_api [None req-3882de2a-b87f-4705-bb68-74b3dbdd1be2 de6422d7214549e88e367ec53582aecd 5043bffe0fc34f7a9a1e4055c98199a2 - - default default] Unable to schedule network 63bfc501-57a4-4bb2-922f-7bd39db064a3: no agents available; will retry on subsequent port and subnet creation events.
2026-07-15 00:20:59.601 8 INFO neutron.db.ovn_revision_numbers_db [None req-20076304-93dc-4572-a45d-54c89aafc63f - - - - - -] Successfully bumped revision number for resource 48985987-f55e-4cc8-af0b-fa0dc7db141a (type: router_ports) to 2
2026-07-15 00:20:59.669 8 INFO neutron.plugins.ml2.drivers.ovn.mech_driver.mech_driver [None req-20076304-93dc-4572-a45d-54c89aafc63f - - - - - -] OVN reports status down for port: 5eb4940b-9a79-4f20-b520-aa9b1709ed30
2026-07-15 00:20:59.706 8 INFO neutron.db.ovn_revision_numbers_db [None req-34ce8746-364e-401e-9008-1ef418c12a2e ee0847ec8885450e89893411e7798beb fd938b09b9974e31b3e8c0eacce8a99c - - default default] Successfully bumped revision number for resource 91639ad5-1bc9-46ef-9756-9d7b2dc45663 (type: security_groups) to 1
2026-07-15 00:20:59.760 8 INFO neutron.db.ovn_revision_numbers_db [None req-34ce8746-364e-401e-9008-1ef418c12a2e ee0847ec8885450e89893411e7798beb fd938b09b9974e31b3e8c0eacce8a99c - - default default] Successfully bumped revision number for resource 220c9391-5e34-4672-81f1-04fbe99a04c9 (type: security_group_rules) to 0
2026-07-15 00:20:59.797 8 INFO neutron.db.ovn_revision_numbers_db [None req-34ce8746-364e-401e-9008-1ef418c12a2e ee0847ec8885450e89893411e7798beb fd938b09b9974e31b3e8c0eacce8a99c - - default default] Successfully bumped revision number for resource 648fd28c-16f8-4954-8510-1859f9cee097 (type: security_group_rules) to 0
2026-07-15 00:20:59.840 8 INFO neutron.db.ovn_revision_numbers_db [None req-34ce8746-364e-401e-9008-1ef418c12a2e ee0847ec8885450e89893411e7798beb fd938b09b9974e31b3e8c0eacce8a99c - - default default] Successfully bumped revision number for resource 6bc95143-4994-49b1-a14f-46bc0934d881 (type: security_group_rules) to 0
2026-07-15 00:20:59.878 8 INFO neutron.db.ovn_revision_numbers_db [None req-34ce8746-364e-401e-9008-1ef418c12a2e ee0847ec8885450e89893411e7798beb fd938b09b9974e31b3e8c0eacce8a99c - - default default] Successfully bumped revision number for resource a9c4d604-bb41-42af-9769-dfede9b444ec (type: security_group_rules) to 0
2026-07-15 00:20:59.883 8 INFO neutron.plugins.ml2.drivers.ovn.mech_driver.mech_driver [None req-20076304-93dc-4572-a45d-54c89aafc63f - - - - - -] OVN reports status down for port: 999c7bbb-762c-4ac9-990b-6182fdf07226 [pid: 8|app: 0|req: 646/1240] 10.0.0.9 () {32 vars in 772 bytes} [Wed Jul 15 00:20:58 2026] GET /v2.0/security-groups?tenant_id=01c88b7ba667421d822230e8dbba0356&name=default => generated 2925 bytes in 1212 msecs (HTTP/1.1 200) 4 headers in 158 bytes (1 switches on core 0)
2026-07-15 00:21:00.233 8 INFO neutron.plugins.ml2.drivers.ovn.mech_driver.mech_driver [None req-20076304-93dc-4572-a45d-54c89aafc63f - - - - - -] OVN reports status down for port: 22dc450d-98fe-4d93-b18a-12b350448988
2026-07-15 00:21:00.276 7 INFO neutron.db.ovn_revision_numbers_db [None req-3882de2a-b87f-4705-bb68-74b3dbdd1be2 de6422d7214549e88e367ec53582aecd 5043bffe0fc34f7a9a1e4055c98199a2 - - default default] Successfully bumped revision number for resource 1ee40648-1a43-456e-a7dc-bf92cf097099 (type: floatingips) to 1
2026-07-15 00:21:00.277 7 INFO neutron.db.l3_db [None req-3882de2a-b87f-4705-bb68-74b3dbdd1be2 de6422d7214549e88e367ec53582aecd 5043bffe0fc34f7a9a1e4055c98199a2 - - default default] Floating IP 1ee40648-1a43-456e-a7dc-bf92cf097099 associated. External IP: 10.96.250.208, port: 5eb4940b-9a79-4f20-b520-aa9b1709ed30.
2026-07-15 00:21:00.332 8 INFO neutron.db.ovn_revision_numbers_db [None req-6c1126fd-0351-4ad3-9a3f-0afc686e0b6e - - - - - -] Successfully bumped revision number for resource e9db02b1-1c76-4702-b06a-af4e923ac735 (type: ports) to 4 [pid: 7|app: 0|req: 595/1241] 10.0.0.9 () {34 vars in 675 bytes} [Wed Jul 15 00:20:58 2026] POST /v2.0/floatingips => generated 841 bytes in 1435 msecs (HTTP/1.1 201) 4 headers in 162 bytes (1 switches on core 0)
2026-07-15 00:21:00.818 7 WARNING neutron.scheduler.dhcp_agent_scheduler [None req-bf01fda0-01ec-42fa-b693-ace1225a3695 ee0847ec8885450e89893411e7798beb fd938b09b9974e31b3e8c0eacce8a99c - - default default] No more DHCP agents
2026-07-15 00:21:00.820 7 WARNING neutron.api.rpc.agentnotifiers.dhcp_rpc_agent_api [None req-bf01fda0-01ec-42fa-b693-ace1225a3695 ee0847ec8885450e89893411e7798beb fd938b09b9974e31b3e8c0eacce8a99c - - default default] Unable to schedule network 63bfc501-57a4-4bb2-922f-7bd39db064a3: no agents available; will retry on subsequent port and subnet creation events.
2026-07-15 00:21:00.942 7 INFO neutron.plugins.ml2.drivers.ovn.mech_driver.mech_driver [None req-1fe53ede-b675-4403-8014-933177ae4edf - - - - - -] OVN reports status down for port: 5e11870d-1dd6-4abd-8085-b7ab2ae2fd98
2026-07-15 00:21:01.020 7 INFO neutron.db.ovn_revision_numbers_db [None req-bf01fda0-01ec-42fa-b693-ace1225a3695 ee0847ec8885450e89893411e7798beb fd938b09b9974e31b3e8c0eacce8a99c - - default default] Successfully bumped revision number for resource 5e11870d-1dd6-4abd-8085-b7ab2ae2fd98 (type: ports) to 1
2026-07-15 00:21:01.094 8 INFO neutron.db.ovn_revision_numbers_db [None req-6c1126fd-0351-4ad3-9a3f-0afc686e0b6e - - - - - -] Successfully bumped revision number for resource e9db02b1-1c76-4702-b06a-af4e923ac735 (type: ports) to 5
2026-07-15 00:21:01.097 8 WARNING neutron.scheduler.dhcp_agent_scheduler [None req-df74d590-3b18-4e52-a025-6b7c7c78b664 ee0847ec8885450e89893411e7798beb fd938b09b9974e31b3e8c0eacce8a99c - - default default] No more DHCP agents
2026-07-15 00:21:01.100 8 WARNING neutron.api.rpc.agentnotifiers.dhcp_rpc_agent_api [None req-df74d590-3b18-4e52-a025-6b7c7c78b664 ee0847ec8885450e89893411e7798beb fd938b09b9974e31b3e8c0eacce8a99c - - default default] Unable to schedule network 68d1bcd8-b3a0-42c6-8823-3e9c389e9c96: no agents available; will retry on subsequent port and subnet creation events.
2026-07-15 00:21:01.266 8 INFO neutron.plugins.ml2.drivers.ovn.mech_driver.mech_driver [None req-20076304-93dc-4572-a45d-54c89aafc63f - - - - - -] OVN reports status down for port: 2945d6da-4cc3-416a-b22c-ae219fafd05b
2026-07-15 00:21:01.339 8 INFO neutron.db.ovn_revision_numbers_db [None req-df74d590-3b18-4e52-a025-6b7c7c78b664 ee0847ec8885450e89893411e7798beb fd938b09b9974e31b3e8c0eacce8a99c - - default default] Successfully bumped revision number for resource 2945d6da-4cc3-416a-b22c-ae219fafd05b (type: ports) to 1
2026-07-15 00:21:01.705 7 INFO neutron.plugins.ml2.drivers.ovn.mech_driver.ovsdb.ovsdb_monitor [None req-3cdb74b8-5fb3-43a9-bfe0-d198a2228e8e - - - - - -] Router 3c82fe1c-a08c-4537-a19e-38c7d60419b0 is bound to host instance
2026-07-15 00:21:01.712 7 INFO neutron.plugins.ml2.drivers.ovn.mech_driver.mech_driver [None req-1fe53ede-b675-4403-8014-933177ae4edf - - - - - -] OVN reports status up for port: 5e11870d-1dd6-4abd-8085-b7ab2ae2fd98
2026-07-15 00:21:01.759 7 INFO neutron.plugins.ml2.plugin [None req-1fe53ede-b675-4403-8014-933177ae4edf - - - - - -] Attempt 1 to provision port 5e11870d-1dd6-4abd-8085-b7ab2ae2fd98
2026-07-15 00:21:01.794 7 INFO neutron.db.ovn_revision_numbers_db [None req-bf01fda0-01ec-42fa-b693-ace1225a3695 ee0847ec8885450e89893411e7798beb fd938b09b9974e31b3e8c0eacce8a99c - - default default] Successfully bumped revision number for resource 5e11870d-1dd6-4abd-8085-b7ab2ae2fd98 (type: router_ports) to 1
2026-07-15 00:21:01.978 8 INFO neutron.plugins.ml2.drivers.ovn.mech_driver.mech_driver [None req-20076304-93dc-4572-a45d-54c89aafc63f - - - - - -] OVN reports status up for port: 2945d6da-4cc3-416a-b22c-ae219fafd05b
2026-07-15 00:21:01.980 7 INFO neutron.db.ovn_revision_numbers_db [None req-bf01fda0-01ec-42fa-b693-ace1225a3695 ee0847ec8885450e89893411e7798beb fd938b09b9974e31b3e8c0eacce8a99c - - default default] Successfully bumped revision number for resource 3c82fe1c-a08c-4537-a19e-38c7d60419b0 (type: routers) to 2
2026-07-15 00:21:02.003 8 INFO neutron.plugins.ml2.plugin [None req-20076304-93dc-4572-a45d-54c89aafc63f - - - - - -] Attempt 1 to provision port 2945d6da-4cc3-416a-b22c-ae219fafd05b [pid: 7|app: 0|req: 596/1242] 10.0.0.9 () {34 vars in 667 bytes} [Wed Jul 15 00:21:00 2026] POST /v2.0/routers => generated 989 bytes in 1668 msecs (HTTP/1.1 201) 4 headers in 162 bytes (1 switches on core 0)
2026-07-15 00:21:02.130 8 WARNING neutron.scheduler.dhcp_agent_scheduler [None req-df74d590-3b18-4e52-a025-6b7c7c78b664 ee0847ec8885450e89893411e7798beb fd938b09b9974e31b3e8c0eacce8a99c - - default default] No more DHCP agents
2026-07-15 00:21:02.133 8 WARNING neutron.api.rpc.agentnotifiers.dhcp_rpc_agent_api [None req-df74d590-3b18-4e52-a025-6b7c7c78b664 ee0847ec8885450e89893411e7798beb fd938b09b9974e31b3e8c0eacce8a99c - - default default] Unable to schedule network 68d1bcd8-b3a0-42c6-8823-3e9c389e9c96: no agents available; will retry on subsequent port and subnet creation events. [pid: 7|app: 0|req: 597/1243] 10.0.0.9 () {32 vars in 738 bytes} [Wed Jul 15 00:21:02 2026] DELETE /v2.0/security-groups/91639ad5-1bc9-46ef-9756-9d7b2dc45663 => generated 0 bytes in 367 msecs (HTTP/1.1 204) 2 headers in 112 bytes (1 switches on core 0) [pid: 7|app: 0|req: 598/1244] 10.0.0.9 () {32 vars in 727 bytes} [Wed Jul 15 00:21:02 2026] GET /v2.0/floatingips/1ee40648-1a43-456e-a7dc-bf92cf097099 => generated 843 bytes in 84 msecs (HTTP/1.1 200) 4 headers in 157 bytes (1 switches on core 0)
2026-07-15 00:21:02.745 8 INFO neutron.db.ovn_revision_numbers_db [None req-20076304-93dc-4572-a45d-54c89aafc63f - - - - - -] Successfully bumped revision number for resource 2945d6da-4cc3-416a-b22c-ae219fafd05b (type: ports) to 2
2026-07-15 00:21:02.965 8 INFO neutron.db.ovn_revision_numbers_db [None req-df74d590-3b18-4e52-a025-6b7c7c78b664 ee0847ec8885450e89893411e7798beb fd938b09b9974e31b3e8c0eacce8a99c - - default default] Successfully bumped revision number for resource 2945d6da-4cc3-416a-b22c-ae219fafd05b (type: router_ports) to 1 [pid: 8|app: 0|req: 647/1245] 10.0.0.9 () {34 vars in 781 bytes} [Wed Jul 15 00:21:00 2026] PUT /v2.0/routers/9d270a94-8fd8-4ff3-8433-1a0e6a03fd22/add_router_interface => generated 310 bytes in 2954 msecs (HTTP/1.1 200) 4 headers in 157 bytes (1 switches on core 0) /var/lib/openstack/lib/python3.12/site-packages/pycadf/identifier.py:70: UserWarning: Invalid uuid: neutron. To ensure interoperability, identifiers should be a valid uuid. warnings.warn(('Invalid uuid: %s. To ensure interoperability, ' [pid: 8|app: 0|req: 648/1246] 10.0.0.9 () {32 vars in 653 bytes} [Wed Jul 15 00:21:02 2026] GET /v2.0/floatingips => generated 846 bytes in 89 msecs (HTTP/1.1 200) 4 headers in 157 bytes (1 switches on core 0)
2026-07-15 00:21:03.068 8 WARNING neutron.db.securitygroups_db [None req-d13174cb-8b94-484a-806c-030c8d95f4d3 ee0847ec8885450e89893411e7798beb fd938b09b9974e31b3e8c0eacce8a99c - - default default] project_id key not found in filters, using tenant_id instead. This support has been deprecated and will be removed in a future release.
2026-07-15 00:21:03.235 8 INFO neutron.db.ovn_revision_numbers_db [None req-d13174cb-8b94-484a-806c-030c8d95f4d3 ee0847ec8885450e89893411e7798beb fd938b09b9974e31b3e8c0eacce8a99c - - default default] Successfully bumped revision number for resource aac0585f-f641-4708-a04a-828c6041e100 (type: security_groups) to 1
2026-07-15 00:21:03.254 8 INFO neutron.db.ovn_revision_numbers_db [None req-d13174cb-8b94-484a-806c-030c8d95f4d3 ee0847ec8885450e89893411e7798beb fd938b09b9974e31b3e8c0eacce8a99c - - default default] Successfully bumped revision number for resource 1de94ed2-5303-43b2-be08-766b08ed00bb (type: security_group_rules) to 0
2026-07-15 00:21:03.271 8 INFO neutron.db.ovn_revision_numbers_db [None req-d13174cb-8b94-484a-806c-030c8d95f4d3 ee0847ec8885450e89893411e7798beb fd938b09b9974e31b3e8c0eacce8a99c - - default default] Successfully bumped revision number for resource 5d0624ad-3d32-45fa-b95d-0e45bf57b7d1 (type: security_group_rules) to 0
2026-07-15 00:21:03.286 8 INFO neutron.db.ovn_revision_numbers_db [None req-d13174cb-8b94-484a-806c-030c8d95f4d3 ee0847ec8885450e89893411e7798beb fd938b09b9974e31b3e8c0eacce8a99c - - default default] Successfully bumped revision number for resource a4d0257e-add9-4a81-8338-4dfba7fbdabf (type: security_group_rules) to 0
2026-07-15 00:21:03.295 7 WARNING neutron.scheduler.dhcp_agent_scheduler [None req-0bd00201-2882-4cc7-b7d7-4a4f78175b24 ee0847ec8885450e89893411e7798beb fd938b09b9974e31b3e8c0eacce8a99c - - default default] No more DHCP agents
2026-07-15 00:21:03.298 7 WARNING neutron.api.rpc.agentnotifiers.dhcp_rpc_agent_api [None req-0bd00201-2882-4cc7-b7d7-4a4f78175b24 ee0847ec8885450e89893411e7798beb fd938b09b9974e31b3e8c0eacce8a99c - - default default] Unable to schedule network 8f24d555-be7b-4a86-8f8c-5329d995a0de: no agents available; will retry on subsequent port and subnet creation events.
2026-07-15 00:21:03.301 8 INFO neutron.db.ovn_revision_numbers_db [None req-d13174cb-8b94-484a-806c-030c8d95f4d3 ee0847ec8885450e89893411e7798beb fd938b09b9974e31b3e8c0eacce8a99c - - default default] Successfully bumped revision number for resource fcbf7230-63f2-4ce0-909d-de6c68e780cd (type: security_group_rules) to 0 [pid: 8|app: 0|req: 649/1247] 10.0.0.9 () {32 vars in 772 bytes} [Wed Jul 15 00:21:03 2026] GET /v2.0/security-groups?tenant_id=2a2040ac6aeb4f33985d7946a0f32237&name=default => generated 2925 bytes in 281 msecs (HTTP/1.1 200) 4 headers in 158 bytes (1 switches on core 0)
2026-07-15 00:21:03.541 7 INFO neutron.db.ovn_revision_numbers_db [None req-ed7aaae4-622e-4671-b01d-f91317bf3e41 - - - - - -] Successfully bumped revision number for resource 5e11870d-1dd6-4abd-8085-b7ab2ae2fd98 (type: ports) to 4
2026-07-15 00:21:03.634 7 INFO neutron.db.ovn_revision_numbers_db [None req-0bd00201-2882-4cc7-b7d7-4a4f78175b24 ee0847ec8885450e89893411e7798beb fd938b09b9974e31b3e8c0eacce8a99c - - default default] Successfully bumped revision number for resource 73007970-dfcc-4247-9bef-55df4d250161 (type: ports) to 1
2026-07-15 00:21:04.108 8 INFO neutron.db.ovn_revision_numbers_db [None req-233f7863-5b85-4413-a38a-aea1d7053dd5 de6422d7214549e88e367ec53582aecd 5043bffe0fc34f7a9a1e4055c98199a2 - - default default] Successfully bumped revision number for resource 1ee40648-1a43-456e-a7dc-bf92cf097099 (type: floatingips) to 2
2026-07-15 00:21:04.178 7 INFO neutron.db.ovn_revision_numbers_db [None req-ed7aaae4-622e-4671-b01d-f91317bf3e41 - - - - - -] Successfully bumped revision number for resource 5e11870d-1dd6-4abd-8085-b7ab2ae2fd98 (type: ports) to 5
2026-07-15 00:21:04.246 8 INFO neutron.db.l3_db [None req-233f7863-5b85-4413-a38a-aea1d7053dd5 de6422d7214549e88e367ec53582aecd 5043bffe0fc34f7a9a1e4055c98199a2 - - default default] Floating IP 1ee40648-1a43-456e-a7dc-bf92cf097099 associated. External IP: 10.96.250.208, port: 5eb4940b-9a79-4f20-b520-aa9b1709ed30. [pid: 8|app: 0|req: 650/1248] 10.0.0.9 () {34 vars in 747 bytes} [Wed Jul 15 00:21:03 2026] PUT /v2.0/floatingips/1ee40648-1a43-456e-a7dc-bf92cf097099 => generated 844 bytes in 958 msecs (HTTP/1.1 200) 4 headers in 157 bytes (1 switches on core 0)
2026-07-15 00:21:04.359 7 INFO neutron.common.ovn.utils [None req-1fe53ede-b675-4403-8014-933177ae4edf - - - - - -] HA Chassis Group neutron-68d1bcd8-b3a0-42c6-8823-3e9c389e9c96 synchronized; highest priority chassis d11c9f29-1f0f-4f71-bdc7-226daf8d005b
2026-07-15 00:21:04.396 7 INFO neutron.plugins.ml2.drivers.ovn.mech_driver.mech_driver [None req-1fe53ede-b675-4403-8014-933177ae4edf - - - - - -] OVN reports status down for port: 73007970-dfcc-4247-9bef-55df4d250161 [pid: 8|app: 0|req: 651/1249] 10.0.0.9 () {32 vars in 738 bytes} [Wed Jul 15 00:21:04 2026] DELETE /v2.0/security-groups/aac0585f-f641-4708-a04a-828c6041e100 => generated 0 bytes in 196 msecs (HTTP/1.1 204) 2 headers in 112 bytes (1 switches on core 0)
2026-07-15 00:21:04.784 7 INFO neutron.plugins.ml2.drivers.ovn.mech_driver.mech_driver [None req-1fe53ede-b675-4403-8014-933177ae4edf - - - - - -] OVN reports status up for port: 73007970-dfcc-4247-9bef-55df4d250161
2026-07-15 00:21:04.827 7 INFO neutron.plugins.ml2.plugin [None req-1fe53ede-b675-4403-8014-933177ae4edf - - - - - -] Attempt 1 to provision port 73007970-dfcc-4247-9bef-55df4d250161
2026-07-15 00:21:04.838 8 INFO neutron.db.l3_db [None req-f8c4be08-7f78-40c1-a561-eace7e0e5dea de6422d7214549e88e367ec53582aecd 5043bffe0fc34f7a9a1e4055c98199a2 - - default default] Floating IP 1ee40648-1a43-456e-a7dc-bf92cf097099 disassociated. External IP: 10.96.250.208, port: 999c7bbb-762c-4ac9-990b-6182fdf07226.
2026-07-15 00:21:04.842 7 INFO neutron.plugins.ml2.plugin [None req-0bd00201-2882-4cc7-b7d7-4a4f78175b24 ee0847ec8885450e89893411e7798beb fd938b09b9974e31b3e8c0eacce8a99c - - default default] Attempt 1 to provision port 73007970-dfcc-4247-9bef-55df4d250161 [pid: 8|app: 0|req: 652/1250] 10.0.0.9 () {34 vars in 747 bytes} [Wed Jul 15 00:21:04 2026] PUT /v2.0/floatingips/1ee40648-1a43-456e-a7dc-bf92cf097099 => generated 554 bytes in 364 msecs (HTTP/1.1 200) 4 headers in 157 bytes (1 switches on core 0)
2026-07-15 00:21:04.949 7 WARNING neutron.scheduler.dhcp_agent_scheduler [None req-0bd00201-2882-4cc7-b7d7-4a4f78175b24 ee0847ec8885450e89893411e7798beb fd938b09b9974e31b3e8c0eacce8a99c - - default default] No more DHCP agents
2026-07-15 00:21:04.955 7 WARNING neutron.api.rpc.agentnotifiers.dhcp_rpc_agent_api [None req-0bd00201-2882-4cc7-b7d7-4a4f78175b24 ee0847ec8885450e89893411e7798beb fd938b09b9974e31b3e8c0eacce8a99c - - default default] Unable to schedule network 8f24d555-be7b-4a86-8f8c-5329d995a0de: no agents available; will retry on subsequent port and subnet creation events.
2026-07-15 00:21:04.995 8 INFO neutron_taas.services.taas.taas_plugin [None req-c0e80123-5ec5-4164-ab80-064d1befabd5 de6422d7214549e88e367ec53582aecd 5043bffe0fc34f7a9a1e4055c98199a2 - - default default] TaaS: Handle Delete Port: f2e2b13c-0e42-4ae1-9866-315fecbbc99b
2026-07-15 00:21:04.998 8 INFO neutron_taas.services.taas.tap_mirror_plugin [None req-c0e80123-5ec5-4164-ab80-064d1befabd5 de6422d7214549e88e367ec53582aecd 5043bffe0fc34f7a9a1e4055c98199a2 - - default default] Tap Mirror: Handle Delete Port: f2e2b13c-0e42-4ae1-9866-315fecbbc99b [pid: 8|app: 0|req: 653/1251] 10.0.0.9 () {32 vars in 730 bytes} [Wed Jul 15 00:21:04 2026] DELETE /v2.0/floatingips/1ee40648-1a43-456e-a7dc-bf92cf097099 => generated 0 bytes in 327 msecs (HTTP/1.1 204) 2 headers in 112 bytes (1 switches on core 0)
2026-07-15 00:21:05.219 8 INFO neutron.api.v2.resource [None req-b2f357a4-2ae1-4172-ab5e-399838692218 de6422d7214549e88e367ec53582aecd 5043bffe0fc34f7a9a1e4055c98199a2 - - default default] delete failed (client error): The resource could not be found. [pid: 8|app: 0|req: 656/1254] 10.0.0.9 () {32 vars in 730 bytes} [Wed Jul 15 00:21:05 2026] DELETE /v2.0/floatingips/1ee40648-1a43-456e-a7dc-bf92cf097099 => generated 144 bytes in 21 msecs (HTTP/1.1 404) 4 headers in 164 bytes (1 switches on core 0)
2026-07-15 00:21:05.419 8 INFO neutron_taas.services.taas.taas_plugin [None req-022ceb07-32fd-4520-9146-e132e08ca8f7 de6422d7214549e88e367ec53582aecd 5043bffe0fc34f7a9a1e4055c98199a2 - - default default] TaaS: Handle Delete Port: 999c7bbb-762c-4ac9-990b-6182fdf07226
2026-07-15 00:21:05.425 8 INFO neutron_taas.services.taas.tap_mirror_plugin [None req-022ceb07-32fd-4520-9146-e132e08ca8f7 de6422d7214549e88e367ec53582aecd 5043bffe0fc34f7a9a1e4055c98199a2 - - default default] Tap Mirror: Handle Delete Port: 999c7bbb-762c-4ac9-990b-6182fdf07226
2026-07-15 00:21:05.568 7 INFO neutron.db.ovn_revision_numbers_db [None req-1fe53ede-b675-4403-8014-933177ae4edf - - - - - -] Successfully bumped revision number for resource 73007970-dfcc-4247-9bef-55df4d250161 (type: ports) to 2 [pid: 8|app: 0|req: 657/1255] 10.0.0.9 () {32 vars in 718 bytes} [Wed Jul 15 00:21:05 2026] DELETE /v2.0/ports/999c7bbb-762c-4ac9-990b-6182fdf07226 => generated 0 bytes in 460 msecs (HTTP/1.1 204) 3 headers in 131 bytes (1 switches on core 0) [pid: 8|app: 0|req: 658/1256] 10.0.0.24 () {34 vars in 981 bytes} [Wed Jul 15 00:21:05 2026] GET /v2.0/networks?id=68d1bcd8-b3a0-42c6-8823-3e9c389e9c96 => generated 711 bytes in 44 msecs (HTTP/1.1 200) 4 headers in 157 bytes (1 switches on core 0)
2026-07-15 00:21:05.835 7 INFO neutron.db.ovn_revision_numbers_db [None req-0bd00201-2882-4cc7-b7d7-4a4f78175b24 ee0847ec8885450e89893411e7798beb fd938b09b9974e31b3e8c0eacce8a99c - - default default] Successfully bumped revision number for resource 73007970-dfcc-4247-9bef-55df4d250161 (type: router_ports) to 1 [pid: 7|app: 0|req: 599/1257] 10.0.0.9 () {34 vars in 781 bytes} [Wed Jul 15 00:21:02 2026] PUT /v2.0/routers/3c82fe1c-a08c-4537-a19e-38c7d60419b0/add_router_interface => generated 310 bytes in 3374 msecs (HTTP/1.1 200) 4 headers in 157 bytes (1 switches on core 0) [pid: 7|app: 0|req: 600/1258] 10.0.0.24 () {34 vars in 964 bytes} [Wed Jul 15 00:21:05 2026] GET /v2.0/quotas/1b1ddca604134428aa1194266cd4c01a => generated 312 bytes in 12 msecs (HTTP/1.1 200) 4 headers in 157 bytes (1 switches on core 0)
2026-07-15 00:21:05.876 8 INFO neutron_taas.services.taas.taas_plugin [None req-ff67b502-0544-475c-a4a2-c109d89935ac de6422d7214549e88e367ec53582aecd 5043bffe0fc34f7a9a1e4055c98199a2 - - default default] TaaS: Handle Delete Port: 5eb4940b-9a79-4f20-b520-aa9b1709ed30
2026-07-15 00:21:05.880 8 INFO neutron_taas.services.taas.tap_mirror_plugin [None req-ff67b502-0544-475c-a4a2-c109d89935ac de6422d7214549e88e367ec53582aecd 5043bffe0fc34f7a9a1e4055c98199a2 - - default default] Tap Mirror: Handle Delete Port: 5eb4940b-9a79-4f20-b520-aa9b1709ed30 [pid: 7|app: 0|req: 601/1259] 10.0.0.24 () {34 vars in 1001 bytes} [Wed Jul 15 00:21:05 2026] GET /v2.0/ports?tenant_id=1b1ddca604134428aa1194266cd4c01a&fields=id => generated 103 bytes in 68 msecs (HTTP/1.1 200) 4 headers in 157 bytes (1 switches on core 0) [pid: 7|app: 0|req: 602/1260] 10.0.0.24 () {34 vars in 1007 bytes} [Wed Jul 15 00:21:05 2026] GET /v2.0/networks/68d1bcd8-b3a0-42c6-8823-3e9c389e9c96?fields=segments => generated 14 bytes in 49 msecs (HTTP/1.1 200) 4 headers in 156 bytes (1 switches on core 0) [pid: 7|app: 0|req: 603/1261] 10.0.0.24 () {34 vars in 1107 bytes} [Wed Jul 15 00:21:06 2026] GET /v2.0/networks/68d1bcd8-b3a0-42c6-8823-3e9c389e9c96?fields=provider%3Aphysical_network&fields=provider%3Anetwork_type => generated 79 bytes in 41 msecs (HTTP/1.1 200) 4 headers in 156 bytes (1 switches on core 0) [pid: 8|app: 0|req: 659/1262] 10.0.0.9 () {32 vars in 718 bytes} [Wed Jul 15 00:21:05 2026] DELETE /v2.0/ports/5eb4940b-9a79-4f20-b520-aa9b1709ed30 => generated 0 bytes in 397 msecs (HTTP/1.1 204) 3 headers in 131 bytes (1 switches on core 0) [pid: 8|app: 0|req: 660/1263] 10.0.0.24 () {34 vars in 1069 bytes} [Wed Jul 15 00:21:06 2026] GET /v2.0/ports?fields=security_groups&fields=device_id&device_id=79a398be-9c32-41ac-a554-269646383a90 => generated 12 bytes in 18 msecs (HTTP/1.1 200) 4 headers in 156 bytes (1 switches on core 0) [pid: 7|app: 0|req: 604/1264] 10.0.0.9 () {32 vars in 734 bytes} [Wed Jul 15 00:21:06 2026] GET /v2.0/ports?device_id=6e1f2e0f-fbe4-4bad-9a02-cf848f802045 => generated 946 bytes in 95 msecs (HTTP/1.1 200) 4 headers in 157 bytes (1 switches on core 0)
