2026-07-15 00:22:07.223 8 INFO neutron.db.ovn_revision_numbers_db [None req-feb5fae3-8745-460d-8c6d-5e8fdee1346b 340ca709160344739bd246748f91144d 4ed822de4f314cf68b577fa4df2b13f6 - - default default] Successfully bumped revision number for resource 271efb7a-5b85-47d4-9107-0fb39d27c6d7 (type: networks) to 1
2026-07-15 00:22:07.397 8 WARNING neutron.scheduler.dhcp_agent_scheduler [None req-feb5fae3-8745-460d-8c6d-5e8fdee1346b 340ca709160344739bd246748f91144d 4ed822de4f314cf68b577fa4df2b13f6 - - default default] No more DHCP agents
2026-07-15 00:22:07.398 8 WARNING neutron.api.rpc.agentnotifiers.dhcp_rpc_agent_api [None req-feb5fae3-8745-460d-8c6d-5e8fdee1346b 340ca709160344739bd246748f91144d 4ed822de4f314cf68b577fa4df2b13f6 - - default default] Unable to schedule network 271efb7a-5b85-47d4-9107-0fb39d27c6d7: no agents available; will retry on subsequent port and subnet creation events.
2026-07-15 00:22:07.465 8 INFO neutron.plugins.ml2.drivers.ovn.mech_driver.mech_driver [None req-472c6239-ea98-4fd5-8641-0e823abcda8d - - - - - -] OVN reports status down for port: 7e91e108-5b23-4ac3-8e33-fd66dc6e5427
2026-07-15 00:22:07.572 8 INFO neutron.db.ovn_revision_numbers_db [None req-feb5fae3-8745-460d-8c6d-5e8fdee1346b 340ca709160344739bd246748f91144d 4ed822de4f314cf68b577fa4df2b13f6 - - default default] Successfully bumped revision number for resource 7e91e108-5b23-4ac3-8e33-fd66dc6e5427 (type: ports) to 1
2026-07-15 00:22:07.585 7 INFO neutron.db.ovn_revision_numbers_db [None req-aa5e6c08-fbb7-4a26-bf76-625468b90896 1cebb3d26417422abdc21568c8e7b37d ed52e4a7905b47c2bde5a10662d92d51 - - default default] Successfully bumped revision number for resource 90c386d8-997b-4a60-b4aa-d8829d8f12c1 (type: ports) to 2 [pid: 8|app: 0|req: 847/1607] 10.0.0.9 () {34 vars in 668 bytes} [Wed Jul 15 00:22:07 2026] POST /v2.0/networks => generated 672 bytes in 609 msecs (HTTP/1.1 201) 4 headers in 162 bytes (1 switches on core 0)
2026-07-15 00:22:07.647 7 INFO neutron.db.ovn_revision_numbers_db [None req-aa5e6c08-fbb7-4a26-bf76-625468b90896 1cebb3d26417422abdc21568c8e7b37d ed52e4a7905b47c2bde5a10662d92d51 - - default default] Successfully bumped revision number for resource 18172d39-08e3-4efb-8884-ce850a6dec53 (type: subnets) to 0 [pid: 7|app: 0|req: 761/1608] 10.0.0.9 () {34 vars in 667 bytes} [Wed Jul 15 00:22:06 2026] POST /v2.0/subnets => generated 626 bytes in 789 msecs (HTTP/1.1 201) 4 headers in 162 bytes (1 switches on core 0)
2026-07-15 00:22:07.783 8 WARNING neutron.scheduler.dhcp_agent_scheduler [None req-2f11c5ee-0068-45ef-9ce4-9fb872494e28 340ca709160344739bd246748f91144d 4ed822de4f314cf68b577fa4df2b13f6 - - default default] No more DHCP agents
2026-07-15 00:22:07.784 8 WARNING neutron.api.rpc.agentnotifiers.dhcp_rpc_agent_api [None req-2f11c5ee-0068-45ef-9ce4-9fb872494e28 340ca709160344739bd246748f91144d 4ed822de4f314cf68b577fa4df2b13f6 - - default default] Unable to schedule network 271efb7a-5b85-47d4-9107-0fb39d27c6d7: no agents available; will retry on subsequent port and subnet creation events.
2026-07-15 00:22:07.808 8 INFO neutron.db.ovn_revision_numbers_db [None req-2f11c5ee-0068-45ef-9ce4-9fb872494e28 340ca709160344739bd246748f91144d 4ed822de4f314cf68b577fa4df2b13f6 - - default default] Successfully bumped revision number for resource 419154d9-422b-404a-85ca-34afa20272b6 (type: subnets) to 0 [pid: 8|app: 0|req: 848/1609] 10.0.0.9 () {34 vars in 667 bytes} [Wed Jul 15 00:22:07 2026] POST /v2.0/subnets => generated 646 bytes in 217 msecs (HTTP/1.1 201) 4 headers in 162 bytes (1 switches on core 0) [pid: 8|app: 0|req: 849/1610] 199.204.45.216 () {34 vars in 986 bytes} [Wed Jul 15 00:22:07 2026] GET /v2.0/networks?id=c61bd5cb-378c-4595-9af0-60e2a2c6da2f => generated 711 bytes in 42 msecs (HTTP/1.1 200) 4 headers in 157 bytes (1 switches on core 0)
2026-07-15 00:22:07.929 7 WARNING neutron.scheduler.dhcp_agent_scheduler [None req-cd1bffdf-84a5-4605-8332-ecf10413ab36 1cebb3d26417422abdc21568c8e7b37d ed52e4a7905b47c2bde5a10662d92d51 - - default default] No more DHCP agents
2026-07-15 00:22:07.930 7 WARNING neutron.api.rpc.agentnotifiers.dhcp_rpc_agent_api [None req-cd1bffdf-84a5-4605-8332-ecf10413ab36 1cebb3d26417422abdc21568c8e7b37d ed52e4a7905b47c2bde5a10662d92d51 - - default default] Unable to schedule network dffcbc78-0fee-4e3a-a0bc-a585a6640906: no agents available; will retry on subsequent port and subnet creation events.
2026-07-15 00:22:08.075 7 INFO neutron.db.ovn_revision_numbers_db [None req-cd1bffdf-84a5-4605-8332-ecf10413ab36 1cebb3d26417422abdc21568c8e7b37d ed52e4a7905b47c2bde5a10662d92d51 - - default default] Successfully bumped revision number for resource 1993ca36-3a6e-4547-bae1-a4e57013001f (type: ports) to 1 [pid: 7|app: 0|req: 762/1611] 10.0.0.9 () {34 vars in 663 bytes} [Wed Jul 15 00:22:07 2026] POST /v2.0/ports => generated 950 bytes in 425 msecs (HTTP/1.1 201) 4 headers in 162 bytes (1 switches on core 0) /var/lib/openstack/lib/python3.12/site-packages/pycadf/identifier.py:70: UserWarning: Invalid uuid: neutron. To ensure interoperability, identifiers should be a valid uuid. warnings.warn(('Invalid uuid: %s. To ensure interoperability, '
2026-07-15 00:22:08.218 8 INFO neutron.db.ovn_revision_numbers_db [None req-6ab804ed-e2ab-428a-a7d7-98c1f145e427 fe6ab8746815459facacedbc5d1e8672 09bef738a09e4d038b2a49e1be60fdfa - - default default] Successfully bumped revision number for resource 1b825688-cf43-4e3e-80f7-345558c8442e (type: security_groups) to 1
2026-07-15 00:22:08.262 7 INFO neutron.db.ovn_revision_numbers_db [None req-e915ca2a-90de-4b13-a2cf-5baaf9c986be 340ca709160344739bd246748f91144d 4ed822de4f314cf68b577fa4df2b13f6 - - default default] Successfully bumped revision number for resource 05ab6725-1c22-4683-958b-edf40d01f1a6 (type: routers) to 1
2026-07-15 00:22:08.263 8 INFO neutron.db.ovn_revision_numbers_db [None req-6ab804ed-e2ab-428a-a7d7-98c1f145e427 fe6ab8746815459facacedbc5d1e8672 09bef738a09e4d038b2a49e1be60fdfa - - default default] Successfully bumped revision number for resource 257302b4-30ca-4459-8e49-8128f3fb3bab (type: security_group_rules) to 0
2026-07-15 00:22:08.296 8 INFO neutron.db.ovn_revision_numbers_db [None req-6ab804ed-e2ab-428a-a7d7-98c1f145e427 fe6ab8746815459facacedbc5d1e8672 09bef738a09e4d038b2a49e1be60fdfa - - default default] Successfully bumped revision number for resource 8cc1b616-3e5e-4479-a53b-49cf00d103c6 (type: security_group_rules) to 0 [pid: 7|app: 0|req: 763/1612] 10.0.0.9 () {34 vars in 667 bytes} [Wed Jul 15 00:22:08 2026] POST /v2.0/routers => generated 628 bytes in 205 msecs (HTTP/1.1 201) 4 headers in 162 bytes (1 switches on core 0)
2026-07-15 00:22:08.306 7 WARNING neutron.db.securitygroups_db [req-88679a5b-1703-45e2-8e37-1dded5656cda req-c60bb884-b60e-4aee-980f-54fbdc386bfd 4b6717620d0c4ffc8e439ed15474b97f 9edbbb06202e4f9bbd213759a3203c60 - - default default] project_id key not found in filters, using tenant_id instead. This support has been deprecated and will be removed in a future release.
2026-07-15 00:22:08.311 8 INFO neutron.db.ovn_revision_numbers_db [None req-6ab804ed-e2ab-428a-a7d7-98c1f145e427 fe6ab8746815459facacedbc5d1e8672 09bef738a09e4d038b2a49e1be60fdfa - - default default] Successfully bumped revision number for resource bee248c6-789a-4343-a92d-54f5137752f6 (type: security_group_rules) to 0
2026-07-15 00:22:08.323 8 INFO neutron.db.ovn_revision_numbers_db [None req-6ab804ed-e2ab-428a-a7d7-98c1f145e427 fe6ab8746815459facacedbc5d1e8672 09bef738a09e4d038b2a49e1be60fdfa - - default default] Successfully bumped revision number for resource c3a87b70-93aa-473e-a805-5f94e5eb5c4f (type: security_group_rules) to 0 [pid: 7|app: 0|req: 764/1613] 199.204.45.216 () {34 vars in 1050 bytes} [Wed Jul 15 00:22:08 2026] GET /v2.0/security-groups?fields=id&fields=name&tenant_id=9edbbb06202e4f9bbd213759a3203c60 => generated 272 bytes in 37 msecs (HTTP/1.1 200) 4 headers in 157 bytes (1 switches on core 0) [pid: 7|app: 0|req: 765/1614] 10.0.0.24 () {34 vars in 1069 bytes} [Wed Jul 15 00:22:08 2026] GET /v2.0/ports?fields=security_groups&fields=device_id&device_id=582179ce-166b-49fc-a5a8-8f7c61327686 => generated 12 bytes in 21 msecs (HTTP/1.1 200) 4 headers in 156 bytes (1 switches on core 0)
2026-07-15 00:22:08.403 8 INFO neutron.db.segments_db [None req-6ab804ed-e2ab-428a-a7d7-98c1f145e427 fe6ab8746815459facacedbc5d1e8672 09bef738a09e4d038b2a49e1be60fdfa - - default default] Added segment 03801c9d-b65c-4379-8307-d9b24dbf6f61 of type geneve for network 2ce7a54f-7e0c-4e83-8731-8869f3c440ac
2026-07-15 00:22:08.506 7 INFO neutron_taas.services.taas.taas_plugin [None req-f99c3e51-9ee9-4e63-b38c-c00b10373399 1cebb3d26417422abdc21568c8e7b37d ed52e4a7905b47c2bde5a10662d92d51 - - default default] TaaS: Handle Delete Port: 1993ca36-3a6e-4547-bae1-a4e57013001f
2026-07-15 00:22:08.510 7 INFO neutron_taas.services.taas.tap_mirror_plugin [None req-f99c3e51-9ee9-4e63-b38c-c00b10373399 1cebb3d26417422abdc21568c8e7b37d ed52e4a7905b47c2bde5a10662d92d51 - - default default] Tap Mirror: Handle Delete Port: 1993ca36-3a6e-4547-bae1-a4e57013001f
2026-07-15 00:22:08.552 8 INFO neutron.db.ovn_revision_numbers_db [None req-6ab804ed-e2ab-428a-a7d7-98c1f145e427 fe6ab8746815459facacedbc5d1e8672 09bef738a09e4d038b2a49e1be60fdfa - - default default] Successfully bumped revision number for resource 2ce7a54f-7e0c-4e83-8731-8869f3c440ac (type: networks) to 1
2026-07-15 00:22:08.611 8 INFO neutron.services.segments.plugin [-] Segment 45820eb0-7ad1-4ab6-92f3-7e9b00aef5a8 resource provider aggregate not found
2026-07-15 00:22:08.630 8 INFO neutron.services.segments.plugin [-] Segment 45820eb0-7ad1-4ab6-92f3-7e9b00aef5a8 resource provider aggregate not found
2026-07-15 00:22:08.637 8 INFO neutron.services.segments.plugin [-] Client error retrieving segment 45820eb0-7ad1-4ab6-92f3-7e9b00aef5a8 resource provider; error: Placement Client Error (4xx): {"errors": [{"status": 404, "title": "Not Found", "detail": "The resource could not be found.\n\n No resource provider with uuid 45820eb0-7ad1-4ab6-92f3-7e9b00aef5a8 found for delete ", "request_id": "req-7b3180f4-89eb-4bfc-be23-3f3dec643d0c"}]}
2026-07-15 00:22:08.654 8 INFO neutron.services.segments.plugin [-] Client error retrieving segment 45820eb0-7ad1-4ab6-92f3-7e9b00aef5a8 resource provider; error: Placement Client Error (4xx): {"errors": [{"status": 404, "title": "Not Found", "detail": "The resource could not be found.\n\n No resource provider with uuid 45820eb0-7ad1-4ab6-92f3-7e9b00aef5a8 found for delete ", "request_id": "req-cd66a03b-8414-48ae-8939-5141a3fc69fe"}]} [pid: 7|app: 0|req: 766/1615] 10.0.0.9 () {32 vars in 718 bytes} [Wed Jul 15 00:22:08 2026] DELETE /v2.0/ports/1993ca36-3a6e-4547-bae1-a4e57013001f => generated 0 bytes in 376 msecs (HTTP/1.1 204) 3 headers in 131 bytes (1 switches on core 0)
2026-07-15 00:22:08.802 8 WARNING neutron.scheduler.dhcp_agent_scheduler [None req-6ab804ed-e2ab-428a-a7d7-98c1f145e427 fe6ab8746815459facacedbc5d1e8672 09bef738a09e4d038b2a49e1be60fdfa - - default default] No more DHCP agents
2026-07-15 00:22:08.804 8 WARNING neutron.api.rpc.agentnotifiers.dhcp_rpc_agent_api [None req-6ab804ed-e2ab-428a-a7d7-98c1f145e427 fe6ab8746815459facacedbc5d1e8672 09bef738a09e4d038b2a49e1be60fdfa - - default default] Unable to schedule network 2ce7a54f-7e0c-4e83-8731-8869f3c440ac: no agents available; will retry on subsequent port and subnet creation events.
2026-07-15 00:22:08.855 8 INFO neutron.plugins.ml2.drivers.ovn.mech_driver.mech_driver [None req-472c6239-ea98-4fd5-8641-0e823abcda8d - - - - - -] OVN reports status down for port: b23901c6-177d-4f43-be8b-7485884476d5
2026-07-15 00:22:08.914 8 INFO neutron.db.ovn_revision_numbers_db [None req-6ab804ed-e2ab-428a-a7d7-98c1f145e427 fe6ab8746815459facacedbc5d1e8672 09bef738a09e4d038b2a49e1be60fdfa - - default default] Successfully bumped revision number for resource b23901c6-177d-4f43-be8b-7485884476d5 (type: ports) to 1 [pid: 8|app: 0|req: 850/1616] 10.0.0.9 () {34 vars in 668 bytes} [Wed Jul 15 00:22:07 2026] POST /v2.0/networks => generated 669 bytes in 1067 msecs (HTTP/1.1 201) 4 headers in 162 bytes (1 switches on core 0)
2026-07-15 00:22:09.069 7 WARNING neutron.scheduler.dhcp_agent_scheduler [None req-3c11bdd9-e19e-4271-a68d-470618910a19 340ca709160344739bd246748f91144d 4ed822de4f314cf68b577fa4df2b13f6 - - default default] No more DHCP agents
2026-07-15 00:22:09.070 7 WARNING neutron.api.rpc.agentnotifiers.dhcp_rpc_agent_api [None req-3c11bdd9-e19e-4271-a68d-470618910a19 340ca709160344739bd246748f91144d 4ed822de4f314cf68b577fa4df2b13f6 - - default default] Unable to schedule network 271efb7a-5b85-47d4-9107-0fb39d27c6d7: no agents available; will retry on subsequent port and subnet creation events.
2026-07-15 00:22:09.214 7 INFO neutron.db.ovn_revision_numbers_db [None req-3c11bdd9-e19e-4271-a68d-470618910a19 340ca709160344739bd246748f91144d 4ed822de4f314cf68b577fa4df2b13f6 - - default default] Successfully bumped revision number for resource 1b7aaa1e-2780-4116-bab0-c014d1b58631 (type: ports) to 1 [pid: 7|app: 0|req: 767/1617] 10.0.0.9 () {34 vars in 663 bytes} [Wed Jul 15 00:22:08 2026] POST /v2.0/ports => generated 964 bytes in 498 msecs (HTTP/1.1 201) 4 headers in 162 bytes (1 switches on core 0) /var/lib/openstack/lib/python3.12/site-packages/pycadf/identifier.py:70: UserWarning: Invalid uuid: neutron. To ensure interoperability, identifiers should be a valid uuid. warnings.warn(('Invalid uuid: %s. To ensure interoperability, '
2026-07-15 00:22:09.252 7 INFO neutron.pecan_wsgi.hooks.translation [None req-ef360a5a-0c98-4bbb-b353-b10dd30770ff 1cebb3d26417422abdc21568c8e7b37d ed52e4a7905b47c2bde5a10662d92d51 - - default default] DELETE failed (client error): The resource could not be found. [pid: 7|app: 0|req: 768/1618] 10.0.0.9 () {32 vars in 718 bytes} [Wed Jul 15 00:22:09 2026] DELETE /v2.0/ports/1993ca36-3a6e-4547-bae1-a4e57013001f => generated 132 bytes in 16 msecs (HTTP/1.1 404) 4 headers in 164 bytes (1 switches on core 0)
2026-07-15 00:22:09.325 8 WARNING neutron.scheduler.dhcp_agent_scheduler [req-88679a5b-1703-45e2-8e37-1dded5656cda req-5d03cb63-6fb6-4e9c-9477-97ef51cb1afc 4b6717620d0c4ffc8e439ed15474b97f 9edbbb06202e4f9bbd213759a3203c60 - - default default] No more DHCP agents
2026-07-15 00:22:09.327 8 WARNING neutron.api.rpc.agentnotifiers.dhcp_rpc_agent_api [req-88679a5b-1703-45e2-8e37-1dded5656cda req-5d03cb63-6fb6-4e9c-9477-97ef51cb1afc 4b6717620d0c4ffc8e439ed15474b97f 9edbbb06202e4f9bbd213759a3203c60 - - default default] Unable to schedule network c61bd5cb-378c-4595-9af0-60e2a2c6da2f: no agents available; will retry on subsequent port and subnet creation events.
2026-07-15 00:22:09.333 7 INFO neutron.db.segments_db [None req-c2030f5c-5ece-41c0-826b-700f2dcd5a1a fe6ab8746815459facacedbc5d1e8672 09bef738a09e4d038b2a49e1be60fdfa - - default default] Added segment fb5e445a-6b54-4b5a-9b0b-7398370728e4 of type geneve for network cd6718bc-de85-4d91-8531-5bf7d94e56c5
2026-07-15 00:22:09.468 7 INFO neutron.db.ovn_revision_numbers_db [None req-c2030f5c-5ece-41c0-826b-700f2dcd5a1a fe6ab8746815459facacedbc5d1e8672 09bef738a09e4d038b2a49e1be60fdfa - - default default] Successfully bumped revision number for resource cd6718bc-de85-4d91-8531-5bf7d94e56c5 (type: networks) to 1
2026-07-15 00:22:09.512 8 INFO neutron.plugins.ml2.drivers.ovn.mech_driver.mech_driver [None req-472c6239-ea98-4fd5-8641-0e823abcda8d - - - - - -] OVN reports status down for port: b9ba7d44-dbf4-4bb1-8031-ebdbd8c2fd95
2026-07-15 00:22:09.542 7 WARNING neutron.plugins.ml2.drivers.ovn.mech_driver.ovsdb.ovn_client [None req-6a4faa75-ec0b-4c32-a9c1-13cbc49b5dc5 - - - - - -] No port found with ID d09e119c-f6e1-41cd-83fa-46e8fc152fed: RuntimeError: No port found with ID d09e119c-f6e1-41cd-83fa-46e8fc152fed
2026-07-15 00:22:09.587 8 INFO neutron.db.ovn_revision_numbers_db [req-88679a5b-1703-45e2-8e37-1dded5656cda req-5d03cb63-6fb6-4e9c-9477-97ef51cb1afc 4b6717620d0c4ffc8e439ed15474b97f 9edbbb06202e4f9bbd213759a3203c60 - - default default] Successfully bumped revision number for resource b9ba7d44-dbf4-4bb1-8031-ebdbd8c2fd95 (type: ports) to 1
2026-07-15 00:22:09.592 7 INFO neutron.plugins.ml2.drivers.ovn.mech_driver.mech_driver [None req-6a4faa75-ec0b-4c32-a9c1-13cbc49b5dc5 - - - - - -] OVN reports status down for port: 99c34cdf-f968-4e84-a3e3-2d55f6b1c717 [pid: 8|app: 0|req: 851/1619] 199.204.45.216 () {38 vars in 955 bytes} [Wed Jul 15 00:22:08 2026] POST /v2.0/ports => generated 993 bytes in 668 msecs (HTTP/1.1 201) 4 headers in 162 bytes (1 switches on core 0) /var/lib/openstack/lib/python3.12/site-packages/pycadf/identifier.py:70: UserWarning: Invalid uuid: neutron. To ensure interoperability, identifiers should be a valid uuid. warnings.warn(('Invalid uuid: %s. To ensure interoperability, '
2026-07-15 00:22:09.690 7 INFO neutron.plugins.ml2.drivers.ovn.mech_driver.mech_driver [None req-6a4faa75-ec0b-4c32-a9c1-13cbc49b5dc5 - - - - - -] OVN reports status down for port: 6a19338f-3897-4213-a3b7-d3e1795203c8
2026-07-15 00:22:09.787 7 INFO neutron.plugins.ml2.drivers.ovn.mech_driver.mech_driver [None req-6a4faa75-ec0b-4c32-a9c1-13cbc49b5dc5 - - - - - -] OVN reports status down for port: 90c386d8-997b-4a60-b4aa-d8829d8f12c1
2026-07-15 00:22:09.788 7 WARNING neutron.scheduler.dhcp_agent_scheduler [None req-c2030f5c-5ece-41c0-826b-700f2dcd5a1a fe6ab8746815459facacedbc5d1e8672 09bef738a09e4d038b2a49e1be60fdfa - - default default] No more DHCP agents
2026-07-15 00:22:09.790 7 WARNING neutron.api.rpc.agentnotifiers.dhcp_rpc_agent_api [None req-c2030f5c-5ece-41c0-826b-700f2dcd5a1a fe6ab8746815459facacedbc5d1e8672 09bef738a09e4d038b2a49e1be60fdfa - - default default] Unable to schedule network cd6718bc-de85-4d91-8531-5bf7d94e56c5: no agents available; will retry on subsequent port and subnet creation events.
2026-07-15 00:22:09.898 8 INFO neutron.plugins.ml2.drivers.ovn.mech_driver.mech_driver [None req-472c6239-ea98-4fd5-8641-0e823abcda8d - - - - - -] OVN reports status down for port: 4225f63a-a555-40af-b65d-8ec17d2b9cb3
2026-07-15 00:22:09.910 7 INFO neutron.db.ovn_revision_numbers_db [None req-c2030f5c-5ece-41c0-826b-700f2dcd5a1a fe6ab8746815459facacedbc5d1e8672 09bef738a09e4d038b2a49e1be60fdfa - - default default] Successfully bumped revision number for resource 4225f63a-a555-40af-b65d-8ec17d2b9cb3 (type: ports) to 1
2026-07-15 00:22:09.915 7 INFO neutron.plugins.ml2.drivers.ovn.mech_driver.mech_driver [None req-6a4faa75-ec0b-4c32-a9c1-13cbc49b5dc5 - - - - - -] OVN reports status down for port: 1993ca36-3a6e-4547-bae1-a4e57013001f
2026-07-15 00:22:09.936 7 INFO neutron.plugins.ml2.drivers.ovn.mech_driver.mech_driver [None req-6a4faa75-ec0b-4c32-a9c1-13cbc49b5dc5 - - - - - -] OVN reports status down for port: 1b7aaa1e-2780-4116-bab0-c014d1b58631 [pid: 7|app: 0|req: 769/1620] 10.0.0.9 () {34 vars in 668 bytes} [Wed Jul 15 00:22:09 2026] POST /v2.0/networks => generated 669 bytes in 712 msecs (HTTP/1.1 201) 4 headers in 162 bytes (1 switches on core 0)
2026-07-15 00:22:09.986 7 INFO neutron.pecan_wsgi.hooks.translation [None req-fdef2f7f-c34d-41f8-899b-955084205ca1 1cebb3d26417422abdc21568c8e7b37d ed52e4a7905b47c2bde5a10662d92d51 - - default default] GET failed (client error): The resource could not be found. [pid: 7|app: 0|req: 770/1621] 10.0.0.9 () {32 vars in 715 bytes} [Wed Jul 15 00:22:09 2026] GET /v2.0/ports/1993ca36-3a6e-4547-bae1-a4e57013001f => generated 132 bytes in 21 msecs (HTTP/1.1 404) 4 headers in 164 bytes (1 switches on core 0) [pid: 7|app: 0|req: 771/1622] 10.0.0.24 () {34 vars in 1069 bytes} [Wed Jul 15 00:22:09 2026] GET /v2.0/ports?fields=security_groups&fields=device_id&device_id=582179ce-166b-49fc-a5a8-8f7c61327686 => generated 162 bytes in 89 msecs (HTTP/1.1 200) 4 headers in 157 bytes (1 switches on core 0)
2026-07-15 00:22:10.231 8 INFO neutron.db.ovn_revision_numbers_db [None req-f3c405ca-53a4-489c-84a1-55eadb528090 340ca709160344739bd246748f91144d 4ed822de4f314cf68b577fa4df2b13f6 - - default default] Successfully bumped revision number for resource 1b7aaa1e-2780-4116-bab0-c014d1b58631 (type: ports) to 2
2026-07-15 00:22:10.261 7 INFO neutron.plugins.ml2.drivers.ovn.mech_driver.mech_driver [None req-6a4faa75-ec0b-4c32-a9c1-13cbc49b5dc5 - - - - - -] OVN reports status up for port: 1b7aaa1e-2780-4116-bab0-c014d1b58631
2026-07-15 00:22:10.280 7 INFO neutron.plugins.ml2.plugin [None req-6a4faa75-ec0b-4c32-a9c1-13cbc49b5dc5 - - - - - -] Attempt 1 to provision port 1b7aaa1e-2780-4116-bab0-c014d1b58631
2026-07-15 00:22:11.055 7 INFO neutron.db.ovn_revision_numbers_db [req-88679a5b-1703-45e2-8e37-1dded5656cda req-575f15c3-bfb3-4a4b-a031-e3937aea9cd5 2b4a54e2e2604137bb343d5e51f4f04d ed768394cecd49ada7cc4da82ed8bb0f - - 4668a07bb8a84f0db5dfce8460e4e909 4668a07bb8a84f0db5dfce8460e4e909] Successfully bumped revision number for resource b9ba7d44-dbf4-4bb1-8031-ebdbd8c2fd95 (type: ports) to 2
2026-07-15 00:22:11.202 7 INFO neutron.db.ovn_revision_numbers_db [None req-6a4faa75-ec0b-4c32-a9c1-13cbc49b5dc5 - - - - - -] Successfully bumped revision number for resource 1b7aaa1e-2780-4116-bab0-c014d1b58631 (type: ports) to 3
2026-07-15 00:22:11.395 7 INFO neutron.db.ovn_revision_numbers_db [req-88679a5b-1703-45e2-8e37-1dded5656cda req-575f15c3-bfb3-4a4b-a031-e3937aea9cd5 2b4a54e2e2604137bb343d5e51f4f04d ed768394cecd49ada7cc4da82ed8bb0f - - 4668a07bb8a84f0db5dfce8460e4e909 4668a07bb8a84f0db5dfce8460e4e909] Successfully bumped revision number for resource b9ba7d44-dbf4-4bb1-8031-ebdbd8c2fd95 (type: ports) to 4 [pid: 7|app: 0|req: 772/1623] 199.204.45.216 () {38 vars in 1028 bytes} [Wed Jul 15 00:22:10 2026] PUT /v2.0/ports/b9ba7d44-dbf4-4bb1-8031-ebdbd8c2fd95 => generated 1265 bytes in 1344 msecs (HTTP/1.1 200) 4 headers in 158 bytes (1 switches on core 0) /var/lib/openstack/lib/python3.12/site-packages/pycadf/identifier.py:70: UserWarning: Invalid uuid: neutron. To ensure interoperability, identifiers should be a valid uuid. warnings.warn(('Invalid uuid: %s. To ensure interoperability, '
2026-07-15 00:22:11.454 7 INFO neutron.notifiers.nova [-] Nova event matching ['req-d5c448d1-f347-431a-a3a6-49f90848905b'] response: {'name': 'network-changed', 'server_uuid': '582179ce-166b-49fc-a5a8-8f7c61327686', 'tag': 'b9ba7d44-dbf4-4bb1-8031-ebdbd8c2fd95', 'status': 'completed', 'code': 200}
2026-07-15 00:22:11.518 7 INFO neutron.db.segments_db [None req-61772de0-0ebf-4b5a-a597-0ef322716955 fe6ab8746815459facacedbc5d1e8672 09bef738a09e4d038b2a49e1be60fdfa - - default default] Added segment 09549581-8ea7-4a48-ac96-d5709f65d0c8 of type geneve for network 94d0c7aa-a642-4708-b166-daeafe04ef32
2026-07-15 00:22:11.640 7 INFO neutron.db.ovn_revision_numbers_db [None req-61772de0-0ebf-4b5a-a597-0ef322716955 fe6ab8746815459facacedbc5d1e8672 09bef738a09e4d038b2a49e1be60fdfa - - default default] Successfully bumped revision number for resource 94d0c7aa-a642-4708-b166-daeafe04ef32 (type: networks) to 1
2026-07-15 00:22:11.803 7 WARNING neutron.scheduler.dhcp_agent_scheduler [None req-61772de0-0ebf-4b5a-a597-0ef322716955 fe6ab8746815459facacedbc5d1e8672 09bef738a09e4d038b2a49e1be60fdfa - - default default] No more DHCP agents
2026-07-15 00:22:11.804 7 WARNING neutron.api.rpc.agentnotifiers.dhcp_rpc_agent_api [None req-61772de0-0ebf-4b5a-a597-0ef322716955 fe6ab8746815459facacedbc5d1e8672 09bef738a09e4d038b2a49e1be60fdfa - - default default] Unable to schedule network 94d0c7aa-a642-4708-b166-daeafe04ef32: no agents available; will retry on subsequent port and subnet creation events.
2026-07-15 00:22:11.871 8 INFO neutron.plugins.ml2.drivers.ovn.mech_driver.mech_driver [None req-472c6239-ea98-4fd5-8641-0e823abcda8d - - - - - -] OVN reports status down for port: 50f884b8-f149-41cf-b313-7826ae18e5d0
2026-07-15 00:22:11.886 7 INFO neutron.db.ovn_revision_numbers_db [None req-61772de0-0ebf-4b5a-a597-0ef322716955 fe6ab8746815459facacedbc5d1e8672 09bef738a09e4d038b2a49e1be60fdfa - - default default] Successfully bumped revision number for resource 50f884b8-f149-41cf-b313-7826ae18e5d0 (type: ports) to 1 [pid: 7|app: 0|req: 773/1624] 10.0.0.9 () {34 vars in 668 bytes} [Wed Jul 15 00:22:11 2026] POST /v2.0/networks => generated 670 bytes in 486 msecs (HTTP/1.1 201) 4 headers in 162 bytes (1 switches on core 0)
2026-07-15 00:22:11.913 8 WARNING neutron.scheduler.dhcp_agent_scheduler [None req-f3c405ca-53a4-489c-84a1-55eadb528090 340ca709160344739bd246748f91144d 4ed822de4f314cf68b577fa4df2b13f6 - - default default] No more DHCP agents
2026-07-15 00:22:11.916 8 WARNING neutron.api.rpc.agentnotifiers.dhcp_rpc_agent_api [None req-f3c405ca-53a4-489c-84a1-55eadb528090 340ca709160344739bd246748f91144d 4ed822de4f314cf68b577fa4df2b13f6 - - default default] Unable to schedule network 271efb7a-5b85-47d4-9107-0fb39d27c6d7: no agents available; will retry on subsequent port and subnet creation events. [pid: 7|app: 0|req: 774/1625] 10.0.0.9 () {32 vars in 722 bytes} [Wed Jul 15 00:22:11 2026] DELETE /v2.0/subnets/18172d39-08e3-4efb-8884-ce850a6dec53 => generated 0 bytes in 165 msecs (HTTP/1.1 204) 3 headers in 131 bytes (1 switches on core 0) [pid: 7|app: 0|req: 775/1626] 10.0.0.24 () {34 vars in 1119 bytes} [Wed Jul 15 00:22:12 2026] GET /v2.0/security-groups?id=56a7aef9-f9ea-4f7a-a3fa-ced798666412&id=90be4460-afd5-4328-a46a-fcf618bb15ce&fields=id&fields=name => generated 205 bytes in 29 msecs (HTTP/1.1 200) 4 headers in 157 bytes (1 switches on core 0)
2026-07-15 00:22:12.152 8 INFO neutron.db.ovn_revision_numbers_db [None req-f3c405ca-53a4-489c-84a1-55eadb528090 340ca709160344739bd246748f91144d 4ed822de4f314cf68b577fa4df2b13f6 - - default default] Successfully bumped revision number for resource 1b7aaa1e-2780-4116-bab0-c014d1b58631 (type: router_ports) to 3 [pid: 8|app: 0|req: 852/1627] 10.0.0.9 () {34 vars in 781 bytes} [Wed Jul 15 00:22:09 2026] PUT /v2.0/routers/05ab6725-1c22-4683-958b-edf40d01f1a6/add_router_interface => generated 310 bytes in 2534 msecs (HTTP/1.1 200) 4 headers in 157 bytes (1 switches on core 0) /var/lib/openstack/lib/python3.12/site-packages/pycadf/identifier.py:70: UserWarning: Invalid uuid: neutron. To ensure interoperability, identifiers should be a valid uuid. warnings.warn(('Invalid uuid: %s. To ensure interoperability, ' [pid: 8|app: 0|req: 853/1628] 199.204.45.216 () {34 vars in 1080 bytes} [Wed Jul 15 00:22:12 2026] GET /v2.0/ports?tenant_id=9edbbb06202e4f9bbd213759a3203c60&device_id=582179ce-166b-49fc-a5a8-8f7c61327686 => generated 1268 bytes in 35 msecs (HTTP/1.1 200) 4 headers in 158 bytes (1 switches on core 0)
2026-07-15 00:22:12.217 7 INFO neutron.db.segments_db [None req-fa75612f-ac54-41c4-bf8f-8d3704d7b926 fe6ab8746815459facacedbc5d1e8672 09bef738a09e4d038b2a49e1be60fdfa - - default default] Added segment 8e74fe19-6771-457b-bf0c-e52e540c7f12 of type geneve for network 5ef11242-647e-420b-9bab-f30bde9f863e
2026-07-15 00:22:12.314 8 INFO neutron_taas.services.taas.taas_plugin [None req-0bcbbb92-8a4d-45c7-a709-9ab8eb8974b9 1cebb3d26417422abdc21568c8e7b37d ed52e4a7905b47c2bde5a10662d92d51 - - default default] TaaS: Handle Delete Port: 90c386d8-997b-4a60-b4aa-d8829d8f12c1
2026-07-15 00:22:12.317 8 INFO neutron_taas.services.taas.tap_mirror_plugin [None req-0bcbbb92-8a4d-45c7-a709-9ab8eb8974b9 1cebb3d26417422abdc21568c8e7b37d ed52e4a7905b47c2bde5a10662d92d51 - - default default] Tap Mirror: Handle Delete Port: 90c386d8-997b-4a60-b4aa-d8829d8f12c1
2026-07-15 00:22:12.328 7 INFO neutron.db.ovn_revision_numbers_db [None req-fa75612f-ac54-41c4-bf8f-8d3704d7b926 fe6ab8746815459facacedbc5d1e8672 09bef738a09e4d038b2a49e1be60fdfa - - default default] Successfully bumped revision number for resource 5ef11242-647e-420b-9bab-f30bde9f863e (type: networks) to 1
2026-07-15 00:22:12.515 8 INFO neutron.services.segments.plugin [-] Segment 4ddcb48b-3133-40d8-bff8-45aca8b737bc resource provider aggregate not found
2026-07-15 00:22:12.522 8 INFO neutron.services.segments.plugin [-] Segment 4ddcb48b-3133-40d8-bff8-45aca8b737bc resource provider aggregate not found
2026-07-15 00:22:12.538 8 INFO neutron.services.segments.plugin [-] Client error retrieving segment 4ddcb48b-3133-40d8-bff8-45aca8b737bc resource provider; error: Placement Client Error (4xx): {"errors": [{"status": 404, "title": "Not Found", "detail": "The resource could not be found.\n\n No resource provider with uuid 4ddcb48b-3133-40d8-bff8-45aca8b737bc found for delete ", "request_id": "req-825b99b6-c10b-4067-9c2a-977197cc5890"}]}
2026-07-15 00:22:12.543 8 INFO neutron.services.segments.plugin [-] Client error retrieving segment 4ddcb48b-3133-40d8-bff8-45aca8b737bc resource provider; error: Placement Client Error (4xx): {"errors": [{"status": 404, "title": "Not Found", "detail": "The resource could not be found.\n\n No resource provider with uuid 4ddcb48b-3133-40d8-bff8-45aca8b737bc found for delete ", "request_id": "req-777843e7-e6db-4166-a965-a3d7e9168230"}]} [pid: 8|app: 0|req: 854/1629] 10.0.0.9 () {32 vars in 724 bytes} [Wed Jul 15 00:22:12 2026] DELETE /v2.0/networks/dffcbc78-0fee-4e3a-a0bc-a585a6640906 => generated 0 bytes in 362 msecs (HTTP/1.1 204) 3 headers in 131 bytes (1 switches on core 0)
2026-07-15 00:22:12.560 7 WARNING neutron.scheduler.dhcp_agent_scheduler [None req-fa75612f-ac54-41c4-bf8f-8d3704d7b926 fe6ab8746815459facacedbc5d1e8672 09bef738a09e4d038b2a49e1be60fdfa - - default default] No more DHCP agents
2026-07-15 00:22:12.562 7 WARNING neutron.api.rpc.agentnotifiers.dhcp_rpc_agent_api [None req-fa75612f-ac54-41c4-bf8f-8d3704d7b926 fe6ab8746815459facacedbc5d1e8672 09bef738a09e4d038b2a49e1be60fdfa - - default default] Unable to schedule network 5ef11242-647e-420b-9bab-f30bde9f863e: no agents available; will retry on subsequent port and subnet creation events. [pid: 8|app: 0|req: 855/1630] 10.0.0.9 () {32 vars in 715 bytes} [Wed Jul 15 00:22:12 2026] GET /v2.0/ports/1b7aaa1e-2780-4116-bab0-c014d1b58631 => generated 1026 bytes in 32 msecs (HTTP/1.1 200) 4 headers in 158 bytes (1 switches on core 0) [pid: 8|app: 0|req: 856/1631] 199.204.45.216 () {34 vars in 1018 bytes} [Wed Jul 15 00:22:12 2026] GET /v2.0/networks?tenant_id=9edbbb06202e4f9bbd213759a3203c60&shared=False => generated 810 bytes in 59 msecs (HTTP/1.1 200) 4 headers in 157 bytes (1 switches on core 0)
2026-07-15 00:22:12.654 7 INFO neutron.db.ovn_revision_numbers_db [None req-fa75612f-ac54-41c4-bf8f-8d3704d7b926 fe6ab8746815459facacedbc5d1e8672 09bef738a09e4d038b2a49e1be60fdfa - - default default] Successfully bumped revision number for resource f7ac992d-b1bf-4446-81e5-425821854af4 (type: ports) to 1 [pid: 7|app: 0|req: 776/1632] 10.0.0.9 () {34 vars in 668 bytes} [Wed Jul 15 00:22:12 2026] POST /v2.0/networks => generated 670 bytes in 576 msecs (HTTP/1.1 201) 4 headers in 162 bytes (1 switches on core 0)
2026-07-15 00:22:12.741 8 INFO neutron.db.segments_db [None req-fe5f5b83-05b4-40da-8206-d9188b192b21 1cebb3d26417422abdc21568c8e7b37d ed52e4a7905b47c2bde5a10662d92d51 - - default default] Added segment 933d1f56-ca2e-413b-a372-572ca9821259 of type geneve for network 7d2ba9cc-dcf9-45ac-8edd-bb1304b26dbd
2026-07-15 00:22:12.864 8 INFO neutron.db.ovn_revision_numbers_db [None req-fe5f5b83-05b4-40da-8206-d9188b192b21 1cebb3d26417422abdc21568c8e7b37d ed52e4a7905b47c2bde5a10662d92d51 - - default default] Successfully bumped revision number for resource 7d2ba9cc-dcf9-45ac-8edd-bb1304b26dbd (type: networks) to 1
2026-07-15 00:22:12.980 7 INFO neutron_taas.services.taas.taas_plugin [None req-ab67b5ec-8c8d-4dad-99a3-95ebddf687cf 340ca709160344739bd246748f91144d 4ed822de4f314cf68b577fa4df2b13f6 - - default default] TaaS: Handle Delete Port: 1b7aaa1e-2780-4116-bab0-c014d1b58631
2026-07-15 00:22:12.985 7 INFO neutron_taas.services.taas.tap_mirror_plugin [None req-ab67b5ec-8c8d-4dad-99a3-95ebddf687cf 340ca709160344739bd246748f91144d 4ed822de4f314cf68b577fa4df2b13f6 - - default default] Tap Mirror: Handle Delete Port: 1b7aaa1e-2780-4116-bab0-c014d1b58631
2026-07-15 00:22:13.031 8 WARNING neutron.scheduler.dhcp_agent_scheduler [None req-fe5f5b83-05b4-40da-8206-d9188b192b21 1cebb3d26417422abdc21568c8e7b37d ed52e4a7905b47c2bde5a10662d92d51 - - default default] No more DHCP agents
2026-07-15 00:22:13.032 8 WARNING neutron.api.rpc.agentnotifiers.dhcp_rpc_agent_api [None req-fe5f5b83-05b4-40da-8206-d9188b192b21 1cebb3d26417422abdc21568c8e7b37d ed52e4a7905b47c2bde5a10662d92d51 - - default default] Unable to schedule network 7d2ba9cc-dcf9-45ac-8edd-bb1304b26dbd: no agents available; will retry on subsequent port and subnet creation events.
2026-07-15 00:22:13.089 8 INFO neutron.plugins.ml2.drivers.ovn.mech_driver.mech_driver [None req-472c6239-ea98-4fd5-8641-0e823abcda8d - - - - - -] OVN reports status down for port: e1826f7f-f475-4f9e-9055-f90517d092b1
2026-07-15 00:22:13.158 8 INFO neutron.db.ovn_revision_numbers_db [None req-fe5f5b83-05b4-40da-8206-d9188b192b21 1cebb3d26417422abdc21568c8e7b37d ed52e4a7905b47c2bde5a10662d92d51 - - default default] Successfully bumped revision number for resource e1826f7f-f475-4f9e-9055-f90517d092b1 (type: ports) to 1 [pid: 8|app: 0|req: 857/1633] 10.0.0.9 () {34 vars in 668 bytes} [Wed Jul 15 00:22:12 2026] POST /v2.0/networks => generated 670 bytes in 548 msecs (HTTP/1.1 201) 4 headers in 162 bytes (1 switches on core 0) [pid: 8|app: 0|req: 858/1634] 199.204.45.216 () {34 vars in 930 bytes} [Wed Jul 15 00:22:13 2026] GET /v2.0/networks?shared=True => generated 791 bytes in 48 msecs (HTTP/1.1 200) 4 headers in 157 bytes (1 switches on core 0) [pid: 7|app: 0|req: 777/1635] 10.0.0.9 () {34 vars in 787 bytes} [Wed Jul 15 00:22:12 2026] PUT /v2.0/routers/05ab6725-1c22-4683-958b-edf40d01f1a6/remove_router_interface => generated 310 bytes in 601 msecs (HTTP/1.1 200) 4 headers in 157 bytes (1 switches on core 0) /var/lib/openstack/lib/python3.12/site-packages/pycadf/identifier.py:70: UserWarning: Invalid uuid: neutron. To ensure interoperability, identifiers should be a valid uuid. warnings.warn(('Invalid uuid: %s. To ensure interoperability, ' [pid: 7|app: 0|req: 778/1636] 10.0.0.24 () {34 vars in 1069 bytes} [Wed Jul 15 00:22:13 2026] GET /v2.0/ports?fields=security_groups&fields=device_id&device_id=582179ce-166b-49fc-a5a8-8f7c61327686 => generated 162 bytes in 31 msecs (HTTP/1.1 200) 4 headers in 157 bytes (1 switches on core 0)
2026-07-15 00:22:13.351 8 INFO neutron.db.segments_db [None req-8d644c30-829c-4188-85b1-4b5b3db1fbb2 fe6ab8746815459facacedbc5d1e8672 09bef738a09e4d038b2a49e1be60fdfa - - default default] Added segment 88bef075-2adb-4829-80c9-0d89c031e117 of type geneve for network d62c2c0f-e5f0-4a0a-a388-319aa6da34e5
2026-07-15 00:22:13.491 8 INFO neutron.db.ovn_revision_numbers_db [None req-8d644c30-829c-4188-85b1-4b5b3db1fbb2 fe6ab8746815459facacedbc5d1e8672 09bef738a09e4d038b2a49e1be60fdfa - - default default] Successfully bumped revision number for resource d62c2c0f-e5f0-4a0a-a388-319aa6da34e5 (type: networks) to 1
2026-07-15 00:22:13.533 7 WARNING neutron.scheduler.dhcp_agent_scheduler [None req-db53b4d4-ea80-400b-b216-ed5b5f7b7ba2 1cebb3d26417422abdc21568c8e7b37d ed52e4a7905b47c2bde5a10662d92d51 - - default default] No more DHCP agents
2026-07-15 00:22:13.535 7 WARNING neutron.api.rpc.agentnotifiers.dhcp_rpc_agent_api [None req-db53b4d4-ea80-400b-b216-ed5b5f7b7ba2 1cebb3d26417422abdc21568c8e7b37d ed52e4a7905b47c2bde5a10662d92d51 - - default default] Unable to schedule network 7d2ba9cc-dcf9-45ac-8edd-bb1304b26dbd: no agents available; will retry on subsequent port and subnet creation events.
2026-07-15 00:22:13.673 8 WARNING neutron.scheduler.dhcp_agent_scheduler [None req-8d644c30-829c-4188-85b1-4b5b3db1fbb2 fe6ab8746815459facacedbc5d1e8672 09bef738a09e4d038b2a49e1be60fdfa - - default default] No more DHCP agents
2026-07-15 00:22:13.674 8 WARNING neutron.api.rpc.agentnotifiers.dhcp_rpc_agent_api [None req-8d644c30-829c-4188-85b1-4b5b3db1fbb2 fe6ab8746815459facacedbc5d1e8672 09bef738a09e4d038b2a49e1be60fdfa - - default default] Unable to schedule network d62c2c0f-e5f0-4a0a-a388-319aa6da34e5: no agents available; will retry on subsequent port and subnet creation events.
2026-07-15 00:22:13.766 8 INFO neutron.db.ovn_revision_numbers_db [None req-8d644c30-829c-4188-85b1-4b5b3db1fbb2 fe6ab8746815459facacedbc5d1e8672 09bef738a09e4d038b2a49e1be60fdfa - - default default] Successfully bumped revision number for resource bb9e812d-a414-4a92-9e9e-ffe35de3028f (type: ports) to 1 [pid: 8|app: 0|req: 859/1637] 10.0.0.9 () {34 vars in 668 bytes} [Wed Jul 15 00:22:13 2026] POST /v2.0/networks => generated 670 bytes in 555 msecs (HTTP/1.1 201) 4 headers in 162 bytes (1 switches on core 0)
2026-07-15 00:22:13.887 8 INFO neutron.api.v2.resource [None req-0b082040-cd3d-46fd-983d-72f194362bcb 340ca709160344739bd246748f91144d 4ed822de4f314cf68b577fa4df2b13f6 - - default default] remove_router_interface failed (client error): The resource could not be found. [pid: 8|app: 0|req: 860/1638] 10.0.0.9 () {34 vars in 787 bytes} [Wed Jul 15 00:22:13 2026] PUT /v2.0/routers/05ab6725-1c22-4683-958b-edf40d01f1a6/remove_router_interface => generated 197 bytes in 85 msecs (HTTP/1.1 404) 4 headers in 164 bytes (1 switches on core 0) [pid: 8|app: 0|req: 861/1639] 10.0.0.24 () {34 vars in 1119 bytes} [Wed Jul 15 00:22:13 2026] GET /v2.0/security-groups?id=56a7aef9-f9ea-4f7a-a3fa-ced798666412&id=90be4460-afd5-4328-a46a-fcf618bb15ce&fields=id&fields=name => generated 205 bytes in 27 msecs (HTTP/1.1 200) 4 headers in 157 bytes (1 switches on core 0) [pid: 8|app: 0|req: 862/1640] 10.0.0.9 () {34 vars in 751 bytes} [Wed Jul 15 00:22:13 2026] PUT /v2.0/networks/2ce7a54f-7e0c-4e83-8731-8869f3c440ac/tags => generated 17 bytes in 109 msecs (HTTP/1.1 200) 4 headers in 156 bytes (1 switches on core 0)
2026-07-15 00:22:14.044 7 INFO neutron.db.ovn_revision_numbers_db [None req-db53b4d4-ea80-400b-b216-ed5b5f7b7ba2 1cebb3d26417422abdc21568c8e7b37d ed52e4a7905b47c2bde5a10662d92d51 - - default default] Successfully bumped revision number for resource e1826f7f-f475-4f9e-9055-f90517d092b1 (type: ports) to 2 [pid: 8|app: 0|req: 863/1641] 10.0.0.9 () {32 vars in 734 bytes} [Wed Jul 15 00:22:14 2026] GET /v2.0/ports?device_id=05ab6725-1c22-4683-958b-edf40d01f1a6 => generated 12 bytes in 21 msecs (HTTP/1.1 200) 4 headers in 156 bytes (1 switches on core 0)
2026-07-15 00:22:14.089 7 INFO neutron.db.ovn_revision_numbers_db [None req-db53b4d4-ea80-400b-b216-ed5b5f7b7ba2 1cebb3d26417422abdc21568c8e7b37d ed52e4a7905b47c2bde5a10662d92d51 - - default default] Successfully bumped revision number for resource cf029b1d-f583-4aa8-88e5-14b2ca75292f (type: subnets) to 0 [pid: 8|app: 0|req: 864/1642] 10.0.0.9 () {34 vars in 751 bytes} [Wed Jul 15 00:22:14 2026] PUT /v2.0/networks/cd6718bc-de85-4d91-8531-5bf7d94e56c5/tags => generated 25 bytes in 57 msecs (HTTP/1.1 200) 4 headers in 156 bytes (1 switches on core 0) [pid: 7|app: 0|req: 779/1643] 10.0.0.9 () {34 vars in 667 bytes} [Wed Jul 15 00:22:13 2026] POST /v2.0/subnets => generated 626 bytes in 807 msecs (HTTP/1.1 201) 4 headers in 162 bytes (1 switches on core 0) [pid: 7|app: 0|req: 780/1644] 10.0.0.9 () {34 vars in 751 bytes} [Wed Jul 15 00:22:14 2026] PUT /v2.0/networks/94d0c7aa-a642-4708-b166-daeafe04ef32/tags => generated 34 bytes in 77 msecs (HTTP/1.1 200) 4 headers in 156 bytes (1 switches on core 0) [pid: 8|app: 0|req: 865/1645] 10.0.0.9 () {32 vars in 722 bytes} [Wed Jul 15 00:22:14 2026] DELETE /v2.0/routers/05ab6725-1c22-4683-958b-edf40d01f1a6 => generated 0 bytes in 254 msecs (HTTP/1.1 204) 2 headers in 112 bytes (1 switches on core 0) [pid: 8|app: 0|req: 866/1646] 10.0.0.9 () {34 vars in 751 bytes} [Wed Jul 15 00:22:14 2026] PUT /v2.0/networks/5ef11242-647e-420b-9bab-f30bde9f863e/tags => generated 19 bytes in 75 msecs (HTTP/1.1 200) 4 headers in 156 bytes (1 switches on core 0)
2026-07-15 00:22:14.481 7 WARNING neutron.scheduler.dhcp_agent_scheduler [None req-c76fee24-9aea-4751-9381-d84cc9a88f08 1cebb3d26417422abdc21568c8e7b37d ed52e4a7905b47c2bde5a10662d92d51 - - default default] No more DHCP agents
2026-07-15 00:22:14.482 7 WARNING neutron.api.rpc.agentnotifiers.dhcp_rpc_agent_api [None req-c76fee24-9aea-4751-9381-d84cc9a88f08 1cebb3d26417422abdc21568c8e7b37d ed52e4a7905b47c2bde5a10662d92d51 - - default default] Unable to schedule network 7d2ba9cc-dcf9-45ac-8edd-bb1304b26dbd: no agents available; will retry on subsequent port and subnet creation events. [pid: 8|app: 0|req: 867/1647] 199.204.45.216 () {34 vars in 1080 bytes} [Wed Jul 15 00:22:14 2026] GET /v2.0/ports?tenant_id=9edbbb06202e4f9bbd213759a3203c60&device_id=582179ce-166b-49fc-a5a8-8f7c61327686 => generated 1268 bytes in 50 msecs (HTTP/1.1 200) 4 headers in 158 bytes (1 switches on core 0) [pid: 8|app: 0|req: 868/1648] 10.0.0.9 () {32 vars in 722 bytes} [Wed Jul 15 00:22:14 2026] DELETE /v2.0/subnets/419154d9-422b-404a-85ca-34afa20272b6 => generated 0 bytes in 162 msecs (HTTP/1.1 204) 3 headers in 131 bytes (1 switches on core 0)
2026-07-15 00:22:14.666 7 INFO neutron.db.ovn_revision_numbers_db [None req-c76fee24-9aea-4751-9381-d84cc9a88f08 1cebb3d26417422abdc21568c8e7b37d ed52e4a7905b47c2bde5a10662d92d51 - - default default] Successfully bumped revision number for resource b7ff15de-392a-44e0-b4dd-bc9c4e2f6289 (type: ports) to 1 [pid: 7|app: 0|req: 781/1649] 10.0.0.9 () {34 vars in 663 bytes} [Wed Jul 15 00:22:14 2026] POST /v2.0/ports => generated 912 bytes in 490 msecs (HTTP/1.1 201) 4 headers in 162 bytes (1 switches on core 0) [pid: 8|app: 0|req: 869/1650] 10.0.0.9 () {32 vars in 664 bytes} [Wed Jul 15 00:22:14 2026] GET /v2.0/networks?tags=red => generated 1987 bytes in 46 msecs (HTTP/1.1 200) 4 headers in 158 bytes (1 switches on core 0) [pid: 7|app: 0|req: 782/1651] 199.204.45.216 () {34 vars in 1058 bytes} [Wed Jul 15 00:22:14 2026] GET /v2.0/floatingips?fixed_ip_address=10.100.0.3&port_id=b9ba7d44-dbf4-4bb1-8031-ebdbd8c2fd95 => generated 19 bytes in 16 msecs (HTTP/1.1 200) 4 headers in 156 bytes (1 switches on core 0)
2026-07-15 00:22:14.803 8 INFO neutron_taas.services.taas.taas_plugin [None req-b371e189-99e3-44a7-8928-5fab2ada0e38 340ca709160344739bd246748f91144d 4ed822de4f314cf68b577fa4df2b13f6 - - default default] TaaS: Handle Delete Port: 7e91e108-5b23-4ac3-8e33-fd66dc6e5427
2026-07-15 00:22:14.806 8 INFO neutron_taas.services.taas.tap_mirror_plugin [None req-b371e189-99e3-44a7-8928-5fab2ada0e38 340ca709160344739bd246748f91144d 4ed822de4f314cf68b577fa4df2b13f6 - - default default] Tap Mirror: Handle Delete Port: 7e91e108-5b23-4ac3-8e33-fd66dc6e5427
2026-07-15 00:22:14.838 7 INFO neutron_taas.services.taas.taas_plugin [None req-8a72e524-0355-4c26-ab82-5bc2f0a14c8e 1cebb3d26417422abdc21568c8e7b37d ed52e4a7905b47c2bde5a10662d92d51 - - default default] TaaS: Handle Delete Port: b7ff15de-392a-44e0-b4dd-bc9c4e2f6289
2026-07-15 00:22:14.842 7 INFO neutron_taas.services.taas.tap_mirror_plugin [None req-8a72e524-0355-4c26-ab82-5bc2f0a14c8e 1cebb3d26417422abdc21568c8e7b37d ed52e4a7905b47c2bde5a10662d92d51 - - default default] Tap Mirror: Handle Delete Port: b7ff15de-392a-44e0-b4dd-bc9c4e2f6289
2026-07-15 00:22:14.997 8 INFO neutron.services.segments.plugin [-] Segment 3eab484a-53ce-402a-a4c7-bbcce54b75e8 resource provider aggregate not found
2026-07-15 00:22:14.999 8 INFO neutron.services.segments.plugin [-] Segment 3eab484a-53ce-402a-a4c7-bbcce54b75e8 resource provider aggregate not found [pid: 7|app: 0|req: 783/1652] 10.0.0.9 () {32 vars in 718 bytes} [Wed Jul 15 00:22:14 2026] DELETE /v2.0/ports/b7ff15de-392a-44e0-b4dd-bc9c4e2f6289 => generated 0 bytes in 310 msecs (HTTP/1.1 204) 3 headers in 131 bytes (1 switches on core 0)
2026-07-15 00:22:15.017 8 INFO neutron.services.segments.plugin [-] Client error retrieving segment 3eab484a-53ce-402a-a4c7-bbcce54b75e8 resource provider; error: Placement Client Error (4xx): {"errors": [{"status": 404, "title": "Not Found", "detail": "The resource could not be found.\n\n No resource provider with uuid 3eab484a-53ce-402a-a4c7-bbcce54b75e8 found for delete ", "request_id": "req-90f5c962-4bc6-49a3-ad47-da32129ee926"}]}
2026-07-15 00:22:15.020 8 INFO neutron.services.segments.plugin [-] Client error retrieving segment 3eab484a-53ce-402a-a4c7-bbcce54b75e8 resource provider; error: Placement Client Error (4xx): {"errors": [{"status": 404, "title": "Not Found", "detail": "The resource could not be found.\n\n No resource provider with uuid 3eab484a-53ce-402a-a4c7-bbcce54b75e8 found for delete ", "request_id": "req-0b621529-9254-4901-8123-7be3e98c9738"}]} [pid: 8|app: 0|req: 870/1653] 10.0.0.9 () {32 vars in 724 bytes} [Wed Jul 15 00:22:14 2026] DELETE /v2.0/networks/271efb7a-5b85-47d4-9107-0fb39d27c6d7 => generated 0 bytes in 362 msecs (HTTP/1.1 204) 3 headers in 131 bytes (1 switches on core 0) [pid: 7|app: 0|req: 784/1654] 10.0.0.9 () {32 vars in 678 bytes} [Wed Jul 15 00:22:15 2026] GET /v2.0/networks?tags=red%2Cblue => generated 1337 bytes in 50 msecs (HTTP/1.1 200) 4 headers in 158 bytes (1 switches on core 0) [pid: 8|app: 0|req: 871/1655] 199.204.45.216 () {34 vars in 984 bytes} [Wed Jul 15 00:22:15 2026] GET /v2.0/subnets?id=d09746f3-97c1-491b-8532-87c401ef044a => generated 691 bytes in 25 msecs (HTTP/1.1 200) 4 headers in 157 bytes (1 switches on core 0)
2026-07-15 00:22:15.094 8 INFO neutron.pecan_wsgi.hooks.translation [None req-32bb5eab-536b-48b8-9b53-e9c7bc607e76 1cebb3d26417422abdc21568c8e7b37d ed52e4a7905b47c2bde5a10662d92d51 - - default default] GET failed (client error): The resource could not be found. [pid: 8|app: 0|req: 872/1656] 10.0.0.9 () {32 vars in 715 bytes} [Wed Jul 15 00:22:15 2026] GET /v2.0/ports/b7ff15de-392a-44e0-b4dd-bc9c4e2f6289 => generated 132 bytes in 13 msecs (HTTP/1.1 404) 4 headers in 164 bytes (1 switches on core 0) [pid: 7|app: 0|req: 785/1657] 10.0.0.24 () {34 vars in 1069 bytes} [Wed Jul 15 00:22:15 2026] GET /v2.0/ports?fields=security_groups&fields=device_id&device_id=582179ce-166b-49fc-a5a8-8f7c61327686 => generated 162 bytes in 73 msecs (HTTP/1.1 200) 4 headers in 157 bytes (1 switches on core 0)
2026-07-15 00:22:15.174 8 INFO neutron.db.segments_db [None req-23fd5197-5586-4444-9f5d-61cc8a95bb31 340ca709160344739bd246748f91144d 4ed822de4f314cf68b577fa4df2b13f6 - - default default] Added segment 4c6ed1f4-559f-4373-a7f1-8bc06f1267b1 of type geneve for network b5ce0a82-7272-4200-9b94-a82748ee9dac [pid: 7|app: 0|req: 786/1658] 10.0.0.9 () {32 vars in 674 bytes} [Wed Jul 15 00:22:15 2026] GET /v2.0/networks?tags-any=blue => generated 1337 bytes in 46 msecs (HTTP/1.1 200) 4 headers in 158 bytes (1 switches on core 0) [pid: 7|app: 0|req: 787/1659] 199.204.45.216 () {34 vars in 1052 bytes} [Wed Jul 15 00:22:15 2026] GET /v2.0/ports?network_id=c61bd5cb-378c-4595-9af0-60e2a2c6da2f&device_owner=network%3Adhcp => generated 12 bytes in 17 msecs (HTTP/1.1 200) 4 headers in 156 bytes (1 switches on core 0)
2026-07-15 00:22:15.280 8 INFO neutron.db.ovn_revision_numbers_db [None req-23fd5197-5586-4444-9f5d-61cc8a95bb31 340ca709160344739bd246748f91144d 4ed822de4f314cf68b577fa4df2b13f6 - - default default] Successfully bumped revision number for resource b5ce0a82-7272-4200-9b94-a82748ee9dac (type: networks) to 1 [pid: 7|app: 0|req: 788/1660] 10.0.0.9 () {32 vars in 722 bytes} [Wed Jul 15 00:22:15 2026] DELETE /v2.0/subnets/cf029b1d-f583-4aa8-88e5-14b2ca75292f => generated 0 bytes in 154 msecs (HTTP/1.1 204) 3 headers in 131 bytes (1 switches on core 0) [pid: 7|app: 0|req: 789/1661] 10.0.0.24 () {34 vars in 1119 bytes} [Wed Jul 15 00:22:15 2026] GET /v2.0/security-groups?id=56a7aef9-f9ea-4f7a-a3fa-ced798666412&id=90be4460-afd5-4328-a46a-fcf618bb15ce&fields=id&fields=name => generated 205 bytes in 36 msecs (HTTP/1.1 200) 4 headers in 157 bytes (1 switches on core 0) [pid: 7|app: 0|req: 790/1662] 10.0.0.9 () {32 vars in 686 bytes} [Wed Jul 15 00:22:15 2026] GET /v2.0/networks?tags-any=red%2Cblue => generated 1987 bytes in 63 msecs (HTTP/1.1 200) 4 headers in 158 bytes (1 switches on core 0)
2026-07-15 00:22:15.482 8 WARNING neutron.scheduler.dhcp_agent_scheduler [None req-23fd5197-5586-4444-9f5d-61cc8a95bb31 340ca709160344739bd246748f91144d 4ed822de4f314cf68b577fa4df2b13f6 - - default default] No more DHCP agents
2026-07-15 00:22:15.483 8 WARNING neutron.api.rpc.agentnotifiers.dhcp_rpc_agent_api [None req-23fd5197-5586-4444-9f5d-61cc8a95bb31 340ca709160344739bd246748f91144d 4ed822de4f314cf68b577fa4df2b13f6 - - default default] Unable to schedule network b5ce0a82-7272-4200-9b94-a82748ee9dac: no agents available; will retry on subsequent port and subnet creation events. [pid: 7|app: 0|req: 791/1663] 199.204.45.216 () {34 vars in 1012 bytes} [Wed Jul 15 00:22:15 2026] GET /v2.0/networks/c61bd5cb-378c-4595-9af0-60e2a2c6da2f?fields=segments => generated 14 bytes in 42 msecs (HTTP/1.1 200) 4 headers in 156 bytes (1 switches on core 0)
2026-07-15 00:22:15.565 8 INFO neutron.db.ovn_revision_numbers_db [None req-23fd5197-5586-4444-9f5d-61cc8a95bb31 340ca709160344739bd246748f91144d 4ed822de4f314cf68b577fa4df2b13f6 - - default default] Successfully bumped revision number for resource 020b0e84-9499-4ad8-9c51-63c3a62f91af (type: ports) to 1 [pid: 8|app: 0|req: 873/1664] 10.0.0.9 () {34 vars in 668 bytes} [Wed Jul 15 00:22:15 2026] POST /v2.0/networks => generated 672 bytes in 500 msecs (HTTP/1.1 201) 4 headers in 162 bytes (1 switches on core 0) [pid: 8|app: 0|req: 874/1665] 10.0.0.9 () {32 vars in 672 bytes} [Wed Jul 15 00:22:15 2026] GET /v2.0/networks?not-tags=red => generated 1988 bytes in 58 msecs (HTTP/1.1 200) 4 headers in 158 bytes (1 switches on core 0)
2026-07-15 00:22:15.669 7 INFO neutron_taas.services.taas.taas_plugin [None req-f41f64a7-7f67-4af0-91c5-4d709f6f375b 1cebb3d26417422abdc21568c8e7b37d ed52e4a7905b47c2bde5a10662d92d51 - - default default] TaaS: Handle Delete Port: e1826f7f-f475-4f9e-9055-f90517d092b1
