2026-07-15 00:23:11.120 8 INFO neutron.db.segments_db [None req-a7fba2ac-3903-4f9f-892c-aca0b02da4a9 ddf9f3ad29ee478a834b17a92a6f1526 640c5feda32e4e7fb156c5a47ab6e8c9 - - default default] Added segment 82c96ea8-824b-49c4-bbc9-694c9f2d8fb6 of type geneve for network 5c8f10ac-3a2e-4a93-a1a6-edef83d7b130
2026-07-15 00:23:11.193 7 INFO neutron.db.ovn_revision_numbers_db [None req-7c45316b-829f-41c9-8455-17d3c70febf0 9dc790f2166548569689c341e7f4bcea 3a65e25e6341448688636685ff5af4ef - - default default] Successfully bumped revision number for resource bd9ce4d6-ab9a-4828-829a-044557580a35 (type: networks) to 1
2026-07-15 00:23:11.238 8 INFO neutron.db.ovn_revision_numbers_db [None req-a7fba2ac-3903-4f9f-892c-aca0b02da4a9 ddf9f3ad29ee478a834b17a92a6f1526 640c5feda32e4e7fb156c5a47ab6e8c9 - - default default] Successfully bumped revision number for resource 5c8f10ac-3a2e-4a93-a1a6-edef83d7b130 (type: networks) to 1
2026-07-15 00:23:11.393 7 WARNING neutron.scheduler.dhcp_agent_scheduler [None req-7c45316b-829f-41c9-8455-17d3c70febf0 9dc790f2166548569689c341e7f4bcea 3a65e25e6341448688636685ff5af4ef - - default default] No more DHCP agents
2026-07-15 00:23:11.395 7 WARNING neutron.api.rpc.agentnotifiers.dhcp_rpc_agent_api [None req-7c45316b-829f-41c9-8455-17d3c70febf0 9dc790f2166548569689c341e7f4bcea 3a65e25e6341448688636685ff5af4ef - - default default] Unable to schedule network bd9ce4d6-ab9a-4828-829a-044557580a35: no agents available; will retry on subsequent port and subnet creation events.
2026-07-15 00:23:11.420 8 WARNING neutron.scheduler.dhcp_agent_scheduler [None req-a7fba2ac-3903-4f9f-892c-aca0b02da4a9 ddf9f3ad29ee478a834b17a92a6f1526 640c5feda32e4e7fb156c5a47ab6e8c9 - - default default] No more DHCP agents
2026-07-15 00:23:11.423 8 WARNING neutron.api.rpc.agentnotifiers.dhcp_rpc_agent_api [None req-a7fba2ac-3903-4f9f-892c-aca0b02da4a9 ddf9f3ad29ee478a834b17a92a6f1526 640c5feda32e4e7fb156c5a47ab6e8c9 - - default default] Unable to schedule network 5c8f10ac-3a2e-4a93-a1a6-edef83d7b130: no agents available; will retry on subsequent port and subnet creation events.
2026-07-15 00:23:11.465 7 INFO neutron.plugins.ml2.drivers.ovn.mech_driver.mech_driver [None req-edfc23e8-ad90-48d5-8424-26b7f1da66f3 - - - - - -] OVN reports status down for port: 827c7742-4bee-4e04-a0f8-f51ab4dd85c1
2026-07-15 00:23:11.536 8 INFO neutron.db.ovn_revision_numbers_db [None req-a7fba2ac-3903-4f9f-892c-aca0b02da4a9 ddf9f3ad29ee478a834b17a92a6f1526 640c5feda32e4e7fb156c5a47ab6e8c9 - - default default] Successfully bumped revision number for resource 8d8b93ea-0b74-4845-b33f-456e20ef5b08 (type: ports) to 1 [pid: 8|app: 0|req: 1064/2084] 10.0.0.9 () {34 vars in 669 bytes} [Wed Jul 15 00:23:10 2026] POST /v2.0/networks => generated 671 bytes in 974 msecs (HTTP/1.1 201) 4 headers in 162 bytes (1 switches on core 0)
2026-07-15 00:23:11.563 7 INFO neutron.db.ovn_revision_numbers_db [None req-7c45316b-829f-41c9-8455-17d3c70febf0 9dc790f2166548569689c341e7f4bcea 3a65e25e6341448688636685ff5af4ef - - default default] Successfully bumped revision number for resource 827c7742-4bee-4e04-a0f8-f51ab4dd85c1 (type: ports) to 1 [pid: 7|app: 0|req: 1021/2085] 10.0.0.9 () {34 vars in 668 bytes} [Wed Jul 15 00:23:10 2026] POST /v2.0/networks => generated 668 bytes in 946 msecs (HTTP/1.1 201) 4 headers in 162 bytes (1 switches on core 0)
2026-07-15 00:23:11.625 7 INFO neutron.plugins.ml2.drivers.ovn.mech_driver.mech_driver [None req-edfc23e8-ad90-48d5-8424-26b7f1da66f3 - - - - - -] OVN reports status down for port: 8d8b93ea-0b74-4845-b33f-456e20ef5b08
2026-07-15 00:23:11.773 8 WARNING neutron.db.securitygroups_db [None req-4f6a2d46-aa57-44a8-a5a5-9f4b136159a2 ee0847ec8885450e89893411e7798beb fd938b09b9974e31b3e8c0eacce8a99c - - default default] project_id key not found in filters, using tenant_id instead. This support has been deprecated and will be removed in a future release.
2026-07-15 00:23:11.924 8 INFO neutron.db.ovn_revision_numbers_db [None req-4f6a2d46-aa57-44a8-a5a5-9f4b136159a2 ee0847ec8885450e89893411e7798beb fd938b09b9974e31b3e8c0eacce8a99c - - default default] Successfully bumped revision number for resource 32935dc8-1ff5-47fa-aa1f-b8c53c368d4f (type: security_groups) to 1
2026-07-15 00:23:11.936 8 INFO neutron.db.ovn_revision_numbers_db [None req-4f6a2d46-aa57-44a8-a5a5-9f4b136159a2 ee0847ec8885450e89893411e7798beb fd938b09b9974e31b3e8c0eacce8a99c - - default default] Successfully bumped revision number for resource 2bc67f9e-742b-4b5c-a8cd-632135ed6ca2 (type: security_group_rules) to 0
2026-07-15 00:23:11.948 8 INFO neutron.db.ovn_revision_numbers_db [None req-4f6a2d46-aa57-44a8-a5a5-9f4b136159a2 ee0847ec8885450e89893411e7798beb fd938b09b9974e31b3e8c0eacce8a99c - - default default] Successfully bumped revision number for resource 326dde3a-16c0-4dda-a285-0dcbba5256ed (type: security_group_rules) to 0
2026-07-15 00:23:11.962 8 INFO neutron.db.ovn_revision_numbers_db [None req-4f6a2d46-aa57-44a8-a5a5-9f4b136159a2 ee0847ec8885450e89893411e7798beb fd938b09b9974e31b3e8c0eacce8a99c - - default default] Successfully bumped revision number for resource 6243c26d-a242-4d73-9e15-6ce0cb014e32 (type: security_group_rules) to 0
2026-07-15 00:23:11.978 8 INFO neutron.db.ovn_revision_numbers_db [None req-4f6a2d46-aa57-44a8-a5a5-9f4b136159a2 ee0847ec8885450e89893411e7798beb fd938b09b9974e31b3e8c0eacce8a99c - - default default] Successfully bumped revision number for resource 9a6c1087-54c1-41cc-920d-d04b8b90737b (type: security_group_rules) to 0 [pid: 8|app: 0|req: 1065/2086] 10.0.0.9 () {32 vars in 772 bytes} [Wed Jul 15 00:23:11 2026] GET /v2.0/security-groups?tenant_id=5cd0abd0e80c47dfa758a2e68909e4f7&name=default => generated 2925 bytes in 457 msecs (HTTP/1.1 200) 4 headers in 158 bytes (1 switches on core 0)
2026-07-15 00:23:12.083 7 WARNING neutron.scheduler.dhcp_agent_scheduler [None req-eb5bed23-0265-4c42-bb75-fe141b9eefb8 ddf9f3ad29ee478a834b17a92a6f1526 640c5feda32e4e7fb156c5a47ab6e8c9 - - default default] No more DHCP agents
2026-07-15 00:23:12.085 7 WARNING neutron.api.rpc.agentnotifiers.dhcp_rpc_agent_api [None req-eb5bed23-0265-4c42-bb75-fe141b9eefb8 ddf9f3ad29ee478a834b17a92a6f1526 640c5feda32e4e7fb156c5a47ab6e8c9 - - default default] Unable to schedule network 63bfc501-57a4-4bb2-922f-7bd39db064a3: no agents available; will retry on subsequent port and subnet creation events.
2026-07-15 00:23:12.207 7 INFO neutron.plugins.ml2.drivers.ovn.mech_driver.mech_driver [None req-edfc23e8-ad90-48d5-8424-26b7f1da66f3 - - - - - -] OVN reports status down for port: c5603839-4aa8-4470-915f-a04a441d5cf9
2026-07-15 00:23:12.264 7 INFO neutron.db.ovn_revision_numbers_db [None req-eb5bed23-0265-4c42-bb75-fe141b9eefb8 ddf9f3ad29ee478a834b17a92a6f1526 640c5feda32e4e7fb156c5a47ab6e8c9 - - default default] Successfully bumped revision number for resource c5603839-4aa8-4470-915f-a04a441d5cf9 (type: ports) to 1
2026-07-15 00:23:12.274 8 WARNING neutron.scheduler.dhcp_agent_scheduler [None req-2b487a7a-6fda-4c6d-8a9d-16d2b6440ca0 9dc790f2166548569689c341e7f4bcea 3a65e25e6341448688636685ff5af4ef - - default default] No more DHCP agents
2026-07-15 00:23:12.275 8 WARNING neutron.api.rpc.agentnotifiers.dhcp_rpc_agent_api [None req-2b487a7a-6fda-4c6d-8a9d-16d2b6440ca0 9dc790f2166548569689c341e7f4bcea 3a65e25e6341448688636685ff5af4ef - - default default] Unable to schedule network bd9ce4d6-ab9a-4828-829a-044557580a35: no agents available; will retry on subsequent port and subnet creation events.
2026-07-15 00:23:12.356 8 INFO neutron.db.ovn_revision_numbers_db [None req-2b487a7a-6fda-4c6d-8a9d-16d2b6440ca0 9dc790f2166548569689c341e7f4bcea 3a65e25e6341448688636685ff5af4ef - - default default] Successfully bumped revision number for resource 61ebc563-66aa-4f3d-b4b1-173784e6bb50 (type: ports) to 1 [pid: 8|app: 0|req: 1066/2087] 10.0.0.9 () {34 vars in 662 bytes} [Wed Jul 15 00:23:12 2026] POST /v2.0/ports => generated 743 bytes in 362 msecs (HTTP/1.1 201) 4 headers in 162 bytes (1 switches on core 0) /var/lib/openstack/lib/python3.12/site-packages/pycadf/identifier.py:70: UserWarning: Invalid uuid: neutron. To ensure interoperability, identifiers should be a valid uuid. warnings.warn(('Invalid uuid: %s. To ensure interoperability, '
2026-07-15 00:23:12.412 7 INFO neutron.plugins.ml2.drivers.ovn.mech_driver.mech_driver [None req-edfc23e8-ad90-48d5-8424-26b7f1da66f3 - - - - - -] OVN reports status down for port: 61ebc563-66aa-4f3d-b4b1-173784e6bb50 [pid: 8|app: 0|req: 1067/2088] 10.0.0.9 () {32 vars in 738 bytes} [Wed Jul 15 00:23:12 2026] DELETE /v2.0/security-groups/32935dc8-1ff5-47fa-aa1f-b8c53c368d4f => generated 0 bytes in 183 msecs (HTTP/1.1 204) 2 headers in 112 bytes (1 switches on core 0) [pid: 8|app: 0|req: 1068/2089] 10.0.0.9 () {34 vars in 674 bytes} [Wed Jul 15 00:23:12 2026] POST /v2.0/subnetpools => generated 516 bytes in 85 msecs (HTTP/1.1 201) 4 headers in 162 bytes (1 switches on core 0)
2026-07-15 00:23:12.731 8 INFO neutron.db.segments_db [None req-6d51e697-391d-4144-bb41-627ad3b40103 9dc790f2166548569689c341e7f4bcea 3a65e25e6341448688636685ff5af4ef - - default default] Added segment 0c6ac96a-26ae-489c-9703-909868c9608b of type geneve for network ba54033b-3f83-42a1-a7cd-a7d2b41b577c
2026-07-15 00:23:12.854 8 INFO neutron.db.ovn_revision_numbers_db [None req-6d51e697-391d-4144-bb41-627ad3b40103 9dc790f2166548569689c341e7f4bcea 3a65e25e6341448688636685ff5af4ef - - default default] Successfully bumped revision number for resource ba54033b-3f83-42a1-a7cd-a7d2b41b577c (type: networks) to 1
2026-07-15 00:23:12.980 7 INFO neutron.plugins.ml2.drivers.ovn.mech_driver.ovsdb.ovsdb_monitor [None req-8bb59bdf-43a5-4dfd-bfec-3ff6df6d177e - - - - - -] Router 70ac0ca0-0d9f-4a4e-b497-a3e83367d965 is bound to host instance
2026-07-15 00:23:13.032 7 INFO neutron.plugins.ml2.drivers.ovn.mech_driver.mech_driver [None req-edfc23e8-ad90-48d5-8424-26b7f1da66f3 - - - - - -] OVN reports status up for port: c5603839-4aa8-4470-915f-a04a441d5cf9
2026-07-15 00:23:13.059 7 INFO neutron.plugins.ml2.plugin [None req-edfc23e8-ad90-48d5-8424-26b7f1da66f3 - - - - - -] Attempt 1 to provision port c5603839-4aa8-4470-915f-a04a441d5cf9
2026-07-15 00:23:13.067 8 WARNING neutron.scheduler.dhcp_agent_scheduler [None req-6d51e697-391d-4144-bb41-627ad3b40103 9dc790f2166548569689c341e7f4bcea 3a65e25e6341448688636685ff5af4ef - - default default] No more DHCP agents
2026-07-15 00:23:13.069 8 WARNING neutron.api.rpc.agentnotifiers.dhcp_rpc_agent_api [None req-6d51e697-391d-4144-bb41-627ad3b40103 9dc790f2166548569689c341e7f4bcea 3a65e25e6341448688636685ff5af4ef - - default default] Unable to schedule network ba54033b-3f83-42a1-a7cd-a7d2b41b577c: no agents available; will retry on subsequent port and subnet creation events.
2026-07-15 00:23:13.120 8 INFO neutron.plugins.ml2.drivers.ovn.mech_driver.mech_driver [None req-4384a91b-1604-4523-8f7e-91ed064bc8b5 - - - - - -] OVN reports status down for port: d38fa1f7-36f0-4586-be7b-6afafcf64f67
2026-07-15 00:23:13.161 7 INFO neutron.db.ovn_revision_numbers_db [None req-eb5bed23-0265-4c42-bb75-fe141b9eefb8 ddf9f3ad29ee478a834b17a92a6f1526 640c5feda32e4e7fb156c5a47ab6e8c9 - - default default] Successfully bumped revision number for resource c5603839-4aa8-4470-915f-a04a441d5cf9 (type: router_ports) to 1
2026-07-15 00:23:13.169 8 INFO neutron.db.ovn_revision_numbers_db [None req-6d51e697-391d-4144-bb41-627ad3b40103 9dc790f2166548569689c341e7f4bcea 3a65e25e6341448688636685ff5af4ef - - default default] Successfully bumped revision number for resource d38fa1f7-36f0-4586-be7b-6afafcf64f67 (type: ports) to 1 [pid: 8|app: 0|req: 1069/2090] 10.0.0.9 () {34 vars in 668 bytes} [Wed Jul 15 00:23:12 2026] POST /v2.0/networks => generated 670 bytes in 551 msecs (HTTP/1.1 201) 4 headers in 162 bytes (1 switches on core 0)
2026-07-15 00:23:13.210 8 WARNING neutron.db.securitygroups_db [None req-b6904d10-6502-4b16-acb0-acda491d39ba ee0847ec8885450e89893411e7798beb fd938b09b9974e31b3e8c0eacce8a99c - - default default] project_id key not found in filters, using tenant_id instead. This support has been deprecated and will be removed in a future release.
2026-07-15 00:23:13.354 7 INFO neutron.db.ovn_revision_numbers_db [None req-eb5bed23-0265-4c42-bb75-fe141b9eefb8 ddf9f3ad29ee478a834b17a92a6f1526 640c5feda32e4e7fb156c5a47ab6e8c9 - - default default] Successfully bumped revision number for resource 70ac0ca0-0d9f-4a4e-b497-a3e83367d965 (type: routers) to 2
2026-07-15 00:23:13.360 8 INFO neutron.db.ovn_revision_numbers_db [None req-b6904d10-6502-4b16-acb0-acda491d39ba ee0847ec8885450e89893411e7798beb fd938b09b9974e31b3e8c0eacce8a99c - - default default] Successfully bumped revision number for resource b6def035-5f13-446c-8bf6-919c65a302af (type: security_groups) to 1
2026-07-15 00:23:13.372 8 INFO neutron.db.ovn_revision_numbers_db [None req-b6904d10-6502-4b16-acb0-acda491d39ba ee0847ec8885450e89893411e7798beb fd938b09b9974e31b3e8c0eacce8a99c - - default default] Successfully bumped revision number for resource 112df96a-0722-4c72-8257-85cb295997d7 (type: security_group_rules) to 0
2026-07-15 00:23:13.386 8 INFO neutron.db.ovn_revision_numbers_db [None req-b6904d10-6502-4b16-acb0-acda491d39ba ee0847ec8885450e89893411e7798beb fd938b09b9974e31b3e8c0eacce8a99c - - default default] Successfully bumped revision number for resource 688622e0-9141-4642-a313-42b5cadf9e7e (type: security_group_rules) to 0
2026-07-15 00:23:13.399 8 INFO neutron.db.ovn_revision_numbers_db [None req-b6904d10-6502-4b16-acb0-acda491d39ba ee0847ec8885450e89893411e7798beb fd938b09b9974e31b3e8c0eacce8a99c - - default default] Successfully bumped revision number for resource 83d3f833-14d5-4aa5-82df-5c920b3ba821 (type: security_group_rules) to 0 [pid: 7|app: 0|req: 1022/2091] 10.0.0.9 () {34 vars in 667 bytes} [Wed Jul 15 00:23:11 2026] POST /v2.0/routers => generated 976 bytes in 1799 msecs (HTTP/1.1 201) 4 headers in 162 bytes (1 switches on core 0)
2026-07-15 00:23:13.416 8 INFO neutron.db.ovn_revision_numbers_db [None req-b6904d10-6502-4b16-acb0-acda491d39ba ee0847ec8885450e89893411e7798beb fd938b09b9974e31b3e8c0eacce8a99c - - default default] Successfully bumped revision number for resource d4cb21fe-20b7-4031-92ba-4038344e6a85 (type: security_group_rules) to 0 [pid: 8|app: 0|req: 1070/2092] 10.0.0.9 () {32 vars in 772 bytes} [Wed Jul 15 00:23:13 2026] GET /v2.0/security-groups?tenant_id=037b267a010c4bec8c246bbadb2e20e9&name=default => generated 2925 bytes in 264 msecs (HTTP/1.1 200) 4 headers in 158 bytes (1 switches on core 0) [pid: 7|app: 0|req: 1023/2093] 10.0.0.9 () {34 vars in 674 bytes} [Wed Jul 15 00:23:13 2026] POST /v2.0/subnetpools => generated 516 bytes in 128 msecs (HTTP/1.1 201) 4 headers in 162 bytes (1 switches on core 0)
2026-07-15 00:23:13.700 8 WARNING neutron.scheduler.dhcp_agent_scheduler [None req-683e511c-8112-437c-9da7-47a0fc5fbcac 9dc790f2166548569689c341e7f4bcea 3a65e25e6341448688636685ff5af4ef - - default default] No more DHCP agents
2026-07-15 00:23:13.702 8 WARNING neutron.api.rpc.agentnotifiers.dhcp_rpc_agent_api [None req-683e511c-8112-437c-9da7-47a0fc5fbcac 9dc790f2166548569689c341e7f4bcea 3a65e25e6341448688636685ff5af4ef - - default default] Unable to schedule network ba54033b-3f83-42a1-a7cd-a7d2b41b577c: no agents available; will retry on subsequent port and subnet creation events. [pid: 7|app: 0|req: 1024/2094] 10.0.0.9 () {32 vars in 774 bytes} [Wed Jul 15 00:23:13 2026] GET /v2.0/subnets?project_id=640c5feda32e4e7fb156c5a47ab6e8c9&cidr=10.100.0.0%2F28 => generated 14 bytes in 203 msecs (HTTP/1.1 200) 4 headers in 156 bytes (1 switches on core 0)
2026-07-15 00:23:13.788 8 INFO neutron.db.ovn_revision_numbers_db [None req-683e511c-8112-437c-9da7-47a0fc5fbcac 9dc790f2166548569689c341e7f4bcea 3a65e25e6341448688636685ff5af4ef - - default default] Successfully bumped revision number for resource 3a1dc11a-6583-419d-ad79-e46b30e26f9b (type: ports) to 1 [pid: 8|app: 0|req: 1071/2095] 10.0.0.9 () {34 vars in 662 bytes} [Wed Jul 15 00:23:13 2026] POST /v2.0/ports => generated 743 bytes in 345 msecs (HTTP/1.1 201) 4 headers in 162 bytes (1 switches on core 0) /var/lib/openstack/lib/python3.12/site-packages/pycadf/identifier.py:70: UserWarning: Invalid uuid: neutron. To ensure interoperability, identifiers should be a valid uuid. warnings.warn(('Invalid uuid: %s. To ensure interoperability, ' [pid: 8|app: 0|req: 1072/2096] 10.0.0.9 () {34 vars in 674 bytes} [Wed Jul 15 00:23:13 2026] POST /v2.0/subnetpools => generated 516 bytes in 53 msecs (HTTP/1.1 201) 4 headers in 162 bytes (1 switches on core 0) [pid: 8|app: 0|req: 1073/2097] 10.0.0.9 () {32 vars in 692 bytes} [Wed Jul 15 00:23:13 2026] GET /v2.0/networks?router%3Aexternal=True => generated 791 bytes in 48 msecs (HTTP/1.1 200) 4 headers in 157 bytes (1 switches on core 0)
2026-07-15 00:23:14.017 8 INFO neutron.db.segments_db [None req-ee4373ab-e149-4c44-bde7-0b7dde4b2102 9dc790f2166548569689c341e7f4bcea 3a65e25e6341448688636685ff5af4ef - - default default] Added segment 4e259ddd-296e-4dae-a050-5beed7e74abb of type geneve for network 39e94616-b088-433a-93df-f8c1ad1a7db5 [pid: 7|app: 0|req: 1025/2098] 10.0.0.9 () {32 vars in 738 bytes} [Wed Jul 15 00:23:13 2026] DELETE /v2.0/security-groups/b6def035-5f13-446c-8bf6-919c65a302af => generated 0 bytes in 350 msecs (HTTP/1.1 204) 2 headers in 112 bytes (1 switches on core 0)
2026-07-15 00:23:14.126 8 INFO neutron.db.ovn_revision_numbers_db [None req-ee4373ab-e149-4c44-bde7-0b7dde4b2102 9dc790f2166548569689c341e7f4bcea 3a65e25e6341448688636685ff5af4ef - - default default] Successfully bumped revision number for resource 39e94616-b088-433a-93df-f8c1ad1a7db5 (type: networks) to 1 [pid: 7|app: 0|req: 1026/2099] 10.0.0.9 () {34 vars in 674 bytes} [Wed Jul 15 00:23:14 2026] POST /v2.0/subnetpools => generated 516 bytes in 95 msecs (HTTP/1.1 201) 4 headers in 162 bytes (1 switches on core 0) [pid: 7|app: 0|req: 1027/2100] 10.0.0.9 () {32 vars in 782 bytes} [Wed Jul 15 00:23:14 2026] GET /v2.0/subnets?network_id=63bfc501-57a4-4bb2-922f-7bd39db064a3&cidr=10.100.0.0%2F28 => generated 14 bytes in 31 msecs (HTTP/1.1 200) 4 headers in 156 bytes (1 switches on core 0)
2026-07-15 00:23:14.304 8 WARNING neutron.scheduler.dhcp_agent_scheduler [None req-ee4373ab-e149-4c44-bde7-0b7dde4b2102 9dc790f2166548569689c341e7f4bcea 3a65e25e6341448688636685ff5af4ef - - default default] No more DHCP agents
2026-07-15 00:23:14.305 8 WARNING neutron.api.rpc.agentnotifiers.dhcp_rpc_agent_api [None req-ee4373ab-e149-4c44-bde7-0b7dde4b2102 9dc790f2166548569689c341e7f4bcea 3a65e25e6341448688636685ff5af4ef - - default default] Unable to schedule network 39e94616-b088-433a-93df-f8c1ad1a7db5: no agents available; will retry on subsequent port and subnet creation events. [pid: 7|app: 0|req: 1028/2101] 10.0.0.9 () {34 vars in 674 bytes} [Wed Jul 15 00:23:14 2026] POST /v2.0/subnetpools => generated 516 bytes in 94 msecs (HTTP/1.1 201) 4 headers in 162 bytes (1 switches on core 0)
2026-07-15 00:23:14.382 8 INFO neutron.plugins.ml2.drivers.ovn.mech_driver.mech_driver [None req-4384a91b-1604-4523-8f7e-91ed064bc8b5 - - - - - -] OVN reports status down for port: 05a16a3b-6a56-4298-ad62-ece7fc033045
2026-07-15 00:23:14.458 8 INFO neutron.db.ovn_revision_numbers_db [None req-ee4373ab-e149-4c44-bde7-0b7dde4b2102 9dc790f2166548569689c341e7f4bcea 3a65e25e6341448688636685ff5af4ef - - default default] Successfully bumped revision number for resource 05a16a3b-6a56-4298-ad62-ece7fc033045 (type: ports) to 1 [pid: 8|app: 0|req: 1074/2102] 10.0.0.9 () {34 vars in 668 bytes} [Wed Jul 15 00:23:13 2026] POST /v2.0/networks => generated 670 bytes in 594 msecs (HTTP/1.1 201) 4 headers in 162 bytes (1 switches on core 0)
2026-07-15 00:23:14.537 7 INFO neutron.db.ovn_revision_numbers_db [None req-5353cb3c-e601-4845-b12a-aafe318115c9 - - - - - -] Successfully bumped revision number for resource c5603839-4aa8-4470-915f-a04a441d5cf9 (type: ports) to 4 [pid: 8|app: 0|req: 1075/2103] 10.0.0.9 () {34 vars in 757 bytes} [Wed Jul 15 00:23:14 2026] PUT /v2.0/subnetpools/4ed6e054-3be5-4bf3-96d5-4abf2f595a42/tags => generated 17 bytes in 45 msecs (HTTP/1.1 200) 4 headers in 156 bytes (1 switches on core 0)
2026-07-15 00:23:14.689 7 WARNING neutron.scheduler.dhcp_agent_scheduler [None req-80adcc01-1e01-44eb-871b-2c17b6cd976b ddf9f3ad29ee478a834b17a92a6f1526 640c5feda32e4e7fb156c5a47ab6e8c9 - - default default] No more DHCP agents
2026-07-15 00:23:14.692 7 WARNING neutron.api.rpc.agentnotifiers.dhcp_rpc_agent_api [None req-80adcc01-1e01-44eb-871b-2c17b6cd976b ddf9f3ad29ee478a834b17a92a6f1526 640c5feda32e4e7fb156c5a47ab6e8c9 - - default default] Unable to schedule network 5c8f10ac-3a2e-4a93-a1a6-edef83d7b130: no agents available; will retry on subsequent port and subnet creation events.
2026-07-15 00:23:14.788 8 WARNING neutron.scheduler.dhcp_agent_scheduler [None req-698d299b-40c2-4650-894e-9471225d7c04 9dc790f2166548569689c341e7f4bcea 3a65e25e6341448688636685ff5af4ef - - default default] No more DHCP agents
2026-07-15 00:23:14.789 8 WARNING neutron.api.rpc.agentnotifiers.dhcp_rpc_agent_api [None req-698d299b-40c2-4650-894e-9471225d7c04 9dc790f2166548569689c341e7f4bcea 3a65e25e6341448688636685ff5af4ef - - default default] Unable to schedule network 39e94616-b088-433a-93df-f8c1ad1a7db5: no agents available; will retry on subsequent port and subnet creation events.
2026-07-15 00:23:14.866 8 INFO neutron.plugins.ml2.drivers.ovn.mech_driver.mech_driver [None req-4384a91b-1604-4523-8f7e-91ed064bc8b5 - - - - - -] OVN reports status down for port: f42c1293-f327-4f81-a5e9-c4a613ed1130
2026-07-15 00:23:14.927 8 INFO neutron.db.ovn_revision_numbers_db [None req-698d299b-40c2-4650-894e-9471225d7c04 9dc790f2166548569689c341e7f4bcea 3a65e25e6341448688636685ff5af4ef - - default default] Successfully bumped revision number for resource f42c1293-f327-4f81-a5e9-c4a613ed1130 (type: ports) to 1 [pid: 8|app: 0|req: 1076/2104] 10.0.0.9 () {34 vars in 662 bytes} [Wed Jul 15 00:23:14 2026] POST /v2.0/ports => generated 743 bytes in 432 msecs (HTTP/1.1 201) 4 headers in 162 bytes (1 switches on core 0) /var/lib/openstack/lib/python3.12/site-packages/pycadf/identifier.py:70: UserWarning: Invalid uuid: neutron. To ensure interoperability, identifiers should be a valid uuid. warnings.warn(('Invalid uuid: %s. To ensure interoperability, ' [pid: 8|app: 0|req: 1077/2105] 10.0.0.9 () {34 vars in 757 bytes} [Wed Jul 15 00:23:14 2026] PUT /v2.0/subnetpools/192e40ed-0d05-4daa-9f8c-17e0c3699351/tags => generated 25 bytes in 47 msecs (HTTP/1.1 200) 4 headers in 156 bytes (1 switches on core 0)
2026-07-15 00:23:15.118 8 INFO neutron.db.segments_db [None req-3a32ee9a-7dc3-4fa0-a7fd-563b83e7e714 9dc790f2166548569689c341e7f4bcea 3a65e25e6341448688636685ff5af4ef - - default default] Added segment 6971688f-f057-4d2a-b006-18bad3aa6857 of type geneve for network 51b7ef1f-77b8-4928-a709-95c4c888d447
2026-07-15 00:23:15.177 7 INFO neutron.db.ovn_revision_numbers_db [None req-5353cb3c-e601-4845-b12a-aafe318115c9 - - - - - -] Successfully bumped revision number for resource c5603839-4aa8-4470-915f-a04a441d5cf9 (type: ports) to 5
2026-07-15 00:23:15.229 8 INFO neutron.db.ovn_revision_numbers_db [None req-3a32ee9a-7dc3-4fa0-a7fd-563b83e7e714 9dc790f2166548569689c341e7f4bcea 3a65e25e6341448688636685ff5af4ef - - default default] Successfully bumped revision number for resource 51b7ef1f-77b8-4928-a709-95c4c888d447 (type: networks) to 1
2026-07-15 00:23:15.409 8 WARNING neutron.scheduler.dhcp_agent_scheduler [None req-3a32ee9a-7dc3-4fa0-a7fd-563b83e7e714 9dc790f2166548569689c341e7f4bcea 3a65e25e6341448688636685ff5af4ef - - default default] No more DHCP agents
2026-07-15 00:23:15.411 8 WARNING neutron.api.rpc.agentnotifiers.dhcp_rpc_agent_api [None req-3a32ee9a-7dc3-4fa0-a7fd-563b83e7e714 9dc790f2166548569689c341e7f4bcea 3a65e25e6341448688636685ff5af4ef - - default default] Unable to schedule network 51b7ef1f-77b8-4928-a709-95c4c888d447: no agents available; will retry on subsequent port and subnet creation events.
2026-07-15 00:23:15.491 8 INFO neutron.plugins.ml2.drivers.ovn.mech_driver.mech_driver [None req-4384a91b-1604-4523-8f7e-91ed064bc8b5 - - - - - -] OVN reports status down for port: 144e03f6-8e4d-4633-a409-9807cb673879
2026-07-15 00:23:15.529 7 INFO neutron.db.ovn_revision_numbers_db [None req-80adcc01-1e01-44eb-871b-2c17b6cd976b ddf9f3ad29ee478a834b17a92a6f1526 640c5feda32e4e7fb156c5a47ab6e8c9 - - default default] Successfully bumped revision number for resource 8d8b93ea-0b74-4845-b33f-456e20ef5b08 (type: ports) to 2
2026-07-15 00:23:15.544 8 INFO neutron.db.ovn_revision_numbers_db [None req-3a32ee9a-7dc3-4fa0-a7fd-563b83e7e714 9dc790f2166548569689c341e7f4bcea 3a65e25e6341448688636685ff5af4ef - - default default] Successfully bumped revision number for resource 144e03f6-8e4d-4633-a409-9807cb673879 (type: ports) to 1
2026-07-15 00:23:15.564 7 INFO neutron.db.ovn_revision_numbers_db [None req-80adcc01-1e01-44eb-871b-2c17b6cd976b ddf9f3ad29ee478a834b17a92a6f1526 640c5feda32e4e7fb156c5a47ab6e8c9 - - default default] Successfully bumped revision number for resource 15816ad9-c0d0-4bac-ae58-2c8e1372e85d (type: subnets) to 0 [pid: 8|app: 0|req: 1078/2106] 10.0.0.9 () {34 vars in 668 bytes} [Wed Jul 15 00:23:15 2026] POST /v2.0/networks => generated 670 bytes in 550 msecs (HTTP/1.1 201) 4 headers in 162 bytes (1 switches on core 0) [pid: 7|app: 0|req: 1029/2107] 10.0.0.9 () {34 vars in 667 bytes} [Wed Jul 15 00:23:14 2026] POST /v2.0/subnets => generated 657 bytes in 1277 msecs (HTTP/1.1 201) 4 headers in 162 bytes (1 switches on core 0) [pid: 8|app: 0|req: 1079/2108] 10.0.0.9 () {34 vars in 757 bytes} [Wed Jul 15 00:23:15 2026] PUT /v2.0/subnetpools/254faf41-38d3-4948-83d3-eb22b3336789/tags => generated 34 bytes in 50 msecs (HTTP/1.1 200) 4 headers in 156 bytes (1 switches on core 0)
2026-07-15 00:23:15.812 7 WARNING neutron.scheduler.dhcp_agent_scheduler [None req-e4ac35c6-83d4-412d-932f-4ebcc1ce4b34 9dc790f2166548569689c341e7f4bcea 3a65e25e6341448688636685ff5af4ef - - default default] No more DHCP agents
2026-07-15 00:23:15.814 7 WARNING neutron.api.rpc.agentnotifiers.dhcp_rpc_agent_api [None req-e4ac35c6-83d4-412d-932f-4ebcc1ce4b34 9dc790f2166548569689c341e7f4bcea 3a65e25e6341448688636685ff5af4ef - - default default] Unable to schedule network 51b7ef1f-77b8-4928-a709-95c4c888d447: no agents available; will retry on subsequent port and subnet creation events.
2026-07-15 00:23:15.885 8 INFO neutron.plugins.ml2.drivers.ovn.mech_driver.mech_driver [None req-4384a91b-1604-4523-8f7e-91ed064bc8b5 - - - - - -] OVN reports status down for port: 9b3ae8dc-469b-4cad-92e4-a7ba643dcb6c
2026-07-15 00:23:15.910 7 INFO neutron.db.ovn_revision_numbers_db [None req-e4ac35c6-83d4-412d-932f-4ebcc1ce4b34 9dc790f2166548569689c341e7f4bcea 3a65e25e6341448688636685ff5af4ef - - default default] Successfully bumped revision number for resource 9b3ae8dc-469b-4cad-92e4-a7ba643dcb6c (type: ports) to 1 [pid: 7|app: 0|req: 1030/2109] 10.0.0.9 () {34 vars in 662 bytes} [Wed Jul 15 00:23:15 2026] POST /v2.0/ports => generated 743 bytes in 356 msecs (HTTP/1.1 201) 4 headers in 162 bytes (1 switches on core 0) /var/lib/openstack/lib/python3.12/site-packages/pycadf/identifier.py:70: UserWarning: Invalid uuid: neutron. To ensure interoperability, identifiers should be a valid uuid. warnings.warn(('Invalid uuid: %s. To ensure interoperability, ' [pid: 7|app: 0|req: 1031/2110] 10.0.0.9 () {34 vars in 757 bytes} [Wed Jul 15 00:23:15 2026] PUT /v2.0/subnetpools/bad8fc42-342a-4062-b56f-c4651f579824/tags => generated 19 bytes in 35 msecs (HTTP/1.1 200) 4 headers in 156 bytes (1 switches on core 0)
2026-07-15 00:23:16.063 7 INFO neutron.db.segments_db [None req-6e594964-6818-4b13-a2e3-e741da1c2e82 9dc790f2166548569689c341e7f4bcea 3a65e25e6341448688636685ff5af4ef - - default default] Added segment 88d4fee1-0401-4859-85a1-612cc6c817e5 of type geneve for network 17acd35b-6a3e-4e67-8bbf-f506d945c231
2026-07-15 00:23:16.155 7 INFO neutron.plugins.ml2.drivers.ovn.mech_driver.mech_driver [None req-edfc23e8-ad90-48d5-8424-26b7f1da66f3 - - - - - -] OVN reports status down for port: 3a1dc11a-6583-419d-ad79-e46b30e26f9b
2026-07-15 00:23:16.205 8 WARNING neutron.scheduler.dhcp_agent_scheduler [None req-4bb147d2-a638-47cb-b434-71af956907cc ddf9f3ad29ee478a834b17a92a6f1526 640c5feda32e4e7fb156c5a47ab6e8c9 - - default default] No more DHCP agents
2026-07-15 00:23:16.207 8 WARNING neutron.api.rpc.agentnotifiers.dhcp_rpc_agent_api [None req-4bb147d2-a638-47cb-b434-71af956907cc ddf9f3ad29ee478a834b17a92a6f1526 640c5feda32e4e7fb156c5a47ab6e8c9 - - default default] Unable to schedule network 5c8f10ac-3a2e-4a93-a1a6-edef83d7b130: no agents available; will retry on subsequent port and subnet creation events.
2026-07-15 00:23:16.221 7 INFO neutron.db.ovn_revision_numbers_db [None req-6e594964-6818-4b13-a2e3-e741da1c2e82 9dc790f2166548569689c341e7f4bcea 3a65e25e6341448688636685ff5af4ef - - default default] Successfully bumped revision number for resource 17acd35b-6a3e-4e67-8bbf-f506d945c231 (type: networks) to 1
2026-07-15 00:23:16.332 8 INFO neutron.plugins.ml2.drivers.ovn.mech_driver.mech_driver [None req-4384a91b-1604-4523-8f7e-91ed064bc8b5 - - - - - -] OVN reports status down for port: 6aa5dc94-fe05-4695-98ce-cff6b9e64fdc
2026-07-15 00:23:16.392 8 INFO neutron.db.ovn_revision_numbers_db [None req-4bb147d2-a638-47cb-b434-71af956907cc ddf9f3ad29ee478a834b17a92a6f1526 640c5feda32e4e7fb156c5a47ab6e8c9 - - default default] Successfully bumped revision number for resource 6aa5dc94-fe05-4695-98ce-cff6b9e64fdc (type: ports) to 1
2026-07-15 00:23:16.434 7 WARNING neutron.scheduler.dhcp_agent_scheduler [None req-6e594964-6818-4b13-a2e3-e741da1c2e82 9dc790f2166548569689c341e7f4bcea 3a65e25e6341448688636685ff5af4ef - - default default] No more DHCP agents
2026-07-15 00:23:16.435 7 WARNING neutron.api.rpc.agentnotifiers.dhcp_rpc_agent_api [None req-6e594964-6818-4b13-a2e3-e741da1c2e82 9dc790f2166548569689c341e7f4bcea 3a65e25e6341448688636685ff5af4ef - - default default] Unable to schedule network 17acd35b-6a3e-4e67-8bbf-f506d945c231: no agents available; will retry on subsequent port and subnet creation events.
2026-07-15 00:23:16.519 8 INFO neutron.plugins.ml2.drivers.ovn.mech_driver.mech_driver [None req-4384a91b-1604-4523-8f7e-91ed064bc8b5 - - - - - -] OVN reports status down for port: d181eae9-2f1b-4f75-83c8-3cbe9a049cc7
2026-07-15 00:23:16.523 7 INFO neutron.db.ovn_revision_numbers_db [None req-6e594964-6818-4b13-a2e3-e741da1c2e82 9dc790f2166548569689c341e7f4bcea 3a65e25e6341448688636685ff5af4ef - - default default] Successfully bumped revision number for resource d181eae9-2f1b-4f75-83c8-3cbe9a049cc7 (type: ports) to 1 [pid: 7|app: 0|req: 1032/2111] 10.0.0.9 () {34 vars in 668 bytes} [Wed Jul 15 00:23:15 2026] POST /v2.0/networks => generated 669 bytes in 565 msecs (HTTP/1.1 201) 4 headers in 162 bytes (1 switches on core 0) [pid: 7|app: 0|req: 1033/2112] 10.0.0.9 () {32 vars in 670 bytes} [Wed Jul 15 00:23:16 2026] GET /v2.0/subnetpools?tags=red => generated 1563 bytes in 23 msecs (HTTP/1.1 200) 4 headers in 158 bytes (1 switches on core 0)
2026-07-15 00:23:16.787 7 WARNING neutron.scheduler.dhcp_agent_scheduler [None req-fc6d5b5b-24a9-46b5-b61c-6b04fc09fe56 9dc790f2166548569689c341e7f4bcea 3a65e25e6341448688636685ff5af4ef - - default default] No more DHCP agents
2026-07-15 00:23:16.792 7 WARNING neutron.api.rpc.agentnotifiers.dhcp_rpc_agent_api [None req-fc6d5b5b-24a9-46b5-b61c-6b04fc09fe56 9dc790f2166548569689c341e7f4bcea 3a65e25e6341448688636685ff5af4ef - - default default] Unable to schedule network 17acd35b-6a3e-4e67-8bbf-f506d945c231: no agents available; will retry on subsequent port and subnet creation events.
2026-07-15 00:23:16.853 7 INFO neutron.plugins.ml2.drivers.ovn.mech_driver.mech_driver [None req-edfc23e8-ad90-48d5-8424-26b7f1da66f3 - - - - - -] OVN reports status down for port: 0d0d470b-fd28-49f7-89bf-dcd09c38394a
2026-07-15 00:23:16.910 7 INFO neutron.db.ovn_revision_numbers_db [None req-fc6d5b5b-24a9-46b5-b61c-6b04fc09fe56 9dc790f2166548569689c341e7f4bcea 3a65e25e6341448688636685ff5af4ef - - default default] Successfully bumped revision number for resource 0d0d470b-fd28-49f7-89bf-dcd09c38394a (type: ports) to 1 [pid: 7|app: 0|req: 1034/2113] 10.0.0.9 () {34 vars in 662 bytes} [Wed Jul 15 00:23:16 2026] POST /v2.0/ports => generated 743 bytes in 393 msecs (HTTP/1.1 201) 4 headers in 162 bytes (1 switches on core 0) /var/lib/openstack/lib/python3.12/site-packages/pycadf/identifier.py:70: UserWarning: Invalid uuid: neutron. To ensure interoperability, identifiers should be a valid uuid. warnings.warn(('Invalid uuid: %s. To ensure interoperability, ' [pid: 7|app: 0|req: 1035/2114] 10.0.0.9 () {32 vars in 684 bytes} [Wed Jul 15 00:23:16 2026] GET /v2.0/subnetpools?tags=red%2Cblue => generated 1056 bytes in 21 msecs (HTTP/1.1 200) 4 headers in 158 bytes (1 switches on core 0) [pid: 7|app: 0|req: 1036/2115] 10.0.0.9 () {34 vars in 745 bytes} [Wed Jul 15 00:23:16 2026] PUT /v2.0/ports/61ebc563-66aa-4f3d-b4b1-173784e6bb50/tags => generated 17 bytes in 67 msecs (HTTP/1.1 200) 4 headers in 156 bytes (1 switches on core 0) /var/lib/openstack/lib/python3.12/site-packages/pycadf/identifier.py:70: UserWarning: Invalid uuid: neutron. To ensure interoperability, identifiers should be a valid uuid. warnings.warn(('Invalid uuid: %s. To ensure interoperability, ' [pid: 7|app: 0|req: 1037/2116] 10.0.0.9 () {32 vars in 680 bytes} [Wed Jul 15 00:23:17 2026] GET /v2.0/subnetpools?tags-any=blue => generated 1056 bytes in 23 msecs (HTTP/1.1 200) 4 headers in 158 bytes (1 switches on core 0) [pid: 7|app: 0|req: 1038/2117] 10.0.0.9 () {34 vars in 745 bytes} [Wed Jul 15 00:23:17 2026] PUT /v2.0/ports/3a1dc11a-6583-419d-ad79-e46b30e26f9b/tags => generated 25 bytes in 69 msecs (HTTP/1.1 200) 4 headers in 156 bytes (1 switches on core 0) /var/lib/openstack/lib/python3.12/site-packages/pycadf/identifier.py:70: UserWarning: Invalid uuid: neutron. To ensure interoperability, identifiers should be a valid uuid. warnings.warn(('Invalid uuid: %s. To ensure interoperability, '
2026-07-15 00:23:17.151 8 INFO neutron.plugins.ml2.drivers.ovn.mech_driver.mech_driver [None req-4384a91b-1604-4523-8f7e-91ed064bc8b5 - - - - - -] OVN reports status up for port: 6aa5dc94-fe05-4695-98ce-cff6b9e64fdc [pid: 7|app: 0|req: 1039/2118] 10.0.0.9 () {32 vars in 692 bytes} [Wed Jul 15 00:23:17 2026] GET /v2.0/subnetpools?tags-any=red%2Cblue => generated 1563 bytes in 25 msecs (HTTP/1.1 200) 4 headers in 158 bytes (1 switches on core 0)
2026-07-15 00:23:17.173 8 INFO neutron.plugins.ml2.plugin [None req-4384a91b-1604-4523-8f7e-91ed064bc8b5 - - - - - -] Attempt 1 to provision port 6aa5dc94-fe05-4695-98ce-cff6b9e64fdc [pid: 7|app: 0|req: 1040/2119] 10.0.0.9 () {34 vars in 745 bytes} [Wed Jul 15 00:23:17 2026] PUT /v2.0/ports/f42c1293-f327-4f81-a5e9-c4a613ed1130/tags => generated 34 bytes in 70 msecs (HTTP/1.1 200) 4 headers in 156 bytes (1 switches on core 0) /var/lib/openstack/lib/python3.12/site-packages/pycadf/identifier.py:70: UserWarning: Invalid uuid: neutron. To ensure interoperability, identifiers should be a valid uuid. warnings.warn(('Invalid uuid: %s. To ensure interoperability, ' [pid: 7|app: 0|req: 1041/2120] 10.0.0.9 () {32 vars in 678 bytes} [Wed Jul 15 00:23:17 2026] GET /v2.0/subnetpools?not-tags=red => generated 1028 bytes in 20 msecs (HTTP/1.1 200) 4 headers in 158 bytes (1 switches on core 0)
2026-07-15 00:23:17.306 8 WARNING neutron.scheduler.dhcp_agent_scheduler [None req-4bb147d2-a638-47cb-b434-71af956907cc ddf9f3ad29ee478a834b17a92a6f1526 640c5feda32e4e7fb156c5a47ab6e8c9 - - default default] No more DHCP agents
2026-07-15 00:23:17.311 8 WARNING neutron.api.rpc.agentnotifiers.dhcp_rpc_agent_api [None req-4bb147d2-a638-47cb-b434-71af956907cc ddf9f3ad29ee478a834b17a92a6f1526 640c5feda32e4e7fb156c5a47ab6e8c9 - - default default] Unable to schedule network 5c8f10ac-3a2e-4a93-a1a6-edef83d7b130: no agents available; will retry on subsequent port and subnet creation events. [pid: 7|app: 0|req: 1042/2121] 10.0.0.9 () {34 vars in 745 bytes} [Wed Jul 15 00:23:17 2026] PUT /v2.0/ports/9b3ae8dc-469b-4cad-92e4-a7ba643dcb6c/tags => generated 19 bytes in 71 msecs (HTTP/1.1 200) 4 headers in 156 bytes (1 switches on core 0) /var/lib/openstack/lib/python3.12/site-packages/pycadf/identifier.py:70: UserWarning: Invalid uuid: neutron. To ensure interoperability, identifiers should be a valid uuid. warnings.warn(('Invalid uuid: %s. To ensure interoperability, '
2026-07-15 00:23:17.712 7 INFO neutron.db.ovn_revision_numbers_db [None req-fd22f3e9-62bf-47ec-9078-548b6f588ea3 be4839f16a37478485f059fb243ec952 70fe966d12924d71ad30eb352461f137 - - default default] Successfully bumped revision number for resource e4acca4f-d357-4a03-a997-a34056dc1d5e (type: security_groups) to 1
2026-07-15 00:23:17.730 7 INFO neutron.db.ovn_revision_numbers_db [None req-fd22f3e9-62bf-47ec-9078-548b6f588ea3 be4839f16a37478485f059fb243ec952 70fe966d12924d71ad30eb352461f137 - - default default] Successfully bumped revision number for resource 27a49515-fbfc-4210-bce4-02c5207f3fa2 (type: security_group_rules) to 0
2026-07-15 00:23:17.744 7 INFO neutron.db.ovn_revision_numbers_db [None req-fd22f3e9-62bf-47ec-9078-548b6f588ea3 be4839f16a37478485f059fb243ec952 70fe966d12924d71ad30eb352461f137 - - default default] Successfully bumped revision number for resource 6a2f8292-361d-4c72-b634-146b27229b0c (type: security_group_rules) to 0
2026-07-15 00:23:17.760 7 INFO neutron.db.ovn_revision_numbers_db [None req-fd22f3e9-62bf-47ec-9078-548b6f588ea3 be4839f16a37478485f059fb243ec952 70fe966d12924d71ad30eb352461f137 - - default default] Successfully bumped revision number for resource beccd0e5-b944-4e55-a87f-e8e3cbeba0b5 (type: security_group_rules) to 0
2026-07-15 00:23:17.794 7 INFO neutron.db.ovn_revision_numbers_db [None req-fd22f3e9-62bf-47ec-9078-548b6f588ea3 be4839f16a37478485f059fb243ec952 70fe966d12924d71ad30eb352461f137 - - default default] Successfully bumped revision number for resource f2a0177f-6b20-405f-8a9f-c27e0d8e05aa (type: security_group_rules) to 0
2026-07-15 00:23:17.843 7 INFO neutron.common.ovn.utils [None req-edfc23e8-ad90-48d5-8424-26b7f1da66f3 - - - - - -] HA Chassis Group neutron-5c8f10ac-3a2e-4a93-a1a6-edef83d7b130 synchronized; highest priority chassis d11c9f29-1f0f-4f71-bdc7-226daf8d005b
2026-07-15 00:23:17.894 7 INFO neutron.db.segments_db [None req-fd22f3e9-62bf-47ec-9078-548b6f588ea3 be4839f16a37478485f059fb243ec952 70fe966d12924d71ad30eb352461f137 - - default default] Added segment e5bf3860-c862-4731-adb6-0fcacc71f154 of type geneve for network 1d828a00-ac6b-4754-aec0-af49cd29fc83
2026-07-15 00:23:17.966 8 INFO neutron.db.ovn_revision_numbers_db [None req-4bb147d2-a638-47cb-b434-71af956907cc ddf9f3ad29ee478a834b17a92a6f1526 640c5feda32e4e7fb156c5a47ab6e8c9 - - default default] Successfully bumped revision number for resource 6aa5dc94-fe05-4695-98ce-cff6b9e64fdc (type: router_ports) to 1 [pid: 8|app: 0|req: 1080/2122] 10.0.0.9 () {34 vars in 781 bytes} [Wed Jul 15 00:23:15 2026] PUT /v2.0/routers/70ac0ca0-0d9f-4a4e-b497-a3e83367d965/add_router_interface => generated 310 bytes in 2347 msecs (HTTP/1.1 200) 4 headers in 157 bytes (1 switches on core 0)
2026-07-15 00:23:18.033 7 INFO neutron.db.ovn_revision_numbers_db [None req-fd22f3e9-62bf-47ec-9078-548b6f588ea3 be4839f16a37478485f059fb243ec952 70fe966d12924d71ad30eb352461f137 - - default default] Successfully bumped revision number for resource 1d828a00-ac6b-4754-aec0-af49cd29fc83 (type: networks) to 1 [pid: 8|app: 0|req: 1081/2123] 10.0.0.9 () {32 vars in 692 bytes} [Wed Jul 15 00:23:17 2026] GET /v2.0/subnetpools?not-tags=red%2Cblue => generated 1535 bytes in 83 msecs (HTTP/1.1 200) 4 headers in 158 bytes (1 switches on core 0)
2026-07-15 00:23:18.180 8 INFO neutron.db.ovn_revision_numbers_db [None req-4384a91b-1604-4523-8f7e-91ed064bc8b5 - - - - - -] Successfully bumped revision number for resource 6aa5dc94-fe05-4695-98ce-cff6b9e64fdc (type: ports) to 2
2026-07-15 00:23:18.222 7 WARNING neutron.scheduler.dhcp_agent_scheduler [None req-fd22f3e9-62bf-47ec-9078-548b6f588ea3 be4839f16a37478485f059fb243ec952 70fe966d12924d71ad30eb352461f137 - - default default] No more DHCP agents
2026-07-15 00:23:18.224 7 WARNING neutron.api.rpc.agentnotifiers.dhcp_rpc_agent_api [None req-fd22f3e9-62bf-47ec-9078-548b6f588ea3 be4839f16a37478485f059fb243ec952 70fe966d12924d71ad30eb352461f137 - - default default] Unable to schedule network 1d828a00-ac6b-4754-aec0-af49cd29fc83: no agents available; will retry on subsequent port and subnet creation events. [pid: 8|app: 0|req: 1082/2124] 10.0.0.9 () {32 vars in 658 bytes} [Wed Jul 15 00:23:18 2026] GET /v2.0/ports?tags=red => generated 2253 bytes in 172 msecs (HTTP/1.1 200) 4 headers in 158 bytes (1 switches on core 0)
2026-07-15 00:23:18.302 7 INFO neutron.db.ovn_revision_numbers_db [None req-fd22f3e9-62bf-47ec-9078-548b6f588ea3 be4839f16a37478485f059fb243ec952 70fe966d12924d71ad30eb352461f137 - - default default] Successfully bumped revision number for resource 827f268e-c202-46fc-8439-19c57b4e57ba (type: ports) to 1 [pid: 7|app: 0|req: 1043/2125] 10.0.0.9 () {34 vars in 668 bytes} [Wed Jul 15 00:23:17 2026] POST /v2.0/networks => generated 665 bytes in 990 msecs (HTTP/1.1 201) 4 headers in 162 bytes (1 switches on core 0) [pid: 7|app: 0|req: 1044/2126] 10.0.0.9 () {32 vars in 688 bytes} [Wed Jul 15 00:23:18 2026] GET /v2.0/subnetpools?not-tags-any=blue => generated 1535 bytes in 23 msecs (HTTP/1.1 200) 4 headers in 158 bytes (1 switches on core 0) [pid: 8|app: 0|req: 1083/2127] 10.0.0.9 () {32 vars in 647 bytes} [Wed Jul 15 00:23:18 2026] GET /v2.0/networks => generated 7532 bytes in 119 msecs (HTTP/1.1 200) 4 headers in 158 bytes (1 switches on core 0) [pid: 7|app: 0|req: 1045/2128] 10.0.0.9 () {32 vars in 672 bytes} [Wed Jul 15 00:23:18 2026] GET /v2.0/ports?tags=red%2Cblue => generated 1513 bytes in 136 msecs (HTTP/1.1 200) 4 headers in 158 bytes (1 switches on core 0) [pid: 7|app: 0|req: 1046/2129] 10.0.0.9 () {32 vars in 700 bytes} [Wed Jul 15 00:23:18 2026] GET /v2.0/subnetpools?not-tags-any=red%2Cblue => generated 1028 bytes in 17 msecs (HTTP/1.1 200) 4 headers in 158 bytes (1 switches on core 0) [pid: 7|app: 0|req: 1047/2130] 10.0.0.9 () {32 vars in 645 bytes} [Wed Jul 15 00:23:18 2026] GET /v2.0/subnets => generated 1973 bytes in 36 msecs (HTTP/1.1 200) 4 headers in 158 bytes (1 switches on core 0)
2026-07-15 00:23:18.593 8 WARNING neutron.scheduler.dhcp_agent_scheduler [None req-960ad67e-168e-48e5-b0e2-2613e1183eae be4839f16a37478485f059fb243ec952 70fe966d12924d71ad30eb352461f137 - - default default] No more DHCP agents
2026-07-15 00:23:18.595 8 WARNING neutron.api.rpc.agentnotifiers.dhcp_rpc_agent_api [None req-960ad67e-168e-48e5-b0e2-2613e1183eae be4839f16a37478485f059fb243ec952 70fe966d12924d71ad30eb352461f137 - - default default] Unable to schedule network 1d828a00-ac6b-4754-aec0-af49cd29fc83: no agents available; will retry on subsequent port and subnet creation events. [pid: 7|app: 0|req: 1048/2131] 10.0.0.9 () {32 vars in 668 bytes} [Wed Jul 15 00:23:18 2026] GET /v2.0/ports?tags-any=blue => generated 1513 bytes in 64 msecs (HTTP/1.1 200) 4 headers in 158 bytes (1 switches on core 0) [pid: 7|app: 0|req: 1049/2132] 10.0.0.9 () {32 vars in 730 bytes} [Wed Jul 15 00:23:18 2026] DELETE /v2.0/subnetpools/4ed6e054-3be5-4bf3-96d5-4abf2f595a42 => generated 0 bytes in 44 msecs (HTTP/1.1 204) 2 headers in 112 bytes (1 switches on core 0) [pid: 7|app: 0|req: 1050/2133] 10.0.0.9 () {32 vars in 645 bytes} [Wed Jul 15 00:23:18 2026] GET /v2.0/routers => generated 997 bytes in 60 msecs (HTTP/1.1 200) 4 headers in 157 bytes (1 switches on core 0) [pid: 7|app: 0|req: 1051/2134] 10.0.0.9 () {32 vars in 680 bytes} [Wed Jul 15 00:23:18 2026] GET /v2.0/ports?tags-any=red%2Cblue => generated 2253 bytes in 54 msecs (HTTP/1.1 200) 4 headers in 158 bytes (1 switches on core 0) [pid: 7|app: 0|req: 1052/2135] 10.0.0.9 () {32 vars in 730 bytes} [Wed Jul 15 00:23:18 2026] DELETE /v2.0/subnetpools/192e40ed-0d05-4daa-9f8c-17e0c3699351 => generated 0 bytes in 40 msecs (HTTP/1.1 204) 2 headers in 112 bytes (1 switches on core 0)
2026-07-15 00:23:18.906 7 INFO neutron.db.ovn_revision_numbers_db [None req-aaef7947-aab3-4079-abdd-29a6a2b07c1d ddf9f3ad29ee478a834b17a92a6f1526 640c5feda32e4e7fb156c5a47ab6e8c9 - - default default] Successfully bumped revision number for resource 561e259b-f127-4207-99de-5078fe64fdb5 (type: security_groups) to 1
2026-07-15 00:23:18.918 7 INFO neutron.db.ovn_revision_numbers_db [None req-aaef7947-aab3-4079-abdd-29a6a2b07c1d ddf9f3ad29ee478a834b17a92a6f1526 640c5feda32e4e7fb156c5a47ab6e8c9 - - default default] Successfully bumped revision number for resource 5c8ce10f-6a9d-4471-8dcd-600da4a4b6dc (type: security_group_rules) to 0
2026-07-15 00:23:18.934 7 INFO neutron.db.ovn_revision_numbers_db [None req-aaef7947-aab3-4079-abdd-29a6a2b07c1d ddf9f3ad29ee478a834b17a92a6f1526 640c5feda32e4e7fb156c5a47ab6e8c9 - - default default] Successfully bumped revision number for resource 5d2d9494-ddf4-413e-aefe-f37b232404ac (type: security_group_rules) to 0 [pid: 7|app: 0|req: 1053/2136] 10.0.0.9 () {34 vars in 683 bytes} [Wed Jul 15 00:23:18 2026] POST /v2.0/security-groups => generated 1675 bytes in 184 msecs (HTTP/1.1 201) 4 headers in 163 bytes (1 switches on core 0)
2026-07-15 00:23:19.076 8 INFO neutron.db.ovn_revision_numbers_db [None req-960ad67e-168e-48e5-b0e2-2613e1183eae be4839f16a37478485f059fb243ec952 70fe966d12924d71ad30eb352461f137 - - default default] Successfully bumped revision number for resource 827f268e-c202-46fc-8439-19c57b4e57ba (type: ports) to 2 [pid: 7|app: 0|req: 1054/2137] 10.0.0.9 () {32 vars in 666 bytes} [Wed Jul 15 00:23:18 2026] GET /v2.0/ports?not-tags=red => generated 5268 bytes in 101 msecs (HTTP/1.1 200) 4 headers in 158 bytes (1 switches on core 0)
2026-07-15 00:23:19.102 8 INFO neutron.db.ovn_revision_numbers_db [None req-960ad67e-168e-48e5-b0e2-2613e1183eae be4839f16a37478485f059fb243ec952 70fe966d12924d71ad30eb352461f137 - - default default] Successfully bumped revision number for resource 9a1d4313-9374-4d11-bf6a-6acfdae0dc7b (type: subnets) to 0 [pid: 8|app: 0|req: 1084/2138] 10.0.0.9 () {34 vars in 667 bytes} [Wed Jul 15 00:23:18 2026] POST /v2.0/subnets => generated 626 bytes in 759 msecs (HTTP/1.1 201) 4 headers in 162 bytes (1 switches on core 0) [pid: 7|app: 0|req: 1055/2139] 10.0.0.9 () {32 vars in 730 bytes} [Wed Jul 15 00:23:19 2026] DELETE /v2.0/subnetpools/254faf41-38d3-4948-83d3-eb22b3336789 => generated 0 bytes in 48 msecs (HTTP/1.1 204) 2 headers in 112 bytes (1 switches on core 0) [pid: 7|app: 0|req: 1056/2140] 10.0.0.9 () {32 vars in 680 bytes} [Wed Jul 15 00:23:19 2026] GET /v2.0/ports?not-tags=red%2Cblue => generated 6008 bytes in 86 msecs (HTTP/1.1 200) 4 headers in 158 bytes (1 switches on core 0)
2026-07-15 00:23:19.233 8 INFO neutron.db.ovn_revision_numbers_db [None req-5fca9cc9-da73-41df-8398-049e3df7ec8e ddf9f3ad29ee478a834b17a92a6f1526 640c5feda32e4e7fb156c5a47ab6e8c9 - - default default] Successfully bumped revision number for resource 6b1d7b6c-50f3-4984-8c35-3dd35015369f (type: security_group_rules) to 0 [pid: 8|app: 0|req: 1085/2141] 10.0.0.9 () {34 vars in 693 bytes} [Wed Jul 15 00:23:19 2026] POST /v2.0/security-group-rules => generated 597 bytes in 145 msecs (HTTP/1.1 201) 4 headers in 162 bytes (1 switches on core 0) [pid: 8|app: 0|req: 1086/2142] 10.0.0.9 () {32 vars in 730 bytes} [Wed Jul 15 00:23:19 2026] DELETE /v2.0/subnetpools/bad8fc42-342a-4062-b56f-c4651f579824 => generated 0 bytes in 45 msecs (HTTP/1.1 204) 2 headers in 112 bytes (1 switches on core 0) [pid: 8|app: 0|req: 1087/2143] 10.0.0.9 () {32 vars in 676 bytes} [Wed Jul 15 00:23:19 2026] GET /v2.0/ports?not-tags-any=blue => generated 6008 bytes in 140 msecs (HTTP/1.1 200) 4 headers in 158 bytes (1 switches on core 0)
2026-07-15 00:23:19.567 8 INFO neutron.db.ovn_revision_numbers_db [None req-0041aeea-1c17-4018-b4a2-1dd34c659e33 ddf9f3ad29ee478a834b17a92a6f1526 640c5feda32e4e7fb156c5a47ab6e8c9 - - default default] Successfully bumped revision number for resource 5df3d713-2fc6-47f8-96aa-68b49147559d (type: security_group_rules) to 0 [pid: 8|app: 0|req: 1088/2144] 10.0.0.9 () {34 vars in 693 bytes} [Wed Jul 15 00:23:19 2026] POST /v2.0/security-group-rules => generated 596 bytes in 146 msecs (HTTP/1.1 201) 4 headers in 162 bytes (1 switches on core 0) [pid: 8|app: 0|req: 1089/2145] 10.0.0.9 () {32 vars in 730 bytes} [Wed Jul 15 00:23:19 2026] DELETE /v2.0/subnetpools/80e12870-a5ac-4a75-8a3a-94e90a2d60b4 => generated 0 bytes in 50 msecs (HTTP/1.1 204) 2 headers in 112 bytes (1 switches on core 0)
2026-07-15 00:23:19.715 7 WARNING neutron.scheduler.dhcp_agent_scheduler [None req-33496e16-c2ae-4ed4-9c4d-129d77de67ed be4839f16a37478485f059fb243ec952 70fe966d12924d71ad30eb352461f137 - - default default] No more DHCP agents
2026-07-15 00:23:19.717 7 WARNING neutron.api.rpc.agentnotifiers.dhcp_rpc_agent_api [None req-33496e16-c2ae-4ed4-9c4d-129d77de67ed be4839f16a37478485f059fb243ec952 70fe966d12924d71ad30eb352461f137 - - default default] Unable to schedule network 63bfc501-57a4-4bb2-922f-7bd39db064a3: no agents available; will retry on subsequent port and subnet creation events. [pid: 8|app: 0|req: 1090/2146] 10.0.0.9 () {32 vars in 688 bytes} [Wed Jul 15 00:23:19 2026] GET /v2.0/ports?not-tags-any=red%2Cblue => generated 5268 bytes in 84 msecs (HTTP/1.1 200) 4 headers in 158 bytes (1 switches on core 0)
2026-07-15 00:23:19.842 7 INFO neutron.plugins.ml2.drivers.ovn.mech_driver.mech_driver [None req-edfc23e8-ad90-48d5-8424-26b7f1da66f3 - - - - - -] OVN reports status down for port: ba29ff69-4a5a-4a26-880b-ad75956fd6ea
2026-07-15 00:23:19.885 8 INFO neutron.db.ovn_revision_numbers_db [None req-591015b4-b0c3-4874-8a27-8eab13efcf63 ddf9f3ad29ee478a834b17a92a6f1526 640c5feda32e4e7fb156c5a47ab6e8c9 - - default default] Successfully bumped revision number for resource 3ef0848b-8455-4304-99a0-9bd469685448 (type: security_group_rules) to 0
