2026-07-15 00:22:33.362 8 INFO neutron.db.ovn_revision_numbers_db [None req-058be49e-55af-4151-921c-4fb6bc608ec8 ee0847ec8885450e89893411e7798beb fd938b09b9974e31b3e8c0eacce8a99c - - default default] Successfully bumped revision number for resource 20e3f756-0576-48ab-8f49-51a999013cb6 (type: security_group_rules) to 0 [pid: 7|app: 0|req: 870/1813] 10.0.0.9 () {32 vars in 745 bytes} [Wed Jul 15 00:22:33 2026] GET /v2.0/security-group-rules/0585fbb7-d644-4e00-afb2-0c141d3cb53c => generated 607 bytes in 27 msecs (HTTP/1.1 200) 4 headers in 157 bytes (1 switches on core 0)
2026-07-15 00:22:33.373 8 INFO neutron.db.ovn_revision_numbers_db [None req-058be49e-55af-4151-921c-4fb6bc608ec8 ee0847ec8885450e89893411e7798beb fd938b09b9974e31b3e8c0eacce8a99c - - default default] Successfully bumped revision number for resource a94ab625-4953-4e3d-b508-12b499f3c1ab (type: security_group_rules) to 0
2026-07-15 00:22:33.386 8 INFO neutron.db.ovn_revision_numbers_db [None req-058be49e-55af-4151-921c-4fb6bc608ec8 ee0847ec8885450e89893411e7798beb fd938b09b9974e31b3e8c0eacce8a99c - - default default] Successfully bumped revision number for resource cecb4cdc-f203-4315-881a-eee61e52efef (type: security_group_rules) to 0
2026-07-15 00:22:33.398 8 INFO neutron.db.ovn_revision_numbers_db [None req-058be49e-55af-4151-921c-4fb6bc608ec8 ee0847ec8885450e89893411e7798beb fd938b09b9974e31b3e8c0eacce8a99c - - default default] Successfully bumped revision number for resource e60dbe0f-18ea-4b28-beb9-64c969923f6d (type: security_group_rules) to 0 [pid: 8|app: 0|req: 944/1814] 10.0.0.9 () {32 vars in 772 bytes} [Wed Jul 15 00:22:33 2026] GET /v2.0/security-groups?tenant_id=fc6af089ac2f483b84d7245de08a7be9&name=default => generated 2925 bytes in 403 msecs (HTTP/1.1 200) 4 headers in 158 bytes (1 switches on core 0) [pid: 8|app: 0|req: 945/1815] 10.0.0.9 () {32 vars in 671 bytes} [Wed Jul 15 00:22:33 2026] GET /v2.0/security-group-rules => generated 4144 bytes in 64 msecs (HTTP/1.1 200) 4 headers in 158 bytes (1 switches on core 0) [pid: 7|app: 0|req: 871/1816] 10.0.0.9 () {32 vars in 722 bytes} [Wed Jul 15 00:22:33 2026] DELETE /v2.0/subnets/53baa9d5-45d8-41ce-b929-e255176ebaf3 => generated 0 bytes in 190 msecs (HTTP/1.1 204) 3 headers in 131 bytes (1 switches on core 0) [pid: 7|app: 0|req: 872/1817] 10.0.0.9 () {32 vars in 748 bytes} [Wed Jul 15 00:22:33 2026] DELETE /v2.0/security-group-rules/0585fbb7-d644-4e00-afb2-0c141d3cb53c => generated 0 bytes in 102 msecs (HTTP/1.1 204) 2 headers in 112 bytes (1 switches on core 0) [pid: 8|app: 0|req: 946/1818] 10.0.0.9 () {32 vars in 738 bytes} [Wed Jul 15 00:22:33 2026] DELETE /v2.0/security-groups/601f58cb-8e27-4909-a18c-c050e4d3f52f => generated 0 bytes in 198 msecs (HTTP/1.1 204) 2 headers in 112 bytes (1 switches on core 0) [pid: 8|app: 0|req: 947/1819] 10.0.0.9 () {32 vars in 671 bytes} [Wed Jul 15 00:22:33 2026] GET /v2.0/security-group-rules => generated 3560 bytes in 60 msecs (HTTP/1.1 200) 4 headers in 158 bytes (1 switches on core 0) [pid: 7|app: 0|req: 873/1820] 10.0.0.9 () {32 vars in 722 bytes} [Wed Jul 15 00:22:33 2026] DELETE /v2.0/subnets/469ddf79-2919-4863-bd87-2f78a4cd2db4 => generated 0 bytes in 189 msecs (HTTP/1.1 204) 3 headers in 131 bytes (1 switches on core 0) [pid: 8|app: 0|req: 948/1821] 10.0.0.9 () {32 vars in 738 bytes} [Wed Jul 15 00:22:33 2026] DELETE /v2.0/security-groups/35a649f6-cac4-4821-a47d-c8994460f583 => generated 0 bytes in 140 msecs (HTTP/1.1 204) 2 headers in 112 bytes (1 switches on core 0)
2026-07-15 00:22:33.913 8 WARNING neutron.db.securitygroups_db [None req-1ebb856a-4ca7-4164-bcf0-b9ba1f861d94 ee0847ec8885450e89893411e7798beb fd938b09b9974e31b3e8c0eacce8a99c - - default default] project_id key not found in filters, using tenant_id instead. This support has been deprecated and will be removed in a future release.
2026-07-15 00:22:33.979 7 INFO neutron_taas.services.taas.taas_plugin [None req-f11ab994-4bff-4ad9-8ab7-325394f42bd6 bc364159d8d843c8884218123c6d65d3 bb5d2fca5ba74cccae40ee7c5d2eb5ce - - default default] TaaS: Handle Delete Port: e3881058-8bda-4e17-90cd-e4b6a2487ab9
2026-07-15 00:22:33.983 7 INFO neutron_taas.services.taas.tap_mirror_plugin [None req-f11ab994-4bff-4ad9-8ab7-325394f42bd6 bc364159d8d843c8884218123c6d65d3 bb5d2fca5ba74cccae40ee7c5d2eb5ce - - default default] Tap Mirror: Handle Delete Port: e3881058-8bda-4e17-90cd-e4b6a2487ab9
2026-07-15 00:22:34.048 8 INFO neutron.db.ovn_revision_numbers_db [None req-1ebb856a-4ca7-4164-bcf0-b9ba1f861d94 ee0847ec8885450e89893411e7798beb fd938b09b9974e31b3e8c0eacce8a99c - - default default] Successfully bumped revision number for resource 65f55253-3969-47b0-a373-5e4d38b671c8 (type: security_groups) to 1
2026-07-15 00:22:34.066 8 INFO neutron.db.ovn_revision_numbers_db [None req-1ebb856a-4ca7-4164-bcf0-b9ba1f861d94 ee0847ec8885450e89893411e7798beb fd938b09b9974e31b3e8c0eacce8a99c - - default default] Successfully bumped revision number for resource 0c5e0f8d-0fbf-4b08-897b-1a0a8ffb22d3 (type: security_group_rules) to 0
2026-07-15 00:22:34.078 8 INFO neutron.db.ovn_revision_numbers_db [None req-1ebb856a-4ca7-4164-bcf0-b9ba1f861d94 ee0847ec8885450e89893411e7798beb fd938b09b9974e31b3e8c0eacce8a99c - - default default] Successfully bumped revision number for resource 1455eaab-a2cb-4372-9d6e-ab92bb3d3f5d (type: security_group_rules) to 0
2026-07-15 00:22:34.091 8 INFO neutron.db.ovn_revision_numbers_db [None req-1ebb856a-4ca7-4164-bcf0-b9ba1f861d94 ee0847ec8885450e89893411e7798beb fd938b09b9974e31b3e8c0eacce8a99c - - default default] Successfully bumped revision number for resource 35c86247-5a34-496d-bd09-69e8aebe9a51 (type: security_group_rules) to 0
2026-07-15 00:22:34.112 8 INFO neutron.db.ovn_revision_numbers_db [None req-1ebb856a-4ca7-4164-bcf0-b9ba1f861d94 ee0847ec8885450e89893411e7798beb fd938b09b9974e31b3e8c0eacce8a99c - - default default] Successfully bumped revision number for resource 772bd631-8bb8-4db1-98d2-376dbea62c0a (type: security_group_rules) to 0 [pid: 8|app: 0|req: 949/1822] 10.0.0.9 () {32 vars in 772 bytes} [Wed Jul 15 00:22:33 2026] GET /v2.0/security-groups?tenant_id=22c01ca9bcef44aa9631f2403feec10b&name=default => generated 2925 bytes in 259 msecs (HTTP/1.1 200) 4 headers in 158 bytes (1 switches on core 0)
2026-07-15 00:22:34.195 7 INFO neutron.services.segments.plugin [-] Segment 7a9bfe2d-0d50-443e-9b72-3a70a6efefe3 resource provider aggregate not found [pid: 8|app: 0|req: 950/1823] 10.0.0.9 () {32 vars in 661 bytes} [Wed Jul 15 00:22:34 2026] GET /v2.0/security-groups => generated 2925 bytes in 31 msecs (HTTP/1.1 200) 4 headers in 158 bytes (1 switches on core 0)
2026-07-15 00:22:34.199 7 INFO neutron.services.segments.plugin [-] Segment 7a9bfe2d-0d50-443e-9b72-3a70a6efefe3 resource provider aggregate not found
2026-07-15 00:22:34.211 7 INFO neutron.services.segments.plugin [-] Client error retrieving segment 7a9bfe2d-0d50-443e-9b72-3a70a6efefe3 resource provider; error: Placement Client Error (4xx): {"errors": [{"status": 404, "title": "Not Found", "detail": "The resource could not be found.\n\n No resource provider with uuid 7a9bfe2d-0d50-443e-9b72-3a70a6efefe3 found for delete ", "request_id": "req-129b0061-8803-4e59-a705-628a62116d4d"}]}
2026-07-15 00:22:34.214 7 INFO neutron.services.segments.plugin [-] Client error retrieving segment 7a9bfe2d-0d50-443e-9b72-3a70a6efefe3 resource provider; error: Placement Client Error (4xx): {"errors": [{"status": 404, "title": "Not Found", "detail": "The resource could not be found.\n\n No resource provider with uuid 7a9bfe2d-0d50-443e-9b72-3a70a6efefe3 found for delete ", "request_id": "req-06e17be2-6b71-467b-8c56-7816d0eefbce"}]} [pid: 7|app: 0|req: 874/1824] 10.0.0.9 () {32 vars in 724 bytes} [Wed Jul 15 00:22:33 2026] DELETE /v2.0/networks/05157351-bbe2-4f87-b15d-0594f98a31b9 => generated 0 bytes in 396 msecs (HTTP/1.1 204) 3 headers in 131 bytes (1 switches on core 0) [pid: 7|app: 0|req: 875/1825] 10.0.0.9 () {32 vars in 661 bytes} [Wed Jul 15 00:22:34 2026] GET /v2.0/security-groups => generated 2925 bytes in 26 msecs (HTTP/1.1 200) 4 headers in 158 bytes (1 switches on core 0) [pid: 8|app: 0|req: 951/1826] 10.0.0.9 () {32 vars in 738 bytes} [Wed Jul 15 00:22:34 2026] DELETE /v2.0/security-groups/65f55253-3969-47b0-a373-5e4d38b671c8 => generated 0 bytes in 187 msecs (HTTP/1.1 204) 2 headers in 112 bytes (1 switches on core 0)
2026-07-15 00:22:34.386 7 INFO neutron_taas.services.taas.taas_plugin [None req-5b0cabf3-710c-4ca8-bcec-3b5d7f43817e bc364159d8d843c8884218123c6d65d3 bb5d2fca5ba74cccae40ee7c5d2eb5ce - - default default] TaaS: Handle Delete Port: 9d7823d4-259c-43a3-b569-f34ef3de1321
2026-07-15 00:22:34.390 7 INFO neutron_taas.services.taas.tap_mirror_plugin [None req-5b0cabf3-710c-4ca8-bcec-3b5d7f43817e bc364159d8d843c8884218123c6d65d3 bb5d2fca5ba74cccae40ee7c5d2eb5ce - - default default] Tap Mirror: Handle Delete Port: 9d7823d4-259c-43a3-b569-f34ef3de1321
2026-07-15 00:22:34.527 7 WARNING neutron.plugins.ml2.drivers.ovn.mech_driver.ovsdb.ovn_client [None req-8fb75c68-8386-43a5-9872-0d639688c1ce - - - - - -] No port found with ID 1facf310-c828-4a25-a35c-abd2848a09d5: RuntimeError: No port found with ID 1facf310-c828-4a25-a35c-abd2848a09d5
2026-07-15 00:22:34.585 8 WARNING neutron.db.securitygroups_db [None req-ed604720-f85e-4bb3-9277-fc9414bf7a06 ee0847ec8885450e89893411e7798beb fd938b09b9974e31b3e8c0eacce8a99c - - default default] project_id key not found in filters, using tenant_id instead. This support has been deprecated and will be removed in a future release. [pid: 7|app: 0|req: 876/1827] 10.0.0.9 () {32 vars in 724 bytes} [Wed Jul 15 00:22:34 2026] DELETE /v2.0/networks/563911a8-136f-47bd-82cb-2b95712f87f3 => generated 0 bytes in 391 msecs (HTTP/1.1 204) 3 headers in 131 bytes (1 switches on core 0)
2026-07-15 00:22:34.726 8 INFO neutron.db.ovn_revision_numbers_db [None req-ed604720-f85e-4bb3-9277-fc9414bf7a06 ee0847ec8885450e89893411e7798beb fd938b09b9974e31b3e8c0eacce8a99c - - default default] Successfully bumped revision number for resource eb2d42cd-1b17-4036-9a1c-510e7d55ec94 (type: security_groups) to 1
2026-07-15 00:22:34.739 8 INFO neutron.db.ovn_revision_numbers_db [None req-ed604720-f85e-4bb3-9277-fc9414bf7a06 ee0847ec8885450e89893411e7798beb fd938b09b9974e31b3e8c0eacce8a99c - - default default] Successfully bumped revision number for resource 0eb78a83-c8cc-40ad-b7f9-1ed721257313 (type: security_group_rules) to 0
2026-07-15 00:22:34.752 8 INFO neutron.db.ovn_revision_numbers_db [None req-ed604720-f85e-4bb3-9277-fc9414bf7a06 ee0847ec8885450e89893411e7798beb fd938b09b9974e31b3e8c0eacce8a99c - - default default] Successfully bumped revision number for resource 26748953-1032-4afc-970d-8a267a19f767 (type: security_group_rules) to 0
2026-07-15 00:22:34.770 8 INFO neutron.db.ovn_revision_numbers_db [None req-ed604720-f85e-4bb3-9277-fc9414bf7a06 ee0847ec8885450e89893411e7798beb fd938b09b9974e31b3e8c0eacce8a99c - - default default] Successfully bumped revision number for resource 4b2e19ec-b711-4af3-b3aa-8a2e6aeeb808 (type: security_group_rules) to 0
2026-07-15 00:22:34.776 7 INFO neutron.db.segments_db [None req-c105bbde-aa1f-4d5a-8bef-96d507eb15dc bc364159d8d843c8884218123c6d65d3 bb5d2fca5ba74cccae40ee7c5d2eb5ce - - default default] Added segment 677a97a2-3216-49f2-9c31-75ec259af98c of type geneve for network 134d57cd-0920-4548-a895-36ed6801e28c
2026-07-15 00:22:34.781 8 INFO neutron.db.ovn_revision_numbers_db [None req-ed604720-f85e-4bb3-9277-fc9414bf7a06 ee0847ec8885450e89893411e7798beb fd938b09b9974e31b3e8c0eacce8a99c - - default default] Successfully bumped revision number for resource f93a6851-bf22-435b-aef8-8cbfe2a21a4d (type: security_group_rules) to 0 [pid: 8|app: 0|req: 952/1828] 10.0.0.9 () {32 vars in 772 bytes} [Wed Jul 15 00:22:34 2026] GET /v2.0/security-groups?tenant_id=506b6d940e934db8be236de756e280d1&name=default => generated 2925 bytes in 246 msecs (HTTP/1.1 200) 4 headers in 158 bytes (1 switches on core 0)
2026-07-15 00:22:34.903 7 INFO neutron.db.ovn_revision_numbers_db [None req-c105bbde-aa1f-4d5a-8bef-96d507eb15dc bc364159d8d843c8884218123c6d65d3 bb5d2fca5ba74cccae40ee7c5d2eb5ce - - default default] Successfully bumped revision number for resource 134d57cd-0920-4548-a895-36ed6801e28c (type: networks) to 1
2026-07-15 00:22:35.002 8 WARNING neutron.db.securitygroups_db [None req-4f9f7e00-6549-4533-af82-5d469719126b ee0847ec8885450e89893411e7798beb fd938b09b9974e31b3e8c0eacce8a99c - - default default] project_id key not found in filters, using tenant_id instead. This support has been deprecated and will be removed in a future release. [pid: 8|app: 0|req: 953/1829] 10.0.0.9 () {32 vars in 772 bytes} [Wed Jul 15 00:22:34 2026] GET /v2.0/security-groups?tenant_id=a36488eec280452aafc71f4d813867be&name=default => generated 2925 bytes in 199 msecs (HTTP/1.1 200) 4 headers in 158 bytes (1 switches on core 0)
2026-07-15 00:22:35.074 7 WARNING neutron.scheduler.dhcp_agent_scheduler [None req-c105bbde-aa1f-4d5a-8bef-96d507eb15dc bc364159d8d843c8884218123c6d65d3 bb5d2fca5ba74cccae40ee7c5d2eb5ce - - default default] No more DHCP agents
2026-07-15 00:22:35.076 7 WARNING neutron.api.rpc.agentnotifiers.dhcp_rpc_agent_api [None req-c105bbde-aa1f-4d5a-8bef-96d507eb15dc bc364159d8d843c8884218123c6d65d3 bb5d2fca5ba74cccae40ee7c5d2eb5ce - - default default] Unable to schedule network 134d57cd-0920-4548-a895-36ed6801e28c: no agents available; will retry on subsequent port and subnet creation events.
2026-07-15 00:22:35.158 7 INFO neutron.db.ovn_revision_numbers_db [None req-c105bbde-aa1f-4d5a-8bef-96d507eb15dc bc364159d8d843c8884218123c6d65d3 bb5d2fca5ba74cccae40ee7c5d2eb5ce - - default default] Successfully bumped revision number for resource c85e0442-c3c0-4b6d-a6c6-35025931284d (type: ports) to 1 [pid: 7|app: 0|req: 877/1830] 10.0.0.9 () {34 vars in 668 bytes} [Wed Jul 15 00:22:34 2026] POST /v2.0/networks => generated 666 bytes in 528 msecs (HTTP/1.1 201) 4 headers in 162 bytes (1 switches on core 0) [pid: 8|app: 0|req: 954/1833] 10.0.0.9 () {32 vars in 738 bytes} [Wed Jul 15 00:22:35 2026] DELETE /v2.0/security-groups/eb2d42cd-1b17-4036-9a1c-510e7d55ec94 => generated 0 bytes in 226 msecs (HTTP/1.1 204) 2 headers in 112 bytes (1 switches on core 0) [pid: 7|app: 0|req: 880/1834] 10.0.0.9 () {32 vars in 738 bytes} [Wed Jul 15 00:22:35 2026] DELETE /v2.0/security-groups/e2b7a1c0-9890-4423-8192-43649dbb977d => generated 0 bytes in 166 msecs (HTTP/1.1 204) 2 headers in 112 bytes (1 switches on core 0)
2026-07-15 00:22:35.457 8 WARNING neutron.scheduler.dhcp_agent_scheduler [None req-a82e39ff-b07a-4ce7-9168-f1458c0677dc bc364159d8d843c8884218123c6d65d3 bb5d2fca5ba74cccae40ee7c5d2eb5ce - - default default] No more DHCP agents
2026-07-15 00:22:35.458 8 WARNING neutron.api.rpc.agentnotifiers.dhcp_rpc_agent_api [None req-a82e39ff-b07a-4ce7-9168-f1458c0677dc bc364159d8d843c8884218123c6d65d3 bb5d2fca5ba74cccae40ee7c5d2eb5ce - - default default] Unable to schedule network 134d57cd-0920-4548-a895-36ed6801e28c: no agents available; will retry on subsequent port and subnet creation events.
2026-07-15 00:22:35.630 8 WARNING neutron.plugins.ml2.drivers.ovn.mech_driver.ovsdb.ovn_client [None req-4384a91b-1604-4523-8f7e-91ed064bc8b5 - - - - - -] No port found with ID dbd27ac6-9c89-4f4b-8c60-8308fc59fa37: RuntimeError: No port found with ID dbd27ac6-9c89-4f4b-8c60-8308fc59fa37
2026-07-15 00:22:35.673 8 INFO neutron.plugins.ml2.drivers.ovn.mech_driver.mech_driver [None req-4384a91b-1604-4523-8f7e-91ed064bc8b5 - - - - - -] OVN reports status down for port: c85e0442-c3c0-4b6d-a6c6-35025931284d
2026-07-15 00:22:36.035 7 INFO neutron.db.ovn_revision_numbers_db [None req-97a0c616-3f9d-4c3b-8b19-8ed26246729d 01f56d2ba12e400289e04dcdf53a470b d9ea32b8d9ae46b9acdbbfcd90694216 - - default default] Successfully bumped revision number for resource 69ea3fde-ee38-4fd2-8766-8fe5cd81c398 (type: security_groups) to 1
2026-07-15 00:22:36.052 7 INFO neutron.db.ovn_revision_numbers_db [None req-97a0c616-3f9d-4c3b-8b19-8ed26246729d 01f56d2ba12e400289e04dcdf53a470b d9ea32b8d9ae46b9acdbbfcd90694216 - - default default] Successfully bumped revision number for resource 180a56cf-0198-44f5-be35-4ae598941695 (type: security_group_rules) to 0
2026-07-15 00:22:36.078 7 INFO neutron.db.ovn_revision_numbers_db [None req-97a0c616-3f9d-4c3b-8b19-8ed26246729d 01f56d2ba12e400289e04dcdf53a470b d9ea32b8d9ae46b9acdbbfcd90694216 - - default default] Successfully bumped revision number for resource 2640a6fd-f651-497c-9ff2-25efd5c37bcb (type: security_group_rules) to 0
2026-07-15 00:22:36.142 7 INFO neutron.db.ovn_revision_numbers_db [None req-97a0c616-3f9d-4c3b-8b19-8ed26246729d 01f56d2ba12e400289e04dcdf53a470b d9ea32b8d9ae46b9acdbbfcd90694216 - - default default] Successfully bumped revision number for resource a29a6551-8fd4-4b7b-9e72-c7bb26a8fe66 (type: security_group_rules) to 0
2026-07-15 00:22:36.207 8 INFO neutron.db.ovn_revision_numbers_db [None req-a82e39ff-b07a-4ce7-9168-f1458c0677dc bc364159d8d843c8884218123c6d65d3 bb5d2fca5ba74cccae40ee7c5d2eb5ce - - default default] Successfully bumped revision number for resource c85e0442-c3c0-4b6d-a6c6-35025931284d (type: ports) to 2
2026-07-15 00:22:36.230 7 INFO neutron.db.ovn_revision_numbers_db [None req-97a0c616-3f9d-4c3b-8b19-8ed26246729d 01f56d2ba12e400289e04dcdf53a470b d9ea32b8d9ae46b9acdbbfcd90694216 - - default default] Successfully bumped revision number for resource d78c8dc7-cbc5-4efa-974f-27771b871129 (type: security_group_rules) to 0
2026-07-15 00:22:36.238 7 INFO neutron.services.segments.plugin [-] Segment bc7a98fe-9343-42bf-afd1-17ef918c8092 resource provider aggregate not found
2026-07-15 00:22:36.247 7 INFO neutron.services.segments.plugin [-] Segment bc7a98fe-9343-42bf-afd1-17ef918c8092 resource provider aggregate not found
2026-07-15 00:22:36.270 7 INFO neutron.services.segments.plugin [-] Client error retrieving segment bc7a98fe-9343-42bf-afd1-17ef918c8092 resource provider; error: Placement Client Error (4xx): {"errors": [{"status": 404, "title": "Not Found", "detail": "The resource could not be found.\n\n No resource provider with uuid bc7a98fe-9343-42bf-afd1-17ef918c8092 found for delete ", "request_id": "req-ced4586a-522e-45be-8446-c78b90c77308"}]}
2026-07-15 00:22:36.270 7 INFO neutron.services.segments.plugin [-] Client error retrieving segment bc7a98fe-9343-42bf-afd1-17ef918c8092 resource provider; error: Placement Client Error (4xx): {"errors": [{"status": 404, "title": "Not Found", "detail": "The resource could not be found.\n\n No resource provider with uuid bc7a98fe-9343-42bf-afd1-17ef918c8092 found for delete ", "request_id": "req-3f5637de-1510-4089-94f1-0c62127d959e"}]}
2026-07-15 00:22:36.279 8 INFO neutron.db.ovn_revision_numbers_db [None req-a82e39ff-b07a-4ce7-9168-f1458c0677dc bc364159d8d843c8884218123c6d65d3 bb5d2fca5ba74cccae40ee7c5d2eb5ce - - default default] Successfully bumped revision number for resource cf561e9b-8103-4406-ad88-e2355e097ee2 (type: subnets) to 0 [pid: 8|app: 0|req: 955/1835] 10.0.0.9 () {34 vars in 667 bytes} [Wed Jul 15 00:22:35 2026] POST /v2.0/subnets => generated 626 bytes in 1057 msecs (HTTP/1.1 201) 4 headers in 162 bytes (1 switches on core 0)
2026-07-15 00:22:36.332 7 INFO neutron.db.segments_db [None req-97a0c616-3f9d-4c3b-8b19-8ed26246729d 01f56d2ba12e400289e04dcdf53a470b d9ea32b8d9ae46b9acdbbfcd90694216 - - default default] Added segment f6927c57-3ab3-44e8-a237-e68e4d0efca0 of type geneve for network 44519c3d-eed0-4e42-a8fd-ca784ebd7acf
2026-07-15 00:22:36.560 8 INFO neutron.db.ovn_revision_numbers_db [None req-8197a7c1-a4b6-43c9-9957-54099c5c9885 bc364159d8d843c8884218123c6d65d3 bb5d2fca5ba74cccae40ee7c5d2eb5ce - - default default] Successfully bumped revision number for resource 505750a9-e894-452b-8d10-43a5346dd180 (type: routers) to 1 [pid: 8|app: 0|req: 956/1836] 10.0.0.9 () {34 vars in 667 bytes} [Wed Jul 15 00:22:36 2026] POST /v2.0/routers => generated 624 bytes in 376 msecs (HTTP/1.1 201) 4 headers in 162 bytes (1 switches on core 0)
2026-07-15 00:22:36.691 7 INFO neutron.db.ovn_revision_numbers_db [None req-97a0c616-3f9d-4c3b-8b19-8ed26246729d 01f56d2ba12e400289e04dcdf53a470b d9ea32b8d9ae46b9acdbbfcd90694216 - - default default] Successfully bumped revision number for resource 44519c3d-eed0-4e42-a8fd-ca784ebd7acf (type: networks) to 1
2026-07-15 00:22:36.878 7 WARNING neutron.scheduler.dhcp_agent_scheduler [None req-97a0c616-3f9d-4c3b-8b19-8ed26246729d 01f56d2ba12e400289e04dcdf53a470b d9ea32b8d9ae46b9acdbbfcd90694216 - - default default] No more DHCP agents
2026-07-15 00:22:36.879 7 WARNING neutron.api.rpc.agentnotifiers.dhcp_rpc_agent_api [None req-97a0c616-3f9d-4c3b-8b19-8ed26246729d 01f56d2ba12e400289e04dcdf53a470b d9ea32b8d9ae46b9acdbbfcd90694216 - - default default] Unable to schedule network 44519c3d-eed0-4e42-a8fd-ca784ebd7acf: no agents available; will retry on subsequent port and subnet creation events.
2026-07-15 00:22:37.010 7 INFO neutron.db.ovn_revision_numbers_db [None req-97a0c616-3f9d-4c3b-8b19-8ed26246729d 01f56d2ba12e400289e04dcdf53a470b d9ea32b8d9ae46b9acdbbfcd90694216 - - default default] Successfully bumped revision number for resource 6476a80a-e833-4542-8a2d-f7b88b5ccfdb (type: ports) to 1
2026-07-15 00:22:37.014 8 INFO neutron.plugins.ml2.drivers.ovn.mech_driver.mech_driver [None req-4384a91b-1604-4523-8f7e-91ed064bc8b5 - - - - - -] OVN reports status down for port: 6476a80a-e833-4542-8a2d-f7b88b5ccfdb [pid: 7|app: 0|req: 881/1837] 10.0.0.9 () {34 vars in 668 bytes} [Wed Jul 15 00:22:35 2026] POST /v2.0/networks => generated 767 bytes in 1565 msecs (HTTP/1.1 201) 4 headers in 162 bytes (1 switches on core 0)
2026-07-15 00:22:37.201 8 WARNING neutron.scheduler.dhcp_agent_scheduler [None req-3049b1db-aa77-42ca-9c85-2456a226343b bc364159d8d843c8884218123c6d65d3 bb5d2fca5ba74cccae40ee7c5d2eb5ce - - default default] No more DHCP agents
2026-07-15 00:22:37.204 8 WARNING neutron.api.rpc.agentnotifiers.dhcp_rpc_agent_api [None req-3049b1db-aa77-42ca-9c85-2456a226343b bc364159d8d843c8884218123c6d65d3 bb5d2fca5ba74cccae40ee7c5d2eb5ce - - default default] Unable to schedule network 134d57cd-0920-4548-a895-36ed6801e28c: no agents available; will retry on subsequent port and subnet creation events.
2026-07-15 00:22:37.346 7 INFO neutron.plugins.ml2.drivers.ovn.mech_driver.mech_driver [None req-8fb75c68-8386-43a5-9872-0d639688c1ce - - - - - -] OVN reports status down for port: fedfac27-763b-4f0f-bc5a-8c6029f89bab
2026-07-15 00:22:37.422 7 WARNING neutron.scheduler.dhcp_agent_scheduler [None req-3f5c940a-a6a0-452b-ac04-e56fab2e5898 01f56d2ba12e400289e04dcdf53a470b d9ea32b8d9ae46b9acdbbfcd90694216 - - default default] No more DHCP agents
2026-07-15 00:22:37.424 7 WARNING neutron.api.rpc.agentnotifiers.dhcp_rpc_agent_api [None req-3f5c940a-a6a0-452b-ac04-e56fab2e5898 01f56d2ba12e400289e04dcdf53a470b d9ea32b8d9ae46b9acdbbfcd90694216 - - default default] Unable to schedule network 44519c3d-eed0-4e42-a8fd-ca784ebd7acf: no agents available; will retry on subsequent port and subnet creation events.
2026-07-15 00:22:37.434 8 INFO neutron.db.ovn_revision_numbers_db [None req-3049b1db-aa77-42ca-9c85-2456a226343b bc364159d8d843c8884218123c6d65d3 bb5d2fca5ba74cccae40ee7c5d2eb5ce - - default default] Successfully bumped revision number for resource fedfac27-763b-4f0f-bc5a-8c6029f89bab (type: ports) to 1 [pid: 8|app: 0|req: 957/1838] 10.0.0.9 () {34 vars in 663 bytes} [Wed Jul 15 00:22:36 2026] POST /v2.0/ports => generated 947 bytes in 791 msecs (HTTP/1.1 201) 4 headers in 162 bytes (1 switches on core 0) /var/lib/openstack/lib/python3.12/site-packages/pycadf/identifier.py:70: UserWarning: Invalid uuid: neutron. To ensure interoperability, identifiers should be a valid uuid. warnings.warn(('Invalid uuid: %s. To ensure interoperability, '
2026-07-15 00:22:37.955 7 INFO neutron.db.ovn_revision_numbers_db [None req-3f5c940a-a6a0-452b-ac04-e56fab2e5898 01f56d2ba12e400289e04dcdf53a470b d9ea32b8d9ae46b9acdbbfcd90694216 - - default default] Successfully bumped revision number for resource 6476a80a-e833-4542-8a2d-f7b88b5ccfdb (type: ports) to 2
2026-07-15 00:22:37.992 7 INFO neutron.plugins.ml2.drivers.ovn.mech_driver.mech_driver [None req-8fb75c68-8386-43a5-9872-0d639688c1ce - - - - - -] OVN reports status up for port: fedfac27-763b-4f0f-bc5a-8c6029f89bab
2026-07-15 00:22:37.993 8 INFO neutron.db.ovn_revision_numbers_db [None req-7ef16ce9-1976-446b-a935-71816bf72420 bc364159d8d843c8884218123c6d65d3 bb5d2fca5ba74cccae40ee7c5d2eb5ce - - default default] Successfully bumped revision number for resource fedfac27-763b-4f0f-bc5a-8c6029f89bab (type: ports) to 2
2026-07-15 00:22:38.019 7 INFO neutron.db.ovn_revision_numbers_db [None req-3f5c940a-a6a0-452b-ac04-e56fab2e5898 01f56d2ba12e400289e04dcdf53a470b d9ea32b8d9ae46b9acdbbfcd90694216 - - default default] Successfully bumped revision number for resource 3aa0d093-6085-4d81-8f1b-795dadd64f5c (type: subnets) to 0
2026-07-15 00:22:38.021 7 INFO neutron.plugins.ml2.plugin [None req-8fb75c68-8386-43a5-9872-0d639688c1ce - - - - - -] Attempt 1 to provision port fedfac27-763b-4f0f-bc5a-8c6029f89bab [pid: 7|app: 0|req: 882/1839] 10.0.0.9 () {34 vars in 667 bytes} [Wed Jul 15 00:22:37 2026] POST /v2.0/subnets => generated 644 bytes in 979 msecs (HTTP/1.1 201) 4 headers in 162 bytes (1 switches on core 0) [pid: 7|app: 0|req: 883/1840] 10.0.0.9 () {32 vars in 621 bytes} [Wed Jul 15 00:22:38 2026] GET / => generated 151 bytes in 3 msecs (HTTP/1.1 200) 3 headers in 91 bytes (1 switches on core 0)
2026-07-15 00:22:38.103 7 WARNING neutron.api.v2.base [None req-6599125a-2335-4eba-869c-b47b99796658 01f56d2ba12e400289e04dcdf53a470b d9ea32b8d9ae46b9acdbbfcd90694216 - - default default] An exception happened while processing the request body. The exception message is [Invalid input for target_tenant. Reason: 'None' is not a valid string.].: webob.exc.HTTPBadRequest: Invalid input for target_tenant. Reason: 'None' is not a valid string.
2026-07-15 00:22:38.107 7 INFO neutron.api.v2.resource [None req-6599125a-2335-4eba-869c-b47b99796658 01f56d2ba12e400289e04dcdf53a470b d9ea32b8d9ae46b9acdbbfcd90694216 - - default default] create failed (client error): Invalid input for target_tenant. Reason: 'None' is not a valid string. [pid: 7|app: 0|req: 884/1841] 10.0.0.9 () {34 vars in 679 bytes} [Wed Jul 15 00:22:38 2026] POST /v2.0/rbac-policies => generated 143 bytes in 20 msecs (HTTP/1.1 400) 4 headers in 166 bytes (1 switches on core 0) [pid: 7|app: 0|req: 885/1842] 10.0.0.9 () {32 vars in 631 bytes} [Wed Jul 15 00:22:38 2026] GET /v2.0/ => generated 632 bytes in 249 msecs (HTTP/1.1 200) 4 headers in 157 bytes (1 switches on core 0)
2026-07-15 00:22:38.455 7 INFO neutron.db.ovn_revision_numbers_db [None req-8fb75c68-8386-43a5-9872-0d639688c1ce - - - - - -] Successfully bumped revision number for resource fedfac27-763b-4f0f-bc5a-8c6029f89bab (type: ports) to 3
2026-07-15 00:22:38.616 7 INFO neutron_taas.services.taas.taas_plugin [None req-5e4fc2ce-9f50-40ac-b2bd-67154d2c8c36 01f56d2ba12e400289e04dcdf53a470b d9ea32b8d9ae46b9acdbbfcd90694216 - - default default] TaaS: Handle Delete Port: 6476a80a-e833-4542-8a2d-f7b88b5ccfdb
2026-07-15 00:22:38.622 7 INFO neutron_taas.services.taas.tap_mirror_plugin [None req-5e4fc2ce-9f50-40ac-b2bd-67154d2c8c36 01f56d2ba12e400289e04dcdf53a470b d9ea32b8d9ae46b9acdbbfcd90694216 - - default default] Tap Mirror: Handle Delete Port: 6476a80a-e833-4542-8a2d-f7b88b5ccfdb
2026-07-15 00:22:38.950 7 INFO neutron.services.segments.plugin [-] Segment f6927c57-3ab3-44e8-a237-e68e4d0efca0 resource provider aggregate not found
2026-07-15 00:22:38.956 7 INFO neutron.services.segments.plugin [-] Segment f6927c57-3ab3-44e8-a237-e68e4d0efca0 resource provider aggregate not found
2026-07-15 00:22:38.974 7 INFO neutron.services.segments.plugin [-] Client error retrieving segment f6927c57-3ab3-44e8-a237-e68e4d0efca0 resource provider; error: Placement Client Error (4xx): {"errors": [{"status": 404, "title": "Not Found", "detail": "The resource could not be found.\n\n No resource provider with uuid f6927c57-3ab3-44e8-a237-e68e4d0efca0 found for delete ", "request_id": "req-0783d127-253a-4b6c-b547-a9bc9108406c"}]}
2026-07-15 00:22:38.977 7 INFO neutron.services.segments.plugin [-] Client error retrieving segment f6927c57-3ab3-44e8-a237-e68e4d0efca0 resource provider; error: Placement Client Error (4xx): {"errors": [{"status": 404, "title": "Not Found", "detail": "The resource could not be found.\n\n No resource provider with uuid f6927c57-3ab3-44e8-a237-e68e4d0efca0 found for delete ", "request_id": "req-f57b8362-79d8-4bc7-8f6b-345c3643201f"}]} [pid: 7|app: 0|req: 886/1843] 10.0.0.9 () {32 vars in 724 bytes} [Wed Jul 15 00:22:38 2026] DELETE /v2.0/networks/44519c3d-eed0-4e42-a8fd-ca784ebd7acf => generated 0 bytes in 643 msecs (HTTP/1.1 204) 3 headers in 131 bytes (1 switches on core 0) /var/lib/openstack/lib/python3.12/site-packages/pycadf/identifier.py:70: UserWarning: Invalid uuid: neutron. To ensure interoperability, identifiers should be a valid uuid. warnings.warn(('Invalid uuid: %s. To ensure interoperability, '
2026-07-15 00:22:39.201 7 WARNING neutron.db.securitygroups_db [None req-ff41e08e-a74f-4530-9d82-d8680692a8ed ee0847ec8885450e89893411e7798beb fd938b09b9974e31b3e8c0eacce8a99c - - default default] project_id key not found in filters, using tenant_id instead. This support has been deprecated and will be removed in a future release.
2026-07-15 00:22:39.320 8 WARNING neutron.scheduler.dhcp_agent_scheduler [None req-7ef16ce9-1976-446b-a935-71816bf72420 bc364159d8d843c8884218123c6d65d3 bb5d2fca5ba74cccae40ee7c5d2eb5ce - - default default] No more DHCP agents
2026-07-15 00:22:39.328 8 WARNING neutron.api.rpc.agentnotifiers.dhcp_rpc_agent_api [None req-7ef16ce9-1976-446b-a935-71816bf72420 bc364159d8d843c8884218123c6d65d3 bb5d2fca5ba74cccae40ee7c5d2eb5ce - - default default] Unable to schedule network 134d57cd-0920-4548-a895-36ed6801e28c: no agents available; will retry on subsequent port and subnet creation events.
2026-07-15 00:22:39.364 7 INFO neutron.db.ovn_revision_numbers_db [None req-ff41e08e-a74f-4530-9d82-d8680692a8ed ee0847ec8885450e89893411e7798beb fd938b09b9974e31b3e8c0eacce8a99c - - default default] Successfully bumped revision number for resource c196e847-0ccd-4e27-9833-13857e11b3e9 (type: security_groups) to 1
2026-07-15 00:22:39.384 7 INFO neutron.db.ovn_revision_numbers_db [None req-ff41e08e-a74f-4530-9d82-d8680692a8ed ee0847ec8885450e89893411e7798beb fd938b09b9974e31b3e8c0eacce8a99c - - default default] Successfully bumped revision number for resource 49599ca1-af34-4693-9c30-d05095c5c25a (type: security_group_rules) to 0
2026-07-15 00:22:39.405 7 INFO neutron.db.ovn_revision_numbers_db [None req-ff41e08e-a74f-4530-9d82-d8680692a8ed ee0847ec8885450e89893411e7798beb fd938b09b9974e31b3e8c0eacce8a99c - - default default] Successfully bumped revision number for resource 8842676f-2c12-49b2-abde-a5a47f5685b3 (type: security_group_rules) to 0
2026-07-15 00:22:39.434 7 INFO neutron.db.ovn_revision_numbers_db [None req-ff41e08e-a74f-4530-9d82-d8680692a8ed ee0847ec8885450e89893411e7798beb fd938b09b9974e31b3e8c0eacce8a99c - - default default] Successfully bumped revision number for resource bfd5e288-d466-424f-abae-28d71d66f544 (type: security_group_rules) to 0
2026-07-15 00:22:39.459 7 INFO neutron.db.ovn_revision_numbers_db [None req-ff41e08e-a74f-4530-9d82-d8680692a8ed ee0847ec8885450e89893411e7798beb fd938b09b9974e31b3e8c0eacce8a99c - - default default] Successfully bumped revision number for resource d94d6f62-f0f5-43d5-b32e-dba15f32c05f (type: security_group_rules) to 0 [pid: 7|app: 0|req: 887/1844] 10.0.0.9 () {32 vars in 772 bytes} [Wed Jul 15 00:22:39 2026] GET /v2.0/security-groups?tenant_id=b323de18b7074309b46e620b8477439a&name=default => generated 2925 bytes in 518 msecs (HTTP/1.1 200) 4 headers in 158 bytes (1 switches on core 0)
2026-07-15 00:22:39.604 8 INFO neutron.db.ovn_revision_numbers_db [None req-7ef16ce9-1976-446b-a935-71816bf72420 bc364159d8d843c8884218123c6d65d3 bb5d2fca5ba74cccae40ee7c5d2eb5ce - - default default] Successfully bumped revision number for resource fedfac27-763b-4f0f-bc5a-8c6029f89bab (type: router_ports) to 3 [pid: 8|app: 0|req: 958/1845] 10.0.0.9 () {34 vars in 781 bytes} [Wed Jul 15 00:22:37 2026] PUT /v2.0/routers/505750a9-e894-452b-8d10-43a5346dd180/add_router_interface => generated 310 bytes in 2116 msecs (HTTP/1.1 200) 4 headers in 157 bytes (1 switches on core 0) /var/lib/openstack/lib/python3.12/site-packages/pycadf/identifier.py:70: UserWarning: Invalid uuid: neutron. To ensure interoperability, identifiers should be a valid uuid. warnings.warn(('Invalid uuid: %s. To ensure interoperability, '
2026-07-15 00:22:39.656 7 INFO neutron.db.segments_db [None req-6879ef67-0dfc-48b5-a131-ad7fc8608b2f 01f56d2ba12e400289e04dcdf53a470b d9ea32b8d9ae46b9acdbbfcd90694216 - - default default] Added segment 1303b58b-a698-4d01-abce-fed1839737e1 of type geneve for network 061901ac-d2df-4bd7-94b0-37e4fa259cb9
2026-07-15 00:22:39.806 7 INFO neutron.db.ovn_revision_numbers_db [None req-6879ef67-0dfc-48b5-a131-ad7fc8608b2f 01f56d2ba12e400289e04dcdf53a470b d9ea32b8d9ae46b9acdbbfcd90694216 - - default default] Successfully bumped revision number for resource 061901ac-d2df-4bd7-94b0-37e4fa259cb9 (type: networks) to 1 [pid: 8|app: 0|req: 959/1846] 10.0.0.9 () {32 vars in 738 bytes} [Wed Jul 15 00:22:39 2026] DELETE /v2.0/security-groups/c196e847-0ccd-4e27-9833-13857e11b3e9 => generated 0 bytes in 258 msecs (HTTP/1.1 204) 2 headers in 112 bytes (1 switches on core 0) [pid: 8|app: 0|req: 960/1847] 10.0.0.9 () {32 vars in 715 bytes} [Wed Jul 15 00:22:39 2026] GET /v2.0/ports/fedfac27-763b-4f0f-bc5a-8c6029f89bab => generated 1009 bytes in 35 msecs (HTTP/1.1 200) 4 headers in 158 bytes (1 switches on core 0)
2026-07-15 00:22:39.968 7 WARNING neutron.scheduler.dhcp_agent_scheduler [None req-6879ef67-0dfc-48b5-a131-ad7fc8608b2f 01f56d2ba12e400289e04dcdf53a470b d9ea32b8d9ae46b9acdbbfcd90694216 - - default default] No more DHCP agents
2026-07-15 00:22:39.969 7 WARNING neutron.api.rpc.agentnotifiers.dhcp_rpc_agent_api [None req-6879ef67-0dfc-48b5-a131-ad7fc8608b2f 01f56d2ba12e400289e04dcdf53a470b d9ea32b8d9ae46b9acdbbfcd90694216 - - default default] Unable to schedule network 061901ac-d2df-4bd7-94b0-37e4fa259cb9: no agents available; will retry on subsequent port and subnet creation events.
2026-07-15 00:22:40.025 8 INFO neutron.plugins.ml2.drivers.ovn.mech_driver.mech_driver [None req-4384a91b-1604-4523-8f7e-91ed064bc8b5 - - - - - -] OVN reports status down for port: bf698652-ba8f-4ab2-ab01-eb610a2f6158
2026-07-15 00:22:40.040 7 INFO neutron.db.ovn_revision_numbers_db [None req-6879ef67-0dfc-48b5-a131-ad7fc8608b2f 01f56d2ba12e400289e04dcdf53a470b d9ea32b8d9ae46b9acdbbfcd90694216 - - default default] Successfully bumped revision number for resource bf698652-ba8f-4ab2-ab01-eb610a2f6158 (type: ports) to 1 [pid: 7|app: 0|req: 888/1848] 10.0.0.9 () {34 vars in 668 bytes} [Wed Jul 15 00:22:39 2026] POST /v2.0/networks => generated 768 bytes in 588 msecs (HTTP/1.1 201) 4 headers in 162 bytes (1 switches on core 0)
2026-07-15 00:22:40.227 8 INFO neutron_taas.services.taas.taas_plugin [None req-4be2f874-de9a-4367-9144-2d7bdb69cadb bc364159d8d843c8884218123c6d65d3 bb5d2fca5ba74cccae40ee7c5d2eb5ce - - default default] TaaS: Handle Delete Port: fedfac27-763b-4f0f-bc5a-8c6029f89bab
2026-07-15 00:22:40.231 8 INFO neutron_taas.services.taas.tap_mirror_plugin [None req-4be2f874-de9a-4367-9144-2d7bdb69cadb bc364159d8d843c8884218123c6d65d3 bb5d2fca5ba74cccae40ee7c5d2eb5ce - - default default] Tap Mirror: Handle Delete Port: fedfac27-763b-4f0f-bc5a-8c6029f89bab
2026-07-15 00:22:40.429 7 INFO neutron.db.ovn_revision_numbers_db [None req-1e8dd78a-09de-4fed-b259-68c6f4f3e008 1be5fc16ae5a4a19b0150762e9734bbd 03561058aa6643fba7ca53f8ce3436d9 - - default default] Successfully bumped revision number for resource 51a9d5bf-9341-4554-92fc-cfb93809d326 (type: security_groups) to 1
2026-07-15 00:22:40.452 7 INFO neutron.db.ovn_revision_numbers_db [None req-1e8dd78a-09de-4fed-b259-68c6f4f3e008 1be5fc16ae5a4a19b0150762e9734bbd 03561058aa6643fba7ca53f8ce3436d9 - - default default] Successfully bumped revision number for resource 84b37368-d44f-4d02-b351-93357003535b (type: security_group_rules) to 0
2026-07-15 00:22:40.472 7 INFO neutron.db.ovn_revision_numbers_db [None req-1e8dd78a-09de-4fed-b259-68c6f4f3e008 1be5fc16ae5a4a19b0150762e9734bbd 03561058aa6643fba7ca53f8ce3436d9 - - default default] Successfully bumped revision number for resource d96c677e-8856-4f4b-bf1a-be94fefbbf97 (type: security_group_rules) to 0
2026-07-15 00:22:40.488 7 INFO neutron.db.ovn_revision_numbers_db [None req-1e8dd78a-09de-4fed-b259-68c6f4f3e008 1be5fc16ae5a4a19b0150762e9734bbd 03561058aa6643fba7ca53f8ce3436d9 - - default default] Successfully bumped revision number for resource f652a0e3-c812-4a94-a898-3b224bd28dd6 (type: security_group_rules) to 0
2026-07-15 00:22:40.504 7 INFO neutron.db.ovn_revision_numbers_db [None req-1e8dd78a-09de-4fed-b259-68c6f4f3e008 1be5fc16ae5a4a19b0150762e9734bbd 03561058aa6643fba7ca53f8ce3436d9 - - default default] Successfully bumped revision number for resource f88b2d32-f75b-4b78-a002-12a474c05858 (type: security_group_rules) to 0
2026-07-15 00:22:40.594 7 INFO neutron.db.segments_db [None req-1e8dd78a-09de-4fed-b259-68c6f4f3e008 1be5fc16ae5a4a19b0150762e9734bbd 03561058aa6643fba7ca53f8ce3436d9 - - default default] Added segment 0dfb2c28-85a7-4467-b66f-79002397ac60 of type geneve for network dc708a56-0ce4-4d78-a37e-04d70d9361ca [pid: 8|app: 0|req: 961/1849] 10.0.0.9 () {34 vars in 787 bytes} [Wed Jul 15 00:22:39 2026] PUT /v2.0/routers/505750a9-e894-452b-8d10-43a5346dd180/remove_router_interface => generated 310 bytes in 726 msecs (HTTP/1.1 200) 4 headers in 157 bytes (1 switches on core 0) /var/lib/openstack/lib/python3.12/site-packages/pycadf/identifier.py:70: UserWarning: Invalid uuid: neutron. To ensure interoperability, identifiers should be a valid uuid. warnings.warn(('Invalid uuid: %s. To ensure interoperability, '
2026-07-15 00:22:40.712 7 INFO neutron.db.ovn_revision_numbers_db [None req-1e8dd78a-09de-4fed-b259-68c6f4f3e008 1be5fc16ae5a4a19b0150762e9734bbd 03561058aa6643fba7ca53f8ce3436d9 - - default default] Successfully bumped revision number for resource dc708a56-0ce4-4d78-a37e-04d70d9361ca (type: networks) to 1
2026-07-15 00:22:40.788 8 WARNING neutron.scheduler.dhcp_agent_scheduler [None req-aadfbc20-c36d-4752-925e-22530c31696c 01f56d2ba12e400289e04dcdf53a470b d9ea32b8d9ae46b9acdbbfcd90694216 - - default default] No more DHCP agents
2026-07-15 00:22:40.789 8 WARNING neutron.api.rpc.agentnotifiers.dhcp_rpc_agent_api [None req-aadfbc20-c36d-4752-925e-22530c31696c 01f56d2ba12e400289e04dcdf53a470b d9ea32b8d9ae46b9acdbbfcd90694216 - - default default] Unable to schedule network 061901ac-d2df-4bd7-94b0-37e4fa259cb9: no agents available; will retry on subsequent port and subnet creation events.
2026-07-15 00:22:40.861 7 WARNING neutron.scheduler.dhcp_agent_scheduler [None req-1e8dd78a-09de-4fed-b259-68c6f4f3e008 1be5fc16ae5a4a19b0150762e9734bbd 03561058aa6643fba7ca53f8ce3436d9 - - default default] No more DHCP agents
2026-07-15 00:22:40.862 7 WARNING neutron.api.rpc.agentnotifiers.dhcp_rpc_agent_api [None req-1e8dd78a-09de-4fed-b259-68c6f4f3e008 1be5fc16ae5a4a19b0150762e9734bbd 03561058aa6643fba7ca53f8ce3436d9 - - default default] Unable to schedule network dc708a56-0ce4-4d78-a37e-04d70d9361ca: no agents available; will retry on subsequent port and subnet creation events.
2026-07-15 00:22:40.942 7 INFO neutron.db.ovn_revision_numbers_db [None req-1e8dd78a-09de-4fed-b259-68c6f4f3e008 1be5fc16ae5a4a19b0150762e9734bbd 03561058aa6643fba7ca53f8ce3436d9 - - default default] Successfully bumped revision number for resource 5b02c597-94e6-4d6e-b38e-bd39bc1f0351 (type: ports) to 1 [pid: 7|app: 0|req: 889/1850] 10.0.0.9 () {34 vars in 668 bytes} [Wed Jul 15 00:22:40 2026] POST /v2.0/networks => generated 670 bytes in 865 msecs (HTTP/1.1 201) 4 headers in 162 bytes (1 switches on core 0)
2026-07-15 00:22:41.029 7 INFO neutron.api.v2.resource [None req-6783108e-a028-40d9-906f-b1a2db2a75fe bc364159d8d843c8884218123c6d65d3 bb5d2fca5ba74cccae40ee7c5d2eb5ce - - default default] remove_router_interface failed (client error): The resource could not be found. [pid: 7|app: 0|req: 890/1851] 10.0.0.9 () {34 vars in 787 bytes} [Wed Jul 15 00:22:40 2026] PUT /v2.0/routers/505750a9-e894-452b-8d10-43a5346dd180/remove_router_interface => generated 197 bytes in 55 msecs (HTTP/1.1 404) 4 headers in 164 bytes (1 switches on core 0)
2026-07-15 00:22:41.214 7 WARNING neutron.scheduler.dhcp_agent_scheduler [None req-33977a67-3533-45f2-a8fe-b02e1c05a513 1be5fc16ae5a4a19b0150762e9734bbd 03561058aa6643fba7ca53f8ce3436d9 - - default default] No more DHCP agents
2026-07-15 00:22:41.223 7 WARNING neutron.api.rpc.agentnotifiers.dhcp_rpc_agent_api [None req-33977a67-3533-45f2-a8fe-b02e1c05a513 1be5fc16ae5a4a19b0150762e9734bbd 03561058aa6643fba7ca53f8ce3436d9 - - default default] Unable to schedule network dc708a56-0ce4-4d78-a37e-04d70d9361ca: no agents available; will retry on subsequent port and subnet creation events.
2026-07-15 00:22:41.272 8 INFO neutron.db.ovn_revision_numbers_db [None req-aadfbc20-c36d-4752-925e-22530c31696c 01f56d2ba12e400289e04dcdf53a470b d9ea32b8d9ae46b9acdbbfcd90694216 - - default default] Successfully bumped revision number for resource bf698652-ba8f-4ab2-ab01-eb610a2f6158 (type: ports) to 2
2026-07-15 00:22:41.310 8 INFO neutron.db.ovn_revision_numbers_db [None req-aadfbc20-c36d-4752-925e-22530c31696c 01f56d2ba12e400289e04dcdf53a470b d9ea32b8d9ae46b9acdbbfcd90694216 - - default default] Successfully bumped revision number for resource 97e65afc-a691-4f50-bd00-75c90c31096c (type: subnets) to 0 [pid: 8|app: 0|req: 962/1852] 10.0.0.9 () {34 vars in 667 bytes} [Wed Jul 15 00:22:40 2026] POST /v2.0/subnets => generated 647 bytes in 692 msecs (HTTP/1.1 201) 4 headers in 162 bytes (1 switches on core 0) [pid: 8|app: 0|req: 963/1853] 10.0.0.9 () {32 vars in 734 bytes} [Wed Jul 15 00:22:41 2026] GET /v2.0/ports?device_id=505750a9-e894-452b-8d10-43a5346dd180 => generated 12 bytes in 20 msecs (HTTP/1.1 200) 4 headers in 156 bytes (1 switches on core 0)
2026-07-15 00:22:41.353 8 WARNING neutron.api.v2.base [None req-1fac3ebe-523f-44a0-a4ef-c2e3cf1651b0 01f56d2ba12e400289e04dcdf53a470b d9ea32b8d9ae46b9acdbbfcd90694216 - - default default] An exception happened while processing the request body. The exception message is [Invalid input for target_tenant. Reason: '1234123412341234123412341234123412341234123412341234123412341234123412341234123412341234123412341234123412341234123412341234123412341234123412341234123412341234123412341234123412341234123412341234123412341234123412341234123412341234123412341234123412341234123412341234123412341234123412341234123412341234123412341234123412341234123412341234123412341234123412341234123412341234123412341234123412341234' exceeds maximum length of 255.].: webob.exc.HTTPBadRequest: Invalid input for target_tenant. Reason: '1234123412341234123412341234123412341234123412341234123412341234123412341234123412341234123412341234123412341234123412341234123412341234123412341234123412341234123412341234123412341234123412341234123412341234123412341234123412341234123412341234123412341234123412341234123412341234123412341234123412341234123412341234123412341234123412341234123412341234123412341234123412341234123412341234123412341234' exceeds maximum length of 255.
2026-07-15 00:22:41.354 8 INFO neutron.api.v2.resource [None req-1fac3ebe-523f-44a0-a4ef-c2e3cf1651b0 01f56d2ba12e400289e04dcdf53a470b d9ea32b8d9ae46b9acdbbfcd90694216 - - default default] create failed (client error): Invalid input for target_tenant. Reason: '1234123412341234123412341234123412341234123412341234123412341234123412341234123412341234123412341234123412341234123412341234123412341234123412341234123412341234123412341234123412341234123412341234123412341234123412341234123412341234123412341234123412341234123412341234123412341234123412341234123412341234123412341234123412341234123412341234123412341234123412341234123412341234123412341234123412341234' exceeds maximum length of 255. [pid: 8|app: 0|req: 964/1854] 10.0.0.9 () {34 vars in 679 bytes} [Wed Jul 15 00:22:41 2026] POST /v2.0/rbac-policies => generated 547 bytes in 7 msecs (HTTP/1.1 400) 4 headers in 166 bytes (1 switches on core 0) [pid: 8|app: 0|req: 965/1855] 10.0.0.9 () {32 vars in 722 bytes} [Wed Jul 15 00:22:41 2026] DELETE /v2.0/routers/505750a9-e894-452b-8d10-43a5346dd180 => generated 0 bytes in 195 msecs (HTTP/1.1 204) 2 headers in 112 bytes (1 switches on core 0)
2026-07-15 00:22:41.682 8 INFO neutron_taas.services.taas.taas_plugin [None req-efe635de-da89-42a3-8474-0aed0d055f09 01f56d2ba12e400289e04dcdf53a470b d9ea32b8d9ae46b9acdbbfcd90694216 - - default default] TaaS: Handle Delete Port: bf698652-ba8f-4ab2-ab01-eb610a2f6158
2026-07-15 00:22:41.685 8 INFO neutron_taas.services.taas.tap_mirror_plugin [None req-efe635de-da89-42a3-8474-0aed0d055f09 01f56d2ba12e400289e04dcdf53a470b d9ea32b8d9ae46b9acdbbfcd90694216 - - default default] Tap Mirror: Handle Delete Port: bf698652-ba8f-4ab2-ab01-eb610a2f6158
2026-07-15 00:22:41.743 7 INFO neutron.db.ovn_revision_numbers_db [None req-33977a67-3533-45f2-a8fe-b02e1c05a513 1be5fc16ae5a4a19b0150762e9734bbd 03561058aa6643fba7ca53f8ce3436d9 - - default default] Successfully bumped revision number for resource 5b02c597-94e6-4d6e-b38e-bd39bc1f0351 (type: ports) to 2
2026-07-15 00:22:41.769 7 INFO neutron.db.ovn_revision_numbers_db [None req-33977a67-3533-45f2-a8fe-b02e1c05a513 1be5fc16ae5a4a19b0150762e9734bbd 03561058aa6643fba7ca53f8ce3436d9 - - default default] Successfully bumped revision number for resource bbc5bc74-b7d2-4cea-9cdf-43c5760d6733 (type: subnets) to 0 [pid: 7|app: 0|req: 891/1856] 10.0.0.9 () {34 vars in 667 bytes} [Wed Jul 15 00:22:41 2026] POST /v2.0/subnets => generated 626 bytes in 755 msecs (HTTP/1.1 201) 4 headers in 162 bytes (1 switches on core 0) [pid: 7|app: 0|req: 892/1857] 10.0.0.9 () {32 vars in 722 bytes} [Wed Jul 15 00:22:41 2026] DELETE /v2.0/subnets/cf561e9b-8103-4406-ad88-e2355e097ee2 => generated 0 bytes in 176 msecs (HTTP/1.1 204) 3 headers in 131 bytes (1 switches on core 0)
2026-07-15 00:22:42.016 8 INFO neutron.services.segments.plugin [-] Segment 1303b58b-a698-4d01-abce-fed1839737e1 resource provider aggregate not found
2026-07-15 00:22:42.019 8 INFO neutron.services.segments.plugin [-] Segment 1303b58b-a698-4d01-abce-fed1839737e1 resource provider aggregate not found
2026-07-15 00:22:42.034 8 INFO neutron.services.segments.plugin [-] Client error retrieving segment 1303b58b-a698-4d01-abce-fed1839737e1 resource provider; error: Placement Client Error (4xx): {"errors": [{"status": 404, "title": "Not Found", "detail": "The resource could not be found.\n\n No resource provider with uuid 1303b58b-a698-4d01-abce-fed1839737e1 found for delete ", "request_id": "req-0bfd5b6f-a25b-42b2-b8a3-3213527c7190"}]}
2026-07-15 00:22:42.037 8 INFO neutron.services.segments.plugin [-] Client error retrieving segment 1303b58b-a698-4d01-abce-fed1839737e1 resource provider; error: Placement Client Error (4xx): {"errors": [{"status": 404, "title": "Not Found", "detail": "The resource could not be found.\n\n No resource provider with uuid 1303b58b-a698-4d01-abce-fed1839737e1 found for delete ", "request_id": "req-2681bb10-3828-448c-90d9-5927fa6c10d8"}]}
2026-07-15 00:22:42.056 7 INFO neutron.db.segments_db [None req-d12ce226-c1ec-4e69-820a-3e67eee81ee6 1be5fc16ae5a4a19b0150762e9734bbd 03561058aa6643fba7ca53f8ce3436d9 - - default default] Added segment 22aa41b9-0c00-4113-ae28-16724e3939f7 of type geneve for network 18493afb-028d-4f01-b5da-2bea0192f395 [pid: 8|app: 0|req: 966/1858] 10.0.0.9 () {32 vars in 724 bytes} [Wed Jul 15 00:22:41 2026] DELETE /v2.0/networks/061901ac-d2df-4bd7-94b0-37e4fa259cb9 => generated 0 bytes in 510 msecs (HTTP/1.1 204) 3 headers in 131 bytes (1 switches on core 0)
2026-07-15 00:22:42.156 7 INFO neutron.db.ovn_revision_numbers_db [None req-d12ce226-c1ec-4e69-820a-3e67eee81ee6 1be5fc16ae5a4a19b0150762e9734bbd 03561058aa6643fba7ca53f8ce3436d9 - - default default] Successfully bumped revision number for resource 18493afb-028d-4f01-b5da-2bea0192f395 (type: networks) to 1
2026-07-15 00:22:42.192 8 INFO neutron_taas.services.taas.taas_plugin [None req-21887e65-31de-4bb9-b6f9-886e91bc4b98 bc364159d8d843c8884218123c6d65d3 bb5d2fca5ba74cccae40ee7c5d2eb5ce - - default default] TaaS: Handle Delete Port: c85e0442-c3c0-4b6d-a6c6-35025931284d
2026-07-15 00:22:42.196 8 INFO neutron_taas.services.taas.tap_mirror_plugin [None req-21887e65-31de-4bb9-b6f9-886e91bc4b98 bc364159d8d843c8884218123c6d65d3 bb5d2fca5ba74cccae40ee7c5d2eb5ce - - default default] Tap Mirror: Handle Delete Port: c85e0442-c3c0-4b6d-a6c6-35025931284d
2026-07-15 00:22:42.325 7 WARNING neutron.scheduler.dhcp_agent_scheduler [None req-d12ce226-c1ec-4e69-820a-3e67eee81ee6 1be5fc16ae5a4a19b0150762e9734bbd 03561058aa6643fba7ca53f8ce3436d9 - - default default] No more DHCP agents
2026-07-15 00:22:42.327 7 WARNING neutron.api.rpc.agentnotifiers.dhcp_rpc_agent_api [None req-d12ce226-c1ec-4e69-820a-3e67eee81ee6 1be5fc16ae5a4a19b0150762e9734bbd 03561058aa6643fba7ca53f8ce3436d9 - - default default] Unable to schedule network 18493afb-028d-4f01-b5da-2bea0192f395: no agents available; will retry on subsequent port and subnet creation events.
2026-07-15 00:22:42.408 8 INFO neutron.plugins.ml2.drivers.ovn.mech_driver.mech_driver [None req-4384a91b-1604-4523-8f7e-91ed064bc8b5 - - - - - -] OVN reports status down for port: d94f574f-a0c6-4fc8-9ad8-688654b60c70
