2026-07-15 00:21:27.556 8 INFO neutron.services.segments.plugin [-] Client error retrieving segment 122547df-42b0-460c-9e43-a1c0d0dcc26c resource provider; error: Placement Client Error (4xx): {"errors": [{"status": 404, "title": "Not Found", "detail": "The resource could not be found.\n\n No resource provider with uuid 122547df-42b0-460c-9e43-a1c0d0dcc26c found for delete ", "request_id": "req-339dc406-4463-411e-af49-472f49a61319"}]}
2026-07-15 00:21:27.558 8 INFO neutron.services.segments.plugin [-] Client error retrieving segment 122547df-42b0-460c-9e43-a1c0d0dcc26c resource provider; error: Placement Client Error (4xx): {"errors": [{"status": 404, "title": "Not Found", "detail": "The resource could not be found.\n\n No resource provider with uuid 122547df-42b0-460c-9e43-a1c0d0dcc26c found for delete ", "request_id": "req-025f778a-d759-4e12-8457-aadef82f8b1a"}]} [pid: 8|app: 0|req: 728/1398] 10.0.0.9 () {32 vars in 724 bytes} [Wed Jul 15 00:21:27 2026] DELETE /v2.0/networks/81af8f0d-ce6d-4cc8-8c5e-9436b263ec37 => generated 0 bytes in 444 msecs (HTTP/1.1 204) 3 headers in 131 bytes (1 switches on core 0)
2026-07-15 00:21:27.988 7 INFO neutron.db.ovn_revision_numbers_db [None req-a2124c1f-8ee0-4728-a034-2ba5d721ded9 40937a72507a45e8b3a1b0261325d929 cb715f1ed9d44ac2ba99caf0379d3cdc - - default default] Successfully bumped revision number for resource 30119af3-5448-49f6-8989-cea3ab6115fb (type: ports) to 2
2026-07-15 00:21:28.028 8 INFO neutron_taas.services.taas.taas_plugin [None req-d6126387-07cd-4de0-9696-f2ec71cf532b ee0847ec8885450e89893411e7798beb fd938b09b9974e31b3e8c0eacce8a99c - - default default] TaaS: Handle Delete Port: e9db02b1-1c76-4702-b06a-af4e923ac735
2026-07-15 00:21:28.031 8 INFO neutron_taas.services.taas.tap_mirror_plugin [None req-d6126387-07cd-4de0-9696-f2ec71cf532b ee0847ec8885450e89893411e7798beb fd938b09b9974e31b3e8c0eacce8a99c - - default default] Tap Mirror: Handle Delete Port: e9db02b1-1c76-4702-b06a-af4e923ac735
2026-07-15 00:21:28.042 7 INFO neutron.db.ovn_revision_numbers_db [None req-a2124c1f-8ee0-4728-a034-2ba5d721ded9 40937a72507a45e8b3a1b0261325d929 cb715f1ed9d44ac2ba99caf0379d3cdc - - default default] Successfully bumped revision number for resource cd54e23d-013f-49e1-adbd-dfc6764fa823 (type: subnets) to 0 [pid: 7|app: 0|req: 671/1399] 10.0.0.9 () {34 vars in 667 bytes} [Wed Jul 15 00:21:27 2026] POST /v2.0/subnets => generated 626 bytes in 829 msecs (HTTP/1.1 201) 4 headers in 162 bytes (1 switches on core 0) [pid: 7|app: 0|req: 672/1400] 10.0.0.9 () {32 vars in 738 bytes} [Wed Jul 15 00:21:28 2026] DELETE /v2.0/security-groups/70f4bbe0-7318-4057-bef7-e6219b21471a => generated 0 bytes in 210 msecs (HTTP/1.1 204) 2 headers in 112 bytes (1 switches on core 0)
2026-07-15 00:21:28.387 7 INFO neutron_taas.services.taas.taas_plugin [None req-af1c7af7-7f23-49fb-b8db-2cb4cd363d36 38ec5262aadd4bf78ac4a0e443e99dd3 1fa683fa32414d67b3b9367eb39778af - - default default] TaaS: Handle Delete Port: e4a6b187-ef26-4967-a163-703424d5b81a
2026-07-15 00:21:28.391 7 INFO neutron_taas.services.taas.tap_mirror_plugin [None req-af1c7af7-7f23-49fb-b8db-2cb4cd363d36 38ec5262aadd4bf78ac4a0e443e99dd3 1fa683fa32414d67b3b9367eb39778af - - default default] Tap Mirror: Handle Delete Port: e4a6b187-ef26-4967-a163-703424d5b81a [pid: 8|app: 0|req: 729/1401] 10.0.0.9 () {32 vars in 722 bytes} [Wed Jul 15 00:21:27 2026] DELETE /v2.0/routers/9d270a94-8fd8-4ff3-8433-1a0e6a03fd22 => generated 0 bytes in 864 msecs (HTTP/1.1 204) 2 headers in 112 bytes (1 switches on core 0)
2026-07-15 00:21:28.633 7 INFO neutron.services.segments.plugin [-] Segment 64844521-e8fa-4e5d-aefd-2ee2bde80919 resource provider aggregate not found
2026-07-15 00:21:28.634 7 INFO neutron.services.segments.plugin [-] Segment 64844521-e8fa-4e5d-aefd-2ee2bde80919 resource provider aggregate not found
2026-07-15 00:21:28.652 7 INFO neutron.services.segments.plugin [-] Client error retrieving segment 64844521-e8fa-4e5d-aefd-2ee2bde80919 resource provider; error: Placement Client Error (4xx): {"errors": [{"status": 404, "title": "Not Found", "detail": "The resource could not be found.\n\n No resource provider with uuid 64844521-e8fa-4e5d-aefd-2ee2bde80919 found for delete ", "request_id": "req-a176a019-b0cf-4c7b-936e-874ad6550b97"}]}
2026-07-15 00:21:28.654 7 INFO neutron.services.segments.plugin [-] Client error retrieving segment 64844521-e8fa-4e5d-aefd-2ee2bde80919 resource provider; error: Placement Client Error (4xx): {"errors": [{"status": 404, "title": "Not Found", "detail": "The resource could not be found.\n\n No resource provider with uuid 64844521-e8fa-4e5d-aefd-2ee2bde80919 found for delete ", "request_id": "req-435bac32-5e0c-46ec-a130-17e36b79f214"}]} [pid: 7|app: 0|req: 673/1402] 10.0.0.9 () {32 vars in 724 bytes} [Wed Jul 15 00:21:28 2026] DELETE /v2.0/networks/3d28551a-deb3-4229-b6bf-1739e5317ea6 => generated 0 bytes in 411 msecs (HTTP/1.1 204) 3 headers in 131 bytes (1 switches on core 0)
2026-07-15 00:21:28.698 7 INFO neutron.api.v2.resource [None req-38ca6bf9-5f87-4839-9e4e-58d8fd760ecc 31d1b0cb6b49424493b42e989ef0f343 292069d3e85746c2bcc9a15e2e6bd804 - - default default] show failed (client error): The resource could not be found. [pid: 7|app: 0|req: 674/1403] 10.0.0.9 () {32 vars in 735 bytes} [Wed Jul 15 00:21:28 2026] GET /v2.0/security-groups/70f4bbe0-7318-4057-bef7-e6219b21471a => generated 146 bytes in 10 msecs (HTTP/1.1 404) 4 headers in 164 bytes (1 switches on core 0)
2026-07-15 00:21:28.760 8 INFO neutron.db.ovn_revision_numbers_db [None req-e8e47518-a500-4c37-a26d-2d94bdba8381 40937a72507a45e8b3a1b0261325d929 cb715f1ed9d44ac2ba99caf0379d3cdc - - default default] Successfully bumped revision number for resource cd54e23d-013f-49e1-adbd-dfc6764fa823 (type: subnets) to 1 [pid: 8|app: 0|req: 730/1404] 10.0.0.9 () {34 vars in 739 bytes} [Wed Jul 15 00:21:28 2026] PUT /v2.0/subnets/cd54e23d-013f-49e1-adbd-dfc6764fa823 => generated 636 bytes in 295 msecs (HTTP/1.1 200) 4 headers in 157 bytes (1 switches on core 0) [pid: 8|app: 0|req: 731/1405] 10.0.0.9 () {32 vars in 647 bytes} [Wed Jul 15 00:21:28 2026] GET /v2.0/networks => generated 689 bytes in 43 msecs (HTTP/1.1 200) 4 headers in 157 bytes (1 switches on core 0) [pid: 7|app: 0|req: 675/1406] 10.0.0.9 () {32 vars in 722 bytes} [Wed Jul 15 00:21:28 2026] DELETE /v2.0/subnets/f3c8bd45-7dff-497c-affa-e62207d6de3d => generated 0 bytes in 168 msecs (HTTP/1.1 204) 3 headers in 131 bytes (1 switches on core 0)
2026-07-15 00:21:28.949 8 INFO neutron_taas.services.taas.taas_plugin [None req-257ea0a5-d2b1-4c4d-80d8-8acc4a0cc9b0 31d1b0cb6b49424493b42e989ef0f343 292069d3e85746c2bcc9a15e2e6bd804 - - default default] TaaS: Handle Delete Port: 9188f81d-8a87-406a-b45d-3d064cd2b29f
2026-07-15 00:21:28.951 8 INFO neutron_taas.services.taas.tap_mirror_plugin [None req-257ea0a5-d2b1-4c4d-80d8-8acc4a0cc9b0 31d1b0cb6b49424493b42e989ef0f343 292069d3e85746c2bcc9a15e2e6bd804 - - default default] Tap Mirror: Handle Delete Port: 9188f81d-8a87-406a-b45d-3d064cd2b29f
2026-07-15 00:21:29.010 7 INFO neutron_taas.services.taas.taas_plugin [None req-6d709d45-d018-43dd-9721-8994cc125075 40937a72507a45e8b3a1b0261325d929 cb715f1ed9d44ac2ba99caf0379d3cdc - - default default] TaaS: Handle Delete Port: 30119af3-5448-49f6-8989-cea3ab6115fb
2026-07-15 00:21:29.013 7 INFO neutron_taas.services.taas.tap_mirror_plugin [None req-6d709d45-d018-43dd-9721-8994cc125075 40937a72507a45e8b3a1b0261325d929 cb715f1ed9d44ac2ba99caf0379d3cdc - - default default] Tap Mirror: Handle Delete Port: 30119af3-5448-49f6-8989-cea3ab6115fb [pid: 8|app: 0|req: 732/1407] 10.0.0.9 () {32 vars in 730 bytes} [Wed Jul 15 00:21:28 2026] DELETE /v2.0/floatingips/a748328d-e89c-49b9-bf8f-bf663480b4f7 => generated 0 bytes in 416 msecs (HTTP/1.1 204) 2 headers in 112 bytes (1 switches on core 0)
2026-07-15 00:21:29.328 8 INFO neutron.db.segments_db [None req-20e66fb6-2004-416d-b1ff-c2599d569a84 38ec5262aadd4bf78ac4a0e443e99dd3 1fa683fa32414d67b3b9367eb39778af - - default default] Added segment b66ac251-d9d2-4d6f-9dc5-f1fc1d97e600 of type geneve for network adb82669-0992-4bf5-a431-b953c37f283d
2026-07-15 00:21:29.614 8 INFO neutron.db.ovn_revision_numbers_db [None req-20e66fb6-2004-416d-b1ff-c2599d569a84 38ec5262aadd4bf78ac4a0e443e99dd3 1fa683fa32414d67b3b9367eb39778af - - default default] Successfully bumped revision number for resource adb82669-0992-4bf5-a431-b953c37f283d (type: networks) to 1 [pid: 7|app: 0|req: 676/1408] 10.0.0.9 () {32 vars in 724 bytes} [Wed Jul 15 00:21:28 2026] DELETE /v2.0/networks/39c397b0-caa4-4772-b61b-88a29dddeb7d => generated 0 bytes in 809 msecs (HTTP/1.1 204) 3 headers in 131 bytes (1 switches on core 0)
2026-07-15 00:21:29.787 7 INFO neutron_taas.services.taas.taas_plugin [None req-ed52db6a-876d-4341-a569-4f4257dc7979 ee0847ec8885450e89893411e7798beb fd938b09b9974e31b3e8c0eacce8a99c - - default default] TaaS: Handle Delete Port: 22dc450d-98fe-4d93-b18a-12b350448988
2026-07-15 00:21:29.789 7 INFO neutron_taas.services.taas.tap_mirror_plugin [None req-ed52db6a-876d-4341-a569-4f4257dc7979 ee0847ec8885450e89893411e7798beb fd938b09b9974e31b3e8c0eacce8a99c - - default default] Tap Mirror: Handle Delete Port: 22dc450d-98fe-4d93-b18a-12b350448988
2026-07-15 00:21:29.885 8 WARNING neutron.scheduler.dhcp_agent_scheduler [None req-20e66fb6-2004-416d-b1ff-c2599d569a84 38ec5262aadd4bf78ac4a0e443e99dd3 1fa683fa32414d67b3b9367eb39778af - - default default] No more DHCP agents
2026-07-15 00:21:29.887 8 WARNING neutron.api.rpc.agentnotifiers.dhcp_rpc_agent_api [None req-20e66fb6-2004-416d-b1ff-c2599d569a84 38ec5262aadd4bf78ac4a0e443e99dd3 1fa683fa32414d67b3b9367eb39778af - - default default] Unable to schedule network adb82669-0992-4bf5-a431-b953c37f283d: no agents available; will retry on subsequent port and subnet creation events.
2026-07-15 00:21:29.939 8 INFO neutron.plugins.ml2.drivers.ovn.mech_driver.mech_driver [None req-6d357ed8-7bfd-4f91-a301-73315ae46197 - - - - - -] OVN reports status down for port: 745551d0-2630-4b53-90ea-d56c8a64910c
2026-07-15 00:21:30.000 8 INFO neutron.db.ovn_revision_numbers_db [None req-20e66fb6-2004-416d-b1ff-c2599d569a84 38ec5262aadd4bf78ac4a0e443e99dd3 1fa683fa32414d67b3b9367eb39778af - - default default] Successfully bumped revision number for resource 745551d0-2630-4b53-90ea-d56c8a64910c (type: ports) to 1 [pid: 8|app: 0|req: 733/1409] 10.0.0.9 () {34 vars in 668 bytes} [Wed Jul 15 00:21:29 2026] POST /v2.0/networks => generated 688 bytes in 823 msecs (HTTP/1.1 201) 4 headers in 162 bytes (1 switches on core 0) [pid: 7|app: 0|req: 677/1410] 10.0.0.9 () {32 vars in 724 bytes} [Wed Jul 15 00:21:29 2026] DELETE /v2.0/networks/68d1bcd8-b3a0-42c6-8823-3e9c389e9c96 => generated 0 bytes in 375 msecs (HTTP/1.1 204) 3 headers in 131 bytes (1 switches on core 0)
2026-07-15 00:21:30.065 7 INFO neutron.pecan_wsgi.hooks.translation [None req-565b015d-83f8-4468-8830-8f8ef52e4c97 40937a72507a45e8b3a1b0261325d929 cb715f1ed9d44ac2ba99caf0379d3cdc - - default default] DELETE failed (client error): The resource could not be found. [pid: 7|app: 0|req: 678/1411] 10.0.0.9 () {32 vars in 724 bytes} [Wed Jul 15 00:21:30 2026] DELETE /v2.0/networks/39c397b0-caa4-4772-b61b-88a29dddeb7d => generated 138 bytes in 14 msecs (HTTP/1.1 404) 4 headers in 164 bytes (1 switches on core 0)
2026-07-15 00:21:30.148 7 INFO neutron.db.segments_db [None req-33e0395d-57b1-425e-a1e7-e25d744fb41e 38ec5262aadd4bf78ac4a0e443e99dd3 1fa683fa32414d67b3b9367eb39778af - - default default] Added segment e6daddce-c728-41f1-9072-29878e783441 of type geneve for network ab30ca8c-782e-4189-8861-bead2dfc68b4
2026-07-15 00:21:30.298 7 INFO neutron.db.ovn_revision_numbers_db [None req-33e0395d-57b1-425e-a1e7-e25d744fb41e 38ec5262aadd4bf78ac4a0e443e99dd3 1fa683fa32414d67b3b9367eb39778af - - default default] Successfully bumped revision number for resource ab30ca8c-782e-4189-8861-bead2dfc68b4 (type: networks) to 1
2026-07-15 00:21:30.339 8 INFO neutron_taas.services.taas.taas_plugin [None req-c9505211-631e-43aa-be7b-76389b70387d ee0847ec8885450e89893411e7798beb fd938b09b9974e31b3e8c0eacce8a99c - - default default] TaaS: Handle Delete Port: 73007970-dfcc-4247-9bef-55df4d250161
2026-07-15 00:21:30.343 8 INFO neutron_taas.services.taas.tap_mirror_plugin [None req-c9505211-631e-43aa-be7b-76389b70387d ee0847ec8885450e89893411e7798beb fd938b09b9974e31b3e8c0eacce8a99c - - default default] Tap Mirror: Handle Delete Port: 73007970-dfcc-4247-9bef-55df4d250161
2026-07-15 00:21:30.513 7 WARNING neutron.scheduler.dhcp_agent_scheduler [None req-33e0395d-57b1-425e-a1e7-e25d744fb41e 38ec5262aadd4bf78ac4a0e443e99dd3 1fa683fa32414d67b3b9367eb39778af - - default default] No more DHCP agents
2026-07-15 00:21:30.514 7 WARNING neutron.api.rpc.agentnotifiers.dhcp_rpc_agent_api [None req-33e0395d-57b1-425e-a1e7-e25d744fb41e 38ec5262aadd4bf78ac4a0e443e99dd3 1fa683fa32414d67b3b9367eb39778af - - default default] Unable to schedule network ab30ca8c-782e-4189-8861-bead2dfc68b4: no agents available; will retry on subsequent port and subnet creation events.
2026-07-15 00:21:30.619 7 INFO neutron.db.ovn_revision_numbers_db [None req-33e0395d-57b1-425e-a1e7-e25d744fb41e 38ec5262aadd4bf78ac4a0e443e99dd3 1fa683fa32414d67b3b9367eb39778af - - default default] Successfully bumped revision number for resource b285bd4e-309f-4cdb-a5eb-30be0c813f18 (type: ports) to 1
2026-07-15 00:21:30.620 8 INFO neutron.plugins.ml2.drivers.ovn.mech_driver.mech_driver [None req-6d357ed8-7bfd-4f91-a301-73315ae46197 - - - - - -] OVN reports status down for port: b285bd4e-309f-4cdb-a5eb-30be0c813f18 [pid: 7|app: 0|req: 679/1412] 10.0.0.9 () {34 vars in 668 bytes} [Wed Jul 15 00:21:30 2026] POST /v2.0/networks => generated 688 bytes in 575 msecs (HTTP/1.1 201) 4 headers in 162 bytes (1 switches on core 0)
2026-07-15 00:21:30.682 7 INFO neutron.services.segments.plugin [-] Segment b1dd0b85-b3a2-4ac0-a81b-ebb3baf21e8f resource provider aggregate not found
2026-07-15 00:21:30.695 7 INFO neutron.services.segments.plugin [-] Segment b1dd0b85-b3a2-4ac0-a81b-ebb3baf21e8f resource provider aggregate not found
2026-07-15 00:21:30.703 7 INFO neutron.services.segments.plugin [-] Client error retrieving segment b1dd0b85-b3a2-4ac0-a81b-ebb3baf21e8f resource provider; error: Placement Client Error (4xx): {"errors": [{"status": 404, "title": "Not Found", "detail": "The resource could not be found.\n\n No resource provider with uuid b1dd0b85-b3a2-4ac0-a81b-ebb3baf21e8f found for delete ", "request_id": "req-1b136a9c-7c3e-4a32-bec1-59519506ce3d"}]}
2026-07-15 00:21:30.718 7 INFO neutron.services.segments.plugin [-] Segment d0771c37-c99a-4a7e-871d-47699da98eb8 resource provider aggregate not found [pid: 7|app: 0|req: 680/1413] 10.0.0.9 () {32 vars in 692 bytes} [Wed Jul 15 00:21:30 2026] GET /v2.0/networks?router%3Aexternal=True => generated 689 bytes in 76 msecs (HTTP/1.1 200) 4 headers in 157 bytes (1 switches on core 0)
2026-07-15 00:21:30.719 7 INFO neutron.services.segments.plugin [-] Client error retrieving segment b1dd0b85-b3a2-4ac0-a81b-ebb3baf21e8f resource provider; error: Placement Client Error (4xx): {"errors": [{"status": 404, "title": "Not Found", "detail": "The resource could not be found.\n\n No resource provider with uuid b1dd0b85-b3a2-4ac0-a81b-ebb3baf21e8f found for delete ", "request_id": "req-367fa7e2-2dbc-43f9-adcc-75b7df951258"}]}
2026-07-15 00:21:30.731 7 WARNING neutron.db.securitygroups_db [None req-ea05080b-db8c-4079-a911-cd0a5b171fe5 ee0847ec8885450e89893411e7798beb fd938b09b9974e31b3e8c0eacce8a99c - - default default] project_id key not found in filters, using tenant_id instead. This support has been deprecated and will be removed in a future release.
2026-07-15 00:21:30.741 7 INFO neutron.services.segments.plugin [-] Segment d0771c37-c99a-4a7e-871d-47699da98eb8 resource provider aggregate not found
2026-07-15 00:21:30.745 7 INFO neutron.services.segments.plugin [-] Client error retrieving segment d0771c37-c99a-4a7e-871d-47699da98eb8 resource provider; error: Placement Client Error (4xx): {"errors": [{"status": 404, "title": "Not Found", "detail": "The resource could not be found.\n\n No resource provider with uuid d0771c37-c99a-4a7e-871d-47699da98eb8 found for delete ", "request_id": "req-da75117b-9708-4a9c-b874-0d2c953f75fc"}]}
2026-07-15 00:21:30.763 7 INFO neutron.services.segments.plugin [-] Client error retrieving segment d0771c37-c99a-4a7e-871d-47699da98eb8 resource provider; error: Placement Client Error (4xx): {"errors": [{"status": 404, "title": "Not Found", "detail": "The resource could not be found.\n\n No resource provider with uuid d0771c37-c99a-4a7e-871d-47699da98eb8 found for delete ", "request_id": "req-b2ba2ec8-6c34-4766-a484-b33468653b2b"}]} [pid: 7|app: 0|req: 681/1414] 10.0.0.9 () {32 vars in 772 bytes} [Wed Jul 15 00:21:30 2026] GET /v2.0/security-groups?tenant_id=1b1ddca604134428aa1194266cd4c01a&name=default => generated 2925 bytes in 47 msecs (HTTP/1.1 200) 4 headers in 158 bytes (1 switches on core 0) [pid: 8|app: 0|req: 734/1415] 10.0.0.9 () {34 vars in 787 bytes} [Wed Jul 15 00:21:30 2026] PUT /v2.0/routers/3c82fe1c-a08c-4537-a19e-38c7d60419b0/remove_router_interface => generated 310 bytes in 1045 msecs (HTTP/1.1 200) 4 headers in 157 bytes (1 switches on core 0) /var/lib/openstack/lib/python3.12/site-packages/pycadf/identifier.py:70: UserWarning: Invalid uuid: neutron. To ensure interoperability, identifiers should be a valid uuid. warnings.warn(('Invalid uuid: %s. To ensure interoperability, ' [pid: 8|app: 0|req: 735/1416] 10.0.0.9 () {32 vars in 740 bytes} [Wed Jul 15 00:21:31 2026] GET /v2.0/subnets?network_id=63bfc501-57a4-4bb2-922f-7bd39db064a3 => generated 649 bytes in 52 msecs (HTTP/1.1 200) 4 headers in 157 bytes (1 switches on core 0)
2026-07-15 00:21:31.173 7 WARNING neutron.scheduler.dhcp_agent_scheduler [None req-dc7d1053-d6f9-411e-8360-760e9a32bc3b 38ec5262aadd4bf78ac4a0e443e99dd3 1fa683fa32414d67b3b9367eb39778af - - default default] No more DHCP agents
2026-07-15 00:21:31.174 7 WARNING neutron.api.rpc.agentnotifiers.dhcp_rpc_agent_api [None req-dc7d1053-d6f9-411e-8360-760e9a32bc3b 38ec5262aadd4bf78ac4a0e443e99dd3 1fa683fa32414d67b3b9367eb39778af - - default default] Unable to schedule network adb82669-0992-4bf5-a431-b953c37f283d: no agents available; will retry on subsequent port and subnet creation events.
2026-07-15 00:21:31.239 8 INFO neutron.plugins.ml2.drivers.ovn.mech_driver.mech_driver [None req-6d357ed8-7bfd-4f91-a301-73315ae46197 - - - - - -] OVN reports status down for port: a03eef8a-f0d4-4104-a15f-2596df5a5351
2026-07-15 00:21:31.268 7 INFO neutron.db.ovn_revision_numbers_db [None req-dc7d1053-d6f9-411e-8360-760e9a32bc3b 38ec5262aadd4bf78ac4a0e443e99dd3 1fa683fa32414d67b3b9367eb39778af - - default default] Successfully bumped revision number for resource a03eef8a-f0d4-4104-a15f-2596df5a5351 (type: ports) to 1
2026-07-15 00:21:31.313 7 WARNING neutron.scheduler.dhcp_agent_scheduler [None req-dc7d1053-d6f9-411e-8360-760e9a32bc3b 38ec5262aadd4bf78ac4a0e443e99dd3 1fa683fa32414d67b3b9367eb39778af - - default default] No more DHCP agents
2026-07-15 00:21:31.314 7 WARNING neutron.api.rpc.agentnotifiers.dhcp_rpc_agent_api [None req-dc7d1053-d6f9-411e-8360-760e9a32bc3b 38ec5262aadd4bf78ac4a0e443e99dd3 1fa683fa32414d67b3b9367eb39778af - - default default] Unable to schedule network ab30ca8c-782e-4189-8861-bead2dfc68b4: no agents available; will retry on subsequent port and subnet creation events.
2026-07-15 00:21:31.419 8 INFO neutron.plugins.ml2.drivers.ovn.mech_driver.mech_driver [None req-6d357ed8-7bfd-4f91-a301-73315ae46197 - - - - - -] OVN reports status down for port: 39e41891-e726-4aa6-b229-2b091ddb5b52
2026-07-15 00:21:31.443 7 INFO neutron.db.ovn_revision_numbers_db [None req-dc7d1053-d6f9-411e-8360-760e9a32bc3b 38ec5262aadd4bf78ac4a0e443e99dd3 1fa683fa32414d67b3b9367eb39778af - - default default] Successfully bumped revision number for resource 39e41891-e726-4aa6-b229-2b091ddb5b52 (type: ports) to 1 [pid: 7|app: 0|req: 682/1417] 10.0.0.9 () {34 vars in 663 bytes} [Wed Jul 15 00:21:30 2026] POST /v2.0/ports => generated 1506 bytes in 714 msecs (HTTP/1.1 201) 4 headers in 163 bytes (1 switches on core 0) /var/lib/openstack/lib/python3.12/site-packages/pycadf/identifier.py:70: UserWarning: Invalid uuid: neutron. To ensure interoperability, identifiers should be a valid uuid. warnings.warn(('Invalid uuid: %s. To ensure interoperability, ' [pid: 8|app: 0|req: 736/1418] 10.0.0.9 () {32 vars in 738 bytes} [Wed Jul 15 00:21:31 2026] DELETE /v2.0/security-groups/ada65ded-a8f9-4460-b15d-f490831977e9 => generated 0 bytes in 340 msecs (HTTP/1.1 204) 2 headers in 112 bytes (1 switches on core 0) [pid: 8|app: 0|req: 737/1419] 10.0.0.9 () {32 vars in 651 bytes} [Wed Jul 15 00:21:31 2026] GET /v2.0/extensions => generated 22668 bytes in 17 msecs (HTTP/1.1 200) 4 headers in 159 bytes (1 switches on core 0) [pid: 8|app: 0|req: 738/1420] 10.0.0.9 () {32 vars in 641 bytes} [Wed Jul 15 00:21:31 2026] GET /v2.0/ports => generated 3018 bytes in 141 msecs (HTTP/1.1 200) 4 headers in 158 bytes (1 switches on core 0) [pid: 8|app: 0|req: 739/1421] 10.0.0.9 () {32 vars in 647 bytes} [Wed Jul 15 00:21:31 2026] GET /v2.0/networks => generated 1385 bytes in 46 msecs (HTTP/1.1 200) 4 headers in 158 bytes (1 switches on core 0)
2026-07-15 00:21:31.795 7 INFO neutron_taas.services.taas.taas_plugin [None req-9e1921af-f725-482d-b35f-12054e8deb26 ee0847ec8885450e89893411e7798beb fd938b09b9974e31b3e8c0eacce8a99c - - default default] TaaS: Handle Delete Port: 5e11870d-1dd6-4abd-8085-b7ab2ae2fd98
2026-07-15 00:21:31.812 8 INFO neutron_taas.services.taas.taas_plugin [None req-dbee0883-fd69-4a53-8227-eaeedcdb32b9 38ec5262aadd4bf78ac4a0e443e99dd3 1fa683fa32414d67b3b9367eb39778af - - default default] TaaS: Handle Delete Port: a03eef8a-f0d4-4104-a15f-2596df5a5351
2026-07-15 00:21:31.816 8 INFO neutron_taas.services.taas.tap_mirror_plugin [None req-dbee0883-fd69-4a53-8227-eaeedcdb32b9 38ec5262aadd4bf78ac4a0e443e99dd3 1fa683fa32414d67b3b9367eb39778af - - default default] Tap Mirror: Handle Delete Port: a03eef8a-f0d4-4104-a15f-2596df5a5351
2026-07-15 00:21:31.816 7 INFO neutron_taas.services.taas.tap_mirror_plugin [None req-9e1921af-f725-482d-b35f-12054e8deb26 ee0847ec8885450e89893411e7798beb fd938b09b9974e31b3e8c0eacce8a99c - - default default] Tap Mirror: Handle Delete Port: 5e11870d-1dd6-4abd-8085-b7ab2ae2fd98 [pid: 8|app: 0|req: 740/1422] 10.0.0.9 () {32 vars in 718 bytes} [Wed Jul 15 00:21:31 2026] DELETE /v2.0/ports/a03eef8a-f0d4-4104-a15f-2596df5a5351 => generated 0 bytes in 237 msecs (HTTP/1.1 204) 3 headers in 131 bytes (1 switches on core 0) [pid: 8|app: 0|req: 741/1423] 10.0.0.9 () {32 vars in 645 bytes} [Wed Jul 15 00:21:31 2026] GET /v2.0/subnets => generated 1280 bytes in 39 msecs (HTTP/1.1 200) 4 headers in 158 bytes (1 switches on core 0)
2026-07-15 00:21:32.133 8 INFO neutron_taas.services.taas.taas_plugin [None req-769ba017-89af-4d6b-8fc1-c5ae0ae7aea2 38ec5262aadd4bf78ac4a0e443e99dd3 1fa683fa32414d67b3b9367eb39778af - - default default] TaaS: Handle Delete Port: 39e41891-e726-4aa6-b229-2b091ddb5b52
2026-07-15 00:21:32.136 8 INFO neutron_taas.services.taas.tap_mirror_plugin [None req-769ba017-89af-4d6b-8fc1-c5ae0ae7aea2 38ec5262aadd4bf78ac4a0e443e99dd3 1fa683fa32414d67b3b9367eb39778af - - default default] Tap Mirror: Handle Delete Port: 39e41891-e726-4aa6-b229-2b091ddb5b52 [pid: 8|app: 0|req: 742/1424] 10.0.0.9 () {32 vars in 718 bytes} [Wed Jul 15 00:21:31 2026] DELETE /v2.0/ports/39e41891-e726-4aa6-b229-2b091ddb5b52 => generated 0 bytes in 342 msecs (HTTP/1.1 204) 3 headers in 131 bytes (1 switches on core 0) [pid: 7|app: 0|req: 683/1425] 10.0.0.9 () {32 vars in 722 bytes} [Wed Jul 15 00:21:31 2026] DELETE /v2.0/routers/3c82fe1c-a08c-4537-a19e-38c7d60419b0 => generated 0 bytes in 876 msecs (HTTP/1.1 204) 2 headers in 112 bytes (1 switches on core 0) [pid: 8|app: 0|req: 743/1426] 10.0.0.9 () {32 vars in 721 bytes} [Wed Jul 15 00:21:32 2026] GET /v2.0/networks/a6e22aff-913d-4821-9db6-26e312a878ed => generated 707 bytes in 69 msecs (HTTP/1.1 200) 4 headers in 157 bytes (1 switches on core 0) [pid: 7|app: 0|req: 684/1427] 10.0.0.9 () {32 vars in 641 bytes} [Wed Jul 15 00:21:32 2026] GET /v2.0/ports => generated 1523 bytes in 47 msecs (HTTP/1.1 200) 4 headers in 158 bytes (1 switches on core 0) [pid: 7|app: 0|req: 685/1428] 10.0.0.9 () {32 vars in 719 bytes} [Wed Jul 15 00:21:32 2026] GET /v2.0/subnets/6b2caf0a-017b-45b7-a5e2-fe144e02bb59 => generated 641 bytes in 30 msecs (HTTP/1.1 200) 4 headers in 157 bytes (1 switches on core 0)
2026-07-15 00:21:32.539 7 INFO neutron.db.segments_db [None req-fe88bf10-a017-4bb3-977c-d9d493a065f6 38ec5262aadd4bf78ac4a0e443e99dd3 1fa683fa32414d67b3b9367eb39778af - - default default] Added segment 95ab036d-2834-488a-921c-632292b228c5 of type geneve for network 498d8841-14b1-4035-ba30-8d79c89c0682 [pid: 8|app: 0|req: 744/1429] 10.0.0.9 () {32 vars in 722 bytes} [Wed Jul 15 00:21:32 2026] DELETE /v2.0/subnets/31ab751b-ece9-4d84-abda-2cafedac0c60 => generated 0 bytes in 222 msecs (HTTP/1.1 204) 3 headers in 131 bytes (1 switches on core 0)
2026-07-15 00:21:32.622 8 INFO neutron.pecan_wsgi.hooks.translation [None req-6c60b219-0cdd-4ee1-bf12-c326358db8e7 40937a72507a45e8b3a1b0261325d929 cb715f1ed9d44ac2ba99caf0379d3cdc - - default default] DELETE failed (client error): The resource could not be found. [pid: 8|app: 0|req: 745/1430] 10.0.0.9 () {32 vars in 722 bytes} [Wed Jul 15 00:21:32 2026] DELETE /v2.0/subnets/cd54e23d-013f-49e1-adbd-dfc6764fa823 => generated 136 bytes in 15 msecs (HTTP/1.1 404) 4 headers in 164 bytes (1 switches on core 0)
2026-07-15 00:21:32.660 7 INFO neutron.db.ovn_revision_numbers_db [None req-fe88bf10-a017-4bb3-977c-d9d493a065f6 38ec5262aadd4bf78ac4a0e443e99dd3 1fa683fa32414d67b3b9367eb39778af - - default default] Successfully bumped revision number for resource 498d8841-14b1-4035-ba30-8d79c89c0682 (type: networks) to 1
2026-07-15 00:21:32.748 8 INFO neutron_taas.services.taas.taas_plugin [None req-045b3542-8157-4cb9-aa5c-e6864a59afd9 ee0847ec8885450e89893411e7798beb fd938b09b9974e31b3e8c0eacce8a99c - - default default] TaaS: Handle Delete Port: 19a8d485-3911-40ea-9f9a-af197169f8da
2026-07-15 00:21:32.750 8 INFO neutron_taas.services.taas.tap_mirror_plugin [None req-045b3542-8157-4cb9-aa5c-e6864a59afd9 ee0847ec8885450e89893411e7798beb fd938b09b9974e31b3e8c0eacce8a99c - - default default] Tap Mirror: Handle Delete Port: 19a8d485-3911-40ea-9f9a-af197169f8da
2026-07-15 00:21:32.846 7 WARNING neutron.scheduler.dhcp_agent_scheduler [None req-fe88bf10-a017-4bb3-977c-d9d493a065f6 38ec5262aadd4bf78ac4a0e443e99dd3 1fa683fa32414d67b3b9367eb39778af - - default default] No more DHCP agents
2026-07-15 00:21:32.849 7 WARNING neutron.api.rpc.agentnotifiers.dhcp_rpc_agent_api [None req-fe88bf10-a017-4bb3-977c-d9d493a065f6 38ec5262aadd4bf78ac4a0e443e99dd3 1fa683fa32414d67b3b9367eb39778af - - default default] Unable to schedule network 498d8841-14b1-4035-ba30-8d79c89c0682: no agents available; will retry on subsequent port and subnet creation events.
2026-07-15 00:21:32.921 8 INFO neutron.services.segments.plugin [-] Segment 3d8e3eb2-cd75-4d06-ae5e-560ffe00dcc6 resource provider aggregate not found
2026-07-15 00:21:32.932 8 INFO neutron.services.segments.plugin [-] Segment 3d8e3eb2-cd75-4d06-ae5e-560ffe00dcc6 resource provider aggregate not found
2026-07-15 00:21:32.947 8 INFO neutron.services.segments.plugin [-] Client error retrieving segment 3d8e3eb2-cd75-4d06-ae5e-560ffe00dcc6 resource provider; error: Placement Client Error (4xx): {"errors": [{"status": 404, "title": "Not Found", "detail": "The resource could not be found.\n\n No resource provider with uuid 3d8e3eb2-cd75-4d06-ae5e-560ffe00dcc6 found for delete ", "request_id": "req-287e3d52-2ace-4f6c-b81b-da30bd3f203e"}]}
2026-07-15 00:21:32.953 8 INFO neutron.services.segments.plugin [-] Client error retrieving segment 3d8e3eb2-cd75-4d06-ae5e-560ffe00dcc6 resource provider; error: Placement Client Error (4xx): {"errors": [{"status": 404, "title": "Not Found", "detail": "The resource could not be found.\n\n No resource provider with uuid 3d8e3eb2-cd75-4d06-ae5e-560ffe00dcc6 found for delete ", "request_id": "req-599e02ee-ae1e-45ce-b986-336f865a04f9"}]} [pid: 8|app: 0|req: 746/1431] 10.0.0.9 () {32 vars in 724 bytes} [Wed Jul 15 00:21:32 2026] DELETE /v2.0/networks/8f24d555-be7b-4a86-8f8c-5329d995a0de => generated 0 bytes in 360 msecs (HTTP/1.1 204) 3 headers in 131 bytes (1 switches on core 0)
2026-07-15 00:21:32.995 8 INFO neutron.pecan_wsgi.hooks.translation [None req-bcc5e1ef-3295-4642-9150-73c7f849f9dc 40937a72507a45e8b3a1b0261325d929 cb715f1ed9d44ac2ba99caf0379d3cdc - - default default] DELETE failed (client error): The resource could not be found. [pid: 8|app: 0|req: 747/1432] 10.0.0.9 () {32 vars in 724 bytes} [Wed Jul 15 00:21:32 2026] DELETE /v2.0/networks/39c397b0-caa4-4772-b61b-88a29dddeb7d => generated 138 bytes in 12 msecs (HTTP/1.1 404) 4 headers in 164 bytes (1 switches on core 0) [pid: 8|app: 0|req: 748/1433] 10.0.0.9 () {32 vars in 722 bytes} [Wed Jul 15 00:21:33 2026] DELETE /v2.0/subnets/6b2caf0a-017b-45b7-a5e2-fe144e02bb59 => generated 0 bytes in 179 msecs (HTTP/1.1 204) 3 headers in 131 bytes (1 switches on core 0)
2026-07-15 00:21:33.185 8 WARNING neutron.db.securitygroups_db [None req-1748b0dc-871d-47e2-8a63-bc52e3164d4e ee0847ec8885450e89893411e7798beb fd938b09b9974e31b3e8c0eacce8a99c - - default default] project_id key not found in filters, using tenant_id instead. This support has been deprecated and will be removed in a future release. [pid: 8|app: 0|req: 749/1434] 10.0.0.9 () {32 vars in 772 bytes} [Wed Jul 15 00:21:33 2026] GET /v2.0/security-groups?tenant_id=292069d3e85746c2bcc9a15e2e6bd804&name=default => generated 2925 bytes in 27 msecs (HTTP/1.1 200) 4 headers in 158 bytes (1 switches on core 0)
2026-07-15 00:21:33.337 8 INFO neutron.plugins.ml2.drivers.ovn.mech_driver.mech_driver [None req-6d357ed8-7bfd-4f91-a301-73315ae46197 - - - - - -] OVN reports status down for port: 843a999c-c084-4dc3-b178-0cf8fecac97f
2026-07-15 00:21:33.356 7 INFO neutron.db.ovn_revision_numbers_db [None req-fe88bf10-a017-4bb3-977c-d9d493a065f6 38ec5262aadd4bf78ac4a0e443e99dd3 1fa683fa32414d67b3b9367eb39778af - - default default] Successfully bumped revision number for resource 843a999c-c084-4dc3-b178-0cf8fecac97f (type: ports) to 1
2026-07-15 00:21:33.368 8 INFO neutron_taas.services.taas.taas_plugin [None req-50da54c1-4125-4f14-bff6-66becb23b3f6 40937a72507a45e8b3a1b0261325d929 cb715f1ed9d44ac2ba99caf0379d3cdc - - default default] TaaS: Handle Delete Port: e52189e3-be56-495a-a5f6-4252a9d0e578
2026-07-15 00:21:33.380 8 INFO neutron_taas.services.taas.tap_mirror_plugin [None req-50da54c1-4125-4f14-bff6-66becb23b3f6 40937a72507a45e8b3a1b0261325d929 cb715f1ed9d44ac2ba99caf0379d3cdc - - default default] Tap Mirror: Handle Delete Port: e52189e3-be56-495a-a5f6-4252a9d0e578 [pid: 7|app: 0|req: 686/1435] 10.0.0.9 () {34 vars in 668 bytes} [Wed Jul 15 00:21:32 2026] POST /v2.0/networks => generated 688 bytes in 955 msecs (HTTP/1.1 201) 4 headers in 162 bytes (1 switches on core 0) [pid: 7|app: 0|req: 687/1436] 10.0.0.9 () {32 vars in 738 bytes} [Wed Jul 15 00:21:33 2026] DELETE /v2.0/security-groups/7cf2006c-82a5-4375-a675-6c95a67fb201 => generated 0 bytes in 224 msecs (HTTP/1.1 204) 2 headers in 112 bytes (1 switches on core 0) [pid: 8|app: 0|req: 750/1437] 10.0.0.9 () {32 vars in 724 bytes} [Wed Jul 15 00:21:33 2026] DELETE /v2.0/networks/a6e22aff-913d-4821-9db6-26e312a878ed => generated 0 bytes in 482 msecs (HTTP/1.1 204) 3 headers in 131 bytes (1 switches on core 0)
2026-07-15 00:21:33.694 7 INFO neutron.db.segments_db [None req-2b01c305-ca18-4edb-9a43-8fc2ebe8ac56 38ec5262aadd4bf78ac4a0e443e99dd3 1fa683fa32414d67b3b9367eb39778af - - default default] Added segment 48345073-f0e6-497f-8234-2d2fae91ed9d of type geneve for network be148656-ea11-4160-b20f-6f088679f7eb
2026-07-15 00:21:33.787 7 INFO neutron.db.ovn_revision_numbers_db [None req-2b01c305-ca18-4edb-9a43-8fc2ebe8ac56 38ec5262aadd4bf78ac4a0e443e99dd3 1fa683fa32414d67b3b9367eb39778af - - default default] Successfully bumped revision number for resource be148656-ea11-4160-b20f-6f088679f7eb (type: networks) to 1
2026-07-15 00:21:33.958 7 WARNING neutron.scheduler.dhcp_agent_scheduler [None req-2b01c305-ca18-4edb-9a43-8fc2ebe8ac56 38ec5262aadd4bf78ac4a0e443e99dd3 1fa683fa32414d67b3b9367eb39778af - - default default] No more DHCP agents
2026-07-15 00:21:33.959 7 WARNING neutron.api.rpc.agentnotifiers.dhcp_rpc_agent_api [None req-2b01c305-ca18-4edb-9a43-8fc2ebe8ac56 38ec5262aadd4bf78ac4a0e443e99dd3 1fa683fa32414d67b3b9367eb39778af - - default default] Unable to schedule network be148656-ea11-4160-b20f-6f088679f7eb: no agents available; will retry on subsequent port and subnet creation events.
2026-07-15 00:21:34.027 8 INFO neutron.plugins.ml2.drivers.ovn.mech_driver.mech_driver [None req-6d357ed8-7bfd-4f91-a301-73315ae46197 - - - - - -] OVN reports status down for port: c4dc1def-7681-4367-bdc2-a84da0ef3a1d
2026-07-15 00:21:34.052 7 INFO neutron.db.ovn_revision_numbers_db [None req-2b01c305-ca18-4edb-9a43-8fc2ebe8ac56 38ec5262aadd4bf78ac4a0e443e99dd3 1fa683fa32414d67b3b9367eb39778af - - default default] Successfully bumped revision number for resource c4dc1def-7681-4367-bdc2-a84da0ef3a1d (type: ports) to 1 [pid: 7|app: 0|req: 688/1438] 10.0.0.9 () {34 vars in 668 bytes} [Wed Jul 15 00:21:33 2026] POST /v2.0/networks => generated 688 bytes in 461 msecs (HTTP/1.1 201) 4 headers in 162 bytes (1 switches on core 0)
2026-07-15 00:21:34.254 7 WARNING neutron.db.securitygroups_db [None req-2dc7a059-2dd0-416b-ba02-9840a8f12041 ee0847ec8885450e89893411e7798beb fd938b09b9974e31b3e8c0eacce8a99c - - default default] project_id key not found in filters, using tenant_id instead. This support has been deprecated and will be removed in a future release. [pid: 7|app: 0|req: 689/1439] 10.0.0.9 () {32 vars in 772 bytes} [Wed Jul 15 00:21:34 2026] GET /v2.0/security-groups?tenant_id=cb715f1ed9d44ac2ba99caf0379d3cdc&name=default => generated 2925 bytes in 127 msecs (HTTP/1.1 200) 4 headers in 158 bytes (1 switches on core 0)
2026-07-15 00:21:34.389 8 WARNING neutron.scheduler.dhcp_agent_scheduler [None req-0c98406f-725f-4fe5-aad6-8384573aec91 38ec5262aadd4bf78ac4a0e443e99dd3 1fa683fa32414d67b3b9367eb39778af - - default default] No more DHCP agents
2026-07-15 00:21:34.390 8 WARNING neutron.api.rpc.agentnotifiers.dhcp_rpc_agent_api [None req-0c98406f-725f-4fe5-aad6-8384573aec91 38ec5262aadd4bf78ac4a0e443e99dd3 1fa683fa32414d67b3b9367eb39778af - - default default] Unable to schedule network 498d8841-14b1-4035-ba30-8d79c89c0682: no agents available; will retry on subsequent port and subnet creation events. [pid: 7|app: 0|req: 690/1440] 10.0.0.9 () {32 vars in 738 bytes} [Wed Jul 15 00:21:34 2026] DELETE /v2.0/security-groups/701348d3-cd55-493d-9322-ee38eea41154 => generated 0 bytes in 184 msecs (HTTP/1.1 204) 2 headers in 112 bytes (1 switches on core 0)
2026-07-15 00:21:34.898 8 INFO neutron.db.ovn_revision_numbers_db [None req-0c98406f-725f-4fe5-aad6-8384573aec91 38ec5262aadd4bf78ac4a0e443e99dd3 1fa683fa32414d67b3b9367eb39778af - - default default] Successfully bumped revision number for resource 843a999c-c084-4dc3-b178-0cf8fecac97f (type: ports) to 2
2026-07-15 00:21:34.939 8 INFO neutron.db.ovn_revision_numbers_db [None req-0c98406f-725f-4fe5-aad6-8384573aec91 38ec5262aadd4bf78ac4a0e443e99dd3 1fa683fa32414d67b3b9367eb39778af - - default default] Successfully bumped revision number for resource 51cbd2f8-eaeb-4f4a-9410-71d07a59f5fd (type: subnets) to 0
2026-07-15 00:21:34.973 8 INFO neutron.services.segments.plugin [-] Segment f70e75a2-f2cf-48c7-8a17-17dde3f2004a resource provider aggregate not found
2026-07-15 00:21:34.977 8 INFO neutron.services.segments.plugin [-] Segment f70e75a2-f2cf-48c7-8a17-17dde3f2004a resource provider aggregate not found
2026-07-15 00:21:34.993 8 INFO neutron.services.segments.plugin [-] Client error retrieving segment f70e75a2-f2cf-48c7-8a17-17dde3f2004a resource provider; error: Placement Client Error (4xx): {"errors": [{"status": 404, "title": "Not Found", "detail": "The resource could not be found.\n\n No resource provider with uuid f70e75a2-f2cf-48c7-8a17-17dde3f2004a found for delete ", "request_id": "req-53b94ba8-b553-4ad6-bf0e-5b252c5ed81b"}]}
2026-07-15 00:21:34.994 8 INFO neutron.services.segments.plugin [-] Client error retrieving segment f70e75a2-f2cf-48c7-8a17-17dde3f2004a resource provider; error: Placement Client Error (4xx): {"errors": [{"status": 404, "title": "Not Found", "detail": "The resource could not be found.\n\n No resource provider with uuid f70e75a2-f2cf-48c7-8a17-17dde3f2004a found for delete ", "request_id": "req-40b54c4d-3cf3-45a7-8ae8-c71f1af55587"}]}
2026-07-15 00:21:34.997 8 WARNING neutron.scheduler.dhcp_agent_scheduler [None req-0c98406f-725f-4fe5-aad6-8384573aec91 38ec5262aadd4bf78ac4a0e443e99dd3 1fa683fa32414d67b3b9367eb39778af - - default default] No more DHCP agents
2026-07-15 00:21:34.998 8 WARNING neutron.api.rpc.agentnotifiers.dhcp_rpc_agent_api [None req-0c98406f-725f-4fe5-aad6-8384573aec91 38ec5262aadd4bf78ac4a0e443e99dd3 1fa683fa32414d67b3b9367eb39778af - - default default] Unable to schedule network be148656-ea11-4160-b20f-6f088679f7eb: no agents available; will retry on subsequent port and subnet creation events.
2026-07-15 00:21:35.452 8 INFO neutron.db.ovn_revision_numbers_db [None req-0c98406f-725f-4fe5-aad6-8384573aec91 38ec5262aadd4bf78ac4a0e443e99dd3 1fa683fa32414d67b3b9367eb39778af - - default default] Successfully bumped revision number for resource c4dc1def-7681-4367-bdc2-a84da0ef3a1d (type: ports) to 2
2026-07-15 00:21:35.499 8 INFO neutron.db.ovn_revision_numbers_db [None req-0c98406f-725f-4fe5-aad6-8384573aec91 38ec5262aadd4bf78ac4a0e443e99dd3 1fa683fa32414d67b3b9367eb39778af - - default default] Successfully bumped revision number for resource a71e1cdf-25d0-4e5a-8a15-ef093485767d (type: subnets) to 0 [pid: 8|app: 0|req: 751/1443] 10.0.0.9 () {34 vars in 667 bytes} [Wed Jul 15 00:21:34 2026] POST /v2.0/subnets => generated 1273 bytes in 1412 msecs (HTTP/1.1 201) 4 headers in 163 bytes (1 switches on core 0) [pid: 7|app: 0|req: 693/1444] 10.0.0.9 () {32 vars in 645 bytes} [Wed Jul 15 00:21:35 2026] GET /v2.0/subnets => generated 1909 bytes in 31 msecs (HTTP/1.1 200) 4 headers in 158 bytes (1 switches on core 0) [pid: 8|app: 0|req: 752/1445] 10.0.0.9 () {32 vars in 722 bytes} [Wed Jul 15 00:21:35 2026] DELETE /v2.0/subnets/51cbd2f8-eaeb-4f4a-9410-71d07a59f5fd => generated 0 bytes in 162 msecs (HTTP/1.1 204) 3 headers in 131 bytes (1 switches on core 0) [pid: 7|app: 0|req: 694/1446] 10.0.0.9 () {32 vars in 722 bytes} [Wed Jul 15 00:21:35 2026] DELETE /v2.0/subnets/a71e1cdf-25d0-4e5a-8a15-ef093485767d => generated 0 bytes in 224 msecs (HTTP/1.1 204) 3 headers in 131 bytes (1 switches on core 0) [pid: 8|app: 0|req: 753/1447] 10.0.0.9 () {32 vars in 645 bytes} [Wed Jul 15 00:21:35 2026] GET /v2.0/subnets => generated 649 bytes in 27 msecs (HTTP/1.1 200) 4 headers in 157 bytes (1 switches on core 0)
2026-07-15 00:21:36.105 7 INFO neutron_taas.services.taas.taas_plugin [None req-1eac60e8-fbc1-4f76-9ed0-d006af3c0371 38ec5262aadd4bf78ac4a0e443e99dd3 1fa683fa32414d67b3b9367eb39778af - - default default] TaaS: Handle Delete Port: c4dc1def-7681-4367-bdc2-a84da0ef3a1d
2026-07-15 00:21:36.107 7 INFO neutron_taas.services.taas.tap_mirror_plugin [None req-1eac60e8-fbc1-4f76-9ed0-d006af3c0371 38ec5262aadd4bf78ac4a0e443e99dd3 1fa683fa32414d67b3b9367eb39778af - - default default] Tap Mirror: Handle Delete Port: c4dc1def-7681-4367-bdc2-a84da0ef3a1d
2026-07-15 00:21:36.255 7 INFO neutron.services.segments.plugin [-] Segment 48345073-f0e6-497f-8234-2d2fae91ed9d resource provider aggregate not found
2026-07-15 00:21:36.258 7 INFO neutron.services.segments.plugin [-] Segment 48345073-f0e6-497f-8234-2d2fae91ed9d resource provider aggregate not found
2026-07-15 00:21:36.277 7 INFO neutron.services.segments.plugin [-] Client error retrieving segment 48345073-f0e6-497f-8234-2d2fae91ed9d resource provider; error: Placement Client Error (4xx): {"errors": [{"status": 404, "title": "Not Found", "detail": "The resource could not be found.\n\n No resource provider with uuid 48345073-f0e6-497f-8234-2d2fae91ed9d found for delete ", "request_id": "req-c9f638be-3ea8-4a0c-bc41-ec09e4b80aea"}]}
2026-07-15 00:21:36.279 7 INFO neutron.services.segments.plugin [-] Client error retrieving segment 48345073-f0e6-497f-8234-2d2fae91ed9d resource provider; error: Placement Client Error (4xx): {"errors": [{"status": 404, "title": "Not Found", "detail": "The resource could not be found.\n\n No resource provider with uuid 48345073-f0e6-497f-8234-2d2fae91ed9d found for delete ", "request_id": "req-dc4b393f-ef8c-4887-acdd-1e4f336e0bf7"}]} [pid: 7|app: 0|req: 695/1448] 10.0.0.9 () {32 vars in 724 bytes} [Wed Jul 15 00:21:35 2026] DELETE /v2.0/networks/be148656-ea11-4160-b20f-6f088679f7eb => generated 0 bytes in 338 msecs (HTTP/1.1 204) 3 headers in 131 bytes (1 switches on core 0)
2026-07-15 00:21:36.482 7 INFO neutron_taas.services.taas.taas_plugin [None req-0c763133-e268-4daa-87e6-da1734b21bb8 38ec5262aadd4bf78ac4a0e443e99dd3 1fa683fa32414d67b3b9367eb39778af - - default default] TaaS: Handle Delete Port: 843a999c-c084-4dc3-b178-0cf8fecac97f
2026-07-15 00:21:36.485 7 INFO neutron_taas.services.taas.tap_mirror_plugin [None req-0c763133-e268-4daa-87e6-da1734b21bb8 38ec5262aadd4bf78ac4a0e443e99dd3 1fa683fa32414d67b3b9367eb39778af - - default default] Tap Mirror: Handle Delete Port: 843a999c-c084-4dc3-b178-0cf8fecac97f [pid: 8|app: 0|req: 754/1449] 10.0.0.9 () {34 vars in 675 bytes} [Wed Jul 15 00:21:36 2026] POST /v2.0/subnetpools => generated 549 bytes in 344 msecs (HTTP/1.1 201) 4 headers in 162 bytes (1 switches on core 0) [pid: 8|app: 0|req: 755/1450] 10.0.0.9 () {32 vars in 727 bytes} [Wed Jul 15 00:21:36 2026] GET /v2.0/subnetpools/63394a1c-73bf-40f3-8957-0a089a50ae76 => generated 549 bytes in 20 msecs (HTTP/1.1 200) 4 headers in 157 bytes (1 switches on core 0) [pid: 8|app: 0|req: 756/1451] 10.0.0.9 () {34 vars in 747 bytes} [Wed Jul 15 00:21:36 2026] PUT /v2.0/subnetpools/63394a1c-73bf-40f3-8957-0a089a50ae76 => generated 500 bytes in 61 msecs (HTTP/1.1 200) 4 headers in 157 bytes (1 switches on core 0) [pid: 7|app: 0|req: 696/1452] 10.0.0.9 () {32 vars in 724 bytes} [Wed Jul 15 00:21:36 2026] DELETE /v2.0/networks/498d8841-14b1-4035-ba30-8d79c89c0682 => generated 0 bytes in 370 msecs (HTTP/1.1 204) 3 headers in 131 bytes (1 switches on core 0) [pid: 8|app: 0|req: 757/1453] 10.0.0.9 () {32 vars in 730 bytes} [Wed Jul 15 00:21:36 2026] DELETE /v2.0/subnetpools/63394a1c-73bf-40f3-8957-0a089a50ae76 => generated 0 bytes in 59 msecs (HTTP/1.1 204) 2 headers in 112 bytes (1 switches on core 0)
2026-07-15 00:21:36.789 7 WARNING neutron.db.securitygroups_db [None req-71e9e4ae-d0e0-4237-ae6d-cd342063e184 ee0847ec8885450e89893411e7798beb fd938b09b9974e31b3e8c0eacce8a99c - - default default] project_id key not found in filters, using tenant_id instead. This support has been deprecated and will be removed in a future release.
2026-07-15 00:21:36.817 8 INFO neutron_taas.services.taas.taas_plugin [None req-2eccfa73-8dac-4771-a468-bf05f54abc9d 38ec5262aadd4bf78ac4a0e443e99dd3 1fa683fa32414d67b3b9367eb39778af - - default default] TaaS: Handle Delete Port: b285bd4e-309f-4cdb-a5eb-30be0c813f18
2026-07-15 00:21:36.820 8 INFO neutron_taas.services.taas.tap_mirror_plugin [None req-2eccfa73-8dac-4771-a468-bf05f54abc9d 38ec5262aadd4bf78ac4a0e443e99dd3 1fa683fa32414d67b3b9367eb39778af - - default default] Tap Mirror: Handle Delete Port: b285bd4e-309f-4cdb-a5eb-30be0c813f18
2026-07-15 00:21:36.906 7 INFO neutron.db.ovn_revision_numbers_db [None req-71e9e4ae-d0e0-4237-ae6d-cd342063e184 ee0847ec8885450e89893411e7798beb fd938b09b9974e31b3e8c0eacce8a99c - - default default] Successfully bumped revision number for resource 66bc5f4e-2393-4ed7-a50b-e4e41b769004 (type: security_groups) to 1
2026-07-15 00:21:36.930 7 INFO neutron.db.ovn_revision_numbers_db [None req-71e9e4ae-d0e0-4237-ae6d-cd342063e184 ee0847ec8885450e89893411e7798beb fd938b09b9974e31b3e8c0eacce8a99c - - default default] Successfully bumped revision number for resource 08e2b48b-6a7c-4f1a-8665-0ef23b99dff9 (type: security_group_rules) to 0
2026-07-15 00:21:36.941 7 INFO neutron.db.ovn_revision_numbers_db [None req-71e9e4ae-d0e0-4237-ae6d-cd342063e184 ee0847ec8885450e89893411e7798beb fd938b09b9974e31b3e8c0eacce8a99c - - default default] Successfully bumped revision number for resource 5a439904-8476-4f1b-9afb-c05498071496 (type: security_group_rules) to 0
2026-07-15 00:21:36.954 7 INFO neutron.db.ovn_revision_numbers_db [None req-71e9e4ae-d0e0-4237-ae6d-cd342063e184 ee0847ec8885450e89893411e7798beb fd938b09b9974e31b3e8c0eacce8a99c - - default default] Successfully bumped revision number for resource c4555076-b8d4-4e93-8aeb-a43276e83487 (type: security_group_rules) to 0
2026-07-15 00:21:36.966 7 INFO neutron.db.ovn_revision_numbers_db [None req-71e9e4ae-d0e0-4237-ae6d-cd342063e184 ee0847ec8885450e89893411e7798beb fd938b09b9974e31b3e8c0eacce8a99c - - default default] Successfully bumped revision number for resource c4be226a-90b0-4e3d-a3fb-c609b438df61 (type: security_group_rules) to 0
2026-07-15 00:21:37.025 8 INFO neutron.services.segments.plugin [-] Segment e6daddce-c728-41f1-9072-29878e783441 resource provider aggregate not found
2026-07-15 00:21:37.030 8 INFO neutron.services.segments.plugin [-] Segment e6daddce-c728-41f1-9072-29878e783441 resource provider aggregate not found [pid: 7|app: 0|req: 697/1454] 10.0.0.9 () {32 vars in 772 bytes} [Wed Jul 15 00:21:36 2026] GET /v2.0/security-groups?tenant_id=641666311bab4478b368c3883553f949&name=default => generated 2925 bytes in 341 msecs (HTTP/1.1 200) 4 headers in 158 bytes (1 switches on core 0)
2026-07-15 00:21:37.047 8 INFO neutron.services.segments.plugin [-] Client error retrieving segment e6daddce-c728-41f1-9072-29878e783441 resource provider; error: Placement Client Error (4xx): {"errors": [{"status": 404, "title": "Not Found", "detail": "The resource could not be found.\n\n No resource provider with uuid e6daddce-c728-41f1-9072-29878e783441 found for delete ", "request_id": "req-85a4573a-1d52-4b95-b9be-6be5d1acb70a"}]}
2026-07-15 00:21:37.052 8 INFO neutron.services.segments.plugin [-] Client error retrieving segment e6daddce-c728-41f1-9072-29878e783441 resource provider; error: Placement Client Error (4xx): {"errors": [{"status": 404, "title": "Not Found", "detail": "The resource could not be found.\n\n No resource provider with uuid e6daddce-c728-41f1-9072-29878e783441 found for delete ", "request_id": "req-bb3a7e9a-1d0c-48c9-953d-36e995c7f5dd"}]}
2026-07-15 00:21:37.059 7 INFO neutron.api.v2.resource [None req-2d3743ea-e964-4ed1-96ae-d76596f6baba f20eeec06b2a4f7bb04bb009b1805ac2 b344f30e6db2497b9f6de508ecee32ad - - default default] show failed (client error): The resource could not be found. [pid: 7|app: 0|req: 698/1455] 10.0.0.9 () {32 vars in 727 bytes} [Wed Jul 15 00:21:37 2026] GET /v2.0/subnetpools/63394a1c-73bf-40f3-8957-0a089a50ae76 => generated 145 bytes in 17 msecs (HTTP/1.1 404) 4 headers in 164 bytes (1 switches on core 0) [pid: 8|app: 0|req: 758/1456] 10.0.0.9 () {32 vars in 724 bytes} [Wed Jul 15 00:21:36 2026] DELETE /v2.0/networks/ab30ca8c-782e-4189-8861-bead2dfc68b4 => generated 0 bytes in 379 msecs (HTTP/1.1 204) 3 headers in 131 bytes (1 switches on core 0)
2026-07-15 00:21:37.095 8 INFO neutron.api.v2.resource [None req-aa899700-2df1-48ab-9c79-b452ff60a144 f20eeec06b2a4f7bb04bb009b1805ac2 b344f30e6db2497b9f6de508ecee32ad - - default default] delete failed (client error): The resource could not be found. [pid: 8|app: 0|req: 759/1457] 10.0.0.9 () {32 vars in 730 bytes} [Wed Jul 15 00:21:37 2026] DELETE /v2.0/subnetpools/63394a1c-73bf-40f3-8957-0a089a50ae76 => generated 145 bytes in 10 msecs (HTTP/1.1 404) 4 headers in 164 bytes (1 switches on core 0)
2026-07-15 00:21:37.234 8 INFO neutron_taas.services.taas.taas_plugin [None req-644c9c8a-6638-4ecf-a1fe-bdcac56bea51 38ec5262aadd4bf78ac4a0e443e99dd3 1fa683fa32414d67b3b9367eb39778af - - default default] TaaS: Handle Delete Port: 745551d0-2630-4b53-90ea-d56c8a64910c
2026-07-15 00:21:37.237 8 INFO neutron_taas.services.taas.tap_mirror_plugin [None req-644c9c8a-6638-4ecf-a1fe-bdcac56bea51 38ec5262aadd4bf78ac4a0e443e99dd3 1fa683fa32414d67b3b9367eb39778af - - default default] Tap Mirror: Handle Delete Port: 745551d0-2630-4b53-90ea-d56c8a64910c [pid: 7|app: 0|req: 699/1458] 10.0.0.9 () {32 vars in 738 bytes} [Wed Jul 15 00:21:37 2026] DELETE /v2.0/security-groups/66bc5f4e-2393-4ed7-a50b-e4e41b769004 => generated 0 bytes in 185 msecs (HTTP/1.1 204) 2 headers in 112 bytes (1 switches on core 0) [pid: 8|app: 0|req: 760/1459] 10.0.0.9 () {32 vars in 724 bytes} [Wed Jul 15 00:21:37 2026] DELETE /v2.0/networks/adb82669-0992-4bf5-a431-b953c37f283d => generated 0 bytes in 407 msecs (HTTP/1.1 204) 3 headers in 131 bytes (1 switches on core 0)
2026-07-15 00:21:37.801 7 WARNING neutron.db.securitygroups_db [None req-35ee3506-c001-40ee-b1fb-3a27e616985a ee0847ec8885450e89893411e7798beb fd938b09b9974e31b3e8c0eacce8a99c - - default default] project_id key not found in filters, using tenant_id instead. This support has been deprecated and will be removed in a future release.
2026-07-15 00:21:37.953 7 INFO neutron.db.ovn_revision_numbers_db [None req-35ee3506-c001-40ee-b1fb-3a27e616985a ee0847ec8885450e89893411e7798beb fd938b09b9974e31b3e8c0eacce8a99c - - default default] Successfully bumped revision number for resource c5080c83-cd83-4edd-a8d2-ce472e88ad19 (type: security_groups) to 1
2026-07-15 00:21:37.963 7 INFO neutron.db.ovn_revision_numbers_db [None req-35ee3506-c001-40ee-b1fb-3a27e616985a ee0847ec8885450e89893411e7798beb fd938b09b9974e31b3e8c0eacce8a99c - - default default] Successfully bumped revision number for resource 06bf5f29-d6ff-44e9-a0e6-2fd97704bd76 (type: security_group_rules) to 0
