Jul 25 00:56:37.339068 np0000186711 devstack@neutron-api.service[101836]: DEBUG ovsdbapp.backend.ovs_idl.event [None req-b67df3a0-5d2a-4b50-929d-50d27630544b None None] Matched UPDATE: ChassisOVNAgentWriteEvent(events=('create', 'update'), table='Chassis_Private', conditions=None, old_conditions=None), priority=20 to row=Chassis_Private(uuid=dc76a60c-ffd5-4c65-bcb4-d74985658d1a, chassis=3cb00769-f3ba-46ae-b0f7-129f2b9950ac, external_ids={'neutron:ovn-bridge': 'br-int', 'neutron:ovn-neutron-agent-id': '25328aec-ea43-558f-a96d-4296eb8d0fa9', 'neutron:ovn-neutron-agent-sb-cfg': '2'}, name='e4d572df-00ce-4ef1-898f-1547a0582966', nb_cfg=2, nb_cfg_timestamp=1784940988324) old=Chassis_Private(uuid=dc76a60c-ffd5-4c65-bcb4-d74985658d1a, external_ids={'neutron:ovn-bridge': 'br-int', 'neutron:ovn-neutron-agent-id': '25328aec-ea43-558f-a96d-4296eb8d0fa9', 'neutron:ovn-neutron-agent-sb-cfg': '1'}) {{(pid=101836) matches /opt/stack/data/venv/lib/python3.12/site-packages/ovsdbapp/backend/ovs_idl/event.py:55}}
Jul 25 00:56:37.339437 np0000186711 devstack@neutron-api.service[101838]: DEBUG neutron.plugins.ml2.drivers.ovn.mech_driver.ovsdb.ovsdb_monitor [None req-eb3ccaad-c3fd-47e7-a1ca-cb4f105a1e20 None None] Hash Ring: Node 0839a07be1c25b25972f843794c73ef1 (host: np0000186711) handling event "update" for row dc76a60c-ffd5-4c65-bcb4-d74985658d1a (table: Chassis_Private) {{(pid=101838) notify /opt/stack/neutron/neutron/plugins/ml2/drivers/ovn/mech_driver/ovsdb/ovsdb_monitor.py:1013}}
Jul 25 00:56:38.196134 np0000186711 devstack@neutron-api.service[101838]: DEBUG futurist.periodics [-] Submitting periodic callback 'neutron.plugins.ml2.drivers.ovn.mech_driver.ovsdb.maintenance.HashRingHealthCheckPeriodics.touch_hash_ring_node' {{(pid=101838) _process_scheduled /opt/stack/data/venv/lib/python3.12/site-packages/futurist/periodics.py:784}}
Jul 25 00:56:38.196913 np0000186711 devstack@neutron-api.service[101838]: DEBUG neutron.plugins.ml2.drivers.ovn.mech_driver.ovsdb.maintenance [-] Touching Hash Ring node "0839a07be1c25b25972f843794c73ef1" from periodic health check thread {{(pid=101838) touch_hash_ring_node /opt/stack/neutron/neutron/plugins/ml2/drivers/ovn/mech_driver/ovsdb/maintenance.py:1417}}
Jul 25 00:56:38.221583 np0000186711 devstack@neutron-api.service[101835]: DEBUG futurist.periodics [-] Submitting periodic callback 'neutron.plugins.ml2.drivers.ovn.mech_driver.ovsdb.maintenance.HashRingHealthCheckPeriodics.touch_hash_ring_node' {{(pid=101835) _process_scheduled /opt/stack/data/venv/lib/python3.12/site-packages/futurist/periodics.py:784}}
Jul 25 00:56:38.222163 np0000186711 devstack@neutron-api.service[101835]: DEBUG neutron.plugins.ml2.drivers.ovn.mech_driver.ovsdb.maintenance [-] Touching Hash Ring node "aee5e5d287a7553fa52f9174d619685e" from periodic health check thread {{(pid=101835) touch_hash_ring_node /opt/stack/neutron/neutron/plugins/ml2/drivers/ovn/mech_driver/ovsdb/maintenance.py:1417}}
Jul 25 00:56:38.248344 np0000186711 devstack@neutron-api.service[101836]: DEBUG futurist.periodics [-] Submitting periodic callback 'neutron.plugins.ml2.drivers.ovn.mech_driver.ovsdb.maintenance.HashRingHealthCheckPeriodics.touch_hash_ring_node' {{(pid=101836) _process_scheduled /opt/stack/data/venv/lib/python3.12/site-packages/futurist/periodics.py:784}}
Jul 25 00:56:38.248776 np0000186711 devstack@neutron-api.service[101836]: DEBUG neutron.plugins.ml2.drivers.ovn.mech_driver.ovsdb.maintenance [-] Touching Hash Ring node "bc1ae443db3e582abcec744176d2bacd" from periodic health check thread {{(pid=101836) touch_hash_ring_node /opt/stack/neutron/neutron/plugins/ml2/drivers/ovn/mech_driver/ovsdb/maintenance.py:1417}}
Jul 25 00:56:47.325446 np0000186711 devstack@neutron-api.service[101837]: DEBUG dbcounter [-] [101837] Writing DB stats neutron:UPDATE=10,neutron:SELECT=199,neutron:INSERT=20,neutron:DELETE=8 {{(pid=101837) stat_writer /opt/stack/data/venv/lib/python3.12/site-packages/dbcounter.py:115}}
Jul 25 00:56:48.208146 np0000186711 devstack@neutron-api.service[101838]: DEBUG dbcounter [-] [101838] Writing DB stats neutron:UPDATE=6,neutron:SELECT=157,neutron:INSERT=11,neutron:DELETE=2 {{(pid=101838) stat_writer /opt/stack/data/venv/lib/python3.12/site-packages/dbcounter.py:115}}
Jul 25 00:56:48.232058 np0000186711 devstack@neutron-api.service[101835]: DEBUG dbcounter [-] [101835] Writing DB stats neutron:UPDATE=10,neutron:SELECT=195,neutron:INSERT=20,neutron:DELETE=8 {{(pid=101835) stat_writer /opt/stack/data/venv/lib/python3.12/site-packages/dbcounter.py:115}}
Jul 25 00:56:48.260121 np0000186711 devstack@neutron-api.service[101836]: DEBUG dbcounter [-] [101836] Writing DB stats neutron:UPDATE=2,neutron:SELECT=95 {{(pid=101836) stat_writer /opt/stack/data/venv/lib/python3.12/site-packages/dbcounter.py:115}}
Jul 25 00:56:52.315625 np0000186711 devstack@neutron-api.service[101837]: DEBUG futurist.periodics [-] Submitting periodic callback 'neutron.plugins.ml2.drivers.ovn.mech_driver.ovsdb.maintenance.HashRingHealthCheckPeriodics.touch_hash_ring_node' {{(pid=101837) _process_scheduled /opt/stack/data/venv/lib/python3.12/site-packages/futurist/periodics.py:784}}
Jul 25 00:56:52.316668 np0000186711 devstack@neutron-api.service[101837]: DEBUG neutron.plugins.ml2.drivers.ovn.mech_driver.ovsdb.maintenance [-] Touching Hash Ring node "bb7e0f81cad75930ba14b1a9afcec486" from periodic health check thread {{(pid=101837) touch_hash_ring_node /opt/stack/neutron/neutron/plugins/ml2/drivers/ovn/mech_driver/ovsdb/maintenance.py:1417}}
Jul 25 00:56:53.197155 np0000186711 devstack@neutron-api.service[101838]: DEBUG futurist.periodics [-] Submitting periodic callback 'neutron.plugins.ml2.drivers.ovn.mech_driver.ovsdb.maintenance.HashRingHealthCheckPeriodics.touch_hash_ring_node' {{(pid=101838) _process_scheduled /opt/stack/data/venv/lib/python3.12/site-packages/futurist/periodics.py:784}}
Jul 25 00:56:53.198013 np0000186711 devstack@neutron-api.service[101838]: DEBUG neutron.plugins.ml2.drivers.ovn.mech_driver.ovsdb.maintenance [-] Touching Hash Ring node "0839a07be1c25b25972f843794c73ef1" from periodic health check thread {{(pid=101838) touch_hash_ring_node /opt/stack/neutron/neutron/plugins/ml2/drivers/ovn/mech_driver/ovsdb/maintenance.py:1417}}
Jul 25 00:56:53.222396 np0000186711 devstack@neutron-api.service[101835]: DEBUG futurist.periodics [-] Submitting periodic callback 'neutron.plugins.ml2.drivers.ovn.mech_driver.ovsdb.maintenance.HashRingHealthCheckPeriodics.touch_hash_ring_node' {{(pid=101835) _process_scheduled /opt/stack/data/venv/lib/python3.12/site-packages/futurist/periodics.py:784}}
Jul 25 00:56:53.223118 np0000186711 devstack@neutron-api.service[101835]: DEBUG neutron.plugins.ml2.drivers.ovn.mech_driver.ovsdb.maintenance [-] Touching Hash Ring node "aee5e5d287a7553fa52f9174d619685e" from periodic health check thread {{(pid=101835) touch_hash_ring_node /opt/stack/neutron/neutron/plugins/ml2/drivers/ovn/mech_driver/ovsdb/maintenance.py:1417}}
Jul 25 00:56:53.249081 np0000186711 devstack@neutron-api.service[101836]: DEBUG futurist.periodics [-] Submitting periodic callback 'neutron.plugins.ml2.drivers.ovn.mech_driver.ovsdb.maintenance.HashRingHealthCheckPeriodics.touch_hash_ring_node' {{(pid=101836) _process_scheduled /opt/stack/data/venv/lib/python3.12/site-packages/futurist/periodics.py:784}}
Jul 25 00:56:53.249611 np0000186711 devstack@neutron-api.service[101836]: DEBUG neutron.plugins.ml2.drivers.ovn.mech_driver.ovsdb.maintenance [-] Touching Hash Ring node "bc1ae443db3e582abcec744176d2bacd" from periodic health check thread {{(pid=101836) touch_hash_ring_node /opt/stack/neutron/neutron/plugins/ml2/drivers/ovn/mech_driver/ovsdb/maintenance.py:1417}}
Jul 25 00:57:02.327948 np0000186711 devstack@neutron-api.service[101837]: DEBUG dbcounter [-] [101837] Writing DB stats neutron:UPDATE=1,neutron:SELECT=1 {{(pid=101837) stat_writer /opt/stack/data/venv/lib/python3.12/site-packages/dbcounter.py:115}}
Jul 25 00:57:03.209443 np0000186711 devstack@neutron-api.service[101838]: DEBUG dbcounter [-] [101838] Writing DB stats neutron:UPDATE=1,neutron:SELECT=1 {{(pid=101838) stat_writer /opt/stack/data/venv/lib/python3.12/site-packages/dbcounter.py:115}}
Jul 25 00:57:03.232690 np0000186711 devstack@neutron-api.service[101835]: DEBUG dbcounter [-] [101835] Writing DB stats neutron:UPDATE=1,neutron:SELECT=1 {{(pid=101835) stat_writer /opt/stack/data/venv/lib/python3.12/site-packages/dbcounter.py:115}}
Jul 25 00:57:03.260054 np0000186711 devstack@neutron-api.service[101836]: DEBUG dbcounter [-] [101836] Writing DB stats neutron:UPDATE=1,neutron:SELECT=1 {{(pid=101836) stat_writer /opt/stack/data/venv/lib/python3.12/site-packages/dbcounter.py:115}}
Jul 25 00:57:07.316429 np0000186711 devstack@neutron-api.service[101837]: DEBUG futurist.periodics [-] Submitting periodic callback 'neutron.plugins.ml2.drivers.ovn.mech_driver.ovsdb.maintenance.HashRingHealthCheckPeriodics.touch_hash_ring_node' {{(pid=101837) _process_scheduled /opt/stack/data/venv/lib/python3.12/site-packages/futurist/periodics.py:784}}
Jul 25 00:57:07.316966 np0000186711 devstack@neutron-api.service[101837]: DEBUG neutron.plugins.ml2.drivers.ovn.mech_driver.ovsdb.maintenance [-] Touching Hash Ring node "bb7e0f81cad75930ba14b1a9afcec486" from periodic health check thread {{(pid=101837) touch_hash_ring_node /opt/stack/neutron/neutron/plugins/ml2/drivers/ovn/mech_driver/ovsdb/maintenance.py:1417}}
Jul 25 00:57:08.197956 np0000186711 devstack@neutron-api.service[101838]: DEBUG futurist.periodics [-] Submitting periodic callback 'neutron.plugins.ml2.drivers.ovn.mech_driver.ovsdb.maintenance.HashRingHealthCheckPeriodics.touch_hash_ring_node' {{(pid=101838) _process_scheduled /opt/stack/data/venv/lib/python3.12/site-packages/futurist/periodics.py:784}}
Jul 25 00:57:08.198557 np0000186711 devstack@neutron-api.service[101838]: DEBUG neutron.plugins.ml2.drivers.ovn.mech_driver.ovsdb.maintenance [-] Touching Hash Ring node "0839a07be1c25b25972f843794c73ef1" from periodic health check thread {{(pid=101838) touch_hash_ring_node /opt/stack/neutron/neutron/plugins/ml2/drivers/ovn/mech_driver/ovsdb/maintenance.py:1417}}
Jul 25 00:57:08.223109 np0000186711 devstack@neutron-api.service[101835]: DEBUG futurist.periodics [-] Submitting periodic callback 'neutron.plugins.ml2.drivers.ovn.mech_driver.ovsdb.maintenance.HashRingHealthCheckPeriodics.touch_hash_ring_node' {{(pid=101835) _process_scheduled /opt/stack/data/venv/lib/python3.12/site-packages/futurist/periodics.py:784}}
Jul 25 00:57:08.223752 np0000186711 devstack@neutron-api.service[101835]: DEBUG neutron.plugins.ml2.drivers.ovn.mech_driver.ovsdb.maintenance [-] Touching Hash Ring node "aee5e5d287a7553fa52f9174d619685e" from periodic health check thread {{(pid=101835) touch_hash_ring_node /opt/stack/neutron/neutron/plugins/ml2/drivers/ovn/mech_driver/ovsdb/maintenance.py:1417}}
Jul 25 00:57:08.249904 np0000186711 devstack@neutron-api.service[101836]: DEBUG futurist.periodics [-] Submitting periodic callback 'neutron.plugins.ml2.drivers.ovn.mech_driver.ovsdb.maintenance.HashRingHealthCheckPeriodics.touch_hash_ring_node' {{(pid=101836) _process_scheduled /opt/stack/data/venv/lib/python3.12/site-packages/futurist/periodics.py:784}}
Jul 25 00:57:08.250599 np0000186711 devstack@neutron-api.service[101836]: DEBUG neutron.plugins.ml2.drivers.ovn.mech_driver.ovsdb.maintenance [-] Touching Hash Ring node "bc1ae443db3e582abcec744176d2bacd" from periodic health check thread {{(pid=101836) touch_hash_ring_node /opt/stack/neutron/neutron/plugins/ml2/drivers/ovn/mech_driver/ovsdb/maintenance.py:1417}}
Jul 25 00:57:17.329346 np0000186711 devstack@neutron-api.service[101837]: DEBUG dbcounter [-] [101837] Writing DB stats neutron:UPDATE=1,neutron:SELECT=1 {{(pid=101837) stat_writer /opt/stack/data/venv/lib/python3.12/site-packages/dbcounter.py:115}}
Jul 25 00:57:18.210123 np0000186711 devstack@neutron-api.service[101838]: DEBUG dbcounter [-] [101838] Writing DB stats neutron:UPDATE=1,neutron:SELECT=1 {{(pid=101838) stat_writer /opt/stack/data/venv/lib/python3.12/site-packages/dbcounter.py:115}}
Jul 25 00:57:18.239323 np0000186711 devstack@neutron-api.service[101835]: DEBUG dbcounter [-] [101835] Writing DB stats neutron:UPDATE=1,neutron:SELECT=1 {{(pid=101835) stat_writer /opt/stack/data/venv/lib/python3.12/site-packages/dbcounter.py:115}}
Jul 25 00:57:18.262030 np0000186711 devstack@neutron-api.service[101836]: DEBUG dbcounter [-] [101836] Writing DB stats neutron:UPDATE=1,neutron:SELECT=1 {{(pid=101836) stat_writer /opt/stack/data/venv/lib/python3.12/site-packages/dbcounter.py:115}}
Jul 25 00:57:22.317179 np0000186711 devstack@neutron-api.service[101837]: DEBUG futurist.periodics [-] Submitting periodic callback 'neutron.plugins.ml2.drivers.ovn.mech_driver.ovsdb.maintenance.HashRingHealthCheckPeriodics.touch_hash_ring_node' {{(pid=101837) _process_scheduled /opt/stack/data/venv/lib/python3.12/site-packages/futurist/periodics.py:784}}
Jul 25 00:57:22.317780 np0000186711 devstack@neutron-api.service[101837]: DEBUG neutron.plugins.ml2.drivers.ovn.mech_driver.ovsdb.maintenance [-] Touching Hash Ring node "bb7e0f81cad75930ba14b1a9afcec486" from periodic health check thread {{(pid=101837) touch_hash_ring_node /opt/stack/neutron/neutron/plugins/ml2/drivers/ovn/mech_driver/ovsdb/maintenance.py:1417}}
Jul 25 00:57:23.198625 np0000186711 devstack@neutron-api.service[101838]: DEBUG futurist.periodics [-] Submitting periodic callback 'neutron.plugins.ml2.drivers.ovn.mech_driver.ovsdb.maintenance.HashRingHealthCheckPeriodics.touch_hash_ring_node' {{(pid=101838) _process_scheduled /opt/stack/data/venv/lib/python3.12/site-packages/futurist/periodics.py:784}}
Jul 25 00:57:23.199130 np0000186711 devstack@neutron-api.service[101838]: DEBUG neutron.plugins.ml2.drivers.ovn.mech_driver.ovsdb.maintenance [-] Touching Hash Ring node "0839a07be1c25b25972f843794c73ef1" from periodic health check thread {{(pid=101838) touch_hash_ring_node /opt/stack/neutron/neutron/plugins/ml2/drivers/ovn/mech_driver/ovsdb/maintenance.py:1417}}
Jul 25 00:57:23.224142 np0000186711 devstack@neutron-api.service[101835]: DEBUG futurist.periodics [-] Submitting periodic callback 'neutron.plugins.ml2.drivers.ovn.mech_driver.ovsdb.maintenance.HashRingHealthCheckPeriodics.touch_hash_ring_node' {{(pid=101835) _process_scheduled /opt/stack/data/venv/lib/python3.12/site-packages/futurist/periodics.py:784}}
Jul 25 00:57:23.224767 np0000186711 devstack@neutron-api.service[101835]: DEBUG neutron.plugins.ml2.drivers.ovn.mech_driver.ovsdb.maintenance [-] Touching Hash Ring node "aee5e5d287a7553fa52f9174d619685e" from periodic health check thread {{(pid=101835) touch_hash_ring_node /opt/stack/neutron/neutron/plugins/ml2/drivers/ovn/mech_driver/ovsdb/maintenance.py:1417}}
Jul 25 00:57:23.250736 np0000186711 devstack@neutron-api.service[101836]: DEBUG futurist.periodics [-] Submitting periodic callback 'neutron.plugins.ml2.drivers.ovn.mech_driver.ovsdb.maintenance.HashRingHealthCheckPeriodics.touch_hash_ring_node' {{(pid=101836) _process_scheduled /opt/stack/data/venv/lib/python3.12/site-packages/futurist/periodics.py:784}}
Jul 25 00:57:23.251779 np0000186711 devstack@neutron-api.service[101836]: DEBUG neutron.plugins.ml2.drivers.ovn.mech_driver.ovsdb.maintenance [-] Touching Hash Ring node "bc1ae443db3e582abcec744176d2bacd" from periodic health check thread {{(pid=101836) touch_hash_ring_node /opt/stack/neutron/neutron/plugins/ml2/drivers/ovn/mech_driver/ovsdb/maintenance.py:1417}}
Jul 25 00:57:24.251515 np0000186711 devstack@neutron-api.service[101835]: /opt/stack/neutron/neutron/extensions/quotasv2.py:134: UserWarning: "--check-limit" parameter is no longer needed since Epoxy (2025.1) release. By default, Neutron quota engine checks the resource usage before updating the limits
Jul 25 00:57:24.251515 np0000186711 devstack@neutron-api.service[101835]: warnings.warn('"--check-limit" parameter is no longer needed '
Jul 25 00:57:24.252127 np0000186711 devstack@neutron-api.service[101835]: DEBUG neutron.api.v2.base [None req-0425db34-8522-4083-8e93-39ba8c9415c7 admin admin] Request body: {'quota': {'security_group': 100}} {{(pid=101835) prepare_request_body /opt/stack/neutron/neutron/api/v2/base.py:727}}
Jul 25 00:57:24.272864 np0000186711 devstack@neutron-api.service[101835]: [pid: 101835|app: 0|req: 22/88] 199.204.45.38 () {68 vars in 1442 bytes} [Sat Jul 25 00:57:24 2026] PUT /networking/v2.0/quotas/a9983e3f32074fb2b6bde5984c1c99b0 => generated 195 bytes in 27 msecs (HTTP/1.1 200) 4 headers in 157 bytes (1 switches on core 0)
Jul 25 00:57:24.594505 np0000186711 devstack@neutron-api.service[101836]: /opt/stack/neutron/neutron/extensions/quotasv2.py:134: UserWarning: "--check-limit" parameter is no longer needed since Epoxy (2025.1) release. By default, Neutron quota engine checks the resource usage before updating the limits
Jul 25 00:57:24.594505 np0000186711 devstack@neutron-api.service[101836]: warnings.warn('"--check-limit" parameter is no longer needed '
Jul 25 00:57:24.595125 np0000186711 devstack@neutron-api.service[101836]: DEBUG neutron.api.v2.base [None req-03f177d7-a169-4b6c-b499-023ace320222 admin admin] Request body: {'quota': {'security_group_rule': 1000}} {{(pid=101836) prepare_request_body /opt/stack/neutron/neutron/api/v2/base.py:727}}
Jul 25 00:57:24.642309 np0000186711 devstack@neutron-api.service[101836]: [pid: 101836|app: 0|req: 22/89] 199.204.45.38 () {68 vars in 1442 bytes} [Sat Jul 25 00:57:24 2026] PUT /networking/v2.0/quotas/a9983e3f32074fb2b6bde5984c1c99b0 => generated 196 bytes in 53 msecs (HTTP/1.1 200) 4 headers in 157 bytes (1 switches on core 0)
Jul 25 00:57:32.333199 np0000186711 devstack@neutron-api.service[101837]: DEBUG dbcounter [-] [101837] Writing DB stats neutron:UPDATE=1,neutron:SELECT=1 {{(pid=101837) stat_writer /opt/stack/data/venv/lib/python3.12/site-packages/dbcounter.py:115}}
Jul 25 00:57:33.210778 np0000186711 devstack@neutron-api.service[101838]: DEBUG dbcounter [-] [101838] Writing DB stats neutron:UPDATE=1,neutron:SELECT=1 {{(pid=101838) stat_writer /opt/stack/data/venv/lib/python3.12/site-packages/dbcounter.py:115}}
Jul 25 00:57:34.271640 np0000186711 devstack@neutron-api.service[101835]: DEBUG dbcounter [-] [101835] Writing DB stats neutron:UPDATE=1,neutron:SELECT=5,neutron:INSERT=1 {{(pid=101835) stat_writer /opt/stack/data/venv/lib/python3.12/site-packages/dbcounter.py:115}}
Jul 25 00:57:34.640038 np0000186711 devstack@neutron-api.service[101836]: DEBUG dbcounter [-] [101836] Writing DB stats neutron:UPDATE=1,neutron:SELECT=5,neutron:INSERT=1 {{(pid=101836) stat_writer /opt/stack/data/venv/lib/python3.12/site-packages/dbcounter.py:115}}
Jul 25 00:57:37.318101 np0000186711 devstack@neutron-api.service[101837]: DEBUG futurist.periodics [-] Submitting periodic callback 'neutron.plugins.ml2.drivers.ovn.mech_driver.ovsdb.maintenance.HashRingHealthCheckPeriodics.touch_hash_ring_node' {{(pid=101837) _process_scheduled /opt/stack/data/venv/lib/python3.12/site-packages/futurist/periodics.py:784}}
Jul 25 00:57:37.318739 np0000186711 devstack@neutron-api.service[101837]: DEBUG neutron.plugins.ml2.drivers.ovn.mech_driver.ovsdb.maintenance [-] Touching Hash Ring node "bb7e0f81cad75930ba14b1a9afcec486" from periodic health check thread {{(pid=101837) touch_hash_ring_node /opt/stack/neutron/neutron/plugins/ml2/drivers/ovn/mech_driver/ovsdb/maintenance.py:1417}}
Jul 25 00:57:38.199248 np0000186711 devstack@neutron-api.service[101838]: DEBUG futurist.periodics [-] Submitting periodic callback 'neutron.plugins.ml2.drivers.ovn.mech_driver.ovsdb.maintenance.HashRingHealthCheckPeriodics.touch_hash_ring_node' {{(pid=101838) _process_scheduled /opt/stack/data/venv/lib/python3.12/site-packages/futurist/periodics.py:784}}
Jul 25 00:57:38.199930 np0000186711 devstack@neutron-api.service[101838]: DEBUG neutron.plugins.ml2.drivers.ovn.mech_driver.ovsdb.maintenance [-] Touching Hash Ring node "0839a07be1c25b25972f843794c73ef1" from periodic health check thread {{(pid=101838) touch_hash_ring_node /opt/stack/neutron/neutron/plugins/ml2/drivers/ovn/mech_driver/ovsdb/maintenance.py:1417}}
Jul 25 00:57:38.224929 np0000186711 devstack@neutron-api.service[101835]: DEBUG futurist.periodics [-] Submitting periodic callback 'neutron.plugins.ml2.drivers.ovn.mech_driver.ovsdb.maintenance.HashRingHealthCheckPeriodics.touch_hash_ring_node' {{(pid=101835) _process_scheduled /opt/stack/data/venv/lib/python3.12/site-packages/futurist/periodics.py:784}}
Jul 25 00:57:38.225569 np0000186711 devstack@neutron-api.service[101835]: DEBUG neutron.plugins.ml2.drivers.ovn.mech_driver.ovsdb.maintenance [-] Touching Hash Ring node "aee5e5d287a7553fa52f9174d619685e" from periodic health check thread {{(pid=101835) touch_hash_ring_node /opt/stack/neutron/neutron/plugins/ml2/drivers/ovn/mech_driver/ovsdb/maintenance.py:1417}}
Jul 25 00:57:38.252523 np0000186711 devstack@neutron-api.service[101836]: DEBUG futurist.periodics [-] Submitting periodic callback 'neutron.plugins.ml2.drivers.ovn.mech_driver.ovsdb.maintenance.HashRingHealthCheckPeriodics.touch_hash_ring_node' {{(pid=101836) _process_scheduled /opt/stack/data/venv/lib/python3.12/site-packages/futurist/periodics.py:784}}
Jul 25 00:57:38.253079 np0000186711 devstack@neutron-api.service[101836]: DEBUG neutron.plugins.ml2.drivers.ovn.mech_driver.ovsdb.maintenance [-] Touching Hash Ring node "bc1ae443db3e582abcec744176d2bacd" from periodic health check thread {{(pid=101836) touch_hash_ring_node /opt/stack/neutron/neutron/plugins/ml2/drivers/ovn/mech_driver/ovsdb/maintenance.py:1417}}
Jul 25 00:57:38.584259 np0000186711 devstack@neutron-api.service[101837]: DEBUG neutron.pecan_wsgi.hooks.policy_enforcement [None req-8fc79eda-a5f8-44f2-8687-c2ff9a104349 admin admin] Attributes excluded by policy engine: ['standard_attr_id'] {{(pid=101837) _exclude_attributes_by_policy /opt/stack/neutron/neutron/pecan_wsgi/hooks/policy_enforcement.py:259}}
Jul 25 00:57:38.585864 np0000186711 devstack@neutron-api.service[101837]: [pid: 101837|app: 0|req: 24/90] 199.204.45.38 () {64 vars in 1371 bytes} [Sat Jul 25 00:57:38 2026] GET /networking/v2.0/ports?device_owner=network%3Adistributed => generated 1650 bytes in 107 msecs (HTTP/1.1 200) 4 headers in 158 bytes (1 switches on core 0)
Jul 25 00:57:39.658128 np0000186711 devstack@neutron-api.service[101838]: DEBUG neutron.common.ovn.hash_ring_manager [None req-99e284e3-94ee-42a5-a674-d8c33bf8de0c None None] Hash Ring loaded. 4 active nodes. 0 offline nodes {{(pid=101838) _load_hash_ring /opt/stack/neutron/neutron/common/ovn/hash_ring_manager.py:110}}
Jul 25 00:57:39.658454 np0000186711 devstack@neutron-api.service[101835]: DEBUG neutron.common.ovn.hash_ring_manager [None req-d7efd5cd-fc35-459a-baf4-8233dee264cf None None] Hash Ring loaded. 4 active nodes. 0 offline nodes {{(pid=101835) _load_hash_ring /opt/stack/neutron/neutron/common/ovn/hash_ring_manager.py:110}}
Jul 25 00:57:39.659451 np0000186711 devstack@neutron-api.service[101837]: DEBUG neutron.common.ovn.hash_ring_manager [None req-0e001ab3-1097-43a2-9325-c0e72c9ff71e None None] Hash Ring loaded. 4 active nodes. 0 offline nodes {{(pid=101837) _load_hash_ring /opt/stack/neutron/neutron/common/ovn/hash_ring_manager.py:110}}
Jul 25 00:57:39.661509 np0000186711 devstack@neutron-api.service[101836]: DEBUG neutron.common.ovn.hash_ring_manager [None req-57538334-945c-4184-8f74-6433edbdcceb None None] Hash Ring loaded. 4 active nodes. 0 offline nodes {{(pid=101836) _load_hash_ring /opt/stack/neutron/neutron/common/ovn/hash_ring_manager.py:110}}
Jul 25 00:57:39.661937 np0000186711 devstack@neutron-api.service[101836]: DEBUG neutron.plugins.ml2.drivers.ovn.mech_driver.ovsdb.ovsdb_monitor [None req-57538334-945c-4184-8f74-6433edbdcceb None None] Hash Ring: Node bc1ae443db3e582abcec744176d2bacd (host: np0000186711) handling event "update" for row 7e28d14b-1fc9-4870-a7fa-f7f44c3fce31 (table: Connection) {{(pid=101836) notify /opt/stack/neutron/neutron/plugins/ml2/drivers/ovn/mech_driver/ovsdb/ovsdb_monitor.py:1013}}
Jul 25 00:57:49.656969 np0000186711 devstack@neutron-api.service[101838]: DEBUG dbcounter [-] [101838] Writing DB stats neutron:UPDATE=1,neutron:SELECT=3 {{(pid=101838) stat_writer /opt/stack/data/venv/lib/python3.12/site-packages/dbcounter.py:115}}
Jul 25 00:57:49.657580 np0000186711 devstack@neutron-api.service[101835]: DEBUG dbcounter [-] [101835] Writing DB stats neutron:UPDATE=1,neutron:SELECT=3 {{(pid=101835) stat_writer /opt/stack/data/venv/lib/python3.12/site-packages/dbcounter.py:115}}
Jul 25 00:57:49.658442 np0000186711 devstack@neutron-api.service[101837]: DEBUG dbcounter [-] [101837] Writing DB stats neutron:UPDATE=1,neutron:SELECT=12 {{(pid=101837) stat_writer /opt/stack/data/venv/lib/python3.12/site-packages/dbcounter.py:115}}
Jul 25 00:57:49.659994 np0000186711 devstack@neutron-api.service[101836]: DEBUG dbcounter [-] [101836] Writing DB stats neutron:UPDATE=1,neutron:SELECT=3 {{(pid=101836) stat_writer /opt/stack/data/venv/lib/python3.12/site-packages/dbcounter.py:115}}
Jul 25 00:57:51.173493 np0000186711 devstack@neutron-api.service[101838]: INFO neutron.pecan_wsgi.hooks.translation [None req-7c2f8f95-f969-4eba-b510-4fba1134ff7b admin admin] GET failed (client error): The resource could not be found.
Jul 25 00:57:51.174188 np0000186711 devstack@neutron-api.service[101838]: [pid: 101838|app: 0|req: 23/91] 199.204.45.38 () {64 vars in 1327 bytes} [Sat Jul 25 00:57:51 2026] GET /networking/v2.0/networks/admin_net => generated 111 bytes in 13 msecs (HTTP/1.1 404) 4 headers in 164 bytes (1 switches on core 0)
Jul 25 00:57:51.210197 np0000186711 devstack@neutron-api.service[101835]: [pid: 101835|app: 0|req: 23/92] 199.204.45.38 () {64 vars in 1339 bytes} [Sat Jul 25 00:57:51 2026] GET /networking/v2.0/networks?name=admin_net => generated 15 bytes in 26 msecs (HTTP/1.1 200) 4 headers in 156 bytes (1 switches on core 0)
Jul 25 00:57:51.448692 np0000186711 devstack@neutron-api.service[101836]: DEBUG neutron.api.v2.base [None req-879b7a1b-467d-48d0-a63c-2bf8fba4ae6b admin admin] Request body: {'network': {'admin_state_up': True, 'project_id': '53d3d650fcd04e02aaf58d9ae744bc0c', 'name': 'admin_net'}} {{(pid=101836) prepare_request_body /opt/stack/neutron/neutron/api/v2/base.py:727}}
Jul 25 00:57:51.466538 np0000186711 devstack@neutron-api.service[101836]: DEBUG neutron.pecan_wsgi.hooks.quota_enforcement [None req-879b7a1b-467d-48d0-a63c-2bf8fba4ae6b admin admin] Made reservation on behalf of 53d3d650fcd04e02aaf58d9ae744bc0c for: {'network': 1} {{(pid=101836) before /opt/stack/neutron/neutron/pecan_wsgi/hooks/quota_enforcement.py:66}}
Jul 25 00:57:51.470289 np0000186711 devstack@neutron-api.service[101836]: DEBUG neutron_lib.callbacks.manager [None req-879b7a1b-467d-48d0-a63c-2bf8fba4ae6b admin admin] Publish callbacks ['neutron.plugins.ml2.plugin.SecurityGroupDbMixin._ensure_default_security_group_handler-1689895'] for network (None), before_create {{(pid=101836) _notify_loop /opt/stack/data/venv/lib/python3.12/site-packages/neutron_lib/callbacks/manager.py:184}}
Jul 25 00:57:51.476317 np0000186711 devstack@neutron-api.service[101836]: DEBUG neutron_lib.callbacks.manager [None req-879b7a1b-467d-48d0-a63c-2bf8fba4ae6b admin admin] Publish callbacks [] for security_group (None), before_create {{(pid=101836) _notify_loop /opt/stack/data/venv/lib/python3.12/site-packages/neutron_lib/callbacks/manager.py:184}}
Jul 25 00:57:51.530844 np0000186711 devstack@neutron-api.service[101836]: DEBUG neutron_lib.callbacks.manager [None req-879b7a1b-467d-48d0-a63c-2bf8fba4ae6b admin admin] Publish callbacks ['neutron.plugins.ml2.drivers.ovn.mech_driver.mech_driver.OVNMechanismDriver._create_security_group_precommit-16567500'] for security_group (7afb92f1-fddb-4a4e-8cf1-819e0278fc37), precommit_create {{(pid=101836) _notify_loop /opt/stack/data/venv/lib/python3.12/site-packages/neutron_lib/callbacks/manager.py:184}}
Jul 25 00:57:51.531143 np0000186711 devstack@neutron-api.service[101836]: DEBUG neutron.db.ovn_revision_numbers_db [None req-879b7a1b-467d-48d0-a63c-2bf8fba4ae6b admin admin] create_initial_revision uuid=7afb92f1-fddb-4a4e-8cf1-819e0278fc37, type=security_groups, rev=-1 {{(pid=101836) create_initial_revision /opt/stack/neutron/neutron/db/ovn_revision_numbers_db.py:98}}
Jul 25 00:57:51.531975 np0000186711 devstack@neutron-api.service[101836]: DEBUG neutron.db.ovn_revision_numbers_db [None req-879b7a1b-467d-48d0-a63c-2bf8fba4ae6b admin admin] create_initial_revision uuid=11c6230d-1116-4d64-8fc8-a0834bbe987f, type=security_group_rules, rev=-1 {{(pid=101836) create_initial_revision /opt/stack/neutron/neutron/db/ovn_revision_numbers_db.py:98}}
Jul 25 00:57:51.532899 np0000186711 devstack@neutron-api.service[101836]: DEBUG neutron.db.ovn_revision_numbers_db [None req-879b7a1b-467d-48d0-a63c-2bf8fba4ae6b admin admin] create_initial_revision uuid=4288711f-85c9-451e-8389-eda8cb42ffd9, type=security_group_rules, rev=-1 {{(pid=101836) create_initial_revision /opt/stack/neutron/neutron/db/ovn_revision_numbers_db.py:98}}
Jul 25 00:57:51.533902 np0000186711 devstack@neutron-api.service[101836]: DEBUG neutron.db.ovn_revision_numbers_db [None req-879b7a1b-467d-48d0-a63c-2bf8fba4ae6b admin admin] create_initial_revision uuid=52e85c39-aa09-4632-9545-a9283af1db28, type=security_group_rules, rev=-1 {{(pid=101836) create_initial_revision /opt/stack/neutron/neutron/db/ovn_revision_numbers_db.py:98}}
Jul 25 00:57:51.534997 np0000186711 devstack@neutron-api.service[101836]: DEBUG neutron.db.ovn_revision_numbers_db [None req-879b7a1b-467d-48d0-a63c-2bf8fba4ae6b admin admin] create_initial_revision uuid=ddd9a9fd-04fb-4329-95d1-8ad607684e47, type=security_group_rules, rev=-1 {{(pid=101836) create_initial_revision /opt/stack/neutron/neutron/db/ovn_revision_numbers_db.py:98}}
Jul 25 00:57:51.540555 np0000186711 devstack@neutron-api.service[101836]: DEBUG neutron_lib.callbacks.manager [None req-879b7a1b-467d-48d0-a63c-2bf8fba4ae6b admin admin] Publish callbacks ['neutron.plugins.ml2.drivers.ovn.mech_driver.mech_driver.OVNMechanismDriver._create_security_group-16567494', 'neutron.plugins.ml2.ovo_rpc._ObjectChangeHandler.handle_event-15400552'] for security_group (7afb92f1-fddb-4a4e-8cf1-819e0278fc37), after_create {{(pid=101836) _notify_loop /opt/stack/data/venv/lib/python3.12/site-packages/neutron_lib/callbacks/manager.py:184}}
Jul 25 00:57:51.541421 np0000186711 devstack@neutron-api.service[101836]: DEBUG ovsdbapp.backend.ovs_idl.transaction [None req-57538334-945c-4184-8f74-6433edbdcceb None None] Running txn n=1 command(idx=0): PgAddCommand(_result=None, name=pg_7afb92f1_fddb_4a4e_8cf1_819e0278fc37, may_exist=False, columns={'acls': [], 'external_ids': {'neutron:security_group_id': '7afb92f1-fddb-4a4e-8cf1-819e0278fc37'}}) {{(pid=101836) do_commit /opt/stack/data/venv/lib/python3.12/site-packages/ovsdbapp/backend/ovs_idl/transaction.py:89}}
Jul 25 00:57:51.541789 np0000186711 devstack@neutron-api.service[101836]: DEBUG ovsdbapp.backend.ovs_idl.transaction [None req-57538334-945c-4184-8f74-6433edbdcceb None None] Running txn n=1 command(idx=1): PgAclAddCommand(_result=None, entity=pg_7afb92f1_fddb_4a4e_8cf1_819e0278fc37, direction=from-lport, priority=1002, match=inport == @pg_7afb92f1_fddb_4a4e_8cf1_819e0278fc37 && ip4, action=allow-related, log=False, may_exist=True, severity=[], name=[], meter=[], external_ids={'neutron:security_group_rule_id': '11c6230d-1116-4d64-8fc8-a0834bbe987f'}) {{(pid=101836) do_commit /opt/stack/data/venv/lib/python3.12/site-packages/ovsdbapp/backend/ovs_idl/transaction.py:89}}
Jul 25 00:57:51.542205 np0000186711 devstack@neutron-api.service[101836]: DEBUG ovsdbapp.backend.ovs_idl.transaction [None req-57538334-945c-4184-8f74-6433edbdcceb None None] Running txn n=1 command(idx=2): PgAclAddCommand(_result=None, entity=pg_7afb92f1_fddb_4a4e_8cf1_819e0278fc37, direction=to-lport, priority=1002, match=outport == @pg_7afb92f1_fddb_4a4e_8cf1_819e0278fc37 && ip4 && ip4.src == $pg_7afb92f1_fddb_4a4e_8cf1_819e0278fc37_ip4, action=allow-related, log=False, may_exist=True, severity=[], name=[], meter=[], external_ids={'neutron:security_group_rule_id': '4288711f-85c9-451e-8389-eda8cb42ffd9'}) {{(pid=101836) do_commit /opt/stack/data/venv/lib/python3.12/site-packages/ovsdbapp/backend/ovs_idl/transaction.py:89}}
Jul 25 00:57:51.542608 np0000186711 devstack@neutron-api.service[101836]: DEBUG ovsdbapp.backend.ovs_idl.transaction [None req-57538334-945c-4184-8f74-6433edbdcceb None None] Running txn n=1 command(idx=3): PgAclAddCommand(_result=None, entity=pg_7afb92f1_fddb_4a4e_8cf1_819e0278fc37, direction=from-lport, priority=1002, match=inport == @pg_7afb92f1_fddb_4a4e_8cf1_819e0278fc37 && ip6, action=allow-related, log=False, may_exist=True, severity=[], name=[], meter=[], external_ids={'neutron:security_group_rule_id': '52e85c39-aa09-4632-9545-a9283af1db28'}) {{(pid=101836) do_commit /opt/stack/data/venv/lib/python3.12/site-packages/ovsdbapp/backend/ovs_idl/transaction.py:89}}
Jul 25 00:57:51.542935 np0000186711 devstack@neutron-api.service[101836]: DEBUG ovsdbapp.backend.ovs_idl.transaction [None req-57538334-945c-4184-8f74-6433edbdcceb None None] Running txn n=1 command(idx=4): PgAclAddCommand(_result=None, entity=pg_7afb92f1_fddb_4a4e_8cf1_819e0278fc37, direction=to-lport, priority=1002, match=outport == @pg_7afb92f1_fddb_4a4e_8cf1_819e0278fc37 && ip6 && ip6.src == $pg_7afb92f1_fddb_4a4e_8cf1_819e0278fc37_ip6, action=allow-related, log=False, may_exist=True, severity=[], name=[], meter=[], external_ids={'neutron:security_group_rule_id': 'ddd9a9fd-04fb-4329-95d1-8ad607684e47'}) {{(pid=101836) do_commit /opt/stack/data/venv/lib/python3.12/site-packages/ovsdbapp/backend/ovs_idl/transaction.py:89}}
Jul 25 00:57:51.548301 np0000186711 devstack@neutron-api.service[101836]: DEBUG neutron.plugins.ml2.drivers.ovn.mech_driver.ovsdb.ovsdb_monitor [None req-57538334-945c-4184-8f74-6433edbdcceb None None] Hash Ring: Node bc1ae443db3e582abcec744176d2bacd (host: np0000186711) handling event "create" for row 19e63217-2ee3-4b14-918c-901ba9d5924c (table: ACL) {{(pid=101836) notify /opt/stack/neutron/neutron/plugins/ml2/drivers/ovn/mech_driver/ovsdb/ovsdb_monitor.py:1013}}
Jul 25 00:57:51.548583 np0000186711 devstack@neutron-api.service[101836]: DEBUG neutron.plugins.ml2.drivers.ovn.mech_driver.ovsdb.ovsdb_monitor [None req-57538334-945c-4184-8f74-6433edbdcceb None None] Hash Ring: Node bc1ae443db3e582abcec744176d2bacd (host: np0000186711) handling event "create" for row f48c29d4-9b13-45ff-8276-55c0c6b5d047 (table: ACL) {{(pid=101836) notify /opt/stack/neutron/neutron/plugins/ml2/drivers/ovn/mech_driver/ovsdb/ovsdb_monitor.py:1013}}
Jul 25 00:57:51.553481 np0000186711 devstack@neutron-api.service[101838]: DEBUG neutron.plugins.ml2.drivers.ovn.mech_driver.ovsdb.ovsdb_monitor [None req-99e284e3-94ee-42a5-a674-d8c33bf8de0c None None] Hash Ring: Node 0839a07be1c25b25972f843794c73ef1 (host: np0000186711) handling event "create" for row c279b1c5-5545-4703-9f68-8de99f255968 (table: ACL) {{(pid=101838) notify /opt/stack/neutron/neutron/plugins/ml2/drivers/ovn/mech_driver/ovsdb/ovsdb_monitor.py:1013}}
Jul 25 00:57:51.556137 np0000186711 devstack@neutron-api.service[101835]: DEBUG neutron.plugins.ml2.drivers.ovn.mech_driver.ovsdb.ovsdb_monitor [None req-d7efd5cd-fc35-459a-baf4-8233dee264cf None None] Hash Ring: Node aee5e5d287a7553fa52f9174d619685e (host: np0000186711) handling event "create" for row d5c09453-999e-4bf8-95f8-f74475e5d419 (table: ACL) {{(pid=101835) notify /opt/stack/neutron/neutron/plugins/ml2/drivers/ovn/mech_driver/ovsdb/ovsdb_monitor.py:1013}}
Jul 25 00:57:51.558810 np0000186711 devstack@neutron-api.service[101835]: DEBUG neutron.plugins.ml2.drivers.ovn.mech_driver.ovsdb.ovsdb_monitor [None req-d7efd5cd-fc35-459a-baf4-8233dee264cf None None] Hash Ring: Node aee5e5d287a7553fa52f9174d619685e (host: np0000186711) handling event "create" for row 6c657485-9631-4862-95ff-fc84c48cccaa (table: Port_Group) {{(pid=101835) notify /opt/stack/neutron/neutron/plugins/ml2/drivers/ovn/mech_driver/ovsdb/ovsdb_monitor.py:1013}}
Jul 25 00:57:51.569309 np0000186711 devstack@neutron-api.service[101836]: INFO neutron.db.ovn_revision_numbers_db [None req-879b7a1b-467d-48d0-a63c-2bf8fba4ae6b admin admin] Successfully bumped revision number for resource 7afb92f1-fddb-4a4e-8cf1-819e0278fc37 (type: security_groups) to 1
Jul 25 00:57:51.585025 np0000186711 devstack@neutron-api.service[101836]: INFO neutron.db.ovn_revision_numbers_db [None req-879b7a1b-467d-48d0-a63c-2bf8fba4ae6b admin admin] Successfully bumped revision number for resource 11c6230d-1116-4d64-8fc8-a0834bbe987f (type: security_group_rules) to 0
Jul 25 00:57:51.598803 np0000186711 devstack@neutron-api.service[101836]: INFO neutron.db.ovn_revision_numbers_db [None req-879b7a1b-467d-48d0-a63c-2bf8fba4ae6b admin admin] Successfully bumped revision number for resource 4288711f-85c9-451e-8389-eda8cb42ffd9 (type: security_group_rules) to 0
Jul 25 00:57:51.612332 np0000186711 devstack@neutron-api.service[101836]: INFO neutron.db.ovn_revision_numbers_db [None req-879b7a1b-467d-48d0-a63c-2bf8fba4ae6b admin admin] Successfully bumped revision number for resource 52e85c39-aa09-4632-9545-a9283af1db28 (type: security_group_rules) to 0
Jul 25 00:57:51.625208 np0000186711 devstack@neutron-api.service[101836]: INFO neutron.db.ovn_revision_numbers_db [None req-879b7a1b-467d-48d0-a63c-2bf8fba4ae6b admin admin] Successfully bumped revision number for resource ddd9a9fd-04fb-4329-95d1-8ad607684e47 (type: security_group_rules) to 0
Jul 25 00:57:51.648088 np0000186711 devstack@neutron-api.service[101836]: DEBUG neutron.api.rpc.handlers.resources_rpc [None req-879b7a1b-467d-48d0-a63c-2bf8fba4ae6b admin admin] Pushing event updated for resources: {'SecurityGroup': ['ID=7afb92f1-fddb-4a4e-8cf1-819e0278fc37,revision_number=1']} {{(pid=101836) push /opt/stack/neutron/neutron/api/rpc/handlers/resources_rpc.py:237}}
Jul 25 00:57:51.653453 np0000186711 devstack@neutron-api.service[101836]: DEBUG ovsdbapp.backend.ovs_idl.transaction [None req-57538334-945c-4184-8f74-6433edbdcceb None None] Running txn n=1 command(idx=0): CheckLivenessCommand(_result=None) {{(pid=101836) do_commit /opt/stack/data/venv/lib/python3.12/site-packages/ovsdbapp/backend/ovs_idl/transaction.py:89}}
Jul 25 00:57:51.658591 np0000186711 devstack@neutron-api.service[101836]: DEBUG neutron.api.rpc.callbacks.version_manager [None req-879b7a1b-467d-48d0-a63c-2bf8fba4ae6b admin admin] Tracked resource versions report:
Jul 25 00:57:51.658591 np0000186711 devstack@neutron-api.service[101836]: pushed versions:
Jul 25 00:57:51.658591 np0000186711 devstack@neutron-api.service[101836]: { 'AddressGroup': {'1.2'},
Jul 25 00:57:51.658591 np0000186711 devstack@neutron-api.service[101836]: 'Agent': {'1.1'},
Jul 25 00:57:51.658591 np0000186711 devstack@neutron-api.service[101836]: 'ConntrackHelper': {'1.0'},
Jul 25 00:57:51.658591 np0000186711 devstack@neutron-api.service[101836]: 'LocalIPAssociation': {'1.0'},
Jul 25 00:57:51.658591 np0000186711 devstack@neutron-api.service[101836]: 'Log': {'1.0'},
Jul 25 00:57:51.658591 np0000186711 devstack@neutron-api.service[101836]: 'NDPProxy': {'1.0'},
Jul 25 00:57:51.658591 np0000186711 devstack@neutron-api.service[101836]: 'Network': {'1.3'},
Jul 25 00:57:51.658591 np0000186711 devstack@neutron-api.service[101836]: 'Port': {'1.11'},
Jul 25 00:57:51.658591 np0000186711 devstack@neutron-api.service[101836]: 'PortForwarding': {'1.3'},
Jul 25 00:57:51.658591 np0000186711 devstack@neutron-api.service[101836]: 'QosPolicy': {'1.10'},
Jul 25 00:57:51.658591 np0000186711 devstack@neutron-api.service[101836]: 'SecurityGroup': {'1.6'},
Jul 25 00:57:51.658591 np0000186711 devstack@neutron-api.service[101836]: 'SecurityGroupRule': {'1.3'},
Jul 25 00:57:51.658591 np0000186711 devstack@neutron-api.service[101836]: 'SubPort': {'1.0'},
Jul 25 00:57:51.658591 np0000186711 devstack@neutron-api.service[101836]: 'Subnet': {'1.2'},
Jul 25 00:57:51.658591 np0000186711 devstack@neutron-api.service[101836]: 'Trunk': {'1.1'}}
Jul 25 00:57:51.658591 np0000186711 devstack@neutron-api.service[101836]: consumer versions:
Jul 25 00:57:51.658591 np0000186711 devstack@neutron-api.service[101836]: { OVN Controller Gateway agent@np0000186711: {},
Jul 25 00:57:51.658591 np0000186711 devstack@neutron-api.service[101836]: OVN Neutron agent@np0000186711: {}}
Jul 25 00:57:51.658591 np0000186711 devstack@neutron-api.service[101836]: {{(pid=101836) report /opt/stack/neutron/neutron/api/rpc/callbacks/version_manager.py:183}}
Jul 25 00:57:51.661806 np0000186711 devstack@neutron-api.service[101838]: DEBUG ovsdbapp.backend.ovs_idl.event [None req-eb3ccaad-c3fd-47e7-a1ca-cb4f105a1e20 None None] Matched UPDATE: ChassisAgentWriteEvent(events=('create', 'update'), table='Chassis_Private', conditions=None, old_conditions=None), priority=20 to row=Chassis_Private(uuid=dc76a60c-ffd5-4c65-bcb4-d74985658d1a, chassis=3cb00769-f3ba-46ae-b0f7-129f2b9950ac, external_ids={'neutron:ovn-bridge': 'br-int', 'neutron:ovn-neutron-agent-id': '25328aec-ea43-558f-a96d-4296eb8d0fa9', 'neutron:ovn-neutron-agent-sb-cfg': '2'}, name='e4d572df-00ce-4ef1-898f-1547a0582966', nb_cfg=3, nb_cfg_timestamp=1784941071657) old=Chassis_Private(uuid=dc76a60c-ffd5-4c65-bcb4-d74985658d1a, nb_cfg=2, nb_cfg_timestamp=1784940988324) {{(pid=101838) matches /opt/stack/data/venv/lib/python3.12/site-packages/ovsdbapp/backend/ovs_idl/event.py:55}}
Jul 25 00:57:51.662475 np0000186711 devstack@neutron-api.service[101835]: DEBUG ovsdbapp.backend.ovs_idl.event [None req-1924eb43-17f6-47fe-bab8-2d776f97eaa3 None None] Matched UPDATE: ChassisAgentWriteEvent(events=('create', 'update'), table='Chassis_Private', conditions=None, old_conditions=None), priority=20 to row=Chassis_Private(uuid=dc76a60c-ffd5-4c65-bcb4-d74985658d1a, chassis=3cb00769-f3ba-46ae-b0f7-129f2b9950ac, external_ids={'neutron:ovn-bridge': 'br-int', 'neutron:ovn-neutron-agent-id': '25328aec-ea43-558f-a96d-4296eb8d0fa9', 'neutron:ovn-neutron-agent-sb-cfg': '2'}, name='e4d572df-00ce-4ef1-898f-1547a0582966', nb_cfg=3, nb_cfg_timestamp=1784941071657) old=Chassis_Private(uuid=dc76a60c-ffd5-4c65-bcb4-d74985658d1a, nb_cfg=2, nb_cfg_timestamp=1784940988324) {{(pid=101835) matches /opt/stack/data/venv/lib/python3.12/site-packages/ovsdbapp/backend/ovs_idl/event.py:55}}
Jul 25 00:57:51.662834 np0000186711 devstack@neutron-api.service[101837]: DEBUG ovsdbapp.backend.ovs_idl.event [None req-2c7a50d3-2c06-436d-9c5a-a31d999d00c0 None None] Matched UPDATE: ChassisAgentWriteEvent(events=('create', 'update'), table='Chassis_Private', conditions=None, old_conditions=None), priority=20 to row=Chassis_Private(uuid=dc76a60c-ffd5-4c65-bcb4-d74985658d1a, chassis=3cb00769-f3ba-46ae-b0f7-129f2b9950ac, external_ids={'neutron:ovn-bridge': 'br-int', 'neutron:ovn-neutron-agent-id': '25328aec-ea43-558f-a96d-4296eb8d0fa9', 'neutron:ovn-neutron-agent-sb-cfg': '2'}, name='e4d572df-00ce-4ef1-898f-1547a0582966', nb_cfg=3, nb_cfg_timestamp=1784941071657) old=Chassis_Private(uuid=dc76a60c-ffd5-4c65-bcb4-d74985658d1a, nb_cfg=2, nb_cfg_timestamp=1784940988324) {{(pid=101837) matches /opt/stack/data/venv/lib/python3.12/site-packages/ovsdbapp/backend/ovs_idl/event.py:55}}
Jul 25 00:57:51.664159 np0000186711 devstack@neutron-api.service[101835]: DEBUG neutron.plugins.ml2.drivers.ovn.mech_driver.ovsdb.ovsdb_monitor [None req-d7efd5cd-fc35-459a-baf4-8233dee264cf None None] Hash Ring: Node aee5e5d287a7553fa52f9174d619685e (host: np0000186711) handling event "update" for row 48b261d1-82bf-45fe-a365-71f61e991766 (table: NB_Global) {{(pid=101835) notify /opt/stack/neutron/neutron/plugins/ml2/drivers/ovn/mech_driver/ovsdb/ovsdb_monitor.py:1013}}
Jul 25 00:57:51.667171 np0000186711 devstack@neutron-api.service[101836]: DEBUG ovsdbapp.backend.ovs_idl.event [None req-b67df3a0-5d2a-4b50-929d-50d27630544b None None] Matched UPDATE: ChassisAgentWriteEvent(events=('create', 'update'), table='Chassis_Private', conditions=None, old_conditions=None), priority=20 to row=Chassis_Private(uuid=dc76a60c-ffd5-4c65-bcb4-d74985658d1a, chassis=3cb00769-f3ba-46ae-b0f7-129f2b9950ac, external_ids={'neutron:ovn-bridge': 'br-int', 'neutron:ovn-neutron-agent-id': '25328aec-ea43-558f-a96d-4296eb8d0fa9', 'neutron:ovn-neutron-agent-sb-cfg': '2'}, name='e4d572df-00ce-4ef1-898f-1547a0582966', nb_cfg=3, nb_cfg_timestamp=1784941071657) old=Chassis_Private(uuid=dc76a60c-ffd5-4c65-bcb4-d74985658d1a, nb_cfg=2, nb_cfg_timestamp=1784940988324) {{(pid=101836) matches /opt/stack/data/venv/lib/python3.12/site-packages/ovsdbapp/backend/ovs_idl/event.py:55}}
Jul 25 00:57:51.667913 np0000186711 devstack@neutron-api.service[101835]: DEBUG neutron.plugins.ml2.drivers.ovn.mech_driver.ovsdb.ovsdb_monitor [None req-d7efd5cd-fc35-459a-baf4-8233dee264cf None None] Hash Ring: Node aee5e5d287a7553fa52f9174d619685e (host: np0000186711) handling event "update" for row 48b261d1-82bf-45fe-a365-71f61e991766 (table: NB_Global) {{(pid=101835) notify /opt/stack/neutron/neutron/plugins/ml2/drivers/ovn/mech_driver/ovsdb/ovsdb_monitor.py:1013}}
Jul 25 00:57:51.669930 np0000186711 devstack@neutron-api.service[101835]: DEBUG neutron.plugins.ml2.drivers.ovn.mech_driver.ovsdb.ovsdb_monitor [None req-d7efd5cd-fc35-459a-baf4-8233dee264cf None None] Hash Ring: Node aee5e5d287a7553fa52f9174d619685e (host: np0000186711) handling event "update" for row 48b261d1-82bf-45fe-a365-71f61e991766 (table: NB_Global) {{(pid=101835) notify /opt/stack/neutron/neutron/plugins/ml2/drivers/ovn/mech_driver/ovsdb/ovsdb_monitor.py:1013}}
Jul 25 00:57:51.671597 np0000186711 devstack@neutron-api.service[101837]: DEBUG neutron.common.ovn.hash_ring_manager [None req-2c7a50d3-2c06-436d-9c5a-a31d999d00c0 None None] Hash Ring loaded. 4 active nodes. 0 offline nodes {{(pid=101837) _load_hash_ring /opt/stack/neutron/neutron/common/ovn/hash_ring_manager.py:110}}
Jul 25 00:57:51.672193 np0000186711 devstack@neutron-api.service[101838]: DEBUG neutron.common.ovn.hash_ring_manager [None req-eb3ccaad-c3fd-47e7-a1ca-cb4f105a1e20 None None] Hash Ring loaded. 4 active nodes. 0 offline nodes {{(pid=101838) _load_hash_ring /opt/stack/neutron/neutron/common/ovn/hash_ring_manager.py:110}}
Jul 25 00:57:51.672433 np0000186711 devstack@neutron-api.service[101838]: DEBUG neutron.plugins.ml2.drivers.ovn.mech_driver.ovsdb.ovsdb_monitor [None req-eb3ccaad-c3fd-47e7-a1ca-cb4f105a1e20 None None] Hash Ring: Node 0839a07be1c25b25972f843794c73ef1 (host: np0000186711) handling event "update" for row dc76a60c-ffd5-4c65-bcb4-d74985658d1a (table: Chassis_Private) {{(pid=101838) notify /opt/stack/neutron/neutron/plugins/ml2/drivers/ovn/mech_driver/ovsdb/ovsdb_monitor.py:1013}}
Jul 25 00:57:51.675377 np0000186711 devstack@neutron-api.service[101835]: DEBUG neutron.common.ovn.hash_ring_manager [None req-1924eb43-17f6-47fe-bab8-2d776f97eaa3 None None] Hash Ring loaded. 4 active nodes. 0 offline nodes {{(pid=101835) _load_hash_ring /opt/stack/neutron/neutron/common/ovn/hash_ring_manager.py:110}}
Jul 25 00:57:51.682140 np0000186711 devstack@neutron-api.service[101836]: DEBUG neutron.common.ovn.hash_ring_manager [None req-b67df3a0-5d2a-4b50-929d-50d27630544b None None] Hash Ring loaded. 4 active nodes. 0 offline nodes {{(pid=101836) _load_hash_ring /opt/stack/neutron/neutron/common/ovn/hash_ring_manager.py:110}}
Jul 25 00:57:51.708669 np0000186711 devstack@neutron-api.service[101836]: DEBUG neutron.plugins.ml2.drivers.helpers [None req-879b7a1b-467d-48d0-a63c-2bf8fba4ae6b admin admin] geneve segment allocate from pool success with {'geneve_vni': 25748} {{(pid=101836) allocate_partially_specified_segment /opt/stack/neutron/neutron/plugins/ml2/drivers/helpers.py:142}}
Jul 25 00:57:51.715786 np0000186711 devstack@neutron-api.service[101836]: DEBUG neutron_lib.callbacks.manager [None req-879b7a1b-467d-48d0-a63c-2bf8fba4ae6b admin admin] Publish callbacks ['neutron.services.segments.db._add_segment_host_mapping_for_segment-7854681663008', 'neutron.plugins.ml2.plugin.Ml2Plugin._handle_segment_change-15072587'] for segment (30a939a4-7150-4032-98d5-b6541cac59c8), precommit_create {{(pid=101836) _notify_loop /opt/stack/data/venv/lib/python3.12/site-packages/neutron_lib/callbacks/manager.py:184}}
Jul 25 00:57:51.715920 np0000186711 devstack@neutron-api.service[101836]: INFO neutron.db.segments_db [None req-879b7a1b-467d-48d0-a63c-2bf8fba4ae6b admin admin] Added segment 30a939a4-7150-4032-98d5-b6541cac59c8 of type geneve for network 1bd38ba8-5eb0-404c-9ed3-03491c09ce20
Jul 25 00:57:51.727253 np0000186711 devstack@neutron-api.service[101836]: DEBUG neutron_lib.callbacks.manager [None req-879b7a1b-467d-48d0-a63c-2bf8fba4ae6b admin admin] Publish callbacks ['neutron.services.auto_allocate.db._ensure_external_network_default_value_callback-7854679033870'] for network (1bd38ba8-5eb0-404c-9ed3-03491c09ce20), precommit_create {{(pid=101836) _notify_loop /opt/stack/data/venv/lib/python3.12/site-packages/neutron_lib/callbacks/manager.py:184}}
Jul 25 00:57:51.736658 np0000186711 devstack@neutron-api.service[101836]: DEBUG neutron.plugins.ml2.drivers.ovn.mech_driver.mech_driver [None req-879b7a1b-467d-48d0-a63c-2bf8fba4ae6b admin admin] Validating network segment with type geneve, segmentation ID 25748, physical network None {{(pid=101836) _validate_network_segments /opt/stack/neutron/neutron/plugins/ml2/drivers/ovn/mech_driver/mech_driver.py:646}}
Jul 25 00:57:51.736735 np0000186711 devstack@neutron-api.service[101836]: DEBUG neutron.db.ovn_revision_numbers_db [None req-879b7a1b-467d-48d0-a63c-2bf8fba4ae6b admin admin] create_initial_revision uuid=1bd38ba8-5eb0-404c-9ed3-03491c09ce20, type=networks, rev=-1 {{(pid=101836) create_initial_revision /opt/stack/neutron/neutron/db/ovn_revision_numbers_db.py:98}}
