Jul 25 00:54:23.402577 np0000186711 devstack@neutron-api.service[101835]: DEBUG oslo_concurrency.processutils [None req-47c1a46b-a7f3-499a-af5f-dbd8b91805f8 None None] Running cmd (subprocess): ovsdb-client transact ssl:199.204.45.38:6641 --timeout 180 -p /opt/stack/data/CA/int-ca/private/devstack-cert.key -c /opt/stack/data/CA/int-ca/devstack-cert.crt -C /opt/stack/data/CA/int-ca/ca-chain.pem ["OVN_Northbound", {"op": "wait", "timeout": 0, "table": "Port_Group", "where": [["name", "==", "pvlan_pg_drop"]], "until": "==", "rows": []}, {"op": "insert", "table": "ACL", "row": {"action": "drop", "direction": "to-lport", "match": "outport == @pvlan_pg_drop && ip", "priority": 1010}, "uuid-name": "pvlandroptoport"}, {"op": "insert", "table": "ACL", "row": {"action": "drop", "direction": "from-lport", "match": "inport == @pvlan_pg_drop && ip", "priority": 1010}, "uuid-name": "pvlandropfromport"}, {"op": "insert", "table": "Port_Group", "row": {"name": "pvlan_pg_drop", "acls": ["set", [["named-uuid", "pvlandroptoport"], ["named-uuid", "pvlandropfromport"]]]}}] {{(pid=101835) execute /opt/stack/data/venv/lib/python3.12/site-packages/oslo_concurrency/processutils.py:440}}
Jul 25 00:54:23.406611 np0000186711 devstack@neutron-api.service[101836]: DEBUG neutron.common.ovn.hash_ring_manager [None req-2db97f4d-9d62-44fd-81fe-79aad0b75bbe None None] Hash Ring loaded. 4 active nodes. 0 offline nodes {{(pid=101836) _load_hash_ring /opt/stack/neutron/neutron/common/ovn/hash_ring_manager.py:110}}
Jul 25 00:54:23.408076 np0000186711 devstack@neutron-api.service[101836]: DEBUG ovsdbapp.backend.ovs_idl.event [None req-2db97f4d-9d62-44fd-81fe-79aad0b75bbe None None] Matched CREATE: ChassisOVNAgentWriteEvent(events=('create', 'update'), table='Chassis_Private', conditions=None, old_conditions=None), priority=20 to row=Chassis_Private(uuid=dc76a60c-ffd5-4c65-bcb4-d74985658d1a, chassis=3cb00769-f3ba-46ae-b0f7-129f2b9950ac, external_ids={'neutron:ovn-bridge': 'br-int', 'neutron:ovn-neutron-agent-id': '25328aec-ea43-558f-a96d-4296eb8d0fa9', 'neutron:ovn-neutron-agent-sb-cfg': '0'}, name='e4d572df-00ce-4ef1-898f-1547a0582966', nb_cfg=0, nb_cfg_timestamp=0) old= {{(pid=101836) matches /opt/stack/data/venv/lib/python3.12/site-packages/ovsdbapp/backend/ovs_idl/event.py:55}}
Jul 25 00:54:23.408910 np0000186711 devstack@neutron-api.service[101836]: DEBUG ovsdbapp.backend.ovs_idl.event [None req-2db97f4d-9d62-44fd-81fe-79aad0b75bbe None None] Matched CREATE: ChassisAgentWriteEvent(events=('create', 'update'), table='Chassis_Private', conditions=None, old_conditions=None), priority=20 to row=Chassis_Private(uuid=dc76a60c-ffd5-4c65-bcb4-d74985658d1a, chassis=3cb00769-f3ba-46ae-b0f7-129f2b9950ac, external_ids={'neutron:ovn-bridge': 'br-int', 'neutron:ovn-neutron-agent-id': '25328aec-ea43-558f-a96d-4296eb8d0fa9', 'neutron:ovn-neutron-agent-sb-cfg': '0'}, name='e4d572df-00ce-4ef1-898f-1547a0582966', nb_cfg=0, nb_cfg_timestamp=0) old= {{(pid=101836) matches /opt/stack/data/venv/lib/python3.12/site-packages/ovsdbapp/backend/ovs_idl/event.py:55}}
Jul 25 00:54:23.410073 np0000186711 devstack@neutron-api.service[101836]: DEBUG neutron.plugins.ml2.drivers.ovn.mech_driver.ovsdb.ovsdb_monitor [None req-2db97f4d-9d62-44fd-81fe-79aad0b75bbe None None] Hash Ring: Node bc1ae443db3e582abcec744176d2bacd (host: np0000186711) handling event "create" for row b6715460-7f95-4111-86e8-5c05b636616a (table: Encap) {{(pid=101836) notify /opt/stack/neutron/neutron/plugins/ml2/drivers/ovn/mech_driver/ovsdb/ovsdb_monitor.py:1013}}
Jul 25 00:54:23.412870 np0000186711 devstack@neutron-api.service[101836]: INFO neutron.plugins.ml2.drivers.ovn.mech_driver.mech_driver [None req-2db97f4d-9d62-44fd-81fe-79aad0b75bbe None None] WorkerService process has finished the post initialization
Jul 25 00:54:23.413496 np0000186711 devstack@neutron-api.service[101836]: DEBUG oslo_concurrency.processutils [None req-2db97f4d-9d62-44fd-81fe-79aad0b75bbe None None] Running cmd (subprocess): ovsdb-client transact ssl:199.204.45.38:6641 --timeout 180 -p /opt/stack/data/CA/int-ca/private/devstack-cert.key -c /opt/stack/data/CA/int-ca/devstack-cert.crt -C /opt/stack/data/CA/int-ca/ca-chain.pem ["OVN_Northbound", {"op": "wait", "timeout": 0, "table": "Port_Group", "where": [["name", "==", "pvlan_pg_drop"]], "until": "==", "rows": []}, {"op": "insert", "table": "ACL", "row": {"action": "drop", "direction": "to-lport", "match": "outport == @pvlan_pg_drop && ip", "priority": 1010}, "uuid-name": "pvlandroptoport"}, {"op": "insert", "table": "ACL", "row": {"action": "drop", "direction": "from-lport", "match": "inport == @pvlan_pg_drop && ip", "priority": 1010}, "uuid-name": "pvlandropfromport"}, {"op": "insert", "table": "Port_Group", "row": {"name": "pvlan_pg_drop", "acls": ["set", [["named-uuid", "pvlandroptoport"], ["named-uuid", "pvlandropfromport"]]]}}] {{(pid=101836) execute /opt/stack/data/venv/lib/python3.12/site-packages/oslo_concurrency/processutils.py:440}}
Jul 25 00:54:23.434718 np0000186711 devstack@neutron-api.service[101835]: DEBUG oslo_concurrency.processutils [None req-47c1a46b-a7f3-499a-af5f-dbd8b91805f8 None None] CMD "ovsdb-client transact ssl:199.204.45.38:6641 --timeout 180 -p /opt/stack/data/CA/int-ca/private/devstack-cert.key -c /opt/stack/data/CA/int-ca/devstack-cert.crt -C /opt/stack/data/CA/int-ca/ca-chain.pem ["OVN_Northbound", {"op": "wait", "timeout": 0, "table": "Port_Group", "where": [["name", "==", "pvlan_pg_drop"]], "until": "==", "rows": []}, {"op": "insert", "table": "ACL", "row": {"action": "drop", "direction": "to-lport", "match": "outport == @pvlan_pg_drop && ip", "priority": 1010}, "uuid-name": "pvlandroptoport"}, {"op": "insert", "table": "ACL", "row": {"action": "drop", "direction": "from-lport", "match": "inport == @pvlan_pg_drop && ip", "priority": 1010}, "uuid-name": "pvlandropfromport"}, {"op": "insert", "table": "Port_Group", "row": {"name": "pvlan_pg_drop", "acls": ["set", [["named-uuid", "pvlandroptoport"], ["named-uuid", "pvlandropfromport"]]]}}]" returned: 0 in 0.032s {{(pid=101835) execute /opt/stack/data/venv/lib/python3.12/site-packages/oslo_concurrency/processutils.py:468}}
Jul 25 00:54:23.438298 np0000186711 devstack@neutron-api.service[101835]: WSGI app 0 (mountpoint='') ready in 7 seconds on interpreter 0x724cff0a4668 pid: 101835 (default app)
Jul 25 00:54:23.451464 np0000186711 devstack@neutron-api.service[101836]: DEBUG oslo_concurrency.processutils [None req-2db97f4d-9d62-44fd-81fe-79aad0b75bbe None None] CMD "ovsdb-client transact ssl:199.204.45.38:6641 --timeout 180 -p /opt/stack/data/CA/int-ca/private/devstack-cert.key -c /opt/stack/data/CA/int-ca/devstack-cert.crt -C /opt/stack/data/CA/int-ca/ca-chain.pem ["OVN_Northbound", {"op": "wait", "timeout": 0, "table": "Port_Group", "where": [["name", "==", "pvlan_pg_drop"]], "until": "==", "rows": []}, {"op": "insert", "table": "ACL", "row": {"action": "drop", "direction": "to-lport", "match": "outport == @pvlan_pg_drop && ip", "priority": 1010}, "uuid-name": "pvlandroptoport"}, {"op": "insert", "table": "ACL", "row": {"action": "drop", "direction": "from-lport", "match": "inport == @pvlan_pg_drop && ip", "priority": 1010}, "uuid-name": "pvlandropfromport"}, {"op": "insert", "table": "Port_Group", "row": {"name": "pvlan_pg_drop", "acls": ["set", [["named-uuid", "pvlandroptoport"], ["named-uuid", "pvlandropfromport"]]]}}]" returned: 0 in 0.037s {{(pid=101836) execute /opt/stack/data/venv/lib/python3.12/site-packages/oslo_concurrency/processutils.py:468}}
Jul 25 00:54:23.455054 np0000186711 devstack@neutron-api.service[101836]: WSGI app 0 (mountpoint='') ready in 7 seconds on interpreter 0x724cff0a4668 pid: 101836 (default app)
Jul 25 00:54:25.836567 np0000186711 devstack@neutron-api.service[101836]: DEBUG neutron.plugins.ml2.drivers.ovn.mech_driver.ovsdb.ovsdb_monitor [-] Hash Ring: Node bc1ae443db3e582abcec744176d2bacd (host: np0000186711) handling event "update" for row 7e28d14b-1fc9-4870-a7fa-f7f44c3fce31 (table: Connection) {{(pid=101836) notify /opt/stack/neutron/neutron/plugins/ml2/drivers/ovn/mech_driver/ovsdb/ovsdb_monitor.py:1013}}
Jul 25 00:54:25.837187 np0000186711 devstack@neutron-api.service[101837]: DEBUG neutron.plugins.ml2.drivers.ovn.mech_driver.ovsdb.ovsdb_monitor [-] Hash Ring: Node bb7e0f81cad75930ba14b1a9afcec486 (host: np0000186711) handling event "update" for row 7e28d14b-1fc9-4870-a7fa-f7f44c3fce31 (table: Connection) {{(pid=101837) notify /opt/stack/neutron/neutron/plugins/ml2/drivers/ovn/mech_driver/ovsdb/ovsdb_monitor.py:1013}}
Jul 25 00:54:29.106451 np0000186711 devstack@neutron-api.service[101837]: DEBUG neutron.api.wsgi [None req-f60db345-98c4-4505-a46c-5ce3b5fe749b admin admin] Missing Content-Type {{(pid=101837) get_content_type /opt/stack/neutron/neutron/api/wsgi.py:80}}
Jul 25 00:54:29.107146 np0000186711 devstack@neutron-api.service[101837]: DEBUG neutron.api.wsgi [None req-f60db345-98c4-4505-a46c-5ce3b5fe749b admin admin] https://199.204.45.38/networking/v2.0/extensions returned with HTTP 200 {{(pid=101837) __call__ /opt/stack/neutron/neutron/api/wsgi.py:540}}
Jul 25 00:54:29.107146 np0000186711 devstack@neutron-api.service[101837]: [pid: 101837|app: 0|req: 2/2] 199.204.45.38 () {64 vars in 1316 bytes} [Sat Jul 25 00:54:28 2026] GET /networking/v2.0/extensions => generated 16171 bytes in 437 msecs (HTTP/1.1 200) 4 headers in 159 bytes (1 switches on core 0)
Jul 25 00:54:29.517462 np0000186711 devstack@neutron-api.service[101838]: DEBUG neutron.api.v2.base [None req-5388472a-2c0f-4de6-b078-cd502553001e admin admin] Request body: {'subnetpool': {'is_default': True, 'prefixes': ['10.1.0.0/20'], 'name': 'shared-default-subnetpool-v4', 'default_prefixlen': 26, 'shared': True}} {{(pid=101838) prepare_request_body /opt/stack/neutron/neutron/api/v2/base.py:727}}
Jul 25 00:54:29.703718 np0000186711 devstack@neutron-api.service[101838]: DEBUG neutron.policy [None req-5388472a-2c0f-4de6-b078-cd502553001e admin admin] Loaded default policies from ['neutron'] under neutron.policies entry points {{(pid=101838) register_rules /opt/stack/neutron/neutron/policy.py:65}}
Jul 25 00:54:29.851755 np0000186711 devstack@neutron-api.service[101838]: DEBUG neutron_lib.callbacks.manager [None req-5388472a-2c0f-4de6-b078-cd502553001e admin admin] Publish callbacks ['neutron.objects.securitygroup.RbacNeutronDbObjectMixin.validate_rbac_policy_change-3263469778117', 'neutron.objects.address_group.RbacNeutronDbObjectMixin.validate_rbac_policy_change-3263469726554', 'neutron.objects.network.RbacNeutronDbObjectMixin.validate_rbac_policy_change-3263469740931', 'neutron.objects.qos.policy.RbacNeutronDbObjectMixin.validate_rbac_policy_change-3263469819526', 'neutron.objects.subnetpool.RbacNeutronDbObjectMixin.validate_rbac_policy_change-3263469828737', 'neutron.objects.address_scope.RbacNeutronDbObjectMixin.validate_rbac_policy_change-3263469828210', 'neutron.plugins.ml2.plugin.External_net_db_mixin._process_ext_policy_create-209252', 'neutron.plugins.ml2.plugin.NeutronDbPluginV2.validate_network_rbac_policy_change-225596'] for rbac-policy (None), before_create {{(pid=101838) _notify_loop /opt/stack/data/venv/lib/python3.12/site-packages/neutron_lib/callbacks/manager.py:184}}
Jul 25 00:54:29.903953 np0000186711 devstack@neutron-api.service[101838]: DEBUG neutron_lib.callbacks.manager [None req-5388472a-2c0f-4de6-b078-cd502553001e admin admin] Publish callbacks [] for subnetpool (None), before_response {{(pid=101838) _notify_loop /opt/stack/data/venv/lib/python3.12/site-packages/neutron_lib/callbacks/manager.py:184}}
Jul 25 00:54:29.905250 np0000186711 devstack@neutron-api.service[101838]: [pid: 101838|app: 0|req: 1/3] 199.204.45.38 () {68 vars in 1360 bytes} [Sat Jul 25 00:54:29 2026] POST /networking/v2.0/subnetpools => generated 533 bytes in 501 msecs (HTTP/1.1 201) 4 headers in 162 bytes (1 switches on core 0)
Jul 25 00:54:30.238629 np0000186711 devstack@neutron-api.service[101835]: DEBUG neutron.api.v2.base [None req-a19c5cdc-d8e3-4e09-872e-358210b87cf4 admin admin] Request body: {'subnetpool': {'is_default': True, 'prefixes': ['fd00:9f47:27ad::/56'], 'name': 'shared-default-subnetpool-v6', 'default_prefixlen': 64, 'shared': True}} {{(pid=101835) prepare_request_body /opt/stack/neutron/neutron/api/v2/base.py:727}}
Jul 25 00:54:30.399652 np0000186711 devstack@neutron-api.service[101835]: DEBUG neutron.policy [None req-a19c5cdc-d8e3-4e09-872e-358210b87cf4 admin admin] Loaded default policies from ['neutron'] under neutron.policies entry points {{(pid=101835) register_rules /opt/stack/neutron/neutron/policy.py:65}}
Jul 25 00:54:30.549083 np0000186711 devstack@neutron-api.service[101835]: DEBUG neutron_lib.callbacks.manager [None req-a19c5cdc-d8e3-4e09-872e-358210b87cf4 admin admin] Publish callbacks ['neutron.objects.securitygroup.RbacNeutronDbObjectMixin.validate_rbac_policy_change-3263469839928', 'neutron.objects.address_group.RbacNeutronDbObjectMixin.validate_rbac_policy_change-3263469689524', 'neutron.objects.network.RbacNeutronDbObjectMixin.validate_rbac_policy_change-3263469743541', 'neutron.objects.qos.policy.RbacNeutronDbObjectMixin.validate_rbac_policy_change-3263469746925', 'neutron.objects.subnetpool.RbacNeutronDbObjectMixin.validate_rbac_policy_change-3263469737765', 'neutron.objects.address_scope.RbacNeutronDbObjectMixin.validate_rbac_policy_change-3263469725802', 'neutron.plugins.ml2.plugin.External_net_db_mixin._process_ext_policy_create-2070660', 'neutron.plugins.ml2.plugin.NeutronDbPluginV2.validate_network_rbac_policy_change-2077932'] for rbac-policy (None), before_create {{(pid=101835) _notify_loop /opt/stack/data/venv/lib/python3.12/site-packages/neutron_lib/callbacks/manager.py:184}}
Jul 25 00:54:30.593968 np0000186711 devstack@neutron-api.service[101835]: DEBUG neutron_lib.callbacks.manager [None req-a19c5cdc-d8e3-4e09-872e-358210b87cf4 admin admin] Publish callbacks [] for subnetpool (None), before_response {{(pid=101835) _notify_loop /opt/stack/data/venv/lib/python3.12/site-packages/neutron_lib/callbacks/manager.py:184}}
Jul 25 00:54:30.594631 np0000186711 devstack@neutron-api.service[101835]: [pid: 101835|app: 0|req: 1/4] 199.204.45.38 () {68 vars in 1360 bytes} [Sat Jul 25 00:54:30 2026] POST /networking/v2.0/subnetpools => generated 543 bytes in 472 msecs (HTTP/1.1 201) 4 headers in 162 bytes (1 switches on core 0)
Jul 25 00:54:31.028765 np0000186711 devstack@neutron-api.service[101836]: DEBUG neutron.api.v2.base [None req-843927cd-71c3-425d-a0f6-39dc82d84041 admin admin] Request body: {'network': {'admin_state_up': True, 'name': 'private'}} {{(pid=101836) prepare_request_body /opt/stack/neutron/neutron/api/v2/base.py:727}}
Jul 25 00:54:31.064098 np0000186711 devstack@neutron-api.service[101836]: DEBUG neutron.pecan_wsgi.hooks.quota_enforcement [None req-843927cd-71c3-425d-a0f6-39dc82d84041 admin admin] Made reservation on behalf of a9983e3f32074fb2b6bde5984c1c99b0 for: {'network': 1} {{(pid=101836) before /opt/stack/neutron/neutron/pecan_wsgi/hooks/quota_enforcement.py:66}}
Jul 25 00:54:31.220074 np0000186711 devstack@neutron-api.service[101836]: DEBUG neutron.policy [None req-843927cd-71c3-425d-a0f6-39dc82d84041 admin admin] Loaded default policies from ['neutron'] under neutron.policies entry points {{(pid=101836) register_rules /opt/stack/neutron/neutron/policy.py:65}}
Jul 25 00:54:31.318797 np0000186711 devstack@neutron-api.service[101836]: DEBUG neutron_lib.callbacks.manager [None req-843927cd-71c3-425d-a0f6-39dc82d84041 admin admin] Publish callbacks ['neutron.plugins.ml2.plugin.SecurityGroupDbMixin._ensure_default_security_group_handler-1689895'] for network (None), before_create {{(pid=101836) _notify_loop /opt/stack/data/venv/lib/python3.12/site-packages/neutron_lib/callbacks/manager.py:184}}
Jul 25 00:54:31.349333 np0000186711 devstack@neutron-api.service[101836]: DEBUG neutron_lib.callbacks.manager [None req-843927cd-71c3-425d-a0f6-39dc82d84041 admin admin] Publish callbacks [] for security_group (None), before_create {{(pid=101836) _notify_loop /opt/stack/data/venv/lib/python3.12/site-packages/neutron_lib/callbacks/manager.py:184}}
Jul 25 00:54:31.465337 np0000186711 devstack@neutron-api.service[101836]: DEBUG neutron_lib.callbacks.manager [None req-843927cd-71c3-425d-a0f6-39dc82d84041 admin admin] Publish callbacks ['neutron.plugins.ml2.drivers.ovn.mech_driver.mech_driver.OVNMechanismDriver._create_security_group_precommit-16567500'] for security_group (522b0789-4113-4715-afa9-c4314263a3e6), precommit_create {{(pid=101836) _notify_loop /opt/stack/data/venv/lib/python3.12/site-packages/neutron_lib/callbacks/manager.py:184}}
Jul 25 00:54:31.465618 np0000186711 devstack@neutron-api.service[101836]: DEBUG neutron.db.ovn_revision_numbers_db [None req-843927cd-71c3-425d-a0f6-39dc82d84041 admin admin] create_initial_revision uuid=522b0789-4113-4715-afa9-c4314263a3e6, type=security_groups, rev=-1 {{(pid=101836) create_initial_revision /opt/stack/neutron/neutron/db/ovn_revision_numbers_db.py:98}}
Jul 25 00:54:31.467663 np0000186711 devstack@neutron-api.service[101836]: DEBUG neutron.db.ovn_revision_numbers_db [None req-843927cd-71c3-425d-a0f6-39dc82d84041 admin admin] create_initial_revision uuid=4eea82a5-96f0-4071-955d-7b554e6ded7c, type=security_group_rules, rev=-1 {{(pid=101836) create_initial_revision /opt/stack/neutron/neutron/db/ovn_revision_numbers_db.py:98}}
Jul 25 00:54:31.468841 np0000186711 devstack@neutron-api.service[101836]: DEBUG neutron.db.ovn_revision_numbers_db [None req-843927cd-71c3-425d-a0f6-39dc82d84041 admin admin] create_initial_revision uuid=8fc1171d-88ab-4b5c-bf03-ad7f6f7c0e23, type=security_group_rules, rev=-1 {{(pid=101836) create_initial_revision /opt/stack/neutron/neutron/db/ovn_revision_numbers_db.py:98}}
Jul 25 00:54:31.469835 np0000186711 devstack@neutron-api.service[101836]: DEBUG neutron.db.ovn_revision_numbers_db [None req-843927cd-71c3-425d-a0f6-39dc82d84041 admin admin] create_initial_revision uuid=9b370914-b008-408b-b9a8-f5e54f6abb78, type=security_group_rules, rev=-1 {{(pid=101836) create_initial_revision /opt/stack/neutron/neutron/db/ovn_revision_numbers_db.py:98}}
Jul 25 00:54:31.470928 np0000186711 devstack@neutron-api.service[101836]: DEBUG neutron.db.ovn_revision_numbers_db [None req-843927cd-71c3-425d-a0f6-39dc82d84041 admin admin] create_initial_revision uuid=e089c57c-f676-4b1f-b62f-dfc244204271, type=security_group_rules, rev=-1 {{(pid=101836) create_initial_revision /opt/stack/neutron/neutron/db/ovn_revision_numbers_db.py:98}}
Jul 25 00:54:31.477985 np0000186711 devstack@neutron-api.service[101836]: DEBUG neutron_lib.callbacks.manager [None req-843927cd-71c3-425d-a0f6-39dc82d84041 admin admin] Publish callbacks ['neutron.plugins.ml2.drivers.ovn.mech_driver.mech_driver.OVNMechanismDriver._create_security_group-16567494', 'neutron.plugins.ml2.ovo_rpc._ObjectChangeHandler.handle_event-15400552'] for security_group (522b0789-4113-4715-afa9-c4314263a3e6), after_create {{(pid=101836) _notify_loop /opt/stack/data/venv/lib/python3.12/site-packages/neutron_lib/callbacks/manager.py:184}}
Jul 25 00:54:31.478191 np0000186711 devstack@neutron-api.service[101836]: INFO neutron.plugins.ml2.drivers.ovn.mech_driver.ovsdb.extensions.qos [None req-843927cd-71c3-425d-a0f6-39dc82d84041 admin admin] Starting OVNClientQosExtension
Jul 25 00:54:31.478304 np0000186711 devstack@neutron-api.service[101836]: INFO neutron.plugins.ml2.drivers.ovn.mech_driver.ovsdb.extensions.placement [None req-843927cd-71c3-425d-a0f6-39dc82d84041 admin admin] Starting OVNClientPlacementExtension
Jul 25 00:54:31.479821 np0000186711 devstack@neutron-api.service[101836]: DEBUG ovsdbapp.backend.ovs_idl.transaction [-] Running txn n=1 command(idx=0): PgAddCommand(_result=None, name=pg_522b0789_4113_4715_afa9_c4314263a3e6, may_exist=False, columns={'acls': [], 'external_ids': {'neutron:security_group_id': '522b0789-4113-4715-afa9-c4314263a3e6'}}) {{(pid=101836) do_commit /opt/stack/data/venv/lib/python3.12/site-packages/ovsdbapp/backend/ovs_idl/transaction.py:89}}
Jul 25 00:54:31.487055 np0000186711 devstack@neutron-api.service[101836]: DEBUG ovsdbapp.backend.ovs_idl.transaction [-] Running txn n=1 command(idx=1): PgAclAddCommand(_result=None, entity=pg_522b0789_4113_4715_afa9_c4314263a3e6, direction=from-lport, priority=1002, match=inport == @pg_522b0789_4113_4715_afa9_c4314263a3e6 && ip6, action=allow-related, log=False, may_exist=True, severity=[], name=[], meter=[], external_ids={'neutron:security_group_rule_id': '4eea82a5-96f0-4071-955d-7b554e6ded7c'}) {{(pid=101836) do_commit /opt/stack/data/venv/lib/python3.12/site-packages/ovsdbapp/backend/ovs_idl/transaction.py:89}}
Jul 25 00:54:31.487516 np0000186711 devstack@neutron-api.service[101836]: DEBUG ovsdbapp.backend.ovs_idl.transaction [-] Running txn n=1 command(idx=2): PgAclAddCommand(_result=None, entity=pg_522b0789_4113_4715_afa9_c4314263a3e6, direction=from-lport, priority=1002, match=inport == @pg_522b0789_4113_4715_afa9_c4314263a3e6 && ip4, action=allow-related, log=False, may_exist=True, severity=[], name=[], meter=[], external_ids={'neutron:security_group_rule_id': '8fc1171d-88ab-4b5c-bf03-ad7f6f7c0e23'}) {{(pid=101836) do_commit /opt/stack/data/venv/lib/python3.12/site-packages/ovsdbapp/backend/ovs_idl/transaction.py:89}}
Jul 25 00:54:31.487835 np0000186711 devstack@neutron-api.service[101836]: DEBUG ovsdbapp.backend.ovs_idl.transaction [-] Running txn n=1 command(idx=3): PgAclAddCommand(_result=None, entity=pg_522b0789_4113_4715_afa9_c4314263a3e6, direction=to-lport, priority=1002, match=outport == @pg_522b0789_4113_4715_afa9_c4314263a3e6 && ip6 && ip6.src == $pg_522b0789_4113_4715_afa9_c4314263a3e6_ip6, action=allow-related, log=False, may_exist=True, severity=[], name=[], meter=[], external_ids={'neutron:security_group_rule_id': '9b370914-b008-408b-b9a8-f5e54f6abb78'}) {{(pid=101836) do_commit /opt/stack/data/venv/lib/python3.12/site-packages/ovsdbapp/backend/ovs_idl/transaction.py:89}}
Jul 25 00:54:31.488122 np0000186711 devstack@neutron-api.service[101836]: DEBUG ovsdbapp.backend.ovs_idl.transaction [-] Running txn n=1 command(idx=4): PgAclAddCommand(_result=None, entity=pg_522b0789_4113_4715_afa9_c4314263a3e6, direction=to-lport, priority=1002, match=outport == @pg_522b0789_4113_4715_afa9_c4314263a3e6 && ip4 && ip4.src == $pg_522b0789_4113_4715_afa9_c4314263a3e6_ip4, action=allow-related, log=False, may_exist=True, severity=[], name=[], meter=[], external_ids={'neutron:security_group_rule_id': 'e089c57c-f676-4b1f-b62f-dfc244204271'}) {{(pid=101836) do_commit /opt/stack/data/venv/lib/python3.12/site-packages/ovsdbapp/backend/ovs_idl/transaction.py:89}}
Jul 25 00:54:31.501809 np0000186711 devstack@neutron-api.service[101837]: DEBUG neutron.plugins.ml2.drivers.ovn.mech_driver.ovsdb.ovsdb_monitor [-] Hash Ring: Node bb7e0f81cad75930ba14b1a9afcec486 (host: np0000186711) handling event "create" for row 2f94cbe8-71c7-420f-9a68-bc2cd826253f (table: ACL) {{(pid=101837) notify /opt/stack/neutron/neutron/plugins/ml2/drivers/ovn/mech_driver/ovsdb/ovsdb_monitor.py:1013}}
Jul 25 00:54:31.501809 np0000186711 devstack@neutron-api.service[101837]: DEBUG neutron.plugins.ml2.drivers.ovn.mech_driver.ovsdb.ovsdb_monitor [-] Hash Ring: Node bb7e0f81cad75930ba14b1a9afcec486 (host: np0000186711) handling event "create" for row 3e44db60-640a-4d98-b792-0e8989555973 (table: ACL) {{(pid=101837) notify /opt/stack/neutron/neutron/plugins/ml2/drivers/ovn/mech_driver/ovsdb/ovsdb_monitor.py:1013}}
Jul 25 00:54:31.501809 np0000186711 devstack@neutron-api.service[101837]: DEBUG neutron.plugins.ml2.drivers.ovn.mech_driver.ovsdb.ovsdb_monitor [-] Hash Ring: Node bb7e0f81cad75930ba14b1a9afcec486 (host: np0000186711) handling event "create" for row 49f6ffa0-b2a3-4733-9bc5-3a38f1c861f3 (table: ACL) {{(pid=101837) notify /opt/stack/neutron/neutron/plugins/ml2/drivers/ovn/mech_driver/ovsdb/ovsdb_monitor.py:1013}}
Jul 25 00:54:31.502597 np0000186711 devstack@neutron-api.service[101835]: DEBUG neutron.plugins.ml2.drivers.ovn.mech_driver.ovsdb.ovsdb_monitor [-] Hash Ring: Node aee5e5d287a7553fa52f9174d619685e (host: np0000186711) handling event "create" for row 49f6ffa0-b2a3-4733-9bc5-3a38f1c861f3 (table: ACL) {{(pid=101835) notify /opt/stack/neutron/neutron/plugins/ml2/drivers/ovn/mech_driver/ovsdb/ovsdb_monitor.py:1013}}
Jul 25 00:54:31.502986 np0000186711 devstack@neutron-api.service[101837]: DEBUG neutron.plugins.ml2.drivers.ovn.mech_driver.ovsdb.ovsdb_monitor [-] Hash Ring: Node bb7e0f81cad75930ba14b1a9afcec486 (host: np0000186711) handling event "create" for row 6992705d-b82b-4ac6-b076-450612e6244c (table: ACL) {{(pid=101837) notify /opt/stack/neutron/neutron/plugins/ml2/drivers/ovn/mech_driver/ovsdb/ovsdb_monitor.py:1013}}
Jul 25 00:54:31.503066 np0000186711 devstack@neutron-api.service[101835]: DEBUG neutron.plugins.ml2.drivers.ovn.mech_driver.ovsdb.ovsdb_monitor [-] Hash Ring: Node aee5e5d287a7553fa52f9174d619685e (host: np0000186711) handling event "create" for row 6428a86d-79a7-4375-afd9-e838c87292e8 (table: Port_Group) {{(pid=101835) notify /opt/stack/neutron/neutron/plugins/ml2/drivers/ovn/mech_driver/ovsdb/ovsdb_monitor.py:1013}}
Jul 25 00:54:31.503144 np0000186711 devstack@neutron-api.service[101837]: DEBUG neutron.plugins.ml2.drivers.ovn.mech_driver.ovsdb.ovsdb_monitor [-] Hash Ring: Node bb7e0f81cad75930ba14b1a9afcec486 (host: np0000186711) handling event "create" for row 6428a86d-79a7-4375-afd9-e838c87292e8 (table: Port_Group) {{(pid=101837) notify /opt/stack/neutron/neutron/plugins/ml2/drivers/ovn/mech_driver/ovsdb/ovsdb_monitor.py:1013}}
Jul 25 00:54:31.503184 np0000186711 devstack@neutron-api.service[101838]: DEBUG neutron.plugins.ml2.drivers.ovn.mech_driver.ovsdb.ovsdb_monitor [-] Hash Ring: Node 0839a07be1c25b25972f843794c73ef1 (host: np0000186711) handling event "create" for row 3e44db60-640a-4d98-b792-0e8989555973 (table: ACL) {{(pid=101838) notify /opt/stack/neutron/neutron/plugins/ml2/drivers/ovn/mech_driver/ovsdb/ovsdb_monitor.py:1013}}
Jul 25 00:54:31.503378 np0000186711 devstack@neutron-api.service[101838]: DEBUG neutron.plugins.ml2.drivers.ovn.mech_driver.ovsdb.ovsdb_monitor [-] Hash Ring: Node 0839a07be1c25b25972f843794c73ef1 (host: np0000186711) handling event "create" for row 6992705d-b82b-4ac6-b076-450612e6244c (table: ACL) {{(pid=101838) notify /opt/stack/neutron/neutron/plugins/ml2/drivers/ovn/mech_driver/ovsdb/ovsdb_monitor.py:1013}}
Jul 25 00:54:31.523560 np0000186711 devstack@neutron-api.service[101836]: INFO neutron.db.ovn_revision_numbers_db [None req-843927cd-71c3-425d-a0f6-39dc82d84041 admin admin] Successfully bumped revision number for resource 522b0789-4113-4715-afa9-c4314263a3e6 (type: security_groups) to 1
Jul 25 00:54:31.538020 np0000186711 devstack@neutron-api.service[101836]: INFO neutron.db.ovn_revision_numbers_db [None req-843927cd-71c3-425d-a0f6-39dc82d84041 admin admin] Successfully bumped revision number for resource 4eea82a5-96f0-4071-955d-7b554e6ded7c (type: security_group_rules) to 0
Jul 25 00:54:31.550593 np0000186711 devstack@neutron-api.service[101836]: INFO neutron.db.ovn_revision_numbers_db [None req-843927cd-71c3-425d-a0f6-39dc82d84041 admin admin] Successfully bumped revision number for resource 8fc1171d-88ab-4b5c-bf03-ad7f6f7c0e23 (type: security_group_rules) to 0
Jul 25 00:54:31.561993 np0000186711 devstack@neutron-api.service[101836]: INFO neutron.db.ovn_revision_numbers_db [None req-843927cd-71c3-425d-a0f6-39dc82d84041 admin admin] Successfully bumped revision number for resource 9b370914-b008-408b-b9a8-f5e54f6abb78 (type: security_group_rules) to 0
Jul 25 00:54:31.575488 np0000186711 devstack@neutron-api.service[101836]: INFO neutron.db.ovn_revision_numbers_db [None req-843927cd-71c3-425d-a0f6-39dc82d84041 admin admin] Successfully bumped revision number for resource e089c57c-f676-4b1f-b62f-dfc244204271 (type: security_group_rules) to 0
Jul 25 00:54:31.600418 np0000186711 devstack@neutron-api.service[101836]: DEBUG neutron.api.rpc.handlers.resources_rpc [None req-843927cd-71c3-425d-a0f6-39dc82d84041 admin admin] Pushing event updated for resources: {'SecurityGroup': ['ID=522b0789-4113-4715-afa9-c4314263a3e6,revision_number=1']} {{(pid=101836) push /opt/stack/neutron/neutron/api/rpc/handlers/resources_rpc.py:237}}
Jul 25 00:54:31.607833 np0000186711 devstack@neutron-api.service[101836]: DEBUG ovsdbapp.backend.ovs_idl.transaction [-] Running txn n=1 command(idx=0): CheckLivenessCommand(_result=None) {{(pid=101836) do_commit /opt/stack/data/venv/lib/python3.12/site-packages/ovsdbapp/backend/ovs_idl/transaction.py:89}}
Jul 25 00:54:31.613815 np0000186711 devstack@neutron-api.service[101837]: DEBUG neutron.plugins.ml2.drivers.ovn.mech_driver.ovsdb.ovsdb_monitor [-] Hash Ring: Node bb7e0f81cad75930ba14b1a9afcec486 (host: np0000186711) handling event "update" for row 48b261d1-82bf-45fe-a365-71f61e991766 (table: NB_Global) {{(pid=101837) notify /opt/stack/neutron/neutron/plugins/ml2/drivers/ovn/mech_driver/ovsdb/ovsdb_monitor.py:1013}}
Jul 25 00:54:31.614854 np0000186711 devstack@neutron-api.service[101835]: DEBUG neutron.plugins.ml2.drivers.ovn.mech_driver.ovsdb.ovsdb_monitor [-] Hash Ring: Node aee5e5d287a7553fa52f9174d619685e (host: np0000186711) handling event "update" for row 48b261d1-82bf-45fe-a365-71f61e991766 (table: NB_Global) {{(pid=101835) notify /opt/stack/neutron/neutron/plugins/ml2/drivers/ovn/mech_driver/ovsdb/ovsdb_monitor.py:1013}}
Jul 25 00:54:31.615019 np0000186711 devstack@neutron-api.service[101836]: DEBUG neutron.api.rpc.callbacks.version_manager [None req-843927cd-71c3-425d-a0f6-39dc82d84041 admin admin] Tracked resource versions report:
Jul 25 00:54:31.615019 np0000186711 devstack@neutron-api.service[101836]: pushed versions:
Jul 25 00:54:31.615019 np0000186711 devstack@neutron-api.service[101836]: { 'AddressGroup': {'1.2'},
Jul 25 00:54:31.615019 np0000186711 devstack@neutron-api.service[101836]: 'Agent': {'1.1'},
Jul 25 00:54:31.615019 np0000186711 devstack@neutron-api.service[101836]: 'ConntrackHelper': {'1.0'},
Jul 25 00:54:31.615019 np0000186711 devstack@neutron-api.service[101836]: 'LocalIPAssociation': {'1.0'},
Jul 25 00:54:31.615019 np0000186711 devstack@neutron-api.service[101836]: 'Log': {'1.0'},
Jul 25 00:54:31.615019 np0000186711 devstack@neutron-api.service[101836]: 'NDPProxy': {'1.0'},
Jul 25 00:54:31.615019 np0000186711 devstack@neutron-api.service[101836]: 'Network': {'1.3'},
Jul 25 00:54:31.615019 np0000186711 devstack@neutron-api.service[101836]: 'Port': {'1.11'},
Jul 25 00:54:31.615019 np0000186711 devstack@neutron-api.service[101836]: 'PortForwarding': {'1.3'},
Jul 25 00:54:31.615019 np0000186711 devstack@neutron-api.service[101836]: 'QosPolicy': {'1.10'},
Jul 25 00:54:31.615019 np0000186711 devstack@neutron-api.service[101836]: 'SecurityGroup': {'1.6'},
Jul 25 00:54:31.615019 np0000186711 devstack@neutron-api.service[101836]: 'SecurityGroupRule': {'1.3'},
Jul 25 00:54:31.615019 np0000186711 devstack@neutron-api.service[101836]: 'SubPort': {'1.0'},
Jul 25 00:54:31.615019 np0000186711 devstack@neutron-api.service[101836]: 'Subnet': {'1.2'},
Jul 25 00:54:31.615019 np0000186711 devstack@neutron-api.service[101836]: 'Trunk': {'1.1'}}
Jul 25 00:54:31.615019 np0000186711 devstack@neutron-api.service[101836]: consumer versions:
Jul 25 00:54:31.615019 np0000186711 devstack@neutron-api.service[101836]: {}
Jul 25 00:54:31.615019 np0000186711 devstack@neutron-api.service[101836]: {{(pid=101836) report /opt/stack/neutron/neutron/api/rpc/callbacks/version_manager.py:183}}
Jul 25 00:54:31.616111 np0000186711 devstack@neutron-api.service[101837]: DEBUG ovsdbapp.backend.ovs_idl.event [-] Matched UPDATE: ChassisAgentWriteEvent(events=('create', 'update'), table='Chassis_Private', conditions=None, old_conditions=None), priority=20 to row=Chassis_Private(uuid=dc76a60c-ffd5-4c65-bcb4-d74985658d1a, chassis=3cb00769-f3ba-46ae-b0f7-129f2b9950ac, external_ids={'neutron:ovn-bridge': 'br-int', 'neutron:ovn-neutron-agent-id': '25328aec-ea43-558f-a96d-4296eb8d0fa9', 'neutron:ovn-neutron-agent-sb-cfg': '0'}, name='e4d572df-00ce-4ef1-898f-1547a0582966', nb_cfg=1, nb_cfg_timestamp=1784940871611) old=Chassis_Private(uuid=dc76a60c-ffd5-4c65-bcb4-d74985658d1a, nb_cfg=0, nb_cfg_timestamp=0) {{(pid=101837) matches /opt/stack/data/venv/lib/python3.12/site-packages/ovsdbapp/backend/ovs_idl/event.py:55}}
Jul 25 00:54:31.618308 np0000186711 devstack@neutron-api.service[101835]: DEBUG neutron.plugins.ml2.drivers.ovn.mech_driver.ovsdb.ovsdb_monitor [-] Hash Ring: Node aee5e5d287a7553fa52f9174d619685e (host: np0000186711) handling event "update" for row 48b261d1-82bf-45fe-a365-71f61e991766 (table: NB_Global) {{(pid=101835) notify /opt/stack/neutron/neutron/plugins/ml2/drivers/ovn/mech_driver/ovsdb/ovsdb_monitor.py:1013}}
Jul 25 00:54:31.618376 np0000186711 devstack@neutron-api.service[101838]: DEBUG ovsdbapp.backend.ovs_idl.event [-] Matched UPDATE: ChassisAgentWriteEvent(events=('create', 'update'), table='Chassis_Private', conditions=None, old_conditions=None), priority=20 to row=Chassis_Private(uuid=dc76a60c-ffd5-4c65-bcb4-d74985658d1a, chassis=3cb00769-f3ba-46ae-b0f7-129f2b9950ac, external_ids={'neutron:ovn-bridge': 'br-int', 'neutron:ovn-neutron-agent-id': '25328aec-ea43-558f-a96d-4296eb8d0fa9', 'neutron:ovn-neutron-agent-sb-cfg': '0'}, name='e4d572df-00ce-4ef1-898f-1547a0582966', nb_cfg=1, nb_cfg_timestamp=1784940871611) old=Chassis_Private(uuid=dc76a60c-ffd5-4c65-bcb4-d74985658d1a, nb_cfg=0, nb_cfg_timestamp=0) {{(pid=101838) matches /opt/stack/data/venv/lib/python3.12/site-packages/ovsdbapp/backend/ovs_idl/event.py:55}}
Jul 25 00:54:31.618587 np0000186711 devstack@neutron-api.service[101837]: DEBUG neutron.plugins.ml2.drivers.ovn.mech_driver.ovsdb.ovsdb_monitor [-] Hash Ring: Node bb7e0f81cad75930ba14b1a9afcec486 (host: np0000186711) handling event "update" for row 48b261d1-82bf-45fe-a365-71f61e991766 (table: NB_Global) {{(pid=101837) notify /opt/stack/neutron/neutron/plugins/ml2/drivers/ovn/mech_driver/ovsdb/ovsdb_monitor.py:1013}}
Jul 25 00:54:31.619704 np0000186711 devstack@neutron-api.service[101835]: DEBUG ovsdbapp.backend.ovs_idl.event [-] Matched UPDATE: ChassisAgentWriteEvent(events=('create', 'update'), table='Chassis_Private', conditions=None, old_conditions=None), priority=20 to row=Chassis_Private(uuid=dc76a60c-ffd5-4c65-bcb4-d74985658d1a, chassis=3cb00769-f3ba-46ae-b0f7-129f2b9950ac, external_ids={'neutron:ovn-bridge': 'br-int', 'neutron:ovn-neutron-agent-id': '25328aec-ea43-558f-a96d-4296eb8d0fa9', 'neutron:ovn-neutron-agent-sb-cfg': '0'}, name='e4d572df-00ce-4ef1-898f-1547a0582966', nb_cfg=1, nb_cfg_timestamp=1784940871611) old=Chassis_Private(uuid=dc76a60c-ffd5-4c65-bcb4-d74985658d1a, nb_cfg=0, nb_cfg_timestamp=0) {{(pid=101835) matches /opt/stack/data/venv/lib/python3.12/site-packages/ovsdbapp/backend/ovs_idl/event.py:55}}
Jul 25 00:54:31.620846 np0000186711 devstack@neutron-api.service[101838]: DEBUG neutron.plugins.ml2.drivers.ovn.mech_driver.ovsdb.ovsdb_monitor [-] Hash Ring: Node 0839a07be1c25b25972f843794c73ef1 (host: np0000186711) handling event "update" for row dc76a60c-ffd5-4c65-bcb4-d74985658d1a (table: Chassis_Private) {{(pid=101838) notify /opt/stack/neutron/neutron/plugins/ml2/drivers/ovn/mech_driver/ovsdb/ovsdb_monitor.py:1013}}
Jul 25 00:54:31.620934 np0000186711 devstack@neutron-api.service[101835]: DEBUG neutron.plugins.ml2.drivers.ovn.mech_driver.ovsdb.ovsdb_monitor [-] Hash Ring: Node aee5e5d287a7553fa52f9174d619685e (host: np0000186711) handling event "update" for row 48b261d1-82bf-45fe-a365-71f61e991766 (table: NB_Global) {{(pid=101835) notify /opt/stack/neutron/neutron/plugins/ml2/drivers/ovn/mech_driver/ovsdb/ovsdb_monitor.py:1013}}
Jul 25 00:54:31.621136 np0000186711 devstack@neutron-api.service[101837]: DEBUG neutron.plugins.ml2.drivers.ovn.mech_driver.ovsdb.ovsdb_monitor [-] Hash Ring: Node bb7e0f81cad75930ba14b1a9afcec486 (host: np0000186711) handling event "update" for row 48b261d1-82bf-45fe-a365-71f61e991766 (table: NB_Global) {{(pid=101837) notify /opt/stack/neutron/neutron/plugins/ml2/drivers/ovn/mech_driver/ovsdb/ovsdb_monitor.py:1013}}
Jul 25 00:54:31.621199 np0000186711 devstack@neutron-api.service[101836]: DEBUG ovsdbapp.backend.ovs_idl.event [-] Matched UPDATE: ChassisAgentWriteEvent(events=('create', 'update'), table='Chassis_Private', conditions=None, old_conditions=None), priority=20 to row=Chassis_Private(uuid=dc76a60c-ffd5-4c65-bcb4-d74985658d1a, chassis=3cb00769-f3ba-46ae-b0f7-129f2b9950ac, external_ids={'neutron:ovn-bridge': 'br-int', 'neutron:ovn-neutron-agent-id': '25328aec-ea43-558f-a96d-4296eb8d0fa9', 'neutron:ovn-neutron-agent-sb-cfg': '0'}, name='e4d572df-00ce-4ef1-898f-1547a0582966', nb_cfg=1, nb_cfg_timestamp=1784940871611) old=Chassis_Private(uuid=dc76a60c-ffd5-4c65-bcb4-d74985658d1a, nb_cfg=0, nb_cfg_timestamp=0) {{(pid=101836) matches /opt/stack/data/venv/lib/python3.12/site-packages/ovsdbapp/backend/ovs_idl/event.py:55}}
Jul 25 00:54:31.622667 np0000186711 devstack@neutron-api.service[101835]: DEBUG neutron.plugins.ml2.drivers.ovn.mech_driver.ovsdb.ovsdb_monitor [-] Hash Ring: Node aee5e5d287a7553fa52f9174d619685e (host: np0000186711) handling event "update" for row 48b261d1-82bf-45fe-a365-71f61e991766 (table: NB_Global) {{(pid=101835) notify /opt/stack/neutron/neutron/plugins/ml2/drivers/ovn/mech_driver/ovsdb/ovsdb_monitor.py:1013}}
Jul 25 00:54:31.622769 np0000186711 devstack@neutron-api.service[101837]: DEBUG neutron.plugins.ml2.drivers.ovn.mech_driver.ovsdb.ovsdb_monitor [-] Hash Ring: Node bb7e0f81cad75930ba14b1a9afcec486 (host: np0000186711) handling event "update" for row 48b261d1-82bf-45fe-a365-71f61e991766 (table: NB_Global) {{(pid=101837) notify /opt/stack/neutron/neutron/plugins/ml2/drivers/ovn/mech_driver/ovsdb/ovsdb_monitor.py:1013}}
Jul 25 00:54:31.623255 np0000186711 devstack@neutron-api.service[101838]: DEBUG ovsdbapp.backend.ovs_idl.event [-] Matched UPDATE: ChassisOVNAgentWriteEvent(events=('create', 'update'), table='Chassis_Private', conditions=None, old_conditions=None), priority=20 to row=Chassis_Private(uuid=dc76a60c-ffd5-4c65-bcb4-d74985658d1a, chassis=3cb00769-f3ba-46ae-b0f7-129f2b9950ac, external_ids={'neutron:ovn-bridge': 'br-int', 'neutron:ovn-neutron-agent-id': '25328aec-ea43-558f-a96d-4296eb8d0fa9', 'neutron:ovn-neutron-agent-sb-cfg': '1'}, name='e4d572df-00ce-4ef1-898f-1547a0582966', nb_cfg=1, nb_cfg_timestamp=1784940871611) old=Chassis_Private(uuid=dc76a60c-ffd5-4c65-bcb4-d74985658d1a, external_ids={'neutron:ovn-bridge': 'br-int', 'neutron:ovn-neutron-agent-id': '25328aec-ea43-558f-a96d-4296eb8d0fa9', 'neutron:ovn-neutron-agent-sb-cfg': '0'}) {{(pid=101838) matches /opt/stack/data/venv/lib/python3.12/site-packages/ovsdbapp/backend/ovs_idl/event.py:55}}
Jul 25 00:54:31.623401 np0000186711 devstack@neutron-api.service[101837]: DEBUG neutron.common.ovn.hash_ring_manager [-] Allow caching, nodes 4>=4 {{(pid=101837) _wait_startup_before_caching /opt/stack/neutron/neutron/common/ovn/hash_ring_manager.py:71}}
Jul 25 00:54:31.623561 np0000186711 devstack@neutron-api.service[101837]: DEBUG neutron.plugins.ml2.drivers.ovn.mech_driver.ovsdb.ovsdb_monitor [-] Hash Ring: Node bb7e0f81cad75930ba14b1a9afcec486 (host: np0000186711) handling event "update" for row dc76a60c-ffd5-4c65-bcb4-d74985658d1a (table: Chassis_Private) {{(pid=101837) notify /opt/stack/neutron/neutron/plugins/ml2/drivers/ovn/mech_driver/ovsdb/ovsdb_monitor.py:1013}}
Jul 25 00:54:31.623657 np0000186711 devstack@neutron-api.service[101838]: DEBUG neutron.plugins.ml2.drivers.ovn.mech_driver.ovsdb.ovsdb_monitor [-] Hash Ring: Node 0839a07be1c25b25972f843794c73ef1 (host: np0000186711) handling event "update" for row dc76a60c-ffd5-4c65-bcb4-d74985658d1a (table: Chassis_Private) {{(pid=101838) notify /opt/stack/neutron/neutron/plugins/ml2/drivers/ovn/mech_driver/ovsdb/ovsdb_monitor.py:1013}}
Jul 25 00:54:31.623728 np0000186711 devstack@neutron-api.service[101836]: DEBUG ovsdbapp.backend.ovs_idl.event [-] Matched UPDATE: ChassisOVNAgentWriteEvent(events=('create', 'update'), table='Chassis_Private', conditions=None, old_conditions=None), priority=20 to row=Chassis_Private(uuid=dc76a60c-ffd5-4c65-bcb4-d74985658d1a, chassis=3cb00769-f3ba-46ae-b0f7-129f2b9950ac, external_ids={'neutron:ovn-bridge': 'br-int', 'neutron:ovn-neutron-agent-id': '25328aec-ea43-558f-a96d-4296eb8d0fa9', 'neutron:ovn-neutron-agent-sb-cfg': '1'}, name='e4d572df-00ce-4ef1-898f-1547a0582966', nb_cfg=1, nb_cfg_timestamp=1784940871611) old=Chassis_Private(uuid=dc76a60c-ffd5-4c65-bcb4-d74985658d1a, external_ids={'neutron:ovn-bridge': 'br-int', 'neutron:ovn-neutron-agent-id': '25328aec-ea43-558f-a96d-4296eb8d0fa9', 'neutron:ovn-neutron-agent-sb-cfg': '0'}) {{(pid=101836) matches /opt/stack/data/venv/lib/python3.12/site-packages/ovsdbapp/backend/ovs_idl/event.py:55}}
Jul 25 00:54:31.624320 np0000186711 devstack@neutron-api.service[101835]: DEBUG ovsdbapp.backend.ovs_idl.event [-] Matched UPDATE: ChassisOVNAgentWriteEvent(events=('create', 'update'), table='Chassis_Private', conditions=None, old_conditions=None), priority=20 to row=Chassis_Private(uuid=dc76a60c-ffd5-4c65-bcb4-d74985658d1a, chassis=3cb00769-f3ba-46ae-b0f7-129f2b9950ac, external_ids={'neutron:ovn-bridge': 'br-int', 'neutron:ovn-neutron-agent-id': '25328aec-ea43-558f-a96d-4296eb8d0fa9', 'neutron:ovn-neutron-agent-sb-cfg': '1'}, name='e4d572df-00ce-4ef1-898f-1547a0582966', nb_cfg=1, nb_cfg_timestamp=1784940871611) old=Chassis_Private(uuid=dc76a60c-ffd5-4c65-bcb4-d74985658d1a, external_ids={'neutron:ovn-bridge': 'br-int', 'neutron:ovn-neutron-agent-id': '25328aec-ea43-558f-a96d-4296eb8d0fa9', 'neutron:ovn-neutron-agent-sb-cfg': '0'}) {{(pid=101835) matches /opt/stack/data/venv/lib/python3.12/site-packages/ovsdbapp/backend/ovs_idl/event.py:55}}
Jul 25 00:54:31.625075 np0000186711 devstack@neutron-api.service[101837]: DEBUG ovsdbapp.backend.ovs_idl.event [-] Matched UPDATE: ChassisOVNAgentWriteEvent(events=('create', 'update'), table='Chassis_Private', conditions=None, old_conditions=None), priority=20 to row=Chassis_Private(uuid=dc76a60c-ffd5-4c65-bcb4-d74985658d1a, chassis=3cb00769-f3ba-46ae-b0f7-129f2b9950ac, external_ids={'neutron:ovn-bridge': 'br-int', 'neutron:ovn-neutron-agent-id': '25328aec-ea43-558f-a96d-4296eb8d0fa9', 'neutron:ovn-neutron-agent-sb-cfg': '1'}, name='e4d572df-00ce-4ef1-898f-1547a0582966', nb_cfg=1, nb_cfg_timestamp=1784940871611) old=Chassis_Private(uuid=dc76a60c-ffd5-4c65-bcb4-d74985658d1a, external_ids={'neutron:ovn-bridge': 'br-int', 'neutron:ovn-neutron-agent-id': '25328aec-ea43-558f-a96d-4296eb8d0fa9', 'neutron:ovn-neutron-agent-sb-cfg': '0'}) {{(pid=101837) matches /opt/stack/data/venv/lib/python3.12/site-packages/ovsdbapp/backend/ovs_idl/event.py:55}}
Jul 25 00:54:31.625384 np0000186711 devstack@neutron-api.service[101837]: DEBUG neutron.plugins.ml2.drivers.ovn.mech_driver.ovsdb.ovsdb_monitor [-] Hash Ring: Node bb7e0f81cad75930ba14b1a9afcec486 (host: np0000186711) handling event "update" for row dc76a60c-ffd5-4c65-bcb4-d74985658d1a (table: Chassis_Private) {{(pid=101837) notify /opt/stack/neutron/neutron/plugins/ml2/drivers/ovn/mech_driver/ovsdb/ovsdb_monitor.py:1013}}
Jul 25 00:54:31.675415 np0000186711 devstack@neutron-api.service[101836]: DEBUG neutron.plugins.ml2.drivers.helpers [None req-843927cd-71c3-425d-a0f6-39dc82d84041 admin admin] geneve segment allocate from pool success with {'geneve_vni': 2868} {{(pid=101836) allocate_partially_specified_segment /opt/stack/neutron/neutron/plugins/ml2/drivers/helpers.py:142}}
Jul 25 00:54:31.687702 np0000186711 devstack@neutron-api.service[101836]: DEBUG neutron_lib.callbacks.manager [None req-843927cd-71c3-425d-a0f6-39dc82d84041 admin admin] Publish callbacks ['neutron.services.segments.db._add_segment_host_mapping_for_segment-7854681663008', 'neutron.plugins.ml2.plugin.Ml2Plugin._handle_segment_change-15072587'] for segment (e8b4cc39-616f-43ab-806e-3abdec20a602), precommit_create {{(pid=101836) _notify_loop /opt/stack/data/venv/lib/python3.12/site-packages/neutron_lib/callbacks/manager.py:184}}
Jul 25 00:54:31.687842 np0000186711 devstack@neutron-api.service[101836]: INFO neutron.db.segments_db [None req-843927cd-71c3-425d-a0f6-39dc82d84041 admin admin] Added segment e8b4cc39-616f-43ab-806e-3abdec20a602 of type geneve for network 72665b01-7aa9-4268-95c3-69d7384b4e27
Jul 25 00:54:31.729667 np0000186711 devstack@neutron-api.service[101836]: DEBUG neutron_lib.callbacks.manager [None req-843927cd-71c3-425d-a0f6-39dc82d84041 admin admin] Publish callbacks ['neutron.services.auto_allocate.db._ensure_external_network_default_value_callback-7854679033870'] for network (72665b01-7aa9-4268-95c3-69d7384b4e27), precommit_create {{(pid=101836) _notify_loop /opt/stack/data/venv/lib/python3.12/site-packages/neutron_lib/callbacks/manager.py:184}}
Jul 25 00:54:31.744741 np0000186711 devstack@neutron-api.service[101836]: DEBUG neutron.plugins.ml2.drivers.ovn.mech_driver.mech_driver [None req-843927cd-71c3-425d-a0f6-39dc82d84041 admin admin] Validating network segment with type geneve, segmentation ID 2868, physical network None {{(pid=101836) _validate_network_segments /opt/stack/neutron/neutron/plugins/ml2/drivers/ovn/mech_driver/mech_driver.py:646}}
Jul 25 00:54:31.744867 np0000186711 devstack@neutron-api.service[101836]: DEBUG neutron.db.ovn_revision_numbers_db [None req-843927cd-71c3-425d-a0f6-39dc82d84041 admin admin] create_initial_revision uuid=72665b01-7aa9-4268-95c3-69d7384b4e27, type=networks, rev=-1 {{(pid=101836) create_initial_revision /opt/stack/neutron/neutron/db/ovn_revision_numbers_db.py:98}}
Jul 25 00:54:31.763073 np0000186711 devstack@neutron-api.service[101836]: DEBUG neutron_lib.callbacks.manager [None req-843927cd-71c3-425d-a0f6-39dc82d84041 admin admin] Publish callbacks ['neutron.plugins.ml2.ovo_rpc._ObjectChangeHandler.handle_event-15400557'] for network (72665b01-7aa9-4268-95c3-69d7384b4e27), after_create {{(pid=101836) _notify_loop /opt/stack/data/venv/lib/python3.12/site-packages/neutron_lib/callbacks/manager.py:184}}
Jul 25 00:54:31.809852 np0000186711 devstack@neutron-api.service[101836]: DEBUG neutron.api.rpc.handlers.resources_rpc [None req-843927cd-71c3-425d-a0f6-39dc82d84041 admin admin] Pushing event updated for resources: {'Network': ['ID=72665b01-7aa9-4268-95c3-69d7384b4e27,revision_number=1']} {{(pid=101836) push /opt/stack/neutron/neutron/api/rpc/handlers/resources_rpc.py:237}}
Jul 25 00:54:31.817452 np0000186711 devstack@neutron-api.service[101836]: DEBUG ovsdbapp.backend.ovs_idl.transaction [-] Running txn n=1 command(idx=0): AddNetworkCommand(_result=None, network_uuid=72665b01-7aa9-4268-95c3-69d7384b4e27, may_exist=True, columns={'external_ids': {'neutron:network_name': 'private', 'neutron:mtu': '1372', 'neutron:revision_number': '1', 'neutron:availability_zone_hints': '', 'neutron:provnet-network-type': 'geneve'}, 'other_config': {'mcast_snoop': 'false', 'mcast_flood_unregistered': 'false', 'vlan-passthru': 'false'}}) {{(pid=101836) do_commit /opt/stack/data/venv/lib/python3.12/site-packages/ovsdbapp/backend/ovs_idl/transaction.py:89}}
Jul 25 00:54:31.818197 np0000186711 devstack@neutron-api.service[101836]: DEBUG neutron.common.ovn.utils [-] OVS persist_uuid supported=True {{(pid=101836) ovs_persist_uuid_supported /opt/stack/neutron/neutron/common/ovn/utils.py:1565}}
Jul 25 00:54:31.821944 np0000186711 devstack@neutron-api.service[101837]: DEBUG neutron.plugins.ml2.drivers.ovn.mech_driver.ovsdb.ovsdb_monitor [-] Hash Ring: Node bb7e0f81cad75930ba14b1a9afcec486 (host: np0000186711) handling event "create" for row 72665b01-7aa9-4268-95c3-69d7384b4e27 (table: Logical_Switch) {{(pid=101837) notify /opt/stack/neutron/neutron/plugins/ml2/drivers/ovn/mech_driver/ovsdb/ovsdb_monitor.py:1013}}
Jul 25 00:54:31.829545 np0000186711 devstack@neutron-api.service[101837]: DEBUG neutron.plugins.ml2.drivers.ovn.mech_driver.ovsdb.ovsdb_monitor [-] Hash Ring: Node bb7e0f81cad75930ba14b1a9afcec486 (host: np0000186711) handling event "create" for row 7d012ac0-0be8-43e2-961f-0536663821c5 (table: Datapath_Binding) {{(pid=101837) notify /opt/stack/neutron/neutron/plugins/ml2/drivers/ovn/mech_driver/ovsdb/ovsdb_monitor.py:1013}}
Jul 25 00:54:31.836371 np0000186711 devstack@neutron-api.service[101836]: DEBUG neutron.plugins.ml2.drivers.ovn.mech_driver.ovsdb.ovsdb_monitor [-] Hash Ring: Node bc1ae443db3e582abcec744176d2bacd (host: np0000186711) handling event "create" for row 7d012ac0-0be8-43e2-961f-0536663821c5 (table: Datapath_Binding) {{(pid=101836) notify /opt/stack/neutron/neutron/plugins/ml2/drivers/ovn/mech_driver/ovsdb/ovsdb_monitor.py:1013}}
Jul 25 00:54:31.855469 np0000186711 devstack@neutron-api.service[101836]: INFO neutron.db.ovn_revision_numbers_db [None req-843927cd-71c3-425d-a0f6-39dc82d84041 admin admin] Successfully bumped revision number for resource 72665b01-7aa9-4268-95c3-69d7384b4e27 (type: networks) to 1
Jul 25 00:54:31.919258 np0000186711 devstack@neutron-api.service[101836]: DEBUG neutron_lib.callbacks.manager [None req-843927cd-71c3-425d-a0f6-39dc82d84041 admin admin] Publish callbacks ['neutron.plugins.ml2.plugin.SecurityGroupDbMixin._ensure_default_security_group_handler-1689895'] for port (None), before_create {{(pid=101836) _notify_loop /opt/stack/data/venv/lib/python3.12/site-packages/neutron_lib/callbacks/manager.py:184}}
Jul 25 00:54:32.179130 np0000186711 devstack@neutron-api.service[101836]: DEBUG neutron_lib.callbacks.manager [None req-843927cd-71c3-425d-a0f6-39dc82d84041 admin admin] Publish callbacks ['neutron.plugins.ml2.drivers.ovn.mech_driver.mech_driver.OVNMechanismDriver._validate_allowed_address_pairs-16564040'] for allowed_address_pair (ee4ac261-7476-4c4e-99ae-fb724dcee1bb), before_create {{(pid=101836) _notify_loop /opt/stack/data/venv/lib/python3.12/site-packages/neutron_lib/callbacks/manager.py:184}}
