Feb 17 02:21:30.359852 np0000155897 systemd[1]: Starting devstack@n-api-meta.service - Devstack devstack@n-api-meta.service...
Feb 17 02:21:30.366618 np0000155897 devstack@n-api-meta.service[108873]: [uWSGI] getting INI configuration from /etc/nova/nova-metadata-uwsgi.ini
Feb 17 02:21:30.367185 np0000155897 devstack@n-api-meta.service[108873]: open("./http_plugin.so"): No such file or directory [core/utils.c line 3709]
Feb 17 02:21:30.367185 np0000155897 devstack@n-api-meta.service[108873]: !!! UNABLE to load uWSGI plugin: ./http_plugin.so: cannot open shared object file: No such file or directory !!!
Feb 17 02:21:30.367185 np0000155897 devstack@n-api-meta.service[108873]: open("./python3_plugin.so"): No such file or directory [core/utils.c line 3709]
Feb 17 02:21:30.367185 np0000155897 devstack@n-api-meta.service[108873]: !!! UNABLE to load uWSGI plugin: ./python3_plugin.so: cannot open shared object file: No such file or directory !!!
Feb 17 02:21:30.367185 np0000155897 devstack@n-api-meta.service[108873]: *** Starting uWSGI 2.0.31 (64bit) on [Tue Feb 17 02:21:30 2026] ***
Feb 17 02:21:30.367185 np0000155897 devstack@n-api-meta.service[108873]: compiled with version: 13.3.0 on 17 February 2026 02:11:08
Feb 17 02:21:30.367185 np0000155897 devstack@n-api-meta.service[108873]: os: Linux-6.8.0-100-generic #100-Ubuntu SMP PREEMPT_DYNAMIC Tue Jan 13 16:40:06 UTC 2026
Feb 17 02:21:30.367185 np0000155897 devstack@n-api-meta.service[108873]: nodename: np0000155897
Feb 17 02:21:30.367185 np0000155897 devstack@n-api-meta.service[108873]: machine: x86_64
Feb 17 02:21:30.367185 np0000155897 devstack@n-api-meta.service[108873]: clock source: unix
Feb 17 02:21:30.367185 np0000155897 devstack@n-api-meta.service[108873]: pcre jit disabled
Feb 17 02:21:30.367185 np0000155897 devstack@n-api-meta.service[108873]: detected number of CPU cores: 16
Feb 17 02:21:30.367185 np0000155897 devstack@n-api-meta.service[108873]: current working directory: /
Feb 17 02:21:30.367185 np0000155897 devstack@n-api-meta.service[108873]: detected binary path: /opt/stack/data/venv/bin/uwsgi
Feb 17 02:21:30.367185 np0000155897 devstack@n-api-meta.service[108873]: your processes number limit is 256923
Feb 17 02:21:30.367185 np0000155897 devstack@n-api-meta.service[108873]: your memory page size is 4096 bytes
Feb 17 02:21:30.367185 np0000155897 devstack@n-api-meta.service[108873]: detected max file descriptor number: 2048
Feb 17 02:21:30.367185 np0000155897 devstack@n-api-meta.service[108873]: lock engine: pthread robust mutexes
Feb 17 02:21:30.367185 np0000155897 devstack@n-api-meta.service[108873]: thunder lock: enabled
Feb 17 02:21:30.367185 np0000155897 devstack@n-api-meta.service[108873]: uWSGI http bound on 0.0.0.0:8775 fd 5
Feb 17 02:21:30.367185 np0000155897 devstack@n-api-meta.service[108873]: uwsgi socket 0 bound to TCP address 127.0.0.1:43645 (port auto-assigned) fd 4
Feb 17 02:21:30.368299 np0000155897 devstack@n-api-meta.service[108873]: Python version: 3.12.3 (main, Jan 22 2026, 20:57:42) [GCC 13.3.0]
Feb 17 02:21:30.368299 np0000155897 devstack@n-api-meta.service[108873]: PEP 405 virtualenv detected: /opt/stack/data/venv
Feb 17 02:21:30.368299 np0000155897 devstack@n-api-meta.service[108873]: Set PythonHome to /opt/stack/data/venv
Feb 17 02:21:30.401726 np0000155897 devstack@n-api-meta.service[108873]: Python main interpreter initialized at 0x71da08ca3668
Feb 17 02:21:30.401726 np0000155897 devstack@n-api-meta.service[108873]: python threads support enabled
Feb 17 02:21:30.401726 np0000155897 devstack@n-api-meta.service[108873]: your server socket listen backlog is limited to 100 connections
Feb 17 02:21:30.401726 np0000155897 devstack@n-api-meta.service[108873]: your mercy for graceful operations on workers is 80 seconds
Feb 17 02:21:30.402258 np0000155897 devstack@n-api-meta.service[108873]: mapped 671795 bytes (656 KB) for 4 cores
Feb 17 02:21:30.402403 np0000155897 devstack@n-api-meta.service[108873]: *** Operational MODE: preforking ***
Feb 17 02:21:30.402635 np0000155897 devstack@n-api-meta.service[108873]: *** uWSGI is running in multiple interpreter mode ***
Feb 17 02:21:30.402635 np0000155897 devstack@n-api-meta.service[108873]: spawned uWSGI master process (pid: 108873)
Feb 17 02:21:30.402719 np0000155897 systemd[1]: Started devstack@n-api-meta.service - Devstack devstack@n-api-meta.service.
Feb 17 02:21:30.403326 np0000155897 devstack@n-api-meta.service[108873]: spawned uWSGI worker 1 (pid: 108874, cores: 1)
Feb 17 02:21:30.403794 np0000155897 devstack@n-api-meta.service[108873]: spawned uWSGI worker 2 (pid: 108875, cores: 1)
Feb 17 02:21:30.404239 np0000155897 devstack@n-api-meta.service[108873]: spawned uWSGI worker 3 (pid: 108876, cores: 1)
Feb 17 02:21:30.404673 np0000155897 devstack@n-api-meta.service[108873]: spawned uWSGI worker 4 (pid: 108877, cores: 1)
Feb 17 02:21:30.405172 np0000155897 devstack@n-api-meta.service[108873]: spawned uWSGI http 1 (pid: 108878)
Feb 17 02:21:30.405172 np0000155897 devstack@n-api-meta.service[108873]: running "unix_signal:15 gracefully_kill_them_all" (master-start)...
Feb 17 02:21:30.745989 np0000155897 devstack@n-api-meta.service[108876]: Service is starting with native threading. This is currently experimental. Do not use it in production without first testing it in pre-production.
Feb 17 02:21:30.747203 np0000155897 devstack@n-api-meta.service[108875]: Service is starting with native threading. This is currently experimental. Do not use it in production without first testing it in pre-production.
Feb 17 02:21:30.773551 np0000155897 devstack@n-api-meta.service[108877]: Service is starting with native threading. This is currently experimental. Do not use it in production without first testing it in pre-production.
Feb 17 02:21:30.777702 np0000155897 devstack@n-api-meta.service[108874]: Service is starting with native threading. This is currently experimental. Do not use it in production without first testing it in pre-production.
Feb 17 02:21:32.085352 np0000155897 devstack@n-api-meta.service[108875]: INFO dbcounter [None req-a7123142-9159-47b7-869a-5611af27866a None None] Registered counter for database nova_api
Feb 17 02:21:32.102463 np0000155897 devstack@n-api-meta.service[108875]: DEBUG oslo_db.sqlalchemy.engines [None req-a7123142-9159-47b7-869a-5611af27866a None None] MySQL server mode set to STRICT_TRANS_TABLES,STRICT_ALL_TABLES,NO_ZERO_IN_DATE,NO_ZERO_DATE,ERROR_FOR_DIVISION_BY_ZERO,TRADITIONAL,NO_ENGINE_SUBSTITUTION {{(pid=108875) _check_effective_sql_mode /opt/stack/data/venv/lib/python3.12/site-packages/oslo_db/sqlalchemy/engines.py:325}}
Feb 17 02:21:32.115367 np0000155897 devstack@n-api-meta.service[108876]: INFO dbcounter [None req-645edaa9-c609-430b-b3b6-60b4a5597ac3 None None] Registered counter for database nova_api
Feb 17 02:21:32.121244 np0000155897 devstack@n-api-meta.service[108877]: INFO dbcounter [None req-68b4940b-408c-4de7-b236-a001569f52e0 None None] Registered counter for database nova_api
Feb 17 02:21:32.133310 np0000155897 devstack@n-api-meta.service[108876]: DEBUG oslo_db.sqlalchemy.engines [None req-645edaa9-c609-430b-b3b6-60b4a5597ac3 None None] MySQL server mode set to STRICT_TRANS_TABLES,STRICT_ALL_TABLES,NO_ZERO_IN_DATE,NO_ZERO_DATE,ERROR_FOR_DIVISION_BY_ZERO,TRADITIONAL,NO_ENGINE_SUBSTITUTION {{(pid=108876) _check_effective_sql_mode /opt/stack/data/venv/lib/python3.12/site-packages/oslo_db/sqlalchemy/engines.py:325}}
Feb 17 02:21:32.137604 np0000155897 devstack@n-api-meta.service[108875]: DEBUG dbcounter [-] [108875] Writer thread running {{(pid=108875) stat_writer /opt/stack/data/venv/lib/python3.12/site-packages/dbcounter.py:102}}
Feb 17 02:21:32.139805 np0000155897 devstack@n-api-meta.service[108877]: DEBUG oslo_db.sqlalchemy.engines [None req-68b4940b-408c-4de7-b236-a001569f52e0 None None] MySQL server mode set to STRICT_TRANS_TABLES,STRICT_ALL_TABLES,NO_ZERO_IN_DATE,NO_ZERO_DATE,ERROR_FOR_DIVISION_BY_ZERO,TRADITIONAL,NO_ENGINE_SUBSTITUTION {{(pid=108877) _check_effective_sql_mode /opt/stack/data/venv/lib/python3.12/site-packages/oslo_db/sqlalchemy/engines.py:325}}
Feb 17 02:21:32.140042 np0000155897 devstack@n-api-meta.service[108875]: DEBUG nova.context [None req-a7123142-9159-47b7-869a-5611af27866a None None] Found 2 cells: 00000000-0000-0000-0000-000000000000(cell0),21c9e1f7-0fa6-4342-b92d-2ab2ac1e51b7(cell1) {{(pid=108875) load_cells /opt/stack/nova/nova/context.py:509}}
Feb 17 02:21:32.140271 np0000155897 devstack@n-api-meta.service[108875]: INFO nova.utils [None req-a7123142-9159-47b7-869a-5611af27866a None None] The cell worker thread pool MainProcess.cell_worker is initialized
Feb 17 02:21:32.142069 np0000155897 devstack@n-api-meta.service[108875]: DEBUG oslo_concurrency.lockutils [None req-a7123142-9159-47b7-869a-5611af27866a None None] Acquiring lock "00000000-0000-0000-0000-000000000000" by "nova.context.set_target_cell..get_or_set_cached_cell_and_set_connections" {{(pid=108875) inner /opt/stack/data/venv/lib/python3.12/site-packages/oslo_concurrency/lockutils.py:506}}
Feb 17 02:21:32.142260 np0000155897 devstack@n-api-meta.service[108875]: DEBUG oslo_concurrency.lockutils [None req-a7123142-9159-47b7-869a-5611af27866a None None] Lock "00000000-0000-0000-0000-000000000000" acquired by "nova.context.set_target_cell..get_or_set_cached_cell_and_set_connections" :: waited 0.000s {{(pid=108875) inner /opt/stack/data/venv/lib/python3.12/site-packages/oslo_concurrency/lockutils.py:519}}
Feb 17 02:21:32.142762 np0000155897 devstack@n-api-meta.service[108875]: DEBUG oslo_concurrency.lockutils [None req-a7123142-9159-47b7-869a-5611af27866a None None] Lock "00000000-0000-0000-0000-000000000000" "released" by "nova.context.set_target_cell..get_or_set_cached_cell_and_set_connections" :: held 0.000s {{(pid=108875) inner /opt/stack/data/venv/lib/python3.12/site-packages/oslo_concurrency/lockutils.py:538}}
Feb 17 02:21:32.143561 np0000155897 devstack@n-api-meta.service[108875]: DEBUG oslo_concurrency.lockutils [None req-a7123142-9159-47b7-869a-5611af27866a None None] Acquiring lock "21c9e1f7-0fa6-4342-b92d-2ab2ac1e51b7" by "nova.context.set_target_cell..get_or_set_cached_cell_and_set_connections" {{(pid=108875) inner /opt/stack/data/venv/lib/python3.12/site-packages/oslo_concurrency/lockutils.py:506}}
Feb 17 02:21:32.143772 np0000155897 devstack@n-api-meta.service[108875]: DEBUG oslo_concurrency.lockutils [None req-a7123142-9159-47b7-869a-5611af27866a None None] Lock "21c9e1f7-0fa6-4342-b92d-2ab2ac1e51b7" acquired by "nova.context.set_target_cell..get_or_set_cached_cell_and_set_connections" :: waited 0.000s {{(pid=108875) inner /opt/stack/data/venv/lib/python3.12/site-packages/oslo_concurrency/lockutils.py:519}}
Feb 17 02:21:32.144865 np0000155897 devstack@n-api-meta.service[108875]: DEBUG oslo_concurrency.lockutils [None req-a7123142-9159-47b7-869a-5611af27866a None None] Lock "21c9e1f7-0fa6-4342-b92d-2ab2ac1e51b7" "released" by "nova.context.set_target_cell..get_or_set_cached_cell_and_set_connections" :: held 0.001s {{(pid=108875) inner /opt/stack/data/venv/lib/python3.12/site-packages/oslo_concurrency/lockutils.py:538}}
Feb 17 02:21:32.147900 np0000155897 devstack@n-api-meta.service[108875]: INFO dbcounter [None req-a7123142-9159-47b7-869a-5611af27866a None None] Registered counter for database nova_cell0
Feb 17 02:21:32.154238 np0000155897 devstack@n-api-meta.service[108875]: INFO dbcounter [None req-a7123142-9159-47b7-869a-5611af27866a None None] Registered counter for database nova_cell1
Feb 17 02:21:32.163673 np0000155897 devstack@n-api-meta.service[108876]: DEBUG dbcounter [-] [108876] Writer thread running {{(pid=108876) stat_writer /opt/stack/data/venv/lib/python3.12/site-packages/dbcounter.py:102}}
Feb 17 02:21:32.164367 np0000155897 devstack@n-api-meta.service[108875]: DEBUG oslo_db.sqlalchemy.engines [None req-a7123142-9159-47b7-869a-5611af27866a None None] MySQL server mode set to STRICT_TRANS_TABLES,STRICT_ALL_TABLES,NO_ZERO_IN_DATE,NO_ZERO_DATE,ERROR_FOR_DIVISION_BY_ZERO,TRADITIONAL,NO_ENGINE_SUBSTITUTION {{(pid=108875) _check_effective_sql_mode /opt/stack/data/venv/lib/python3.12/site-packages/oslo_db/sqlalchemy/engines.py:325}}
Feb 17 02:21:32.166297 np0000155897 devstack@n-api-meta.service[108876]: DEBUG nova.context [None req-645edaa9-c609-430b-b3b6-60b4a5597ac3 None None] Found 2 cells: 00000000-0000-0000-0000-000000000000(cell0),21c9e1f7-0fa6-4342-b92d-2ab2ac1e51b7(cell1) {{(pid=108876) load_cells /opt/stack/nova/nova/context.py:509}}
Feb 17 02:21:32.166522 np0000155897 devstack@n-api-meta.service[108876]: INFO nova.utils [None req-645edaa9-c609-430b-b3b6-60b4a5597ac3 None None] The cell worker thread pool MainProcess.cell_worker is initialized
Feb 17 02:21:32.168350 np0000155897 devstack@n-api-meta.service[108876]: DEBUG oslo_concurrency.lockutils [None req-645edaa9-c609-430b-b3b6-60b4a5597ac3 None None] Acquiring lock "00000000-0000-0000-0000-000000000000" by "nova.context.set_target_cell..get_or_set_cached_cell_and_set_connections" {{(pid=108876) inner /opt/stack/data/venv/lib/python3.12/site-packages/oslo_concurrency/lockutils.py:506}}
Feb 17 02:21:32.168512 np0000155897 devstack@n-api-meta.service[108876]: DEBUG oslo_concurrency.lockutils [None req-645edaa9-c609-430b-b3b6-60b4a5597ac3 None None] Lock "00000000-0000-0000-0000-000000000000" acquired by "nova.context.set_target_cell..get_or_set_cached_cell_and_set_connections" :: waited 0.000s {{(pid=108876) inner /opt/stack/data/venv/lib/python3.12/site-packages/oslo_concurrency/lockutils.py:519}}
Feb 17 02:21:32.168894 np0000155897 devstack@n-api-meta.service[108876]: DEBUG oslo_concurrency.lockutils [None req-645edaa9-c609-430b-b3b6-60b4a5597ac3 None None] Lock "00000000-0000-0000-0000-000000000000" "released" by "nova.context.set_target_cell..get_or_set_cached_cell_and_set_connections" :: held 0.000s {{(pid=108876) inner /opt/stack/data/venv/lib/python3.12/site-packages/oslo_concurrency/lockutils.py:538}}
Feb 17 02:21:32.169450 np0000155897 devstack@n-api-meta.service[108876]: DEBUG oslo_concurrency.lockutils [None req-645edaa9-c609-430b-b3b6-60b4a5597ac3 None None] Acquiring lock "21c9e1f7-0fa6-4342-b92d-2ab2ac1e51b7" by "nova.context.set_target_cell..get_or_set_cached_cell_and_set_connections" {{(pid=108876) inner /opt/stack/data/venv/lib/python3.12/site-packages/oslo_concurrency/lockutils.py:506}}
Feb 17 02:21:32.169610 np0000155897 devstack@n-api-meta.service[108876]: DEBUG oslo_concurrency.lockutils [None req-645edaa9-c609-430b-b3b6-60b4a5597ac3 None None] Lock "21c9e1f7-0fa6-4342-b92d-2ab2ac1e51b7" acquired by "nova.context.set_target_cell..get_or_set_cached_cell_and_set_connections" :: waited 0.000s {{(pid=108876) inner /opt/stack/data/venv/lib/python3.12/site-packages/oslo_concurrency/lockutils.py:519}}
Feb 17 02:21:32.170477 np0000155897 devstack@n-api-meta.service[108876]: DEBUG oslo_concurrency.lockutils [None req-645edaa9-c609-430b-b3b6-60b4a5597ac3 None None] Lock "21c9e1f7-0fa6-4342-b92d-2ab2ac1e51b7" "released" by "nova.context.set_target_cell..get_or_set_cached_cell_and_set_connections" :: held 0.001s {{(pid=108876) inner /opt/stack/data/venv/lib/python3.12/site-packages/oslo_concurrency/lockutils.py:538}}
Feb 17 02:21:32.173234 np0000155897 devstack@n-api-meta.service[108876]: INFO dbcounter [None req-645edaa9-c609-430b-b3b6-60b4a5597ac3 None None] Registered counter for database nova_cell0
Feb 17 02:21:32.174917 np0000155897 devstack@n-api-meta.service[108877]: DEBUG dbcounter [-] [108877] Writer thread running {{(pid=108877) stat_writer /opt/stack/data/venv/lib/python3.12/site-packages/dbcounter.py:102}}
Feb 17 02:21:32.177278 np0000155897 devstack@n-api-meta.service[108875]: DEBUG oslo_db.sqlalchemy.engines [None req-a7123142-9159-47b7-869a-5611af27866a None None] MySQL server mode set to STRICT_TRANS_TABLES,STRICT_ALL_TABLES,NO_ZERO_IN_DATE,NO_ZERO_DATE,ERROR_FOR_DIVISION_BY_ZERO,TRADITIONAL,NO_ENGINE_SUBSTITUTION {{(pid=108875) _check_effective_sql_mode /opt/stack/data/venv/lib/python3.12/site-packages/oslo_db/sqlalchemy/engines.py:325}}
Feb 17 02:21:32.177390 np0000155897 devstack@n-api-meta.service[108877]: DEBUG nova.context [None req-68b4940b-408c-4de7-b236-a001569f52e0 None None] Found 2 cells: 00000000-0000-0000-0000-000000000000(cell0),21c9e1f7-0fa6-4342-b92d-2ab2ac1e51b7(cell1) {{(pid=108877) load_cells /opt/stack/nova/nova/context.py:509}}
Feb 17 02:21:32.177530 np0000155897 devstack@n-api-meta.service[108877]: INFO nova.utils [None req-68b4940b-408c-4de7-b236-a001569f52e0 None None] The cell worker thread pool MainProcess.cell_worker is initialized
Feb 17 02:21:32.179011 np0000155897 devstack@n-api-meta.service[108876]: INFO dbcounter [None req-645edaa9-c609-430b-b3b6-60b4a5597ac3 None None] Registered counter for database nova_cell1
Feb 17 02:21:32.179317 np0000155897 devstack@n-api-meta.service[108877]: DEBUG oslo_concurrency.lockutils [None req-68b4940b-408c-4de7-b236-a001569f52e0 None None] Acquiring lock "00000000-0000-0000-0000-000000000000" by "nova.context.set_target_cell..get_or_set_cached_cell_and_set_connections" {{(pid=108877) inner /opt/stack/data/venv/lib/python3.12/site-packages/oslo_concurrency/lockutils.py:506}}
Feb 17 02:21:32.179459 np0000155897 devstack@n-api-meta.service[108877]: DEBUG oslo_concurrency.lockutils [None req-68b4940b-408c-4de7-b236-a001569f52e0 None None] Lock "00000000-0000-0000-0000-000000000000" acquired by "nova.context.set_target_cell..get_or_set_cached_cell_and_set_connections" :: waited 0.000s {{(pid=108877) inner /opt/stack/data/venv/lib/python3.12/site-packages/oslo_concurrency/lockutils.py:519}}
Feb 17 02:21:32.179842 np0000155897 devstack@n-api-meta.service[108877]: DEBUG oslo_concurrency.lockutils [None req-68b4940b-408c-4de7-b236-a001569f52e0 None None] Lock "00000000-0000-0000-0000-000000000000" "released" by "nova.context.set_target_cell..get_or_set_cached_cell_and_set_connections" :: held 0.000s {{(pid=108877) inner /opt/stack/data/venv/lib/python3.12/site-packages/oslo_concurrency/lockutils.py:538}}
Feb 17 02:21:32.180509 np0000155897 devstack@n-api-meta.service[108877]: DEBUG oslo_concurrency.lockutils [None req-68b4940b-408c-4de7-b236-a001569f52e0 None None] Acquiring lock "21c9e1f7-0fa6-4342-b92d-2ab2ac1e51b7" by "nova.context.set_target_cell..get_or_set_cached_cell_and_set_connections" {{(pid=108877) inner /opt/stack/data/venv/lib/python3.12/site-packages/oslo_concurrency/lockutils.py:506}}
Feb 17 02:21:32.180670 np0000155897 devstack@n-api-meta.service[108877]: DEBUG oslo_concurrency.lockutils [None req-68b4940b-408c-4de7-b236-a001569f52e0 None None] Lock "21c9e1f7-0fa6-4342-b92d-2ab2ac1e51b7" acquired by "nova.context.set_target_cell..get_or_set_cached_cell_and_set_connections" :: waited 0.000s {{(pid=108877) inner /opt/stack/data/venv/lib/python3.12/site-packages/oslo_concurrency/lockutils.py:519}}
Feb 17 02:21:32.181570 np0000155897 devstack@n-api-meta.service[108877]: DEBUG oslo_concurrency.lockutils [None req-68b4940b-408c-4de7-b236-a001569f52e0 None None] Lock "21c9e1f7-0fa6-4342-b92d-2ab2ac1e51b7" "released" by "nova.context.set_target_cell..get_or_set_cached_cell_and_set_connections" :: held 0.001s {{(pid=108877) inner /opt/stack/data/venv/lib/python3.12/site-packages/oslo_concurrency/lockutils.py:538}}
Feb 17 02:21:32.185765 np0000155897 devstack@n-api-meta.service[108877]: INFO dbcounter [None req-68b4940b-408c-4de7-b236-a001569f52e0 None None] Registered counter for database nova_cell0
Feb 17 02:21:32.186997 np0000155897 devstack@n-api-meta.service[108877]: INFO dbcounter [None req-68b4940b-408c-4de7-b236-a001569f52e0 None None] Registered counter for database nova_cell1
Feb 17 02:21:32.189041 np0000155897 devstack@n-api-meta.service[108876]: DEBUG oslo_db.sqlalchemy.engines [None req-645edaa9-c609-430b-b3b6-60b4a5597ac3 None None] MySQL server mode set to STRICT_TRANS_TABLES,STRICT_ALL_TABLES,NO_ZERO_IN_DATE,NO_ZERO_DATE,ERROR_FOR_DIVISION_BY_ZERO,TRADITIONAL,NO_ENGINE_SUBSTITUTION {{(pid=108876) _check_effective_sql_mode /opt/stack/data/venv/lib/python3.12/site-packages/oslo_db/sqlalchemy/engines.py:325}}
Feb 17 02:21:32.200646 np0000155897 devstack@n-api-meta.service[108876]: DEBUG oslo_db.sqlalchemy.engines [None req-645edaa9-c609-430b-b3b6-60b4a5597ac3 None None] MySQL server mode set to STRICT_TRANS_TABLES,STRICT_ALL_TABLES,NO_ZERO_IN_DATE,NO_ZERO_DATE,ERROR_FOR_DIVISION_BY_ZERO,TRADITIONAL,NO_ENGINE_SUBSTITUTION {{(pid=108876) _check_effective_sql_mode /opt/stack/data/venv/lib/python3.12/site-packages/oslo_db/sqlalchemy/engines.py:325}}
Feb 17 02:21:32.201048 np0000155897 devstack@n-api-meta.service[108874]: INFO dbcounter [None req-169d11e8-6921-44c0-adcc-984cad47eef8 None None] Registered counter for database nova_api
Feb 17 02:21:32.201425 np0000155897 devstack@n-api-meta.service[108877]: DEBUG oslo_db.sqlalchemy.engines [None req-68b4940b-408c-4de7-b236-a001569f52e0 None None] MySQL server mode set to STRICT_TRANS_TABLES,STRICT_ALL_TABLES,NO_ZERO_IN_DATE,NO_ZERO_DATE,ERROR_FOR_DIVISION_BY_ZERO,TRADITIONAL,NO_ENGINE_SUBSTITUTION {{(pid=108877) _check_effective_sql_mode /opt/stack/data/venv/lib/python3.12/site-packages/oslo_db/sqlalchemy/engines.py:325}}
Feb 17 02:21:32.214176 np0000155897 devstack@n-api-meta.service[108877]: DEBUG oslo_db.sqlalchemy.engines [None req-68b4940b-408c-4de7-b236-a001569f52e0 None None] MySQL server mode set to STRICT_TRANS_TABLES,STRICT_ALL_TABLES,NO_ZERO_IN_DATE,NO_ZERO_DATE,ERROR_FOR_DIVISION_BY_ZERO,TRADITIONAL,NO_ENGINE_SUBSTITUTION {{(pid=108877) _check_effective_sql_mode /opt/stack/data/venv/lib/python3.12/site-packages/oslo_db/sqlalchemy/engines.py:325}}
Feb 17 02:21:32.217067 np0000155897 devstack@n-api-meta.service[108874]: DEBUG oslo_db.sqlalchemy.engines [None req-169d11e8-6921-44c0-adcc-984cad47eef8 None None] MySQL server mode set to STRICT_TRANS_TABLES,STRICT_ALL_TABLES,NO_ZERO_IN_DATE,NO_ZERO_DATE,ERROR_FOR_DIVISION_BY_ZERO,TRADITIONAL,NO_ENGINE_SUBSTITUTION {{(pid=108874) _check_effective_sql_mode /opt/stack/data/venv/lib/python3.12/site-packages/oslo_db/sqlalchemy/engines.py:325}}
Feb 17 02:21:32.251450 np0000155897 devstack@n-api-meta.service[108874]: DEBUG dbcounter [-] [108874] Writer thread running {{(pid=108874) stat_writer /opt/stack/data/venv/lib/python3.12/site-packages/dbcounter.py:102}}
Feb 17 02:21:32.253555 np0000155897 devstack@n-api-meta.service[108874]: DEBUG nova.context [None req-169d11e8-6921-44c0-adcc-984cad47eef8 None None] Found 2 cells: 00000000-0000-0000-0000-000000000000(cell0),21c9e1f7-0fa6-4342-b92d-2ab2ac1e51b7(cell1) {{(pid=108874) load_cells /opt/stack/nova/nova/context.py:509}}
Feb 17 02:21:32.253809 np0000155897 devstack@n-api-meta.service[108874]: INFO nova.utils [None req-169d11e8-6921-44c0-adcc-984cad47eef8 None None] The cell worker thread pool MainProcess.cell_worker is initialized
Feb 17 02:21:32.255464 np0000155897 devstack@n-api-meta.service[108874]: DEBUG oslo_concurrency.lockutils [None req-169d11e8-6921-44c0-adcc-984cad47eef8 None None] Acquiring lock "00000000-0000-0000-0000-000000000000" by "nova.context.set_target_cell..get_or_set_cached_cell_and_set_connections" {{(pid=108874) inner /opt/stack/data/venv/lib/python3.12/site-packages/oslo_concurrency/lockutils.py:506}}
Feb 17 02:21:32.255646 np0000155897 devstack@n-api-meta.service[108874]: DEBUG oslo_concurrency.lockutils [None req-169d11e8-6921-44c0-adcc-984cad47eef8 None None] Lock "00000000-0000-0000-0000-000000000000" acquired by "nova.context.set_target_cell..get_or_set_cached_cell_and_set_connections" :: waited 0.000s {{(pid=108874) inner /opt/stack/data/venv/lib/python3.12/site-packages/oslo_concurrency/lockutils.py:519}}
Feb 17 02:21:32.255966 np0000155897 devstack@n-api-meta.service[108874]: DEBUG oslo_concurrency.lockutils [None req-169d11e8-6921-44c0-adcc-984cad47eef8 None None] Lock "00000000-0000-0000-0000-000000000000" "released" by "nova.context.set_target_cell..get_or_set_cached_cell_and_set_connections" :: held 0.000s {{(pid=108874) inner /opt/stack/data/venv/lib/python3.12/site-packages/oslo_concurrency/lockutils.py:538}}
Feb 17 02:21:32.256770 np0000155897 devstack@n-api-meta.service[108874]: DEBUG oslo_concurrency.lockutils [None req-169d11e8-6921-44c0-adcc-984cad47eef8 None None] Acquiring lock "21c9e1f7-0fa6-4342-b92d-2ab2ac1e51b7" by "nova.context.set_target_cell..get_or_set_cached_cell_and_set_connections" {{(pid=108874) inner /opt/stack/data/venv/lib/python3.12/site-packages/oslo_concurrency/lockutils.py:506}}
Feb 17 02:21:32.256911 np0000155897 devstack@n-api-meta.service[108874]: DEBUG oslo_concurrency.lockutils [None req-169d11e8-6921-44c0-adcc-984cad47eef8 None None] Lock "21c9e1f7-0fa6-4342-b92d-2ab2ac1e51b7" acquired by "nova.context.set_target_cell..get_or_set_cached_cell_and_set_connections" :: waited 0.000s {{(pid=108874) inner /opt/stack/data/venv/lib/python3.12/site-packages/oslo_concurrency/lockutils.py:519}}
Feb 17 02:21:32.257741 np0000155897 devstack@n-api-meta.service[108874]: DEBUG oslo_concurrency.lockutils [None req-169d11e8-6921-44c0-adcc-984cad47eef8 None None] Lock "21c9e1f7-0fa6-4342-b92d-2ab2ac1e51b7" "released" by "nova.context.set_target_cell..get_or_set_cached_cell_and_set_connections" :: held 0.001s {{(pid=108874) inner /opt/stack/data/venv/lib/python3.12/site-packages/oslo_concurrency/lockutils.py:538}}
Feb 17 02:21:32.260449 np0000155897 devstack@n-api-meta.service[108874]: INFO dbcounter [None req-169d11e8-6921-44c0-adcc-984cad47eef8 None None] Registered counter for database nova_cell0
Feb 17 02:21:32.260968 np0000155897 devstack@n-api-meta.service[108875]: DEBUG dbcounter [-] [108875] Writer thread running {{(pid=108875) stat_writer /opt/stack/data/venv/lib/python3.12/site-packages/dbcounter.py:102}}
Feb 17 02:21:32.263616 np0000155897 devstack@n-api-meta.service[108875]: DEBUG dbcounter [-] [108875] Writer thread running {{(pid=108875) stat_writer /opt/stack/data/venv/lib/python3.12/site-packages/dbcounter.py:102}}
Feb 17 02:21:32.266395 np0000155897 devstack@n-api-meta.service[108874]: INFO dbcounter [None req-169d11e8-6921-44c0-adcc-984cad47eef8 None None] Registered counter for database nova_cell1
Feb 17 02:21:32.268943 np0000155897 devstack@n-api-meta.service[108875]: INFO dbcounter [None req-a7123142-9159-47b7-869a-5611af27866a None None] Registered counter for database nova_cell0
Feb 17 02:21:32.276455 np0000155897 devstack@n-api-meta.service[108874]: DEBUG oslo_db.sqlalchemy.engines [None req-169d11e8-6921-44c0-adcc-984cad47eef8 None None] MySQL server mode set to STRICT_TRANS_TABLES,STRICT_ALL_TABLES,NO_ZERO_IN_DATE,NO_ZERO_DATE,ERROR_FOR_DIVISION_BY_ZERO,TRADITIONAL,NO_ENGINE_SUBSTITUTION {{(pid=108874) _check_effective_sql_mode /opt/stack/data/venv/lib/python3.12/site-packages/oslo_db/sqlalchemy/engines.py:325}}
Feb 17 02:21:32.280101 np0000155897 devstack@n-api-meta.service[108875]: DEBUG oslo_db.sqlalchemy.engines [None req-a7123142-9159-47b7-869a-5611af27866a None None] MySQL server mode set to STRICT_TRANS_TABLES,STRICT_ALL_TABLES,NO_ZERO_IN_DATE,NO_ZERO_DATE,ERROR_FOR_DIVISION_BY_ZERO,TRADITIONAL,NO_ENGINE_SUBSTITUTION {{(pid=108875) _check_effective_sql_mode /opt/stack/data/venv/lib/python3.12/site-packages/oslo_db/sqlalchemy/engines.py:325}}
Feb 17 02:21:32.284092 np0000155897 devstack@n-api-meta.service[108874]: DEBUG oslo_db.sqlalchemy.engines [None req-169d11e8-6921-44c0-adcc-984cad47eef8 None None] MySQL server mode set to STRICT_TRANS_TABLES,STRICT_ALL_TABLES,NO_ZERO_IN_DATE,NO_ZERO_DATE,ERROR_FOR_DIVISION_BY_ZERO,TRADITIONAL,NO_ENGINE_SUBSTITUTION {{(pid=108874) _check_effective_sql_mode /opt/stack/data/venv/lib/python3.12/site-packages/oslo_db/sqlalchemy/engines.py:325}}
Feb 17 02:21:32.288342 np0000155897 devstack@n-api-meta.service[108875]: DEBUG dbcounter [-] [108875] Writer thread running {{(pid=108875) stat_writer /opt/stack/data/venv/lib/python3.12/site-packages/dbcounter.py:102}}
Feb 17 02:21:32.312571 np0000155897 devstack@n-api-meta.service[108876]: DEBUG dbcounter [-] [108876] Writer thread running {{(pid=108876) stat_writer /opt/stack/data/venv/lib/python3.12/site-packages/dbcounter.py:102}}
Feb 17 02:21:32.316289 np0000155897 devstack@n-api-meta.service[108877]: DEBUG dbcounter [-] [108877] Writer thread running {{(pid=108877) stat_writer /opt/stack/data/venv/lib/python3.12/site-packages/dbcounter.py:102}}
Feb 17 02:21:32.316805 np0000155897 devstack@n-api-meta.service[108876]: DEBUG dbcounter [-] [108876] Writer thread running {{(pid=108876) stat_writer /opt/stack/data/venv/lib/python3.12/site-packages/dbcounter.py:102}}
Feb 17 02:21:32.317232 np0000155897 devstack@n-api-meta.service[108877]: DEBUG dbcounter [-] [108877] Writer thread running {{(pid=108877) stat_writer /opt/stack/data/venv/lib/python3.12/site-packages/dbcounter.py:102}}
Feb 17 02:21:32.322159 np0000155897 devstack@n-api-meta.service[108877]: INFO dbcounter [None req-68b4940b-408c-4de7-b236-a001569f52e0 None None] Registered counter for database nova_cell0
Feb 17 02:21:32.324240 np0000155897 devstack@n-api-meta.service[108876]: INFO dbcounter [None req-645edaa9-c609-430b-b3b6-60b4a5597ac3 None None] Registered counter for database nova_cell0
Feb 17 02:21:32.331370 np0000155897 devstack@n-api-meta.service[108877]: DEBUG oslo_db.sqlalchemy.engines [None req-68b4940b-408c-4de7-b236-a001569f52e0 None None] MySQL server mode set to STRICT_TRANS_TABLES,STRICT_ALL_TABLES,NO_ZERO_IN_DATE,NO_ZERO_DATE,ERROR_FOR_DIVISION_BY_ZERO,TRADITIONAL,NO_ENGINE_SUBSTITUTION {{(pid=108877) _check_effective_sql_mode /opt/stack/data/venv/lib/python3.12/site-packages/oslo_db/sqlalchemy/engines.py:325}}
Feb 17 02:21:32.332359 np0000155897 devstack@n-api-meta.service[108875]: WARNING nova.api.metadata.handler [None req-a7123142-9159-47b7-869a-5611af27866a None None] metadata_proxy_shared_secret is not configured, the metadata information returned by the proxy cannot be trusted
Feb 17 02:21:32.334612 np0000155897 devstack@n-api-meta.service[108875]: DEBUG nova.api.openstack.wsgi_app [None req-a7123142-9159-47b7-869a-5611af27866a None None] ******************************************************************************** {{(pid=108875) log_opt_values /opt/stack/data/venv/lib/python3.12/site-packages/oslo_config/cfg.py:2804}}
Feb 17 02:21:32.334748 np0000155897 devstack@n-api-meta.service[108875]: DEBUG nova.api.openstack.wsgi_app [None req-a7123142-9159-47b7-869a-5611af27866a None None] Configuration options gathered from: {{(pid=108875) log_opt_values /opt/stack/data/venv/lib/python3.12/site-packages/oslo_config/cfg.py:2805}}
Feb 17 02:21:32.334823 np0000155897 devstack@n-api-meta.service[108875]: DEBUG nova.api.openstack.wsgi_app [None req-a7123142-9159-47b7-869a-5611af27866a None None] command line args: [] {{(pid=108875) log_opt_values /opt/stack/data/venv/lib/python3.12/site-packages/oslo_config/cfg.py:2806}}
Feb 17 02:21:32.334988 np0000155897 devstack@n-api-meta.service[108875]: DEBUG nova.api.openstack.wsgi_app [None req-a7123142-9159-47b7-869a-5611af27866a None None] config files: ['/etc/nova/api-paste.ini', '/etc/nova/nova.conf'] {{(pid=108875) log_opt_values /opt/stack/data/venv/lib/python3.12/site-packages/oslo_config/cfg.py:2807}}
Feb 17 02:21:32.335085 np0000155897 devstack@n-api-meta.service[108875]: DEBUG nova.api.openstack.wsgi_app [None req-a7123142-9159-47b7-869a-5611af27866a None None] ================================================================================ {{(pid=108875) log_opt_values /opt/stack/data/venv/lib/python3.12/site-packages/oslo_config/cfg.py:2809}}
Feb 17 02:21:32.335266 np0000155897 devstack@n-api-meta.service[108875]: DEBUG nova.api.openstack.wsgi_app [None req-a7123142-9159-47b7-869a-5611af27866a None None] allow_resize_to_same_host = True {{(pid=108875) log_opt_values /opt/stack/data/venv/lib/python3.12/site-packages/oslo_config/cfg.py:2817}}
Feb 17 02:21:32.335440 np0000155897 devstack@n-api-meta.service[108875]: DEBUG nova.api.openstack.wsgi_app [None req-a7123142-9159-47b7-869a-5611af27866a None None] arq_binding_timeout = 300 {{(pid=108875) log_opt_values /opt/stack/data/venv/lib/python3.12/site-packages/oslo_config/cfg.py:2817}}
Feb 17 02:21:32.335493 np0000155897 devstack@n-api-meta.service[108876]: DEBUG oslo_db.sqlalchemy.engines [None req-645edaa9-c609-430b-b3b6-60b4a5597ac3 None None] MySQL server mode set to STRICT_TRANS_TABLES,STRICT_ALL_TABLES,NO_ZERO_IN_DATE,NO_ZERO_DATE,ERROR_FOR_DIVISION_BY_ZERO,TRADITIONAL,NO_ENGINE_SUBSTITUTION {{(pid=108876) _check_effective_sql_mode /opt/stack/data/venv/lib/python3.12/site-packages/oslo_db/sqlalchemy/engines.py:325}}
Feb 17 02:21:32.335545 np0000155897 devstack@n-api-meta.service[108875]: DEBUG nova.api.openstack.wsgi_app [None req-a7123142-9159-47b7-869a-5611af27866a None None] block_device_allocate_retries = 60 {{(pid=108875) log_opt_values /opt/stack/data/venv/lib/python3.12/site-packages/oslo_config/cfg.py:2817}}
Feb 17 02:21:32.335673 np0000155897 devstack@n-api-meta.service[108875]: DEBUG nova.api.openstack.wsgi_app [None req-a7123142-9159-47b7-869a-5611af27866a None None] block_device_allocate_retries_interval = 3 {{(pid=108875) log_opt_values /opt/stack/data/venv/lib/python3.12/site-packages/oslo_config/cfg.py:2817}}
Feb 17 02:21:32.335797 np0000155897 devstack@n-api-meta.service[108875]: DEBUG nova.api.openstack.wsgi_app [None req-a7123142-9159-47b7-869a-5611af27866a None None] cell_worker_thread_pool_size = 5 {{(pid=108875) log_opt_values /opt/stack/data/venv/lib/python3.12/site-packages/oslo_config/cfg.py:2817}}
Feb 17 02:21:32.335929 np0000155897 devstack@n-api-meta.service[108875]: DEBUG nova.api.openstack.wsgi_app [None req-a7123142-9159-47b7-869a-5611af27866a None None] cert = self.pem {{(pid=108875) log_opt_values /opt/stack/data/venv/lib/python3.12/site-packages/oslo_config/cfg.py:2817}}
Feb 17 02:21:32.336071 np0000155897 devstack@n-api-meta.service[108875]: DEBUG nova.api.openstack.wsgi_app [None req-a7123142-9159-47b7-869a-5611af27866a None None] compute_driver = libvirt.LibvirtDriver {{(pid=108875) log_opt_values /opt/stack/data/venv/lib/python3.12/site-packages/oslo_config/cfg.py:2817}}
Feb 17 02:21:32.336195 np0000155897 devstack@n-api-meta.service[108875]: DEBUG nova.api.openstack.wsgi_app [None req-a7123142-9159-47b7-869a-5611af27866a None None] compute_monitors = [] {{(pid=108875) log_opt_values /opt/stack/data/venv/lib/python3.12/site-packages/oslo_config/cfg.py:2817}}
Feb 17 02:21:32.336326 np0000155897 devstack@n-api-meta.service[108875]: DEBUG nova.api.openstack.wsgi_app [None req-a7123142-9159-47b7-869a-5611af27866a None None] config_dir = [] {{(pid=108875) log_opt_values /opt/stack/data/venv/lib/python3.12/site-packages/oslo_config/cfg.py:2817}}
Feb 17 02:21:32.336462 np0000155897 devstack@n-api-meta.service[108875]: DEBUG nova.api.openstack.wsgi_app [None req-a7123142-9159-47b7-869a-5611af27866a None None] config_drive_format = iso9660 {{(pid=108875) log_opt_values /opt/stack/data/venv/lib/python3.12/site-packages/oslo_config/cfg.py:2817}}
Feb 17 02:21:32.336569 np0000155897 devstack@n-api-meta.service[108875]: DEBUG nova.api.openstack.wsgi_app [None req-a7123142-9159-47b7-869a-5611af27866a None None] config_file = ['/etc/nova/api-paste.ini', '/etc/nova/nova.conf'] {{(pid=108875) log_opt_values /opt/stack/data/venv/lib/python3.12/site-packages/oslo_config/cfg.py:2817}}
Feb 17 02:21:32.336729 np0000155897 devstack@n-api-meta.service[108875]: DEBUG nova.api.openstack.wsgi_app [None req-a7123142-9159-47b7-869a-5611af27866a None None] config_source = [] {{(pid=108875) log_opt_values /opt/stack/data/venv/lib/python3.12/site-packages/oslo_config/cfg.py:2817}}
Feb 17 02:21:32.336851 np0000155897 devstack@n-api-meta.service[108875]: DEBUG nova.api.openstack.wsgi_app [None req-a7123142-9159-47b7-869a-5611af27866a None None] console_host = np0000155897 {{(pid=108875) log_opt_values /opt/stack/data/venv/lib/python3.12/site-packages/oslo_config/cfg.py:2817}}
Feb 17 02:21:32.336984 np0000155897 devstack@n-api-meta.service[108875]: DEBUG nova.api.openstack.wsgi_app [None req-a7123142-9159-47b7-869a-5611af27866a None None] control_exchange = nova {{(pid=108875) log_opt_values /opt/stack/data/venv/lib/python3.12/site-packages/oslo_config/cfg.py:2817}}
Feb 17 02:21:32.337111 np0000155897 devstack@n-api-meta.service[108875]: DEBUG nova.api.openstack.wsgi_app [None req-a7123142-9159-47b7-869a-5611af27866a None None] cpu_allocation_ratio = None {{(pid=108875) log_opt_values /opt/stack/data/venv/lib/python3.12/site-packages/oslo_config/cfg.py:2817}}
Feb 17 02:21:32.337237 np0000155897 devstack@n-api-meta.service[108875]: DEBUG nova.api.openstack.wsgi_app [None req-a7123142-9159-47b7-869a-5611af27866a None None] daemon = False {{(pid=108875) log_opt_values /opt/stack/data/venv/lib/python3.12/site-packages/oslo_config/cfg.py:2817}}
Feb 17 02:21:32.337364 np0000155897 devstack@n-api-meta.service[108875]: DEBUG nova.api.openstack.wsgi_app [None req-a7123142-9159-47b7-869a-5611af27866a None None] debug = True {{(pid=108875) log_opt_values /opt/stack/data/venv/lib/python3.12/site-packages/oslo_config/cfg.py:2817}}
Feb 17 02:21:32.337537 np0000155897 devstack@n-api-meta.service[108875]: DEBUG nova.api.openstack.wsgi_app [None req-a7123142-9159-47b7-869a-5611af27866a None None] default_access_ip_network_name = None {{(pid=108875) log_opt_values /opt/stack/data/venv/lib/python3.12/site-packages/oslo_config/cfg.py:2817}}
Feb 17 02:21:32.337696 np0000155897 devstack@n-api-meta.service[108875]: DEBUG nova.api.openstack.wsgi_app [None req-a7123142-9159-47b7-869a-5611af27866a None None] default_availability_zone = nova {{(pid=108875) log_opt_values /opt/stack/data/venv/lib/python3.12/site-packages/oslo_config/cfg.py:2817}}
Feb 17 02:21:32.337826 np0000155897 devstack@n-api-meta.service[108875]: DEBUG nova.api.openstack.wsgi_app [None req-a7123142-9159-47b7-869a-5611af27866a None None] default_ephemeral_format = ext4 {{(pid=108875) log_opt_values /opt/stack/data/venv/lib/python3.12/site-packages/oslo_config/cfg.py:2817}}
Feb 17 02:21:32.337952 np0000155897 devstack@n-api-meta.service[108875]: DEBUG nova.api.openstack.wsgi_app [None req-a7123142-9159-47b7-869a-5611af27866a None None] default_green_pool_size = 1000 {{(pid=108875) log_opt_values /opt/stack/data/venv/lib/python3.12/site-packages/oslo_config/cfg.py:2817}}
Feb 17 02:21:32.338159 np0000155897 devstack@n-api-meta.service[108875]: DEBUG nova.api.openstack.wsgi_app [None req-a7123142-9159-47b7-869a-5611af27866a None None] default_log_levels = ['amqp=WARN', 'boto=WARN', 'sqlalchemy=WARN', 'suds=INFO', 'oslo.messaging=INFO', 'oslo_messaging=INFO', 'iso8601=WARN', 'requests.packages.urllib3.connectionpool=WARN', 'urllib3.connectionpool=WARN', 'websocket=WARN', 'requests.packages.urllib3.util.retry=WARN', 'urllib3.util.retry=WARN', 'keystonemiddleware=WARN', 'routes.middleware=WARN', 'stevedore=WARN', 'taskflow=WARN', 'keystoneauth=WARN', 'oslo.cache=INFO', 'oslo_policy=INFO', 'dogpile.core.dogpile=INFO', 'glanceclient=WARN', 'oslo.privsep.daemon=INFO'] {{(pid=108875) log_opt_values /opt/stack/data/venv/lib/python3.12/site-packages/oslo_config/cfg.py:2817}}
Feb 17 02:21:32.338270 np0000155897 devstack@n-api-meta.service[108875]: DEBUG nova.api.openstack.wsgi_app [None req-a7123142-9159-47b7-869a-5611af27866a None None] default_schedule_zone = None {{(pid=108875) log_opt_values /opt/stack/data/venv/lib/python3.12/site-packages/oslo_config/cfg.py:2817}}
Feb 17 02:21:32.338396 np0000155897 devstack@n-api-meta.service[108875]: DEBUG nova.api.openstack.wsgi_app [None req-a7123142-9159-47b7-869a-5611af27866a None None] default_thread_pool_size = 10 {{(pid=108875) log_opt_values /opt/stack/data/venv/lib/python3.12/site-packages/oslo_config/cfg.py:2817}}
Feb 17 02:21:32.338519 np0000155897 devstack@n-api-meta.service[108875]: DEBUG nova.api.openstack.wsgi_app [None req-a7123142-9159-47b7-869a-5611af27866a None None] disk_allocation_ratio = None {{(pid=108875) log_opt_values /opt/stack/data/venv/lib/python3.12/site-packages/oslo_config/cfg.py:2817}}
Feb 17 02:21:32.338688 np0000155897 devstack@n-api-meta.service[108875]: DEBUG nova.api.openstack.wsgi_app [None req-a7123142-9159-47b7-869a-5611af27866a None None] enable_new_services = True {{(pid=108875) log_opt_values /opt/stack/data/venv/lib/python3.12/site-packages/oslo_config/cfg.py:2817}}
Feb 17 02:21:32.338813 np0000155897 devstack@n-api-meta.service[108875]: DEBUG nova.api.openstack.wsgi_app [None req-a7123142-9159-47b7-869a-5611af27866a None None] flat_injected = False {{(pid=108875) log_opt_values /opt/stack/data/venv/lib/python3.12/site-packages/oslo_config/cfg.py:2817}}
Feb 17 02:21:32.338939 np0000155897 devstack@n-api-meta.service[108875]: DEBUG nova.api.openstack.wsgi_app [None req-a7123142-9159-47b7-869a-5611af27866a None None] force_config_drive = False {{(pid=108875) log_opt_values /opt/stack/data/venv/lib/python3.12/site-packages/oslo_config/cfg.py:2817}}
Feb 17 02:21:32.339062 np0000155897 devstack@n-api-meta.service[108875]: DEBUG nova.api.openstack.wsgi_app [None req-a7123142-9159-47b7-869a-5611af27866a None None] force_raw_images = True {{(pid=108875) log_opt_values /opt/stack/data/venv/lib/python3.12/site-packages/oslo_config/cfg.py:2817}}
Feb 17 02:21:32.339260 np0000155897 devstack@n-api-meta.service[108875]: DEBUG nova.api.openstack.wsgi_app [None req-a7123142-9159-47b7-869a-5611af27866a None None] graceful_shutdown_timeout = 5 {{(pid=108875) log_opt_values /opt/stack/data/venv/lib/python3.12/site-packages/oslo_config/cfg.py:2817}}
Feb 17 02:21:32.339399 np0000155897 devstack@n-api-meta.service[108875]: DEBUG nova.api.openstack.wsgi_app [None req-a7123142-9159-47b7-869a-5611af27866a None None] heal_instance_info_cache_interval = -1 {{(pid=108875) log_opt_values /opt/stack/data/venv/lib/python3.12/site-packages/oslo_config/cfg.py:2817}}
Feb 17 02:21:32.339606 np0000155897 devstack@n-api-meta.service[108875]: DEBUG nova.api.openstack.wsgi_app [None req-a7123142-9159-47b7-869a-5611af27866a None None] host = np0000155897 {{(pid=108875) log_opt_values /opt/stack/data/venv/lib/python3.12/site-packages/oslo_config/cfg.py:2817}}
Feb 17 02:21:32.339755 np0000155897 devstack@n-api-meta.service[108875]: DEBUG nova.api.openstack.wsgi_app [None req-a7123142-9159-47b7-869a-5611af27866a None None] initial_cpu_allocation_ratio = 4.0 {{(pid=108875) log_opt_values /opt/stack/data/venv/lib/python3.12/site-packages/oslo_config/cfg.py:2817}}
Feb 17 02:21:32.339887 np0000155897 devstack@n-api-meta.service[108875]: DEBUG nova.api.openstack.wsgi_app [None req-a7123142-9159-47b7-869a-5611af27866a None None] initial_disk_allocation_ratio = 1.0 {{(pid=108875) log_opt_values /opt/stack/data/venv/lib/python3.12/site-packages/oslo_config/cfg.py:2817}}
Feb 17 02:21:32.340015 np0000155897 devstack@n-api-meta.service[108875]: DEBUG nova.api.openstack.wsgi_app [None req-a7123142-9159-47b7-869a-5611af27866a None None] initial_ram_allocation_ratio = 1.0 {{(pid=108875) log_opt_values /opt/stack/data/venv/lib/python3.12/site-packages/oslo_config/cfg.py:2817}}
Feb 17 02:21:32.340196 np0000155897 devstack@n-api-meta.service[108875]: DEBUG nova.api.openstack.wsgi_app [None req-a7123142-9159-47b7-869a-5611af27866a None None] injected_network_template = /opt/stack/nova/nova/virt/interfaces.template {{(pid=108875) log_opt_values /opt/stack/data/venv/lib/python3.12/site-packages/oslo_config/cfg.py:2817}}
Feb 17 02:21:32.340323 np0000155897 devstack@n-api-meta.service[108875]: DEBUG nova.api.openstack.wsgi_app [None req-a7123142-9159-47b7-869a-5611af27866a None None] instance_build_timeout = 0 {{(pid=108875) log_opt_values /opt/stack/data/venv/lib/python3.12/site-packages/oslo_config/cfg.py:2817}}
Feb 17 02:21:32.340385 np0000155897 devstack@n-api-meta.service[108877]: DEBUG dbcounter [-] [108877] Writer thread running {{(pid=108877) stat_writer /opt/stack/data/venv/lib/python3.12/site-packages/dbcounter.py:102}}
Feb 17 02:21:32.340488 np0000155897 devstack@n-api-meta.service[108875]: DEBUG nova.api.openstack.wsgi_app [None req-a7123142-9159-47b7-869a-5611af27866a None None] instance_delete_interval = 300 {{(pid=108875) log_opt_values /opt/stack/data/venv/lib/python3.12/site-packages/oslo_config/cfg.py:2817}}
Feb 17 02:21:32.340657 np0000155897 devstack@n-api-meta.service[108875]: DEBUG nova.api.openstack.wsgi_app [None req-a7123142-9159-47b7-869a-5611af27866a None None] instance_format = [instance: %(uuid)s] {{(pid=108875) log_opt_values /opt/stack/data/venv/lib/python3.12/site-packages/oslo_config/cfg.py:2817}}
Feb 17 02:21:32.340796 np0000155897 devstack@n-api-meta.service[108875]: DEBUG nova.api.openstack.wsgi_app [None req-a7123142-9159-47b7-869a-5611af27866a None None] instance_name_template = instance-%08x {{(pid=108875) log_opt_values /opt/stack/data/venv/lib/python3.12/site-packages/oslo_config/cfg.py:2817}}
Feb 17 02:21:32.340924 np0000155897 devstack@n-api-meta.service[108875]: DEBUG nova.api.openstack.wsgi_app [None req-a7123142-9159-47b7-869a-5611af27866a None None] instance_usage_audit = False {{(pid=108875) log_opt_values /opt/stack/data/venv/lib/python3.12/site-packages/oslo_config/cfg.py:2817}}
Feb 17 02:21:32.341068 np0000155897 devstack@n-api-meta.service[108875]: DEBUG nova.api.openstack.wsgi_app [None req-a7123142-9159-47b7-869a-5611af27866a None None] instance_usage_audit_period = month {{(pid=108875) log_opt_values /opt/stack/data/venv/lib/python3.12/site-packages/oslo_config/cfg.py:2817}}
Feb 17 02:21:32.341211 np0000155897 devstack@n-api-meta.service[108875]: DEBUG nova.api.openstack.wsgi_app [None req-a7123142-9159-47b7-869a-5611af27866a None None] instance_uuid_format = [instance: %(uuid)s] {{(pid=108875) log_opt_values /opt/stack/data/venv/lib/python3.12/site-packages/oslo_config/cfg.py:2817}}
Feb 17 02:21:32.341323 np0000155897 devstack@n-api-meta.service[108875]: DEBUG nova.api.openstack.wsgi_app [None req-a7123142-9159-47b7-869a-5611af27866a None None] instances_path = /opt/stack/data/nova/instances {{(pid=108875) log_opt_values /opt/stack/data/venv/lib/python3.12/site-packages/oslo_config/cfg.py:2817}}
Feb 17 02:21:32.341475 np0000155897 devstack@n-api-meta.service[108875]: DEBUG nova.api.openstack.wsgi_app [None req-a7123142-9159-47b7-869a-5611af27866a None None] internal_service_availability_zone = internal {{(pid=108875) log_opt_values /opt/stack/data/venv/lib/python3.12/site-packages/oslo_config/cfg.py:2817}}
Feb 17 02:21:32.341741 np0000155897 devstack@n-api-meta.service[108875]: DEBUG nova.api.openstack.wsgi_app [None req-a7123142-9159-47b7-869a-5611af27866a None None] key = None {{(pid=108875) log_opt_values /opt/stack/data/venv/lib/python3.12/site-packages/oslo_config/cfg.py:2817}}
Feb 17 02:21:32.341816 np0000155897 devstack@n-api-meta.service[108875]: DEBUG nova.api.openstack.wsgi_app [None req-a7123142-9159-47b7-869a-5611af27866a None None] live_migration_retry_count = 30 {{(pid=108875) log_opt_values /opt/stack/data/venv/lib/python3.12/site-packages/oslo_config/cfg.py:2817}}
Feb 17 02:21:32.341907 np0000155897 devstack@n-api-meta.service[108875]: DEBUG nova.api.openstack.wsgi_app [None req-a7123142-9159-47b7-869a-5611af27866a None None] log_color = False {{(pid=108875) log_opt_values /opt/stack/data/venv/lib/python3.12/site-packages/oslo_config/cfg.py:2817}}
Feb 17 02:21:32.342046 np0000155897 devstack@n-api-meta.service[108875]: DEBUG nova.api.openstack.wsgi_app [None req-a7123142-9159-47b7-869a-5611af27866a None None] log_config_append = None {{(pid=108875) log_opt_values /opt/stack/data/venv/lib/python3.12/site-packages/oslo_config/cfg.py:2817}}
Feb 17 02:21:32.342107 np0000155897 devstack@n-api-meta.service[108876]: DEBUG dbcounter [-] [108876] Writer thread running {{(pid=108876) stat_writer /opt/stack/data/venv/lib/python3.12/site-packages/dbcounter.py:102}}
Feb 17 02:21:32.342184 np0000155897 devstack@n-api-meta.service[108875]: DEBUG nova.api.openstack.wsgi_app [None req-a7123142-9159-47b7-869a-5611af27866a None None] log_date_format = %Y-%m-%d %H:%M:%S {{(pid=108875) log_opt_values /opt/stack/data/venv/lib/python3.12/site-packages/oslo_config/cfg.py:2817}}
Feb 17 02:21:32.342316 np0000155897 devstack@n-api-meta.service[108875]: DEBUG nova.api.openstack.wsgi_app [None req-a7123142-9159-47b7-869a-5611af27866a None None] log_dir = None {{(pid=108875) log_opt_values /opt/stack/data/venv/lib/python3.12/site-packages/oslo_config/cfg.py:2817}}
Feb 17 02:21:32.342440 np0000155897 devstack@n-api-meta.service[108875]: DEBUG nova.api.openstack.wsgi_app [None req-a7123142-9159-47b7-869a-5611af27866a None None] log_file = None {{(pid=108875) log_opt_values /opt/stack/data/venv/lib/python3.12/site-packages/oslo_config/cfg.py:2817}}
Feb 17 02:21:32.342544 np0000155897 devstack@n-api-meta.service[108875]: DEBUG nova.api.openstack.wsgi_app [None req-a7123142-9159-47b7-869a-5611af27866a None None] log_options = True {{(pid=108875) log_opt_values /opt/stack/data/venv/lib/python3.12/site-packages/oslo_config/cfg.py:2817}}
Feb 17 02:21:32.342710 np0000155897 devstack@n-api-meta.service[108875]: DEBUG nova.api.openstack.wsgi_app [None req-a7123142-9159-47b7-869a-5611af27866a None None] log_rotate_interval = 1 {{(pid=108875) log_opt_values /opt/stack/data/venv/lib/python3.12/site-packages/oslo_config/cfg.py:2817}}
Feb 17 02:21:32.342849 np0000155897 devstack@n-api-meta.service[108875]: DEBUG nova.api.openstack.wsgi_app [None req-a7123142-9159-47b7-869a-5611af27866a None None] log_rotate_interval_type = days {{(pid=108875) log_opt_values /opt/stack/data/venv/lib/python3.12/site-packages/oslo_config/cfg.py:2817}}
Feb 17 02:21:32.342981 np0000155897 devstack@n-api-meta.service[108875]: DEBUG nova.api.openstack.wsgi_app [None req-a7123142-9159-47b7-869a-5611af27866a None None] log_rotation_type = none {{(pid=108875) log_opt_values /opt/stack/data/venv/lib/python3.12/site-packages/oslo_config/cfg.py:2817}}
