Feb 17 02:21:32.561088 np0000155897 devstack@n-api-meta.service[108874]: DEBUG nova.api.openstack.wsgi_app [None req-169d11e8-6921-44c0-adcc-984cad47eef8 None None] oslo_limit.retriable_status_codes = None {{(pid=108874) log_opt_values /opt/stack/data/venv/lib/python3.12/site-packages/oslo_config/cfg.py:2824}}
Feb 17 02:21:32.561210 np0000155897 devstack@n-api-meta.service[108874]: DEBUG nova.api.openstack.wsgi_app [None req-169d11e8-6921-44c0-adcc-984cad47eef8 None None] oslo_limit.service_name = None {{(pid=108874) log_opt_values /opt/stack/data/venv/lib/python3.12/site-packages/oslo_config/cfg.py:2824}}
Feb 17 02:21:32.561337 np0000155897 devstack@n-api-meta.service[108874]: DEBUG nova.api.openstack.wsgi_app [None req-169d11e8-6921-44c0-adcc-984cad47eef8 None None] oslo_limit.service_type = None {{(pid=108874) log_opt_values /opt/stack/data/venv/lib/python3.12/site-packages/oslo_config/cfg.py:2824}}
Feb 17 02:21:32.561462 np0000155897 devstack@n-api-meta.service[108874]: DEBUG nova.api.openstack.wsgi_app [None req-169d11e8-6921-44c0-adcc-984cad47eef8 None None] oslo_limit.split_loggers = False {{(pid=108874) log_opt_values /opt/stack/data/venv/lib/python3.12/site-packages/oslo_config/cfg.py:2824}}
Feb 17 02:21:32.561603 np0000155897 devstack@n-api-meta.service[108874]: DEBUG nova.api.openstack.wsgi_app [None req-169d11e8-6921-44c0-adcc-984cad47eef8 None None] oslo_limit.status_code_retries = None {{(pid=108874) log_opt_values /opt/stack/data/venv/lib/python3.12/site-packages/oslo_config/cfg.py:2824}}
Feb 17 02:21:32.561730 np0000155897 devstack@n-api-meta.service[108874]: DEBUG nova.api.openstack.wsgi_app [None req-169d11e8-6921-44c0-adcc-984cad47eef8 None None] oslo_limit.status_code_retry_delay = None {{(pid=108874) log_opt_values /opt/stack/data/venv/lib/python3.12/site-packages/oslo_config/cfg.py:2824}}
Feb 17 02:21:32.561854 np0000155897 devstack@n-api-meta.service[108874]: DEBUG nova.api.openstack.wsgi_app [None req-169d11e8-6921-44c0-adcc-984cad47eef8 None None] oslo_limit.timeout = None {{(pid=108874) log_opt_values /opt/stack/data/venv/lib/python3.12/site-packages/oslo_config/cfg.py:2824}}
Feb 17 02:21:32.561978 np0000155897 devstack@n-api-meta.service[108874]: DEBUG nova.api.openstack.wsgi_app [None req-169d11e8-6921-44c0-adcc-984cad47eef8 None None] oslo_limit.valid_interfaces = None {{(pid=108874) log_opt_values /opt/stack/data/venv/lib/python3.12/site-packages/oslo_config/cfg.py:2824}}
Feb 17 02:21:32.562103 np0000155897 devstack@n-api-meta.service[108874]: DEBUG nova.api.openstack.wsgi_app [None req-169d11e8-6921-44c0-adcc-984cad47eef8 None None] oslo_limit.version = None {{(pid=108874) log_opt_values /opt/stack/data/venv/lib/python3.12/site-packages/oslo_config/cfg.py:2824}}
Feb 17 02:21:32.562240 np0000155897 devstack@n-api-meta.service[108874]: DEBUG nova.api.openstack.wsgi_app [None req-169d11e8-6921-44c0-adcc-984cad47eef8 None None] oslo_messaging_rabbit.amqp_auto_delete = False {{(pid=108874) log_opt_values /opt/stack/data/venv/lib/python3.12/site-packages/oslo_config/cfg.py:2824}}
Feb 17 02:21:32.562368 np0000155897 devstack@n-api-meta.service[108874]: DEBUG nova.api.openstack.wsgi_app [None req-169d11e8-6921-44c0-adcc-984cad47eef8 None None] oslo_messaging_rabbit.amqp_durable_queues = False {{(pid=108874) log_opt_values /opt/stack/data/venv/lib/python3.12/site-packages/oslo_config/cfg.py:2824}}
Feb 17 02:21:32.562495 np0000155897 devstack@n-api-meta.service[108874]: DEBUG nova.api.openstack.wsgi_app [None req-169d11e8-6921-44c0-adcc-984cad47eef8 None None] oslo_messaging_rabbit.conn_pool_min_size = 2 {{(pid=108874) log_opt_values /opt/stack/data/venv/lib/python3.12/site-packages/oslo_config/cfg.py:2824}}
Feb 17 02:21:32.562640 np0000155897 devstack@n-api-meta.service[108874]: DEBUG nova.api.openstack.wsgi_app [None req-169d11e8-6921-44c0-adcc-984cad47eef8 None None] oslo_messaging_rabbit.conn_pool_ttl = 1200 {{(pid=108874) log_opt_values /opt/stack/data/venv/lib/python3.12/site-packages/oslo_config/cfg.py:2824}}
Feb 17 02:21:32.562768 np0000155897 devstack@n-api-meta.service[108874]: DEBUG nova.api.openstack.wsgi_app [None req-169d11e8-6921-44c0-adcc-984cad47eef8 None None] oslo_messaging_rabbit.direct_mandatory_flag = True {{(pid=108874) log_opt_values /opt/stack/data/venv/lib/python3.12/site-packages/oslo_config/cfg.py:2824}}
Feb 17 02:21:32.562893 np0000155897 devstack@n-api-meta.service[108874]: DEBUG nova.api.openstack.wsgi_app [None req-169d11e8-6921-44c0-adcc-984cad47eef8 None None] oslo_messaging_rabbit.enable_cancel_on_failover = False {{(pid=108874) log_opt_values /opt/stack/data/venv/lib/python3.12/site-packages/oslo_config/cfg.py:2824}}
Feb 17 02:21:32.563023 np0000155897 devstack@n-api-meta.service[108874]: DEBUG nova.api.openstack.wsgi_app [None req-169d11e8-6921-44c0-adcc-984cad47eef8 None None] oslo_messaging_rabbit.heartbeat_in_pthread = False {{(pid=108874) log_opt_values /opt/stack/data/venv/lib/python3.12/site-packages/oslo_config/cfg.py:2824}}
Feb 17 02:21:32.563151 np0000155897 devstack@n-api-meta.service[108874]: DEBUG nova.api.openstack.wsgi_app [None req-169d11e8-6921-44c0-adcc-984cad47eef8 None None] oslo_messaging_rabbit.heartbeat_rate = 3 {{(pid=108874) log_opt_values /opt/stack/data/venv/lib/python3.12/site-packages/oslo_config/cfg.py:2824}}
Feb 17 02:21:32.563277 np0000155897 devstack@n-api-meta.service[108874]: DEBUG nova.api.openstack.wsgi_app [None req-169d11e8-6921-44c0-adcc-984cad47eef8 None None] oslo_messaging_rabbit.heartbeat_timeout_threshold = 60 {{(pid=108874) log_opt_values /opt/stack/data/venv/lib/python3.12/site-packages/oslo_config/cfg.py:2824}}
Feb 17 02:21:32.563409 np0000155897 devstack@n-api-meta.service[108874]: DEBUG nova.api.openstack.wsgi_app [None req-169d11e8-6921-44c0-adcc-984cad47eef8 None None] oslo_messaging_rabbit.hostname = np0000155897 {{(pid=108874) log_opt_values /opt/stack/data/venv/lib/python3.12/site-packages/oslo_config/cfg.py:2824}}
Feb 17 02:21:32.563536 np0000155897 devstack@n-api-meta.service[108874]: DEBUG nova.api.openstack.wsgi_app [None req-169d11e8-6921-44c0-adcc-984cad47eef8 None None] oslo_messaging_rabbit.kombu_compression = None {{(pid=108874) log_opt_values /opt/stack/data/venv/lib/python3.12/site-packages/oslo_config/cfg.py:2824}}
Feb 17 02:21:32.563690 np0000155897 devstack@n-api-meta.service[108874]: DEBUG nova.api.openstack.wsgi_app [None req-169d11e8-6921-44c0-adcc-984cad47eef8 None None] oslo_messaging_rabbit.kombu_failover_strategy = round-robin {{(pid=108874) log_opt_values /opt/stack/data/venv/lib/python3.12/site-packages/oslo_config/cfg.py:2824}}
Feb 17 02:21:32.563821 np0000155897 devstack@n-api-meta.service[108874]: DEBUG nova.api.openstack.wsgi_app [None req-169d11e8-6921-44c0-adcc-984cad47eef8 None None] oslo_messaging_rabbit.kombu_missing_consumer_retry_timeout = 60 {{(pid=108874) log_opt_values /opt/stack/data/venv/lib/python3.12/site-packages/oslo_config/cfg.py:2824}}
Feb 17 02:21:32.563951 np0000155897 devstack@n-api-meta.service[108874]: DEBUG nova.api.openstack.wsgi_app [None req-169d11e8-6921-44c0-adcc-984cad47eef8 None None] oslo_messaging_rabbit.kombu_reconnect_delay = 1.0 {{(pid=108874) log_opt_values /opt/stack/data/venv/lib/python3.12/site-packages/oslo_config/cfg.py:2824}}
Feb 17 02:21:32.564079 np0000155897 devstack@n-api-meta.service[108874]: DEBUG nova.api.openstack.wsgi_app [None req-169d11e8-6921-44c0-adcc-984cad47eef8 None None] oslo_messaging_rabbit.kombu_reconnect_splay = 0.0 {{(pid=108874) log_opt_values /opt/stack/data/venv/lib/python3.12/site-packages/oslo_config/cfg.py:2824}}
Feb 17 02:21:32.564212 np0000155897 devstack@n-api-meta.service[108874]: DEBUG nova.api.openstack.wsgi_app [None req-169d11e8-6921-44c0-adcc-984cad47eef8 None None] oslo_messaging_rabbit.processname = uwsgi {{(pid=108874) log_opt_values /opt/stack/data/venv/lib/python3.12/site-packages/oslo_config/cfg.py:2824}}
Feb 17 02:21:32.564338 np0000155897 devstack@n-api-meta.service[108874]: DEBUG nova.api.openstack.wsgi_app [None req-169d11e8-6921-44c0-adcc-984cad47eef8 None None] oslo_messaging_rabbit.rabbit_ha_queues = False {{(pid=108874) log_opt_values /opt/stack/data/venv/lib/python3.12/site-packages/oslo_config/cfg.py:2824}}
Feb 17 02:21:32.564464 np0000155897 devstack@n-api-meta.service[108874]: DEBUG nova.api.openstack.wsgi_app [None req-169d11e8-6921-44c0-adcc-984cad47eef8 None None] oslo_messaging_rabbit.rabbit_interval_max = 30 {{(pid=108874) log_opt_values /opt/stack/data/venv/lib/python3.12/site-packages/oslo_config/cfg.py:2824}}
Feb 17 02:21:32.564614 np0000155897 devstack@n-api-meta.service[108874]: DEBUG nova.api.openstack.wsgi_app [None req-169d11e8-6921-44c0-adcc-984cad47eef8 None None] oslo_messaging_rabbit.rabbit_login_method = AMQPLAIN {{(pid=108874) log_opt_values /opt/stack/data/venv/lib/python3.12/site-packages/oslo_config/cfg.py:2824}}
Feb 17 02:21:32.564744 np0000155897 devstack@n-api-meta.service[108874]: DEBUG nova.api.openstack.wsgi_app [None req-169d11e8-6921-44c0-adcc-984cad47eef8 None None] oslo_messaging_rabbit.rabbit_qos_prefetch_count = 0 {{(pid=108874) log_opt_values /opt/stack/data/venv/lib/python3.12/site-packages/oslo_config/cfg.py:2824}}
Feb 17 02:21:32.564871 np0000155897 devstack@n-api-meta.service[108874]: DEBUG nova.api.openstack.wsgi_app [None req-169d11e8-6921-44c0-adcc-984cad47eef8 None None] oslo_messaging_rabbit.rabbit_quorum_delivery_limit = 0 {{(pid=108874) log_opt_values /opt/stack/data/venv/lib/python3.12/site-packages/oslo_config/cfg.py:2824}}
Feb 17 02:21:32.565013 np0000155897 devstack@n-api-meta.service[108874]: DEBUG nova.api.openstack.wsgi_app [None req-169d11e8-6921-44c0-adcc-984cad47eef8 None None] oslo_messaging_rabbit.rabbit_quorum_max_memory_bytes = 0 {{(pid=108874) log_opt_values /opt/stack/data/venv/lib/python3.12/site-packages/oslo_config/cfg.py:2824}}
Feb 17 02:21:32.565140 np0000155897 devstack@n-api-meta.service[108874]: DEBUG nova.api.openstack.wsgi_app [None req-169d11e8-6921-44c0-adcc-984cad47eef8 None None] oslo_messaging_rabbit.rabbit_quorum_max_memory_length = 0 {{(pid=108874) log_opt_values /opt/stack/data/venv/lib/python3.12/site-packages/oslo_config/cfg.py:2824}}
Feb 17 02:21:32.565267 np0000155897 devstack@n-api-meta.service[108874]: DEBUG nova.api.openstack.wsgi_app [None req-169d11e8-6921-44c0-adcc-984cad47eef8 None None] oslo_messaging_rabbit.rabbit_quorum_queue = False {{(pid=108874) log_opt_values /opt/stack/data/venv/lib/python3.12/site-packages/oslo_config/cfg.py:2824}}
Feb 17 02:21:32.565391 np0000155897 devstack@n-api-meta.service[108874]: DEBUG nova.api.openstack.wsgi_app [None req-169d11e8-6921-44c0-adcc-984cad47eef8 None None] oslo_messaging_rabbit.rabbit_retry_backoff = 2 {{(pid=108874) log_opt_values /opt/stack/data/venv/lib/python3.12/site-packages/oslo_config/cfg.py:2824}}
Feb 17 02:21:32.565517 np0000155897 devstack@n-api-meta.service[108874]: DEBUG nova.api.openstack.wsgi_app [None req-169d11e8-6921-44c0-adcc-984cad47eef8 None None] oslo_messaging_rabbit.rabbit_retry_interval = 1 {{(pid=108874) log_opt_values /opt/stack/data/venv/lib/python3.12/site-packages/oslo_config/cfg.py:2824}}
Feb 17 02:21:32.565665 np0000155897 devstack@n-api-meta.service[108874]: DEBUG nova.api.openstack.wsgi_app [None req-169d11e8-6921-44c0-adcc-984cad47eef8 None None] oslo_messaging_rabbit.rabbit_stream_fanout = False {{(pid=108874) log_opt_values /opt/stack/data/venv/lib/python3.12/site-packages/oslo_config/cfg.py:2824}}
Feb 17 02:21:32.565792 np0000155897 devstack@n-api-meta.service[108874]: DEBUG nova.api.openstack.wsgi_app [None req-169d11e8-6921-44c0-adcc-984cad47eef8 None None] oslo_messaging_rabbit.rabbit_transient_queues_ttl = 1800 {{(pid=108874) log_opt_values /opt/stack/data/venv/lib/python3.12/site-packages/oslo_config/cfg.py:2824}}
Feb 17 02:21:32.565919 np0000155897 devstack@n-api-meta.service[108874]: DEBUG nova.api.openstack.wsgi_app [None req-169d11e8-6921-44c0-adcc-984cad47eef8 None None] oslo_messaging_rabbit.rabbit_transient_quorum_queue = False {{(pid=108874) log_opt_values /opt/stack/data/venv/lib/python3.12/site-packages/oslo_config/cfg.py:2824}}
Feb 17 02:21:32.566047 np0000155897 devstack@n-api-meta.service[108874]: DEBUG nova.api.openstack.wsgi_app [None req-169d11e8-6921-44c0-adcc-984cad47eef8 None None] oslo_messaging_rabbit.rpc_conn_pool_size = 30 {{(pid=108874) log_opt_values /opt/stack/data/venv/lib/python3.12/site-packages/oslo_config/cfg.py:2824}}
Feb 17 02:21:32.566175 np0000155897 devstack@n-api-meta.service[108874]: DEBUG nova.api.openstack.wsgi_app [None req-169d11e8-6921-44c0-adcc-984cad47eef8 None None] oslo_messaging_rabbit.ssl = False {{(pid=108874) log_opt_values /opt/stack/data/venv/lib/python3.12/site-packages/oslo_config/cfg.py:2824}}
Feb 17 02:21:32.566306 np0000155897 devstack@n-api-meta.service[108874]: DEBUG nova.api.openstack.wsgi_app [None req-169d11e8-6921-44c0-adcc-984cad47eef8 None None] oslo_messaging_rabbit.ssl_ca_file = {{(pid=108874) log_opt_values /opt/stack/data/venv/lib/python3.12/site-packages/oslo_config/cfg.py:2824}}
Feb 17 02:21:32.566436 np0000155897 devstack@n-api-meta.service[108874]: DEBUG nova.api.openstack.wsgi_app [None req-169d11e8-6921-44c0-adcc-984cad47eef8 None None] oslo_messaging_rabbit.ssl_cert_file = {{(pid=108874) log_opt_values /opt/stack/data/venv/lib/python3.12/site-packages/oslo_config/cfg.py:2824}}
Feb 17 02:21:32.566564 np0000155897 devstack@n-api-meta.service[108874]: DEBUG nova.api.openstack.wsgi_app [None req-169d11e8-6921-44c0-adcc-984cad47eef8 None None] oslo_messaging_rabbit.ssl_enforce_fips_mode = False {{(pid=108874) log_opt_values /opt/stack/data/venv/lib/python3.12/site-packages/oslo_config/cfg.py:2824}}
Feb 17 02:21:32.566717 np0000155897 devstack@n-api-meta.service[108874]: DEBUG nova.api.openstack.wsgi_app [None req-169d11e8-6921-44c0-adcc-984cad47eef8 None None] oslo_messaging_rabbit.ssl_key_file = {{(pid=108874) log_opt_values /opt/stack/data/venv/lib/python3.12/site-packages/oslo_config/cfg.py:2824}}
Feb 17 02:21:32.566847 np0000155897 devstack@n-api-meta.service[108874]: DEBUG nova.api.openstack.wsgi_app [None req-169d11e8-6921-44c0-adcc-984cad47eef8 None None] oslo_messaging_rabbit.ssl_version = {{(pid=108874) log_opt_values /opt/stack/data/venv/lib/python3.12/site-packages/oslo_config/cfg.py:2824}}
Feb 17 02:21:32.566974 np0000155897 devstack@n-api-meta.service[108874]: DEBUG nova.api.openstack.wsgi_app [None req-169d11e8-6921-44c0-adcc-984cad47eef8 None None] oslo_messaging_rabbit.use_queue_manager = False {{(pid=108874) log_opt_values /opt/stack/data/venv/lib/python3.12/site-packages/oslo_config/cfg.py:2824}}
Feb 17 02:21:32.567113 np0000155897 devstack@n-api-meta.service[108874]: DEBUG nova.api.openstack.wsgi_app [None req-169d11e8-6921-44c0-adcc-984cad47eef8 None None] oslo_messaging_notifications.driver = ['messagingv2'] {{(pid=108874) log_opt_values /opt/stack/data/venv/lib/python3.12/site-packages/oslo_config/cfg.py:2824}}
Feb 17 02:21:32.567242 np0000155897 devstack@n-api-meta.service[108874]: DEBUG nova.api.openstack.wsgi_app [None req-169d11e8-6921-44c0-adcc-984cad47eef8 None None] oslo_messaging_notifications.retry = -1 {{(pid=108874) log_opt_values /opt/stack/data/venv/lib/python3.12/site-packages/oslo_config/cfg.py:2824}}
Feb 17 02:21:32.567376 np0000155897 devstack@n-api-meta.service[108874]: DEBUG nova.api.openstack.wsgi_app [None req-169d11e8-6921-44c0-adcc-984cad47eef8 None None] oslo_messaging_notifications.topics = ['notifications'] {{(pid=108874) log_opt_values /opt/stack/data/venv/lib/python3.12/site-packages/oslo_config/cfg.py:2824}}
Feb 17 02:21:32.567508 np0000155897 devstack@n-api-meta.service[108874]: DEBUG nova.api.openstack.wsgi_app [None req-169d11e8-6921-44c0-adcc-984cad47eef8 None None] oslo_messaging_notifications.transport_url = **** {{(pid=108874) log_opt_values /opt/stack/data/venv/lib/python3.12/site-packages/oslo_config/cfg.py:2824}}
Feb 17 02:21:32.567656 np0000155897 devstack@n-api-meta.service[108874]: DEBUG nova.api.openstack.wsgi_app [None req-169d11e8-6921-44c0-adcc-984cad47eef8 None None] oslo_reports.file_event_handler = None {{(pid=108874) log_opt_values /opt/stack/data/venv/lib/python3.12/site-packages/oslo_config/cfg.py:2824}}
Feb 17 02:21:32.567784 np0000155897 devstack@n-api-meta.service[108874]: DEBUG nova.api.openstack.wsgi_app [None req-169d11e8-6921-44c0-adcc-984cad47eef8 None None] oslo_reports.file_event_handler_interval = 1 {{(pid=108874) log_opt_values /opt/stack/data/venv/lib/python3.12/site-packages/oslo_config/cfg.py:2824}}
Feb 17 02:21:32.567911 np0000155897 devstack@n-api-meta.service[108874]: DEBUG nova.api.openstack.wsgi_app [None req-169d11e8-6921-44c0-adcc-984cad47eef8 None None] oslo_reports.log_dir = None {{(pid=108874) log_opt_values /opt/stack/data/venv/lib/python3.12/site-packages/oslo_config/cfg.py:2824}}
Feb 17 02:21:32.568011 np0000155897 devstack@n-api-meta.service[108874]: DEBUG nova.api.openstack.wsgi_app [None req-169d11e8-6921-44c0-adcc-984cad47eef8 None None] ******************************************************************************** {{(pid=108874) log_opt_values /opt/stack/data/venv/lib/python3.12/site-packages/oslo_config/cfg.py:2828}}
Feb 17 02:21:32.568110 np0000155897 devstack@n-api-meta.service[108874]: WSGI app 0 (mountpoint='') ready in 2 seconds on interpreter 0x71da08ca3668 pid: 108874 (default app)
Feb 17 02:21:42.138513 np0000155897 devstack@n-api-meta.service[108875]: DEBUG dbcounter [-] [108875] Writing DB stats nova_api:SELECT=1 {{(pid=108875) stat_writer /opt/stack/data/venv/lib/python3.12/site-packages/dbcounter.py:115}}
Feb 17 02:21:42.164954 np0000155897 devstack@n-api-meta.service[108876]: DEBUG dbcounter [-] [108876] Writing DB stats nova_api:SELECT=1 {{(pid=108876) stat_writer /opt/stack/data/venv/lib/python3.12/site-packages/dbcounter.py:115}}
Feb 17 02:21:42.175972 np0000155897 devstack@n-api-meta.service[108877]: DEBUG dbcounter [-] [108877] Writing DB stats nova_api:SELECT=1 {{(pid=108877) stat_writer /opt/stack/data/venv/lib/python3.12/site-packages/dbcounter.py:115}}
Feb 17 02:21:42.252405 np0000155897 devstack@n-api-meta.service[108874]: DEBUG dbcounter [-] [108874] Writing DB stats nova_api:SELECT=1 {{(pid=108874) stat_writer /opt/stack/data/venv/lib/python3.12/site-packages/dbcounter.py:115}}
Feb 17 02:21:42.263710 np0000155897 devstack@n-api-meta.service[108875]: DEBUG dbcounter [-] [108875] Writing DB stats nova_cell1:SELECT=1 {{(pid=108875) stat_writer /opt/stack/data/venv/lib/python3.12/site-packages/dbcounter.py:115}}
Feb 17 02:21:42.265312 np0000155897 devstack@n-api-meta.service[108875]: DEBUG dbcounter [-] [108875] Writing DB stats nova_cell0:SELECT=1 {{(pid=108875) stat_writer /opt/stack/data/venv/lib/python3.12/site-packages/dbcounter.py:115}}
Feb 17 02:21:42.296215 np0000155897 devstack@n-api-meta.service[108875]: DEBUG dbcounter [-] [108875] Writing DB stats nova_cell0:SELECT=2,nova_cell0:INSERT=1 {{(pid=108875) stat_writer /opt/stack/data/venv/lib/python3.12/site-packages/dbcounter.py:115}}
Feb 17 02:21:42.316979 np0000155897 devstack@n-api-meta.service[108876]: DEBUG dbcounter [-] [108876] Writing DB stats nova_cell0:SELECT=1 {{(pid=108876) stat_writer /opt/stack/data/venv/lib/python3.12/site-packages/dbcounter.py:115}}
Feb 17 02:21:42.317240 np0000155897 devstack@n-api-meta.service[108877]: DEBUG dbcounter [-] [108877] Writing DB stats nova_cell0:SELECT=1 {{(pid=108877) stat_writer /opt/stack/data/venv/lib/python3.12/site-packages/dbcounter.py:115}}
Feb 17 02:21:42.318130 np0000155897 devstack@n-api-meta.service[108877]: DEBUG dbcounter [-] [108877] Writing DB stats nova_cell1:SELECT=1 {{(pid=108877) stat_writer /opt/stack/data/venv/lib/python3.12/site-packages/dbcounter.py:115}}
Feb 17 02:21:42.319147 np0000155897 devstack@n-api-meta.service[108876]: DEBUG dbcounter [-] [108876] Writing DB stats nova_cell1:SELECT=1 {{(pid=108876) stat_writer /opt/stack/data/venv/lib/python3.12/site-packages/dbcounter.py:115}}
Feb 17 02:21:42.340942 np0000155897 devstack@n-api-meta.service[108877]: DEBUG dbcounter [-] [108877] Writing DB stats nova_cell0:SELECT=1 {{(pid=108877) stat_writer /opt/stack/data/venv/lib/python3.12/site-packages/dbcounter.py:115}}
Feb 17 02:21:42.342877 np0000155897 devstack@n-api-meta.service[108876]: DEBUG dbcounter [-] [108876] Writing DB stats nova_cell0:SELECT=1 {{(pid=108876) stat_writer /opt/stack/data/venv/lib/python3.12/site-packages/dbcounter.py:115}}
Feb 17 02:21:42.395084 np0000155897 devstack@n-api-meta.service[108874]: DEBUG dbcounter [-] [108874] Writing DB stats nova_cell1:SELECT=1 {{(pid=108874) stat_writer /opt/stack/data/venv/lib/python3.12/site-packages/dbcounter.py:115}}
Feb 17 02:21:42.396292 np0000155897 devstack@n-api-meta.service[108874]: DEBUG dbcounter [-] [108874] Writing DB stats nova_cell0:SELECT=1 {{(pid=108874) stat_writer /opt/stack/data/venv/lib/python3.12/site-packages/dbcounter.py:115}}
Feb 17 02:21:42.421895 np0000155897 devstack@n-api-meta.service[108874]: DEBUG dbcounter [-] [108874] Writing DB stats nova_cell0:SELECT=1 {{(pid=108874) stat_writer /opt/stack/data/venv/lib/python3.12/site-packages/dbcounter.py:115}}
Feb 17 02:29:44.942214 np0000155897 devstack@n-api-meta.service[108875]: DEBUG nova.api.metadata.handler [None req-a7123142-9159-47b7-869a-5611af27866a None None] Metadata request headers: {'Host': '199.204.45.157:8775', 'User-Agent': 'python-requests/2.32.5', 'Accept-Encoding': 'gzip, deflate', 'Accept': '*/*', 'Connection': 'keep-alive', 'X-Forwarded-For': '192.168.24.88', 'X-Instance-Id': 'c94a1c55-5822-437a-9b87-20f3ee783adf', 'X-Tenant-Id': '57dc09e612b7468382a95d4606c5510a', 'X-Instance-Id-Signature': 'b6d337929eb843965c19c0ee29d30d6f20280aa28bb78c5d6686ee2853f3ce5e'} {{(pid=108875) __call__ /opt/stack/nova/nova/api/metadata/handler.py:109}}
Feb 17 02:29:44.956599 np0000155897 devstack@n-api-meta.service[108875]: DEBUG oslo_concurrency.lockutils [None req-17dc37de-2b77-4903-8e9c-fad1f2564daf None None] Acquiring lock "21c9e1f7-0fa6-4342-b92d-2ab2ac1e51b7" by "nova.context.set_target_cell..get_or_set_cached_cell_and_set_connections" {{(pid=108875) inner /opt/stack/data/venv/lib/python3.12/site-packages/oslo_concurrency/lockutils.py:506}}
Feb 17 02:29:44.956946 np0000155897 devstack@n-api-meta.service[108875]: DEBUG oslo_concurrency.lockutils [None req-17dc37de-2b77-4903-8e9c-fad1f2564daf None None] Lock "21c9e1f7-0fa6-4342-b92d-2ab2ac1e51b7" acquired by "nova.context.set_target_cell..get_or_set_cached_cell_and_set_connections" :: waited 0.000s {{(pid=108875) inner /opt/stack/data/venv/lib/python3.12/site-packages/oslo_concurrency/lockutils.py:519}}
Feb 17 02:29:44.957210 np0000155897 devstack@n-api-meta.service[108875]: DEBUG oslo_concurrency.lockutils [None req-17dc37de-2b77-4903-8e9c-fad1f2564daf None None] Lock "21c9e1f7-0fa6-4342-b92d-2ab2ac1e51b7" "released" by "nova.context.set_target_cell..get_or_set_cached_cell_and_set_connections" :: held 0.000s {{(pid=108875) inner /opt/stack/data/venv/lib/python3.12/site-packages/oslo_concurrency/lockutils.py:538}}
Feb 17 02:29:45.024848 np0000155897 devstack@n-api-meta.service[108875]: WARNING neutronclient.v2_0.client [None req-17dc37de-2b77-4903-8e9c-fad1f2564daf None None] The python binding code in neutronclient is deprecated in favor of OpenstackSDK, please use that as this will be removed in a future release.
Feb 17 02:29:45.450690 np0000155897 devstack@n-api-meta.service[108875]: [pid: 108875|app: 0|req: 1/1] 199.204.45.157 () {40 vars in 642 bytes} [Tue Feb 17 02:29:44 2026] GET /openstack => generated 116 bytes in 511 msecs (HTTP/1.1 200) 3 headers in 100 bytes (1 switches on core 0)
Feb 17 02:29:45.464794 np0000155897 devstack@n-api-meta.service[108876]: DEBUG nova.api.metadata.handler [None req-645edaa9-c609-430b-b3b6-60b4a5597ac3 None None] Metadata request headers: {'Host': '199.204.45.157:8775', 'User-Agent': 'python-requests/2.32.5', 'Accept-Encoding': 'gzip, deflate', 'Accept': '*/*', 'Connection': 'keep-alive', 'X-Forwarded-For': '192.168.24.88', 'X-Instance-Id': 'c94a1c55-5822-437a-9b87-20f3ee783adf', 'X-Tenant-Id': '57dc09e612b7468382a95d4606c5510a', 'X-Instance-Id-Signature': 'b6d337929eb843965c19c0ee29d30d6f20280aa28bb78c5d6686ee2853f3ce5e'} {{(pid=108876) __call__ /opt/stack/nova/nova/api/metadata/handler.py:109}}
Feb 17 02:29:45.469865 np0000155897 devstack@n-api-meta.service[108876]: DEBUG nova.api.metadata.handler [None req-645edaa9-c609-430b-b3b6-60b4a5597ac3 None None] Using cached metadata for instance c94a1c55-5822-437a-9b87-20f3ee783adf {{(pid=108876) get_metadata_by_instance_id /opt/stack/nova/nova/api/metadata/handler.py:84}}
Feb 17 02:29:45.470968 np0000155897 devstack@n-api-meta.service[108876]: [pid: 108876|app: 0|req: 1/2] 199.204.45.157 () {40 vars in 642 bytes} [Tue Feb 17 02:29:45 2026] GET /openstack => generated 116 bytes in 8 msecs (HTTP/1.1 200) 3 headers in 100 bytes (1 switches on core 0)
Feb 17 02:29:45.480722 np0000155897 devstack@n-api-meta.service[108877]: DEBUG nova.api.metadata.handler [None req-68b4940b-408c-4de7-b236-a001569f52e0 None None] Metadata request headers: {'Host': '199.204.45.157:8775', 'User-Agent': 'python-requests/2.32.5', 'Accept-Encoding': 'gzip, deflate', 'Accept': '*/*', 'Connection': 'keep-alive', 'X-Forwarded-For': '192.168.24.88', 'X-Instance-Id': 'c94a1c55-5822-437a-9b87-20f3ee783adf', 'X-Tenant-Id': '57dc09e612b7468382a95d4606c5510a', 'X-Instance-Id-Signature': 'b6d337929eb843965c19c0ee29d30d6f20280aa28bb78c5d6686ee2853f3ce5e'} {{(pid=108877) __call__ /opt/stack/nova/nova/api/metadata/handler.py:109}}
Feb 17 02:29:45.487993 np0000155897 devstack@n-api-meta.service[108877]: DEBUG nova.api.metadata.handler [None req-68b4940b-408c-4de7-b236-a001569f52e0 None None] Using cached metadata for instance c94a1c55-5822-437a-9b87-20f3ee783adf {{(pid=108877) get_metadata_by_instance_id /opt/stack/nova/nova/api/metadata/handler.py:84}}
Feb 17 02:29:45.488635 np0000155897 devstack@n-api-meta.service[108877]: [pid: 108877|app: 0|req: 1/3] 199.204.45.157 () {40 vars in 694 bytes} [Tue Feb 17 02:29:45 2026] GET /openstack/2018-08-27/meta_data.json => generated 946 bytes in 9 msecs (HTTP/1.1 200) 3 headers in 91 bytes (1 switches on core 0)
Feb 17 02:29:45.497822 np0000155897 devstack@n-api-meta.service[108874]: DEBUG nova.api.metadata.handler [None req-169d11e8-6921-44c0-adcc-984cad47eef8 None None] Metadata request headers: {'Host': '199.204.45.157:8775', 'User-Agent': 'python-requests/2.32.5', 'Accept-Encoding': 'gzip, deflate', 'Accept': '*/*', 'Connection': 'keep-alive', 'X-Forwarded-For': '192.168.24.88', 'X-Instance-Id': 'c94a1c55-5822-437a-9b87-20f3ee783adf', 'X-Tenant-Id': '57dc09e612b7468382a95d4606c5510a', 'X-Instance-Id-Signature': 'b6d337929eb843965c19c0ee29d30d6f20280aa28bb78c5d6686ee2853f3ce5e'} {{(pid=108874) __call__ /opt/stack/nova/nova/api/metadata/handler.py:109}}
Feb 17 02:29:45.502928 np0000155897 devstack@n-api-meta.service[108874]: DEBUG nova.api.metadata.handler [None req-169d11e8-6921-44c0-adcc-984cad47eef8 None None] Using cached metadata for instance c94a1c55-5822-437a-9b87-20f3ee783adf {{(pid=108874) get_metadata_by_instance_id /opt/stack/nova/nova/api/metadata/handler.py:84}}
Feb 17 02:29:45.503415 np0000155897 devstack@n-api-meta.service[108874]: [pid: 108874|app: 0|req: 1/4] 199.204.45.157 () {40 vars in 684 bytes} [Tue Feb 17 02:29:45 2026] GET /openstack/2018-08-27/user_data => generated 26643 bytes in 7 msecs (HTTP/1.1 200) 3 headers in 102 bytes (1 switches on core 0)
Feb 17 02:29:45.510984 np0000155897 devstack@n-api-meta.service[108875]: DEBUG nova.api.metadata.handler [None req-17dc37de-2b77-4903-8e9c-fad1f2564daf None None] Metadata request headers: {'Host': '199.204.45.157:8775', 'User-Agent': 'python-requests/2.32.5', 'Accept-Encoding': 'gzip, deflate', 'Accept': '*/*', 'Connection': 'keep-alive', 'X-Forwarded-For': '192.168.24.88', 'X-Instance-Id': 'c94a1c55-5822-437a-9b87-20f3ee783adf', 'X-Tenant-Id': '57dc09e612b7468382a95d4606c5510a', 'X-Instance-Id-Signature': 'b6d337929eb843965c19c0ee29d30d6f20280aa28bb78c5d6686ee2853f3ce5e'} {{(pid=108875) __call__ /opt/stack/nova/nova/api/metadata/handler.py:109}}
Feb 17 02:29:45.515186 np0000155897 devstack@n-api-meta.service[108875]: DEBUG nova.api.metadata.handler [None req-17dc37de-2b77-4903-8e9c-fad1f2564daf None None] Using cached metadata for instance c94a1c55-5822-437a-9b87-20f3ee783adf {{(pid=108875) get_metadata_by_instance_id /opt/stack/nova/nova/api/metadata/handler.py:84}}
Feb 17 02:29:45.516105 np0000155897 devstack@n-api-meta.service[108875]: [pid: 108875|app: 0|req: 2/5] 199.204.45.157 () {40 vars in 698 bytes} [Tue Feb 17 02:29:45 2026] GET /openstack/2018-08-27/vendor_data.json => generated 2 bytes in 6 msecs (HTTP/1.1 200) 3 headers in 89 bytes (1 switches on core 0)
Feb 17 02:29:45.524557 np0000155897 devstack@n-api-meta.service[108876]: DEBUG nova.api.metadata.handler [None req-645edaa9-c609-430b-b3b6-60b4a5597ac3 None None] Metadata request headers: {'Host': '199.204.45.157:8775', 'User-Agent': 'python-requests/2.32.5', 'Accept-Encoding': 'gzip, deflate', 'Accept': '*/*', 'Connection': 'keep-alive', 'X-Forwarded-For': '192.168.24.88', 'X-Instance-Id': 'c94a1c55-5822-437a-9b87-20f3ee783adf', 'X-Tenant-Id': '57dc09e612b7468382a95d4606c5510a', 'X-Instance-Id-Signature': 'b6d337929eb843965c19c0ee29d30d6f20280aa28bb78c5d6686ee2853f3ce5e'} {{(pid=108876) __call__ /opt/stack/nova/nova/api/metadata/handler.py:109}}
Feb 17 02:29:45.527712 np0000155897 devstack@n-api-meta.service[108876]: DEBUG nova.api.metadata.handler [None req-645edaa9-c609-430b-b3b6-60b4a5597ac3 None None] Using cached metadata for instance c94a1c55-5822-437a-9b87-20f3ee783adf {{(pid=108876) get_metadata_by_instance_id /opt/stack/nova/nova/api/metadata/handler.py:84}}
Feb 17 02:29:45.528162 np0000155897 devstack@n-api-meta.service[108876]: [pid: 108876|app: 0|req: 2/6] 199.204.45.157 () {40 vars in 700 bytes} [Tue Feb 17 02:29:45 2026] GET /openstack/2018-08-27/vendor_data2.json => generated 14 bytes in 4 msecs (HTTP/1.1 200) 3 headers in 90 bytes (1 switches on core 0)
Feb 17 02:29:45.535262 np0000155897 devstack@n-api-meta.service[108877]: DEBUG nova.api.metadata.handler [None req-68b4940b-408c-4de7-b236-a001569f52e0 None None] Metadata request headers: {'Host': '199.204.45.157:8775', 'User-Agent': 'python-requests/2.32.5', 'Accept-Encoding': 'gzip, deflate', 'Accept': '*/*', 'Connection': 'keep-alive', 'X-Forwarded-For': '192.168.24.88', 'X-Instance-Id': 'c94a1c55-5822-437a-9b87-20f3ee783adf', 'X-Tenant-Id': '57dc09e612b7468382a95d4606c5510a', 'X-Instance-Id-Signature': 'b6d337929eb843965c19c0ee29d30d6f20280aa28bb78c5d6686ee2853f3ce5e'} {{(pid=108877) __call__ /opt/stack/nova/nova/api/metadata/handler.py:109}}
Feb 17 02:29:45.537165 np0000155897 devstack@n-api-meta.service[108877]: DEBUG nova.api.metadata.handler [None req-68b4940b-408c-4de7-b236-a001569f52e0 None None] Using cached metadata for instance c94a1c55-5822-437a-9b87-20f3ee783adf {{(pid=108877) get_metadata_by_instance_id /opt/stack/nova/nova/api/metadata/handler.py:84}}
Feb 17 02:29:45.537633 np0000155897 devstack@n-api-meta.service[108877]: [pid: 108877|app: 0|req: 2/7] 199.204.45.157 () {40 vars in 700 bytes} [Tue Feb 17 02:29:45 2026] GET /openstack/2018-08-27/network_data.json => generated 348 bytes in 3 msecs (HTTP/1.1 200) 3 headers in 100 bytes (1 switches on core 0)
Feb 17 02:29:45.544947 np0000155897 devstack@n-api-meta.service[108874]: DEBUG nova.api.metadata.handler [None req-169d11e8-6921-44c0-adcc-984cad47eef8 None None] Metadata request headers: {'Host': '199.204.45.157:8775', 'User-Agent': 'python-requests/2.32.5', 'Accept-Encoding': 'gzip, deflate', 'Accept': '*/*', 'Connection': 'keep-alive', 'X-Forwarded-For': '192.168.24.88', 'X-Instance-Id': 'c94a1c55-5822-437a-9b87-20f3ee783adf', 'X-Tenant-Id': '57dc09e612b7468382a95d4606c5510a', 'X-Instance-Id-Signature': 'b6d337929eb843965c19c0ee29d30d6f20280aa28bb78c5d6686ee2853f3ce5e'} {{(pid=108874) __call__ /opt/stack/nova/nova/api/metadata/handler.py:109}}
Feb 17 02:29:45.548193 np0000155897 devstack@n-api-meta.service[108874]: DEBUG nova.api.metadata.handler [None req-169d11e8-6921-44c0-adcc-984cad47eef8 None None] Using cached metadata for instance c94a1c55-5822-437a-9b87-20f3ee783adf {{(pid=108874) get_metadata_by_instance_id /opt/stack/nova/nova/api/metadata/handler.py:84}}
Feb 17 02:29:45.549010 np0000155897 devstack@n-api-meta.service[108874]: [pid: 108874|app: 0|req: 2/8] 199.204.45.157 () {40 vars in 658 bytes} [Tue Feb 17 02:29:45 2026] GET /latest/meta-data/ => generated 210 bytes in 5 msecs (HTTP/1.1 200) 3 headers in 100 bytes (1 switches on core 0)
Feb 17 02:29:45.555430 np0000155897 devstack@n-api-meta.service[108875]: DEBUG nova.api.metadata.handler [None req-17dc37de-2b77-4903-8e9c-fad1f2564daf None None] Metadata request headers: {'Host': '199.204.45.157:8775', 'User-Agent': 'python-requests/2.32.5', 'Accept-Encoding': 'gzip, deflate', 'Accept': '*/*', 'Connection': 'keep-alive', 'X-Forwarded-For': '192.168.24.88', 'X-Instance-Id': 'c94a1c55-5822-437a-9b87-20f3ee783adf', 'X-Tenant-Id': '57dc09e612b7468382a95d4606c5510a', 'X-Instance-Id-Signature': 'b6d337929eb843965c19c0ee29d30d6f20280aa28bb78c5d6686ee2853f3ce5e'} {{(pid=108875) __call__ /opt/stack/nova/nova/api/metadata/handler.py:109}}
Feb 17 02:29:45.559212 np0000155897 devstack@n-api-meta.service[108875]: DEBUG nova.api.metadata.handler [None req-17dc37de-2b77-4903-8e9c-fad1f2564daf None None] Using cached metadata for instance c94a1c55-5822-437a-9b87-20f3ee783adf {{(pid=108875) get_metadata_by_instance_id /opt/stack/nova/nova/api/metadata/handler.py:84}}
Feb 17 02:29:45.560050 np0000155897 devstack@n-api-meta.service[108875]: [pid: 108875|app: 0|req: 3/9] 199.204.45.157 () {40 vars in 700 bytes} [Tue Feb 17 02:29:45 2026] GET /latest/meta-data/block-device-mapping/ => generated 8 bytes in 5 msecs (HTTP/1.1 200) 3 headers in 98 bytes (1 switches on core 0)
Feb 17 02:29:45.569401 np0000155897 devstack@n-api-meta.service[108876]: DEBUG nova.api.metadata.handler [None req-645edaa9-c609-430b-b3b6-60b4a5597ac3 None None] Metadata request headers: {'Host': '199.204.45.157:8775', 'User-Agent': 'python-requests/2.32.5', 'Accept-Encoding': 'gzip, deflate', 'Accept': '*/*', 'Connection': 'keep-alive', 'X-Forwarded-For': '192.168.24.88', 'X-Instance-Id': 'c94a1c55-5822-437a-9b87-20f3ee783adf', 'X-Tenant-Id': '57dc09e612b7468382a95d4606c5510a', 'X-Instance-Id-Signature': 'b6d337929eb843965c19c0ee29d30d6f20280aa28bb78c5d6686ee2853f3ce5e'} {{(pid=108876) __call__ /opt/stack/nova/nova/api/metadata/handler.py:109}}
Feb 17 02:29:45.573693 np0000155897 devstack@n-api-meta.service[108876]: DEBUG nova.api.metadata.handler [None req-645edaa9-c609-430b-b3b6-60b4a5597ac3 None None] Using cached metadata for instance c94a1c55-5822-437a-9b87-20f3ee783adf {{(pid=108876) get_metadata_by_instance_id /opt/stack/nova/nova/api/metadata/handler.py:84}}
Feb 17 02:29:45.574112 np0000155897 devstack@n-api-meta.service[108876]: [pid: 108876|app: 0|req: 3/10] 199.204.45.157 () {40 vars in 706 bytes} [Tue Feb 17 02:29:45 2026] GET /latest/meta-data/block-device-mapping/ami => generated 3 bytes in 5 msecs (HTTP/1.1 200) 3 headers in 98 bytes (1 switches on core 0)
Feb 17 02:29:45.583649 np0000155897 devstack@n-api-meta.service[108877]: DEBUG nova.api.metadata.handler [None req-68b4940b-408c-4de7-b236-a001569f52e0 None None] Metadata request headers: {'Host': '199.204.45.157:8775', 'User-Agent': 'python-requests/2.32.5', 'Accept-Encoding': 'gzip, deflate', 'Accept': '*/*', 'Connection': 'keep-alive', 'X-Forwarded-For': '192.168.24.88', 'X-Instance-Id': 'c94a1c55-5822-437a-9b87-20f3ee783adf', 'X-Tenant-Id': '57dc09e612b7468382a95d4606c5510a', 'X-Instance-Id-Signature': 'b6d337929eb843965c19c0ee29d30d6f20280aa28bb78c5d6686ee2853f3ce5e'} {{(pid=108877) __call__ /opt/stack/nova/nova/api/metadata/handler.py:109}}
Feb 17 02:29:45.586656 np0000155897 devstack@n-api-meta.service[108877]: DEBUG nova.api.metadata.handler [None req-68b4940b-408c-4de7-b236-a001569f52e0 None None] Using cached metadata for instance c94a1c55-5822-437a-9b87-20f3ee783adf {{(pid=108877) get_metadata_by_instance_id /opt/stack/nova/nova/api/metadata/handler.py:84}}
Feb 17 02:29:45.587458 np0000155897 devstack@n-api-meta.service[108877]: [pid: 108877|app: 0|req: 3/11] 199.204.45.157 () {40 vars in 706 bytes} [Tue Feb 17 02:29:45 2026] GET /latest/meta-data/block-device-mapping/root => generated 8 bytes in 4 msecs (HTTP/1.1 200) 3 headers in 98 bytes (1 switches on core 0)
Feb 17 02:29:45.594657 np0000155897 devstack@n-api-meta.service[108874]: DEBUG nova.api.metadata.handler [None req-169d11e8-6921-44c0-adcc-984cad47eef8 None None] Metadata request headers: {'Host': '199.204.45.157:8775', 'User-Agent': 'python-requests/2.32.5', 'Accept-Encoding': 'gzip, deflate', 'Accept': '*/*', 'Connection': 'keep-alive', 'X-Forwarded-For': '192.168.24.88', 'X-Instance-Id': 'c94a1c55-5822-437a-9b87-20f3ee783adf', 'X-Tenant-Id': '57dc09e612b7468382a95d4606c5510a', 'X-Instance-Id-Signature': 'b6d337929eb843965c19c0ee29d30d6f20280aa28bb78c5d6686ee2853f3ce5e'} {{(pid=108874) __call__ /opt/stack/nova/nova/api/metadata/handler.py:109}}
Feb 17 02:29:45.596375 np0000155897 devstack@n-api-meta.service[108874]: DEBUG nova.api.metadata.handler [None req-169d11e8-6921-44c0-adcc-984cad47eef8 None None] Using cached metadata for instance c94a1c55-5822-437a-9b87-20f3ee783adf {{(pid=108874) get_metadata_by_instance_id /opt/stack/nova/nova/api/metadata/handler.py:84}}
Feb 17 02:29:45.596829 np0000155897 devstack@n-api-meta.service[108874]: [pid: 108874|app: 0|req: 3/12] 199.204.45.157 () {40 vars in 677 bytes} [Tue Feb 17 02:29:45 2026] GET /latest/meta-data/placement/ => generated 17 bytes in 2 msecs (HTTP/1.1 200) 3 headers in 99 bytes (1 switches on core 0)
Feb 17 02:29:45.602791 np0000155897 devstack@n-api-meta.service[108875]: DEBUG nova.api.metadata.handler [None req-17dc37de-2b77-4903-8e9c-fad1f2564daf None None] Metadata request headers: {'Host': '199.204.45.157:8775', 'User-Agent': 'python-requests/2.32.5', 'Accept-Encoding': 'gzip, deflate', 'Accept': '*/*', 'Connection': 'keep-alive', 'X-Forwarded-For': '192.168.24.88', 'X-Instance-Id': 'c94a1c55-5822-437a-9b87-20f3ee783adf', 'X-Tenant-Id': '57dc09e612b7468382a95d4606c5510a', 'X-Instance-Id-Signature': 'b6d337929eb843965c19c0ee29d30d6f20280aa28bb78c5d6686ee2853f3ce5e'} {{(pid=108875) __call__ /opt/stack/nova/nova/api/metadata/handler.py:109}}
Feb 17 02:29:45.604726 np0000155897 devstack@n-api-meta.service[108875]: DEBUG nova.api.metadata.handler [None req-17dc37de-2b77-4903-8e9c-fad1f2564daf None None] Using cached metadata for instance c94a1c55-5822-437a-9b87-20f3ee783adf {{(pid=108875) get_metadata_by_instance_id /opt/stack/nova/nova/api/metadata/handler.py:84}}
Feb 17 02:29:45.605220 np0000155897 devstack@n-api-meta.service[108875]: [pid: 108875|app: 0|req: 4/13] 199.204.45.157 () {40 vars in 711 bytes} [Tue Feb 17 02:29:45 2026] GET /latest/meta-data/placement/availability-zone => generated 4 bytes in 3 msecs (HTTP/1.1 200) 3 headers in 98 bytes (1 switches on core 0)
Feb 17 02:29:45.612053 np0000155897 devstack@n-api-meta.service[108876]: DEBUG nova.api.metadata.handler [None req-645edaa9-c609-430b-b3b6-60b4a5597ac3 None None] Metadata request headers: {'Host': '199.204.45.157:8775', 'User-Agent': 'python-requests/2.32.5', 'Accept-Encoding': 'gzip, deflate', 'Accept': '*/*', 'Connection': 'keep-alive', 'X-Forwarded-For': '192.168.24.88', 'X-Instance-Id': 'c94a1c55-5822-437a-9b87-20f3ee783adf', 'X-Tenant-Id': '57dc09e612b7468382a95d4606c5510a', 'X-Instance-Id-Signature': 'b6d337929eb843965c19c0ee29d30d6f20280aa28bb78c5d6686ee2853f3ce5e'} {{(pid=108876) __call__ /opt/stack/nova/nova/api/metadata/handler.py:109}}
Feb 17 02:29:45.615117 np0000155897 devstack@n-api-meta.service[108876]: DEBUG nova.api.metadata.handler [None req-645edaa9-c609-430b-b3b6-60b4a5597ac3 None None] Using cached metadata for instance c94a1c55-5822-437a-9b87-20f3ee783adf {{(pid=108876) get_metadata_by_instance_id /opt/stack/nova/nova/api/metadata/handler.py:84}}
Feb 17 02:29:45.615907 np0000155897 devstack@n-api-meta.service[108876]: [pid: 108876|app: 0|req: 4/14] 199.204.45.157 () {40 vars in 669 bytes} [Tue Feb 17 02:29:45 2026] GET /latest/meta-data/ami-id => generated 12 bytes in 4 msecs (HTTP/1.1 200) 3 headers in 99 bytes (1 switches on core 0)
Feb 17 02:29:45.622706 np0000155897 devstack@n-api-meta.service[108877]: DEBUG nova.api.metadata.handler [None req-68b4940b-408c-4de7-b236-a001569f52e0 None None] Metadata request headers: {'Host': '199.204.45.157:8775', 'User-Agent': 'python-requests/2.32.5', 'Accept-Encoding': 'gzip, deflate', 'Accept': '*/*', 'Connection': 'keep-alive', 'X-Forwarded-For': '192.168.24.88', 'X-Instance-Id': 'c94a1c55-5822-437a-9b87-20f3ee783adf', 'X-Tenant-Id': '57dc09e612b7468382a95d4606c5510a', 'X-Instance-Id-Signature': 'b6d337929eb843965c19c0ee29d30d6f20280aa28bb78c5d6686ee2853f3ce5e'} {{(pid=108877) __call__ /opt/stack/nova/nova/api/metadata/handler.py:109}}
Feb 17 02:29:45.625550 np0000155897 devstack@n-api-meta.service[108877]: DEBUG nova.api.metadata.handler [None req-68b4940b-408c-4de7-b236-a001569f52e0 None None] Using cached metadata for instance c94a1c55-5822-437a-9b87-20f3ee783adf {{(pid=108877) get_metadata_by_instance_id /opt/stack/nova/nova/api/metadata/handler.py:84}}
Feb 17 02:29:45.626282 np0000155897 devstack@n-api-meta.service[108877]: [pid: 108877|app: 0|req: 4/15] 199.204.45.157 () {40 vars in 689 bytes} [Tue Feb 17 02:29:45 2026] GET /latest/meta-data/ami-launch-index => generated 1 bytes in 4 msecs (HTTP/1.1 200) 3 headers in 98 bytes (1 switches on core 0)
Feb 17 02:29:45.634251 np0000155897 devstack@n-api-meta.service[108874]: DEBUG nova.api.metadata.handler [None req-169d11e8-6921-44c0-adcc-984cad47eef8 None None] Metadata request headers: {'Host': '199.204.45.157:8775', 'User-Agent': 'python-requests/2.32.5', 'Accept-Encoding': 'gzip, deflate', 'Accept': '*/*', 'Connection': 'keep-alive', 'X-Forwarded-For': '192.168.24.88', 'X-Instance-Id': 'c94a1c55-5822-437a-9b87-20f3ee783adf', 'X-Tenant-Id': '57dc09e612b7468382a95d4606c5510a', 'X-Instance-Id-Signature': 'b6d337929eb843965c19c0ee29d30d6f20280aa28bb78c5d6686ee2853f3ce5e'} {{(pid=108874) __call__ /opt/stack/nova/nova/api/metadata/handler.py:109}}
Feb 17 02:29:45.637246 np0000155897 devstack@n-api-meta.service[108874]: DEBUG nova.api.metadata.handler [None req-169d11e8-6921-44c0-adcc-984cad47eef8 None None] Using cached metadata for instance c94a1c55-5822-437a-9b87-20f3ee783adf {{(pid=108874) get_metadata_by_instance_id /opt/stack/nova/nova/api/metadata/handler.py:84}}
Feb 17 02:29:45.637950 np0000155897 devstack@n-api-meta.service[108874]: [pid: 108874|app: 0|req: 4/16] 199.204.45.157 () {40 vars in 692 bytes} [Tue Feb 17 02:29:45 2026] GET /latest/meta-data/ami-manifest-path => generated 5 bytes in 4 msecs (HTTP/1.1 200) 3 headers in 98 bytes (1 switches on core 0)
Feb 17 02:29:45.643676 np0000155897 devstack@n-api-meta.service[108875]: DEBUG nova.api.metadata.handler [None req-17dc37de-2b77-4903-8e9c-fad1f2564daf None None] Metadata request headers: {'Host': '199.204.45.157:8775', 'User-Agent': 'python-requests/2.32.5', 'Accept-Encoding': 'gzip, deflate', 'Accept': '*/*', 'Connection': 'keep-alive', 'X-Forwarded-For': '192.168.24.88', 'X-Instance-Id': 'c94a1c55-5822-437a-9b87-20f3ee783adf', 'X-Tenant-Id': '57dc09e612b7468382a95d4606c5510a', 'X-Instance-Id-Signature': 'b6d337929eb843965c19c0ee29d30d6f20280aa28bb78c5d6686ee2853f3ce5e'} {{(pid=108875) __call__ /opt/stack/nova/nova/api/metadata/handler.py:109}}
Feb 17 02:29:45.645603 np0000155897 devstack@n-api-meta.service[108875]: DEBUG nova.api.metadata.handler [None req-17dc37de-2b77-4903-8e9c-fad1f2564daf None None] Using cached metadata for instance c94a1c55-5822-437a-9b87-20f3ee783adf {{(pid=108875) get_metadata_by_instance_id /opt/stack/nova/nova/api/metadata/handler.py:84}}
Feb 17 02:29:45.646248 np0000155897 devstack@n-api-meta.service[108875]: [pid: 108875|app: 0|req: 5/17] 199.204.45.157 () {40 vars in 674 bytes} [Tue Feb 17 02:29:45 2026] GET /latest/meta-data/hostname => generated 32 bytes in 3 msecs (HTTP/1.1 200) 3 headers in 99 bytes (1 switches on core 0)
Feb 17 02:29:45.654450 np0000155897 devstack@n-api-meta.service[108876]: DEBUG nova.api.metadata.handler [None req-645edaa9-c609-430b-b3b6-60b4a5597ac3 None None] Metadata request headers: {'Host': '199.204.45.157:8775', 'User-Agent': 'python-requests/2.32.5', 'Accept-Encoding': 'gzip, deflate', 'Accept': '*/*', 'Connection': 'keep-alive', 'X-Forwarded-For': '192.168.24.88', 'X-Instance-Id': 'c94a1c55-5822-437a-9b87-20f3ee783adf', 'X-Tenant-Id': '57dc09e612b7468382a95d4606c5510a', 'X-Instance-Id-Signature': 'b6d337929eb843965c19c0ee29d30d6f20280aa28bb78c5d6686ee2853f3ce5e'} {{(pid=108876) __call__ /opt/stack/nova/nova/api/metadata/handler.py:109}}
Feb 17 02:29:45.657059 np0000155897 devstack@n-api-meta.service[108876]: DEBUG nova.api.metadata.handler [None req-645edaa9-c609-430b-b3b6-60b4a5597ac3 None None] Using cached metadata for instance c94a1c55-5822-437a-9b87-20f3ee783adf {{(pid=108876) get_metadata_by_instance_id /opt/stack/nova/nova/api/metadata/handler.py:84}}
Feb 17 02:29:45.657678 np0000155897 devstack@n-api-meta.service[108876]: [pid: 108876|app: 0|req: 5/18] 199.204.45.157 () {40 vars in 688 bytes} [Tue Feb 17 02:29:45 2026] GET /latest/meta-data/instance-action => generated 4 bytes in 4 msecs (HTTP/1.1 200) 3 headers in 98 bytes (1 switches on core 0)
Feb 17 02:29:45.664161 np0000155897 devstack@n-api-meta.service[108877]: DEBUG nova.api.metadata.handler [None req-68b4940b-408c-4de7-b236-a001569f52e0 None None] Metadata request headers: {'Host': '199.204.45.157:8775', 'User-Agent': 'python-requests/2.32.5', 'Accept-Encoding': 'gzip, deflate', 'Accept': '*/*', 'Connection': 'keep-alive', 'X-Forwarded-For': '192.168.24.88', 'X-Instance-Id': 'c94a1c55-5822-437a-9b87-20f3ee783adf', 'X-Tenant-Id': '57dc09e612b7468382a95d4606c5510a', 'X-Instance-Id-Signature': 'b6d337929eb843965c19c0ee29d30d6f20280aa28bb78c5d6686ee2853f3ce5e'} {{(pid=108877) __call__ /opt/stack/nova/nova/api/metadata/handler.py:109}}
Feb 17 02:29:45.666935 np0000155897 devstack@n-api-meta.service[108877]: DEBUG nova.api.metadata.handler [None req-68b4940b-408c-4de7-b236-a001569f52e0 None None] Using cached metadata for instance c94a1c55-5822-437a-9b87-20f3ee783adf {{(pid=108877) get_metadata_by_instance_id /opt/stack/nova/nova/api/metadata/handler.py:84}}
Feb 17 02:29:45.667660 np0000155897 devstack@n-api-meta.service[108877]: [pid: 108877|app: 0|req: 5/19] 199.204.45.157 () {40 vars in 680 bytes} [Tue Feb 17 02:29:45 2026] GET /latest/meta-data/instance-id => generated 10 bytes in 4 msecs (HTTP/1.1 200) 3 headers in 99 bytes (1 switches on core 0)
Feb 17 02:29:45.675942 np0000155897 devstack@n-api-meta.service[108874]: DEBUG nova.api.metadata.handler [None req-169d11e8-6921-44c0-adcc-984cad47eef8 None None] Metadata request headers: {'Host': '199.204.45.157:8775', 'User-Agent': 'python-requests/2.32.5', 'Accept-Encoding': 'gzip, deflate', 'Accept': '*/*', 'Connection': 'keep-alive', 'X-Forwarded-For': '192.168.24.88', 'X-Instance-Id': 'c94a1c55-5822-437a-9b87-20f3ee783adf', 'X-Tenant-Id': '57dc09e612b7468382a95d4606c5510a', 'X-Instance-Id-Signature': 'b6d337929eb843965c19c0ee29d30d6f20280aa28bb78c5d6686ee2853f3ce5e'} {{(pid=108874) __call__ /opt/stack/nova/nova/api/metadata/handler.py:109}}
Feb 17 02:29:45.677645 np0000155897 devstack@n-api-meta.service[108874]: DEBUG nova.api.metadata.handler [None req-169d11e8-6921-44c0-adcc-984cad47eef8 None None] Using cached metadata for instance c94a1c55-5822-437a-9b87-20f3ee783adf {{(pid=108874) get_metadata_by_instance_id /opt/stack/nova/nova/api/metadata/handler.py:84}}
Feb 17 02:29:45.678070 np0000155897 devstack@n-api-meta.service[108874]: [pid: 108874|app: 0|req: 5/20] 199.204.45.157 () {40 vars in 684 bytes} [Tue Feb 17 02:29:45 2026] GET /latest/meta-data/instance-type => generated 8 bytes in 2 msecs (HTTP/1.1 200) 3 headers in 98 bytes (1 switches on core 0)
Feb 17 02:29:45.685339 np0000155897 devstack@n-api-meta.service[108875]: DEBUG nova.api.metadata.handler [None req-17dc37de-2b77-4903-8e9c-fad1f2564daf None None] Metadata request headers: {'Host': '199.204.45.157:8775', 'User-Agent': 'python-requests/2.32.5', 'Accept-Encoding': 'gzip, deflate', 'Accept': '*/*', 'Connection': 'keep-alive', 'X-Forwarded-For': '192.168.24.88', 'X-Instance-Id': 'c94a1c55-5822-437a-9b87-20f3ee783adf', 'X-Tenant-Id': '57dc09e612b7468382a95d4606c5510a', 'X-Instance-Id-Signature': 'b6d337929eb843965c19c0ee29d30d6f20280aa28bb78c5d6686ee2853f3ce5e'} {{(pid=108875) __call__ /opt/stack/nova/nova/api/metadata/handler.py:109}}
Feb 17 02:29:45.687926 np0000155897 devstack@n-api-meta.service[108875]: DEBUG nova.api.metadata.handler [None req-17dc37de-2b77-4903-8e9c-fad1f2564daf None None] Using cached metadata for instance c94a1c55-5822-437a-9b87-20f3ee783adf {{(pid=108875) get_metadata_by_instance_id /opt/stack/nova/nova/api/metadata/handler.py:84}}
Feb 17 02:29:45.688539 np0000155897 devstack@n-api-meta.service[108875]: [pid: 108875|app: 0|req: 6/21] 199.204.45.157 () {40 vars in 686 bytes} [Tue Feb 17 02:29:45 2026] GET /latest/meta-data/local-hostname => generated 32 bytes in 4 msecs (HTTP/1.1 200) 3 headers in 99 bytes (1 switches on core 0)
Feb 17 02:29:45.696381 np0000155897 devstack@n-api-meta.service[108876]: DEBUG nova.api.metadata.handler [None req-645edaa9-c609-430b-b3b6-60b4a5597ac3 None None] Metadata request headers: {'Host': '199.204.45.157:8775', 'User-Agent': 'python-requests/2.32.5', 'Accept-Encoding': 'gzip, deflate', 'Accept': '*/*', 'Connection': 'keep-alive', 'X-Forwarded-For': '192.168.24.88', 'X-Instance-Id': 'c94a1c55-5822-437a-9b87-20f3ee783adf', 'X-Tenant-Id': '57dc09e612b7468382a95d4606c5510a', 'X-Instance-Id-Signature': 'b6d337929eb843965c19c0ee29d30d6f20280aa28bb78c5d6686ee2853f3ce5e'} {{(pid=108876) __call__ /opt/stack/nova/nova/api/metadata/handler.py:109}}
