Jul 20 04:02:56.735185 np0000185879 devstack@n-api-meta.service[106858]: DEBUG nova.api.openstack.wsgi_app [None req-c9ef3830-4384-4ff6-99ce-650df0decbae None None] oslo_limit.cafile = None {{(pid=106858) log_opt_values /opt/stack/data/venv/lib/python3.12/site-packages/oslo_config/cfg.py:3253}}
Jul 20 04:02:56.735315 np0000185879 devstack@n-api-meta.service[106858]: DEBUG nova.api.openstack.wsgi_app [None req-c9ef3830-4384-4ff6-99ce-650df0decbae None None] oslo_limit.certfile = None {{(pid=106858) log_opt_values /opt/stack/data/venv/lib/python3.12/site-packages/oslo_config/cfg.py:3253}}
Jul 20 04:02:56.735445 np0000185879 devstack@n-api-meta.service[106858]: DEBUG nova.api.openstack.wsgi_app [None req-c9ef3830-4384-4ff6-99ce-650df0decbae None None] oslo_limit.collect_timing = False {{(pid=106858) log_opt_values /opt/stack/data/venv/lib/python3.12/site-packages/oslo_config/cfg.py:3253}}
Jul 20 04:02:56.735593 np0000185879 devstack@n-api-meta.service[106858]: DEBUG nova.api.openstack.wsgi_app [None req-c9ef3830-4384-4ff6-99ce-650df0decbae None None] oslo_limit.connect_retries = None {{(pid=106858) log_opt_values /opt/stack/data/venv/lib/python3.12/site-packages/oslo_config/cfg.py:3253}}
Jul 20 04:02:56.735721 np0000185879 devstack@n-api-meta.service[106858]: DEBUG nova.api.openstack.wsgi_app [None req-c9ef3830-4384-4ff6-99ce-650df0decbae None None] oslo_limit.connect_retry_delay = None {{(pid=106858) log_opt_values /opt/stack/data/venv/lib/python3.12/site-packages/oslo_config/cfg.py:3253}}
Jul 20 04:02:56.735874 np0000185879 devstack@n-api-meta.service[106858]: DEBUG nova.api.openstack.wsgi_app [None req-c9ef3830-4384-4ff6-99ce-650df0decbae None None] oslo_limit.endpoint_id = None {{(pid=106858) log_opt_values /opt/stack/data/venv/lib/python3.12/site-packages/oslo_config/cfg.py:3253}}
Jul 20 04:02:56.736011 np0000185879 devstack@n-api-meta.service[106858]: DEBUG nova.api.openstack.wsgi_app [None req-c9ef3830-4384-4ff6-99ce-650df0decbae None None] oslo_limit.endpoint_interface = public {{(pid=106858) log_opt_values /opt/stack/data/venv/lib/python3.12/site-packages/oslo_config/cfg.py:3253}}
Jul 20 04:02:56.736138 np0000185879 devstack@n-api-meta.service[106858]: DEBUG nova.api.openstack.wsgi_app [None req-c9ef3830-4384-4ff6-99ce-650df0decbae None None] oslo_limit.endpoint_override = None {{(pid=106858) log_opt_values /opt/stack/data/venv/lib/python3.12/site-packages/oslo_config/cfg.py:3253}}
Jul 20 04:02:56.736267 np0000185879 devstack@n-api-meta.service[106858]: DEBUG nova.api.openstack.wsgi_app [None req-c9ef3830-4384-4ff6-99ce-650df0decbae None None] oslo_limit.endpoint_region_name = None {{(pid=106858) log_opt_values /opt/stack/data/venv/lib/python3.12/site-packages/oslo_config/cfg.py:3253}}
Jul 20 04:02:56.736393 np0000185879 devstack@n-api-meta.service[106858]: DEBUG nova.api.openstack.wsgi_app [None req-c9ef3830-4384-4ff6-99ce-650df0decbae None None] oslo_limit.endpoint_service_name = None {{(pid=106858) log_opt_values /opt/stack/data/venv/lib/python3.12/site-packages/oslo_config/cfg.py:3253}}
Jul 20 04:02:56.736520 np0000185879 devstack@n-api-meta.service[106858]: DEBUG nova.api.openstack.wsgi_app [None req-c9ef3830-4384-4ff6-99ce-650df0decbae None None] oslo_limit.endpoint_service_type = None {{(pid=106858) log_opt_values /opt/stack/data/venv/lib/python3.12/site-packages/oslo_config/cfg.py:3253}}
Jul 20 04:02:56.736648 np0000185879 devstack@n-api-meta.service[106858]: DEBUG nova.api.openstack.wsgi_app [None req-c9ef3830-4384-4ff6-99ce-650df0decbae None None] oslo_limit.insecure = False {{(pid=106858) log_opt_values /opt/stack/data/venv/lib/python3.12/site-packages/oslo_config/cfg.py:3253}}
Jul 20 04:02:56.736790 np0000185879 devstack@n-api-meta.service[106858]: DEBUG nova.api.openstack.wsgi_app [None req-c9ef3830-4384-4ff6-99ce-650df0decbae None None] oslo_limit.keyfile = None {{(pid=106858) log_opt_values /opt/stack/data/venv/lib/python3.12/site-packages/oslo_config/cfg.py:3253}}
Jul 20 04:02:56.736919 np0000185879 devstack@n-api-meta.service[106858]: DEBUG nova.api.openstack.wsgi_app [None req-c9ef3830-4384-4ff6-99ce-650df0decbae None None] oslo_limit.max_version = None {{(pid=106858) log_opt_values /opt/stack/data/venv/lib/python3.12/site-packages/oslo_config/cfg.py:3253}}
Jul 20 04:02:56.737048 np0000185879 devstack@n-api-meta.service[106858]: DEBUG nova.api.openstack.wsgi_app [None req-c9ef3830-4384-4ff6-99ce-650df0decbae None None] oslo_limit.min_version = None {{(pid=106858) log_opt_values /opt/stack/data/venv/lib/python3.12/site-packages/oslo_config/cfg.py:3253}}
Jul 20 04:02:56.737175 np0000185879 devstack@n-api-meta.service[106858]: DEBUG nova.api.openstack.wsgi_app [None req-c9ef3830-4384-4ff6-99ce-650df0decbae None None] oslo_limit.region_name = None {{(pid=106858) log_opt_values /opt/stack/data/venv/lib/python3.12/site-packages/oslo_config/cfg.py:3253}}
Jul 20 04:02:56.737302 np0000185879 devstack@n-api-meta.service[106858]: DEBUG nova.api.openstack.wsgi_app [None req-c9ef3830-4384-4ff6-99ce-650df0decbae None None] oslo_limit.retriable_status_codes = None {{(pid=106858) log_opt_values /opt/stack/data/venv/lib/python3.12/site-packages/oslo_config/cfg.py:3253}}
Jul 20 04:02:56.737430 np0000185879 devstack@n-api-meta.service[106858]: DEBUG nova.api.openstack.wsgi_app [None req-c9ef3830-4384-4ff6-99ce-650df0decbae None None] oslo_limit.service_name = None {{(pid=106858) log_opt_values /opt/stack/data/venv/lib/python3.12/site-packages/oslo_config/cfg.py:3253}}
Jul 20 04:02:56.737557 np0000185879 devstack@n-api-meta.service[106858]: DEBUG nova.api.openstack.wsgi_app [None req-c9ef3830-4384-4ff6-99ce-650df0decbae None None] oslo_limit.service_type = None {{(pid=106858) log_opt_values /opt/stack/data/venv/lib/python3.12/site-packages/oslo_config/cfg.py:3253}}
Jul 20 04:02:56.737688 np0000185879 devstack@n-api-meta.service[106858]: DEBUG nova.api.openstack.wsgi_app [None req-c9ef3830-4384-4ff6-99ce-650df0decbae None None] oslo_limit.split_loggers = False {{(pid=106858) log_opt_values /opt/stack/data/venv/lib/python3.12/site-packages/oslo_config/cfg.py:3253}}
Jul 20 04:02:56.737831 np0000185879 devstack@n-api-meta.service[106858]: DEBUG nova.api.openstack.wsgi_app [None req-c9ef3830-4384-4ff6-99ce-650df0decbae None None] oslo_limit.status_code_retries = None {{(pid=106858) log_opt_values /opt/stack/data/venv/lib/python3.12/site-packages/oslo_config/cfg.py:3253}}
Jul 20 04:02:56.737957 np0000185879 devstack@n-api-meta.service[106858]: DEBUG nova.api.openstack.wsgi_app [None req-c9ef3830-4384-4ff6-99ce-650df0decbae None None] oslo_limit.status_code_retry_delay = None {{(pid=106858) log_opt_values /opt/stack/data/venv/lib/python3.12/site-packages/oslo_config/cfg.py:3253}}
Jul 20 04:02:56.738086 np0000185879 devstack@n-api-meta.service[106858]: DEBUG nova.api.openstack.wsgi_app [None req-c9ef3830-4384-4ff6-99ce-650df0decbae None None] oslo_limit.timeout = None {{(pid=106858) log_opt_values /opt/stack/data/venv/lib/python3.12/site-packages/oslo_config/cfg.py:3253}}
Jul 20 04:02:56.738213 np0000185879 devstack@n-api-meta.service[106858]: DEBUG nova.api.openstack.wsgi_app [None req-c9ef3830-4384-4ff6-99ce-650df0decbae None None] oslo_limit.valid_interfaces = None {{(pid=106858) log_opt_values /opt/stack/data/venv/lib/python3.12/site-packages/oslo_config/cfg.py:3253}}
Jul 20 04:02:56.738341 np0000185879 devstack@n-api-meta.service[106858]: DEBUG nova.api.openstack.wsgi_app [None req-c9ef3830-4384-4ff6-99ce-650df0decbae None None] oslo_limit.version = None {{(pid=106858) log_opt_values /opt/stack/data/venv/lib/python3.12/site-packages/oslo_config/cfg.py:3253}}
Jul 20 04:02:56.738482 np0000185879 devstack@n-api-meta.service[106858]: DEBUG nova.api.openstack.wsgi_app [None req-c9ef3830-4384-4ff6-99ce-650df0decbae None None] oslo_messaging_rabbit.amqp_auto_delete = False {{(pid=106858) log_opt_values /opt/stack/data/venv/lib/python3.12/site-packages/oslo_config/cfg.py:3253}}
Jul 20 04:02:56.738614 np0000185879 devstack@n-api-meta.service[106858]: DEBUG nova.api.openstack.wsgi_app [None req-c9ef3830-4384-4ff6-99ce-650df0decbae None None] oslo_messaging_rabbit.amqp_durable_queues = False {{(pid=106858) log_opt_values /opt/stack/data/venv/lib/python3.12/site-packages/oslo_config/cfg.py:3253}}
Jul 20 04:02:56.738760 np0000185879 devstack@n-api-meta.service[106858]: DEBUG nova.api.openstack.wsgi_app [None req-c9ef3830-4384-4ff6-99ce-650df0decbae None None] oslo_messaging_rabbit.conn_pool_min_size = 2 {{(pid=106858) log_opt_values /opt/stack/data/venv/lib/python3.12/site-packages/oslo_config/cfg.py:3253}}
Jul 20 04:02:56.738891 np0000185879 devstack@n-api-meta.service[106858]: DEBUG nova.api.openstack.wsgi_app [None req-c9ef3830-4384-4ff6-99ce-650df0decbae None None] oslo_messaging_rabbit.conn_pool_ttl = 1200 {{(pid=106858) log_opt_values /opt/stack/data/venv/lib/python3.12/site-packages/oslo_config/cfg.py:3253}}
Jul 20 04:02:56.739022 np0000185879 devstack@n-api-meta.service[106858]: DEBUG nova.api.openstack.wsgi_app [None req-c9ef3830-4384-4ff6-99ce-650df0decbae None None] oslo_messaging_rabbit.direct_mandatory_flag = True {{(pid=106858) log_opt_values /opt/stack/data/venv/lib/python3.12/site-packages/oslo_config/cfg.py:3253}}
Jul 20 04:02:56.739150 np0000185879 devstack@n-api-meta.service[106858]: DEBUG nova.api.openstack.wsgi_app [None req-c9ef3830-4384-4ff6-99ce-650df0decbae None None] oslo_messaging_rabbit.enable_cancel_on_failover = False {{(pid=106858) log_opt_values /opt/stack/data/venv/lib/python3.12/site-packages/oslo_config/cfg.py:3253}}
Jul 20 04:02:56.739280 np0000185879 devstack@n-api-meta.service[106858]: DEBUG nova.api.openstack.wsgi_app [None req-c9ef3830-4384-4ff6-99ce-650df0decbae None None] oslo_messaging_rabbit.heartbeat_rate = 3 {{(pid=106858) log_opt_values /opt/stack/data/venv/lib/python3.12/site-packages/oslo_config/cfg.py:3253}}
Jul 20 04:02:56.739412 np0000185879 devstack@n-api-meta.service[106858]: DEBUG nova.api.openstack.wsgi_app [None req-c9ef3830-4384-4ff6-99ce-650df0decbae None None] oslo_messaging_rabbit.heartbeat_timeout_threshold = 60 {{(pid=106858) log_opt_values /opt/stack/data/venv/lib/python3.12/site-packages/oslo_config/cfg.py:3253}}
Jul 20 04:02:56.739593 np0000185879 devstack@n-api-meta.service[106858]: DEBUG nova.api.openstack.wsgi_app [None req-c9ef3830-4384-4ff6-99ce-650df0decbae None None] oslo_messaging_rabbit.hostname = np0000185879 {{(pid=106858) log_opt_values /opt/stack/data/venv/lib/python3.12/site-packages/oslo_config/cfg.py:3253}}
Jul 20 04:02:56.739738 np0000185879 devstack@n-api-meta.service[106858]: DEBUG nova.api.openstack.wsgi_app [None req-c9ef3830-4384-4ff6-99ce-650df0decbae None None] oslo_messaging_rabbit.kombu_compression = None {{(pid=106858) log_opt_values /opt/stack/data/venv/lib/python3.12/site-packages/oslo_config/cfg.py:3253}}
Jul 20 04:02:56.739885 np0000185879 devstack@n-api-meta.service[106858]: DEBUG nova.api.openstack.wsgi_app [None req-c9ef3830-4384-4ff6-99ce-650df0decbae None None] oslo_messaging_rabbit.kombu_failover_strategy = round-robin {{(pid=106858) log_opt_values /opt/stack/data/venv/lib/python3.12/site-packages/oslo_config/cfg.py:3253}}
Jul 20 04:02:56.740018 np0000185879 devstack@n-api-meta.service[106858]: DEBUG nova.api.openstack.wsgi_app [None req-c9ef3830-4384-4ff6-99ce-650df0decbae None None] oslo_messaging_rabbit.kombu_missing_consumer_retry_timeout = 60 {{(pid=106858) log_opt_values /opt/stack/data/venv/lib/python3.12/site-packages/oslo_config/cfg.py:3253}}
Jul 20 04:02:56.740150 np0000185879 devstack@n-api-meta.service[106858]: DEBUG nova.api.openstack.wsgi_app [None req-c9ef3830-4384-4ff6-99ce-650df0decbae None None] oslo_messaging_rabbit.kombu_reconnect_delay = 1.0 {{(pid=106858) log_opt_values /opt/stack/data/venv/lib/python3.12/site-packages/oslo_config/cfg.py:3253}}
Jul 20 04:02:56.740283 np0000185879 devstack@n-api-meta.service[106858]: DEBUG nova.api.openstack.wsgi_app [None req-c9ef3830-4384-4ff6-99ce-650df0decbae None None] oslo_messaging_rabbit.kombu_reconnect_splay = 0.0 {{(pid=106858) log_opt_values /opt/stack/data/venv/lib/python3.12/site-packages/oslo_config/cfg.py:3253}}
Jul 20 04:02:56.740417 np0000185879 devstack@n-api-meta.service[106858]: DEBUG nova.api.openstack.wsgi_app [None req-c9ef3830-4384-4ff6-99ce-650df0decbae None None] oslo_messaging_rabbit.processname = uwsgi {{(pid=106858) log_opt_values /opt/stack/data/venv/lib/python3.12/site-packages/oslo_config/cfg.py:3253}}
Jul 20 04:02:56.740547 np0000185879 devstack@n-api-meta.service[106858]: DEBUG nova.api.openstack.wsgi_app [None req-c9ef3830-4384-4ff6-99ce-650df0decbae None None] oslo_messaging_rabbit.rabbit_ha_queues = False {{(pid=106858) log_opt_values /opt/stack/data/venv/lib/python3.12/site-packages/oslo_config/cfg.py:3253}}
Jul 20 04:02:56.740691 np0000185879 devstack@n-api-meta.service[106858]: DEBUG nova.api.openstack.wsgi_app [None req-c9ef3830-4384-4ff6-99ce-650df0decbae None None] oslo_messaging_rabbit.rabbit_interval_max = 30 {{(pid=106858) log_opt_values /opt/stack/data/venv/lib/python3.12/site-packages/oslo_config/cfg.py:3253}}
Jul 20 04:02:56.740847 np0000185879 devstack@n-api-meta.service[106858]: DEBUG nova.api.openstack.wsgi_app [None req-c9ef3830-4384-4ff6-99ce-650df0decbae None None] oslo_messaging_rabbit.rabbit_login_method = AMQPLAIN {{(pid=106858) log_opt_values /opt/stack/data/venv/lib/python3.12/site-packages/oslo_config/cfg.py:3253}}
Jul 20 04:02:56.740977 np0000185879 devstack@n-api-meta.service[106858]: DEBUG nova.api.openstack.wsgi_app [None req-c9ef3830-4384-4ff6-99ce-650df0decbae None None] oslo_messaging_rabbit.rabbit_qos_prefetch_count = 0 {{(pid=106858) log_opt_values /opt/stack/data/venv/lib/python3.12/site-packages/oslo_config/cfg.py:3253}}
Jul 20 04:02:56.741106 np0000185879 devstack@n-api-meta.service[106858]: DEBUG nova.api.openstack.wsgi_app [None req-c9ef3830-4384-4ff6-99ce-650df0decbae None None] oslo_messaging_rabbit.rabbit_quorum_delivery_limit = 0 {{(pid=106858) log_opt_values /opt/stack/data/venv/lib/python3.12/site-packages/oslo_config/cfg.py:3253}}
Jul 20 04:02:56.741237 np0000185879 devstack@n-api-meta.service[106858]: DEBUG nova.api.openstack.wsgi_app [None req-c9ef3830-4384-4ff6-99ce-650df0decbae None None] oslo_messaging_rabbit.rabbit_quorum_max_memory_bytes = 0 {{(pid=106858) log_opt_values /opt/stack/data/venv/lib/python3.12/site-packages/oslo_config/cfg.py:3253}}
Jul 20 04:02:56.741368 np0000185879 devstack@n-api-meta.service[106858]: DEBUG nova.api.openstack.wsgi_app [None req-c9ef3830-4384-4ff6-99ce-650df0decbae None None] oslo_messaging_rabbit.rabbit_quorum_max_memory_length = 0 {{(pid=106858) log_opt_values /opt/stack/data/venv/lib/python3.12/site-packages/oslo_config/cfg.py:3253}}
Jul 20 04:02:56.741497 np0000185879 devstack@n-api-meta.service[106858]: DEBUG nova.api.openstack.wsgi_app [None req-c9ef3830-4384-4ff6-99ce-650df0decbae None None] oslo_messaging_rabbit.rabbit_quorum_queue = False {{(pid=106858) log_opt_values /opt/stack/data/venv/lib/python3.12/site-packages/oslo_config/cfg.py:3253}}
Jul 20 04:02:56.741628 np0000185879 devstack@n-api-meta.service[106858]: DEBUG nova.api.openstack.wsgi_app [None req-c9ef3830-4384-4ff6-99ce-650df0decbae None None] oslo_messaging_rabbit.rabbit_retry_backoff = 2 {{(pid=106858) log_opt_values /opt/stack/data/venv/lib/python3.12/site-packages/oslo_config/cfg.py:3253}}
Jul 20 04:02:56.741778 np0000185879 devstack@n-api-meta.service[106858]: DEBUG nova.api.openstack.wsgi_app [None req-c9ef3830-4384-4ff6-99ce-650df0decbae None None] oslo_messaging_rabbit.rabbit_retry_interval = 1 {{(pid=106858) log_opt_values /opt/stack/data/venv/lib/python3.12/site-packages/oslo_config/cfg.py:3253}}
Jul 20 04:02:56.741908 np0000185879 devstack@n-api-meta.service[106858]: DEBUG nova.api.openstack.wsgi_app [None req-c9ef3830-4384-4ff6-99ce-650df0decbae None None] oslo_messaging_rabbit.rabbit_stream_fanout = False {{(pid=106858) log_opt_values /opt/stack/data/venv/lib/python3.12/site-packages/oslo_config/cfg.py:3253}}
Jul 20 04:02:56.742038 np0000185879 devstack@n-api-meta.service[106858]: DEBUG nova.api.openstack.wsgi_app [None req-c9ef3830-4384-4ff6-99ce-650df0decbae None None] oslo_messaging_rabbit.rabbit_transient_queues_ttl = 1800 {{(pid=106858) log_opt_values /opt/stack/data/venv/lib/python3.12/site-packages/oslo_config/cfg.py:3253}}
Jul 20 04:02:56.742167 np0000185879 devstack@n-api-meta.service[106858]: DEBUG nova.api.openstack.wsgi_app [None req-c9ef3830-4384-4ff6-99ce-650df0decbae None None] oslo_messaging_rabbit.rabbit_transient_quorum_queue = False {{(pid=106858) log_opt_values /opt/stack/data/venv/lib/python3.12/site-packages/oslo_config/cfg.py:3253}}
Jul 20 04:02:56.742296 np0000185879 devstack@n-api-meta.service[106858]: DEBUG nova.api.openstack.wsgi_app [None req-c9ef3830-4384-4ff6-99ce-650df0decbae None None] oslo_messaging_rabbit.rpc_conn_pool_size = 30 {{(pid=106858) log_opt_values /opt/stack/data/venv/lib/python3.12/site-packages/oslo_config/cfg.py:3253}}
Jul 20 04:02:56.742426 np0000185879 devstack@n-api-meta.service[106858]: DEBUG nova.api.openstack.wsgi_app [None req-c9ef3830-4384-4ff6-99ce-650df0decbae None None] oslo_messaging_rabbit.ssl = False {{(pid=106858) log_opt_values /opt/stack/data/venv/lib/python3.12/site-packages/oslo_config/cfg.py:3253}}
Jul 20 04:02:56.742562 np0000185879 devstack@n-api-meta.service[106858]: DEBUG nova.api.openstack.wsgi_app [None req-c9ef3830-4384-4ff6-99ce-650df0decbae None None] oslo_messaging_rabbit.ssl_ca_file = {{(pid=106858) log_opt_values /opt/stack/data/venv/lib/python3.12/site-packages/oslo_config/cfg.py:3253}}
Jul 20 04:02:56.742698 np0000185879 devstack@n-api-meta.service[106858]: DEBUG nova.api.openstack.wsgi_app [None req-c9ef3830-4384-4ff6-99ce-650df0decbae None None] oslo_messaging_rabbit.ssl_cert_file = {{(pid=106858) log_opt_values /opt/stack/data/venv/lib/python3.12/site-packages/oslo_config/cfg.py:3253}}
Jul 20 04:02:56.742849 np0000185879 devstack@n-api-meta.service[106858]: DEBUG nova.api.openstack.wsgi_app [None req-c9ef3830-4384-4ff6-99ce-650df0decbae None None] oslo_messaging_rabbit.ssl_enforce_fips_mode = False {{(pid=106858) log_opt_values /opt/stack/data/venv/lib/python3.12/site-packages/oslo_config/cfg.py:3253}}
Jul 20 04:02:56.742978 np0000185879 devstack@n-api-meta.service[106858]: DEBUG nova.api.openstack.wsgi_app [None req-c9ef3830-4384-4ff6-99ce-650df0decbae None None] oslo_messaging_rabbit.ssl_enforce_hostname_verification = True {{(pid=106858) log_opt_values /opt/stack/data/venv/lib/python3.12/site-packages/oslo_config/cfg.py:3253}}
Jul 20 04:02:56.743115 np0000185879 devstack@n-api-meta.service[106858]: DEBUG nova.api.openstack.wsgi_app [None req-c9ef3830-4384-4ff6-99ce-650df0decbae None None] oslo_messaging_rabbit.ssl_key_file = {{(pid=106858) log_opt_values /opt/stack/data/venv/lib/python3.12/site-packages/oslo_config/cfg.py:3253}}
Jul 20 04:02:56.743250 np0000185879 devstack@n-api-meta.service[106858]: DEBUG nova.api.openstack.wsgi_app [None req-c9ef3830-4384-4ff6-99ce-650df0decbae None None] oslo_messaging_rabbit.ssl_version = {{(pid=106858) log_opt_values /opt/stack/data/venv/lib/python3.12/site-packages/oslo_config/cfg.py:3253}}
Jul 20 04:02:56.743380 np0000185879 devstack@n-api-meta.service[106858]: DEBUG nova.api.openstack.wsgi_app [None req-c9ef3830-4384-4ff6-99ce-650df0decbae None None] oslo_messaging_rabbit.use_queue_manager = False {{(pid=106858) log_opt_values /opt/stack/data/venv/lib/python3.12/site-packages/oslo_config/cfg.py:3253}}
Jul 20 04:02:56.743547 np0000185879 devstack@n-api-meta.service[106858]: DEBUG nova.api.openstack.wsgi_app [None req-c9ef3830-4384-4ff6-99ce-650df0decbae None None] oslo_messaging_notifications.driver = ['messagingv2'] {{(pid=106858) log_opt_values /opt/stack/data/venv/lib/python3.12/site-packages/oslo_config/cfg.py:3253}}
Jul 20 04:02:56.743680 np0000185879 devstack@n-api-meta.service[106858]: DEBUG nova.api.openstack.wsgi_app [None req-c9ef3830-4384-4ff6-99ce-650df0decbae None None] oslo_messaging_notifications.retry = -1 {{(pid=106858) log_opt_values /opt/stack/data/venv/lib/python3.12/site-packages/oslo_config/cfg.py:3253}}
Jul 20 04:02:56.743840 np0000185879 devstack@n-api-meta.service[106858]: DEBUG nova.api.openstack.wsgi_app [None req-c9ef3830-4384-4ff6-99ce-650df0decbae None None] oslo_messaging_notifications.topics = ['notifications'] {{(pid=106858) log_opt_values /opt/stack/data/venv/lib/python3.12/site-packages/oslo_config/cfg.py:3253}}
Jul 20 04:02:56.743979 np0000185879 devstack@n-api-meta.service[106858]: DEBUG nova.api.openstack.wsgi_app [None req-c9ef3830-4384-4ff6-99ce-650df0decbae None None] oslo_messaging_notifications.transport_url = **** {{(pid=106858) log_opt_values /opt/stack/data/venv/lib/python3.12/site-packages/oslo_config/cfg.py:3253}}
Jul 20 04:02:56.744113 np0000185879 devstack@n-api-meta.service[106858]: DEBUG nova.api.openstack.wsgi_app [None req-c9ef3830-4384-4ff6-99ce-650df0decbae None None] oslo_reports.file_event_handler = None {{(pid=106858) log_opt_values /opt/stack/data/venv/lib/python3.12/site-packages/oslo_config/cfg.py:3253}}
Jul 20 04:02:56.744244 np0000185879 devstack@n-api-meta.service[106858]: DEBUG nova.api.openstack.wsgi_app [None req-c9ef3830-4384-4ff6-99ce-650df0decbae None None] oslo_reports.file_event_handler_interval = 1 {{(pid=106858) log_opt_values /opt/stack/data/venv/lib/python3.12/site-packages/oslo_config/cfg.py:3253}}
Jul 20 04:02:56.744373 np0000185879 devstack@n-api-meta.service[106858]: DEBUG nova.api.openstack.wsgi_app [None req-c9ef3830-4384-4ff6-99ce-650df0decbae None None] oslo_reports.log_dir = None {{(pid=106858) log_opt_values /opt/stack/data/venv/lib/python3.12/site-packages/oslo_config/cfg.py:3253}}
Jul 20 04:02:56.744477 np0000185879 devstack@n-api-meta.service[106858]: DEBUG nova.api.openstack.wsgi_app [None req-c9ef3830-4384-4ff6-99ce-650df0decbae None None] ******************************************************************************** {{(pid=106858) log_opt_values /opt/stack/data/venv/lib/python3.12/site-packages/oslo_config/cfg.py:3260}}
Jul 20 04:02:56.744560 np0000185879 devstack@n-api-meta.service[106858]: WSGI app 0 (mountpoint='') ready in 2 seconds on interpreter 0x7cc05caa4668 pid: 106858 (default app)
Jul 20 04:03:06.281185 np0000185879 devstack@n-api-meta.service[106861]: DEBUG dbcounter [-] [106861] Writing DB stats nova_api:SELECT=1 {{(pid=106861) stat_writer /opt/stack/data/venv/lib/python3.12/site-packages/dbcounter.py:115}}
Jul 20 04:03:06.287523 np0000185879 devstack@n-api-meta.service[106860]: DEBUG dbcounter [-] [106860] Writing DB stats nova_api:SELECT=1 {{(pid=106860) stat_writer /opt/stack/data/venv/lib/python3.12/site-packages/dbcounter.py:115}}
Jul 20 04:03:06.307632 np0000185879 devstack@n-api-meta.service[106859]: DEBUG dbcounter [-] [106859] Writing DB stats nova_api:SELECT=1 {{(pid=106859) stat_writer /opt/stack/data/venv/lib/python3.12/site-packages/dbcounter.py:115}}
Jul 20 04:03:06.337867 np0000185879 devstack@n-api-meta.service[106858]: DEBUG dbcounter [-] [106858] Writing DB stats nova_api:SELECT=1 {{(pid=106858) stat_writer /opt/stack/data/venv/lib/python3.12/site-packages/dbcounter.py:115}}
Jul 20 04:03:06.465759 np0000185879 devstack@n-api-meta.service[106861]: DEBUG dbcounter [-] [106861] Writing DB stats nova_cell1:SELECT=1 {{(pid=106861) stat_writer /opt/stack/data/venv/lib/python3.12/site-packages/dbcounter.py:115}}
Jul 20 04:03:06.465759 np0000185879 devstack@n-api-meta.service[106861]: DEBUG dbcounter [-] [106861] Writing DB stats nova_cell0:SELECT=1 {{(pid=106861) stat_writer /opt/stack/data/venv/lib/python3.12/site-packages/dbcounter.py:115}}
Jul 20 04:03:06.466025 np0000185879 devstack@n-api-meta.service[106860]: DEBUG dbcounter [-] [106860] Writing DB stats nova_cell0:SELECT=1 {{(pid=106860) stat_writer /opt/stack/data/venv/lib/python3.12/site-packages/dbcounter.py:115}}
Jul 20 04:03:06.469069 np0000185879 devstack@n-api-meta.service[106860]: DEBUG dbcounter [-] [106860] Writing DB stats nova_cell1:SELECT=1 {{(pid=106860) stat_writer /opt/stack/data/venv/lib/python3.12/site-packages/dbcounter.py:115}}
Jul 20 04:03:06.475209 np0000185879 devstack@n-api-meta.service[106859]: DEBUG dbcounter [-] [106859] Writing DB stats nova_cell1:SELECT=1 {{(pid=106859) stat_writer /opt/stack/data/venv/lib/python3.12/site-packages/dbcounter.py:115}}
Jul 20 04:03:06.480449 np0000185879 devstack@n-api-meta.service[106859]: DEBUG dbcounter [-] [106859] Writing DB stats nova_cell0:SELECT=1 {{(pid=106859) stat_writer /opt/stack/data/venv/lib/python3.12/site-packages/dbcounter.py:115}}
Jul 20 04:03:06.524122 np0000185879 devstack@n-api-meta.service[106858]: DEBUG dbcounter [-] [106858] Writing DB stats nova_cell0:SELECT=1 {{(pid=106858) stat_writer /opt/stack/data/venv/lib/python3.12/site-packages/dbcounter.py:115}}
Jul 20 04:03:06.531841 np0000185879 devstack@n-api-meta.service[106858]: DEBUG dbcounter [-] [106858] Writing DB stats nova_cell1:SELECT=1 {{(pid=106858) stat_writer /opt/stack/data/venv/lib/python3.12/site-packages/dbcounter.py:115}}
Jul 20 04:03:06.531957 np0000185879 devstack@n-api-meta.service[106860]: DEBUG dbcounter [-] [106860] Writing DB stats nova_cell0:SELECT=2,nova_cell0:INSERT=1 {{(pid=106860) stat_writer /opt/stack/data/venv/lib/python3.12/site-packages/dbcounter.py:115}}
Jul 20 04:03:06.540335 np0000185879 devstack@n-api-meta.service[106861]: DEBUG dbcounter [-] [106861] Writing DB stats nova_cell0:SELECT=1 {{(pid=106861) stat_writer /opt/stack/data/venv/lib/python3.12/site-packages/dbcounter.py:115}}
Jul 20 04:03:06.541518 np0000185879 devstack@n-api-meta.service[106859]: DEBUG dbcounter [-] [106859] Writing DB stats nova_cell0:SELECT=2,nova_cell0:INSERT=1 {{(pid=106859) stat_writer /opt/stack/data/venv/lib/python3.12/site-packages/dbcounter.py:115}}
Jul 20 04:03:06.591487 np0000185879 devstack@n-api-meta.service[106858]: DEBUG dbcounter [-] [106858] Writing DB stats nova_cell0:SELECT=1 {{(pid=106858) stat_writer /opt/stack/data/venv/lib/python3.12/site-packages/dbcounter.py:115}}
Jul 20 04:07:53.299220 np0000185879 devstack@n-api-meta.service[106859]: DEBUG nova.api.metadata.handler [None req-63babbaa-b482-404e-9561-dc58000516ab None None] Metadata request headers: {'Host': '199.204.45.242:8775', 'User-Agent': 'python-requests/2.34.2', 'Accept-Encoding': 'gzip, deflate', 'Accept': '*/*', 'Connection': 'keep-alive', 'X-Forwarded-For': '192.168.24.64', 'X-Instance-Id': '6b37f247-9bd1-415a-ad14-7c32e85b5f59', 'X-Tenant-Id': '3732dd5be1da413480df55f2ff76f5d9', 'X-Instance-Id-Signature': '0be15f9a0315fafce2afe799ad1e21e50d66efa4846491de9cb0912d006e08ac'} {{(pid=106859) __call__ /opt/stack/nova/nova/api/metadata/handler.py:109}}
Jul 20 04:07:53.311837 np0000185879 devstack@n-api-meta.service[106859]: DEBUG oslo_concurrency.lockutils [None req-24c624a9-4c95-4566-8938-999a80929004 None None] Acquiring lock "475f76d5-1ad7-4dab-84c2-642347ffefa4" by "nova.context.set_target_cell..get_or_set_cached_cell_and_set_connections" {{(pid=106859) inner /opt/stack/data/venv/lib/python3.12/site-packages/oslo_concurrency/lockutils.py:512}}
Jul 20 04:07:53.312094 np0000185879 devstack@n-api-meta.service[106859]: DEBUG oslo_concurrency.lockutils [None req-24c624a9-4c95-4566-8938-999a80929004 None None] Lock "475f76d5-1ad7-4dab-84c2-642347ffefa4" acquired by "nova.context.set_target_cell..get_or_set_cached_cell_and_set_connections" :: waited 0.000s {{(pid=106859) inner /opt/stack/data/venv/lib/python3.12/site-packages/oslo_concurrency/lockutils.py:525}}
Jul 20 04:07:53.312094 np0000185879 devstack@n-api-meta.service[106859]: DEBUG oslo_concurrency.lockutils [None req-24c624a9-4c95-4566-8938-999a80929004 None None] Lock "475f76d5-1ad7-4dab-84c2-642347ffefa4" "released" by "nova.context.set_target_cell..get_or_set_cached_cell_and_set_connections" :: held 0.000s {{(pid=106859) inner /opt/stack/data/venv/lib/python3.12/site-packages/oslo_concurrency/lockutils.py:544}}
Jul 20 04:07:53.365701 np0000185879 devstack@n-api-meta.service[106859]: WARNING neutronclient.v2_0.client [None req-24c624a9-4c95-4566-8938-999a80929004 None None] The python binding code in neutronclient is deprecated in favor of OpenstackSDK, please use that as this will be removed in a future release.
Jul 20 04:07:53.778489 np0000185879 devstack@n-api-meta.service[106859]: [pid: 106859|app: 0|req: 1/1] 199.204.45.242 () {40 vars in 642 bytes} [Mon Jul 20 04:07:53 2026] GET /openstack => generated 116 bytes in 480 msecs (HTTP/1.1 200) 3 headers in 100 bytes (1 switches on core 0)
Jul 20 04:07:53.795149 np0000185879 devstack@n-api-meta.service[106860]: DEBUG nova.api.metadata.handler [None req-3a1089fd-4d85-47aa-bead-61d606531bff None None] Metadata request headers: {'Host': '199.204.45.242:8775', 'User-Agent': 'python-requests/2.34.2', 'Accept-Encoding': 'gzip, deflate', 'Accept': '*/*', 'Connection': 'keep-alive', 'X-Forwarded-For': '192.168.24.64', 'X-Instance-Id': '6b37f247-9bd1-415a-ad14-7c32e85b5f59', 'X-Tenant-Id': '3732dd5be1da413480df55f2ff76f5d9', 'X-Instance-Id-Signature': '0be15f9a0315fafce2afe799ad1e21e50d66efa4846491de9cb0912d006e08ac'} {{(pid=106860) __call__ /opt/stack/nova/nova/api/metadata/handler.py:109}}
Jul 20 04:07:53.800945 np0000185879 devstack@n-api-meta.service[106860]: DEBUG nova.api.metadata.handler [None req-3a1089fd-4d85-47aa-bead-61d606531bff None None] Using cached metadata for instance 6b37f247-9bd1-415a-ad14-7c32e85b5f59 {{(pid=106860) get_metadata_by_instance_id /opt/stack/nova/nova/api/metadata/handler.py:84}}
Jul 20 04:07:53.801699 np0000185879 devstack@n-api-meta.service[106860]: [pid: 106860|app: 0|req: 1/2] 199.204.45.242 () {40 vars in 642 bytes} [Mon Jul 20 04:07:53 2026] GET /openstack => generated 116 bytes in 7 msecs (HTTP/1.1 200) 3 headers in 100 bytes (1 switches on core 0)
Jul 20 04:07:53.811876 np0000185879 devstack@n-api-meta.service[106861]: DEBUG nova.api.metadata.handler [None req-4ba41811-f48c-4ebc-9532-d4ee14fa88ad None None] Metadata request headers: {'Host': '199.204.45.242:8775', 'User-Agent': 'python-requests/2.34.2', 'Accept-Encoding': 'gzip, deflate', 'Accept': '*/*', 'Connection': 'keep-alive', 'X-Forwarded-For': '192.168.24.64', 'X-Instance-Id': '6b37f247-9bd1-415a-ad14-7c32e85b5f59', 'X-Tenant-Id': '3732dd5be1da413480df55f2ff76f5d9', 'X-Instance-Id-Signature': '0be15f9a0315fafce2afe799ad1e21e50d66efa4846491de9cb0912d006e08ac'} {{(pid=106861) __call__ /opt/stack/nova/nova/api/metadata/handler.py:109}}
Jul 20 04:07:53.817146 np0000185879 devstack@n-api-meta.service[106861]: DEBUG nova.api.metadata.handler [None req-4ba41811-f48c-4ebc-9532-d4ee14fa88ad None None] Using cached metadata for instance 6b37f247-9bd1-415a-ad14-7c32e85b5f59 {{(pid=106861) get_metadata_by_instance_id /opt/stack/nova/nova/api/metadata/handler.py:84}}
Jul 20 04:07:53.818179 np0000185879 devstack@n-api-meta.service[106861]: [pid: 106861|app: 0|req: 1/3] 199.204.45.242 () {40 vars in 694 bytes} [Mon Jul 20 04:07:53 2026] GET /openstack/2018-08-27/meta_data.json => generated 946 bytes in 7 msecs (HTTP/1.1 200) 3 headers in 91 bytes (1 switches on core 0)
Jul 20 04:07:53.828714 np0000185879 devstack@n-api-meta.service[106858]: DEBUG nova.api.metadata.handler [None req-c9ef3830-4384-4ff6-99ce-650df0decbae None None] Metadata request headers: {'Host': '199.204.45.242:8775', 'User-Agent': 'python-requests/2.34.2', 'Accept-Encoding': 'gzip, deflate', 'Accept': '*/*', 'Connection': 'keep-alive', 'X-Forwarded-For': '192.168.24.64', 'X-Instance-Id': '6b37f247-9bd1-415a-ad14-7c32e85b5f59', 'X-Tenant-Id': '3732dd5be1da413480df55f2ff76f5d9', 'X-Instance-Id-Signature': '0be15f9a0315fafce2afe799ad1e21e50d66efa4846491de9cb0912d006e08ac'} {{(pid=106858) __call__ /opt/stack/nova/nova/api/metadata/handler.py:109}}
Jul 20 04:07:53.834578 np0000185879 devstack@n-api-meta.service[106858]: DEBUG nova.api.metadata.handler [None req-c9ef3830-4384-4ff6-99ce-650df0decbae None None] Using cached metadata for instance 6b37f247-9bd1-415a-ad14-7c32e85b5f59 {{(pid=106858) get_metadata_by_instance_id /opt/stack/nova/nova/api/metadata/handler.py:84}}
Jul 20 04:07:53.835363 np0000185879 devstack@n-api-meta.service[106858]: [pid: 106858|app: 0|req: 1/4] 199.204.45.242 () {40 vars in 684 bytes} [Mon Jul 20 04:07:53 2026] GET /openstack/2018-08-27/user_data => generated 26371 bytes in 8 msecs (HTTP/1.1 200) 3 headers in 102 bytes (1 switches on core 0)
Jul 20 04:07:53.844506 np0000185879 devstack@n-api-meta.service[106859]: DEBUG nova.api.metadata.handler [None req-24c624a9-4c95-4566-8938-999a80929004 None None] Metadata request headers: {'Host': '199.204.45.242:8775', 'User-Agent': 'python-requests/2.34.2', 'Accept-Encoding': 'gzip, deflate', 'Accept': '*/*', 'Connection': 'keep-alive', 'X-Forwarded-For': '192.168.24.64', 'X-Instance-Id': '6b37f247-9bd1-415a-ad14-7c32e85b5f59', 'X-Tenant-Id': '3732dd5be1da413480df55f2ff76f5d9', 'X-Instance-Id-Signature': '0be15f9a0315fafce2afe799ad1e21e50d66efa4846491de9cb0912d006e08ac'} {{(pid=106859) __call__ /opt/stack/nova/nova/api/metadata/handler.py:109}}
Jul 20 04:07:53.847755 np0000185879 devstack@n-api-meta.service[106859]: DEBUG nova.api.metadata.handler [None req-24c624a9-4c95-4566-8938-999a80929004 None None] Using cached metadata for instance 6b37f247-9bd1-415a-ad14-7c32e85b5f59 {{(pid=106859) get_metadata_by_instance_id /opt/stack/nova/nova/api/metadata/handler.py:84}}
Jul 20 04:07:53.848860 np0000185879 devstack@n-api-meta.service[106859]: [pid: 106859|app: 0|req: 2/5] 199.204.45.242 () {40 vars in 698 bytes} [Mon Jul 20 04:07:53 2026] GET /openstack/2018-08-27/vendor_data.json => generated 2 bytes in 6 msecs (HTTP/1.1 200) 3 headers in 89 bytes (1 switches on core 0)
Jul 20 04:07:53.858854 np0000185879 devstack@n-api-meta.service[106860]: DEBUG nova.api.metadata.handler [None req-3a1089fd-4d85-47aa-bead-61d606531bff None None] Metadata request headers: {'Host': '199.204.45.242:8775', 'User-Agent': 'python-requests/2.34.2', 'Accept-Encoding': 'gzip, deflate', 'Accept': '*/*', 'Connection': 'keep-alive', 'X-Forwarded-For': '192.168.24.64', 'X-Instance-Id': '6b37f247-9bd1-415a-ad14-7c32e85b5f59', 'X-Tenant-Id': '3732dd5be1da413480df55f2ff76f5d9', 'X-Instance-Id-Signature': '0be15f9a0315fafce2afe799ad1e21e50d66efa4846491de9cb0912d006e08ac'} {{(pid=106860) __call__ /opt/stack/nova/nova/api/metadata/handler.py:109}}
Jul 20 04:07:53.862015 np0000185879 devstack@n-api-meta.service[106860]: DEBUG nova.api.metadata.handler [None req-3a1089fd-4d85-47aa-bead-61d606531bff None None] Using cached metadata for instance 6b37f247-9bd1-415a-ad14-7c32e85b5f59 {{(pid=106860) get_metadata_by_instance_id /opt/stack/nova/nova/api/metadata/handler.py:84}}
Jul 20 04:07:53.862865 np0000185879 devstack@n-api-meta.service[106860]: [pid: 106860|app: 0|req: 2/6] 199.204.45.242 () {40 vars in 700 bytes} [Mon Jul 20 04:07:53 2026] GET /openstack/2018-08-27/vendor_data2.json => generated 14 bytes in 5 msecs (HTTP/1.1 200) 3 headers in 90 bytes (1 switches on core 0)
Jul 20 04:07:53.870809 np0000185879 devstack@n-api-meta.service[106861]: DEBUG nova.api.metadata.handler [None req-4ba41811-f48c-4ebc-9532-d4ee14fa88ad None None] Metadata request headers: {'Host': '199.204.45.242:8775', 'User-Agent': 'python-requests/2.34.2', 'Accept-Encoding': 'gzip, deflate', 'Accept': '*/*', 'Connection': 'keep-alive', 'X-Forwarded-For': '192.168.24.64', 'X-Instance-Id': '6b37f247-9bd1-415a-ad14-7c32e85b5f59', 'X-Tenant-Id': '3732dd5be1da413480df55f2ff76f5d9', 'X-Instance-Id-Signature': '0be15f9a0315fafce2afe799ad1e21e50d66efa4846491de9cb0912d006e08ac'} {{(pid=106861) __call__ /opt/stack/nova/nova/api/metadata/handler.py:109}}
Jul 20 04:07:53.873886 np0000185879 devstack@n-api-meta.service[106861]: DEBUG nova.api.metadata.handler [None req-4ba41811-f48c-4ebc-9532-d4ee14fa88ad None None] Using cached metadata for instance 6b37f247-9bd1-415a-ad14-7c32e85b5f59 {{(pid=106861) get_metadata_by_instance_id /opt/stack/nova/nova/api/metadata/handler.py:84}}
Jul 20 04:07:53.874553 np0000185879 devstack@n-api-meta.service[106861]: [pid: 106861|app: 0|req: 2/7] 199.204.45.242 () {40 vars in 699 bytes} [Mon Jul 20 04:07:53 2026] GET /openstack/2018-08-27/network_data.json => generated 348 bytes in 4 msecs (HTTP/1.1 200) 3 headers in 100 bytes (1 switches on core 0)
Jul 20 04:07:53.883781 np0000185879 devstack@n-api-meta.service[106858]: DEBUG nova.api.metadata.handler [None req-c9ef3830-4384-4ff6-99ce-650df0decbae None None] Metadata request headers: {'Host': '199.204.45.242:8775', 'User-Agent': 'python-requests/2.34.2', 'Accept-Encoding': 'gzip, deflate', 'Accept': '*/*', 'Connection': 'keep-alive', 'X-Forwarded-For': '192.168.24.64', 'X-Instance-Id': '6b37f247-9bd1-415a-ad14-7c32e85b5f59', 'X-Tenant-Id': '3732dd5be1da413480df55f2ff76f5d9', 'X-Instance-Id-Signature': '0be15f9a0315fafce2afe799ad1e21e50d66efa4846491de9cb0912d006e08ac'} {{(pid=106858) __call__ /opt/stack/nova/nova/api/metadata/handler.py:109}}
Jul 20 04:07:53.887213 np0000185879 devstack@n-api-meta.service[106858]: DEBUG nova.api.metadata.handler [None req-c9ef3830-4384-4ff6-99ce-650df0decbae None None] Using cached metadata for instance 6b37f247-9bd1-415a-ad14-7c32e85b5f59 {{(pid=106858) get_metadata_by_instance_id /opt/stack/nova/nova/api/metadata/handler.py:84}}
Jul 20 04:07:53.888378 np0000185879 devstack@n-api-meta.service[106858]: [pid: 106858|app: 0|req: 2/8] 199.204.45.242 () {40 vars in 657 bytes} [Mon Jul 20 04:07:53 2026] GET /latest/meta-data/ => generated 210 bytes in 5 msecs (HTTP/1.1 200) 3 headers in 100 bytes (1 switches on core 0)
Jul 20 04:07:53.895597 np0000185879 devstack@n-api-meta.service[106859]: DEBUG nova.api.metadata.handler [None req-24c624a9-4c95-4566-8938-999a80929004 None None] Metadata request headers: {'Host': '199.204.45.242:8775', 'User-Agent': 'python-requests/2.34.2', 'Accept-Encoding': 'gzip, deflate', 'Accept': '*/*', 'Connection': 'keep-alive', 'X-Forwarded-For': '192.168.24.64', 'X-Instance-Id': '6b37f247-9bd1-415a-ad14-7c32e85b5f59', 'X-Tenant-Id': '3732dd5be1da413480df55f2ff76f5d9', 'X-Instance-Id-Signature': '0be15f9a0315fafce2afe799ad1e21e50d66efa4846491de9cb0912d006e08ac'} {{(pid=106859) __call__ /opt/stack/nova/nova/api/metadata/handler.py:109}}
Jul 20 04:07:53.898549 np0000185879 devstack@n-api-meta.service[106859]: DEBUG nova.api.metadata.handler [None req-24c624a9-4c95-4566-8938-999a80929004 None None] Using cached metadata for instance 6b37f247-9bd1-415a-ad14-7c32e85b5f59 {{(pid=106859) get_metadata_by_instance_id /opt/stack/nova/nova/api/metadata/handler.py:84}}
Jul 20 04:07:53.899566 np0000185879 devstack@n-api-meta.service[106859]: [pid: 106859|app: 0|req: 3/9] 199.204.45.242 () {40 vars in 699 bytes} [Mon Jul 20 04:07:53 2026] GET /latest/meta-data/block-device-mapping/ => generated 8 bytes in 4 msecs (HTTP/1.1 200) 3 headers in 98 bytes (1 switches on core 0)
Jul 20 04:07:53.908271 np0000185879 devstack@n-api-meta.service[106860]: DEBUG nova.api.metadata.handler [None req-3a1089fd-4d85-47aa-bead-61d606531bff None None] Metadata request headers: {'Host': '199.204.45.242:8775', 'User-Agent': 'python-requests/2.34.2', 'Accept-Encoding': 'gzip, deflate', 'Accept': '*/*', 'Connection': 'keep-alive', 'X-Forwarded-For': '192.168.24.64', 'X-Instance-Id': '6b37f247-9bd1-415a-ad14-7c32e85b5f59', 'X-Tenant-Id': '3732dd5be1da413480df55f2ff76f5d9', 'X-Instance-Id-Signature': '0be15f9a0315fafce2afe799ad1e21e50d66efa4846491de9cb0912d006e08ac'} {{(pid=106860) __call__ /opt/stack/nova/nova/api/metadata/handler.py:109}}
Jul 20 04:07:53.910687 np0000185879 devstack@n-api-meta.service[106860]: DEBUG nova.api.metadata.handler [None req-3a1089fd-4d85-47aa-bead-61d606531bff None None] Using cached metadata for instance 6b37f247-9bd1-415a-ad14-7c32e85b5f59 {{(pid=106860) get_metadata_by_instance_id /opt/stack/nova/nova/api/metadata/handler.py:84}}
Jul 20 04:07:53.911250 np0000185879 devstack@n-api-meta.service[106860]: [pid: 106860|app: 0|req: 3/10] 199.204.45.242 () {40 vars in 706 bytes} [Mon Jul 20 04:07:53 2026] GET /latest/meta-data/block-device-mapping/ami => generated 3 bytes in 4 msecs (HTTP/1.1 200) 3 headers in 98 bytes (1 switches on core 0)
Jul 20 04:07:53.919504 np0000185879 devstack@n-api-meta.service[106861]: DEBUG nova.api.metadata.handler [None req-4ba41811-f48c-4ebc-9532-d4ee14fa88ad None None] Metadata request headers: {'Host': '199.204.45.242:8775', 'User-Agent': 'python-requests/2.34.2', 'Accept-Encoding': 'gzip, deflate', 'Accept': '*/*', 'Connection': 'keep-alive', 'X-Forwarded-For': '192.168.24.64', 'X-Instance-Id': '6b37f247-9bd1-415a-ad14-7c32e85b5f59', 'X-Tenant-Id': '3732dd5be1da413480df55f2ff76f5d9', 'X-Instance-Id-Signature': '0be15f9a0315fafce2afe799ad1e21e50d66efa4846491de9cb0912d006e08ac'} {{(pid=106861) __call__ /opt/stack/nova/nova/api/metadata/handler.py:109}}
Jul 20 04:07:53.923069 np0000185879 devstack@n-api-meta.service[106861]: DEBUG nova.api.metadata.handler [None req-4ba41811-f48c-4ebc-9532-d4ee14fa88ad None None] Using cached metadata for instance 6b37f247-9bd1-415a-ad14-7c32e85b5f59 {{(pid=106861) get_metadata_by_instance_id /opt/stack/nova/nova/api/metadata/handler.py:84}}
Jul 20 04:07:53.923793 np0000185879 devstack@n-api-meta.service[106861]: [pid: 106861|app: 0|req: 3/11] 199.204.45.242 () {40 vars in 708 bytes} [Mon Jul 20 04:07:53 2026] GET /latest/meta-data/block-device-mapping/root => generated 8 bytes in 5 msecs (HTTP/1.1 200) 3 headers in 98 bytes (1 switches on core 0)
Jul 20 04:07:53.933903 np0000185879 devstack@n-api-meta.service[106858]: DEBUG nova.api.metadata.handler [None req-c9ef3830-4384-4ff6-99ce-650df0decbae None None] Metadata request headers: {'Host': '199.204.45.242:8775', 'User-Agent': 'python-requests/2.34.2', 'Accept-Encoding': 'gzip, deflate', 'Accept': '*/*', 'Connection': 'keep-alive', 'X-Forwarded-For': '192.168.24.64', 'X-Instance-Id': '6b37f247-9bd1-415a-ad14-7c32e85b5f59', 'X-Tenant-Id': '3732dd5be1da413480df55f2ff76f5d9', 'X-Instance-Id-Signature': '0be15f9a0315fafce2afe799ad1e21e50d66efa4846491de9cb0912d006e08ac'} {{(pid=106858) __call__ /opt/stack/nova/nova/api/metadata/handler.py:109}}
Jul 20 04:07:53.937413 np0000185879 devstack@n-api-meta.service[106858]: DEBUG nova.api.metadata.handler [None req-c9ef3830-4384-4ff6-99ce-650df0decbae None None] Using cached metadata for instance 6b37f247-9bd1-415a-ad14-7c32e85b5f59 {{(pid=106858) get_metadata_by_instance_id /opt/stack/nova/nova/api/metadata/handler.py:84}}
Jul 20 04:07:53.938317 np0000185879 devstack@n-api-meta.service[106858]: [pid: 106858|app: 0|req: 3/12] 199.204.45.242 () {40 vars in 678 bytes} [Mon Jul 20 04:07:53 2026] GET /latest/meta-data/placement/ => generated 17 bytes in 5 msecs (HTTP/1.1 200) 3 headers in 99 bytes (1 switches on core 0)
Jul 20 04:07:53.946149 np0000185879 devstack@n-api-meta.service[106859]: DEBUG nova.api.metadata.handler [None req-24c624a9-4c95-4566-8938-999a80929004 None None] Metadata request headers: {'Host': '199.204.45.242:8775', 'User-Agent': 'python-requests/2.34.2', 'Accept-Encoding': 'gzip, deflate', 'Accept': '*/*', 'Connection': 'keep-alive', 'X-Forwarded-For': '192.168.24.64', 'X-Instance-Id': '6b37f247-9bd1-415a-ad14-7c32e85b5f59', 'X-Tenant-Id': '3732dd5be1da413480df55f2ff76f5d9', 'X-Instance-Id-Signature': '0be15f9a0315fafce2afe799ad1e21e50d66efa4846491de9cb0912d006e08ac'} {{(pid=106859) __call__ /opt/stack/nova/nova/api/metadata/handler.py:109}}
Jul 20 04:07:53.948908 np0000185879 devstack@n-api-meta.service[106859]: DEBUG nova.api.metadata.handler [None req-24c624a9-4c95-4566-8938-999a80929004 None None] Using cached metadata for instance 6b37f247-9bd1-415a-ad14-7c32e85b5f59 {{(pid=106859) get_metadata_by_instance_id /opt/stack/nova/nova/api/metadata/handler.py:84}}
Jul 20 04:07:53.949476 np0000185879 devstack@n-api-meta.service[106859]: [pid: 106859|app: 0|req: 4/13] 199.204.45.242 () {40 vars in 712 bytes} [Mon Jul 20 04:07:53 2026] GET /latest/meta-data/placement/availability-zone => generated 4 bytes in 4 msecs (HTTP/1.1 200) 3 headers in 98 bytes (1 switches on core 0)
Jul 20 04:07:53.957283 np0000185879 devstack@n-api-meta.service[106860]: DEBUG nova.api.metadata.handler [None req-3a1089fd-4d85-47aa-bead-61d606531bff None None] Metadata request headers: {'Host': '199.204.45.242:8775', 'User-Agent': 'python-requests/2.34.2', 'Accept-Encoding': 'gzip, deflate', 'Accept': '*/*', 'Connection': 'keep-alive', 'X-Forwarded-For': '192.168.24.64', 'X-Instance-Id': '6b37f247-9bd1-415a-ad14-7c32e85b5f59', 'X-Tenant-Id': '3732dd5be1da413480df55f2ff76f5d9', 'X-Instance-Id-Signature': '0be15f9a0315fafce2afe799ad1e21e50d66efa4846491de9cb0912d006e08ac'} {{(pid=106860) __call__ /opt/stack/nova/nova/api/metadata/handler.py:109}}
Jul 20 04:07:53.960425 np0000185879 devstack@n-api-meta.service[106860]: DEBUG nova.api.metadata.handler [None req-3a1089fd-4d85-47aa-bead-61d606531bff None None] Using cached metadata for instance 6b37f247-9bd1-415a-ad14-7c32e85b5f59 {{(pid=106860) get_metadata_by_instance_id /opt/stack/nova/nova/api/metadata/handler.py:84}}
Jul 20 04:07:53.961260 np0000185879 devstack@n-api-meta.service[106860]: [pid: 106860|app: 0|req: 4/14] 199.204.45.242 () {40 vars in 670 bytes} [Mon Jul 20 04:07:53 2026] GET /latest/meta-data/ami-id => generated 12 bytes in 5 msecs (HTTP/1.1 200) 3 headers in 99 bytes (1 switches on core 0)
Jul 20 04:07:53.968887 np0000185879 devstack@n-api-meta.service[106861]: DEBUG nova.api.metadata.handler [None req-4ba41811-f48c-4ebc-9532-d4ee14fa88ad None None] Metadata request headers: {'Host': '199.204.45.242:8775', 'User-Agent': 'python-requests/2.34.2', 'Accept-Encoding': 'gzip, deflate', 'Accept': '*/*', 'Connection': 'keep-alive', 'X-Forwarded-For': '192.168.24.64', 'X-Instance-Id': '6b37f247-9bd1-415a-ad14-7c32e85b5f59', 'X-Tenant-Id': '3732dd5be1da413480df55f2ff76f5d9', 'X-Instance-Id-Signature': '0be15f9a0315fafce2afe799ad1e21e50d66efa4846491de9cb0912d006e08ac'} {{(pid=106861) __call__ /opt/stack/nova/nova/api/metadata/handler.py:109}}
Jul 20 04:07:53.970900 np0000185879 devstack@n-api-meta.service[106861]: DEBUG nova.api.metadata.handler [None req-4ba41811-f48c-4ebc-9532-d4ee14fa88ad None None] Using cached metadata for instance 6b37f247-9bd1-415a-ad14-7c32e85b5f59 {{(pid=106861) get_metadata_by_instance_id /opt/stack/nova/nova/api/metadata/handler.py:84}}
Jul 20 04:07:53.971376 np0000185879 devstack@n-api-meta.service[106861]: [pid: 106861|app: 0|req: 4/15] 199.204.45.242 () {40 vars in 690 bytes} [Mon Jul 20 04:07:53 2026] GET /latest/meta-data/ami-launch-index => generated 1 bytes in 3 msecs (HTTP/1.1 200) 3 headers in 98 bytes (1 switches on core 0)
Jul 20 04:07:53.978498 np0000185879 devstack@n-api-meta.service[106858]: DEBUG nova.api.metadata.handler [None req-c9ef3830-4384-4ff6-99ce-650df0decbae None None] Metadata request headers: {'Host': '199.204.45.242:8775', 'User-Agent': 'python-requests/2.34.2', 'Accept-Encoding': 'gzip, deflate', 'Accept': '*/*', 'Connection': 'keep-alive', 'X-Forwarded-For': '192.168.24.64', 'X-Instance-Id': '6b37f247-9bd1-415a-ad14-7c32e85b5f59', 'X-Tenant-Id': '3732dd5be1da413480df55f2ff76f5d9', 'X-Instance-Id-Signature': '0be15f9a0315fafce2afe799ad1e21e50d66efa4846491de9cb0912d006e08ac'} {{(pid=106858) __call__ /opt/stack/nova/nova/api/metadata/handler.py:109}}
Jul 20 04:07:53.980454 np0000185879 devstack@n-api-meta.service[106858]: DEBUG nova.api.metadata.handler [None req-c9ef3830-4384-4ff6-99ce-650df0decbae None None] Using cached metadata for instance 6b37f247-9bd1-415a-ad14-7c32e85b5f59 {{(pid=106858) get_metadata_by_instance_id /opt/stack/nova/nova/api/metadata/handler.py:84}}
Jul 20 04:07:53.980917 np0000185879 devstack@n-api-meta.service[106858]: [pid: 106858|app: 0|req: 4/16] 199.204.45.242 () {40 vars in 692 bytes} [Mon Jul 20 04:07:53 2026] GET /latest/meta-data/ami-manifest-path => generated 5 bytes in 3 msecs (HTTP/1.1 200) 3 headers in 98 bytes (1 switches on core 0)
Jul 20 04:07:53.988208 np0000185879 devstack@n-api-meta.service[106859]: DEBUG nova.api.metadata.handler [None req-24c624a9-4c95-4566-8938-999a80929004 None None] Metadata request headers: {'Host': '199.204.45.242:8775', 'User-Agent': 'python-requests/2.34.2', 'Accept-Encoding': 'gzip, deflate', 'Accept': '*/*', 'Connection': 'keep-alive', 'X-Forwarded-For': '192.168.24.64', 'X-Instance-Id': '6b37f247-9bd1-415a-ad14-7c32e85b5f59', 'X-Tenant-Id': '3732dd5be1da413480df55f2ff76f5d9', 'X-Instance-Id-Signature': '0be15f9a0315fafce2afe799ad1e21e50d66efa4846491de9cb0912d006e08ac'} {{(pid=106859) __call__ /opt/stack/nova/nova/api/metadata/handler.py:109}}
Jul 20 04:07:53.990158 np0000185879 devstack@n-api-meta.service[106859]: DEBUG nova.api.metadata.handler [None req-24c624a9-4c95-4566-8938-999a80929004 None None] Using cached metadata for instance 6b37f247-9bd1-415a-ad14-7c32e85b5f59 {{(pid=106859) get_metadata_by_instance_id /opt/stack/nova/nova/api/metadata/handler.py:84}}
Jul 20 04:07:53.990550 np0000185879 devstack@n-api-meta.service[106859]: [pid: 106859|app: 0|req: 5/17] 199.204.45.242 () {40 vars in 674 bytes} [Mon Jul 20 04:07:53 2026] GET /latest/meta-data/hostname => generated 32 bytes in 3 msecs (HTTP/1.1 200) 3 headers in 99 bytes (1 switches on core 0)
Jul 20 04:07:53.998907 np0000185879 devstack@n-api-meta.service[106860]: DEBUG nova.api.metadata.handler [None req-3a1089fd-4d85-47aa-bead-61d606531bff None None] Metadata request headers: {'Host': '199.204.45.242:8775', 'User-Agent': 'python-requests/2.34.2', 'Accept-Encoding': 'gzip, deflate', 'Accept': '*/*', 'Connection': 'keep-alive', 'X-Forwarded-For': '192.168.24.64', 'X-Instance-Id': '6b37f247-9bd1-415a-ad14-7c32e85b5f59', 'X-Tenant-Id': '3732dd5be1da413480df55f2ff76f5d9', 'X-Instance-Id-Signature': '0be15f9a0315fafce2afe799ad1e21e50d66efa4846491de9cb0912d006e08ac'} {{(pid=106860) __call__ /opt/stack/nova/nova/api/metadata/handler.py:109}}
