Jul 25 00:57:23.552962 np0000186714 devstack@neutron-api.service[101505]: DEBUG ovsdbapp.backend.ovs_idl [None req-ad9d1c8d-ed12-4634-a2ec-5aa672bf056e None None] Created lookup_table index Logical_Switch.name {{(pid=101505) autocreate_indices /opt/stack/data/venv/lib/python3.12/site-packages/ovsdbapp/backend/ovs_idl/__init__.py:87}}
Jul 25 00:57:23.553692 np0000186714 devstack@neutron-api.service[101505]: DEBUG ovsdbapp.backend.ovs_idl [None req-ad9d1c8d-ed12-4634-a2ec-5aa672bf056e None None] Created lookup_table index Logical_Router.name {{(pid=101505) autocreate_indices /opt/stack/data/venv/lib/python3.12/site-packages/ovsdbapp/backend/ovs_idl/__init__.py:87}}
Jul 25 00:57:23.553692 np0000186714 devstack@neutron-api.service[101505]: DEBUG ovsdbapp.backend.ovs_idl [None req-ad9d1c8d-ed12-4634-a2ec-5aa672bf056e None None] Created lookup_table index Load_Balancer.name {{(pid=101505) autocreate_indices /opt/stack/data/venv/lib/python3.12/site-packages/ovsdbapp/backend/ovs_idl/__init__.py:87}}
Jul 25 00:57:23.553692 np0000186714 devstack@neutron-api.service[101505]: DEBUG ovsdbapp.backend.ovs_idl [None req-ad9d1c8d-ed12-4634-a2ec-5aa672bf056e None None] Created schema index Copp.name {{(pid=101505) autocreate_indices /opt/stack/data/venv/lib/python3.12/site-packages/ovsdbapp/backend/ovs_idl/__init__.py:106}}
Jul 25 00:57:23.553692 np0000186714 devstack@neutron-api.service[101505]: DEBUG ovsdbapp.backend.ovs_idl [None req-ad9d1c8d-ed12-4634-a2ec-5aa672bf056e None None] Created schema index Meter.name {{(pid=101505) autocreate_indices /opt/stack/data/venv/lib/python3.12/site-packages/ovsdbapp/backend/ovs_idl/__init__.py:106}}
Jul 25 00:57:23.553692 np0000186714 devstack@neutron-api.service[101505]: DEBUG ovsdbapp.backend.ovs_idl [None req-ad9d1c8d-ed12-4634-a2ec-5aa672bf056e None None] Created schema index Load_Balancer_Group.name {{(pid=101505) autocreate_indices /opt/stack/data/venv/lib/python3.12/site-packages/ovsdbapp/backend/ovs_idl/__init__.py:106}}
Jul 25 00:57:23.554597 np0000186714 devstack@neutron-api.service[101505]: DEBUG ovsdbapp.backend.ovs_idl [None req-ad9d1c8d-ed12-4634-a2ec-5aa672bf056e None None] Created schema index HA_Chassis_Group.name {{(pid=101505) autocreate_indices /opt/stack/data/venv/lib/python3.12/site-packages/ovsdbapp/backend/ovs_idl/__init__.py:106}}
Jul 25 00:57:23.554597 np0000186714 devstack@neutron-api.service[101505]: DEBUG ovsdbapp.backend.ovs_idl [None req-ad9d1c8d-ed12-4634-a2ec-5aa672bf056e None None] Created schema index Address_Set.name {{(pid=101505) autocreate_indices /opt/stack/data/venv/lib/python3.12/site-packages/ovsdbapp/backend/ovs_idl/__init__.py:106}}
Jul 25 00:57:23.554597 np0000186714 devstack@neutron-api.service[101505]: DEBUG ovsdbapp.backend.ovs_idl [None req-ad9d1c8d-ed12-4634-a2ec-5aa672bf056e None None] Created schema index Connection.target {{(pid=101505) autocreate_indices /opt/stack/data/venv/lib/python3.12/site-packages/ovsdbapp/backend/ovs_idl/__init__.py:106}}
Jul 25 00:57:23.554597 np0000186714 devstack@neutron-api.service[101505]: DEBUG ovsdbapp.backend.ovs_idl [None req-ad9d1c8d-ed12-4634-a2ec-5aa672bf056e None None] Created schema index Gateway_Chassis.name {{(pid=101505) autocreate_indices /opt/stack/data/venv/lib/python3.12/site-packages/ovsdbapp/backend/ovs_idl/__init__.py:106}}
Jul 25 00:57:23.554597 np0000186714 devstack@neutron-api.service[101505]: DEBUG ovsdbapp.backend.ovs_idl [None req-ad9d1c8d-ed12-4634-a2ec-5aa672bf056e None None] Created schema index Mirror.name {{(pid=101505) autocreate_indices /opt/stack/data/venv/lib/python3.12/site-packages/ovsdbapp/backend/ovs_idl/__init__.py:106}}
Jul 25 00:57:23.554597 np0000186714 devstack@neutron-api.service[101505]: DEBUG ovsdbapp.backend.ovs_idl [None req-ad9d1c8d-ed12-4634-a2ec-5aa672bf056e None None] Created schema index Chassis_Template_Var.chassis {{(pid=101505) autocreate_indices /opt/stack/data/venv/lib/python3.12/site-packages/ovsdbapp/backend/ovs_idl/__init__.py:106}}
Jul 25 00:57:23.555107 np0000186714 devstack@neutron-api.service[101505]: DEBUG ovsdbapp.backend.ovs_idl [None req-ad9d1c8d-ed12-4634-a2ec-5aa672bf056e None None] Created schema index Logical_Router_Port.name {{(pid=101505) autocreate_indices /opt/stack/data/venv/lib/python3.12/site-packages/ovsdbapp/backend/ovs_idl/__init__.py:106}}
Jul 25 00:57:23.555107 np0000186714 devstack@neutron-api.service[101505]: DEBUG ovsdbapp.backend.ovs_idl [None req-ad9d1c8d-ed12-4634-a2ec-5aa672bf056e None None] Created schema index Port_Group.name {{(pid=101505) autocreate_indices /opt/stack/data/venv/lib/python3.12/site-packages/ovsdbapp/backend/ovs_idl/__init__.py:106}}
Jul 25 00:57:23.555107 np0000186714 devstack@neutron-api.service[101505]: DEBUG ovsdbapp.backend.ovs_idl [None req-ad9d1c8d-ed12-4634-a2ec-5aa672bf056e None None] Created schema index Logical_Switch_Port.name {{(pid=101505) autocreate_indices /opt/stack/data/venv/lib/python3.12/site-packages/ovsdbapp/backend/ovs_idl/__init__.py:106}}
Jul 25 00:57:23.557829 np0000186714 devstack@neutron-api.service[101505]: INFO ovsdbapp.backend.ovs_idl.vlog [None req-ad9d1c8d-ed12-4634-a2ec-5aa672bf056e None None] ssl:199.204.45.177:6641: connecting...
Jul 25 00:57:23.563345 np0000186714 devstack@neutron-api.service[101505]: INFO ovsdbapp.backend.ovs_idl.vlog [None req-ad9d1c8d-ed12-4634-a2ec-5aa672bf056e None None] ssl:199.204.45.177:6641: connected
Jul 25 00:57:23.595484 np0000186714 devstack@neutron-api.service[101505]: DEBUG neutron.common.ovn.hash_ring_manager [None req-ad9d1c8d-ed12-4634-a2ec-5aa672bf056e None None] Disallow caching, nodes 1<4 {{(pid=101505) _wait_startup_before_caching /opt/stack/neutron/neutron/common/ovn/hash_ring_manager.py:79}}
Jul 25 00:57:23.600030 np0000186714 devstack@neutron-api.service[101505]: DEBUG neutron.common.ovn.hash_ring_manager [None req-ad9d1c8d-ed12-4634-a2ec-5aa672bf056e None None] Hash Ring loaded. 1 active nodes. 0 offline nodes {{(pid=101505) _load_hash_ring /opt/stack/neutron/neutron/common/ovn/hash_ring_manager.py:110}}
Jul 25 00:57:23.600197 np0000186714 devstack@neutron-api.service[101505]: DEBUG neutron.plugins.ml2.drivers.ovn.mech_driver.ovsdb.ovsdb_monitor [None req-ad9d1c8d-ed12-4634-a2ec-5aa672bf056e None None] Hash Ring: Node ffbe395f41d35093af017eaabc56774a (host: np0000186714) handling event "create" for row c817c35f-4834-4a56-9d95-49fc32cc52bd (table: ACL) {{(pid=101505) notify /opt/stack/neutron/neutron/plugins/ml2/drivers/ovn/mech_driver/ovsdb/ovsdb_monitor.py:1013}}
Jul 25 00:57:23.605300 np0000186714 devstack@neutron-api.service[101505]: DEBUG neutron.common.ovn.hash_ring_manager [None req-ad9d1c8d-ed12-4634-a2ec-5aa672bf056e None None] Hash Ring loaded. 1 active nodes. 0 offline nodes {{(pid=101505) _load_hash_ring /opt/stack/neutron/neutron/common/ovn/hash_ring_manager.py:110}}
Jul 25 00:57:23.605448 np0000186714 devstack@neutron-api.service[101505]: DEBUG neutron.plugins.ml2.drivers.ovn.mech_driver.ovsdb.ovsdb_monitor [None req-ad9d1c8d-ed12-4634-a2ec-5aa672bf056e None None] Hash Ring: Node ffbe395f41d35093af017eaabc56774a (host: np0000186714) handling event "create" for row e828a33c-4e26-4830-b177-9380b31e4bfe (table: ACL) {{(pid=101505) notify /opt/stack/neutron/neutron/plugins/ml2/drivers/ovn/mech_driver/ovsdb/ovsdb_monitor.py:1013}}
Jul 25 00:57:23.610257 np0000186714 devstack@neutron-api.service[101505]: DEBUG neutron.common.ovn.hash_ring_manager [None req-ad9d1c8d-ed12-4634-a2ec-5aa672bf056e None None] Hash Ring loaded. 1 active nodes. 0 offline nodes {{(pid=101505) _load_hash_ring /opt/stack/neutron/neutron/common/ovn/hash_ring_manager.py:110}}
Jul 25 00:57:23.610348 np0000186714 devstack@neutron-api.service[101505]: DEBUG neutron.plugins.ml2.drivers.ovn.mech_driver.ovsdb.ovsdb_monitor [None req-ad9d1c8d-ed12-4634-a2ec-5aa672bf056e None None] Hash Ring: Node ffbe395f41d35093af017eaabc56774a (host: np0000186714) handling event "create" for row 4ebcbb8b-4a56-439b-886c-9c70dc5bec47 (table: Connection) {{(pid=101505) notify /opt/stack/neutron/neutron/plugins/ml2/drivers/ovn/mech_driver/ovsdb/ovsdb_monitor.py:1013}}
Jul 25 00:57:23.614834 np0000186714 devstack@neutron-api.service[101505]: DEBUG neutron.common.ovn.hash_ring_manager [None req-ad9d1c8d-ed12-4634-a2ec-5aa672bf056e None None] Hash Ring loaded. 1 active nodes. 0 offline nodes {{(pid=101505) _load_hash_ring /opt/stack/neutron/neutron/common/ovn/hash_ring_manager.py:110}}
Jul 25 00:57:23.614948 np0000186714 devstack@neutron-api.service[101505]: DEBUG neutron.plugins.ml2.drivers.ovn.mech_driver.ovsdb.ovsdb_monitor [None req-ad9d1c8d-ed12-4634-a2ec-5aa672bf056e None None] Hash Ring: Node ffbe395f41d35093af017eaabc56774a (host: np0000186714) handling event "create" for row bdb62f36-d33d-4c8d-add6-278736989688 (table: NB_Global) {{(pid=101505) notify /opt/stack/neutron/neutron/plugins/ml2/drivers/ovn/mech_driver/ovsdb/ovsdb_monitor.py:1013}}
Jul 25 00:57:23.619641 np0000186714 devstack@neutron-api.service[101505]: DEBUG neutron.common.ovn.hash_ring_manager [None req-ad9d1c8d-ed12-4634-a2ec-5aa672bf056e None None] Hash Ring loaded. 1 active nodes. 0 offline nodes {{(pid=101505) _load_hash_ring /opt/stack/neutron/neutron/common/ovn/hash_ring_manager.py:110}}
Jul 25 00:57:23.619822 np0000186714 devstack@neutron-api.service[101505]: DEBUG neutron.plugins.ml2.drivers.ovn.mech_driver.ovsdb.ovsdb_monitor [None req-ad9d1c8d-ed12-4634-a2ec-5aa672bf056e None None] Hash Ring: Node ffbe395f41d35093af017eaabc56774a (host: np0000186714) handling event "create" for row 34945da9-2975-434e-82f7-38c491afd80e (table: Port_Group) {{(pid=101505) notify /opt/stack/neutron/neutron/plugins/ml2/drivers/ovn/mech_driver/ovsdb/ovsdb_monitor.py:1013}}
Jul 25 00:57:23.624644 np0000186714 devstack@neutron-api.service[101505]: DEBUG neutron.common.ovn.hash_ring_manager [None req-ad9d1c8d-ed12-4634-a2ec-5aa672bf056e None None] Hash Ring loaded. 1 active nodes. 0 offline nodes {{(pid=101505) _load_hash_ring /opt/stack/neutron/neutron/common/ovn/hash_ring_manager.py:110}}
Jul 25 00:57:23.624846 np0000186714 devstack@neutron-api.service[101505]: DEBUG neutron.plugins.ml2.drivers.ovn.mech_driver.ovsdb.ovsdb_monitor [None req-ad9d1c8d-ed12-4634-a2ec-5aa672bf056e None None] Hash Ring: Node ffbe395f41d35093af017eaabc56774a (host: np0000186714) handling event "create" for row f6424764-95ca-48f4-9780-a12849d4f674 (table: SSL) {{(pid=101505) notify /opt/stack/neutron/neutron/plugins/ml2/drivers/ovn/mech_driver/ovsdb/ovsdb_monitor.py:1013}}
Jul 25 00:57:23.625944 np0000186714 devstack@neutron-api.service[101505]: INFO neutron.plugins.ml2.drivers.ovn.mech_driver.ovsdb.impl_idl_ovn [None req-ad9d1c8d-ed12-4634-a2ec-5aa672bf056e None None] Getting OvsdbSbOvnIdl for WorkerService with retry
Jul 25 00:57:23.656985 np0000186714 devstack@neutron-api.service[101505]: DEBUG ovsdbapp.backend.ovs_idl [None req-ad9d1c8d-ed12-4634-a2ec-5aa672bf056e None None] Created lookup_table index Chassis.name {{(pid=101505) autocreate_indices /opt/stack/data/venv/lib/python3.12/site-packages/ovsdbapp/backend/ovs_idl/__init__.py:87}}
Jul 25 00:57:23.657077 np0000186714 devstack@neutron-api.service[101505]: DEBUG ovsdbapp.backend.ovs_idl [None req-ad9d1c8d-ed12-4634-a2ec-5aa672bf056e None None] Created lookup_table index Port_Binding.logical_port {{(pid=101505) autocreate_indices /opt/stack/data/venv/lib/python3.12/site-packages/ovsdbapp/backend/ovs_idl/__init__.py:87}}
Jul 25 00:57:23.657231 np0000186714 devstack@neutron-api.service[101505]: DEBUG ovsdbapp.backend.ovs_idl [None req-ad9d1c8d-ed12-4634-a2ec-5aa672bf056e None None] Created schema index Chassis_Private.name {{(pid=101505) autocreate_indices /opt/stack/data/venv/lib/python3.12/site-packages/ovsdbapp/backend/ovs_idl/__init__.py:106}}
Jul 25 00:57:23.657231 np0000186714 devstack@neutron-api.service[101505]: DEBUG ovsdbapp.backend.ovs_idl [None req-ad9d1c8d-ed12-4634-a2ec-5aa672bf056e None None] Created schema index Datapath_Binding.tunnel_key {{(pid=101505) autocreate_indices /opt/stack/data/venv/lib/python3.12/site-packages/ovsdbapp/backend/ovs_idl/__init__.py:106}}
Jul 25 00:57:23.659188 np0000186714 devstack@neutron-api.service[101505]: INFO ovsdbapp.backend.ovs_idl.vlog [None req-ad9d1c8d-ed12-4634-a2ec-5aa672bf056e None None] ssl:199.204.45.177:6642: connecting...
Jul 25 00:57:23.664812 np0000186714 devstack@neutron-api.service[101505]: INFO ovsdbapp.backend.ovs_idl.vlog [None req-ad9d1c8d-ed12-4634-a2ec-5aa672bf056e None None] ssl:199.204.45.177:6642: connected
Jul 25 00:57:23.693446 np0000186714 devstack@neutron-api.service[101505]: DEBUG neutron.common.ovn.hash_ring_manager [None req-ad9d1c8d-ed12-4634-a2ec-5aa672bf056e None None] Disallow caching, nodes 1<4 {{(pid=101505) _wait_startup_before_caching /opt/stack/neutron/neutron/common/ovn/hash_ring_manager.py:79}}
Jul 25 00:57:23.697584 np0000186714 devstack@neutron-api.service[101505]: DEBUG neutron.common.ovn.hash_ring_manager [None req-ad9d1c8d-ed12-4634-a2ec-5aa672bf056e None None] Hash Ring loaded. 1 active nodes. 0 offline nodes {{(pid=101505) _load_hash_ring /opt/stack/neutron/neutron/common/ovn/hash_ring_manager.py:110}}
Jul 25 00:57:23.697584 np0000186714 devstack@neutron-api.service[101505]: DEBUG neutron.plugins.ml2.drivers.ovn.mech_driver.ovsdb.ovsdb_monitor [None req-ad9d1c8d-ed12-4634-a2ec-5aa672bf056e None None] Hash Ring: Node ffbe395f41d35093af017eaabc56774a (host: np0000186714) handling event "create" for row 69e5400b-b384-4dbf-b9a6-30b3ae9c0dad (table: Chassis) {{(pid=101505) notify /opt/stack/neutron/neutron/plugins/ml2/drivers/ovn/mech_driver/ovsdb/ovsdb_monitor.py:1013}}
Jul 25 00:57:23.698642 np0000186714 devstack@neutron-api.service[101505]: DEBUG ovsdbapp.backend.ovs_idl.event [None req-ad9d1c8d-ed12-4634-a2ec-5aa672bf056e None None] Matched CREATE: ChassisBandwidthConfigEvent(events=('create', 'update'), table='Chassis', conditions=None, old_conditions=None), priority=20 to row=Chassis(uuid=69e5400b-b384-4dbf-b9a6-30b3ae9c0dad, encaps=[8f8be777-8288-4ea7-b0f3-43bb3863d871], external_ids={}, hostname='np0000186714', name='52bc51d6-49a7-4d23-b0d8-94bd9413cfec', nb_cfg=0, other_config={'ct-commit-nat-v2': 'true', 'ct-commit-to-zone': 'true', 'ct-next-zone': 'true', 'ct-no-masked-label': 'true', 'ct-state-save': 'true', 'datapath-type': 'system', 'fdb-timestamp': 'true', 'iface-types': 'afxdp,afxdp-nonpmd,bareudp,erspan,geneve,gre,gtpu,internal,ip6erspan,ip6gre,lisp,patch,srv6,stt,system,tap,vxlan', 'is-interconn': 'false', 'ls-dpg-column': 'true', 'mac-binding-timestamp': 'true', 'ovn-bridge-mappings': 'public:br-ex', 'ovn-chassis-mac-mappings': '', 'ovn-cms-options': 'enable-chassis-as-gw', 'ovn-ct-lb-related': 'true', 'ovn-enable-lflow-cache': 'true', 'ovn-limit-lflow-cache': '', 'ovn-memlimit-lflow-cache-kb': '', 'ovn-monitor-all': 'false', 'ovn-trim-limit-lflow-cache': '', 'ovn-trim-timeout-ms': '', 'ovn-trim-wmark-perc-lflow-cache': '', 'port-up-notif': 'true'}, transport_zones=[], vtep_logical_switches=[]) old= {{(pid=101505) matches /opt/stack/data/venv/lib/python3.12/site-packages/ovsdbapp/backend/ovs_idl/event.py:55}}
Jul 25 00:57:23.700566 np0000186714 devstack@neutron-api.service[101505]: DEBUG ovsdbapp.backend.ovs_idl.event [None req-ad9d1c8d-ed12-4634-a2ec-5aa672bf056e None None] Matched CREATE: ChassisAgentWriteEvent(events=('create', 'update'), table='Chassis_Private', conditions=None, old_conditions=None), priority=20 to row=Chassis_Private(uuid=8589d0c0-6b88-48d2-8396-942223daebf8, chassis=69e5400b-b384-4dbf-b9a6-30b3ae9c0dad, external_ids={'neutron:ovn-bridge': 'br-int', 'neutron:ovn-neutron-agent-id': 'e598d036-e65d-544f-8714-3f64ce2f7be6', 'neutron:ovn-neutron-agent-sb-cfg': '0'}, name='52bc51d6-49a7-4d23-b0d8-94bd9413cfec', nb_cfg=0, nb_cfg_timestamp=0) old= {{(pid=101505) matches /opt/stack/data/venv/lib/python3.12/site-packages/ovsdbapp/backend/ovs_idl/event.py:55}}
Jul 25 00:57:23.700566 np0000186714 devstack@neutron-api.service[101505]: DEBUG ovsdbapp.backend.ovs_idl.event [None req-ad9d1c8d-ed12-4634-a2ec-5aa672bf056e None None] Matched CREATE: ChassisOVNAgentWriteEvent(events=('create', 'update'), table='Chassis_Private', conditions=None, old_conditions=None), priority=20 to row=Chassis_Private(uuid=8589d0c0-6b88-48d2-8396-942223daebf8, chassis=69e5400b-b384-4dbf-b9a6-30b3ae9c0dad, external_ids={'neutron:ovn-bridge': 'br-int', 'neutron:ovn-neutron-agent-id': 'e598d036-e65d-544f-8714-3f64ce2f7be6', 'neutron:ovn-neutron-agent-sb-cfg': '0'}, name='52bc51d6-49a7-4d23-b0d8-94bd9413cfec', nb_cfg=0, nb_cfg_timestamp=0) old= {{(pid=101505) matches /opt/stack/data/venv/lib/python3.12/site-packages/ovsdbapp/backend/ovs_idl/event.py:55}}
Jul 25 00:57:23.706368 np0000186714 devstack@neutron-api.service[101505]: DEBUG neutron.common.ovn.hash_ring_manager [None req-ad9d1c8d-ed12-4634-a2ec-5aa672bf056e None None] Hash Ring loaded. 1 active nodes. 0 offline nodes {{(pid=101505) _load_hash_ring /opt/stack/neutron/neutron/common/ovn/hash_ring_manager.py:110}}
Jul 25 00:57:23.706522 np0000186714 devstack@neutron-api.service[101505]: DEBUG neutron.plugins.ml2.drivers.ovn.mech_driver.ovsdb.ovsdb_monitor [None req-ad9d1c8d-ed12-4634-a2ec-5aa672bf056e None None] Hash Ring: Node ffbe395f41d35093af017eaabc56774a (host: np0000186714) handling event "create" for row 8589d0c0-6b88-48d2-8396-942223daebf8 (table: Chassis_Private) {{(pid=101505) notify /opt/stack/neutron/neutron/plugins/ml2/drivers/ovn/mech_driver/ovsdb/ovsdb_monitor.py:1013}}
Jul 25 00:57:23.713680 np0000186714 devstack@neutron-api.service[101505]: DEBUG neutron.common.ovn.hash_ring_manager [None req-ad9d1c8d-ed12-4634-a2ec-5aa672bf056e None None] Hash Ring loaded. 1 active nodes. 0 offline nodes {{(pid=101505) _load_hash_ring /opt/stack/neutron/neutron/common/ovn/hash_ring_manager.py:110}}
Jul 25 00:57:23.713680 np0000186714 devstack@neutron-api.service[101505]: DEBUG neutron.plugins.ml2.drivers.ovn.mech_driver.ovsdb.ovsdb_monitor [None req-ad9d1c8d-ed12-4634-a2ec-5aa672bf056e None None] Hash Ring: Node ffbe395f41d35093af017eaabc56774a (host: np0000186714) handling event "create" for row 8f8be777-8288-4ea7-b0f3-43bb3863d871 (table: Encap) {{(pid=101505) notify /opt/stack/neutron/neutron/plugins/ml2/drivers/ovn/mech_driver/ovsdb/ovsdb_monitor.py:1013}}
Jul 25 00:57:23.713680 np0000186714 devstack@neutron-api.service[101505]: INFO neutron.plugins.ml2.drivers.ovn.mech_driver.mech_driver [None req-ad9d1c8d-ed12-4634-a2ec-5aa672bf056e None None] WorkerService process has finished the post initialization
Jul 25 00:57:23.713964 np0000186714 devstack@neutron-api.service[101505]: DEBUG oslo_concurrency.processutils [None req-ad9d1c8d-ed12-4634-a2ec-5aa672bf056e None None] Running cmd (subprocess): ovsdb-client transact ssl:199.204.45.177:6641 --timeout 180 -p /opt/stack/data/CA/int-ca/private/devstack-cert.key -c /opt/stack/data/CA/int-ca/devstack-cert.crt -C /opt/stack/data/CA/int-ca/ca-chain.pem ["OVN_Northbound", {"op": "wait", "timeout": 0, "table": "Port_Group", "where": [["name", "==", "pvlan_pg_drop"]], "until": "==", "rows": []}, {"op": "insert", "table": "ACL", "row": {"action": "drop", "direction": "to-lport", "match": "outport == @pvlan_pg_drop && ip", "priority": 1010}, "uuid-name": "pvlandroptoport"}, {"op": "insert", "table": "ACL", "row": {"action": "drop", "direction": "from-lport", "match": "inport == @pvlan_pg_drop && ip", "priority": 1010}, "uuid-name": "pvlandropfromport"}, {"op": "insert", "table": "Port_Group", "row": {"name": "pvlan_pg_drop", "acls": ["set", [["named-uuid", "pvlandroptoport"], ["named-uuid", "pvlandropfromport"]]]}}] {{(pid=101505) execute /opt/stack/data/venv/lib/python3.12/site-packages/oslo_concurrency/processutils.py:440}}
Jul 25 00:57:23.721688 np0000186714 devstack@neutron-api.service[101505]: INFO neutron.plugins.ml2.drivers.ovn.mech_driver.ovsdb.extensions.qos [-] Starting OVNClientQosExtension
Jul 25 00:57:23.722054 np0000186714 devstack@neutron-api.service[101505]: INFO neutron.plugins.ml2.drivers.ovn.mech_driver.ovsdb.extensions.placement [-] Starting OVNClientPlacementExtension
Jul 25 00:57:23.751808 np0000186714 devstack@neutron-api.service[101505]: DEBUG oslo_concurrency.processutils [None req-ad9d1c8d-ed12-4634-a2ec-5aa672bf056e None None] CMD "ovsdb-client transact ssl:199.204.45.177:6641 --timeout 180 -p /opt/stack/data/CA/int-ca/private/devstack-cert.key -c /opt/stack/data/CA/int-ca/devstack-cert.crt -C /opt/stack/data/CA/int-ca/ca-chain.pem ["OVN_Northbound", {"op": "wait", "timeout": 0, "table": "Port_Group", "where": [["name", "==", "pvlan_pg_drop"]], "until": "==", "rows": []}, {"op": "insert", "table": "ACL", "row": {"action": "drop", "direction": "to-lport", "match": "outport == @pvlan_pg_drop && ip", "priority": 1010}, "uuid-name": "pvlandroptoport"}, {"op": "insert", "table": "ACL", "row": {"action": "drop", "direction": "from-lport", "match": "inport == @pvlan_pg_drop && ip", "priority": 1010}, "uuid-name": "pvlandropfromport"}, {"op": "insert", "table": "Port_Group", "row": {"name": "pvlan_pg_drop", "acls": ["set", [["named-uuid", "pvlandroptoport"], ["named-uuid", "pvlandropfromport"]]]}}]" returned: 0 in 0.038s {{(pid=101505) execute /opt/stack/data/venv/lib/python3.12/site-packages/oslo_concurrency/processutils.py:468}}
Jul 25 00:57:23.758595 np0000186714 devstack@neutron-api.service[101505]: WSGI app 0 (mountpoint='') ready in 6 seconds on interpreter 0x7360f58a4668 pid: 101505 (default app)
Jul 25 00:57:23.763143 np0000186714 devstack@neutron-api.service[101505]: DEBUG neutron.common.ovn.hash_ring_manager [-] Hash Ring loaded. 1 active nodes. 0 offline nodes {{(pid=101505) _load_hash_ring /opt/stack/neutron/neutron/common/ovn/hash_ring_manager.py:110}}
Jul 25 00:57:23.763349 np0000186714 devstack@neutron-api.service[101505]: DEBUG neutron.plugins.ml2.drivers.ovn.mech_driver.ovsdb.ovsdb_monitor [-] Hash Ring: Node ffbe395f41d35093af017eaabc56774a (host: np0000186714) handling event "create" for row 0e3a4a19-11a9-463f-a7db-0f203aac5b38 (table: ACL) {{(pid=101505) notify /opt/stack/neutron/neutron/plugins/ml2/drivers/ovn/mech_driver/ovsdb/ovsdb_monitor.py:1013}}
Jul 25 00:57:23.784138 np0000186714 devstack@neutron-api.service[101505]: DEBUG neutron.common.ovn.hash_ring_manager [-] Hash Ring loaded. 1 active nodes. 0 offline nodes {{(pid=101505) _load_hash_ring /opt/stack/neutron/neutron/common/ovn/hash_ring_manager.py:110}}
Jul 25 00:57:23.784335 np0000186714 devstack@neutron-api.service[101505]: DEBUG neutron.plugins.ml2.drivers.ovn.mech_driver.ovsdb.ovsdb_monitor [-] Hash Ring: Node ffbe395f41d35093af017eaabc56774a (host: np0000186714) handling event "create" for row 26954389-ae9e-4ca4-9251-b1849f91a5e1 (table: ACL) {{(pid=101505) notify /opt/stack/neutron/neutron/plugins/ml2/drivers/ovn/mech_driver/ovsdb/ovsdb_monitor.py:1013}}
Jul 25 00:57:23.798962 np0000186714 devstack@neutron-api.service[101505]: DEBUG neutron.common.ovn.hash_ring_manager [-] Hash Ring loaded. 1 active nodes. 0 offline nodes {{(pid=101505) _load_hash_ring /opt/stack/neutron/neutron/common/ovn/hash_ring_manager.py:110}}
Jul 25 00:57:23.798962 np0000186714 devstack@neutron-api.service[101505]: DEBUG neutron.plugins.ml2.drivers.ovn.mech_driver.ovsdb.ovsdb_monitor [-] Hash Ring: Node ffbe395f41d35093af017eaabc56774a (host: np0000186714) handling event "create" for row 1dabfebd-b48b-45fc-b421-fe3f118b492a (table: Port_Group) {{(pid=101505) notify /opt/stack/neutron/neutron/plugins/ml2/drivers/ovn/mech_driver/ovsdb/ovsdb_monitor.py:1013}}
Jul 25 00:57:23.848211 np0000186714 devstack@neutron-api.service[101506]: INFO neutron.plugins.ml2.managers [None req-72c2f594-310a-4a03-8081-4dcc0587dc62 None None] Initializing driver for type 'local'
Jul 25 00:57:23.848445 np0000186714 devstack@neutron-api.service[101506]: INFO neutron.plugins.ml2.managers [None req-72c2f594-310a-4a03-8081-4dcc0587dc62 None None] Initializing driver for type 'vlan'
Jul 25 00:57:23.848530 np0000186714 devstack@neutron-api.service[101508]: INFO neutron.plugins.ml2.managers [None req-859e4ce6-1755-4822-aad9-7680a1b6150c None None] Initializing driver for type 'local'
Jul 25 00:57:23.848783 np0000186714 devstack@neutron-api.service[101508]: INFO neutron.plugins.ml2.managers [None req-859e4ce6-1755-4822-aad9-7680a1b6150c None None] Initializing driver for type 'vlan'
Jul 25 00:57:23.871715 np0000186714 devstack@neutron-api.service[101507]: INFO neutron.plugins.ml2.managers [None req-18aa6abb-5e1e-4d17-8db6-1524ae2a4a47 None None] Initializing driver for type 'local'
Jul 25 00:57:23.871936 np0000186714 devstack@neutron-api.service[101507]: INFO neutron.plugins.ml2.managers [None req-18aa6abb-5e1e-4d17-8db6-1524ae2a4a47 None None] Initializing driver for type 'vlan'
Jul 25 00:57:24.002684 np0000186714 devstack@neutron-api.service[101508]: INFO neutron.plugins.ml2.drivers.type_vlan [None req-859e4ce6-1755-4822-aad9-7680a1b6150c None None] VlanTypeDriver initialization complete
Jul 25 00:57:24.002684 np0000186714 devstack@neutron-api.service[101508]: INFO neutron.plugins.ml2.managers [None req-859e4ce6-1755-4822-aad9-7680a1b6150c None None] Initializing extension driver 'port_security'
Jul 25 00:57:24.002684 np0000186714 devstack@neutron-api.service[101508]: INFO neutron.plugins.ml2.extensions.port_security [None req-859e4ce6-1755-4822-aad9-7680a1b6150c None None] PortSecurityExtensionDriver initialization complete
Jul 25 00:57:24.002684 np0000186714 devstack@neutron-api.service[101508]: INFO neutron.plugins.ml2.managers [None req-859e4ce6-1755-4822-aad9-7680a1b6150c None None] Initializing extension driver 'qos'
Jul 25 00:57:24.002684 np0000186714 devstack@neutron-api.service[101508]: DEBUG neutron.plugins.ml2.extensions.qos [None req-859e4ce6-1755-4822-aad9-7680a1b6150c None None] QosExtensionDriver initialization complete {{(pid=101508) initialize /opt/stack/neutron/neutron/plugins/ml2/extensions/qos.py:31}}
Jul 25 00:57:24.002684 np0000186714 devstack@neutron-api.service[101508]: INFO neutron.plugins.ml2.managers [None req-859e4ce6-1755-4822-aad9-7680a1b6150c None None] Initializing mechanism driver 'ovn'
Jul 25 00:57:24.002684 np0000186714 devstack@neutron-api.service[101508]: INFO neutron.plugins.ml2.drivers.ovn.mech_driver.mech_driver [None req-859e4ce6-1755-4822-aad9-7680a1b6150c None None] Starting OVNMechanismDriver
Jul 25 00:57:24.003030 np0000186714 devstack@neutron-api.service[101506]: INFO neutron.plugins.ml2.drivers.type_vlan [None req-72c2f594-310a-4a03-8081-4dcc0587dc62 None None] VlanTypeDriver initialization complete
Jul 25 00:57:24.003030 np0000186714 devstack@neutron-api.service[101506]: INFO neutron.plugins.ml2.managers [None req-72c2f594-310a-4a03-8081-4dcc0587dc62 None None] Initializing extension driver 'port_security'
Jul 25 00:57:24.003030 np0000186714 devstack@neutron-api.service[101506]: INFO neutron.plugins.ml2.extensions.port_security [None req-72c2f594-310a-4a03-8081-4dcc0587dc62 None None] PortSecurityExtensionDriver initialization complete
Jul 25 00:57:24.003030 np0000186714 devstack@neutron-api.service[101506]: INFO neutron.plugins.ml2.managers [None req-72c2f594-310a-4a03-8081-4dcc0587dc62 None None] Initializing extension driver 'qos'
Jul 25 00:57:24.003030 np0000186714 devstack@neutron-api.service[101506]: DEBUG neutron.plugins.ml2.extensions.qos [None req-72c2f594-310a-4a03-8081-4dcc0587dc62 None None] QosExtensionDriver initialization complete {{(pid=101506) initialize /opt/stack/neutron/neutron/plugins/ml2/extensions/qos.py:31}}
Jul 25 00:57:24.003030 np0000186714 devstack@neutron-api.service[101506]: INFO neutron.plugins.ml2.managers [None req-72c2f594-310a-4a03-8081-4dcc0587dc62 None None] Initializing mechanism driver 'ovn'
Jul 25 00:57:24.003030 np0000186714 devstack@neutron-api.service[101506]: INFO neutron.plugins.ml2.drivers.ovn.mech_driver.mech_driver [None req-72c2f594-310a-4a03-8081-4dcc0587dc62 None None] Starting OVNMechanismDriver
Jul 25 00:57:24.003428 np0000186714 devstack@neutron-api.service[101508]: DEBUG neutron_lib.callbacks.manager [None req-859e4ce6-1755-4822-aad9-7680a1b6150c None None] Subscribe: > process before_spawn 55550000, False {{(pid=101508) subscribe /opt/stack/data/venv/lib/python3.12/site-packages/neutron_lib/callbacks/manager.py:52}}
Jul 25 00:57:24.003472 np0000186714 devstack@neutron-api.service[101508]: DEBUG neutron_lib.callbacks.manager [None req-859e4ce6-1755-4822-aad9-7680a1b6150c None None] Subscribe: > process after_init 55550000, True {{(pid=101508) subscribe /opt/stack/data/venv/lib/python3.12/site-packages/neutron_lib/callbacks/manager.py:52}}
Jul 25 00:57:24.004047 np0000186714 devstack@neutron-api.service[101508]: DEBUG neutron_lib.callbacks.manager [None req-859e4ce6-1755-4822-aad9-7680a1b6150c None None] Subscribe: > segment after_create 55550000, False {{(pid=101508) subscribe /opt/stack/data/venv/lib/python3.12/site-packages/neutron_lib/callbacks/manager.py:52}}
Jul 25 00:57:24.004047 np0000186714 devstack@neutron-api.service[101508]: DEBUG neutron_lib.callbacks.manager [None req-859e4ce6-1755-4822-aad9-7680a1b6150c None None] Subscribe: > segment after_create 55550000, False {{(pid=101508) subscribe /opt/stack/data/venv/lib/python3.12/site-packages/neutron_lib/callbacks/manager.py:52}}
Jul 25 00:57:24.004047 np0000186714 devstack@neutron-api.service[101508]: DEBUG neutron_lib.callbacks.manager [None req-859e4ce6-1755-4822-aad9-7680a1b6150c None None] Subscribe: > segment after_delete 55550000, False {{(pid=101508) subscribe /opt/stack/data/venv/lib/python3.12/site-packages/neutron_lib/callbacks/manager.py:52}}
Jul 25 00:57:24.004047 np0000186714 devstack@neutron-api.service[101508]: DEBUG neutron_lib.callbacks.manager [None req-859e4ce6-1755-4822-aad9-7680a1b6150c None None] Subscribe: > allowed_address_pair before_create 55550000, False {{(pid=101508) subscribe /opt/stack/data/venv/lib/python3.12/site-packages/neutron_lib/callbacks/manager.py:52}}
Jul 25 00:57:24.004420 np0000186714 devstack@neutron-api.service[101508]: DEBUG neutron_lib.callbacks.manager [None req-859e4ce6-1755-4822-aad9-7680a1b6150c None None] Subscribe: > security_group precommit_create 55550000, False {{(pid=101508) subscribe /opt/stack/data/venv/lib/python3.12/site-packages/neutron_lib/callbacks/manager.py:52}}
Jul 25 00:57:24.004420 np0000186714 devstack@neutron-api.service[101508]: DEBUG neutron_lib.callbacks.manager [None req-859e4ce6-1755-4822-aad9-7680a1b6150c None None] Subscribe: > security_group after_update 55550000, False {{(pid=101508) subscribe /opt/stack/data/venv/lib/python3.12/site-packages/neutron_lib/callbacks/manager.py:52}}
Jul 25 00:57:24.004420 np0000186714 devstack@neutron-api.service[101508]: DEBUG neutron_lib.callbacks.manager [None req-859e4ce6-1755-4822-aad9-7680a1b6150c None None] Subscribe: > security_group after_create 55550000, False {{(pid=101508) subscribe /opt/stack/data/venv/lib/python3.12/site-packages/neutron_lib/callbacks/manager.py:52}}
Jul 25 00:57:24.004420 np0000186714 devstack@neutron-api.service[101508]: DEBUG neutron_lib.callbacks.manager [None req-859e4ce6-1755-4822-aad9-7680a1b6150c None None] Subscribe: > security_group precommit_delete 55550000, False {{(pid=101508) subscribe /opt/stack/data/venv/lib/python3.12/site-packages/neutron_lib/callbacks/manager.py:52}}
Jul 25 00:57:24.004815 np0000186714 devstack@neutron-api.service[101508]: DEBUG neutron_lib.callbacks.manager [None req-859e4ce6-1755-4822-aad9-7680a1b6150c None None] Subscribe: > security_group after_delete 55550000, False {{(pid=101508) subscribe /opt/stack/data/venv/lib/python3.12/site-packages/neutron_lib/callbacks/manager.py:52}}
Jul 25 00:57:24.004932 np0000186714 devstack@neutron-api.service[101506]: DEBUG neutron_lib.callbacks.manager [None req-72c2f594-310a-4a03-8081-4dcc0587dc62 None None] Subscribe: > process before_spawn 55550000, False {{(pid=101506) subscribe /opt/stack/data/venv/lib/python3.12/site-packages/neutron_lib/callbacks/manager.py:52}}
Jul 25 00:57:24.005038 np0000186714 devstack@neutron-api.service[101508]: DEBUG neutron_lib.callbacks.manager [None req-859e4ce6-1755-4822-aad9-7680a1b6150c None None] Subscribe: > security_group_rule precommit_create 55550000, False {{(pid=101508) subscribe /opt/stack/data/venv/lib/python3.12/site-packages/neutron_lib/callbacks/manager.py:52}}
Jul 25 00:57:24.005151 np0000186714 devstack@neutron-api.service[101506]: DEBUG neutron_lib.callbacks.manager [None req-72c2f594-310a-4a03-8081-4dcc0587dc62 None None] Subscribe: > process after_init 55550000, True {{(pid=101506) subscribe /opt/stack/data/venv/lib/python3.12/site-packages/neutron_lib/callbacks/manager.py:52}}
Jul 25 00:57:24.005206 np0000186714 devstack@neutron-api.service[101508]: DEBUG neutron_lib.callbacks.manager [None req-859e4ce6-1755-4822-aad9-7680a1b6150c None None] Subscribe: > security_group_rule after_create 55550000, False {{(pid=101508) subscribe /opt/stack/data/venv/lib/python3.12/site-packages/neutron_lib/callbacks/manager.py:52}}
Jul 25 00:57:24.005370 np0000186714 devstack@neutron-api.service[101506]: DEBUG neutron_lib.callbacks.manager [None req-72c2f594-310a-4a03-8081-4dcc0587dc62 None None] Subscribe: > segment after_create 55550000, False {{(pid=101506) subscribe /opt/stack/data/venv/lib/python3.12/site-packages/neutron_lib/callbacks/manager.py:52}}
Jul 25 00:57:24.005506 np0000186714 devstack@neutron-api.service[101508]: DEBUG neutron_lib.callbacks.manager [None req-859e4ce6-1755-4822-aad9-7680a1b6150c None None] Subscribe: > security_group_rule before_delete 55550000, False {{(pid=101508) subscribe /opt/stack/data/venv/lib/python3.12/site-packages/neutron_lib/callbacks/manager.py:52}}
Jul 25 00:57:24.005506 np0000186714 devstack@neutron-api.service[101508]: DEBUG neutron_lib.callbacks.manager [None req-859e4ce6-1755-4822-aad9-7680a1b6150c None None] Subscribe: > address_group after_create 55550000, False {{(pid=101508) subscribe /opt/stack/data/venv/lib/python3.12/site-packages/neutron_lib/callbacks/manager.py:52}}
Jul 25 00:57:24.005671 np0000186714 devstack@neutron-api.service[101506]: DEBUG neutron_lib.callbacks.manager [None req-72c2f594-310a-4a03-8081-4dcc0587dc62 None None] Subscribe: > segment after_create 55550000, False {{(pid=101506) subscribe /opt/stack/data/venv/lib/python3.12/site-packages/neutron_lib/callbacks/manager.py:52}}
Jul 25 00:57:24.005671 np0000186714 devstack@neutron-api.service[101506]: DEBUG neutron_lib.callbacks.manager [None req-72c2f594-310a-4a03-8081-4dcc0587dc62 None None] Subscribe: > segment after_delete 55550000, False {{(pid=101506) subscribe /opt/stack/data/venv/lib/python3.12/site-packages/neutron_lib/callbacks/manager.py:52}}
Jul 25 00:57:24.005888 np0000186714 devstack@neutron-api.service[101508]: DEBUG neutron_lib.callbacks.manager [None req-859e4ce6-1755-4822-aad9-7680a1b6150c None None] Subscribe: > address_group after_update 55550000, False {{(pid=101508) subscribe /opt/stack/data/venv/lib/python3.12/site-packages/neutron_lib/callbacks/manager.py:52}}
Jul 25 00:57:24.005888 np0000186714 devstack@neutron-api.service[101508]: DEBUG neutron_lib.callbacks.manager [None req-859e4ce6-1755-4822-aad9-7680a1b6150c None None] Subscribe: > address_group after_delete 55550000, False {{(pid=101508) subscribe /opt/stack/data/venv/lib/python3.12/site-packages/neutron_lib/callbacks/manager.py:52}}
Jul 25 00:57:24.005991 np0000186714 devstack@neutron-api.service[101506]: DEBUG neutron_lib.callbacks.manager [None req-72c2f594-310a-4a03-8081-4dcc0587dc62 None None] Subscribe: > allowed_address_pair before_create 55550000, False {{(pid=101506) subscribe /opt/stack/data/venv/lib/python3.12/site-packages/neutron_lib/callbacks/manager.py:52}}
Jul 25 00:57:24.005991 np0000186714 devstack@neutron-api.service[101506]: DEBUG neutron_lib.callbacks.manager [None req-72c2f594-310a-4a03-8081-4dcc0587dc62 None None] Subscribe: > security_group precommit_create 55550000, False {{(pid=101506) subscribe /opt/stack/data/venv/lib/python3.12/site-packages/neutron_lib/callbacks/manager.py:52}}
Jul 25 00:57:24.006249 np0000186714 devstack@neutron-api.service[101508]: DEBUG neutron_lib.callbacks.manager [None req-859e4ce6-1755-4822-aad9-7680a1b6150c None None] Subscribe: > qos_plugin after_init 55550000, False {{(pid=101508) subscribe /opt/stack/data/venv/lib/python3.12/site-packages/neutron_lib/callbacks/manager.py:52}}
Jul 25 00:57:24.006312 np0000186714 devstack@neutron-api.service[101506]: DEBUG neutron_lib.callbacks.manager [None req-72c2f594-310a-4a03-8081-4dcc0587dc62 None None] Subscribe: > security_group after_update 55550000, False {{(pid=101506) subscribe /opt/stack/data/venv/lib/python3.12/site-packages/neutron_lib/callbacks/manager.py:52}}
Jul 25 00:57:24.006312 np0000186714 devstack@neutron-api.service[101506]: DEBUG neutron_lib.callbacks.manager [None req-72c2f594-310a-4a03-8081-4dcc0587dc62 None None] Subscribe: > security_group after_create 55550000, False {{(pid=101506) subscribe /opt/stack/data/venv/lib/python3.12/site-packages/neutron_lib/callbacks/manager.py:52}}
Jul 25 00:57:24.006551 np0000186714 devstack@neutron-api.service[101508]: DEBUG neutron_lib.callbacks.manager [None req-859e4ce6-1755-4822-aad9-7680a1b6150c None None] Subscribe: > trunk_plugin after_init 55550000, False {{(pid=101508) subscribe /opt/stack/data/venv/lib/python3.12/site-packages/neutron_lib/callbacks/manager.py:52}}
Jul 25 00:57:24.006666 np0000186714 devstack@neutron-api.service[101506]: DEBUG neutron_lib.callbacks.manager [None req-72c2f594-310a-4a03-8081-4dcc0587dc62 None None] Subscribe: > security_group precommit_delete 55550000, False {{(pid=101506) subscribe /opt/stack/data/venv/lib/python3.12/site-packages/neutron_lib/callbacks/manager.py:52}}
Jul 25 00:57:24.006666 np0000186714 devstack@neutron-api.service[101506]: DEBUG neutron_lib.callbacks.manager [None req-72c2f594-310a-4a03-8081-4dcc0587dc62 None None] Subscribe: > security_group after_delete 55550000, False {{(pid=101506) subscribe /opt/stack/data/venv/lib/python3.12/site-packages/neutron_lib/callbacks/manager.py:52}}
Jul 25 00:57:24.006880 np0000186714 devstack@neutron-api.service[101508]: DEBUG neutron_lib.callbacks.manager [None req-859e4ce6-1755-4822-aad9-7680a1b6150c None None] Subscribe: > logging-plugin after_init 55550000, False {{(pid=101508) subscribe /opt/stack/data/venv/lib/python3.12/site-packages/neutron_lib/callbacks/manager.py:52}}
Jul 25 00:57:24.006939 np0000186714 devstack@neutron-api.service[101506]: DEBUG neutron_lib.callbacks.manager [None req-72c2f594-310a-4a03-8081-4dcc0587dc62 None None] Subscribe: > security_group_rule precommit_create 55550000, False {{(pid=101506) subscribe /opt/stack/data/venv/lib/python3.12/site-packages/neutron_lib/callbacks/manager.py:52}}
Jul 25 00:57:24.006939 np0000186714 devstack@neutron-api.service[101506]: DEBUG neutron_lib.callbacks.manager [None req-72c2f594-310a-4a03-8081-4dcc0587dc62 None None] Subscribe: > security_group_rule after_create 55550000, False {{(pid=101506) subscribe /opt/stack/data/venv/lib/python3.12/site-packages/neutron_lib/callbacks/manager.py:52}}
Jul 25 00:57:24.006939 np0000186714 devstack@neutron-api.service[101506]: DEBUG neutron_lib.callbacks.manager [None req-72c2f594-310a-4a03-8081-4dcc0587dc62 None None] Subscribe: > security_group_rule before_delete 55550000, False {{(pid=101506) subscribe /opt/stack/data/venv/lib/python3.12/site-packages/neutron_lib/callbacks/manager.py:52}}
Jul 25 00:57:24.006939 np0000186714 devstack@neutron-api.service[101506]: DEBUG neutron_lib.callbacks.manager [None req-72c2f594-310a-4a03-8081-4dcc0587dc62 None None] Subscribe: > address_group after_create 55550000, False {{(pid=101506) subscribe /opt/stack/data/venv/lib/python3.12/site-packages/neutron_lib/callbacks/manager.py:52}}
Jul 25 00:57:24.007338 np0000186714 devstack@neutron-api.service[101506]: DEBUG neutron_lib.callbacks.manager [None req-72c2f594-310a-4a03-8081-4dcc0587dc62 None None] Subscribe: > address_group after_update 55550000, False {{(pid=101506) subscribe /opt/stack/data/venv/lib/python3.12/site-packages/neutron_lib/callbacks/manager.py:52}}
Jul 25 00:57:24.007519 np0000186714 devstack@neutron-api.service[101508]: INFO neutron.services.logapi.drivers.ovn.driver [None req-859e4ce6-1755-4822-aad9-7680a1b6150c None None] OVN logging driver registered
Jul 25 00:57:24.007635 np0000186714 devstack@neutron-api.service[101506]: DEBUG neutron_lib.callbacks.manager [None req-72c2f594-310a-4a03-8081-4dcc0587dc62 None None] Subscribe: > address_group after_delete 55550000, False {{(pid=101506) subscribe /opt/stack/data/venv/lib/python3.12/site-packages/neutron_lib/callbacks/manager.py:52}}
Jul 25 00:57:24.007689 np0000186714 devstack@neutron-api.service[101508]: DEBUG neutron_lib.callbacks.manager [None req-859e4ce6-1755-4822-aad9-7680a1b6150c None None] Subscribe: ._register_pvlan_driver at 0x7360ed1c8c20> pvlan_plugin before_spawn 55550000, False {{(pid=101508) subscribe /opt/stack/data/venv/lib/python3.12/site-packages/neutron_lib/callbacks/manager.py:52}}
Jul 25 00:57:24.007689 np0000186714 devstack@neutron-api.service[101508]: DEBUG neutron_lib.callbacks.manager [None req-859e4ce6-1755-4822-aad9-7680a1b6150c None None] Subscribe: process after_init 55550000, False {{(pid=101508) subscribe /opt/stack/data/venv/lib/python3.12/site-packages/neutron_lib/callbacks/manager.py:52}}
Jul 25 00:57:24.007856 np0000186714 devstack@neutron-api.service[101506]: DEBUG neutron_lib.callbacks.manager [None req-72c2f594-310a-4a03-8081-4dcc0587dc62 None None] Subscribe: > qos_plugin after_init 55550000, False {{(pid=101506) subscribe /opt/stack/data/venv/lib/python3.12/site-packages/neutron_lib/callbacks/manager.py:52}}
Jul 25 00:57:24.007856 np0000186714 devstack@neutron-api.service[101506]: DEBUG neutron_lib.callbacks.manager [None req-72c2f594-310a-4a03-8081-4dcc0587dc62 None None] Subscribe: > trunk_plugin after_init 55550000, False {{(pid=101506) subscribe /opt/stack/data/venv/lib/python3.12/site-packages/neutron_lib/callbacks/manager.py:52}}
Jul 25 00:57:24.007856 np0000186714 devstack@neutron-api.service[101506]: DEBUG neutron_lib.callbacks.manager [None req-72c2f594-310a-4a03-8081-4dcc0587dc62 None None] Subscribe: > logging-plugin after_init 55550000, False {{(pid=101506) subscribe /opt/stack/data/venv/lib/python3.12/site-packages/neutron_lib/callbacks/manager.py:52}}
Jul 25 00:57:24.007856 np0000186714 devstack@neutron-api.service[101506]: INFO neutron.services.logapi.drivers.ovn.driver [None req-72c2f594-310a-4a03-8081-4dcc0587dc62 None None] OVN logging driver registered
Jul 25 00:57:24.007856 np0000186714 devstack@neutron-api.service[101506]: DEBUG neutron_lib.callbacks.manager [None req-72c2f594-310a-4a03-8081-4dcc0587dc62 None None] Subscribe: ._register_pvlan_driver at 0x7360ed1d0c20> pvlan_plugin before_spawn 55550000, False {{(pid=101506) subscribe /opt/stack/data/venv/lib/python3.12/site-packages/neutron_lib/callbacks/manager.py:52}}
Jul 25 00:57:24.008245 np0000186714 devstack@neutron-api.service[101506]: DEBUG neutron_lib.callbacks.manager [None req-72c2f594-310a-4a03-8081-4dcc0587dc62 None None] Subscribe: process after_init 55550000, False {{(pid=101506) subscribe /opt/stack/data/venv/lib/python3.12/site-packages/neutron_lib/callbacks/manager.py:52}}
Jul 25 00:57:24.008401 np0000186714 devstack@neutron-api.service[101508]: DEBUG neutron.plugins.ml2.plugin [None req-859e4ce6-1755-4822-aad9-7680a1b6150c None None] neutron.plugins.ml2.plugin.Ml2Plugin method _start_rpc_notifiers called with arguments () {} {{(pid=101508) wrapper /opt/stack/data/venv/lib/python3.12/site-packages/oslo_log/helpers.py:77}}
Jul 25 00:57:24.008401 np0000186714 devstack@neutron-api.service[101508]: DEBUG neutron_lib.callbacks.manager [None req-859e4ce6-1755-4822-aad9-7680a1b6150c None None] Subscribe: > port after_create 55550000, False {{(pid=101508) subscribe /opt/stack/data/venv/lib/python3.12/site-packages/neutron_lib/callbacks/manager.py:52}}
Jul 25 00:57:24.008401 np0000186714 devstack@neutron-api.service[101508]: DEBUG neutron_lib.callbacks.manager [None req-859e4ce6-1755-4822-aad9-7680a1b6150c None None] Subscribe: > port after_update 55550000, False {{(pid=101508) subscribe /opt/stack/data/venv/lib/python3.12/site-packages/neutron_lib/callbacks/manager.py:52}}
Jul 25 00:57:24.008586 np0000186714 devstack@neutron-api.service[101508]: DEBUG neutron_lib.callbacks.manager [None req-859e4ce6-1755-4822-aad9-7680a1b6150c None None] Subscribe: > port after_delete 55550000, False {{(pid=101508) subscribe /opt/stack/data/venv/lib/python3.12/site-packages/neutron_lib/callbacks/manager.py:52}}
Jul 25 00:57:24.008586 np0000186714 devstack@neutron-api.service[101508]: DEBUG neutron_lib.callbacks.manager [None req-859e4ce6-1755-4822-aad9-7680a1b6150c None None] Subscribe: > subnet after_create 55550000, False {{(pid=101508) subscribe /opt/stack/data/venv/lib/python3.12/site-packages/neutron_lib/callbacks/manager.py:52}}
Jul 25 00:57:24.008847 np0000186714 devstack@neutron-api.service[101508]: DEBUG neutron_lib.callbacks.manager [None req-859e4ce6-1755-4822-aad9-7680a1b6150c None None] Subscribe: > subnet after_update 55550000, False {{(pid=101508) subscribe /opt/stack/data/venv/lib/python3.12/site-packages/neutron_lib/callbacks/manager.py:52}}
Jul 25 00:57:24.008847 np0000186714 devstack@neutron-api.service[101508]: DEBUG neutron_lib.callbacks.manager [None req-859e4ce6-1755-4822-aad9-7680a1b6150c None None] Subscribe: > subnet after_delete 55550000, False {{(pid=101508) subscribe /opt/stack/data/venv/lib/python3.12/site-packages/neutron_lib/callbacks/manager.py:52}}
Jul 25 00:57:24.008847 np0000186714 devstack@neutron-api.service[101508]: DEBUG neutron_lib.callbacks.manager [None req-859e4ce6-1755-4822-aad9-7680a1b6150c None None] Subscribe: > network after_create 55550000, False {{(pid=101508) subscribe /opt/stack/data/venv/lib/python3.12/site-packages/neutron_lib/callbacks/manager.py:52}}
Jul 25 00:57:24.008995 np0000186714 devstack@neutron-api.service[101508]: DEBUG neutron_lib.callbacks.manager [None req-859e4ce6-1755-4822-aad9-7680a1b6150c None None] Subscribe: > network after_update 55550000, False {{(pid=101508) subscribe /opt/stack/data/venv/lib/python3.12/site-packages/neutron_lib/callbacks/manager.py:52}}
Jul 25 00:57:24.009147 np0000186714 devstack@neutron-api.service[101506]: DEBUG neutron.plugins.ml2.plugin [None req-72c2f594-310a-4a03-8081-4dcc0587dc62 None None] neutron.plugins.ml2.plugin.Ml2Plugin method _start_rpc_notifiers called with arguments () {} {{(pid=101506) wrapper /opt/stack/data/venv/lib/python3.12/site-packages/oslo_log/helpers.py:77}}
Jul 25 00:57:24.009266 np0000186714 devstack@neutron-api.service[101508]: DEBUG neutron_lib.callbacks.manager [None req-859e4ce6-1755-4822-aad9-7680a1b6150c None None] Subscribe: > network after_delete 55550000, False {{(pid=101508) subscribe /opt/stack/data/venv/lib/python3.12/site-packages/neutron_lib/callbacks/manager.py:52}}
Jul 25 00:57:24.009266 np0000186714 devstack@neutron-api.service[101508]: DEBUG neutron_lib.callbacks.manager [None req-859e4ce6-1755-4822-aad9-7680a1b6150c None None] Subscribe: > security_group after_create 55550000, False {{(pid=101508) subscribe /opt/stack/data/venv/lib/python3.12/site-packages/neutron_lib/callbacks/manager.py:52}}
Jul 25 00:57:24.009266 np0000186714 devstack@neutron-api.service[101508]: DEBUG neutron_lib.callbacks.manager [None req-859e4ce6-1755-4822-aad9-7680a1b6150c None None] Subscribe: > security_group after_update 55550000, False {{(pid=101508) subscribe /opt/stack/data/venv/lib/python3.12/site-packages/neutron_lib/callbacks/manager.py:52}}
Jul 25 00:57:24.009532 np0000186714 devstack@neutron-api.service[101506]: DEBUG neutron_lib.callbacks.manager [None req-72c2f594-310a-4a03-8081-4dcc0587dc62 None None] Subscribe: > port after_create 55550000, False {{(pid=101506) subscribe /opt/stack/data/venv/lib/python3.12/site-packages/neutron_lib/callbacks/manager.py:52}}
Jul 25 00:57:24.009595 np0000186714 devstack@neutron-api.service[101508]: DEBUG neutron_lib.callbacks.manager [None req-859e4ce6-1755-4822-aad9-7680a1b6150c None None] Subscribe: > security_group after_delete 55550000, False {{(pid=101508) subscribe /opt/stack/data/venv/lib/python3.12/site-packages/neutron_lib/callbacks/manager.py:52}}
Jul 25 00:57:24.009626 np0000186714 devstack@neutron-api.service[101506]: DEBUG neutron_lib.callbacks.manager [None req-72c2f594-310a-4a03-8081-4dcc0587dc62 None None] Subscribe: > port after_update 55550000, False {{(pid=101506) subscribe /opt/stack/data/venv/lib/python3.12/site-packages/neutron_lib/callbacks/manager.py:52}}
Jul 25 00:57:24.009658 np0000186714 devstack@neutron-api.service[101508]: DEBUG neutron_lib.callbacks.manager [None req-859e4ce6-1755-4822-aad9-7680a1b6150c None None] Subscribe: > security_group_rule after_create 55550000, False {{(pid=101508) subscribe /opt/stack/data/venv/lib/python3.12/site-packages/neutron_lib/callbacks/manager.py:52}}
Jul 25 00:57:24.009684 np0000186714 devstack@neutron-api.service[101506]: DEBUG neutron_lib.callbacks.manager [None req-72c2f594-310a-4a03-8081-4dcc0587dc62 None None] Subscribe: > port after_delete 55550000, False {{(pid=101506) subscribe /opt/stack/data/venv/lib/python3.12/site-packages/neutron_lib/callbacks/manager.py:52}}
Jul 25 00:57:24.009739 np0000186714 devstack@neutron-api.service[101508]: DEBUG neutron_lib.callbacks.manager [None req-859e4ce6-1755-4822-aad9-7680a1b6150c None None] Subscribe: > security_group_rule after_update 55550000, False {{(pid=101508) subscribe /opt/stack/data/venv/lib/python3.12/site-packages/neutron_lib/callbacks/manager.py:52}}
Jul 25 00:57:24.009770 np0000186714 devstack@neutron-api.service[101506]: DEBUG neutron_lib.callbacks.manager [None req-72c2f594-310a-4a03-8081-4dcc0587dc62 None None] Subscribe: > subnet after_create 55550000, False {{(pid=101506) subscribe /opt/stack/data/venv/lib/python3.12/site-packages/neutron_lib/callbacks/manager.py:52}}
