Jul 23 05:39:04.916818 np0000186260 devstack@n-api.service[98600]: DEBUG nova.api.openstack.wsgi [None req-7f0f1bd2-7f05-440f-a440-be80644d5c7f demo demo] Calling method '>' {{(pid=98600) _process_stack /opt/stack/nova/nova/api/openstack/wsgi.py:551}}
Jul 23 05:39:04.945181 np0000186260 devstack@n-api.service[98600]: INFO nova.api.openstack.requestlog [None req-7f0f1bd2-7f05-440f-a440-be80644d5c7f demo demo] 199.204.45.229 "GET /compute/v2.1/flavors/detail?is_public=None" status: 200 len: 5262 microversion: 2.61 time: 0.031286
Jul 23 05:39:04.945442 np0000186260 devstack@n-api.service[98600]: [pid: 98600|app: 0|req: 16/64] 199.204.45.229 () {68 vars in 1424 bytes} [Thu Jul 23 05:39:04 2026] GET /compute/v2.1/flavors/detail?is_public=None => generated 5262 bytes in 32 msecs (HTTP/1.1 200) 9 headers in 360 bytes (1 switches on core 0)
Jul 23 05:39:05.247591 np0000186260 devstack@n-api.service[98597]: DEBUG nova.api.openstack.wsgi [None req-9abc861d-4a50-48a1-a0c4-5f382a001304 admin admin] Calling method '>' {{(pid=98597) _process_stack /opt/stack/nova/nova/api/openstack/wsgi.py:551}}
Jul 23 05:39:05.252517 np0000186260 devstack@n-api.service[98597]: INFO nova.api.openstack.requestlog [None req-9abc861d-4a50-48a1-a0c4-5f382a001304 admin admin] 199.204.45.229 "GET /compute/v2.1" status: 200 len: 393 microversion: 2.1 time: 0.005343
Jul 23 05:39:05.252797 np0000186260 devstack@n-api.service[98597]: [pid: 98597|app: 0|req: 16/65] 199.204.45.229 () {62 vars in 1063 bytes} [Thu Jul 23 05:39:05 2026] GET /compute/v2.1 => generated 393 bytes in 6 msecs (HTTP/1.1 200) 9 headers in 357 bytes (1 switches on core 0)
Jul 23 05:39:05.293930 np0000186260 devstack@n-api.service[98598]: DEBUG nova.api.openstack.wsgi [None req-6a509606-2cf7-4d0a-9bd1-72ad3b6c968a admin admin] Calling method '>' {{(pid=98598) _process_stack /opt/stack/nova/nova/api/openstack/wsgi.py:551}}
Jul 23 05:39:05.298616 np0000186260 devstack@n-api.service[98598]: INFO nova.api.openstack.requestlog [None req-6a509606-2cf7-4d0a-9bd1-72ad3b6c968a admin admin] 199.204.45.229 "GET /compute/v2.1/" status: 200 len: 393 microversion: 2.1 time: 0.005251
Jul 23 05:39:05.298852 np0000186260 devstack@n-api.service[98598]: [pid: 98598|app: 0|req: 17/66] 199.204.45.229 () {62 vars in 1066 bytes} [Thu Jul 23 05:39:05 2026] GET /compute/v2.1/ => generated 393 bytes in 6 msecs (HTTP/1.1 200) 9 headers in 357 bytes (1 switches on core 0)
Jul 23 05:39:05.343172 np0000186260 devstack@n-api.service[98599]: DEBUG nova.api.openstack.wsgi [None req-d69acef6-5b05-4830-b879-7b4b020f7a45 demo demo] Calling method '>' {{(pid=98599) _process_stack /opt/stack/nova/nova/api/openstack/wsgi.py:551}}
Jul 23 05:39:05.366251 np0000186260 devstack@n-api.service[98599]: INFO nova.api.openstack.requestlog [None req-d69acef6-5b05-4830-b879-7b4b020f7a45 demo demo] 199.204.45.229 "GET /compute/v2.1/flavors/detail?is_public=None" status: 200 len: 5262 microversion: 2.61 time: 0.030165
Jul 23 05:39:05.366560 np0000186260 devstack@n-api.service[98599]: [pid: 98599|app: 0|req: 18/67] 199.204.45.229 () {68 vars in 1424 bytes} [Thu Jul 23 05:39:05 2026] GET /compute/v2.1/flavors/detail?is_public=None => generated 5262 bytes in 31 msecs (HTTP/1.1 200) 9 headers in 360 bytes (1 switches on core 0)
Jul 23 05:39:05.420082 np0000186260 devstack@n-api.service[98600]: DEBUG nova.api.openstack.wsgi [None req-71a5750d-1bac-42e9-a321-87499a451ada demo demo] Calling method '>' {{(pid=98600) _process_stack /opt/stack/nova/nova/api/openstack/wsgi.py:551}}
Jul 23 05:39:05.442932 np0000186260 devstack@n-api.service[98600]: INFO nova.api.openstack.requestlog [None req-71a5750d-1bac-42e9-a321-87499a451ada demo demo] 199.204.45.229 "GET /compute/v2.1/flavors/detail?is_public=None" status: 200 len: 5262 microversion: 2.61 time: 0.026209
Jul 23 05:39:05.443183 np0000186260 devstack@n-api.service[98600]: [pid: 98600|app: 0|req: 17/68] 199.204.45.229 () {68 vars in 1424 bytes} [Thu Jul 23 05:39:05 2026] GET /compute/v2.1/flavors/detail?is_public=None => generated 5262 bytes in 27 msecs (HTTP/1.1 200) 9 headers in 360 bytes (1 switches on core 0)
Jul 23 05:39:09.914388 np0000186260 devstack@n-api.service[98597]: DEBUG nova.api.openstack.wsgi [None req-9abc861d-4a50-48a1-a0c4-5f382a001304 admin admin] Calling method '>' {{(pid=98597) _process_stack /opt/stack/nova/nova/api/openstack/wsgi.py:551}}
Jul 23 05:39:09.919808 np0000186260 devstack@n-api.service[98597]: INFO nova.api.openstack.requestlog [None req-9abc861d-4a50-48a1-a0c4-5f382a001304 admin admin] 199.204.45.229 "GET /compute/v2.1" status: 200 len: 393 microversion: 2.1 time: 0.006282
Jul 23 05:39:09.920055 np0000186260 devstack@n-api.service[98597]: [pid: 98597|app: 0|req: 17/69] 199.204.45.229 () {62 vars in 1063 bytes} [Thu Jul 23 05:39:09 2026] GET /compute/v2.1 => generated 393 bytes in 7 msecs (HTTP/1.1 200) 9 headers in 357 bytes (1 switches on core 0)
Jul 23 05:39:09.959747 np0000186260 devstack@n-api.service[98598]: DEBUG nova.api.openstack.wsgi [None req-6a509606-2cf7-4d0a-9bd1-72ad3b6c968a admin admin] Calling method '>' {{(pid=98598) _process_stack /opt/stack/nova/nova/api/openstack/wsgi.py:551}}
Jul 23 05:39:09.965854 np0000186260 devstack@n-api.service[98598]: INFO nova.api.openstack.requestlog [None req-6a509606-2cf7-4d0a-9bd1-72ad3b6c968a admin admin] 199.204.45.229 "GET /compute/v2.1/" status: 200 len: 393 microversion: 2.1 time: 0.006902
Jul 23 05:39:09.966531 np0000186260 devstack@n-api.service[98598]: [pid: 98598|app: 0|req: 18/70] 199.204.45.229 () {62 vars in 1066 bytes} [Thu Jul 23 05:39:09 2026] GET /compute/v2.1/ => generated 393 bytes in 8 msecs (HTTP/1.1 200) 9 headers in 357 bytes (1 switches on core 0)
Jul 23 05:39:10.001618 np0000186260 devstack@n-api.service[98599]: DEBUG nova.api.openstack.wsgi [None req-7a96c834-9d5b-47cd-9c42-785c25271c4d demo demo] Calling method '>' {{(pid=98599) _process_stack /opt/stack/nova/nova/api/openstack/wsgi.py:551}}
Jul 23 05:39:10.022960 np0000186260 devstack@n-api.service[98599]: INFO nova.api.openstack.requestlog [None req-7a96c834-9d5b-47cd-9c42-785c25271c4d demo demo] 199.204.45.229 "GET /compute/v2.1/flavors/detail?is_public=None" status: 200 len: 5262 microversion: 2.61 time: 0.025453
Jul 23 05:39:10.023227 np0000186260 devstack@n-api.service[98599]: [pid: 98599|app: 0|req: 19/71] 199.204.45.229 () {68 vars in 1424 bytes} [Thu Jul 23 05:39:09 2026] GET /compute/v2.1/flavors/detail?is_public=None => generated 5262 bytes in 26 msecs (HTTP/1.1 200) 9 headers in 360 bytes (1 switches on core 0)
Jul 23 05:39:10.074344 np0000186260 devstack@n-api.service[98600]: DEBUG nova.api.openstack.wsgi [None req-45cb8160-652e-46ef-a9ec-d085418023a3 demo demo] Calling method '>' {{(pid=98600) _process_stack /opt/stack/nova/nova/api/openstack/wsgi.py:551}}
Jul 23 05:39:10.094743 np0000186260 devstack@n-api.service[98600]: INFO nova.api.openstack.requestlog [None req-45cb8160-652e-46ef-a9ec-d085418023a3 demo demo] 199.204.45.229 "GET /compute/v2.1/flavors/detail?is_public=None" status: 200 len: 5262 microversion: 2.61 time: 0.023887
Jul 23 05:39:10.095039 np0000186260 devstack@n-api.service[98600]: [pid: 98600|app: 0|req: 18/72] 199.204.45.229 () {68 vars in 1424 bytes} [Thu Jul 23 05:39:10 2026] GET /compute/v2.1/flavors/detail?is_public=None => generated 5262 bytes in 25 msecs (HTTP/1.1 200) 9 headers in 360 bytes (1 switches on core 0)
Jul 23 05:39:10.241209 np0000186260 devstack@n-api.service[98597]: DEBUG nova.api.openstack.wsgi [None req-9abc861d-4a50-48a1-a0c4-5f382a001304 admin admin] Calling method '>' {{(pid=98597) _process_stack /opt/stack/nova/nova/api/openstack/wsgi.py:551}}
Jul 23 05:39:10.247241 np0000186260 devstack@n-api.service[98597]: INFO nova.api.openstack.requestlog [None req-9abc861d-4a50-48a1-a0c4-5f382a001304 admin admin] 199.204.45.229 "GET /compute/v2.1" status: 200 len: 393 microversion: 2.1 time: 0.006347
Jul 23 05:39:10.247648 np0000186260 devstack@n-api.service[98597]: [pid: 98597|app: 0|req: 18/73] 199.204.45.229 () {62 vars in 1063 bytes} [Thu Jul 23 05:39:10 2026] GET /compute/v2.1 => generated 393 bytes in 7 msecs (HTTP/1.1 200) 9 headers in 357 bytes (1 switches on core 0)
Jul 23 05:39:10.285952 np0000186260 devstack@n-api.service[98598]: DEBUG nova.api.openstack.wsgi [None req-6a509606-2cf7-4d0a-9bd1-72ad3b6c968a admin admin] Calling method '>' {{(pid=98598) _process_stack /opt/stack/nova/nova/api/openstack/wsgi.py:551}}
Jul 23 05:39:10.291439 np0000186260 devstack@n-api.service[98598]: INFO nova.api.openstack.requestlog [None req-6a509606-2cf7-4d0a-9bd1-72ad3b6c968a admin admin] 199.204.45.229 "GET /compute/v2.1/" status: 200 len: 393 microversion: 2.1 time: 0.005980
Jul 23 05:39:10.291793 np0000186260 devstack@n-api.service[98598]: [pid: 98598|app: 0|req: 19/74] 199.204.45.229 () {62 vars in 1066 bytes} [Thu Jul 23 05:39:10 2026] GET /compute/v2.1/ => generated 393 bytes in 7 msecs (HTTP/1.1 200) 9 headers in 357 bytes (1 switches on core 0)
Jul 23 05:39:10.331947 np0000186260 devstack@n-api.service[98599]: DEBUG nova.api.openstack.wsgi [None req-f16e5139-7ef4-4bcc-b51b-dd7f6d681035 demo demo] Calling method '>' {{(pid=98599) _process_stack /opt/stack/nova/nova/api/openstack/wsgi.py:551}}
Jul 23 05:39:10.355109 np0000186260 devstack@n-api.service[98599]: INFO nova.api.openstack.requestlog [None req-f16e5139-7ef4-4bcc-b51b-dd7f6d681035 demo demo] 199.204.45.229 "GET /compute/v2.1/flavors/detail?is_public=None" status: 200 len: 5262 microversion: 2.61 time: 0.026997
Jul 23 05:39:10.355552 np0000186260 devstack@n-api.service[98599]: [pid: 98599|app: 0|req: 20/75] 199.204.45.229 () {68 vars in 1424 bytes} [Thu Jul 23 05:39:10 2026] GET /compute/v2.1/flavors/detail?is_public=None => generated 5262 bytes in 28 msecs (HTTP/1.1 200) 9 headers in 360 bytes (1 switches on core 0)
Jul 23 05:39:10.418049 np0000186260 devstack@n-api.service[98600]: DEBUG nova.api.openstack.wsgi [None req-373e3d02-125d-4e75-92e5-c01c18cd94a4 demo demo] Calling method '>' {{(pid=98600) _process_stack /opt/stack/nova/nova/api/openstack/wsgi.py:551}}
Jul 23 05:39:10.445522 np0000186260 devstack@n-api.service[98600]: INFO nova.api.openstack.requestlog [None req-373e3d02-125d-4e75-92e5-c01c18cd94a4 demo demo] 199.204.45.229 "GET /compute/v2.1/flavors/detail?is_public=None" status: 200 len: 5262 microversion: 2.61 time: 0.029347
Jul 23 05:39:10.445522 np0000186260 devstack@n-api.service[98600]: [pid: 98600|app: 0|req: 19/76] 199.204.45.229 () {68 vars in 1424 bytes} [Thu Jul 23 05:39:10 2026] GET /compute/v2.1/flavors/detail?is_public=None => generated 5262 bytes in 30 msecs (HTTP/1.1 200) 9 headers in 360 bytes (1 switches on core 0)
Jul 23 05:39:14.336335 np0000186260 devstack@n-api.service[98597]: DEBUG nova.api.openstack.wsgi [None req-9abc861d-4a50-48a1-a0c4-5f382a001304 admin admin] Calling method '>' {{(pid=98597) _process_stack /opt/stack/nova/nova/api/openstack/wsgi.py:551}}
Jul 23 05:39:14.341181 np0000186260 devstack@n-api.service[98597]: INFO nova.api.openstack.requestlog [None req-9abc861d-4a50-48a1-a0c4-5f382a001304 admin admin] 199.204.45.229 "GET /compute/v2.1" status: 200 len: 393 microversion: 2.1 time: 0.005281
Jul 23 05:39:14.341630 np0000186260 devstack@n-api.service[98597]: [pid: 98597|app: 0|req: 19/77] 199.204.45.229 () {62 vars in 1074 bytes} [Thu Jul 23 05:39:14 2026] GET /compute/v2.1 => generated 393 bytes in 6 msecs (HTTP/1.1 200) 9 headers in 357 bytes (1 switches on core 0)
Jul 23 05:39:14.381700 np0000186260 devstack@n-api.service[98598]: DEBUG nova.api.openstack.wsgi [None req-6a509606-2cf7-4d0a-9bd1-72ad3b6c968a admin admin] Calling method '>' {{(pid=98598) _process_stack /opt/stack/nova/nova/api/openstack/wsgi.py:551}}
Jul 23 05:39:14.385330 np0000186260 devstack@n-api.service[98598]: INFO nova.api.openstack.requestlog [None req-6a509606-2cf7-4d0a-9bd1-72ad3b6c968a admin admin] 199.204.45.229 "GET /compute/v2.1/" status: 200 len: 393 microversion: 2.1 time: 0.003984
Jul 23 05:39:14.385765 np0000186260 devstack@n-api.service[98598]: [pid: 98598|app: 0|req: 20/78] 199.204.45.229 () {62 vars in 1077 bytes} [Thu Jul 23 05:39:14 2026] GET /compute/v2.1/ => generated 393 bytes in 4 msecs (HTTP/1.1 200) 9 headers in 357 bytes (1 switches on core 0)
Jul 23 05:39:14.430332 np0000186260 devstack@n-api.service[98599]: DEBUG nova.api.openstack.wsgi [None req-0b70d23a-1226-4eb7-a416-c1bbcd6c163f demo demo] Calling method '>' {{(pid=98599) _process_stack /opt/stack/nova/nova/api/openstack/wsgi.py:551}}
Jul 23 05:39:14.454052 np0000186260 devstack@n-api.service[98599]: INFO nova.api.openstack.requestlog [None req-0b70d23a-1226-4eb7-a416-c1bbcd6c163f demo demo] 199.204.45.229 "GET /compute/v2.1/os-server-groups" status: 200 len: 21 microversion: 2.64 time: 0.027685
Jul 23 05:39:14.454536 np0000186260 devstack@n-api.service[98599]: [pid: 98599|app: 0|req: 21/79] 199.204.45.229 () {68 vars in 1412 bytes} [Thu Jul 23 05:39:14 2026] GET /compute/v2.1/os-server-groups => generated 21 bytes in 28 msecs (HTTP/1.1 200) 9 headers in 358 bytes (1 switches on core 0)
Jul 23 05:39:14.492400 np0000186260 devstack@n-api.service[98600]: DEBUG nova.api.openstack.wsgi [None req-373e3d02-125d-4e75-92e5-c01c18cd94a4 demo demo] Calling method '>' {{(pid=98600) _process_stack /opt/stack/nova/nova/api/openstack/wsgi.py:551}}
Jul 23 05:39:14.496210 np0000186260 devstack@n-api.service[98600]: INFO nova.api.openstack.requestlog [None req-373e3d02-125d-4e75-92e5-c01c18cd94a4 demo demo] 199.204.45.229 "GET /compute/v2.1" status: 200 len: 393 microversion: 2.1 time: 0.004229
Jul 23 05:39:14.496469 np0000186260 devstack@n-api.service[98600]: [pid: 98600|app: 0|req: 20/80] 199.204.45.229 () {62 vars in 1074 bytes} [Thu Jul 23 05:39:14 2026] GET /compute/v2.1 => generated 393 bytes in 5 msecs (HTTP/1.1 200) 9 headers in 357 bytes (1 switches on core 0)
Jul 23 05:39:14.534375 np0000186260 devstack@n-api.service[98597]: DEBUG nova.api.openstack.wsgi [None req-9abc861d-4a50-48a1-a0c4-5f382a001304 admin admin] Calling method '>' {{(pid=98597) _process_stack /opt/stack/nova/nova/api/openstack/wsgi.py:551}}
Jul 23 05:39:14.541877 np0000186260 devstack@n-api.service[98597]: INFO nova.api.openstack.requestlog [None req-9abc861d-4a50-48a1-a0c4-5f382a001304 admin admin] 199.204.45.229 "GET /compute/v2.1/" status: 200 len: 393 microversion: 2.1 time: 0.008365
Jul 23 05:39:14.542161 np0000186260 devstack@n-api.service[98597]: [pid: 98597|app: 0|req: 20/81] 199.204.45.229 () {62 vars in 1077 bytes} [Thu Jul 23 05:39:14 2026] GET /compute/v2.1/ => generated 393 bytes in 9 msecs (HTTP/1.1 200) 9 headers in 357 bytes (1 switches on core 0)
Jul 23 05:39:14.576000 np0000186260 devstack@n-api.service[98598]: DEBUG nova.api.openstack.wsgi [None req-bf2e67dd-0e62-4348-8f6a-46965b4c7a4f demo demo] Action: 'create', calling method: >, body: {"server_group": {"name": "kube-08jbk", "policy": "soft-anti-affinity"}} {{(pid=98598) _process_stack /opt/stack/nova/nova/api/openstack/wsgi.py:549}}
Jul 23 05:39:14.604066 np0000186260 devstack@n-api.service[98598]: DEBUG nova.quota [None req-bf2e67dd-0e62-4348-8f6a-46965b4c7a4f demo demo] Getting quotas for project 4a0ccdc7aa7947fe92fa67b749104d74. Resources: {'server_groups'} {{(pid=98598) _get_quotas /opt/stack/nova/nova/quota.py:389}}
Jul 23 05:39:14.608546 np0000186260 devstack@n-api.service[98598]: DEBUG nova.quota [None req-bf2e67dd-0e62-4348-8f6a-46965b4c7a4f demo demo] Getting quotas for user 41db5ef85764474a8fd01e8be51ec35b and project 4a0ccdc7aa7947fe92fa67b749104d74. Resources: {'server_groups'} {{(pid=98598) _get_quotas /opt/stack/nova/nova/quota.py:379}}
Jul 23 05:39:14.672068 np0000186260 devstack@n-api.service[98598]: DEBUG nova.quota [None req-bf2e67dd-0e62-4348-8f6a-46965b4c7a4f demo demo] Getting quotas for project 4a0ccdc7aa7947fe92fa67b749104d74. Resources: {'server_groups'} {{(pid=98598) _get_quotas /opt/stack/nova/nova/quota.py:389}}
Jul 23 05:39:14.674815 np0000186260 devstack@n-api.service[98598]: DEBUG nova.quota [None req-bf2e67dd-0e62-4348-8f6a-46965b4c7a4f demo demo] Getting quotas for user 41db5ef85764474a8fd01e8be51ec35b and project 4a0ccdc7aa7947fe92fa67b749104d74. Resources: {'server_groups'} {{(pid=98598) _get_quotas /opt/stack/nova/nova/quota.py:379}}
Jul 23 05:39:14.683912 np0000186260 devstack@n-api.service[98598]: INFO nova.api.openstack.requestlog [None req-bf2e67dd-0e62-4348-8f6a-46965b4c7a4f demo demo] 199.204.45.229 "POST /compute/v2.1/os-server-groups" status: 200 len: 243 microversion: 2.64 time: 0.110850
Jul 23 05:39:14.684229 np0000186260 devstack@n-api.service[98598]: [pid: 98598|app: 0|req: 21/82] 199.204.45.229 () {72 vars in 1452 bytes} [Thu Jul 23 05:39:14 2026] POST /compute/v2.1/os-server-groups => generated 243 bytes in 111 msecs (HTTP/1.1 200) 9 headers in 359 bytes (1 switches on core 0)
Jul 23 05:39:14.740355 np0000186260 devstack@n-api.service[98599]: DEBUG nova.api.openstack.wsgi [None req-0b70d23a-1226-4eb7-a416-c1bbcd6c163f demo demo] Calling method '>' {{(pid=98599) _process_stack /opt/stack/nova/nova/api/openstack/wsgi.py:551}}
Jul 23 05:39:14.745551 np0000186260 devstack@n-api.service[98599]: INFO nova.api.openstack.requestlog [None req-0b70d23a-1226-4eb7-a416-c1bbcd6c163f demo demo] 199.204.45.229 "GET /compute/v2.1" status: 200 len: 393 microversion: 2.1 time: 0.006844
Jul 23 05:39:14.746571 np0000186260 devstack@n-api.service[98599]: [pid: 98599|app: 0|req: 22/83] 199.204.45.229 () {62 vars in 1074 bytes} [Thu Jul 23 05:39:14 2026] GET /compute/v2.1 => generated 393 bytes in 8 msecs (HTTP/1.1 200) 9 headers in 357 bytes (1 switches on core 0)
Jul 23 05:39:14.784530 np0000186260 devstack@n-api.service[98600]: DEBUG nova.api.openstack.wsgi [None req-373e3d02-125d-4e75-92e5-c01c18cd94a4 demo demo] Calling method '>' {{(pid=98600) _process_stack /opt/stack/nova/nova/api/openstack/wsgi.py:551}}
Jul 23 05:39:14.790354 np0000186260 devstack@n-api.service[98600]: INFO nova.api.openstack.requestlog [None req-373e3d02-125d-4e75-92e5-c01c18cd94a4 demo demo] 199.204.45.229 "GET /compute/v2.1/" status: 200 len: 393 microversion: 2.1 time: 0.006208
Jul 23 05:39:14.790731 np0000186260 devstack@n-api.service[98600]: [pid: 98600|app: 0|req: 21/84] 199.204.45.229 () {62 vars in 1077 bytes} [Thu Jul 23 05:39:14 2026] GET /compute/v2.1/ => generated 393 bytes in 7 msecs (HTTP/1.1 200) 9 headers in 357 bytes (1 switches on core 0)
Jul 23 05:39:14.835640 np0000186260 devstack@n-api.service[98597]: DEBUG nova.api.openstack.wsgi [None req-86bfe8eb-f6b3-47d6-a002-ee2274641b49 demo demo] Calling method '>' {{(pid=98597) _process_stack /opt/stack/nova/nova/api/openstack/wsgi.py:551}}
Jul 23 05:39:14.860412 np0000186260 devstack@n-api.service[98597]: INFO nova.api.openstack.requestlog [None req-86bfe8eb-f6b3-47d6-a002-ee2274641b49 demo demo] 199.204.45.229 "GET /compute/v2.1/os-server-groups" status: 200 len: 246 microversion: 2.64 time: 0.029352
Jul 23 05:39:14.860580 np0000186260 devstack@n-api.service[98597]: [pid: 98597|app: 0|req: 21/85] 199.204.45.229 () {68 vars in 1412 bytes} [Thu Jul 23 05:39:14 2026] GET /compute/v2.1/os-server-groups => generated 246 bytes in 30 msecs (HTTP/1.1 200) 9 headers in 359 bytes (1 switches on core 0)
Jul 23 05:39:14.901691 np0000186260 devstack@n-api.service[98598]: DEBUG nova.api.openstack.wsgi [None req-bf2e67dd-0e62-4348-8f6a-46965b4c7a4f demo demo] Calling method '>' {{(pid=98598) _process_stack /opt/stack/nova/nova/api/openstack/wsgi.py:551}}
Jul 23 05:39:14.906337 np0000186260 devstack@n-api.service[98598]: INFO nova.api.openstack.requestlog [None req-bf2e67dd-0e62-4348-8f6a-46965b4c7a4f demo demo] 199.204.45.229 "GET /compute/v2.1" status: 200 len: 393 microversion: 2.1 time: 0.004807
Jul 23 05:39:14.907264 np0000186260 devstack@n-api.service[98598]: [pid: 98598|app: 0|req: 22/86] 199.204.45.229 () {62 vars in 1074 bytes} [Thu Jul 23 05:39:14 2026] GET /compute/v2.1 => generated 393 bytes in 6 msecs (HTTP/1.1 200) 9 headers in 357 bytes (1 switches on core 0)
Jul 23 05:39:14.947354 np0000186260 devstack@n-api.service[98599]: DEBUG nova.api.openstack.wsgi [None req-0b70d23a-1226-4eb7-a416-c1bbcd6c163f demo demo] Calling method '>' {{(pid=98599) _process_stack /opt/stack/nova/nova/api/openstack/wsgi.py:551}}
Jul 23 05:39:14.952202 np0000186260 devstack@n-api.service[98599]: INFO nova.api.openstack.requestlog [None req-0b70d23a-1226-4eb7-a416-c1bbcd6c163f demo demo] 199.204.45.229 "GET /compute/v2.1/" status: 200 len: 393 microversion: 2.1 time: 0.007589
Jul 23 05:39:14.952918 np0000186260 devstack@n-api.service[98599]: [pid: 98599|app: 0|req: 23/87] 199.204.45.229 () {62 vars in 1077 bytes} [Thu Jul 23 05:39:14 2026] GET /compute/v2.1/ => generated 393 bytes in 9 msecs (HTTP/1.1 200) 9 headers in 357 bytes (1 switches on core 0)
Jul 23 05:39:14.992765 np0000186260 devstack@n-api.service[98600]: DEBUG nova.api.openstack.wsgi [None req-f2ef0da3-2022-4497-a441-93613d9176dc demo demo] Action: 'create', calling method: >, body: {"server_group": {"name": "kube-08jbk-default-worker", "policy": "soft-anti-affinity"}} {{(pid=98600) _process_stack /opt/stack/nova/nova/api/openstack/wsgi.py:549}}
Jul 23 05:39:15.017129 np0000186260 devstack@n-api.service[98600]: DEBUG nova.quota [None req-f2ef0da3-2022-4497-a441-93613d9176dc demo demo] Getting quotas for project 4a0ccdc7aa7947fe92fa67b749104d74. Resources: {'server_groups'} {{(pid=98600) _get_quotas /opt/stack/nova/nova/quota.py:389}}
Jul 23 05:39:15.021109 np0000186260 devstack@n-api.service[98600]: DEBUG nova.quota [None req-f2ef0da3-2022-4497-a441-93613d9176dc demo demo] Getting quotas for user 41db5ef85764474a8fd01e8be51ec35b and project 4a0ccdc7aa7947fe92fa67b749104d74. Resources: {'server_groups'} {{(pid=98600) _get_quotas /opt/stack/nova/nova/quota.py:379}}
Jul 23 05:39:15.073909 np0000186260 devstack@n-api.service[98600]: DEBUG nova.quota [None req-f2ef0da3-2022-4497-a441-93613d9176dc demo demo] Getting quotas for project 4a0ccdc7aa7947fe92fa67b749104d74. Resources: {'server_groups'} {{(pid=98600) _get_quotas /opt/stack/nova/nova/quota.py:389}}
Jul 23 05:39:15.075947 np0000186260 devstack@n-api.service[98600]: DEBUG nova.quota [None req-f2ef0da3-2022-4497-a441-93613d9176dc demo demo] Getting quotas for user 41db5ef85764474a8fd01e8be51ec35b and project 4a0ccdc7aa7947fe92fa67b749104d74. Resources: {'server_groups'} {{(pid=98600) _get_quotas /opt/stack/nova/nova/quota.py:379}}
Jul 23 05:39:15.083534 np0000186260 devstack@n-api.service[98600]: INFO nova.api.openstack.requestlog [None req-f2ef0da3-2022-4497-a441-93613d9176dc demo demo] 199.204.45.229 "POST /compute/v2.1/os-server-groups" status: 200 len: 258 microversion: 2.64 time: 0.094373
Jul 23 05:39:15.083898 np0000186260 devstack@n-api.service[98600]: [pid: 98600|app: 0|req: 22/88] 199.204.45.229 () {72 vars in 1452 bytes} [Thu Jul 23 05:39:14 2026] POST /compute/v2.1/os-server-groups => generated 258 bytes in 95 msecs (HTTP/1.1 200) 9 headers in 359 bytes (1 switches on core 0)
Jul 23 05:39:18.289772 np0000186260 devstack@n-api.service[98597]: DEBUG nova.api.openstack.wsgi [None req-86bfe8eb-f6b3-47d6-a002-ee2274641b49 demo demo] Calling method '>' {{(pid=98597) _process_stack /opt/stack/nova/nova/api/openstack/wsgi.py:551}}
Jul 23 05:39:18.293124 np0000186260 devstack@n-api.service[98597]: INFO nova.api.openstack.requestlog [None req-86bfe8eb-f6b3-47d6-a002-ee2274641b49 demo demo] 199.204.45.229 "GET /compute/v2.1" status: 200 len: 393 microversion: 2.1 time: 0.003602
Jul 23 05:39:18.293376 np0000186260 devstack@n-api.service[98597]: [pid: 98597|app: 0|req: 22/89] 199.204.45.229 () {62 vars in 1074 bytes} [Thu Jul 23 05:39:18 2026] GET /compute/v2.1 => generated 393 bytes in 4 msecs (HTTP/1.1 200) 9 headers in 357 bytes (1 switches on core 0)
Jul 23 05:39:18.328210 np0000186260 devstack@n-api.service[98598]: DEBUG nova.api.openstack.wsgi [None req-bf2e67dd-0e62-4348-8f6a-46965b4c7a4f demo demo] Calling method '>' {{(pid=98598) _process_stack /opt/stack/nova/nova/api/openstack/wsgi.py:551}}
Jul 23 05:39:18.333812 np0000186260 devstack@n-api.service[98598]: INFO nova.api.openstack.requestlog [None req-bf2e67dd-0e62-4348-8f6a-46965b4c7a4f demo demo] 199.204.45.229 "GET /compute/v2.1/" status: 200 len: 393 microversion: 2.1 time: 0.006107
Jul 23 05:39:18.334083 np0000186260 devstack@n-api.service[98598]: [pid: 98598|app: 0|req: 23/90] 199.204.45.229 () {62 vars in 1077 bytes} [Thu Jul 23 05:39:18 2026] GET /compute/v2.1/ => generated 393 bytes in 7 msecs (HTTP/1.1 200) 9 headers in 357 bytes (1 switches on core 0)
Jul 23 05:39:18.372473 np0000186260 devstack@n-api.service[98599]: DEBUG nova.api.openstack.wsgi [None req-f3769077-5485-4227-91ad-6c0825261e78 demo demo] Calling method '>' {{(pid=98599) _process_stack /opt/stack/nova/nova/api/openstack/wsgi.py:551}}
Jul 23 05:39:18.397365 np0000186260 devstack@n-api.service[98599]: INFO nova.api.openstack.requestlog [None req-f3769077-5485-4227-91ad-6c0825261e78 demo demo] 199.204.45.229 "GET /compute/v2.1/flavors/detail?is_public=None" status: 200 len: 5262 microversion: 2.61 time: 0.026900
Jul 23 05:39:18.397781 np0000186260 devstack@n-api.service[98599]: [pid: 98599|app: 0|req: 24/91] 199.204.45.229 () {68 vars in 1435 bytes} [Thu Jul 23 05:39:18 2026] GET /compute/v2.1/flavors/detail?is_public=None => generated 5262 bytes in 28 msecs (HTTP/1.1 200) 9 headers in 360 bytes (1 switches on core 0)
Jul 23 05:39:18.448397 np0000186260 devstack@n-api.service[98600]: DEBUG nova.api.openstack.wsgi [None req-3b3e77d5-484e-4150-865c-6c93acffa010 demo demo] Calling method '>' {{(pid=98600) _process_stack /opt/stack/nova/nova/api/openstack/wsgi.py:551}}
Jul 23 05:39:18.476428 np0000186260 devstack@n-api.service[98600]: INFO nova.api.openstack.requestlog [None req-3b3e77d5-484e-4150-865c-6c93acffa010 demo demo] 199.204.45.229 "GET /compute/v2.1/flavors/detail?is_public=None" status: 200 len: 5262 microversion: 2.61 time: 0.031698
Jul 23 05:39:18.476724 np0000186260 devstack@n-api.service[98600]: [pid: 98600|app: 0|req: 23/92] 199.204.45.229 () {68 vars in 1435 bytes} [Thu Jul 23 05:39:18 2026] GET /compute/v2.1/flavors/detail?is_public=None => generated 5262 bytes in 33 msecs (HTTP/1.1 200) 9 headers in 360 bytes (1 switches on core 0)
Jul 23 05:39:18.633393 np0000186260 devstack@n-api.service[98597]: DEBUG nova.api.openstack.wsgi [None req-86bfe8eb-f6b3-47d6-a002-ee2274641b49 demo demo] Calling method '>' {{(pid=98597) _process_stack /opt/stack/nova/nova/api/openstack/wsgi.py:551}}
Jul 23 05:39:18.633949 np0000186260 devstack@n-api.service[98597]: INFO nova.api.openstack.requestlog [None req-86bfe8eb-f6b3-47d6-a002-ee2274641b49 demo demo] 199.204.45.229 "GET /compute/v2.1" status: 200 len: 393 microversion: 2.1 time: 0.003315
Jul 23 05:39:18.634236 np0000186260 devstack@n-api.service[98597]: [pid: 98597|app: 0|req: 23/93] 199.204.45.229 () {62 vars in 1074 bytes} [Thu Jul 23 05:39:18 2026] GET /compute/v2.1 => generated 393 bytes in 4 msecs (HTTP/1.1 200) 9 headers in 357 bytes (1 switches on core 0)
Jul 23 05:39:18.665793 np0000186260 devstack@n-api.service[98598]: DEBUG nova.api.openstack.wsgi [None req-bf2e67dd-0e62-4348-8f6a-46965b4c7a4f demo demo] Calling method '>' {{(pid=98598) _process_stack /opt/stack/nova/nova/api/openstack/wsgi.py:551}}
Jul 23 05:39:18.671548 np0000186260 devstack@n-api.service[98598]: INFO nova.api.openstack.requestlog [None req-bf2e67dd-0e62-4348-8f6a-46965b4c7a4f demo demo] 199.204.45.229 "GET /compute/v2.1/" status: 200 len: 393 microversion: 2.1 time: 0.006275
Jul 23 05:39:18.671796 np0000186260 devstack@n-api.service[98598]: [pid: 98598|app: 0|req: 24/94] 199.204.45.229 () {62 vars in 1077 bytes} [Thu Jul 23 05:39:18 2026] GET /compute/v2.1/ => generated 393 bytes in 7 msecs (HTTP/1.1 200) 9 headers in 357 bytes (1 switches on core 0)
Jul 23 05:39:18.704763 np0000186260 devstack@n-api.service[98599]: DEBUG nova.api.openstack.wsgi [None req-fc79a84b-cee6-426a-a745-47b1fe3d2e57 demo demo] Calling method '>' {{(pid=98599) _process_stack /opt/stack/nova/nova/api/openstack/wsgi.py:551}}
Jul 23 05:39:18.727426 np0000186260 devstack@n-api.service[98599]: INFO nova.api.openstack.requestlog [None req-fc79a84b-cee6-426a-a745-47b1fe3d2e57 demo demo] 199.204.45.229 "GET /compute/v2.1/flavors/detail?is_public=None" status: 200 len: 5262 microversion: 2.61 time: 0.026762
Jul 23 05:39:18.727696 np0000186260 devstack@n-api.service[98599]: [pid: 98599|app: 0|req: 25/95] 199.204.45.229 () {68 vars in 1435 bytes} [Thu Jul 23 05:39:18 2026] GET /compute/v2.1/flavors/detail?is_public=None => generated 5262 bytes in 28 msecs (HTTP/1.1 200) 9 headers in 360 bytes (1 switches on core 0)
Jul 23 05:39:24.682397 np0000186260 devstack@n-api.service[98598]: DEBUG dbcounter [-] [98598] Writing DB stats nova_cell0:SELECT=4 {{(pid=98598) stat_writer /opt/stack/data/venv/lib/python3.12/site-packages/dbcounter.py:115}}
Jul 23 05:39:24.682397 np0000186260 devstack@n-api.service[98598]: DEBUG dbcounter [-] [98598] Writing DB stats nova_api:SELECT=14,nova_api:INSERT=2 {{(pid=98598) stat_writer /opt/stack/data/venv/lib/python3.12/site-packages/dbcounter.py:115}}
Jul 23 05:39:24.856172 np0000186260 devstack@n-api.service[98597]: DEBUG dbcounter [-] [98597] Writing DB stats nova_api:SELECT=2 {{(pid=98597) stat_writer /opt/stack/data/venv/lib/python3.12/site-packages/dbcounter.py:115}}
Jul 23 05:39:25.079461 np0000186260 devstack@n-api.service[98600]: DEBUG dbcounter [-] [98600] Writing DB stats nova_cell0:SELECT=4 {{(pid=98600) stat_writer /opt/stack/data/venv/lib/python3.12/site-packages/dbcounter.py:115}}
Jul 23 05:39:28.457105 np0000186260 devstack@n-api.service[98600]: DEBUG dbcounter [-] [98600] Writing DB stats nova_api:SELECT=19,nova_api:INSERT=2 {{(pid=98600) stat_writer /opt/stack/data/venv/lib/python3.12/site-packages/dbcounter.py:115}}
Jul 23 05:39:28.712467 np0000186260 devstack@n-api.service[98599]: DEBUG dbcounter [-] [98599] Writing DB stats nova_api:SELECT=8 {{(pid=98599) stat_writer /opt/stack/data/venv/lib/python3.12/site-packages/dbcounter.py:115}}
Jul 23 05:39:40.740335 np0000186260 devstack@n-api.service[98600]: DEBUG nova.api.openstack.wsgi [None req-3b3e77d5-484e-4150-865c-6c93acffa010 demo demo] Calling method '>' {{(pid=98600) _process_stack /opt/stack/nova/nova/api/openstack/wsgi.py:551}}
Jul 23 05:39:40.745487 np0000186260 devstack@n-api.service[98600]: INFO nova.api.openstack.requestlog [None req-3b3e77d5-484e-4150-865c-6c93acffa010 demo demo] 172.18.0.2 "GET /compute/v2.1/" status: 200 len: 393 microversion: 2.1 time: 0.005622
Jul 23 05:39:40.745730 np0000186260 devstack@n-api.service[98600]: [pid: 98600|app: 0|req: 24/96] 199.204.45.229 () {64 vars in 1272 bytes} [Thu Jul 23 05:39:40 2026] GET /compute/v2.1/ => generated 393 bytes in 6 msecs (HTTP/1.1 200) 9 headers in 357 bytes (1 switches on core 0)
Jul 23 05:39:40.754549 np0000186260 devstack@n-api.service[98597]: DEBUG nova.api.openstack.wsgi [None req-8974152f-551e-40a0-b422-fb807e3c7676 demo demo] Calling method '>' {{(pid=98597) _process_stack /opt/stack/nova/nova/api/openstack/wsgi.py:551}}
Jul 23 05:39:40.759660 np0000186260 devstack@n-api.service[98597]: DEBUG oslo_concurrency.lockutils [None req-8974152f-551e-40a0-b422-fb807e3c7676 demo demo] Acquiring lock "00000000-0000-0000-0000-000000000000" by "nova.context.set_target_cell..get_or_set_cached_cell_and_set_connections" {{(pid=98597) inner /opt/stack/data/venv/lib/python3.12/site-packages/oslo_concurrency/lockutils.py:512}}
Jul 23 05:39:40.759957 np0000186260 devstack@n-api.service[98597]: DEBUG oslo_concurrency.lockutils [None req-8974152f-551e-40a0-b422-fb807e3c7676 demo demo] Lock "00000000-0000-0000-0000-000000000000" acquired by "nova.context.set_target_cell..get_or_set_cached_cell_and_set_connections" :: waited 0.000s {{(pid=98597) inner /opt/stack/data/venv/lib/python3.12/site-packages/oslo_concurrency/lockutils.py:525}}
Jul 23 05:39:40.760188 np0000186260 devstack@n-api.service[98597]: DEBUG oslo_concurrency.lockutils [None req-8974152f-551e-40a0-b422-fb807e3c7676 demo demo] Lock "00000000-0000-0000-0000-000000000000" "released" by "nova.context.set_target_cell..get_or_set_cached_cell_and_set_connections" :: held 0.000s {{(pid=98597) inner /opt/stack/data/venv/lib/python3.12/site-packages/oslo_concurrency/lockutils.py:544}}
Jul 23 05:39:40.761172 np0000186260 devstack@n-api.service[98597]: DEBUG oslo_concurrency.lockutils [None req-8974152f-551e-40a0-b422-fb807e3c7676 demo demo] Acquiring lock "2b3c1241-99c8-4586-b404-b75b1f694e54" by "nova.context.set_target_cell..get_or_set_cached_cell_and_set_connections" {{(pid=98597) inner /opt/stack/data/venv/lib/python3.12/site-packages/oslo_concurrency/lockutils.py:512}}
Jul 23 05:39:40.761328 np0000186260 devstack@n-api.service[98597]: DEBUG oslo_concurrency.lockutils [None req-8974152f-551e-40a0-b422-fb807e3c7676 demo demo] Lock "2b3c1241-99c8-4586-b404-b75b1f694e54" acquired by "nova.context.set_target_cell..get_or_set_cached_cell_and_set_connections" :: waited 0.000s {{(pid=98597) inner /opt/stack/data/venv/lib/python3.12/site-packages/oslo_concurrency/lockutils.py:525}}
Jul 23 05:39:40.761457 np0000186260 devstack@n-api.service[98597]: DEBUG oslo_concurrency.lockutils [None req-8974152f-551e-40a0-b422-fb807e3c7676 demo demo] Lock "2b3c1241-99c8-4586-b404-b75b1f694e54" "released" by "nova.context.set_target_cell..get_or_set_cached_cell_and_set_connections" :: held 0.000s {{(pid=98597) inner /opt/stack/data/venv/lib/python3.12/site-packages/oslo_concurrency/lockutils.py:544}}
Jul 23 05:39:40.826269 np0000186260 devstack@n-api.service[98597]: INFO nova.api.openstack.requestlog [None req-8974152f-551e-40a0-b422-fb807e3c7676 demo demo] 172.18.0.2 "GET /compute/v2.1/os-availability-zone" status: 200 len: 97 microversion: 2.38 time: 0.074538
Jul 23 05:39:40.826931 np0000186260 devstack@n-api.service[98597]: [pid: 98597|app: 0|req: 24/97] 199.204.45.229 () {68 vars in 1415 bytes} [Thu Jul 23 05:39:40 2026] GET /compute/v2.1/os-availability-zone => generated 97 bytes in 76 msecs (HTTP/1.1 200) 9 headers in 358 bytes (1 switches on core 0)
Jul 23 05:39:41.845128 np0000186260 devstack@n-api.service[98598]: DEBUG nova.api.openstack.wsgi [None req-bf2e67dd-0e62-4348-8f6a-46965b4c7a4f demo demo] Calling method '>' {{(pid=98598) _process_stack /opt/stack/nova/nova/api/openstack/wsgi.py:551}}
Jul 23 05:39:41.850552 np0000186260 devstack@n-api.service[98598]: INFO nova.api.openstack.requestlog [None req-bf2e67dd-0e62-4348-8f6a-46965b4c7a4f demo demo] 172.18.0.2 "GET /compute/v2.1/" status: 200 len: 393 microversion: 2.1 time: 0.006034
Jul 23 05:39:41.850791 np0000186260 devstack@n-api.service[98598]: [pid: 98598|app: 0|req: 25/98] 199.204.45.229 () {64 vars in 1272 bytes} [Thu Jul 23 05:39:41 2026] GET /compute/v2.1/ => generated 393 bytes in 7 msecs (HTTP/1.1 200) 9 headers in 357 bytes (1 switches on core 0)
Jul 23 05:39:41.868297 np0000186260 devstack@n-api.service[98599]: DEBUG nova.api.openstack.wsgi [None req-a273c7d8-f412-4d0a-92fe-ad9d2f136abc demo demo] Calling method '>' {{(pid=98599) _process_stack /opt/stack/nova/nova/api/openstack/wsgi.py:551}}
Jul 23 05:39:41.870101 np0000186260 devstack@n-api.service[98599]: DEBUG oslo_concurrency.lockutils [None req-a273c7d8-f412-4d0a-92fe-ad9d2f136abc demo demo] Acquiring lock "00000000-0000-0000-0000-000000000000" by "nova.context.set_target_cell..get_or_set_cached_cell_and_set_connections" {{(pid=98599) inner /opt/stack/data/venv/lib/python3.12/site-packages/oslo_concurrency/lockutils.py:512}}
Jul 23 05:39:41.870265 np0000186260 devstack@n-api.service[98599]: DEBUG oslo_concurrency.lockutils [None req-a273c7d8-f412-4d0a-92fe-ad9d2f136abc demo demo] Lock "00000000-0000-0000-0000-000000000000" acquired by "nova.context.set_target_cell..get_or_set_cached_cell_and_set_connections" :: waited 0.000s {{(pid=98599) inner /opt/stack/data/venv/lib/python3.12/site-packages/oslo_concurrency/lockutils.py:525}}
Jul 23 05:39:41.870409 np0000186260 devstack@n-api.service[98599]: DEBUG oslo_concurrency.lockutils [None req-a273c7d8-f412-4d0a-92fe-ad9d2f136abc demo demo] Lock "00000000-0000-0000-0000-000000000000" "released" by "nova.context.set_target_cell..get_or_set_cached_cell_and_set_connections" :: held 0.000s {{(pid=98599) inner /opt/stack/data/venv/lib/python3.12/site-packages/oslo_concurrency/lockutils.py:544}}
Jul 23 05:39:41.874628 np0000186260 devstack@n-api.service[98599]: DEBUG oslo_concurrency.lockutils [None req-a273c7d8-f412-4d0a-92fe-ad9d2f136abc demo demo] Acquiring lock "2b3c1241-99c8-4586-b404-b75b1f694e54" by "nova.context.set_target_cell..get_or_set_cached_cell_and_set_connections" {{(pid=98599) inner /opt/stack/data/venv/lib/python3.12/site-packages/oslo_concurrency/lockutils.py:512}}
Jul 23 05:39:41.874794 np0000186260 devstack@n-api.service[98599]: DEBUG oslo_concurrency.lockutils [None req-a273c7d8-f412-4d0a-92fe-ad9d2f136abc demo demo] Lock "2b3c1241-99c8-4586-b404-b75b1f694e54" acquired by "nova.context.set_target_cell..get_or_set_cached_cell_and_set_connections" :: waited 0.000s {{(pid=98599) inner /opt/stack/data/venv/lib/python3.12/site-packages/oslo_concurrency/lockutils.py:525}}
Jul 23 05:39:41.874895 np0000186260 devstack@n-api.service[98599]: DEBUG oslo_concurrency.lockutils [None req-a273c7d8-f412-4d0a-92fe-ad9d2f136abc demo demo] Lock "2b3c1241-99c8-4586-b404-b75b1f694e54" "released" by "nova.context.set_target_cell..get_or_set_cached_cell_and_set_connections" :: held 0.000s {{(pid=98599) inner /opt/stack/data/venv/lib/python3.12/site-packages/oslo_concurrency/lockutils.py:544}}
Jul 23 05:39:41.950865 np0000186260 devstack@n-api.service[98599]: INFO nova.api.openstack.requestlog [None req-a273c7d8-f412-4d0a-92fe-ad9d2f136abc demo demo] 172.18.0.2 "GET /compute/v2.1/os-availability-zone" status: 200 len: 97 microversion: 2.38 time: 0.091872
Jul 23 05:39:41.951284 np0000186260 devstack@n-api.service[98599]: [pid: 98599|app: 0|req: 26/99] 199.204.45.229 () {68 vars in 1415 bytes} [Thu Jul 23 05:39:41 2026] GET /compute/v2.1/os-availability-zone => generated 97 bytes in 93 msecs (HTTP/1.1 200) 9 headers in 358 bytes (1 switches on core 0)
Jul 23 05:39:42.642941 np0000186260 devstack@n-api.service[98600]: DEBUG nova.api.openstack.wsgi [None req-3b3e77d5-484e-4150-865c-6c93acffa010 demo demo] Calling method '>' {{(pid=98600) _process_stack /opt/stack/nova/nova/api/openstack/wsgi.py:551}}
Jul 23 05:39:42.647156 np0000186260 devstack@n-api.service[98600]: INFO nova.api.openstack.requestlog [None req-3b3e77d5-484e-4150-865c-6c93acffa010 demo demo] 172.18.0.2 "GET /compute/v2.1/" status: 200 len: 393 microversion: 2.1 time: 0.004520
Jul 23 05:39:42.647406 np0000186260 devstack@n-api.service[98600]: [pid: 98600|app: 0|req: 25/100] 199.204.45.229 () {64 vars in 1272 bytes} [Thu Jul 23 05:39:42 2026] GET /compute/v2.1/ => generated 393 bytes in 5 msecs (HTTP/1.1 200) 9 headers in 357 bytes (1 switches on core 0)
Jul 23 05:39:42.657702 np0000186260 devstack@n-api.service[98597]: DEBUG nova.api.openstack.wsgi [None req-4977e8b0-b4f9-48c2-8ddd-9e45b124bd82 demo demo] Calling method '>' {{(pid=98597) _process_stack /opt/stack/nova/nova/api/openstack/wsgi.py:551}}
Jul 23 05:39:42.661284 np0000186260 devstack@n-api.service[98597]: DEBUG oslo_concurrency.lockutils [None req-4977e8b0-b4f9-48c2-8ddd-9e45b124bd82 demo demo] Acquiring lock "00000000-0000-0000-0000-000000000000" by "nova.context.set_target_cell..get_or_set_cached_cell_and_set_connections" {{(pid=98597) inner /opt/stack/data/venv/lib/python3.12/site-packages/oslo_concurrency/lockutils.py:512}}
Jul 23 05:39:42.661935 np0000186260 devstack@n-api.service[98597]: DEBUG oslo_concurrency.lockutils [None req-4977e8b0-b4f9-48c2-8ddd-9e45b124bd82 demo demo] Lock "00000000-0000-0000-0000-000000000000" acquired by "nova.context.set_target_cell..get_or_set_cached_cell_and_set_connections" :: waited 0.001s {{(pid=98597) inner /opt/stack/data/venv/lib/python3.12/site-packages/oslo_concurrency/lockutils.py:525}}
Jul 23 05:39:42.662074 np0000186260 devstack@n-api.service[98597]: DEBUG oslo_concurrency.lockutils [None req-4977e8b0-b4f9-48c2-8ddd-9e45b124bd82 demo demo] Lock "00000000-0000-0000-0000-000000000000" "released" by "nova.context.set_target_cell..get_or_set_cached_cell_and_set_connections" :: held 0.000s {{(pid=98597) inner /opt/stack/data/venv/lib/python3.12/site-packages/oslo_concurrency/lockutils.py:544}}
Jul 23 05:39:42.662907 np0000186260 devstack@n-api.service[98597]: DEBUG oslo_concurrency.lockutils [None req-4977e8b0-b4f9-48c2-8ddd-9e45b124bd82 demo demo] Acquiring lock "2b3c1241-99c8-4586-b404-b75b1f694e54" by "nova.context.set_target_cell..get_or_set_cached_cell_and_set_connections" {{(pid=98597) inner /opt/stack/data/venv/lib/python3.12/site-packages/oslo_concurrency/lockutils.py:512}}
Jul 23 05:39:42.663069 np0000186260 devstack@n-api.service[98597]: DEBUG oslo_concurrency.lockutils [None req-4977e8b0-b4f9-48c2-8ddd-9e45b124bd82 demo demo] Lock "2b3c1241-99c8-4586-b404-b75b1f694e54" acquired by "nova.context.set_target_cell..get_or_set_cached_cell_and_set_connections" :: waited 0.000s {{(pid=98597) inner /opt/stack/data/venv/lib/python3.12/site-packages/oslo_concurrency/lockutils.py:525}}
Jul 23 05:39:42.663222 np0000186260 devstack@n-api.service[98597]: DEBUG oslo_concurrency.lockutils [None req-4977e8b0-b4f9-48c2-8ddd-9e45b124bd82 demo demo] Lock "2b3c1241-99c8-4586-b404-b75b1f694e54" "released" by "nova.context.set_target_cell..get_or_set_cached_cell_and_set_connections" :: held 0.000s {{(pid=98597) inner /opt/stack/data/venv/lib/python3.12/site-packages/oslo_concurrency/lockutils.py:544}}
Jul 23 05:39:42.683038 np0000186260 devstack@n-api.service[98597]: INFO nova.api.openstack.requestlog [None req-4977e8b0-b4f9-48c2-8ddd-9e45b124bd82 demo demo] 172.18.0.2 "GET /compute/v2.1/os-availability-zone" status: 200 len: 97 microversion: 2.38 time: 0.028304
Jul 23 05:39:42.684200 np0000186260 devstack@n-api.service[98597]: [pid: 98597|app: 0|req: 25/101] 199.204.45.229 () {68 vars in 1415 bytes} [Thu Jul 23 05:39:42 2026] GET /compute/v2.1/os-availability-zone => generated 97 bytes in 30 msecs (HTTP/1.1 200) 9 headers in 358 bytes (1 switches on core 0)
Jul 23 05:39:43.283612 np0000186260 devstack@n-api.service[98598]: DEBUG nova.api.openstack.wsgi [None req-bf2e67dd-0e62-4348-8f6a-46965b4c7a4f demo demo] Calling method '>' {{(pid=98598) _process_stack /opt/stack/nova/nova/api/openstack/wsgi.py:551}}
Jul 23 05:39:43.290177 np0000186260 devstack@n-api.service[98598]: INFO nova.api.openstack.requestlog [None req-bf2e67dd-0e62-4348-8f6a-46965b4c7a4f demo demo] 172.18.0.2 "GET /compute/v2.1/" status: 200 len: 393 microversion: 2.1 time: 0.006989
Jul 23 05:39:43.290947 np0000186260 devstack@n-api.service[98598]: [pid: 98598|app: 0|req: 26/102] 199.204.45.229 () {64 vars in 1272 bytes} [Thu Jul 23 05:39:43 2026] GET /compute/v2.1/ => generated 393 bytes in 8 msecs (HTTP/1.1 200) 9 headers in 357 bytes (1 switches on core 0)
Jul 23 05:39:43.302468 np0000186260 devstack@n-api.service[98599]: DEBUG nova.api.openstack.wsgi [None req-095463db-e8d5-4793-a832-04d5b1ab585f demo demo] Calling method '>' {{(pid=98599) _process_stack /opt/stack/nova/nova/api/openstack/wsgi.py:551}}
Jul 23 05:39:43.305836 np0000186260 devstack@n-api.service[98599]: DEBUG oslo_concurrency.lockutils [None req-095463db-e8d5-4793-a832-04d5b1ab585f demo demo] Acquiring lock "00000000-0000-0000-0000-000000000000" by "nova.context.set_target_cell..get_or_set_cached_cell_and_set_connections" {{(pid=98599) inner /opt/stack/data/venv/lib/python3.12/site-packages/oslo_concurrency/lockutils.py:512}}
Jul 23 05:39:43.306216 np0000186260 devstack@n-api.service[98599]: DEBUG oslo_concurrency.lockutils [None req-095463db-e8d5-4793-a832-04d5b1ab585f demo demo] Lock "00000000-0000-0000-0000-000000000000" acquired by "nova.context.set_target_cell..get_or_set_cached_cell_and_set_connections" :: waited 0.000s {{(pid=98599) inner /opt/stack/data/venv/lib/python3.12/site-packages/oslo_concurrency/lockutils.py:525}}
Jul 23 05:39:43.306530 np0000186260 devstack@n-api.service[98599]: DEBUG oslo_concurrency.lockutils [None req-095463db-e8d5-4793-a832-04d5b1ab585f demo demo] Lock "00000000-0000-0000-0000-000000000000" "released" by "nova.context.set_target_cell..get_or_set_cached_cell_and_set_connections" :: held 0.000s {{(pid=98599) inner /opt/stack/data/venv/lib/python3.12/site-packages/oslo_concurrency/lockutils.py:544}}
Jul 23 05:39:43.307416 np0000186260 devstack@n-api.service[98599]: DEBUG oslo_concurrency.lockutils [None req-095463db-e8d5-4793-a832-04d5b1ab585f demo demo] Acquiring lock "2b3c1241-99c8-4586-b404-b75b1f694e54" by "nova.context.set_target_cell..get_or_set_cached_cell_and_set_connections" {{(pid=98599) inner /opt/stack/data/venv/lib/python3.12/site-packages/oslo_concurrency/lockutils.py:512}}
Jul 23 05:39:43.307558 np0000186260 devstack@n-api.service[98599]: DEBUG oslo_concurrency.lockutils [None req-095463db-e8d5-4793-a832-04d5b1ab585f demo demo] Lock "2b3c1241-99c8-4586-b404-b75b1f694e54" acquired by "nova.context.set_target_cell..get_or_set_cached_cell_and_set_connections" :: waited 0.000s {{(pid=98599) inner /opt/stack/data/venv/lib/python3.12/site-packages/oslo_concurrency/lockutils.py:525}}
Jul 23 05:39:43.307681 np0000186260 devstack@n-api.service[98599]: DEBUG oslo_concurrency.lockutils [None req-095463db-e8d5-4793-a832-04d5b1ab585f demo demo] Lock "2b3c1241-99c8-4586-b404-b75b1f694e54" "released" by "nova.context.set_target_cell..get_or_set_cached_cell_and_set_connections" :: held 0.000s {{(pid=98599) inner /opt/stack/data/venv/lib/python3.12/site-packages/oslo_concurrency/lockutils.py:544}}
Jul 23 05:39:43.331276 np0000186260 devstack@n-api.service[98599]: INFO nova.api.openstack.requestlog [None req-095463db-e8d5-4793-a832-04d5b1ab585f demo demo] 172.18.0.2 "GET /compute/v2.1/os-availability-zone" status: 200 len: 97 microversion: 2.38 time: 0.032146
Jul 23 05:39:43.331947 np0000186260 devstack@n-api.service[98599]: [pid: 98599|app: 0|req: 27/103] 199.204.45.229 () {68 vars in 1415 bytes} [Thu Jul 23 05:39:43 2026] GET /compute/v2.1/os-availability-zone => generated 97 bytes in 33 msecs (HTTP/1.1 200) 9 headers in 358 bytes (1 switches on core 0)
Jul 23 05:39:47.542720 np0000186260 devstack@n-api.service[98600]: DEBUG nova.api.openstack.wsgi [None req-3b3e77d5-484e-4150-865c-6c93acffa010 demo demo] Calling method '>' {{(pid=98600) _process_stack /opt/stack/nova/nova/api/openstack/wsgi.py:551}}
Jul 23 05:39:47.550274 np0000186260 devstack@n-api.service[98600]: INFO nova.api.openstack.requestlog [None req-3b3e77d5-484e-4150-865c-6c93acffa010 demo demo] 172.18.0.2 "GET /compute/v2.1/" status: 200 len: 393 microversion: 2.1 time: 0.007868
Jul 23 05:39:47.550987 np0000186260 devstack@n-api.service[98600]: [pid: 98600|app: 0|req: 26/104] 199.204.45.229 () {64 vars in 1272 bytes} [Thu Jul 23 05:39:47 2026] GET /compute/v2.1/ => generated 393 bytes in 9 msecs (HTTP/1.1 200) 9 headers in 357 bytes (1 switches on core 0)
Jul 23 05:39:47.563216 np0000186260 devstack@n-api.service[98597]: DEBUG nova.api.openstack.wsgi [None req-6db0902a-1fd3-4cf9-acda-b21e4d3312e0 demo demo] Calling method '>' {{(pid=98597) _process_stack /opt/stack/nova/nova/api/openstack/wsgi.py:551}}
Jul 23 05:39:47.591074 np0000186260 devstack@n-api.service[98597]: INFO nova.api.openstack.requestlog [None req-6db0902a-1fd3-4cf9-acda-b21e4d3312e0 demo demo] 172.18.0.2 "GET /compute/v2.1/flavors/detail" status: 200 len: 4022 microversion: 2.38 time: 0.031669
Jul 23 05:39:47.591411 np0000186260 devstack@n-api.service[98597]: [pid: 98597|app: 0|req: 26/105] 199.204.45.229 () {68 vars in 1397 bytes} [Thu Jul 23 05:39:47 2026] GET /compute/v2.1/flavors/detail => generated 4022 bytes in 32 msecs (HTTP/1.1 200) 9 headers in 360 bytes (1 switches on core 0)
Jul 23 05:39:48.305966 np0000186260 devstack@n-api.service[98598]: DEBUG nova.api.openstack.wsgi [None req-bf2e67dd-0e62-4348-8f6a-46965b4c7a4f demo demo] Calling method '>' {{(pid=98598) _process_stack /opt/stack/nova/nova/api/openstack/wsgi.py:551}}
Jul 23 05:39:48.311325 np0000186260 devstack@n-api.service[98598]: INFO nova.api.openstack.requestlog [None req-bf2e67dd-0e62-4348-8f6a-46965b4c7a4f demo demo] 172.18.0.2 "GET /compute/v2.1/" status: 200 len: 393 microversion: 2.1 time: 0.006092
Jul 23 05:39:48.311602 np0000186260 devstack@n-api.service[98598]: [pid: 98598|app: 0|req: 27/106] 199.204.45.229 () {64 vars in 1272 bytes} [Thu Jul 23 05:39:48 2026] GET /compute/v2.1/ => generated 393 bytes in 7 msecs (HTTP/1.1 200) 9 headers in 357 bytes (1 switches on core 0)
Jul 23 05:39:48.360909 np0000186260 devstack@n-api.service[98599]: DEBUG nova.api.openstack.wsgi [None req-64aca009-4b3b-4c76-9aba-ee7cb0fe5b88 demo demo] Calling method '>' {{(pid=98599) _process_stack /opt/stack/nova/nova/api/openstack/wsgi.py:551}}
Jul 23 05:39:48.364962 np0000186260 devstack@n-api.service[98599]: DEBUG nova.policy [None req-64aca009-4b3b-4c76-9aba-ee7cb0fe5b88 demo demo] Policy check for os_compute_api:servers:allow_all_filters failed with credentials {'is_admin': False, 'user_id': '41db5ef85764474a8fd01e8be51ec35b', 'user_domain_id': 'default', 'system_scope': None, 'domain_id': None, 'project_id': '4a0ccdc7aa7947fe92fa67b749104d74', 'project_domain_id': 'default', 'roles': ['anotherrole', 'load-balancer_member', 'reader', 'member'], 'is_admin_project': True, 'service_user_id': None, 'service_user_domain_id': None, 'service_project_id': None, 'service_project_domain_id': None, 'service_roles': []} {{(pid=98599) authorize /opt/stack/nova/nova/policy.py:192}}
Jul 23 05:39:48.365500 np0000186260 devstack@n-api.service[98599]: DEBUG nova.compute.api [None req-64aca009-4b3b-4c76-9aba-ee7cb0fe5b88 demo demo] Searching by: {'name': '^kube-08jbk-vsbh7-xdqf9$', 'deleted': False, 'project_id': '4a0ccdc7aa7947fe92fa67b749104d74'} {{(pid=98599) get_all /opt/stack/nova/nova/compute/api.py:3110}}
