2026-07-14 00:42:21.961 7 INFO placement.requestlog [None req-32f13ac0-4e27-44b9-bf25-08f59c98277e f5e184916b8e4571bc6c3d68393f5f0f 85372b344ba9464fb946a089645828ac - - 89848475928947a79c192012e3f1cd03 89848475928947a79c192012e3f1cd03] 10.0.0.19 "DELETE /resource_providers/c0355085-047c-4a52-9dfa-4e18ca7172f2" status: 404 len: 246 microversion: 1.1 [pid: 7|app: 0|req: 568/1144] 10.0.0.19 () {34 vars in 815 bytes} [Tue Jul 14 00:42:21 2026] DELETE /resource_providers/c0355085-047c-4a52-9dfa-4e18ca7172f2 => generated 246 bytes in 12 msecs (HTTP/1.1 404) 6 headers in 231 bytes (1 switches on core 0)
2026-07-14 00:42:23.433 8 INFO placement.requestlog [req-5cf9a74c-ebbb-4f2a-8d07-c0740059aa23 req-75033365-b505-4b44-867d-945a0b04544f 5be6538612374caab811c1a2a98b46ac 85372b344ba9464fb946a089645828ac - - 89848475928947a79c192012e3f1cd03 89848475928947a79c192012e3f1cd03] 199.204.45.227 "GET /resource_providers/9122e675-ce36-4af1-bf31-04498815b39d/allocations" status: 200 len: 55 microversion: 1.0 [pid: 8|app: 0|req: 577/1145] 199.204.45.227 () {32 vars in 857 bytes} [Tue Jul 14 00:42:23 2026] GET /resource_providers/9122e675-ce36-4af1-bf31-04498815b39d/allocations => generated 55 bytes in 18 msecs (HTTP/1.1 200) 6 headers in 223 bytes (1 switches on core 0)
2026-07-14 00:42:23.456 7 INFO placement.requestlog [req-5cf9a74c-ebbb-4f2a-8d07-c0740059aa23 req-71ce58a9-1b55-4027-89bc-1e3e690bf2ba 5be6538612374caab811c1a2a98b46ac 85372b344ba9464fb946a089645828ac - - 89848475928947a79c192012e3f1cd03 89848475928947a79c192012e3f1cd03] 199.204.45.227 "GET /resource_providers/9122e675-ce36-4af1-bf31-04498815b39d/allocations" status: 200 len: 55 microversion: 1.0 [pid: 7|app: 0|req: 569/1146] 199.204.45.227 () {32 vars in 857 bytes} [Tue Jul 14 00:42:23 2026] GET /resource_providers/9122e675-ce36-4af1-bf31-04498815b39d/allocations => generated 55 bytes in 17 msecs (HTTP/1.1 200) 6 headers in 223 bytes (1 switches on core 0)
2026-07-14 00:42:23.804 8 INFO placement.requestlog [None req-a856bb9c-dfbe-488d-9d50-c9625a9b2174 f5e184916b8e4571bc6c3d68393f5f0f 85372b344ba9464fb946a089645828ac - - 89848475928947a79c192012e3f1cd03 89848475928947a79c192012e3f1cd03] 10.0.0.19 "GET /resource_providers/31681c03-d254-4d4a-b61d-6f2b89dee9c6/aggregates" status: 404 len: 235 microversion: 1.1 [pid: 8|app: 0|req: 578/1147] 10.0.0.19 () {32 vars in 815 bytes} [Tue Jul 14 00:42:23 2026] GET /resource_providers/31681c03-d254-4d4a-b61d-6f2b89dee9c6/aggregates => generated 235 bytes in 10 msecs (HTTP/1.1 404) 5 headers in 202 bytes (1 switches on core 0)
2026-07-14 00:42:23.815 7 INFO placement.requestlog [None req-a81274ff-3224-4ea2-8c25-0b37e55d3d2f f5e184916b8e4571bc6c3d68393f5f0f 85372b344ba9464fb946a089645828ac - - 89848475928947a79c192012e3f1cd03 89848475928947a79c192012e3f1cd03] 10.0.0.19 "GET /resource_providers/31681c03-d254-4d4a-b61d-6f2b89dee9c6/aggregates" status: 404 len: 235 microversion: 1.1 [pid: 7|app: 0|req: 570/1148] 10.0.0.19 () {32 vars in 815 bytes} [Tue Jul 14 00:42:23 2026] GET /resource_providers/31681c03-d254-4d4a-b61d-6f2b89dee9c6/aggregates => generated 235 bytes in 14 msecs (HTTP/1.1 404) 5 headers in 202 bytes (1 switches on core 0)
2026-07-14 00:42:23.828 8 INFO placement.requestlog [None req-f34068c5-aff7-41a4-9f34-edd3300346cc f5e184916b8e4571bc6c3d68393f5f0f 85372b344ba9464fb946a089645828ac - - 89848475928947a79c192012e3f1cd03 89848475928947a79c192012e3f1cd03] 10.0.0.19 "DELETE /resource_providers/31681c03-d254-4d4a-b61d-6f2b89dee9c6" status: 404 len: 246 microversion: 1.1 [pid: 8|app: 0|req: 579/1149] 10.0.0.19 () {34 vars in 815 bytes} [Tue Jul 14 00:42:23 2026] DELETE /resource_providers/31681c03-d254-4d4a-b61d-6f2b89dee9c6 => generated 246 bytes in 9 msecs (HTTP/1.1 404) 6 headers in 231 bytes (1 switches on core 0)
2026-07-14 00:42:23.838 7 INFO placement.requestlog [None req-cb0d7865-a2a2-4f1d-a1b9-159a9fe26f0f f5e184916b8e4571bc6c3d68393f5f0f 85372b344ba9464fb946a089645828ac - - 89848475928947a79c192012e3f1cd03 89848475928947a79c192012e3f1cd03] 10.0.0.19 "DELETE /resource_providers/31681c03-d254-4d4a-b61d-6f2b89dee9c6" status: 404 len: 246 microversion: 1.1 [pid: 7|app: 0|req: 571/1150] 10.0.0.19 () {34 vars in 815 bytes} [Tue Jul 14 00:42:23 2026] DELETE /resource_providers/31681c03-d254-4d4a-b61d-6f2b89dee9c6 => generated 246 bytes in 11 msecs (HTTP/1.1 404) 6 headers in 231 bytes (1 switches on core 0)
2026-07-14 00:42:23.846 8 INFO placement.requestlog [None req-5ce6a4da-454a-4a15-a50a-aff3a8f1714a f5e184916b8e4571bc6c3d68393f5f0f 85372b344ba9464fb946a089645828ac - - 89848475928947a79c192012e3f1cd03 89848475928947a79c192012e3f1cd03] 10.0.0.19 "GET /resource_providers/c661d6a0-e3c2-499d-8203-cad18591ea20/aggregates" status: 404 len: 235 microversion: 1.1 [pid: 8|app: 0|req: 580/1151] 10.0.0.19 () {32 vars in 815 bytes} [Tue Jul 14 00:42:23 2026] GET /resource_providers/c661d6a0-e3c2-499d-8203-cad18591ea20/aggregates => generated 235 bytes in 12 msecs (HTTP/1.1 404) 5 headers in 202 bytes (1 switches on core 0)
2026-07-14 00:42:23.861 7 INFO placement.requestlog [None req-5021ed31-97d5-4289-825c-861bc87a50eb f5e184916b8e4571bc6c3d68393f5f0f 85372b344ba9464fb946a089645828ac - - 89848475928947a79c192012e3f1cd03 89848475928947a79c192012e3f1cd03] 10.0.0.19 "GET /resource_providers/c661d6a0-e3c2-499d-8203-cad18591ea20/aggregates" status: 404 len: 235 microversion: 1.1 [pid: 7|app: 0|req: 572/1152] 10.0.0.19 () {32 vars in 815 bytes} [Tue Jul 14 00:42:23 2026] GET /resource_providers/c661d6a0-e3c2-499d-8203-cad18591ea20/aggregates => generated 235 bytes in 9 msecs (HTTP/1.1 404) 5 headers in 202 bytes (1 switches on core 0)
2026-07-14 00:42:23.872 8 INFO placement.requestlog [None req-29272c6d-e001-454b-943b-4adafde33194 f5e184916b8e4571bc6c3d68393f5f0f 85372b344ba9464fb946a089645828ac - - 89848475928947a79c192012e3f1cd03 89848475928947a79c192012e3f1cd03] 10.0.0.19 "DELETE /resource_providers/c661d6a0-e3c2-499d-8203-cad18591ea20" status: 404 len: 246 microversion: 1.1 [pid: 8|app: 0|req: 581/1153] 10.0.0.19 () {34 vars in 815 bytes} [Tue Jul 14 00:42:23 2026] DELETE /resource_providers/c661d6a0-e3c2-499d-8203-cad18591ea20 => generated 246 bytes in 9 msecs (HTTP/1.1 404) 6 headers in 231 bytes (1 switches on core 0)
2026-07-14 00:42:23.876 7 INFO placement.requestlog [None req-f2f47bfb-9114-4d0b-ba47-2f184056504a f5e184916b8e4571bc6c3d68393f5f0f 85372b344ba9464fb946a089645828ac - - 89848475928947a79c192012e3f1cd03 89848475928947a79c192012e3f1cd03] 10.0.0.19 "DELETE /resource_providers/c661d6a0-e3c2-499d-8203-cad18591ea20" status: 404 len: 246 microversion: 1.1 [pid: 7|app: 0|req: 573/1154] 10.0.0.19 () {34 vars in 815 bytes} [Tue Jul 14 00:42:23 2026] DELETE /resource_providers/c661d6a0-e3c2-499d-8203-cad18591ea20 => generated 246 bytes in 8 msecs (HTTP/1.1 404) 6 headers in 231 bytes (1 switches on core 0)
2026-07-14 00:42:23.977 8 INFO placement.requestlog [None req-94900ad0-b35b-4038-b747-d31d14fe53f8 f5e184916b8e4571bc6c3d68393f5f0f 85372b344ba9464fb946a089645828ac - - 89848475928947a79c192012e3f1cd03 89848475928947a79c192012e3f1cd03] 10.0.0.19 "GET /resource_providers/de5fd0c7-696f-431f-b613-b65acf1325ea/aggregates" status: 404 len: 235 microversion: 1.1 [pid: 8|app: 0|req: 582/1155] 10.0.0.19 () {32 vars in 815 bytes} [Tue Jul 14 00:42:23 2026] GET /resource_providers/de5fd0c7-696f-431f-b613-b65acf1325ea/aggregates => generated 235 bytes in 9 msecs (HTTP/1.1 404) 5 headers in 202 bytes (1 switches on core 0)
2026-07-14 00:42:23.980 7 INFO placement.requestlog [None req-a61a9a33-db8d-4faa-9e92-abd3ea62ea82 f5e184916b8e4571bc6c3d68393f5f0f 85372b344ba9464fb946a089645828ac - - 89848475928947a79c192012e3f1cd03 89848475928947a79c192012e3f1cd03] 10.0.0.19 "GET /resource_providers/de5fd0c7-696f-431f-b613-b65acf1325ea/aggregates" status: 404 len: 235 microversion: 1.1 [pid: 7|app: 0|req: 574/1156] 10.0.0.19 () {32 vars in 815 bytes} [Tue Jul 14 00:42:23 2026] GET /resource_providers/de5fd0c7-696f-431f-b613-b65acf1325ea/aggregates => generated 235 bytes in 10 msecs (HTTP/1.1 404) 5 headers in 202 bytes (1 switches on core 0)
2026-07-14 00:42:23.997 8 INFO placement.requestlog [None req-ea68f00b-d179-4352-8c17-6a9f22d44c0d f5e184916b8e4571bc6c3d68393f5f0f 85372b344ba9464fb946a089645828ac - - 89848475928947a79c192012e3f1cd03 89848475928947a79c192012e3f1cd03] 10.0.0.19 "DELETE /resource_providers/de5fd0c7-696f-431f-b613-b65acf1325ea" status: 404 len: 246 microversion: 1.1 [pid: 8|app: 0|req: 583/1157] 10.0.0.19 () {34 vars in 815 bytes} [Tue Jul 14 00:42:23 2026] DELETE /resource_providers/de5fd0c7-696f-431f-b613-b65acf1325ea => generated 246 bytes in 10 msecs (HTTP/1.1 404) 6 headers in 231 bytes (1 switches on core 0)
2026-07-14 00:42:24.004 7 INFO placement.requestlog [None req-68d214dc-bdae-442d-b5ac-0f6613b579d5 f5e184916b8e4571bc6c3d68393f5f0f 85372b344ba9464fb946a089645828ac - - 89848475928947a79c192012e3f1cd03 89848475928947a79c192012e3f1cd03] 10.0.0.19 "DELETE /resource_providers/de5fd0c7-696f-431f-b613-b65acf1325ea" status: 404 len: 246 microversion: 1.1 [pid: 7|app: 0|req: 575/1158] 10.0.0.19 () {34 vars in 815 bytes} [Tue Jul 14 00:42:23 2026] DELETE /resource_providers/de5fd0c7-696f-431f-b613-b65acf1325ea => generated 246 bytes in 15 msecs (HTTP/1.1 404) 6 headers in 231 bytes (1 switches on core 0)
2026-07-14 00:42:25.117 7 INFO placement.requestlog [None req-889671e5-3c42-480d-bec1-3138606fc17e - - - - - -] 10.0.0.111 "GET /" status: 200 len: 136 microversion: 1.0
2026-07-14 00:42:25.117 8 INFO placement.requestlog [None req-8b6244e0-56f2-41f2-86e2-b51f186723c2 - - - - - -] 10.0.0.111 "GET /" status: 200 len: 136 microversion: 1.0
2026-07-14 00:42:33.763 7 INFO placement.requestlog [req-f033d69e-886a-4b02-a40c-de6f249d16bf req-4c214a30-9c9d-488a-a3f5-e95d815db41d 5be6538612374caab811c1a2a98b46ac 85372b344ba9464fb946a089645828ac - - 89848475928947a79c192012e3f1cd03 89848475928947a79c192012e3f1cd03] 10.0.0.119 "GET /allocation_candidates?limit=1000&resources=DISK_GB%3A1%2CMEMORY_MB%3A512%2CVCPU%3A1&root_required=%21COMPUTE_STATUS_DISABLED" status: 200 len: 2640 microversion: 1.36 [pid: 7|app: 0|req: 577/1161] 10.0.0.119 () {34 vars in 1012 bytes} [Tue Jul 14 00:42:33 2026] GET /allocation_candidates?limit=1000&resources=DISK_GB%3A1%2CMEMORY_MB%3A512%2CVCPU%3A1&root_required=%21COMPUTE_STATUS_DISABLED => generated 2640 bytes in 49 msecs (HTTP/1.1 200) 8 headers in 297 bytes (1 switches on core 0)
2026-07-14 00:42:33.788 8 INFO placement.requestlog [req-f033d69e-886a-4b02-a40c-de6f249d16bf req-297de430-4bc2-418a-bf84-48071ec2d69a 5be6538612374caab811c1a2a98b46ac 85372b344ba9464fb946a089645828ac - - 89848475928947a79c192012e3f1cd03 89848475928947a79c192012e3f1cd03] 10.0.0.119 "GET /allocations/ee78d0d4-6958-497b-9a77-b06a1f47f39a" status: 200 len: 19 microversion: 1.28 [pid: 8|app: 0|req: 585/1162] 10.0.0.119 () {34 vars in 861 bytes} [Tue Jul 14 00:42:33 2026] GET /allocations/ee78d0d4-6958-497b-9a77-b06a1f47f39a => generated 19 bytes in 9 msecs (HTTP/1.1 200) 8 headers in 295 bytes (1 switches on core 0)
2026-07-14 00:42:33.853 7 INFO placement.requestlog [req-f033d69e-886a-4b02-a40c-de6f249d16bf req-7ed7a723-d69c-4109-a374-971cdfb0fa28 5be6538612374caab811c1a2a98b46ac 85372b344ba9464fb946a089645828ac - - 89848475928947a79c192012e3f1cd03 89848475928947a79c192012e3f1cd03] 10.0.0.119 "PUT /allocations/ee78d0d4-6958-497b-9a77-b06a1f47f39a" status: 204 len: 0 microversion: 1.36 [pid: 7|app: 0|req: 578/1163] 10.0.0.119 () {38 vars in 914 bytes} [Tue Jul 14 00:42:33 2026] PUT /allocations/ee78d0d4-6958-497b-9a77-b06a1f47f39a => generated 0 bytes in 60 msecs (HTTP/1.1 204) 5 headers in 199 bytes (1 switches on core 0)
2026-07-14 00:42:35.116 8 INFO placement.requestlog [None req-d45a7f88-161a-43b1-905b-2301ff4bbfa0 - - - - - -] 10.0.0.111 "GET /" status: 200 len: 136 microversion: 1.0
2026-07-14 00:42:35.123 7 INFO placement.requestlog [None req-946fc00f-c241-4469-8297-d841cea8409a - - - - - -] 10.0.0.111 "GET /" status: 200 len: 136 microversion: 1.0
2026-07-14 00:42:35.381 8 INFO placement.requestlog [req-f033d69e-886a-4b02-a40c-de6f249d16bf req-dde25817-d41e-4484-bf2f-3c593a111191 5be6538612374caab811c1a2a98b46ac 85372b344ba9464fb946a089645828ac - - 89848475928947a79c192012e3f1cd03 89848475928947a79c192012e3f1cd03] 199.204.45.227 "GET /allocations/ee78d0d4-6958-497b-9a77-b06a1f47f39a" status: 200 len: 258 microversion: 1.28 [pid: 8|app: 0|req: 587/1166] 199.204.45.227 () {34 vars in 863 bytes} [Tue Jul 14 00:42:35 2026] GET /allocations/ee78d0d4-6958-497b-9a77-b06a1f47f39a => generated 258 bytes in 19 msecs (HTTP/1.1 200) 8 headers in 296 bytes (1 switches on core 0)
2026-07-14 00:42:36.423 7 INFO placement.requestlog [req-f033d69e-886a-4b02-a40c-de6f249d16bf req-e72056e3-4eb2-406b-b81a-993c119bd5d7 5be6538612374caab811c1a2a98b46ac 85372b344ba9464fb946a089645828ac - - 89848475928947a79c192012e3f1cd03 89848475928947a79c192012e3f1cd03] 199.204.45.227 "GET /resource_providers/9122e675-ce36-4af1-bf31-04498815b39d/allocations" status: 200 len: 153 microversion: 1.0 [pid: 7|app: 0|req: 580/1167] 199.204.45.227 () {32 vars in 857 bytes} [Tue Jul 14 00:42:36 2026] GET /resource_providers/9122e675-ce36-4af1-bf31-04498815b39d/allocations => generated 153 bytes in 16 msecs (HTTP/1.1 200) 6 headers in 224 bytes (1 switches on core 0)
2026-07-14 00:42:36.446 8 INFO placement.requestlog [req-f033d69e-886a-4b02-a40c-de6f249d16bf req-dfdf174e-c0e2-4d7d-954a-113e84be66a3 5be6538612374caab811c1a2a98b46ac 85372b344ba9464fb946a089645828ac - - 89848475928947a79c192012e3f1cd03 89848475928947a79c192012e3f1cd03] 199.204.45.227 "GET /allocations/ee78d0d4-6958-497b-9a77-b06a1f47f39a" status: 200 len: 258 microversion: 1.28 [pid: 8|app: 0|req: 588/1168] 199.204.45.227 () {34 vars in 863 bytes} [Tue Jul 14 00:42:36 2026] GET /allocations/ee78d0d4-6958-497b-9a77-b06a1f47f39a => generated 258 bytes in 12 msecs (HTTP/1.1 200) 8 headers in 296 bytes (1 switches on core 0)
2026-07-14 00:42:36.654 8 INFO placement.requestlog [None req-47272f79-9b98-407f-9d3c-881eb5fe4345 f5e184916b8e4571bc6c3d68393f5f0f 85372b344ba9464fb946a089645828ac - - 89848475928947a79c192012e3f1cd03 89848475928947a79c192012e3f1cd03] 10.0.0.19 "GET /resource_providers/2db75911-077f-4717-895a-ee2cf8c4b400/aggregates" status: 404 len: 235 microversion: 1.1
2026-07-14 00:42:36.654 7 INFO placement.requestlog [None req-9c7b607d-97a6-4ff8-bf8a-4d1f0b0792a8 f5e184916b8e4571bc6c3d68393f5f0f 85372b344ba9464fb946a089645828ac - - 89848475928947a79c192012e3f1cd03 89848475928947a79c192012e3f1cd03] 10.0.0.19 "GET /resource_providers/2db75911-077f-4717-895a-ee2cf8c4b400/aggregates" status: 404 len: 235 microversion: 1.1 [pid: 8|app: 0|req: 589/1169] 10.0.0.19 () {32 vars in 815 bytes} [Tue Jul 14 00:42:36 2026] GET /resource_providers/2db75911-077f-4717-895a-ee2cf8c4b400/aggregates => generated 235 bytes in 8 msecs (HTTP/1.1 404) 5 headers in 202 bytes (1 switches on core 0) [pid: 7|app: 0|req: 581/1170] 10.0.0.19 () {32 vars in 815 bytes} [Tue Jul 14 00:42:36 2026] GET /resource_providers/2db75911-077f-4717-895a-ee2cf8c4b400/aggregates => generated 235 bytes in 13 msecs (HTTP/1.1 404) 5 headers in 202 bytes (1 switches on core 0)
2026-07-14 00:42:36.677 8 INFO placement.requestlog [None req-9b97a216-6a99-4dae-976d-8c2cf425c838 f5e184916b8e4571bc6c3d68393f5f0f 85372b344ba9464fb946a089645828ac - - 89848475928947a79c192012e3f1cd03 89848475928947a79c192012e3f1cd03] 10.0.0.19 "DELETE /resource_providers/2db75911-077f-4717-895a-ee2cf8c4b400" status: 404 len: 246 microversion: 1.1 [pid: 8|app: 0|req: 590/1171] 10.0.0.19 () {34 vars in 815 bytes} [Tue Jul 14 00:42:36 2026] DELETE /resource_providers/2db75911-077f-4717-895a-ee2cf8c4b400 => generated 246 bytes in 9 msecs (HTTP/1.1 404) 6 headers in 231 bytes (1 switches on core 0)
2026-07-14 00:42:36.683 7 INFO placement.requestlog [None req-7df3eb26-2160-4d18-ada2-a116a072e9d6 f5e184916b8e4571bc6c3d68393f5f0f 85372b344ba9464fb946a089645828ac - - 89848475928947a79c192012e3f1cd03 89848475928947a79c192012e3f1cd03] 10.0.0.19 "DELETE /resource_providers/2db75911-077f-4717-895a-ee2cf8c4b400" status: 404 len: 246 microversion: 1.1 [pid: 7|app: 0|req: 582/1172] 10.0.0.19 () {34 vars in 815 bytes} [Tue Jul 14 00:42:36 2026] DELETE /resource_providers/2db75911-077f-4717-895a-ee2cf8c4b400 => generated 246 bytes in 13 msecs (HTTP/1.1 404) 6 headers in 231 bytes (1 switches on core 0)
2026-07-14 00:42:45.116 7 INFO placement.requestlog [None req-744b8926-e05a-418e-99fe-84b4fbcdcea9 - - - - - -] 10.0.0.111 "GET /" status: 200 len: 136 microversion: 1.0
2026-07-14 00:42:45.116 8 INFO placement.requestlog [None req-edce591a-4467-4127-8ae7-d5e9d91467fb - - - - - -] 10.0.0.111 "GET /" status: 200 len: 136 microversion: 1.0
2026-07-14 00:42:55.117 7 INFO placement.requestlog [None req-26f4f716-456a-4ce9-a84e-7c4f81696184 - - - - - -] 10.0.0.111 "GET /" status: 200 len: 136 microversion: 1.0
2026-07-14 00:42:55.117 8 INFO placement.requestlog [None req-dd5771fe-12a9-472d-84db-405fb4276925 - - - - - -] 10.0.0.111 "GET /" status: 200 len: 136 microversion: 1.0
2026-07-14 00:43:02.681 7 INFO placement.requestlog [req-00b371bc-bebe-4209-8b2c-5d4c2a4a6fa5 req-a90eff59-bc32-4f3a-8ed8-6ab216e67f90 5be6538612374caab811c1a2a98b46ac 85372b344ba9464fb946a089645828ac - - 89848475928947a79c192012e3f1cd03 89848475928947a79c192012e3f1cd03] 10.0.0.119 "GET /allocation_candidates?limit=1000&resources=DISK_GB%3A1%2CMEMORY_MB%3A512%2CVCPU%3A1&root_required=%21COMPUTE_STATUS_DISABLED" status: 200 len: 2642 microversion: 1.36 [pid: 7|app: 0|req: 585/1177] 10.0.0.119 () {34 vars in 1012 bytes} [Tue Jul 14 00:43:02 2026] GET /allocation_candidates?limit=1000&resources=DISK_GB%3A1%2CMEMORY_MB%3A512%2CVCPU%3A1&root_required=%21COMPUTE_STATUS_DISABLED => generated 2642 bytes in 60 msecs (HTTP/1.1 200) 8 headers in 297 bytes (1 switches on core 0)
2026-07-14 00:43:02.708 8 INFO placement.requestlog [req-00b371bc-bebe-4209-8b2c-5d4c2a4a6fa5 req-d563d0ff-d62f-4dbf-93df-b1dcc68405fe 5be6538612374caab811c1a2a98b46ac 85372b344ba9464fb946a089645828ac - - 89848475928947a79c192012e3f1cd03 89848475928947a79c192012e3f1cd03] 10.0.0.119 "GET /allocations/6a0717c5-4831-4ca9-874e-c0a3cca095a9" status: 200 len: 19 microversion: 1.28 [pid: 8|app: 0|req: 593/1178] 10.0.0.119 () {34 vars in 861 bytes} [Tue Jul 14 00:43:02 2026] GET /allocations/6a0717c5-4831-4ca9-874e-c0a3cca095a9 => generated 19 bytes in 8 msecs (HTTP/1.1 200) 8 headers in 295 bytes (1 switches on core 0)
2026-07-14 00:43:02.778 7 INFO placement.requestlog [req-00b371bc-bebe-4209-8b2c-5d4c2a4a6fa5 req-c979c562-05e8-4018-a41d-90934e608383 5be6538612374caab811c1a2a98b46ac 85372b344ba9464fb946a089645828ac - - 89848475928947a79c192012e3f1cd03 89848475928947a79c192012e3f1cd03] 10.0.0.119 "PUT /allocations/6a0717c5-4831-4ca9-874e-c0a3cca095a9" status: 204 len: 0 microversion: 1.36 [pid: 7|app: 0|req: 586/1179] 10.0.0.119 () {38 vars in 914 bytes} [Tue Jul 14 00:43:02 2026] PUT /allocations/6a0717c5-4831-4ca9-874e-c0a3cca095a9 => generated 0 bytes in 65 msecs (HTTP/1.1 204) 5 headers in 199 bytes (1 switches on core 0)
2026-07-14 00:43:04.295 8 INFO placement.requestlog [req-00b371bc-bebe-4209-8b2c-5d4c2a4a6fa5 req-c32f14e2-6276-4787-96eb-937ab4a2518e 5be6538612374caab811c1a2a98b46ac 85372b344ba9464fb946a089645828ac - - 89848475928947a79c192012e3f1cd03 89848475928947a79c192012e3f1cd03] 199.204.45.227 "GET /allocations/6a0717c5-4831-4ca9-874e-c0a3cca095a9" status: 200 len: 258 microversion: 1.28 [pid: 8|app: 0|req: 594/1180] 199.204.45.227 () {34 vars in 863 bytes} [Tue Jul 14 00:43:04 2026] GET /allocations/6a0717c5-4831-4ca9-874e-c0a3cca095a9 => generated 258 bytes in 14 msecs (HTTP/1.1 200) 8 headers in 296 bytes (1 switches on core 0)
2026-07-14 00:43:05.116 7 INFO placement.requestlog [None req-099f8307-60e2-4273-a3b2-9a4636c07e9a - - - - - -] 10.0.0.111 "GET /" status: 200 len: 136 microversion: 1.0
2026-07-14 00:43:05.120 8 INFO placement.requestlog [None req-d2b0e332-5d99-4a5b-95ee-cf877feef136 - - - - - -] 10.0.0.111 "GET /" status: 200 len: 136 microversion: 1.0
2026-07-14 00:43:05.341 7 INFO placement.requestlog [req-00b371bc-bebe-4209-8b2c-5d4c2a4a6fa5 req-e9137ee3-b758-4c6d-97e0-d89e409014b9 5be6538612374caab811c1a2a98b46ac 85372b344ba9464fb946a089645828ac - - 89848475928947a79c192012e3f1cd03 89848475928947a79c192012e3f1cd03] 199.204.45.227 "GET /resource_providers/9122e675-ce36-4af1-bf31-04498815b39d/allocations" status: 200 len: 253 microversion: 1.0 [pid: 7|app: 0|req: 588/1183] 199.204.45.227 () {32 vars in 857 bytes} [Tue Jul 14 00:43:05 2026] GET /resource_providers/9122e675-ce36-4af1-bf31-04498815b39d/allocations => generated 253 bytes in 16 msecs (HTTP/1.1 200) 6 headers in 224 bytes (1 switches on core 0)
2026-07-14 00:43:05.379 8 INFO placement.requestlog [req-00b371bc-bebe-4209-8b2c-5d4c2a4a6fa5 req-17dc3512-5e6e-4e16-b569-60f86803a222 5be6538612374caab811c1a2a98b46ac 85372b344ba9464fb946a089645828ac - - 89848475928947a79c192012e3f1cd03 89848475928947a79c192012e3f1cd03] 199.204.45.227 "GET /allocations/ee78d0d4-6958-497b-9a77-b06a1f47f39a" status: 200 len: 258 microversion: 1.28 [pid: 8|app: 0|req: 596/1184] 199.204.45.227 () {34 vars in 863 bytes} [Tue Jul 14 00:43:05 2026] GET /allocations/ee78d0d4-6958-497b-9a77-b06a1f47f39a => generated 258 bytes in 30 msecs (HTTP/1.1 200) 8 headers in 296 bytes (1 switches on core 0)
2026-07-14 00:43:05.407 7 INFO placement.requestlog [req-00b371bc-bebe-4209-8b2c-5d4c2a4a6fa5 req-1f728d79-a7b5-4422-ae10-65ed5469d25b 5be6538612374caab811c1a2a98b46ac 85372b344ba9464fb946a089645828ac - - 89848475928947a79c192012e3f1cd03 89848475928947a79c192012e3f1cd03] 199.204.45.227 "GET /allocations/6a0717c5-4831-4ca9-874e-c0a3cca095a9" status: 200 len: 258 microversion: 1.28 [pid: 7|app: 0|req: 589/1185] 199.204.45.227 () {34 vars in 863 bytes} [Tue Jul 14 00:43:05 2026] GET /allocations/6a0717c5-4831-4ca9-874e-c0a3cca095a9 => generated 258 bytes in 12 msecs (HTTP/1.1 200) 8 headers in 296 bytes (1 switches on core 0)
2026-07-14 00:43:13.200 8 INFO placement.requestlog [req-11180d3a-aa07-461c-9bec-97c5bcd4301b req-bfe7d445-ab92-4f05-8e84-2f7d3117b4e1 5be6538612374caab811c1a2a98b46ac 85372b344ba9464fb946a089645828ac - - 89848475928947a79c192012e3f1cd03 89848475928947a79c192012e3f1cd03] 10.0.0.119 "GET /allocation_candidates?limit=1000&resources=DISK_GB%3A1%2CMEMORY_MB%3A512%2CVCPU%3A1&root_required=%21COMPUTE_STATUS_DISABLED" status: 200 len: 2643 microversion: 1.36 [pid: 8|app: 0|req: 597/1186] 10.0.0.119 () {34 vars in 1012 bytes} [Tue Jul 14 00:43:13 2026] GET /allocation_candidates?limit=1000&resources=DISK_GB%3A1%2CMEMORY_MB%3A512%2CVCPU%3A1&root_required=%21COMPUTE_STATUS_DISABLED => generated 2643 bytes in 68 msecs (HTTP/1.1 200) 8 headers in 297 bytes (1 switches on core 0)
2026-07-14 00:43:13.227 7 INFO placement.requestlog [req-11180d3a-aa07-461c-9bec-97c5bcd4301b req-4a03e3b2-0bd1-4000-867b-23c7d22d746a 5be6538612374caab811c1a2a98b46ac 85372b344ba9464fb946a089645828ac - - 89848475928947a79c192012e3f1cd03 89848475928947a79c192012e3f1cd03] 10.0.0.119 "GET /allocations/a37c59b6-75e3-4f6b-9748-b8e674a36a7d" status: 200 len: 19 microversion: 1.28 [pid: 7|app: 0|req: 590/1187] 10.0.0.119 () {34 vars in 861 bytes} [Tue Jul 14 00:43:13 2026] GET /allocations/a37c59b6-75e3-4f6b-9748-b8e674a36a7d => generated 19 bytes in 12 msecs (HTTP/1.1 200) 8 headers in 295 bytes (1 switches on core 0)
2026-07-14 00:43:13.291 8 INFO placement.requestlog [req-11180d3a-aa07-461c-9bec-97c5bcd4301b req-80ad4a23-37fd-499e-b91b-8b1d26f16b29 5be6538612374caab811c1a2a98b46ac 85372b344ba9464fb946a089645828ac - - 89848475928947a79c192012e3f1cd03 89848475928947a79c192012e3f1cd03] 10.0.0.119 "PUT /allocations/a37c59b6-75e3-4f6b-9748-b8e674a36a7d" status: 204 len: 0 microversion: 1.36 [pid: 8|app: 0|req: 598/1188] 10.0.0.119 () {38 vars in 914 bytes} [Tue Jul 14 00:43:13 2026] PUT /allocations/a37c59b6-75e3-4f6b-9748-b8e674a36a7d => generated 0 bytes in 58 msecs (HTTP/1.1 204) 5 headers in 199 bytes (1 switches on core 0)
2026-07-14 00:43:14.792 7 INFO placement.requestlog [req-11180d3a-aa07-461c-9bec-97c5bcd4301b req-c26e3a51-497c-437e-b650-48c39df3162d 5be6538612374caab811c1a2a98b46ac 85372b344ba9464fb946a089645828ac - - 89848475928947a79c192012e3f1cd03 89848475928947a79c192012e3f1cd03] 199.204.45.227 "GET /allocations/a37c59b6-75e3-4f6b-9748-b8e674a36a7d" status: 200 len: 258 microversion: 1.28 [pid: 7|app: 0|req: 591/1189] 199.204.45.227 () {34 vars in 863 bytes} [Tue Jul 14 00:43:14 2026] GET /allocations/a37c59b6-75e3-4f6b-9748-b8e674a36a7d => generated 258 bytes in 36 msecs (HTTP/1.1 200) 8 headers in 296 bytes (1 switches on core 0)
2026-07-14 00:43:15.117 7 INFO placement.requestlog [None req-22088ddd-a450-4340-bb45-17224d79e2b1 - - - - - -] 10.0.0.111 "GET /" status: 200 len: 136 microversion: 1.0
2026-07-14 00:43:15.117 8 INFO placement.requestlog [None req-8a4aa73e-393e-4588-b0a4-90ac9304cc47 - - - - - -] 10.0.0.111 "GET /" status: 200 len: 136 microversion: 1.0
2026-07-14 00:43:15.840 7 INFO placement.requestlog [req-11180d3a-aa07-461c-9bec-97c5bcd4301b req-8f69670e-1044-4e87-9df4-10ff4c05109e 5be6538612374caab811c1a2a98b46ac 85372b344ba9464fb946a089645828ac - - 89848475928947a79c192012e3f1cd03 89848475928947a79c192012e3f1cd03] 199.204.45.227 "GET /resource_providers/9122e675-ce36-4af1-bf31-04498815b39d/allocations" status: 200 len: 353 microversion: 1.0 [pid: 7|app: 0|req: 593/1192] 199.204.45.227 () {32 vars in 857 bytes} [Tue Jul 14 00:43:15 2026] GET /resource_providers/9122e675-ce36-4af1-bf31-04498815b39d/allocations => generated 353 bytes in 16 msecs (HTTP/1.1 200) 6 headers in 224 bytes (1 switches on core 0)
2026-07-14 00:43:15.888 8 INFO placement.requestlog [req-11180d3a-aa07-461c-9bec-97c5bcd4301b req-56cb2786-fc51-4602-a9f8-512b4c89becd 5be6538612374caab811c1a2a98b46ac 85372b344ba9464fb946a089645828ac - - 89848475928947a79c192012e3f1cd03 89848475928947a79c192012e3f1cd03] 199.204.45.227 "GET /allocations/a37c59b6-75e3-4f6b-9748-b8e674a36a7d" status: 200 len: 258 microversion: 1.28 [pid: 8|app: 0|req: 600/1193] 199.204.45.227 () {34 vars in 863 bytes} [Tue Jul 14 00:43:15 2026] GET /allocations/a37c59b6-75e3-4f6b-9748-b8e674a36a7d => generated 258 bytes in 41 msecs (HTTP/1.1 200) 8 headers in 296 bytes (1 switches on core 0)
2026-07-14 00:43:15.912 7 INFO placement.requestlog [req-11180d3a-aa07-461c-9bec-97c5bcd4301b req-63cd2261-e572-4e17-80d5-4297b899afda 5be6538612374caab811c1a2a98b46ac 85372b344ba9464fb946a089645828ac - - 89848475928947a79c192012e3f1cd03 89848475928947a79c192012e3f1cd03] 199.204.45.227 "GET /allocations/ee78d0d4-6958-497b-9a77-b06a1f47f39a" status: 200 len: 258 microversion: 1.28 [pid: 7|app: 0|req: 594/1194] 199.204.45.227 () {34 vars in 863 bytes} [Tue Jul 14 00:43:15 2026] GET /allocations/ee78d0d4-6958-497b-9a77-b06a1f47f39a => generated 258 bytes in 14 msecs (HTTP/1.1 200) 8 headers in 296 bytes (1 switches on core 0)
2026-07-14 00:43:15.939 8 INFO placement.requestlog [req-11180d3a-aa07-461c-9bec-97c5bcd4301b req-8e5732bd-07db-4479-a5c1-80328ff6a791 5be6538612374caab811c1a2a98b46ac 85372b344ba9464fb946a089645828ac - - 89848475928947a79c192012e3f1cd03 89848475928947a79c192012e3f1cd03] 199.204.45.227 "GET /allocations/6a0717c5-4831-4ca9-874e-c0a3cca095a9" status: 200 len: 258 microversion: 1.28 [pid: 8|app: 0|req: 601/1195] 199.204.45.227 () {34 vars in 863 bytes} [Tue Jul 14 00:43:15 2026] GET /allocations/6a0717c5-4831-4ca9-874e-c0a3cca095a9 => generated 258 bytes in 17 msecs (HTTP/1.1 200) 8 headers in 296 bytes (1 switches on core 0)
2026-07-14 00:43:20.358 7 INFO placement.requestlog [req-f548271d-ded5-4c29-9a23-b9b8727ff77e req-9ac4fc62-8c17-4a1b-a712-42cffcbbfeb6 5be6538612374caab811c1a2a98b46ac 85372b344ba9464fb946a089645828ac - - 89848475928947a79c192012e3f1cd03 89848475928947a79c192012e3f1cd03] 10.0.0.119 "GET /allocation_candidates?limit=1000&resources=DISK_GB%3A1%2CMEMORY_MB%3A512%2CVCPU%3A1&root_required=%21COMPUTE_STATUS_DISABLED" status: 200 len: 2643 microversion: 1.36 [pid: 7|app: 0|req: 595/1196] 10.0.0.119 () {34 vars in 1012 bytes} [Tue Jul 14 00:43:20 2026] GET /allocation_candidates?limit=1000&resources=DISK_GB%3A1%2CMEMORY_MB%3A512%2CVCPU%3A1&root_required=%21COMPUTE_STATUS_DISABLED => generated 2643 bytes in 44 msecs (HTTP/1.1 200) 8 headers in 297 bytes (1 switches on core 0)
2026-07-14 00:43:20.389 8 INFO placement.requestlog [req-f548271d-ded5-4c29-9a23-b9b8727ff77e req-6b6399a1-10d5-4b1b-9ce9-6c9f8319d84c 5be6538612374caab811c1a2a98b46ac 85372b344ba9464fb946a089645828ac - - 89848475928947a79c192012e3f1cd03 89848475928947a79c192012e3f1cd03] 10.0.0.119 "GET /allocations/6725d460-185c-45f6-9680-745813ba178c" status: 200 len: 19 microversion: 1.28 [pid: 8|app: 0|req: 602/1197] 10.0.0.119 () {34 vars in 861 bytes} [Tue Jul 14 00:43:20 2026] GET /allocations/6725d460-185c-45f6-9680-745813ba178c => generated 19 bytes in 12 msecs (HTTP/1.1 200) 8 headers in 295 bytes (1 switches on core 0)
2026-07-14 00:43:20.464 7 INFO placement.requestlog [req-f548271d-ded5-4c29-9a23-b9b8727ff77e req-4ae95d34-748d-469c-bcad-42695f07cae6 5be6538612374caab811c1a2a98b46ac 85372b344ba9464fb946a089645828ac - - 89848475928947a79c192012e3f1cd03 89848475928947a79c192012e3f1cd03] 10.0.0.119 "PUT /allocations/6725d460-185c-45f6-9680-745813ba178c" status: 204 len: 0 microversion: 1.36 [pid: 7|app: 0|req: 596/1198] 10.0.0.119 () {38 vars in 914 bytes} [Tue Jul 14 00:43:20 2026] PUT /allocations/6725d460-185c-45f6-9680-745813ba178c => generated 0 bytes in 69 msecs (HTTP/1.1 204) 5 headers in 199 bytes (1 switches on core 0)
2026-07-14 00:43:21.977 8 INFO placement.requestlog [req-f548271d-ded5-4c29-9a23-b9b8727ff77e req-ce7628ee-4402-4ce7-b237-654215e14a22 5be6538612374caab811c1a2a98b46ac 85372b344ba9464fb946a089645828ac - - 89848475928947a79c192012e3f1cd03 89848475928947a79c192012e3f1cd03] 199.204.45.227 "GET /allocations/6725d460-185c-45f6-9680-745813ba178c" status: 200 len: 258 microversion: 1.28 [pid: 8|app: 0|req: 603/1199] 199.204.45.227 () {34 vars in 863 bytes} [Tue Jul 14 00:43:21 2026] GET /allocations/6725d460-185c-45f6-9680-745813ba178c => generated 258 bytes in 15 msecs (HTTP/1.1 200) 8 headers in 296 bytes (1 switches on core 0)
2026-07-14 00:43:23.020 7 INFO placement.requestlog [req-f548271d-ded5-4c29-9a23-b9b8727ff77e req-930a2386-9921-47a6-bbe2-e1692c42c674 5be6538612374caab811c1a2a98b46ac 85372b344ba9464fb946a089645828ac - - 89848475928947a79c192012e3f1cd03 89848475928947a79c192012e3f1cd03] 199.204.45.227 "GET /resource_providers/9122e675-ce36-4af1-bf31-04498815b39d/allocations" status: 200 len: 453 microversion: 1.0 [pid: 7|app: 0|req: 597/1200] 199.204.45.227 () {32 vars in 857 bytes} [Tue Jul 14 00:43:23 2026] GET /resource_providers/9122e675-ce36-4af1-bf31-04498815b39d/allocations => generated 453 bytes in 20 msecs (HTTP/1.1 200) 6 headers in 224 bytes (1 switches on core 0)
2026-07-14 00:43:23.046 8 INFO placement.requestlog [req-f548271d-ded5-4c29-9a23-b9b8727ff77e req-42904798-0653-41c1-883c-442cd7781bcf 5be6538612374caab811c1a2a98b46ac 85372b344ba9464fb946a089645828ac - - 89848475928947a79c192012e3f1cd03 89848475928947a79c192012e3f1cd03] 199.204.45.227 "GET /allocations/a37c59b6-75e3-4f6b-9748-b8e674a36a7d" status: 200 len: 258 microversion: 1.28 [pid: 8|app: 0|req: 604/1201] 199.204.45.227 () {34 vars in 863 bytes} [Tue Jul 14 00:43:23 2026] GET /allocations/a37c59b6-75e3-4f6b-9748-b8e674a36a7d => generated 258 bytes in 18 msecs (HTTP/1.1 200) 8 headers in 296 bytes (1 switches on core 0)
2026-07-14 00:43:23.074 7 INFO placement.requestlog [req-f548271d-ded5-4c29-9a23-b9b8727ff77e req-b9a2b490-c6a3-4d03-ac46-087d5294eee4 5be6538612374caab811c1a2a98b46ac 85372b344ba9464fb946a089645828ac - - 89848475928947a79c192012e3f1cd03 89848475928947a79c192012e3f1cd03] 199.204.45.227 "GET /allocations/ee78d0d4-6958-497b-9a77-b06a1f47f39a" status: 200 len: 258 microversion: 1.28 [pid: 7|app: 0|req: 598/1202] 199.204.45.227 () {34 vars in 863 bytes} [Tue Jul 14 00:43:23 2026] GET /allocations/ee78d0d4-6958-497b-9a77-b06a1f47f39a => generated 258 bytes in 22 msecs (HTTP/1.1 200) 8 headers in 296 bytes (1 switches on core 0)
2026-07-14 00:43:23.091 8 INFO placement.requestlog [req-f548271d-ded5-4c29-9a23-b9b8727ff77e req-07e8711e-2f8b-4a27-8796-9229ba69f335 5be6538612374caab811c1a2a98b46ac 85372b344ba9464fb946a089645828ac - - 89848475928947a79c192012e3f1cd03 89848475928947a79c192012e3f1cd03] 199.204.45.227 "GET /allocations/6725d460-185c-45f6-9680-745813ba178c" status: 200 len: 258 microversion: 1.28 [pid: 8|app: 0|req: 605/1203] 199.204.45.227 () {34 vars in 863 bytes} [Tue Jul 14 00:43:23 2026] GET /allocations/6725d460-185c-45f6-9680-745813ba178c => generated 258 bytes in 12 msecs (HTTP/1.1 200) 8 headers in 296 bytes (1 switches on core 0)
2026-07-14 00:43:23.105 7 INFO placement.requestlog [req-f548271d-ded5-4c29-9a23-b9b8727ff77e req-b14b5f8f-53a4-4253-b2fe-5e3990555861 5be6538612374caab811c1a2a98b46ac 85372b344ba9464fb946a089645828ac - - 89848475928947a79c192012e3f1cd03 89848475928947a79c192012e3f1cd03] 199.204.45.227 "GET /allocations/6a0717c5-4831-4ca9-874e-c0a3cca095a9" status: 200 len: 258 microversion: 1.28 [pid: 7|app: 0|req: 599/1204] 199.204.45.227 () {34 vars in 863 bytes} [Tue Jul 14 00:43:23 2026] GET /allocations/6a0717c5-4831-4ca9-874e-c0a3cca095a9 => generated 258 bytes in 8 msecs (HTTP/1.1 200) 8 headers in 296 bytes (1 switches on core 0)
2026-07-14 00:43:25.117 7 INFO placement.requestlog [None req-1bb9a494-056c-4a75-806c-5384be2a8622 - - - - - -] 10.0.0.111 "GET /" status: 200 len: 136 microversion: 1.0
2026-07-14 00:43:25.117 8 INFO placement.requestlog [None req-59b3f191-f330-409d-8b94-6f2722b9b1ed - - - - - -] 10.0.0.111 "GET /" status: 200 len: 136 microversion: 1.0
2026-07-14 00:43:25.176 7 INFO placement.requestlog [req-13547750-9f69-45b8-848c-d98dfa2b4f20 req-8c686b2f-91f9-480a-b6d3-4a4952c1fb2d 5be6538612374caab811c1a2a98b46ac 85372b344ba9464fb946a089645828ac - - 89848475928947a79c192012e3f1cd03 89848475928947a79c192012e3f1cd03] 199.204.45.227 "GET /resource_providers/9122e675-ce36-4af1-bf31-04498815b39d/allocations" status: 200 len: 453 microversion: 1.0 [pid: 7|app: 0|req: 601/1207] 199.204.45.227 () {32 vars in 857 bytes} [Tue Jul 14 00:43:25 2026] GET /resource_providers/9122e675-ce36-4af1-bf31-04498815b39d/allocations => generated 453 bytes in 20 msecs (HTTP/1.1 200) 6 headers in 224 bytes (1 switches on core 0)
2026-07-14 00:43:25.207 8 INFO placement.requestlog [req-13547750-9f69-45b8-848c-d98dfa2b4f20 req-fbd9d6b8-02fb-4769-96cf-e6f381e838e7 5be6538612374caab811c1a2a98b46ac 85372b344ba9464fb946a089645828ac - - 89848475928947a79c192012e3f1cd03 89848475928947a79c192012e3f1cd03] 199.204.45.227 "GET /resource_providers/9122e675-ce36-4af1-bf31-04498815b39d/allocations" status: 200 len: 453 microversion: 1.0 [pid: 8|app: 0|req: 607/1208] 199.204.45.227 () {32 vars in 857 bytes} [Tue Jul 14 00:43:25 2026] GET /resource_providers/9122e675-ce36-4af1-bf31-04498815b39d/allocations => generated 453 bytes in 25 msecs (HTTP/1.1 200) 6 headers in 224 bytes (1 switches on core 0)
2026-07-14 00:43:25.227 7 INFO placement.requestlog [req-13547750-9f69-45b8-848c-d98dfa2b4f20 req-1907da3f-e7f5-4ec4-a4f8-bb24aa0f2b7e 5be6538612374caab811c1a2a98b46ac 85372b344ba9464fb946a089645828ac - - 89848475928947a79c192012e3f1cd03 89848475928947a79c192012e3f1cd03] 199.204.45.227 "GET /allocations/a37c59b6-75e3-4f6b-9748-b8e674a36a7d" status: 200 len: 258 microversion: 1.28 [pid: 7|app: 0|req: 602/1209] 199.204.45.227 () {34 vars in 863 bytes} [Tue Jul 14 00:43:25 2026] GET /allocations/a37c59b6-75e3-4f6b-9748-b8e674a36a7d => generated 258 bytes in 13 msecs (HTTP/1.1 200) 8 headers in 296 bytes (1 switches on core 0)
2026-07-14 00:43:25.252 8 INFO placement.requestlog [req-13547750-9f69-45b8-848c-d98dfa2b4f20 req-b504bddb-f67c-49e5-b266-ac54489134f1 5be6538612374caab811c1a2a98b46ac 85372b344ba9464fb946a089645828ac - - 89848475928947a79c192012e3f1cd03 89848475928947a79c192012e3f1cd03] 199.204.45.227 "GET /allocations/ee78d0d4-6958-497b-9a77-b06a1f47f39a" status: 200 len: 258 microversion: 1.28 [pid: 8|app: 0|req: 608/1210] 199.204.45.227 () {34 vars in 863 bytes} [Tue Jul 14 00:43:25 2026] GET /allocations/ee78d0d4-6958-497b-9a77-b06a1f47f39a => generated 258 bytes in 18 msecs (HTTP/1.1 200) 8 headers in 296 bytes (1 switches on core 0)
2026-07-14 00:43:25.271 7 INFO placement.requestlog [req-13547750-9f69-45b8-848c-d98dfa2b4f20 req-4bfe75e7-cd41-441a-a4c2-0e3fea9abbbb 5be6538612374caab811c1a2a98b46ac 85372b344ba9464fb946a089645828ac - - 89848475928947a79c192012e3f1cd03 89848475928947a79c192012e3f1cd03] 199.204.45.227 "GET /allocations/6725d460-185c-45f6-9680-745813ba178c" status: 200 len: 258 microversion: 1.28 [pid: 7|app: 0|req: 603/1211] 199.204.45.227 () {34 vars in 863 bytes} [Tue Jul 14 00:43:25 2026] GET /allocations/6725d460-185c-45f6-9680-745813ba178c => generated 258 bytes in 12 msecs (HTTP/1.1 200) 8 headers in 296 bytes (1 switches on core 0)
2026-07-14 00:43:25.296 8 INFO placement.requestlog [req-13547750-9f69-45b8-848c-d98dfa2b4f20 req-3b49a94e-1173-4caf-a67b-58e86c574dae 5be6538612374caab811c1a2a98b46ac 85372b344ba9464fb946a089645828ac - - 89848475928947a79c192012e3f1cd03 89848475928947a79c192012e3f1cd03] 199.204.45.227 "GET /allocations/6a0717c5-4831-4ca9-874e-c0a3cca095a9" status: 200 len: 258 microversion: 1.28 [pid: 8|app: 0|req: 609/1212] 199.204.45.227 () {34 vars in 863 bytes} [Tue Jul 14 00:43:25 2026] GET /allocations/6a0717c5-4831-4ca9-874e-c0a3cca095a9 => generated 258 bytes in 23 msecs (HTTP/1.1 200) 8 headers in 296 bytes (1 switches on core 0)
2026-07-14 00:43:35.123 8 INFO placement.requestlog [None req-7c2dc2a1-ce22-4106-97ff-14657d986e16 - - - - - -] 10.0.0.111 "GET /" status: 200 len: 136 microversion: 1.0
2026-07-14 00:43:35.125 7 INFO placement.requestlog [None req-b64535fa-a71b-415b-8724-3899c42f28bb - - - - - -] 10.0.0.111 "GET /" status: 200 len: 136 microversion: 1.0
2026-07-14 00:43:45.116 8 INFO placement.requestlog [None req-fd0a45c4-da6e-44ec-beb0-6acb7d90f037 - - - - - -] 10.0.0.111 "GET /" status: 200 len: 136 microversion: 1.0
2026-07-14 00:43:45.117 7 INFO placement.requestlog [None req-a3617564-ff85-40f5-a1d4-b55a3e5dff0a - - - - - -] 10.0.0.111 "GET /" status: 200 len: 136 microversion: 1.0
2026-07-14 00:43:51.554 8 INFO placement.requestlog [req-ba1c6192-b810-4fc9-b48c-9a779ae2697d req-ebe7f04e-0bca-404a-aa6a-3ed29aae565f 5be6538612374caab811c1a2a98b46ac 85372b344ba9464fb946a089645828ac - - 89848475928947a79c192012e3f1cd03 89848475928947a79c192012e3f1cd03] 199.204.45.227 "GET /resource_providers/9122e675-ce36-4af1-bf31-04498815b39d/allocations" status: 200 len: 453 microversion: 1.0 [pid: 8|app: 0|req: 612/1217] 199.204.45.227 () {32 vars in 857 bytes} [Tue Jul 14 00:43:51 2026] GET /resource_providers/9122e675-ce36-4af1-bf31-04498815b39d/allocations => generated 453 bytes in 20 msecs (HTTP/1.1 200) 6 headers in 224 bytes (1 switches on core 0)
2026-07-14 00:43:51.581 7 INFO placement.requestlog [req-ba1c6192-b810-4fc9-b48c-9a779ae2697d req-bee11893-baaa-4d86-923c-ac5163c35825 5be6538612374caab811c1a2a98b46ac 85372b344ba9464fb946a089645828ac - - 89848475928947a79c192012e3f1cd03 89848475928947a79c192012e3f1cd03] 199.204.45.227 "GET /allocations/a37c59b6-75e3-4f6b-9748-b8e674a36a7d" status: 200 len: 258 microversion: 1.28 [pid: 7|app: 0|req: 606/1218] 199.204.45.227 () {34 vars in 863 bytes} [Tue Jul 14 00:43:51 2026] GET /allocations/a37c59b6-75e3-4f6b-9748-b8e674a36a7d => generated 258 bytes in 19 msecs (HTTP/1.1 200) 8 headers in 296 bytes (1 switches on core 0)
2026-07-14 00:43:51.609 8 INFO placement.requestlog [req-ba1c6192-b810-4fc9-b48c-9a779ae2697d req-62fdf35b-a38f-4e2f-b194-240c72a3b15f 5be6538612374caab811c1a2a98b46ac 85372b344ba9464fb946a089645828ac - - 89848475928947a79c192012e3f1cd03 89848475928947a79c192012e3f1cd03] 199.204.45.227 "GET /allocations/ee78d0d4-6958-497b-9a77-b06a1f47f39a" status: 200 len: 258 microversion: 1.28 [pid: 8|app: 0|req: 613/1219] 199.204.45.227 () {34 vars in 863 bytes} [Tue Jul 14 00:43:51 2026] GET /allocations/ee78d0d4-6958-497b-9a77-b06a1f47f39a => generated 258 bytes in 18 msecs (HTTP/1.1 200) 8 headers in 296 bytes (1 switches on core 0)
2026-07-14 00:43:51.627 7 INFO placement.requestlog [req-ba1c6192-b810-4fc9-b48c-9a779ae2697d req-ab4ed722-45d8-4c6d-8c06-785a3bebabf5 5be6538612374caab811c1a2a98b46ac 85372b344ba9464fb946a089645828ac - - 89848475928947a79c192012e3f1cd03 89848475928947a79c192012e3f1cd03] 199.204.45.227 "GET /allocations/6725d460-185c-45f6-9680-745813ba178c" status: 200 len: 258 microversion: 1.28 [pid: 7|app: 0|req: 607/1220] 199.204.45.227 () {34 vars in 863 bytes} [Tue Jul 14 00:43:51 2026] GET /allocations/6725d460-185c-45f6-9680-745813ba178c => generated 258 bytes in 12 msecs (HTTP/1.1 200) 8 headers in 296 bytes (1 switches on core 0)
2026-07-14 00:43:51.650 8 INFO placement.requestlog [req-ba1c6192-b810-4fc9-b48c-9a779ae2697d req-0b8cb684-6147-4522-9949-e4d11ee33f98 5be6538612374caab811c1a2a98b46ac 85372b344ba9464fb946a089645828ac - - 89848475928947a79c192012e3f1cd03 89848475928947a79c192012e3f1cd03] 199.204.45.227 "GET /allocations/6a0717c5-4831-4ca9-874e-c0a3cca095a9" status: 200 len: 258 microversion: 1.28 [pid: 8|app: 0|req: 614/1221] 199.204.45.227 () {34 vars in 863 bytes} [Tue Jul 14 00:43:51 2026] GET /allocations/6a0717c5-4831-4ca9-874e-c0a3cca095a9 => generated 258 bytes in 17 msecs (HTTP/1.1 200) 8 headers in 296 bytes (1 switches on core 0)
2026-07-14 00:43:52.700 7 INFO placement.requestlog [req-ba1c6192-b810-4fc9-b48c-9a779ae2697d req-f4eb06e7-ffeb-4564-a7d2-5d61409221c2 5be6538612374caab811c1a2a98b46ac 85372b344ba9464fb946a089645828ac - - 89848475928947a79c192012e3f1cd03 89848475928947a79c192012e3f1cd03] 199.204.45.227 "DELETE /allocations/a37c59b6-75e3-4f6b-9748-b8e674a36a7d" status: 204 len: 0 microversion: 1.0 [pid: 7|app: 0|req: 608/1222] 199.204.45.227 () {34 vars in 841 bytes} [Tue Jul 14 00:43:52 2026] DELETE /allocations/a37c59b6-75e3-4f6b-9748-b8e674a36a7d => generated 0 bytes in 18 msecs (HTTP/1.1 204) 5 headers in 198 bytes (1 switches on core 0)
2026-07-14 00:43:55.117 7 INFO placement.requestlog [None req-f83e1298-e0b2-4f2e-9a0e-cde9d807de17 - - - - - -] 10.0.0.111 "GET /" status: 200 len: 136 microversion: 1.0
2026-07-14 00:43:55.117 8 INFO placement.requestlog [None req-939db674-40c0-4d23-aec1-c5d0e52a84db - - - - - -] 10.0.0.111 "GET /" status: 200 len: 136 microversion: 1.0
2026-07-14 00:43:58.732 7 INFO placement.requestlog [req-ef585e7c-efab-49dd-9cb1-567b70ebc739 req-4e00349c-26fe-4dd1-9c8c-844bdd13d6ed 5be6538612374caab811c1a2a98b46ac 85372b344ba9464fb946a089645828ac - - 89848475928947a79c192012e3f1cd03 89848475928947a79c192012e3f1cd03] 199.204.45.227 "GET /resource_providers/9122e675-ce36-4af1-bf31-04498815b39d/allocations" status: 200 len: 353 microversion: 1.0 [pid: 7|app: 0|req: 610/1225] 199.204.45.227 () {32 vars in 857 bytes} [Tue Jul 14 00:43:58 2026] GET /resource_providers/9122e675-ce36-4af1-bf31-04498815b39d/allocations => generated 353 bytes in 19 msecs (HTTP/1.1 200) 6 headers in 224 bytes (1 switches on core 0)
2026-07-14 00:43:58.756 8 INFO placement.requestlog [req-ef585e7c-efab-49dd-9cb1-567b70ebc739 req-4d584c04-2264-4bc2-b455-1163f53915bb 5be6538612374caab811c1a2a98b46ac 85372b344ba9464fb946a089645828ac - - 89848475928947a79c192012e3f1cd03 89848475928947a79c192012e3f1cd03] 199.204.45.227 "GET /allocations/ee78d0d4-6958-497b-9a77-b06a1f47f39a" status: 200 len: 258 microversion: 1.28 [pid: 8|app: 0|req: 616/1226] 199.204.45.227 () {34 vars in 863 bytes} [Tue Jul 14 00:43:58 2026] GET /allocations/ee78d0d4-6958-497b-9a77-b06a1f47f39a => generated 258 bytes in 17 msecs (HTTP/1.1 200) 8 headers in 296 bytes (1 switches on core 0)
2026-07-14 00:43:58.778 7 INFO placement.requestlog [req-ef585e7c-efab-49dd-9cb1-567b70ebc739 req-f5f5b2c0-1c84-4740-9ce7-ce167cbe39ab 5be6538612374caab811c1a2a98b46ac 85372b344ba9464fb946a089645828ac - - 89848475928947a79c192012e3f1cd03 89848475928947a79c192012e3f1cd03] 199.204.45.227 "GET /allocations/6725d460-185c-45f6-9680-745813ba178c" status: 200 len: 258 microversion: 1.28 [pid: 7|app: 0|req: 611/1227] 199.204.45.227 () {34 vars in 863 bytes} [Tue Jul 14 00:43:58 2026] GET /allocations/6725d460-185c-45f6-9680-745813ba178c => generated 258 bytes in 14 msecs (HTTP/1.1 200) 8 headers in 296 bytes (1 switches on core 0)
2026-07-14 00:43:58.797 8 INFO placement.requestlog [req-ef585e7c-efab-49dd-9cb1-567b70ebc739 req-4d347f10-a409-4b7c-a316-fb9debbee01f 5be6538612374caab811c1a2a98b46ac 85372b344ba9464fb946a089645828ac - - 89848475928947a79c192012e3f1cd03 89848475928947a79c192012e3f1cd03] 199.204.45.227 "GET /allocations/6a0717c5-4831-4ca9-874e-c0a3cca095a9" status: 200 len: 258 microversion: 1.28 [pid: 8|app: 0|req: 617/1228] 199.204.45.227 () {34 vars in 863 bytes} [Tue Jul 14 00:43:58 2026] GET /allocations/6a0717c5-4831-4ca9-874e-c0a3cca095a9 => generated 258 bytes in 14 msecs (HTTP/1.1 200) 8 headers in 296 bytes (1 switches on core 0)
2026-07-14 00:43:59.846 7 INFO placement.requestlog [req-ef585e7c-efab-49dd-9cb1-567b70ebc739 req-b0f1191a-520a-4d9d-afb3-170ce99c75ca 5be6538612374caab811c1a2a98b46ac 85372b344ba9464fb946a089645828ac - - 89848475928947a79c192012e3f1cd03 89848475928947a79c192012e3f1cd03] 199.204.45.227 "DELETE /allocations/ee78d0d4-6958-497b-9a77-b06a1f47f39a" status: 204 len: 0 microversion: 1.0 [pid: 7|app: 0|req: 612/1229] 199.204.45.227 () {34 vars in 841 bytes} [Tue Jul 14 00:43:59 2026] DELETE /allocations/ee78d0d4-6958-497b-9a77-b06a1f47f39a => generated 0 bytes in 22 msecs (HTTP/1.1 204) 5 headers in 198 bytes (1 switches on core 0)
2026-07-14 00:44:03.566 7 INFO placement.requestlog [None req-97aef852-ca01-445b-96bf-f937ac325b06 f5e184916b8e4571bc6c3d68393f5f0f 85372b344ba9464fb946a089645828ac - - 89848475928947a79c192012e3f1cd03 89848475928947a79c192012e3f1cd03] 10.0.0.19 "GET /resource_providers/67f62cf7-6621-42e8-a581-287fcffc5b57/aggregates" status: 404 len: 235 microversion: 1.1 [pid: 7|app: 0|req: 613/1230] 10.0.0.19 () {32 vars in 815 bytes} [Tue Jul 14 00:44:03 2026] GET /resource_providers/67f62cf7-6621-42e8-a581-287fcffc5b57/aggregates => generated 235 bytes in 137 msecs (HTTP/1.1 404) 5 headers in 202 bytes (1 switches on core 0)
2026-07-14 00:44:03.574 8 INFO placement.requestlog [None req-19a21c1b-5716-4a05-a02c-005d67b0637c f5e184916b8e4571bc6c3d68393f5f0f 85372b344ba9464fb946a089645828ac - - 89848475928947a79c192012e3f1cd03 89848475928947a79c192012e3f1cd03] 10.0.0.19 "GET /resource_providers/67f62cf7-6621-42e8-a581-287fcffc5b57/aggregates" status: 404 len: 235 microversion: 1.1 [pid: 8|app: 0|req: 618/1231] 10.0.0.19 () {32 vars in 815 bytes} [Tue Jul 14 00:44:03 2026] GET /resource_providers/67f62cf7-6621-42e8-a581-287fcffc5b57/aggregates => generated 235 bytes in 150 msecs (HTTP/1.1 404) 5 headers in 202 bytes (1 switches on core 0)
2026-07-14 00:44:03.589 7 INFO placement.requestlog [None req-8707f59e-115c-440d-8b73-8c58737b21c3 f5e184916b8e4571bc6c3d68393f5f0f 85372b344ba9464fb946a089645828ac - - 89848475928947a79c192012e3f1cd03 89848475928947a79c192012e3f1cd03] 10.0.0.19 "DELETE /resource_providers/67f62cf7-6621-42e8-a581-287fcffc5b57" status: 404 len: 246 microversion: 1.1 [pid: 7|app: 0|req: 614/1232] 10.0.0.19 () {34 vars in 815 bytes} [Tue Jul 14 00:44:03 2026] DELETE /resource_providers/67f62cf7-6621-42e8-a581-287fcffc5b57 => generated 246 bytes in 10 msecs (HTTP/1.1 404) 6 headers in 231 bytes (1 switches on core 0)
2026-07-14 00:44:03.592 8 INFO placement.requestlog [None req-2d378cb6-6cea-44f1-91d0-bc892db3e876 f5e184916b8e4571bc6c3d68393f5f0f 85372b344ba9464fb946a089645828ac - - 89848475928947a79c192012e3f1cd03 89848475928947a79c192012e3f1cd03] 10.0.0.19 "DELETE /resource_providers/67f62cf7-6621-42e8-a581-287fcffc5b57" status: 404 len: 246 microversion: 1.1 [pid: 8|app: 0|req: 619/1233] 10.0.0.19 () {34 vars in 815 bytes} [Tue Jul 14 00:44:03 2026] DELETE /resource_providers/67f62cf7-6621-42e8-a581-287fcffc5b57 => generated 246 bytes in 9 msecs (HTTP/1.1 404) 6 headers in 231 bytes (1 switches on core 0)
2026-07-14 00:44:03.840 8 INFO placement.requestlog [None req-72c4a13d-2040-459e-91ec-0c92c1994c80 f5e184916b8e4571bc6c3d68393f5f0f 85372b344ba9464fb946a089645828ac - - 89848475928947a79c192012e3f1cd03 89848475928947a79c192012e3f1cd03] 10.0.0.19 "GET /resource_providers/fe665419-f3e5-4216-a614-fd8c630d854a/aggregates" status: 404 len: 235 microversion: 1.1 [pid: 8|app: 0|req: 620/1234] 10.0.0.19 () {32 vars in 815 bytes} [Tue Jul 14 00:44:03 2026] GET /resource_providers/fe665419-f3e5-4216-a614-fd8c630d854a/aggregates => generated 235 bytes in 55 msecs (HTTP/1.1 404) 5 headers in 202 bytes (1 switches on core 0)
2026-07-14 00:44:03.843 7 INFO placement.requestlog [None req-26e6d0d5-c118-4123-9115-49a1c4c1bffa f5e184916b8e4571bc6c3d68393f5f0f 85372b344ba9464fb946a089645828ac - - 89848475928947a79c192012e3f1cd03 89848475928947a79c192012e3f1cd03] 10.0.0.19 "GET /resource_providers/fe665419-f3e5-4216-a614-fd8c630d854a/aggregates" status: 404 len: 235 microversion: 1.1 [pid: 7|app: 0|req: 615/1235] 10.0.0.19 () {32 vars in 815 bytes} [Tue Jul 14 00:44:03 2026] GET /resource_providers/fe665419-f3e5-4216-a614-fd8c630d854a/aggregates => generated 235 bytes in 60 msecs (HTTP/1.1 404) 5 headers in 202 bytes (1 switches on core 0)
2026-07-14 00:44:03.855 8 INFO placement.requestlog [None req-1c50d029-69dd-4cb8-9af1-a53f76f8edba f5e184916b8e4571bc6c3d68393f5f0f 85372b344ba9464fb946a089645828ac - - 89848475928947a79c192012e3f1cd03 89848475928947a79c192012e3f1cd03] 10.0.0.19 "DELETE /resource_providers/fe665419-f3e5-4216-a614-fd8c630d854a" status: 404 len: 246 microversion: 1.1
