2026-07-24 11:16:15.917 8 INFO placement.requestlog [None req-825bf6ab-b1f6-4415-b210-828d2baef41e 4ab46800ac70451fb19a9e1edc502e70 9586edb65ecc4df188f5f6a683977776 - - 199894ad3c844decade49481d09125e7 199894ad3c844decade49481d09125e7] 10.0.0.152 "GET /resource_providers/9cc815f5-5038-46ca-99ce-daefb62e8c78/aggregates" status: 404 len: 235 microversion: 1.1 [pid: 8|app: 0|req: 338/675] 10.0.0.152 () {32 vars in 825 bytes} [Fri Jul 24 11:16:15 2026] GET /resource_providers/9cc815f5-5038-46ca-99ce-daefb62e8c78/aggregates => generated 235 bytes in 22 msecs (HTTP/1.1 404) 5 headers in 202 bytes (1 switches on core 0)
2026-07-24 11:16:15.938 7 INFO placement.requestlog [None req-466131cd-adba-4ac0-a7be-decc7dfd3a57 4ab46800ac70451fb19a9e1edc502e70 9586edb65ecc4df188f5f6a683977776 - - 199894ad3c844decade49481d09125e7 199894ad3c844decade49481d09125e7] 10.0.0.152 "DELETE /resource_providers/9cc815f5-5038-46ca-99ce-daefb62e8c78" status: 404 len: 246 microversion: 1.1 [pid: 7|app: 0|req: 338/676] 10.0.0.152 () {34 vars in 825 bytes} [Fri Jul 24 11:16:15 2026] DELETE /resource_providers/9cc815f5-5038-46ca-99ce-daefb62e8c78 => generated 246 bytes in 14 msecs (HTTP/1.1 404) 6 headers in 231 bytes (1 switches on core 0)
2026-07-24 11:16:15.944 8 INFO placement.requestlog [None req-17f5be21-43fe-4a12-93d6-d44ac2ee9a1f 4ab46800ac70451fb19a9e1edc502e70 9586edb65ecc4df188f5f6a683977776 - - 199894ad3c844decade49481d09125e7 199894ad3c844decade49481d09125e7] 10.0.0.152 "DELETE /resource_providers/9cc815f5-5038-46ca-99ce-daefb62e8c78" status: 404 len: 246 microversion: 1.1 [pid: 8|app: 0|req: 339/677] 10.0.0.152 () {34 vars in 825 bytes} [Fri Jul 24 11:16:15 2026] DELETE /resource_providers/9cc815f5-5038-46ca-99ce-daefb62e8c78 => generated 246 bytes in 14 msecs (HTTP/1.1 404) 6 headers in 231 bytes (1 switches on core 0)
2026-07-24 11:16:17.010 8 INFO placement.requestlog [None req-7e75f7ef-f0b8-4837-9f19-c0fc9aae3e6d 4ab46800ac70451fb19a9e1edc502e70 9586edb65ecc4df188f5f6a683977776 - - 199894ad3c844decade49481d09125e7 199894ad3c844decade49481d09125e7] 10.0.0.152 "GET /resource_providers/b4e39cb4-63af-4061-a7a9-957a6df3da17/aggregates" status: 404 len: 235 microversion: 1.1 [pid: 8|app: 0|req: 340/678] 10.0.0.152 () {32 vars in 825 bytes} [Fri Jul 24 11:16:16 2026] GET /resource_providers/b4e39cb4-63af-4061-a7a9-957a6df3da17/aggregates => generated 235 bytes in 17 msecs (HTTP/1.1 404) 5 headers in 202 bytes (1 switches on core 0)
2026-07-24 11:16:17.016 7 INFO placement.requestlog [None req-86baaa8b-e519-41e6-9bf2-41d3be17a7ec 4ab46800ac70451fb19a9e1edc502e70 9586edb65ecc4df188f5f6a683977776 - - 199894ad3c844decade49481d09125e7 199894ad3c844decade49481d09125e7] 10.0.0.152 "GET /resource_providers/b4e39cb4-63af-4061-a7a9-957a6df3da17/aggregates" status: 404 len: 235 microversion: 1.1 [pid: 7|app: 0|req: 339/679] 10.0.0.152 () {32 vars in 825 bytes} [Fri Jul 24 11:16:16 2026] GET /resource_providers/b4e39cb4-63af-4061-a7a9-957a6df3da17/aggregates => generated 235 bytes in 24 msecs (HTTP/1.1 404) 5 headers in 202 bytes (1 switches on core 0)
2026-07-24 11:16:17.044 7 INFO placement.requestlog [None req-1679e786-f2fb-4c9f-bf17-c1a7bae702b7 4ab46800ac70451fb19a9e1edc502e70 9586edb65ecc4df188f5f6a683977776 - - 199894ad3c844decade49481d09125e7 199894ad3c844decade49481d09125e7] 10.0.0.152 "DELETE /resource_providers/b4e39cb4-63af-4061-a7a9-957a6df3da17" status: 404 len: 246 microversion: 1.1 [pid: 7|app: 0|req: 340/680] 10.0.0.152 () {34 vars in 825 bytes} [Fri Jul 24 11:16:17 2026] DELETE /resource_providers/b4e39cb4-63af-4061-a7a9-957a6df3da17 => generated 246 bytes in 13 msecs (HTTP/1.1 404) 6 headers in 231 bytes (1 switches on core 0)
2026-07-24 11:16:17.053 8 INFO placement.requestlog [None req-f2b91f8e-d04c-4be4-ac67-535186050b31 4ab46800ac70451fb19a9e1edc502e70 9586edb65ecc4df188f5f6a683977776 - - 199894ad3c844decade49481d09125e7 199894ad3c844decade49481d09125e7] 10.0.0.152 "DELETE /resource_providers/b4e39cb4-63af-4061-a7a9-957a6df3da17" status: 404 len: 246 microversion: 1.1 [pid: 8|app: 0|req: 341/681] 10.0.0.152 () {34 vars in 825 bytes} [Fri Jul 24 11:16:17 2026] DELETE /resource_providers/b4e39cb4-63af-4061-a7a9-957a6df3da17 => generated 246 bytes in 23 msecs (HTTP/1.1 404) 6 headers in 231 bytes (1 switches on core 0)
2026-07-24 11:16:18.544 7 INFO placement.requestlog [req-dee4dee5-1896-4549-bdb7-fe3d6e995b72 req-fb55b0c7-9507-4875-96be-13ef5d9b73e3 0143ea95a7794aceb02b9152b0196568 9586edb65ecc4df188f5f6a683977776 - - 199894ad3c844decade49481d09125e7 199894ad3c844decade49481d09125e7] 199.19.213.12 "GET /resource_providers/d85baf50-7041-43db-a8aa-2da51e32ba11/allocations" status: 200 len: 252 microversion: 1.0 [pid: 7|app: 0|req: 341/682] 199.19.213.12 () {32 vars in 856 bytes} [Fri Jul 24 11:16:18 2026] GET /resource_providers/d85baf50-7041-43db-a8aa-2da51e32ba11/allocations => generated 252 bytes in 16 msecs (HTTP/1.1 200) 6 headers in 224 bytes (1 switches on core 0)
2026-07-24 11:16:18.567 8 INFO placement.requestlog [req-dee4dee5-1896-4549-bdb7-fe3d6e995b72 req-b3c68d4e-111a-4725-b021-ed2e7c3ff614 0143ea95a7794aceb02b9152b0196568 9586edb65ecc4df188f5f6a683977776 - - 199894ad3c844decade49481d09125e7 199894ad3c844decade49481d09125e7] 199.19.213.12 "GET /allocations/d5235763-087d-40f0-9e9d-8ef81f7883dc" status: 200 len: 257 microversion: 1.28 [pid: 8|app: 0|req: 342/683] 199.19.213.12 () {34 vars in 862 bytes} [Fri Jul 24 11:16:18 2026] GET /allocations/d5235763-087d-40f0-9e9d-8ef81f7883dc => generated 257 bytes in 15 msecs (HTTP/1.1 200) 8 headers in 296 bytes (1 switches on core 0)
2026-07-24 11:16:18.591 7 INFO placement.requestlog [req-dee4dee5-1896-4549-bdb7-fe3d6e995b72 req-3d25d09c-568f-4a7e-a8aa-589b496aeccd 0143ea95a7794aceb02b9152b0196568 9586edb65ecc4df188f5f6a683977776 - - 199894ad3c844decade49481d09125e7 199894ad3c844decade49481d09125e7] 199.19.213.12 "GET /allocations/9e6089ef-280c-47df-b5a6-1bc465903117" status: 200 len: 257 microversion: 1.28 [pid: 7|app: 0|req: 342/684] 199.19.213.12 () {34 vars in 862 bytes} [Fri Jul 24 11:16:18 2026] GET /allocations/9e6089ef-280c-47df-b5a6-1bc465903117 => generated 257 bytes in 15 msecs (HTTP/1.1 200) 8 headers in 296 bytes (1 switches on core 0)
2026-07-24 11:16:18.689 8 INFO placement.requestlog [req-dee4dee5-1896-4549-bdb7-fe3d6e995b72 req-0c2f24c6-e545-4a76-872c-c2c4ca555a37 0143ea95a7794aceb02b9152b0196568 9586edb65ecc4df188f5f6a683977776 - - 199894ad3c844decade49481d09125e7 199894ad3c844decade49481d09125e7] 199.19.213.12 "DELETE /allocations/9e6089ef-280c-47df-b5a6-1bc465903117" status: 204 len: 0 microversion: 1.0 [pid: 8|app: 0|req: 343/685] 199.19.213.12 () {34 vars in 840 bytes} [Fri Jul 24 11:16:18 2026] DELETE /allocations/9e6089ef-280c-47df-b5a6-1bc465903117 => generated 0 bytes in 36 msecs (HTTP/1.1 204) 5 headers in 198 bytes (1 switches on core 0)
2026-07-24 11:16:20.377 8 INFO placement.requestlog [None req-e5f251d7-d240-4419-a6bb-3cc449b48326 4ab46800ac70451fb19a9e1edc502e70 9586edb65ecc4df188f5f6a683977776 - - 199894ad3c844decade49481d09125e7 199894ad3c844decade49481d09125e7] 10.0.0.152 "GET /resource_providers/1e534c6a-5e78-4012-af94-062f465d2724/aggregates" status: 404 len: 235 microversion: 1.1 [pid: 8|app: 0|req: 344/686] 10.0.0.152 () {32 vars in 825 bytes} [Fri Jul 24 11:16:20 2026] GET /resource_providers/1e534c6a-5e78-4012-af94-062f465d2724/aggregates => generated 235 bytes in 11 msecs (HTTP/1.1 404) 5 headers in 202 bytes (1 switches on core 0)
2026-07-24 11:16:20.391 7 INFO placement.requestlog [None req-203af2ee-ec5f-40db-b09f-fe3c941a884e 4ab46800ac70451fb19a9e1edc502e70 9586edb65ecc4df188f5f6a683977776 - - 199894ad3c844decade49481d09125e7 199894ad3c844decade49481d09125e7] 10.0.0.152 "GET /resource_providers/1e534c6a-5e78-4012-af94-062f465d2724/aggregates" status: 404 len: 235 microversion: 1.1 [pid: 7|app: 0|req: 343/687] 10.0.0.152 () {32 vars in 825 bytes} [Fri Jul 24 11:16:20 2026] GET /resource_providers/1e534c6a-5e78-4012-af94-062f465d2724/aggregates => generated 235 bytes in 25 msecs (HTTP/1.1 404) 5 headers in 202 bytes (1 switches on core 0)
2026-07-24 11:16:20.414 8 INFO placement.requestlog [None req-3dc57435-a360-4e5c-8086-e5fb4c392bed 4ab46800ac70451fb19a9e1edc502e70 9586edb65ecc4df188f5f6a683977776 - - 199894ad3c844decade49481d09125e7 199894ad3c844decade49481d09125e7] 10.0.0.152 "DELETE /resource_providers/1e534c6a-5e78-4012-af94-062f465d2724" status: 404 len: 246 microversion: 1.1
2026-07-24 11:16:20.414 7 INFO placement.requestlog [None req-6589c150-de82-4dea-8ef2-77e5c84a8a93 4ab46800ac70451fb19a9e1edc502e70 9586edb65ecc4df188f5f6a683977776 - - 199894ad3c844decade49481d09125e7 199894ad3c844decade49481d09125e7] 10.0.0.152 "DELETE /resource_providers/1e534c6a-5e78-4012-af94-062f465d2724" status: 404 len: 246 microversion: 1.1 [pid: 8|app: 0|req: 345/688] 10.0.0.152 () {34 vars in 825 bytes} [Fri Jul 24 11:16:20 2026] DELETE /resource_providers/1e534c6a-5e78-4012-af94-062f465d2724 => generated 246 bytes in 13 msecs (HTTP/1.1 404) 6 headers in 231 bytes (1 switches on core 0) [pid: 7|app: 0|req: 344/689] 10.0.0.152 () {34 vars in 825 bytes} [Fri Jul 24 11:16:20 2026] DELETE /resource_providers/1e534c6a-5e78-4012-af94-062f465d2724 => generated 246 bytes in 11 msecs (HTTP/1.1 404) 6 headers in 231 bytes (1 switches on core 0)
2026-07-24 11:16:22.691 8 INFO placement.requestlog [None req-5e739876-bd7d-4afd-934a-3169178c6234 4ab46800ac70451fb19a9e1edc502e70 9586edb65ecc4df188f5f6a683977776 - - 199894ad3c844decade49481d09125e7 199894ad3c844decade49481d09125e7] 10.0.0.152 "GET /resource_providers/2b6eb2c7-47ab-4225-9676-da680e19d2f5/aggregates" status: 404 len: 235 microversion: 1.1 [pid: 8|app: 0|req: 346/690] 10.0.0.152 () {32 vars in 825 bytes} [Fri Jul 24 11:16:22 2026] GET /resource_providers/2b6eb2c7-47ab-4225-9676-da680e19d2f5/aggregates => generated 235 bytes in 11 msecs (HTTP/1.1 404) 5 headers in 202 bytes (1 switches on core 0)
2026-07-24 11:16:22.696 7 INFO placement.requestlog [None req-642cce79-f607-4ffd-9f0c-00a716214f2e 4ab46800ac70451fb19a9e1edc502e70 9586edb65ecc4df188f5f6a683977776 - - 199894ad3c844decade49481d09125e7 199894ad3c844decade49481d09125e7] 10.0.0.152 "GET /resource_providers/2b6eb2c7-47ab-4225-9676-da680e19d2f5/aggregates" status: 404 len: 235 microversion: 1.1 [pid: 7|app: 0|req: 345/691] 10.0.0.152 () {32 vars in 825 bytes} [Fri Jul 24 11:16:22 2026] GET /resource_providers/2b6eb2c7-47ab-4225-9676-da680e19d2f5/aggregates => generated 235 bytes in 15 msecs (HTTP/1.1 404) 5 headers in 202 bytes (1 switches on core 0)
2026-07-24 11:16:22.719 8 INFO placement.requestlog [None req-68491dec-af3f-47bb-97e2-a3e18643cdf9 4ab46800ac70451fb19a9e1edc502e70 9586edb65ecc4df188f5f6a683977776 - - 199894ad3c844decade49481d09125e7 199894ad3c844decade49481d09125e7] 10.0.0.152 "DELETE /resource_providers/2b6eb2c7-47ab-4225-9676-da680e19d2f5" status: 404 len: 246 microversion: 1.1
2026-07-24 11:16:22.719 7 INFO placement.requestlog [None req-b7b90af7-942d-40fa-abec-0998e46a17d2 4ab46800ac70451fb19a9e1edc502e70 9586edb65ecc4df188f5f6a683977776 - - 199894ad3c844decade49481d09125e7 199894ad3c844decade49481d09125e7] 10.0.0.152 "DELETE /resource_providers/2b6eb2c7-47ab-4225-9676-da680e19d2f5" status: 404 len: 246 microversion: 1.1 [pid: 8|app: 0|req: 347/692] 10.0.0.152 () {34 vars in 825 bytes} [Fri Jul 24 11:16:22 2026] DELETE /resource_providers/2b6eb2c7-47ab-4225-9676-da680e19d2f5 => generated 246 bytes in 12 msecs (HTTP/1.1 404) 6 headers in 231 bytes (1 switches on core 0) [pid: 7|app: 0|req: 346/693] 10.0.0.152 () {34 vars in 825 bytes} [Fri Jul 24 11:16:22 2026] DELETE /resource_providers/2b6eb2c7-47ab-4225-9676-da680e19d2f5 => generated 246 bytes in 10 msecs (HTTP/1.1 404) 6 headers in 231 bytes (1 switches on core 0)
2026-07-24 11:16:22.830 7 INFO placement.requestlog [None req-ff44196c-a362-4835-93ed-2e53e49bbeab 4ab46800ac70451fb19a9e1edc502e70 9586edb65ecc4df188f5f6a683977776 - - 199894ad3c844decade49481d09125e7 199894ad3c844decade49481d09125e7] 10.0.0.152 "GET /resource_providers/f88bbc9a-4777-42a7-a1db-18145aec4644/aggregates" status: 404 len: 235 microversion: 1.1 [pid: 7|app: 0|req: 347/694] 10.0.0.152 () {32 vars in 825 bytes} [Fri Jul 24 11:16:22 2026] GET /resource_providers/f88bbc9a-4777-42a7-a1db-18145aec4644/aggregates => generated 235 bytes in 10 msecs (HTTP/1.1 404) 5 headers in 202 bytes (1 switches on core 0)
2026-07-24 11:16:22.833 8 INFO placement.requestlog [None req-57f7bd6a-049b-4168-9885-01fc17d872dd 4ab46800ac70451fb19a9e1edc502e70 9586edb65ecc4df188f5f6a683977776 - - 199894ad3c844decade49481d09125e7 199894ad3c844decade49481d09125e7] 10.0.0.152 "GET /resource_providers/f88bbc9a-4777-42a7-a1db-18145aec4644/aggregates" status: 404 len: 235 microversion: 1.1 [pid: 8|app: 0|req: 348/695] 10.0.0.152 () {32 vars in 825 bytes} [Fri Jul 24 11:16:22 2026] GET /resource_providers/f88bbc9a-4777-42a7-a1db-18145aec4644/aggregates => generated 235 bytes in 13 msecs (HTTP/1.1 404) 5 headers in 202 bytes (1 switches on core 0)
2026-07-24 11:16:22.860 7 INFO placement.requestlog [None req-ca88278b-017e-487b-948d-62e90508c05c 4ab46800ac70451fb19a9e1edc502e70 9586edb65ecc4df188f5f6a683977776 - - 199894ad3c844decade49481d09125e7 199894ad3c844decade49481d09125e7] 10.0.0.152 "DELETE /resource_providers/f88bbc9a-4777-42a7-a1db-18145aec4644" status: 404 len: 246 microversion: 1.1 [pid: 7|app: 0|req: 348/696] 10.0.0.152 () {34 vars in 825 bytes} [Fri Jul 24 11:16:22 2026] DELETE /resource_providers/f88bbc9a-4777-42a7-a1db-18145aec4644 => generated 246 bytes in 11 msecs (HTTP/1.1 404) 6 headers in 231 bytes (1 switches on core 0)
2026-07-24 11:16:22.866 8 INFO placement.requestlog [None req-00b111b9-159f-4549-898e-326c2b871de1 4ab46800ac70451fb19a9e1edc502e70 9586edb65ecc4df188f5f6a683977776 - - 199894ad3c844decade49481d09125e7 199894ad3c844decade49481d09125e7] 10.0.0.152 "DELETE /resource_providers/f88bbc9a-4777-42a7-a1db-18145aec4644" status: 404 len: 246 microversion: 1.1 [pid: 8|app: 0|req: 349/697] 10.0.0.152 () {34 vars in 825 bytes} [Fri Jul 24 11:16:22 2026] DELETE /resource_providers/f88bbc9a-4777-42a7-a1db-18145aec4644 => generated 246 bytes in 15 msecs (HTTP/1.1 404) 6 headers in 231 bytes (1 switches on core 0)
2026-07-24 11:16:23.993 8 INFO placement.requestlog [None req-6932a48f-2cc1-4662-93d7-f43a8220a328 - - - - - -] 10.0.0.24 "GET /" status: 200 len: 136 microversion: 1.0
2026-07-24 11:16:23.993 7 INFO placement.requestlog [None req-c99ae2ff-839f-4f96-83f2-ca68bd2a2090 - - - - - -] 10.0.0.24 "GET /" status: 200 len: 136 microversion: 1.0
2026-07-24 11:16:32.610 7 INFO placement.requestlog [req-1caba1df-ff49-40bd-95b6-4bb799c6758f req-57c6b5b7-df00-46bc-ba2f-0bdc14e7e240 0143ea95a7794aceb02b9152b0196568 9586edb65ecc4df188f5f6a683977776 - - 199894ad3c844decade49481d09125e7 199894ad3c844decade49481d09125e7] 10.0.0.26 "GET /allocation_candidates?limit=1000&resources=MEMORY_MB%3A512%2CVCPU%3A1&root_required=%21COMPUTE_STATUS_DISABLED" status: 200 len: 2135 microversion: 1.36 [pid: 7|app: 0|req: 350/700] 10.0.0.26 () {34 vars in 983 bytes} [Fri Jul 24 11:16:32 2026] GET /allocation_candidates?limit=1000&resources=MEMORY_MB%3A512%2CVCPU%3A1&root_required=%21COMPUTE_STATUS_DISABLED => generated 2135 bytes in 50 msecs (HTTP/1.1 200) 8 headers in 297 bytes (1 switches on core 0)
2026-07-24 11:16:32.638 8 INFO placement.requestlog [req-1caba1df-ff49-40bd-95b6-4bb799c6758f req-7766e263-292d-4efc-bbed-0c13c9230dc9 0143ea95a7794aceb02b9152b0196568 9586edb65ecc4df188f5f6a683977776 - - 199894ad3c844decade49481d09125e7 199894ad3c844decade49481d09125e7] 10.0.0.26 "GET /allocations/9fc972bd-716a-4894-81e6-dd734e960742" status: 200 len: 19 microversion: 1.28 [pid: 8|app: 0|req: 351/701] 10.0.0.26 () {34 vars in 860 bytes} [Fri Jul 24 11:16:32 2026] GET /allocations/9fc972bd-716a-4894-81e6-dd734e960742 => generated 19 bytes in 12 msecs (HTTP/1.1 200) 8 headers in 295 bytes (1 switches on core 0)
2026-07-24 11:16:32.703 7 INFO placement.requestlog [req-1caba1df-ff49-40bd-95b6-4bb799c6758f req-0c91b342-700f-4d40-85ea-44a660d865ef 0143ea95a7794aceb02b9152b0196568 9586edb65ecc4df188f5f6a683977776 - - 199894ad3c844decade49481d09125e7 199894ad3c844decade49481d09125e7] 10.0.0.26 "PUT /allocations/9fc972bd-716a-4894-81e6-dd734e960742" status: 204 len: 0 microversion: 1.36 [pid: 7|app: 0|req: 351/702] 10.0.0.26 () {38 vars in 913 bytes} [Fri Jul 24 11:16:32 2026] PUT /allocations/9fc972bd-716a-4894-81e6-dd734e960742 => generated 0 bytes in 58 msecs (HTTP/1.1 204) 5 headers in 199 bytes (1 switches on core 0)
2026-07-24 11:16:32.976 8 INFO placement.requestlog [req-1caba1df-ff49-40bd-95b6-4bb799c6758f req-7ace3738-1658-41ec-9d56-181090f1cc04 0143ea95a7794aceb02b9152b0196568 9586edb65ecc4df188f5f6a683977776 - - 199894ad3c844decade49481d09125e7 199894ad3c844decade49481d09125e7] 199.19.213.12 "GET /allocations/9fc972bd-716a-4894-81e6-dd734e960742" status: 200 len: 243 microversion: 1.28 [pid: 8|app: 0|req: 352/703] 199.19.213.12 () {34 vars in 862 bytes} [Fri Jul 24 11:16:32 2026] GET /allocations/9fc972bd-716a-4894-81e6-dd734e960742 => generated 243 bytes in 24 msecs (HTTP/1.1 200) 8 headers in 296 bytes (1 switches on core 0)
2026-07-24 11:16:33.112 7 INFO placement.requestlog [req-1caba1df-ff49-40bd-95b6-4bb799c6758f req-071d1615-121c-4a4c-8df9-ad3c43895683 0143ea95a7794aceb02b9152b0196568 9586edb65ecc4df188f5f6a683977776 - - 199894ad3c844decade49481d09125e7 199894ad3c844decade49481d09125e7] 199.19.213.12 "GET /resource_providers/d85baf50-7041-43db-a8aa-2da51e32ba11/allocations" status: 200 len: 238 microversion: 1.0 [pid: 7|app: 0|req: 352/704] 199.19.213.12 () {32 vars in 856 bytes} [Fri Jul 24 11:16:33 2026] GET /resource_providers/d85baf50-7041-43db-a8aa-2da51e32ba11/allocations => generated 238 bytes in 17 msecs (HTTP/1.1 200) 6 headers in 224 bytes (1 switches on core 0)
2026-07-24 11:16:33.140 8 INFO placement.requestlog [req-1caba1df-ff49-40bd-95b6-4bb799c6758f req-e01ee9bf-87d0-41b1-b403-6b312276e2ea 0143ea95a7794aceb02b9152b0196568 9586edb65ecc4df188f5f6a683977776 - - 199894ad3c844decade49481d09125e7 199894ad3c844decade49481d09125e7] 199.19.213.12 "GET /allocations/d5235763-087d-40f0-9e9d-8ef81f7883dc" status: 200 len: 257 microversion: 1.28 [pid: 8|app: 0|req: 353/705] 199.19.213.12 () {34 vars in 862 bytes} [Fri Jul 24 11:16:33 2026] GET /allocations/d5235763-087d-40f0-9e9d-8ef81f7883dc => generated 257 bytes in 22 msecs (HTTP/1.1 200) 8 headers in 296 bytes (1 switches on core 0)
2026-07-24 11:16:33.165 7 INFO placement.requestlog [req-1caba1df-ff49-40bd-95b6-4bb799c6758f req-1bd8c1e5-89dc-4dc0-822e-4ab43cb21b55 0143ea95a7794aceb02b9152b0196568 9586edb65ecc4df188f5f6a683977776 - - 199894ad3c844decade49481d09125e7 199894ad3c844decade49481d09125e7] 199.19.213.12 "GET /allocations/9fc972bd-716a-4894-81e6-dd734e960742" status: 200 len: 243 microversion: 1.28 [pid: 7|app: 0|req: 353/706] 199.19.213.12 () {34 vars in 862 bytes} [Fri Jul 24 11:16:33 2026] GET /allocations/9fc972bd-716a-4894-81e6-dd734e960742 => generated 243 bytes in 14 msecs (HTTP/1.1 200) 8 headers in 296 bytes (1 switches on core 0)
2026-07-24 11:16:33.993 8 INFO placement.requestlog [None req-a9e05d17-c0c6-4a22-8e37-f89fc9428d30 - - - - - -] 10.0.0.24 "GET /" status: 200 len: 136 microversion: 1.0
2026-07-24 11:16:33.994 7 INFO placement.requestlog [None req-4f843dee-95c4-4f8f-9d85-60d078b42ef5 - - - - - -] 10.0.0.24 "GET /" status: 200 len: 136 microversion: 1.0
2026-07-24 11:16:41.345 8 INFO placement.requestlog [req-a17d4083-d7ac-4244-83b5-2f9e2c588088 req-a6f8a06b-b2d1-4a66-86f7-ec40dfae8c2a 0143ea95a7794aceb02b9152b0196568 9586edb65ecc4df188f5f6a683977776 - - 199894ad3c844decade49481d09125e7 199894ad3c844decade49481d09125e7] 199.19.213.12 "GET /resource_providers/d85baf50-7041-43db-a8aa-2da51e32ba11/allocations" status: 200 len: 238 microversion: 1.0 [pid: 8|app: 0|req: 355/709] 199.19.213.12 () {32 vars in 856 bytes} [Fri Jul 24 11:16:41 2026] GET /resource_providers/d85baf50-7041-43db-a8aa-2da51e32ba11/allocations => generated 238 bytes in 18 msecs (HTTP/1.1 200) 6 headers in 224 bytes (1 switches on core 0)
2026-07-24 11:16:41.375 7 INFO placement.requestlog [req-a17d4083-d7ac-4244-83b5-2f9e2c588088 req-91283f51-03ee-4c62-8497-e8a3e842b9f0 0143ea95a7794aceb02b9152b0196568 9586edb65ecc4df188f5f6a683977776 - - 199894ad3c844decade49481d09125e7 199894ad3c844decade49481d09125e7] 199.19.213.12 "GET /allocations/d5235763-087d-40f0-9e9d-8ef81f7883dc" status: 200 len: 257 microversion: 1.28 [pid: 7|app: 0|req: 355/710] 199.19.213.12 () {34 vars in 862 bytes} [Fri Jul 24 11:16:41 2026] GET /allocations/d5235763-087d-40f0-9e9d-8ef81f7883dc => generated 257 bytes in 19 msecs (HTTP/1.1 200) 8 headers in 296 bytes (1 switches on core 0)
2026-07-24 11:16:41.408 8 INFO placement.requestlog [req-a17d4083-d7ac-4244-83b5-2f9e2c588088 req-90ffd8bf-0e0d-4ac4-9d2d-4cd7a5d21d04 0143ea95a7794aceb02b9152b0196568 9586edb65ecc4df188f5f6a683977776 - - 199894ad3c844decade49481d09125e7 199894ad3c844decade49481d09125e7] 199.19.213.12 "GET /allocations/9fc972bd-716a-4894-81e6-dd734e960742" status: 200 len: 243 microversion: 1.28 [pid: 8|app: 0|req: 356/711] 199.19.213.12 () {34 vars in 862 bytes} [Fri Jul 24 11:16:41 2026] GET /allocations/9fc972bd-716a-4894-81e6-dd734e960742 => generated 243 bytes in 12 msecs (HTTP/1.1 200) 8 headers in 296 bytes (1 switches on core 0)
2026-07-24 11:16:41.485 7 INFO placement.requestlog [req-a17d4083-d7ac-4244-83b5-2f9e2c588088 req-958bba42-7821-4c8a-9eb4-dcb48bf66428 0143ea95a7794aceb02b9152b0196568 9586edb65ecc4df188f5f6a683977776 - - 199894ad3c844decade49481d09125e7 199894ad3c844decade49481d09125e7] 199.19.213.12 "DELETE /allocations/9fc972bd-716a-4894-81e6-dd734e960742" status: 204 len: 0 microversion: 1.0 [pid: 7|app: 0|req: 356/712] 199.19.213.12 () {34 vars in 840 bytes} [Fri Jul 24 11:16:41 2026] DELETE /allocations/9fc972bd-716a-4894-81e6-dd734e960742 => generated 0 bytes in 25 msecs (HTTP/1.1 204) 5 headers in 198 bytes (1 switches on core 0)
2026-07-24 11:16:43.995 8 INFO placement.requestlog [None req-084a1628-3c0e-4549-a620-1f77c3ed915b - - - - - -] 10.0.0.24 "GET /" status: 200 len: 136 microversion: 1.0
2026-07-24 11:16:43.995 7 INFO placement.requestlog [None req-1a7b8f4d-b4ba-4582-ac60-18cc14eb537c - - - - - -] 10.0.0.24 "GET /" status: 200 len: 136 microversion: 1.0
2026-07-24 11:16:44.024 8 INFO placement.requestlog [req-52c39614-9e05-4f15-9fea-7a0cf378bcca req-6e14826d-6eac-4071-9f62-35b0a437dcb6 0143ea95a7794aceb02b9152b0196568 9586edb65ecc4df188f5f6a683977776 - - 199894ad3c844decade49481d09125e7 199894ad3c844decade49481d09125e7] 199.19.213.12 "GET /resource_providers/d85baf50-7041-43db-a8aa-2da51e32ba11/allocations" status: 200 len: 152 microversion: 1.0 [pid: 8|app: 0|req: 358/715] 199.19.213.12 () {32 vars in 856 bytes} [Fri Jul 24 11:16:44 2026] GET /resource_providers/d85baf50-7041-43db-a8aa-2da51e32ba11/allocations => generated 152 bytes in 17 msecs (HTTP/1.1 200) 6 headers in 224 bytes (1 switches on core 0)
2026-07-24 11:16:44.049 7 INFO placement.requestlog [req-52c39614-9e05-4f15-9fea-7a0cf378bcca req-422005f9-9e2b-45fc-bc9f-8540eae5494a 0143ea95a7794aceb02b9152b0196568 9586edb65ecc4df188f5f6a683977776 - - 199894ad3c844decade49481d09125e7 199894ad3c844decade49481d09125e7] 199.19.213.12 "GET /resource_providers/d85baf50-7041-43db-a8aa-2da51e32ba11/allocations" status: 200 len: 152 microversion: 1.0 [pid: 7|app: 0|req: 358/716] 199.19.213.12 () {32 vars in 856 bytes} [Fri Jul 24 11:16:44 2026] GET /resource_providers/d85baf50-7041-43db-a8aa-2da51e32ba11/allocations => generated 152 bytes in 18 msecs (HTTP/1.1 200) 6 headers in 224 bytes (1 switches on core 0)
2026-07-24 11:16:44.075 8 INFO placement.requestlog [req-52c39614-9e05-4f15-9fea-7a0cf378bcca req-a2890bad-1306-43b3-9669-1d7e62bc06ff 0143ea95a7794aceb02b9152b0196568 9586edb65ecc4df188f5f6a683977776 - - 199894ad3c844decade49481d09125e7 199894ad3c844decade49481d09125e7] 199.19.213.12 "GET /allocations/d5235763-087d-40f0-9e9d-8ef81f7883dc" status: 200 len: 257 microversion: 1.28 [pid: 8|app: 0|req: 359/717] 199.19.213.12 () {34 vars in 862 bytes} [Fri Jul 24 11:16:44 2026] GET /allocations/d5235763-087d-40f0-9e9d-8ef81f7883dc => generated 257 bytes in 18 msecs (HTTP/1.1 200) 8 headers in 296 bytes (1 switches on core 0)
2026-07-24 11:16:45.129 7 INFO placement.requestlog [None req-c745164e-d37c-4017-9907-5b2c4ff95f25 4ab46800ac70451fb19a9e1edc502e70 9586edb65ecc4df188f5f6a683977776 - - 199894ad3c844decade49481d09125e7 199894ad3c844decade49481d09125e7] 10.0.0.152 "GET /resource_providers/d314bc1b-9374-4f6f-95d2-582113c656ff/aggregates" status: 404 len: 235 microversion: 1.1 [pid: 7|app: 0|req: 359/718] 10.0.0.152 () {32 vars in 825 bytes} [Fri Jul 24 11:16:45 2026] GET /resource_providers/d314bc1b-9374-4f6f-95d2-582113c656ff/aggregates => generated 235 bytes in 11 msecs (HTTP/1.1 404) 5 headers in 202 bytes (1 switches on core 0)
2026-07-24 11:16:45.132 8 INFO placement.requestlog [None req-54482f3c-5b56-4894-8ff4-1d846fc87e55 4ab46800ac70451fb19a9e1edc502e70 9586edb65ecc4df188f5f6a683977776 - - 199894ad3c844decade49481d09125e7 199894ad3c844decade49481d09125e7] 10.0.0.152 "GET /resource_providers/d314bc1b-9374-4f6f-95d2-582113c656ff/aggregates" status: 404 len: 235 microversion: 1.1 [pid: 8|app: 0|req: 360/719] 10.0.0.152 () {32 vars in 825 bytes} [Fri Jul 24 11:16:45 2026] GET /resource_providers/d314bc1b-9374-4f6f-95d2-582113c656ff/aggregates => generated 235 bytes in 12 msecs (HTTP/1.1 404) 5 headers in 202 bytes (1 switches on core 0)
2026-07-24 11:16:45.148 8 INFO placement.requestlog [None req-16bcbb3b-760f-4a32-be70-3e5b04736c61 4ab46800ac70451fb19a9e1edc502e70 9586edb65ecc4df188f5f6a683977776 - - 199894ad3c844decade49481d09125e7 199894ad3c844decade49481d09125e7] 10.0.0.152 "DELETE /resource_providers/d314bc1b-9374-4f6f-95d2-582113c656ff" status: 404 len: 246 microversion: 1.1 [pid: 8|app: 0|req: 361/720] 10.0.0.152 () {34 vars in 825 bytes} [Fri Jul 24 11:16:45 2026] DELETE /resource_providers/d314bc1b-9374-4f6f-95d2-582113c656ff => generated 246 bytes in 9 msecs (HTTP/1.1 404) 6 headers in 231 bytes (1 switches on core 0)
2026-07-24 11:16:45.152 7 INFO placement.requestlog [None req-d646093d-4a05-4339-b150-70cb0dae6801 4ab46800ac70451fb19a9e1edc502e70 9586edb65ecc4df188f5f6a683977776 - - 199894ad3c844decade49481d09125e7 199894ad3c844decade49481d09125e7] 10.0.0.152 "DELETE /resource_providers/d314bc1b-9374-4f6f-95d2-582113c656ff" status: 404 len: 246 microversion: 1.1 [pid: 7|app: 0|req: 360/721] 10.0.0.152 () {34 vars in 825 bytes} [Fri Jul 24 11:16:45 2026] DELETE /resource_providers/d314bc1b-9374-4f6f-95d2-582113c656ff => generated 246 bytes in 13 msecs (HTTP/1.1 404) 6 headers in 231 bytes (1 switches on core 0)
2026-07-24 11:16:53.628 8 INFO placement.requestlog [req-06d2f8c5-913d-455c-8ee9-a3e6a2050d80 req-8420018d-9042-4eaa-833c-6dede6048d34 0143ea95a7794aceb02b9152b0196568 9586edb65ecc4df188f5f6a683977776 - - 199894ad3c844decade49481d09125e7 199894ad3c844decade49481d09125e7] 199.19.213.12 "GET /resource_providers/d85baf50-7041-43db-a8aa-2da51e32ba11/allocations" status: 200 len: 152 microversion: 1.0 [pid: 8|app: 0|req: 362/722] 199.19.213.12 () {32 vars in 856 bytes} [Fri Jul 24 11:16:53 2026] GET /resource_providers/d85baf50-7041-43db-a8aa-2da51e32ba11/allocations => generated 152 bytes in 22 msecs (HTTP/1.1 200) 6 headers in 224 bytes (1 switches on core 0)
2026-07-24 11:16:53.660 7 INFO placement.requestlog [req-06d2f8c5-913d-455c-8ee9-a3e6a2050d80 req-53741e09-6f5a-4ab8-b5b3-e4af94f43e06 0143ea95a7794aceb02b9152b0196568 9586edb65ecc4df188f5f6a683977776 - - 199894ad3c844decade49481d09125e7 199894ad3c844decade49481d09125e7] 199.19.213.12 "GET /allocations/d5235763-087d-40f0-9e9d-8ef81f7883dc" status: 200 len: 257 microversion: 1.28 [pid: 7|app: 0|req: 361/723] 199.19.213.12 () {34 vars in 862 bytes} [Fri Jul 24 11:16:53 2026] GET /allocations/d5235763-087d-40f0-9e9d-8ef81f7883dc => generated 257 bytes in 24 msecs (HTTP/1.1 200) 8 headers in 296 bytes (1 switches on core 0)
2026-07-24 11:16:53.737 8 INFO placement.requestlog [req-06d2f8c5-913d-455c-8ee9-a3e6a2050d80 req-f33f742e-62d4-4b02-83f7-01cc12bebeab 0143ea95a7794aceb02b9152b0196568 9586edb65ecc4df188f5f6a683977776 - - 199894ad3c844decade49481d09125e7 199894ad3c844decade49481d09125e7] 199.19.213.12 "DELETE /allocations/d5235763-087d-40f0-9e9d-8ef81f7883dc" status: 204 len: 0 microversion: 1.0 [pid: 8|app: 0|req: 363/724] 199.19.213.12 () {34 vars in 840 bytes} [Fri Jul 24 11:16:53 2026] DELETE /allocations/d5235763-087d-40f0-9e9d-8ef81f7883dc => generated 0 bytes in 25 msecs (HTTP/1.1 204) 5 headers in 198 bytes (1 switches on core 0)
2026-07-24 11:16:53.993 7 INFO placement.requestlog [None req-9adcd1ec-9f12-47bb-80ba-b8894e66b798 - - - - - -] 10.0.0.24 "GET /" status: 200 len: 136 microversion: 1.0
2026-07-24 11:16:53.995 8 INFO placement.requestlog [None req-ffddeaef-bdde-4e81-b967-583d2109dbe6 - - - - - -] 10.0.0.24 "GET /" status: 200 len: 136 microversion: 1.0
2026-07-24 11:16:54.086 7 INFO placement.requestlog [None req-19c0f652-07e9-406d-98de-dfa93e1d2576 4ab46800ac70451fb19a9e1edc502e70 9586edb65ecc4df188f5f6a683977776 - - 199894ad3c844decade49481d09125e7 199894ad3c844decade49481d09125e7] 10.0.0.152 "GET /resource_providers/4ffe5613-6b83-4983-b53e-987428298fb1/aggregates" status: 404 len: 235 microversion: 1.1 [pid: 7|app: 0|req: 363/727] 10.0.0.152 () {32 vars in 825 bytes} [Fri Jul 24 11:16:54 2026] GET /resource_providers/4ffe5613-6b83-4983-b53e-987428298fb1/aggregates => generated 235 bytes in 12 msecs (HTTP/1.1 404) 5 headers in 202 bytes (1 switches on core 0)
2026-07-24 11:16:54.087 8 INFO placement.requestlog [None req-6d870f7a-3a04-44c9-b41e-21e7219c5e0d 4ab46800ac70451fb19a9e1edc502e70 9586edb65ecc4df188f5f6a683977776 - - 199894ad3c844decade49481d09125e7 199894ad3c844decade49481d09125e7] 10.0.0.152 "GET /resource_providers/4ffe5613-6b83-4983-b53e-987428298fb1/aggregates" status: 404 len: 235 microversion: 1.1 [pid: 8|app: 0|req: 365/728] 10.0.0.152 () {32 vars in 825 bytes} [Fri Jul 24 11:16:54 2026] GET /resource_providers/4ffe5613-6b83-4983-b53e-987428298fb1/aggregates => generated 235 bytes in 15 msecs (HTTP/1.1 404) 5 headers in 202 bytes (1 switches on core 0)
2026-07-24 11:16:54.121 7 INFO placement.requestlog [None req-e29173f2-6a32-4e05-82ed-3626fa7d6203 4ab46800ac70451fb19a9e1edc502e70 9586edb65ecc4df188f5f6a683977776 - - 199894ad3c844decade49481d09125e7 199894ad3c844decade49481d09125e7] 10.0.0.152 "DELETE /resource_providers/4ffe5613-6b83-4983-b53e-987428298fb1" status: 404 len: 246 microversion: 1.1 [pid: 7|app: 0|req: 364/729] 10.0.0.152 () {34 vars in 825 bytes} [Fri Jul 24 11:16:54 2026] DELETE /resource_providers/4ffe5613-6b83-4983-b53e-987428298fb1 => generated 246 bytes in 10 msecs (HTTP/1.1 404) 6 headers in 231 bytes (1 switches on core 0)
2026-07-24 11:16:54.137 8 INFO placement.requestlog [None req-e191253f-f9e0-4210-a536-9e0e9b3365e3 4ab46800ac70451fb19a9e1edc502e70 9586edb65ecc4df188f5f6a683977776 - - 199894ad3c844decade49481d09125e7 199894ad3c844decade49481d09125e7] 10.0.0.152 "DELETE /resource_providers/4ffe5613-6b83-4983-b53e-987428298fb1" status: 404 len: 246 microversion: 1.1 [pid: 8|app: 0|req: 366/730] 10.0.0.152 () {34 vars in 825 bytes} [Fri Jul 24 11:16:54 2026] DELETE /resource_providers/4ffe5613-6b83-4983-b53e-987428298fb1 => generated 246 bytes in 25 msecs (HTTP/1.1 404) 6 headers in 231 bytes (1 switches on core 0)
2026-07-24 11:16:56.599 7 INFO placement.requestlog [None req-5f8711b7-15cc-4055-bc89-8ce504ab62f5 4ab46800ac70451fb19a9e1edc502e70 9586edb65ecc4df188f5f6a683977776 - - 199894ad3c844decade49481d09125e7 199894ad3c844decade49481d09125e7] 10.0.0.152 "GET /resource_providers/64c3ef47-7e96-43e8-8b63-0aaa6727bbba/aggregates" status: 404 len: 235 microversion: 1.1 [pid: 7|app: 0|req: 365/731] 10.0.0.152 () {32 vars in 825 bytes} [Fri Jul 24 11:16:56 2026] GET /resource_providers/64c3ef47-7e96-43e8-8b63-0aaa6727bbba/aggregates => generated 235 bytes in 9 msecs (HTTP/1.1 404) 5 headers in 202 bytes (1 switches on core 0)
2026-07-24 11:16:56.601 8 INFO placement.requestlog [None req-610e55d2-c9ab-4ddc-b26e-2f462c11ecdf 4ab46800ac70451fb19a9e1edc502e70 9586edb65ecc4df188f5f6a683977776 - - 199894ad3c844decade49481d09125e7 199894ad3c844decade49481d09125e7] 10.0.0.152 "GET /resource_providers/64c3ef47-7e96-43e8-8b63-0aaa6727bbba/aggregates" status: 404 len: 235 microversion: 1.1 [pid: 8|app: 0|req: 367/732] 10.0.0.152 () {32 vars in 825 bytes} [Fri Jul 24 11:16:56 2026] GET /resource_providers/64c3ef47-7e96-43e8-8b63-0aaa6727bbba/aggregates => generated 235 bytes in 11 msecs (HTTP/1.1 404) 5 headers in 202 bytes (1 switches on core 0)
2026-07-24 11:16:56.634 8 INFO placement.requestlog [None req-d2b495cc-bc7d-43ed-b2b5-beb53c644c47 4ab46800ac70451fb19a9e1edc502e70 9586edb65ecc4df188f5f6a683977776 - - 199894ad3c844decade49481d09125e7 199894ad3c844decade49481d09125e7] 10.0.0.152 "DELETE /resource_providers/64c3ef47-7e96-43e8-8b63-0aaa6727bbba" status: 404 len: 246 microversion: 1.1
2026-07-24 11:16:56.634 7 INFO placement.requestlog [None req-53c238a8-07f7-496c-8935-adda2e4f997d 4ab46800ac70451fb19a9e1edc502e70 9586edb65ecc4df188f5f6a683977776 - - 199894ad3c844decade49481d09125e7 199894ad3c844decade49481d09125e7] 10.0.0.152 "DELETE /resource_providers/64c3ef47-7e96-43e8-8b63-0aaa6727bbba" status: 404 len: 246 microversion: 1.1 [pid: 8|app: 0|req: 368/733] 10.0.0.152 () {34 vars in 825 bytes} [Fri Jul 24 11:16:56 2026] DELETE /resource_providers/64c3ef47-7e96-43e8-8b63-0aaa6727bbba => generated 246 bytes in 11 msecs (HTTP/1.1 404) 6 headers in 231 bytes (1 switches on core 0) [pid: 7|app: 0|req: 366/734] 10.0.0.152 () {34 vars in 825 bytes} [Fri Jul 24 11:16:56 2026] DELETE /resource_providers/64c3ef47-7e96-43e8-8b63-0aaa6727bbba => generated 246 bytes in 11 msecs (HTTP/1.1 404) 6 headers in 231 bytes (1 switches on core 0)
2026-07-24 11:16:58.651 8 INFO placement.requestlog [None req-1e8de306-acdd-457c-8671-7d2f15a84ea7 4ab46800ac70451fb19a9e1edc502e70 9586edb65ecc4df188f5f6a683977776 - - 199894ad3c844decade49481d09125e7 199894ad3c844decade49481d09125e7] 10.0.0.152 "GET /resource_providers/c9530d8e-03c4-4c06-b0b8-6af50c96a2c8/aggregates" status: 404 len: 235 microversion: 1.1 [pid: 8|app: 0|req: 369/735] 10.0.0.152 () {32 vars in 825 bytes} [Fri Jul 24 11:16:58 2026] GET /resource_providers/c9530d8e-03c4-4c06-b0b8-6af50c96a2c8/aggregates => generated 235 bytes in 10 msecs (HTTP/1.1 404) 5 headers in 202 bytes (1 switches on core 0)
2026-07-24 11:16:58.660 7 INFO placement.requestlog [None req-364d54a7-53c1-4ee1-a36a-ca80c392389d 4ab46800ac70451fb19a9e1edc502e70 9586edb65ecc4df188f5f6a683977776 - - 199894ad3c844decade49481d09125e7 199894ad3c844decade49481d09125e7] 10.0.0.152 "GET /resource_providers/c9530d8e-03c4-4c06-b0b8-6af50c96a2c8/aggregates" status: 404 len: 235 microversion: 1.1 [pid: 7|app: 0|req: 367/736] 10.0.0.152 () {32 vars in 825 bytes} [Fri Jul 24 11:16:58 2026] GET /resource_providers/c9530d8e-03c4-4c06-b0b8-6af50c96a2c8/aggregates => generated 235 bytes in 13 msecs (HTTP/1.1 404) 5 headers in 202 bytes (1 switches on core 0)
2026-07-24 11:16:58.664 8 INFO placement.requestlog [None req-51b159a2-9969-41b9-828b-61d0b7bd7029 4ab46800ac70451fb19a9e1edc502e70 9586edb65ecc4df188f5f6a683977776 - - 199894ad3c844decade49481d09125e7 199894ad3c844decade49481d09125e7] 10.0.0.152 "DELETE /resource_providers/c9530d8e-03c4-4c06-b0b8-6af50c96a2c8" status: 404 len: 246 microversion: 1.1 [pid: 8|app: 0|req: 370/737] 10.0.0.152 () {34 vars in 825 bytes} [Fri Jul 24 11:16:58 2026] DELETE /resource_providers/c9530d8e-03c4-4c06-b0b8-6af50c96a2c8 => generated 246 bytes in 8 msecs (HTTP/1.1 404) 6 headers in 231 bytes (1 switches on core 0)
2026-07-24 11:16:58.679 7 INFO placement.requestlog [None req-561ac3a7-dbad-4741-a027-243f7c4c686f 4ab46800ac70451fb19a9e1edc502e70 9586edb65ecc4df188f5f6a683977776 - - 199894ad3c844decade49481d09125e7 199894ad3c844decade49481d09125e7] 10.0.0.152 "DELETE /resource_providers/c9530d8e-03c4-4c06-b0b8-6af50c96a2c8" status: 404 len: 246 microversion: 1.1 [pid: 7|app: 0|req: 368/738] 10.0.0.152 () {34 vars in 825 bytes} [Fri Jul 24 11:16:58 2026] DELETE /resource_providers/c9530d8e-03c4-4c06-b0b8-6af50c96a2c8 => generated 246 bytes in 11 msecs (HTTP/1.1 404) 6 headers in 231 bytes (1 switches on core 0)
2026-07-24 11:17:00.342 8 INFO placement.requestlog [None req-eae2ff0a-72cf-4a35-b084-20ec1b82b0c2 4ab46800ac70451fb19a9e1edc502e70 9586edb65ecc4df188f5f6a683977776 - - 199894ad3c844decade49481d09125e7 199894ad3c844decade49481d09125e7] 10.0.0.152 "GET /resource_providers/212f961a-f973-4d49-812c-92bd9159209c/aggregates" status: 404 len: 235 microversion: 1.1 [pid: 8|app: 0|req: 371/739] 10.0.0.152 () {32 vars in 825 bytes} [Fri Jul 24 11:17:00 2026] GET /resource_providers/212f961a-f973-4d49-812c-92bd9159209c/aggregates => generated 235 bytes in 16 msecs (HTTP/1.1 404) 5 headers in 202 bytes (1 switches on core 0)
2026-07-24 11:17:00.346 7 INFO placement.requestlog [None req-dcb1a925-0a88-4c09-82ab-24351f756e3c 4ab46800ac70451fb19a9e1edc502e70 9586edb65ecc4df188f5f6a683977776 - - 199894ad3c844decade49481d09125e7 199894ad3c844decade49481d09125e7] 10.0.0.152 "GET /resource_providers/212f961a-f973-4d49-812c-92bd9159209c/aggregates" status: 404 len: 235 microversion: 1.1 [pid: 7|app: 0|req: 369/740] 10.0.0.152 () {32 vars in 825 bytes} [Fri Jul 24 11:17:00 2026] GET /resource_providers/212f961a-f973-4d49-812c-92bd9159209c/aggregates => generated 235 bytes in 16 msecs (HTTP/1.1 404) 5 headers in 202 bytes (1 switches on core 0)
2026-07-24 11:17:00.363 8 INFO placement.requestlog [None req-f84370ca-ee82-432f-a1f0-f5fc5fd3c5ad 4ab46800ac70451fb19a9e1edc502e70 9586edb65ecc4df188f5f6a683977776 - - 199894ad3c844decade49481d09125e7 199894ad3c844decade49481d09125e7] 10.0.0.152 "DELETE /resource_providers/212f961a-f973-4d49-812c-92bd9159209c" status: 404 len: 246 microversion: 1.1 [pid: 8|app: 0|req: 372/741] 10.0.0.152 () {34 vars in 825 bytes} [Fri Jul 24 11:17:00 2026] DELETE /resource_providers/212f961a-f973-4d49-812c-92bd9159209c => generated 246 bytes in 8 msecs (HTTP/1.1 404) 6 headers in 231 bytes (1 switches on core 0)
2026-07-24 11:17:00.363 7 INFO placement.requestlog [None req-a2791e81-f4f1-4875-9a10-8427e5fb43f4 4ab46800ac70451fb19a9e1edc502e70 9586edb65ecc4df188f5f6a683977776 - - 199894ad3c844decade49481d09125e7 199894ad3c844decade49481d09125e7] 10.0.0.152 "DELETE /resource_providers/212f961a-f973-4d49-812c-92bd9159209c" status: 404 len: 246 microversion: 1.1 [pid: 7|app: 0|req: 370/742] 10.0.0.152 () {34 vars in 825 bytes} [Fri Jul 24 11:17:00 2026] DELETE /resource_providers/212f961a-f973-4d49-812c-92bd9159209c => generated 246 bytes in 9 msecs (HTTP/1.1 404) 6 headers in 231 bytes (1 switches on core 0)
2026-07-24 11:17:02.896 8 INFO placement.requestlog [None req-0fc4890e-3055-4260-8d06-e55eb7704f65 4ab46800ac70451fb19a9e1edc502e70 9586edb65ecc4df188f5f6a683977776 - - 199894ad3c844decade49481d09125e7 199894ad3c844decade49481d09125e7] 10.0.0.152 "GET /resource_providers/85dedc83-2419-45ff-829e-479b6eb2bc8f/aggregates" status: 404 len: 235 microversion: 1.1 [pid: 8|app: 0|req: 373/743] 10.0.0.152 () {32 vars in 825 bytes} [Fri Jul 24 11:17:02 2026] GET /resource_providers/85dedc83-2419-45ff-829e-479b6eb2bc8f/aggregates => generated 235 bytes in 8 msecs (HTTP/1.1 404) 5 headers in 202 bytes (1 switches on core 0)
2026-07-24 11:17:02.908 7 INFO placement.requestlog [None req-612a0501-2229-445b-afbc-b1406027bca5 4ab46800ac70451fb19a9e1edc502e70 9586edb65ecc4df188f5f6a683977776 - - 199894ad3c844decade49481d09125e7 199894ad3c844decade49481d09125e7] 10.0.0.152 "GET /resource_providers/85dedc83-2419-45ff-829e-479b6eb2bc8f/aggregates" status: 404 len: 235 microversion: 1.1 [pid: 7|app: 0|req: 371/744] 10.0.0.152 () {32 vars in 825 bytes} [Fri Jul 24 11:17:02 2026] GET /resource_providers/85dedc83-2419-45ff-829e-479b6eb2bc8f/aggregates => generated 235 bytes in 13 msecs (HTTP/1.1 404) 5 headers in 202 bytes (1 switches on core 0)
2026-07-24 11:17:02.911 8 INFO placement.requestlog [None req-95137cad-fb18-4431-9788-b566a00ccf59 4ab46800ac70451fb19a9e1edc502e70 9586edb65ecc4df188f5f6a683977776 - - 199894ad3c844decade49481d09125e7 199894ad3c844decade49481d09125e7] 10.0.0.152 "DELETE /resource_providers/85dedc83-2419-45ff-829e-479b6eb2bc8f" status: 404 len: 246 microversion: 1.1 [pid: 8|app: 0|req: 374/745] 10.0.0.152 () {34 vars in 825 bytes} [Fri Jul 24 11:17:02 2026] DELETE /resource_providers/85dedc83-2419-45ff-829e-479b6eb2bc8f => generated 246 bytes in 7 msecs (HTTP/1.1 404) 6 headers in 231 bytes (1 switches on core 0)
2026-07-24 11:17:02.929 7 INFO placement.requestlog [None req-959a72ee-c3ad-4b36-9682-c7aa8fb98dd9 4ab46800ac70451fb19a9e1edc502e70 9586edb65ecc4df188f5f6a683977776 - - 199894ad3c844decade49481d09125e7 199894ad3c844decade49481d09125e7] 10.0.0.152 "DELETE /resource_providers/85dedc83-2419-45ff-829e-479b6eb2bc8f" status: 404 len: 246 microversion: 1.1 [pid: 7|app: 0|req: 372/746] 10.0.0.152 () {34 vars in 825 bytes} [Fri Jul 24 11:17:02 2026] DELETE /resource_providers/85dedc83-2419-45ff-829e-479b6eb2bc8f => generated 246 bytes in 13 msecs (HTTP/1.1 404) 6 headers in 231 bytes (1 switches on core 0)
2026-07-24 11:17:03.993 8 INFO placement.requestlog [None req-5e197f9b-8fa0-4e0e-bf87-6b512efda7e9 - - - - - -] 10.0.0.24 "GET /" status: 200 len: 136 microversion: 1.0
2026-07-24 11:17:03.993 7 INFO placement.requestlog [None req-f51c9c7d-144a-4482-b64e-7f488f541e29 - - - - - -] 10.0.0.24 "GET /" status: 200 len: 136 microversion: 1.0
2026-07-24 11:17:07.624 7 INFO placement.requestlog [None req-8e6d67e1-d7c9-4828-83d7-352eb487a197 4ab46800ac70451fb19a9e1edc502e70 9586edb65ecc4df188f5f6a683977776 - - 199894ad3c844decade49481d09125e7 199894ad3c844decade49481d09125e7] 10.0.0.152 "GET /resource_providers/e2ed158f-1d13-42d3-9378-012f5b0c80b3/aggregates" status: 404 len: 235 microversion: 1.1 [pid: 7|app: 0|req: 374/749] 10.0.0.152 () {32 vars in 825 bytes} [Fri Jul 24 11:17:07 2026] GET /resource_providers/e2ed158f-1d13-42d3-9378-012f5b0c80b3/aggregates => generated 235 bytes in 10 msecs (HTTP/1.1 404) 5 headers in 202 bytes (1 switches on core 0)
2026-07-24 11:17:07.634 8 INFO placement.requestlog [None req-6e95b5d9-6cdf-4724-859d-3b03a7f2d050 4ab46800ac70451fb19a9e1edc502e70 9586edb65ecc4df188f5f6a683977776 - - 199894ad3c844decade49481d09125e7 199894ad3c844decade49481d09125e7] 10.0.0.152 "GET /resource_providers/e2ed158f-1d13-42d3-9378-012f5b0c80b3/aggregates" status: 404 len: 235 microversion: 1.1 [pid: 8|app: 0|req: 376/750] 10.0.0.152 () {32 vars in 825 bytes} [Fri Jul 24 11:17:07 2026] GET /resource_providers/e2ed158f-1d13-42d3-9378-012f5b0c80b3/aggregates => generated 235 bytes in 24 msecs (HTTP/1.1 404) 5 headers in 202 bytes (1 switches on core 0)
2026-07-24 11:17:07.645 7 INFO placement.requestlog [None req-416beb13-bdb0-49e9-a81f-596a98196436 4ab46800ac70451fb19a9e1edc502e70 9586edb65ecc4df188f5f6a683977776 - - 199894ad3c844decade49481d09125e7 199894ad3c844decade49481d09125e7] 10.0.0.152 "DELETE /resource_providers/e2ed158f-1d13-42d3-9378-012f5b0c80b3" status: 404 len: 246 microversion: 1.1 [pid: 7|app: 0|req: 375/751] 10.0.0.152 () {34 vars in 825 bytes} [Fri Jul 24 11:17:07 2026] DELETE /resource_providers/e2ed158f-1d13-42d3-9378-012f5b0c80b3 => generated 246 bytes in 11 msecs (HTTP/1.1 404) 6 headers in 231 bytes (1 switches on core 0)
2026-07-24 11:17:07.653 8 INFO placement.requestlog [None req-0150aba0-82ff-451a-88ca-517d602d2bf3 4ab46800ac70451fb19a9e1edc502e70 9586edb65ecc4df188f5f6a683977776 - - 199894ad3c844decade49481d09125e7 199894ad3c844decade49481d09125e7] 10.0.0.152 "DELETE /resource_providers/e2ed158f-1d13-42d3-9378-012f5b0c80b3" status: 404 len: 246 microversion: 1.1 [pid: 8|app: 0|req: 377/752] 10.0.0.152 () {34 vars in 825 bytes} [Fri Jul 24 11:17:07 2026] DELETE /resource_providers/e2ed158f-1d13-42d3-9378-012f5b0c80b3 => generated 246 bytes in 10 msecs (HTTP/1.1 404) 6 headers in 231 bytes (1 switches on core 0)
2026-07-24 11:17:09.715 7 INFO placement.requestlog [None req-4aaf825a-a0f9-4a51-b780-82b778471cb8 4ab46800ac70451fb19a9e1edc502e70 9586edb65ecc4df188f5f6a683977776 - - 199894ad3c844decade49481d09125e7 199894ad3c844decade49481d09125e7] 10.0.0.152 "GET /resource_providers/fd419351-0c45-4017-846e-68d2f6debc81/aggregates" status: 404 len: 235 microversion: 1.1
2026-07-24 11:17:09.715 8 INFO placement.requestlog [None req-80fd1654-fc55-4a9c-a665-be15807e804b 4ab46800ac70451fb19a9e1edc502e70 9586edb65ecc4df188f5f6a683977776 - - 199894ad3c844decade49481d09125e7 199894ad3c844decade49481d09125e7] 10.0.0.152 "GET /resource_providers/fd419351-0c45-4017-846e-68d2f6debc81/aggregates" status: 404 len: 235 microversion: 1.1 [pid: 7|app: 0|req: 376/753] 10.0.0.152 () {32 vars in 825 bytes} [Fri Jul 24 11:17:09 2026] GET /resource_providers/fd419351-0c45-4017-846e-68d2f6debc81/aggregates => generated 235 bytes in 9 msecs (HTTP/1.1 404) 5 headers in 202 bytes (1 switches on core 0) [pid: 8|app: 0|req: 378/754] 10.0.0.152 () {32 vars in 825 bytes} [Fri Jul 24 11:17:09 2026] GET /resource_providers/fd419351-0c45-4017-846e-68d2f6debc81/aggregates => generated 235 bytes in 9 msecs (HTTP/1.1 404) 5 headers in 202 bytes (1 switches on core 0)
2026-07-24 11:17:09.736 7 INFO placement.requestlog [None req-58ad76e3-8bd4-4e8a-9d87-63731e22f5dd 4ab46800ac70451fb19a9e1edc502e70 9586edb65ecc4df188f5f6a683977776 - - 199894ad3c844decade49481d09125e7 199894ad3c844decade49481d09125e7] 10.0.0.152 "DELETE /resource_providers/fd419351-0c45-4017-846e-68d2f6debc81" status: 404 len: 246 microversion: 1.1 [pid: 7|app: 0|req: 377/755] 10.0.0.152 () {34 vars in 825 bytes} [Fri Jul 24 11:17:09 2026] DELETE /resource_providers/fd419351-0c45-4017-846e-68d2f6debc81 => generated 246 bytes in 9 msecs (HTTP/1.1 404) 6 headers in 231 bytes (1 switches on core 0)
2026-07-24 11:17:09.736 8 INFO placement.requestlog [None req-1c2ed60d-ebf7-4fd6-a1d2-91fb8d36630f 4ab46800ac70451fb19a9e1edc502e70 9586edb65ecc4df188f5f6a683977776 - - 199894ad3c844decade49481d09125e7 199894ad3c844decade49481d09125e7] 10.0.0.152 "DELETE /resource_providers/fd419351-0c45-4017-846e-68d2f6debc81" status: 404 len: 246 microversion: 1.1 [pid: 8|app: 0|req: 379/756] 10.0.0.152 () {34 vars in 825 bytes} [Fri Jul 24 11:17:09 2026] DELETE /resource_providers/fd419351-0c45-4017-846e-68d2f6debc81 => generated 246 bytes in 9 msecs (HTTP/1.1 404) 6 headers in 231 bytes (1 switches on core 0)
2026-07-24 11:17:13.992 7 INFO placement.requestlog [None req-079ff1dd-3274-4101-9dbf-7b2b0fdf7571 - - - - - -] 10.0.0.24 "GET /" status: 200 len: 136 microversion: 1.0
2026-07-24 11:17:13.993 8 INFO placement.requestlog [None req-ef5ab109-d976-42d9-b19b-02074626a37a - - - - - -] 10.0.0.24 "GET /" status: 200 len: 136 microversion: 1.0
2026-07-24 11:17:14.099 7 INFO placement.requestlog [None req-b917af5b-26d1-42a0-9d62-cc570d10abdb 4ab46800ac70451fb19a9e1edc502e70 9586edb65ecc4df188f5f6a683977776 - - 199894ad3c844decade49481d09125e7 199894ad3c844decade49481d09125e7] 10.0.0.152 "GET /resource_providers/8ac00fd1-7634-4492-b2be-6d2ac1760c73/aggregates" status: 404 len: 235 microversion: 1.1 [pid: 7|app: 0|req: 379/759] 10.0.0.152 () {32 vars in 825 bytes} [Fri Jul 24 11:17:14 2026] GET /resource_providers/8ac00fd1-7634-4492-b2be-6d2ac1760c73/aggregates => generated 235 bytes in 12 msecs (HTTP/1.1 404) 5 headers in 202 bytes (1 switches on core 0)
2026-07-24 11:17:14.102 8 INFO placement.requestlog [None req-42996068-2294-4acb-bd65-6b6614073b35 4ab46800ac70451fb19a9e1edc502e70 9586edb65ecc4df188f5f6a683977776 - - 199894ad3c844decade49481d09125e7 199894ad3c844decade49481d09125e7] 10.0.0.152 "GET /resource_providers/8ac00fd1-7634-4492-b2be-6d2ac1760c73/aggregates" status: 404 len: 235 microversion: 1.1 [pid: 8|app: 0|req: 381/760] 10.0.0.152 () {32 vars in 825 bytes} [Fri Jul 24 11:17:14 2026] GET /resource_providers/8ac00fd1-7634-4492-b2be-6d2ac1760c73/aggregates => generated 235 bytes in 15 msecs (HTTP/1.1 404) 5 headers in 202 bytes (1 switches on core 0)
2026-07-24 11:17:14.116 8 INFO placement.requestlog [None req-4f42dc51-7275-419b-9bcf-9e0e5279161c 4ab46800ac70451fb19a9e1edc502e70 9586edb65ecc4df188f5f6a683977776 - - 199894ad3c844decade49481d09125e7 199894ad3c844decade49481d09125e7] 10.0.0.152 "DELETE /resource_providers/8ac00fd1-7634-4492-b2be-6d2ac1760c73" status: 404 len: 246 microversion: 1.1 [pid: 8|app: 0|req: 382/761] 10.0.0.152 () {34 vars in 825 bytes} [Fri Jul 24 11:17:14 2026] DELETE /resource_providers/8ac00fd1-7634-4492-b2be-6d2ac1760c73 => generated 246 bytes in 6 msecs (HTTP/1.1 404) 6 headers in 231 bytes (1 switches on core 0)
2026-07-24 11:17:14.124 7 INFO placement.requestlog [None req-45c21bcb-925e-45b7-9357-89653aa6347f 4ab46800ac70451fb19a9e1edc502e70 9586edb65ecc4df188f5f6a683977776 - - 199894ad3c844decade49481d09125e7 199894ad3c844decade49481d09125e7] 10.0.0.152 "DELETE /resource_providers/8ac00fd1-7634-4492-b2be-6d2ac1760c73" status: 404 len: 246 microversion: 1.1 [pid: 7|app: 0|req: 380/762] 10.0.0.152 () {34 vars in 825 bytes} [Fri Jul 24 11:17:14 2026] DELETE /resource_providers/8ac00fd1-7634-4492-b2be-6d2ac1760c73 => generated 246 bytes in 15 msecs (HTTP/1.1 404) 6 headers in 231 bytes (1 switches on core 0)
2026-07-24 11:17:15.073 8 INFO placement.requestlog [None req-1873482f-1b77-47cc-807f-e40cba0d1d6b 4ab46800ac70451fb19a9e1edc502e70 9586edb65ecc4df188f5f6a683977776 - - 199894ad3c844decade49481d09125e7 199894ad3c844decade49481d09125e7] 10.0.0.152 "GET /resource_providers/d03aff0d-2104-41ef-8edc-e31aec584281/aggregates" status: 404 len: 235 microversion: 1.1 [pid: 8|app: 0|req: 383/763] 10.0.0.152 () {32 vars in 825 bytes} [Fri Jul 24 11:17:15 2026] GET /resource_providers/d03aff0d-2104-41ef-8edc-e31aec584281/aggregates => generated 235 bytes in 12 msecs (HTTP/1.1 404) 5 headers in 202 bytes (1 switches on core 0)
