+ COMMAND=start + start + for KEYSTONE_WSGI_SCRIPT in keystone-wsgi-public ++ type -p keystone-wsgi-public + cp -a /var/lib/openstack/bin/keystone-wsgi-public /var/www/cgi-bin/keystone/ + '[' -f /etc/apache2/envvars ']' + source /etc/apache2/envvars ++ unset HOME ++ '[' '' '!=' '' ']' ++ SUFFIX= ++ export APACHE_RUN_USER=www-data ++ APACHE_RUN_USER=www-data ++ export APACHE_RUN_GROUP=www-data ++ APACHE_RUN_GROUP=www-data ++ export APACHE_PID_FILE=/var/run/apache2/apache2.pid ++ APACHE_PID_FILE=/var/run/apache2/apache2.pid ++ export APACHE_RUN_DIR=/var/run/apache2 ++ APACHE_RUN_DIR=/var/run/apache2 ++ export APACHE_LOCK_DIR=/var/lock/apache2 ++ APACHE_LOCK_DIR=/var/lock/apache2 ++ export APACHE_LOG_DIR=/var/log/apache2 ++ APACHE_LOG_DIR=/var/log/apache2 ++ export LANG=C ++ LANG=C ++ export LANG + '[' -f /var/run/apache2/apache2.pid ']' + exec apache2 -DFOREGROUND AH00558: apache2: Could not reliably determine the server's fully qualified domain name, using 10.0.0.39. Set the 'ServerName' directive globally to suppress this message AH00558: apache2: Could not reliably determine the server's fully qualified domain name, using 10.0.0.39. Set the 'ServerName' directive globally to suppress this message
[Thu Jul 16 16:05:48.898495 2026] [mpm_event:notice] [pid 1:tid 139643916986240] AH00489: Apache/2.4.58 (Ubuntu) mod_wsgi/5.0.0 Python/3.12 configured -- resuming normal operations
[Thu Jul 16 16:05:48.898679 2026] [core:notice] [pid 1:tid 139643916986240] AH00094: Command line: 'apache2 -D FOREGROUND'
[Thu Jul 16 16:06:46.066718 2026] [wsgi:error] [pid 10:tid 139643279165120] /var/lib/openstack/lib/python3.12/site-packages/oslo_utils/importutils.py:77: EventletDeprecationWarning:
[Thu Jul 16 16:06:46.066774 2026] [wsgi:error] [pid 10:tid 139643279165120] Eventlet is deprecated. It is currently being maintained in bugfix mode, and
[Thu Jul 16 16:06:46.066776 2026] [wsgi:error] [pid 10:tid 139643279165120] we strongly recommend against using it for new projects.
[Thu Jul 16 16:06:46.066777 2026] [wsgi:error] [pid 10:tid 139643279165120]
[Thu Jul 16 16:06:46.066778 2026] [wsgi:error] [pid 10:tid 139643279165120] If you are already using Eventlet, we recommend migrating to a different
[Thu Jul 16 16:06:46.066779 2026] [wsgi:error] [pid 10:tid 139643279165120] framework. For more detail see
[Thu Jul 16 16:06:46.066781 2026] [wsgi:error] [pid 10:tid 139643279165120] https://eventlet.readthedocs.io/en/latest/asyncio/migration.html
[Thu Jul 16 16:06:46.066782 2026] [wsgi:error] [pid 10:tid 139643279165120]
[Thu Jul 16 16:06:46.066783 2026] [wsgi:error] [pid 10:tid 139643279165120] __import__(import_str)
[Thu Jul 16 16:06:46.075737 2026] [wsgi:error] [pid 12:tid 139643279165120] /var/lib/openstack/lib/python3.12/site-packages/oslo_utils/importutils.py:77: EventletDeprecationWarning:
[Thu Jul 16 16:06:46.075826 2026] [wsgi:error] [pid 12:tid 139643279165120] Eventlet is deprecated. It is currently being maintained in bugfix mode, and
[Thu Jul 16 16:06:46.075840 2026] [wsgi:error] [pid 12:tid 139643279165120] we strongly recommend against using it for new projects.
[Thu Jul 16 16:06:46.075851 2026] [wsgi:error] [pid 12:tid 139643279165120]
[Thu Jul 16 16:06:46.075861 2026] [wsgi:error] [pid 12:tid 139643279165120] If you are already using Eventlet, we recommend migrating to a different
[Thu Jul 16 16:06:46.075871 2026] [wsgi:error] [pid 12:tid 139643279165120] framework. For more detail see
[Thu Jul 16 16:06:46.075881 2026] [wsgi:error] [pid 12:tid 139643279165120] https://eventlet.readthedocs.io/en/latest/asyncio/migration.html
[Thu Jul 16 16:06:46.075891 2026] [wsgi:error] [pid 12:tid 139643279165120]
[Thu Jul 16 16:06:46.075901 2026] [wsgi:error] [pid 12:tid 139643279165120] __import__(import_str) 10.0.0.145 - - [16/Jul/2026:16:06:45 +0000] "GET /v3/ HTTP/1.1" 200 249 10.0.0.145 - - [16/Jul/2026:16:06:45 +0000] "GET /v3/ HTTP/1.1" 200 249
[Thu Jul 16 16:06:59.055484 2026] [wsgi:error] [pid 11:tid 139643279165120] /var/lib/openstack/lib/python3.12/site-packages/oslo_utils/importutils.py:77: EventletDeprecationWarning:
[Thu Jul 16 16:06:59.055654 2026] [wsgi:error] [pid 11:tid 139643279165120] Eventlet is deprecated. It is currently being maintained in bugfix mode, and
[Thu Jul 16 16:06:59.055668 2026] [wsgi:error] [pid 11:tid 139643279165120] we strongly recommend against using it for new projects.
[Thu Jul 16 16:06:59.055680 2026] [wsgi:error] [pid 11:tid 139643279165120]
[Thu Jul 16 16:06:59.055689 2026] [wsgi:error] [pid 11:tid 139643279165120] If you are already using Eventlet, we recommend migrating to a different
[Thu Jul 16 16:06:59.055699 2026] [wsgi:error] [pid 11:tid 139643279165120] framework. For more detail see
[Thu Jul 16 16:06:59.055709 2026] [wsgi:error] [pid 11:tid 139643279165120] https://eventlet.readthedocs.io/en/latest/asyncio/migration.html
[Thu Jul 16 16:06:59.055719 2026] [wsgi:error] [pid 11:tid 139643279165120]
[Thu Jul 16 16:06:59.055729 2026] [wsgi:error] [pid 11:tid 139643279165120] __import__(import_str) 10.0.0.88 - - [16/Jul/2026:16:06:58 +0000] "GET / HTTP/1.1" 300 295
[Thu Jul 16 16:07:04.635136 2026] [wsgi:error] [pid 9:tid 139643279165120] /var/lib/openstack/lib/python3.12/site-packages/oslo_utils/importutils.py:77: EventletDeprecationWarning:
[Thu Jul 16 16:07:04.635192 2026] [wsgi:error] [pid 9:tid 139643279165120] Eventlet is deprecated. It is currently being maintained in bugfix mode, and
[Thu Jul 16 16:07:04.635194 2026] [wsgi:error] [pid 9:tid 139643279165120] we strongly recommend against using it for new projects.
[Thu Jul 16 16:07:04.635195 2026] [wsgi:error] [pid 9:tid 139643279165120]
[Thu Jul 16 16:07:04.635196 2026] [wsgi:error] [pid 9:tid 139643279165120] If you are already using Eventlet, we recommend migrating to a different
[Thu Jul 16 16:07:04.635197 2026] [wsgi:error] [pid 9:tid 139643279165120] framework. For more detail see
[Thu Jul 16 16:07:04.635198 2026] [wsgi:error] [pid 9:tid 139643279165120] https://eventlet.readthedocs.io/en/latest/asyncio/migration.html
[Thu Jul 16 16:07:04.635200 2026] [wsgi:error] [pid 9:tid 139643279165120]
[Thu Jul 16 16:07:04.635201 2026] [wsgi:error] [pid 9:tid 139643279165120] __import__(import_str)
[Thu Jul 16 16:07:09.320762 2026] [wsgi:error] [pid 9:tid 139643279165120] [remote 10.0.0.88:52092] 2026-07-16 16:07:09.317 9 WARNING keystone.identity.core [None req-c1128c66-4f88-44af-b380-3266d5952c16 - - - - - -] Invalid domain name (atmosphere) found in config file name: keystone.exception.DomainNotFound: Could not find domain: atmosphere.
[Thu Jul 16 16:07:09.383310 2026] [wsgi:error] [pid 9:tid 139643279165120] [remote 10.0.0.88:52092] 2026-07-16 16:07:09.382 9 WARNING keystone.common.password_hashing [None req-c1128c66-4f88-44af-b380-3266d5952c16 - - - - - -] Truncating password to algorithm specific maximum length 72 characters.
[Thu Jul 16 16:07:09.677755 2026] [wsgi:error] [pid 9:tid 139643279165120] [remote 10.0.0.88:52092] 2026-07-16 16:07:09.677 9 WARNING keystone.common.fernet_utils [None req-c1128c66-4f88-44af-b380-3266d5952c16 - - - - - -] key_repository is world readable: /etc/keystone/fernet-keys/ 10.0.0.88 - - [16/Jul/2026:16:07:03 +0000] "POST /v3/auth/tokens HTTP/1.1" 201 1360
[Thu Jul 16 16:07:10.071822 2026] [wsgi:error] [pid 10:tid 139643279165120] [remote 10.0.0.88:52092] 2026-07-16 16:07:10.068 10 WARNING keystone.identity.core [None req-450e084f-f3cc-4074-b6e0-b1e9822aaa00 - - - - - -] Invalid domain name (atmosphere) found in config file name: keystone.exception.DomainNotFound: Could not find domain: atmosphere. 10.0.0.88 - - [16/Jul/2026:16:07:09 +0000] "POST /v3/domains HTTP/1.1" 201 261 10.0.0.191 - - [16/Jul/2026:16:07:21 +0000] "GET / HTTP/1.1" 300 295
[Thu Jul 16 16:07:21.889351 2026] [wsgi:error] [pid 11:tid 139643279165120] [remote 10.0.0.191:57638] 2026-07-16 16:07:21.888 11 WARNING keystone.common.password_hashing [None req-f80150b8-d175-4875-ac80-17b761fc5017 - - - - - -] Truncating password to algorithm specific maximum length 72 characters.
[Thu Jul 16 16:07:22.165568 2026] [wsgi:error] [pid 11:tid 139643279165120] [remote 10.0.0.191:57638] 2026-07-16 16:07:22.164 11 WARNING keystone.common.fernet_utils [None req-f80150b8-d175-4875-ac80-17b761fc5017 - - - - - -] key_repository is world readable: /etc/keystone/fernet-keys/ 10.0.0.191 - - [16/Jul/2026:16:07:21 +0000] "POST /v3/auth/tokens HTTP/1.1" 201 1360 10.0.0.191 - - [16/Jul/2026:16:07:22 +0000] "GET /v3/roles/admin HTTP/1.1" 404 83
[Thu Jul 16 16:07:22.425033 2026] [wsgi:error] [pid 10:tid 139643279165120] [remote 10.0.0.191:57638] 2026-07-16 16:07:22.424 10 WARNING keystone.common.rbac_enforcer.enforcer [None req-148aaf18-7ecd-4376-b5df-ce5b93a8b963 2c50500a55254b52b74ffcb73d7a9e65 7fc8011fb237401f903b73b6babb9adc - - default default] Deprecated policy rules found. Use oslopolicy-policy-generator and oslopolicy-policy-upgrade to detect and resolve deprecated policies in your configuration. 10.0.0.191 - - [16/Jul/2026:16:07:22 +0000] "GET /v3/roles?name=admin HTTP/1.1" 200 389
[Thu Jul 16 16:07:23.026752 2026] [wsgi:error] [pid 12:tid 139643279165120] [remote 10.0.0.191:57638] 2026-07-16 16:07:23.026 12 WARNING keystone.common.rbac_enforcer.enforcer [None req-b5f89978-6972-4fa5-ab4d-3896d96ead8b 2c50500a55254b52b74ffcb73d7a9e65 7fc8011fb237401f903b73b6babb9adc - - default default] Deprecated policy rules found. Use oslopolicy-policy-generator and oslopolicy-policy-upgrade to detect and resolve deprecated policies in your configuration. 10.0.0.191 - - [16/Jul/2026:16:07:22 +0000] "GET /v3/users/admin-RegionOne HTTP/1.1" 404 93
[Thu Jul 16 16:07:23.288372 2026] [wsgi:error] [pid 11:tid 139643279165120] [remote 10.0.0.191:57638] 2026-07-16 16:07:23.288 11 WARNING keystone.common.rbac_enforcer.enforcer [None req-cbf97dad-2103-4831-b39a-42a8458adce2 2c50500a55254b52b74ffcb73d7a9e65 7fc8011fb237401f903b73b6babb9adc - - default default] Deprecated policy rules found. Use oslopolicy-policy-generator and oslopolicy-policy-upgrade to detect and resolve deprecated policies in your configuration. 10.0.0.191 - - [16/Jul/2026:16:07:23 +0000] "GET /v3/users?name=admin-RegionOne HTTP/1.1" 200 422
[Thu Jul 16 16:07:23.498281 2026] [wsgi:error] [pid 9:tid 139643279165120] [remote 10.0.0.191:57638] 2026-07-16 16:07:23.498 9 WARNING keystone.common.rbac_enforcer.enforcer [None req-0228e468-bc8e-42f9-af77-832edbc862de 2c50500a55254b52b74ffcb73d7a9e65 7fc8011fb237401f903b73b6babb9adc - - default default] Deprecated policy rules found. Use oslopolicy-policy-generator and oslopolicy-policy-upgrade to detect and resolve deprecated policies in your configuration. 10.0.0.191 - - [16/Jul/2026:16:07:23 +0000] "GET /v3/domains/default HTTP/1.1" 200 224 10.0.0.191 - - [16/Jul/2026:16:07:23 +0000] "PUT /v3/domains/default/users/2c50500a55254b52b74ffcb73d7a9e65/roles/b8fc19f91c4f4114bc0a236b410543b3 HTTP/1.1" 204 - 10.0.0.145 - - [16/Jul/2026:16:07:32 +0000] "GET / HTTP/1.1" 300 281 10.0.0.145 - - [16/Jul/2026:16:07:33 +0000] "GET /v3 HTTP/1.1" 200 266
[Thu Jul 16 16:07:34.006515 2026] [wsgi:error] [pid 9:tid 139643279165120] [remote 10.0.0.145:39854] 2026-07-16 16:07:34.006 9 WARNING keystone.common.password_hashing [None req-94761221-6d4a-483a-8a84-6d259fadc559 - - - - - -] Truncating password to algorithm specific maximum length 72 characters.
[Thu Jul 16 16:07:34.304542 2026] [wsgi:error] [pid 9:tid 139643279165120] [remote 10.0.0.145:39854] 2026-07-16 16:07:34.304 9 WARNING keystone.common.fernet_utils [None req-94761221-6d4a-483a-8a84-6d259fadc559 - - - - - -] key_repository is world readable: /etc/keystone/fernet-keys/ 10.0.0.145 - - [16/Jul/2026:16:07:33 +0000] "POST /v3/auth/tokens HTTP/1.1" 201 1360 10.0.0.145 - - [16/Jul/2026:16:07:34 +0000] "GET / HTTP/1.1" 300 281 10.0.0.145 - - [16/Jul/2026:16:07:34 +0000] "GET /v3/domains/atmosphere HTTP/1.1" 404 90 10.0.0.145 - - [16/Jul/2026:16:07:34 +0000] "GET /v3/domains?name=atmosphere HTTP/1.1" 200 370 10.0.0.145 - - [16/Jul/2026:16:07:34 +0000] "GET /v3/domains/87e843c959d94561b7783b84942adcc1 HTTP/1.1" 200 247 10.0.0.145 - - [16/Jul/2026:16:07:35 +0000] "GET /v3 HTTP/1.1" 200 266
[Thu Jul 16 16:07:35.581275 2026] [wsgi:error] [pid 12:tid 139643279165120] [remote 10.0.0.145:39854] 2026-07-16 16:07:35.580 12 WARNING keystone.common.password_hashing [None req-e358c350-0575-4723-8720-9fdab7d119d8 - - - - - -] Truncating password to algorithm specific maximum length 72 characters.
[Thu Jul 16 16:07:35.854901 2026] [wsgi:error] [pid 12:tid 139643279165120] [remote 10.0.0.145:39854] 2026-07-16 16:07:35.854 12 WARNING keystone.common.fernet_utils [None req-e358c350-0575-4723-8720-9fdab7d119d8 - - - - - -] key_repository is world readable: /etc/keystone/fernet-keys/ 10.0.0.145 - - [16/Jul/2026:16:07:35 +0000] "POST /v3/auth/tokens HTTP/1.1" 201 1360 10.0.0.145 - - [16/Jul/2026:16:07:35 +0000] "GET / HTTP/1.1" 300 281 10.0.0.145 - - [16/Jul/2026:16:07:35 +0000] "GET /v3/OS-FEDERATION/identity_providers/atmosphere HTTP/1.1" 404 101 10.0.0.145 - - [16/Jul/2026:16:07:35 +0000] "GET /v3/OS-FEDERATION/identity_providers HTTP/1.1" 200 156 10.0.0.145 - - [16/Jul/2026:16:07:35 +0000] "PUT /v3/OS-FEDERATION/identity_providers/atmosphere HTTP/1.1" 201 342 10.0.0.145 - - [16/Jul/2026:16:07:36 +0000] "GET /v3 HTTP/1.1" 200 266
[Thu Jul 16 16:07:36.856349 2026] [wsgi:error] [pid 9:tid 139643279165120] [remote 10.0.0.145:39854] 2026-07-16 16:07:36.856 9 WARNING keystone.common.password_hashing [None req-8ab4b76f-3472-4396-9652-b4470fdeb4e5 - - - - - -] Truncating password to algorithm specific maximum length 72 characters.
[Thu Jul 16 16:07:37.144492 2026] [wsgi:error] [pid 9:tid 139643279165120] [remote 10.0.0.145:39854] 2026-07-16 16:07:37.144 9 WARNING keystone.common.fernet_utils [None req-8ab4b76f-3472-4396-9652-b4470fdeb4e5 - - - - - -] key_repository is world readable: /etc/keystone/fernet-keys/ 10.0.0.145 - - [16/Jul/2026:16:07:36 +0000] "POST /v3/auth/tokens HTTP/1.1" 201 1360 10.0.0.145 - - [16/Jul/2026:16:07:37 +0000] "GET / HTTP/1.1" 300 281 10.0.0.145 - - [16/Jul/2026:16:07:37 +0000] "GET /v3/OS-FEDERATION/mappings/atmosphere-openid HTTP/1.1" 404 98 10.0.0.145 - - [16/Jul/2026:16:07:37 +0000] "GET /v3/OS-FEDERATION/mappings HTTP/1.1" 200 136 10.0.0.145 - - [16/Jul/2026:16:07:37 +0000] "PUT /v3/OS-FEDERATION/mappings/atmosphere-openid HTTP/1.1" 201 357 10.0.0.145 - - [16/Jul/2026:16:07:38 +0000] "GET /v3 HTTP/1.1" 200 266
[Thu Jul 16 16:07:38.164191 2026] [wsgi:error] [pid 12:tid 139643279165120] [remote 10.0.0.145:39868] 2026-07-16 16:07:38.163 12 WARNING keystone.common.password_hashing [None req-4955afdb-c26b-4845-9062-c646342c72e5 - - - - - -] Truncating password to algorithm specific maximum length 72 characters.
[Thu Jul 16 16:07:38.452641 2026] [wsgi:error] [pid 12:tid 139643279165120] [remote 10.0.0.145:39868] 2026-07-16 16:07:38.452 12 WARNING keystone.common.fernet_utils [None req-4955afdb-c26b-4845-9062-c646342c72e5 - - - - - -] key_repository is world readable: /etc/keystone/fernet-keys/ 10.0.0.145 - - [16/Jul/2026:16:07:38 +0000] "POST /v3/auth/tokens HTTP/1.1" 201 1360 10.0.0.145 - - [16/Jul/2026:16:07:38 +0000] "GET / HTTP/1.1" 300 281 10.0.0.145 - - [16/Jul/2026:16:07:38 +0000] "GET /v3/OS-FEDERATION/identity_providers/atmosphere/protocols/openid?idp_id=atmosphere HTTP/1.1" 404 131 10.0.0.145 - - [16/Jul/2026:16:07:38 +0000] "GET /v3/OS-FEDERATION/identity_providers/atmosphere/protocols HTTP/1.1" 200 168 10.0.0.145 - - [16/Jul/2026:16:07:38 +0000] "PUT /v3/OS-FEDERATION/identity_providers/atmosphere/protocols/openid HTTP/1.1" 201 224 10.0.0.145 - - [16/Jul/2026:16:07:45 +0000] "GET /v3/ HTTP/1.1" 200 249 10.0.0.145 - - [16/Jul/2026:16:07:45 +0000] "GET /v3/ HTTP/1.1" 200 249 10.0.0.145 - - [16/Jul/2026:16:08:45 +0000] "GET /v3/ HTTP/1.1" 200 249 10.0.0.145 - - [16/Jul/2026:16:08:45 +0000] "GET /v3/ HTTP/1.1" 200 249 10.0.0.9 - - [16/Jul/2026:16:09:03 +0000] "GET / HTTP/1.1" 300 295
[Thu Jul 16 16:09:03.406514 2026] [wsgi:error] [pid 9:tid 139643279165120] [remote 10.0.0.9:51434] 2026-07-16 16:09:03.406 9 WARNING keystone.common.password_hashing [None req-3d8a9ad5-3536-4bec-a027-898ac94d25f6 - - - - - -] Truncating password to algorithm specific maximum length 72 characters.
[Thu Jul 16 16:09:03.696948 2026] [wsgi:error] [pid 9:tid 139643279165120] [remote 10.0.0.9:51434] 2026-07-16 16:09:03.696 9 WARNING keystone.common.fernet_utils [None req-3d8a9ad5-3536-4bec-a027-898ac94d25f6 - - - - - -] key_repository is world readable: /etc/keystone/fernet-keys/ 10.0.0.9 - - [16/Jul/2026:16:09:03 +0000] "POST /v3/auth/tokens HTTP/1.1" 201 1360 10.0.0.9 - - [16/Jul/2026:16:09:03 +0000] "GET /v3/services HTTP/1.1" 200 355 10.0.0.9 - - [16/Jul/2026:16:09:07 +0000] "GET / HTTP/1.1" 300 295
[Thu Jul 16 16:09:07.475939 2026] [wsgi:error] [pid 11:tid 139643279165120] [remote 10.0.0.9:51436] 2026-07-16 16:09:07.475 11 WARNING keystone.common.password_hashing [None req-4202a0e5-b59e-4308-ac51-37146eab7705 - - - - - -] Truncating password to algorithm specific maximum length 72 characters.
[Thu Jul 16 16:09:07.752138 2026] [wsgi:error] [pid 11:tid 139643279165120] [remote 10.0.0.9:51436] 2026-07-16 16:09:07.751 11 WARNING keystone.common.fernet_utils [None req-4202a0e5-b59e-4308-ac51-37146eab7705 - - - - - -] key_repository is world readable: /etc/keystone/fernet-keys/ 10.0.0.9 - - [16/Jul/2026:16:09:07 +0000] "POST /v3/auth/tokens HTTP/1.1" 201 1360 10.0.0.9 - - [16/Jul/2026:16:09:07 +0000] "GET /v3/services HTTP/1.1" 200 355 10.0.0.9 - - [16/Jul/2026:16:09:11 +0000] "GET / HTTP/1.1" 300 295
[Thu Jul 16 16:09:11.478159 2026] [wsgi:error] [pid 10:tid 139643279165120] [remote 10.0.0.9:51444] 2026-07-16 16:09:11.477 10 WARNING keystone.common.password_hashing [None req-ce9dbf18-b7f3-4bbf-ab06-82ed650dd68f - - - - - -] Truncating password to algorithm specific maximum length 72 characters.
[Thu Jul 16 16:09:11.755387 2026] [wsgi:error] [pid 10:tid 139643279165120] [remote 10.0.0.9:51444] 2026-07-16 16:09:11.755 10 WARNING keystone.common.fernet_utils [None req-ce9dbf18-b7f3-4bbf-ab06-82ed650dd68f - - - - - -] key_repository is world readable: /etc/keystone/fernet-keys/ 10.0.0.9 - - [16/Jul/2026:16:09:11 +0000] "POST /v3/auth/tokens HTTP/1.1" 201 1360 10.0.0.9 - - [16/Jul/2026:16:09:11 +0000] "GET /v3/services HTTP/1.1" 200 355 10.0.0.9 - - [16/Jul/2026:16:09:15 +0000] "GET / HTTP/1.1" 300 295
[Thu Jul 16 16:09:15.504565 2026] [wsgi:error] [pid 12:tid 139643279165120] [remote 10.0.0.9:52232] 2026-07-16 16:09:15.504 12 WARNING keystone.common.password_hashing [None req-0ba89ef2-5800-4b49-a487-588d60e74f40 - - - - - -] Truncating password to algorithm specific maximum length 72 characters.
[Thu Jul 16 16:09:15.782745 2026] [wsgi:error] [pid 12:tid 139643279165120] [remote 10.0.0.9:52232] 2026-07-16 16:09:15.782 12 WARNING keystone.common.fernet_utils [None req-0ba89ef2-5800-4b49-a487-588d60e74f40 - - - - - -] key_repository is world readable: /etc/keystone/fernet-keys/ 10.0.0.9 - - [16/Jul/2026:16:09:15 +0000] "POST /v3/auth/tokens HTTP/1.1" 201 1360 10.0.0.9 - - [16/Jul/2026:16:09:15 +0000] "POST /v3/services HTTP/1.1" 201 296 10.0.0.81 - - [16/Jul/2026:16:09:27 +0000] "GET / HTTP/1.1" 300 295
[Thu Jul 16 16:09:27.612609 2026] [wsgi:error] [pid 9:tid 139643279165120] [remote 10.0.0.81:32902] 2026-07-16 16:09:27.612 9 WARNING keystone.common.password_hashing [None req-4e45bb86-2f3a-4ab8-b6a4-425e03a24c7f - - - - - -] Truncating password to algorithm specific maximum length 72 characters. 10.0.0.81 - - [16/Jul/2026:16:09:27 +0000] "GET / HTTP/1.1" 300 295
[Thu Jul 16 16:09:27.843113 2026] [wsgi:error] [pid 10:tid 139643279165120] [remote 10.0.0.81:32918] 2026-07-16 16:09:27.842 10 WARNING keystone.common.password_hashing [None req-5a9764e5-6443-4ce6-9cbe-f96acf9d2d6e - - - - - -] Truncating password to algorithm specific maximum length 72 characters. 10.0.0.81 - - [16/Jul/2026:16:09:27 +0000] "GET / HTTP/1.1" 300 295
[Thu Jul 16 16:09:27.865237 2026] [wsgi:error] [pid 12:tid 139643279165120] [remote 10.0.0.81:32926] 2026-07-16 16:09:27.865 12 WARNING keystone.common.password_hashing [None req-7e65d74e-0915-4228-b748-733421f819d2 - - - - - -] Truncating password to algorithm specific maximum length 72 characters.
[Thu Jul 16 16:09:27.890765 2026] [wsgi:error] [pid 9:tid 139643279165120] [remote 10.0.0.81:32902] 2026-07-16 16:09:27.890 9 WARNING keystone.common.fernet_utils [None req-4e45bb86-2f3a-4ab8-b6a4-425e03a24c7f - - - - - -] key_repository is world readable: /etc/keystone/fernet-keys/ 10.0.0.81 - - [16/Jul/2026:16:09:27 +0000] "POST /v3/auth/tokens HTTP/1.1" 201 1464 10.0.0.81 - - [16/Jul/2026:16:09:28 +0000] "GET /v3/services HTTP/1.1" 200 639
[Thu Jul 16 16:09:28.137797 2026] [wsgi:error] [pid 10:tid 139643279165120] [remote 10.0.0.81:32918] 2026-07-16 16:09:28.137 10 WARNING keystone.common.fernet_utils [None req-5a9764e5-6443-4ce6-9cbe-f96acf9d2d6e - - - - - -] key_repository is world readable: /etc/keystone/fernet-keys/
[Thu Jul 16 16:09:28.141778 2026] [wsgi:error] [pid 12:tid 139643279165120] [remote 10.0.0.81:32926] 2026-07-16 16:09:28.141 12 WARNING keystone.common.fernet_utils [None req-7e65d74e-0915-4228-b748-733421f819d2 - - - - - -] key_repository is world readable: /etc/keystone/fernet-keys/ 10.0.0.81 - - [16/Jul/2026:16:09:27 +0000] "POST /v3/auth/tokens HTTP/1.1" 201 1464 10.0.0.81 - - [16/Jul/2026:16:09:27 +0000] "POST /v3/auth/tokens HTTP/1.1" 201 1464 10.0.0.81 - - [16/Jul/2026:16:09:28 +0000] "GET /v3/services HTTP/1.1" 200 639 10.0.0.81 - - [16/Jul/2026:16:09:28 +0000] "GET /v3/services HTTP/1.1" 200 639 10.0.0.81 - - [16/Jul/2026:16:09:29 +0000] "GET / HTTP/1.1" 300 295
[Thu Jul 16 16:09:29.789009 2026] [wsgi:error] [pid 12:tid 139643279165120] [remote 10.0.0.81:32932] 2026-07-16 16:09:29.788 12 WARNING keystone.common.password_hashing [None req-fbf58822-7130-4926-bc0d-f2a2cb4be4f0 - - - - - -] Truncating password to algorithm specific maximum length 72 characters. 10.0.0.81 - - [16/Jul/2026:16:09:30 +0000] "GET / HTTP/1.1" 300 295 10.0.0.81 - - [16/Jul/2026:16:09:30 +0000] "GET / HTTP/1.1" 300 295
[Thu Jul 16 16:09:30.048207 2026] [wsgi:error] [pid 11:tid 139643279165120] [remote 10.0.0.81:32946] 2026-07-16 16:09:30.047 11 WARNING keystone.common.password_hashing [None req-8a78ff43-70c0-4d54-a6ca-e603dd241a3f - - - - - -] Truncating password to algorithm specific maximum length 72 characters.
[Thu Jul 16 16:09:30.064752 2026] [wsgi:error] [pid 12:tid 139643279165120] [remote 10.0.0.81:32932] 2026-07-16 16:09:30.064 12 WARNING keystone.common.fernet_utils [None req-fbf58822-7130-4926-bc0d-f2a2cb4be4f0 - - - - - -] key_repository is world readable: /etc/keystone/fernet-keys/
[Thu Jul 16 16:09:30.065852 2026] [wsgi:error] [pid 9:tid 139643279165120] [remote 10.0.0.81:32950] 2026-07-16 16:09:30.065 9 WARNING keystone.common.password_hashing [None req-97805170-4e62-40fd-a857-488cfdeff48e - - - - - -] Truncating password to algorithm specific maximum length 72 characters. 10.0.0.81 - - [16/Jul/2026:16:09:29 +0000] "POST /v3/auth/tokens HTTP/1.1" 201 1464 10.0.0.81 - - [16/Jul/2026:16:09:30 +0000] "GET /v3/endpoints HTTP/1.1" 200 1227 10.0.0.81 - - [16/Jul/2026:16:09:30 +0000] "GET /v3/services/d353182135c244da853d87b455513009 HTTP/1.1" 200 233 10.0.0.81 - - [16/Jul/2026:16:09:30 +0000] "GET /v3/services/d353182135c244da853d87b455513009 HTTP/1.1" 200 233 10.0.0.81 - - [16/Jul/2026:16:09:30 +0000] "GET /v3/services/d353182135c244da853d87b455513009 HTTP/1.1" 200 233
[Thu Jul 16 16:09:30.346621 2026] [wsgi:error] [pid 11:tid 139643279165120] [remote 10.0.0.81:32946] 2026-07-16 16:09:30.346 11 WARNING keystone.common.fernet_utils [None req-8a78ff43-70c0-4d54-a6ca-e603dd241a3f - - - - - -] key_repository is world readable: /etc/keystone/fernet-keys/ 10.0.0.81 - - [16/Jul/2026:16:09:30 +0000] "POST /v3/auth/tokens HTTP/1.1" 201 1464
[Thu Jul 16 16:09:30.357090 2026] [wsgi:error] [pid 9:tid 139643279165120] [remote 10.0.0.81:32950] 2026-07-16 16:09:30.356 9 WARNING keystone.common.fernet_utils [None req-97805170-4e62-40fd-a857-488cfdeff48e - - - - - -] key_repository is world readable: /etc/keystone/fernet-keys/ 10.0.0.81 - - [16/Jul/2026:16:09:30 +0000] "POST /v3/auth/tokens HTTP/1.1" 201 1464 10.0.0.81 - - [16/Jul/2026:16:09:30 +0000] "GET /v3/endpoints HTTP/1.1" 200 1227 10.0.0.81 - - [16/Jul/2026:16:09:30 +0000] "GET /v3/endpoints HTTP/1.1" 200 1227 10.0.0.81 - - [16/Jul/2026:16:09:30 +0000] "GET /v3/services/d353182135c244da853d87b455513009 HTTP/1.1" 200 233 10.0.0.81 - - [16/Jul/2026:16:09:30 +0000] "GET /v3/services/d353182135c244da853d87b455513009 HTTP/1.1" 200 233 10.0.0.81 - - [16/Jul/2026:16:09:30 +0000] "GET /v3/services/d353182135c244da853d87b455513009 HTTP/1.1" 200 233 10.0.0.81 - - [16/Jul/2026:16:09:30 +0000] "GET /v3/services/d353182135c244da853d87b455513009 HTTP/1.1" 200 233 10.0.0.81 - - [16/Jul/2026:16:09:30 +0000] "GET /v3/services/d353182135c244da853d87b455513009 HTTP/1.1" 200 233 10.0.0.81 - - [16/Jul/2026:16:09:30 +0000] "GET /v3/services/d353182135c244da853d87b455513009 HTTP/1.1" 200 233 10.0.0.81 - - [16/Jul/2026:16:09:31 +0000] "GET / HTTP/1.1" 300 295
[Thu Jul 16 16:09:31.987893 2026] [wsgi:error] [pid 12:tid 139643279165120] [remote 10.0.0.81:32958] 2026-07-16 16:09:31.987 12 WARNING keystone.common.password_hashing [None req-f32bf62e-527f-4535-9f5b-4ddacd591edc - - - - - -] Truncating password to algorithm specific maximum length 72 characters. 10.0.0.81 - - [16/Jul/2026:16:09:32 +0000] "GET / HTTP/1.1" 300 295 10.0.0.81 - - [16/Jul/2026:16:09:32 +0000] "GET / HTTP/1.1" 300 295
[Thu Jul 16 16:09:32.247505 2026] [wsgi:error] [pid 9:tid 139643279165120] [remote 10.0.0.81:32970] 2026-07-16 16:09:32.247 9 WARNING keystone.common.password_hashing [None req-5218d152-797b-42c8-8adc-804c42666e3d - - - - - -] Truncating password to algorithm specific maximum length 72 characters.
[Thu Jul 16 16:09:32.258454 2026] [wsgi:error] [pid 11:tid 139643279165120] [remote 10.0.0.81:32986] 2026-07-16 16:09:32.258 11 WARNING keystone.common.password_hashing [None req-60ee1710-3083-4ac5-85a6-9bd237125519 - - - - - -] Truncating password to algorithm specific maximum length 72 characters.
[Thu Jul 16 16:09:32.267259 2026] [wsgi:error] [pid 12:tid 139643279165120] [remote 10.0.0.81:32958] 2026-07-16 16:09:32.267 12 WARNING keystone.common.fernet_utils [None req-f32bf62e-527f-4535-9f5b-4ddacd591edc - - - - - -] key_repository is world readable: /etc/keystone/fernet-keys/ 10.0.0.81 - - [16/Jul/2026:16:09:31 +0000] "POST /v3/auth/tokens HTTP/1.1" 201 1464 10.0.0.81 - - [16/Jul/2026:16:09:32 +0000] "GET /v3/services/20ffc89c0e9447efb1b379833690b14d HTTP/1.1" 200 296 10.0.0.81 - - [16/Jul/2026:16:09:32 +0000] "GET /v3/regions/RegionOne HTTP/1.1" 200 173 10.0.0.81 - - [16/Jul/2026:16:09:32 +0000] "POST /v3/endpoints HTTP/1.1" 201 380
[Thu Jul 16 16:09:32.528372 2026] [wsgi:error] [pid 9:tid 139643279165120] [remote 10.0.0.81:32970] 2026-07-16 16:09:32.528 9 WARNING keystone.common.fernet_utils [None req-5218d152-797b-42c8-8adc-804c42666e3d - - - - - -] key_repository is world readable: /etc/keystone/fernet-keys/
[Thu Jul 16 16:09:32.537126 2026] [wsgi:error] [pid 11:tid 139643279165120] [remote 10.0.0.81:32986] 2026-07-16 16:09:32.536 11 WARNING keystone.common.fernet_utils [None req-60ee1710-3083-4ac5-85a6-9bd237125519 - - - - - -] key_repository is world readable: /etc/keystone/fernet-keys/ 10.0.0.81 - - [16/Jul/2026:16:09:32 +0000] "POST /v3/auth/tokens HTTP/1.1" 201 1641 10.0.0.81 - - [16/Jul/2026:16:09:32 +0000] "POST /v3/auth/tokens HTTP/1.1" 201 1641 10.0.0.81 - - [16/Jul/2026:16:09:32 +0000] "GET /v3/services/20ffc89c0e9447efb1b379833690b14d HTTP/1.1" 200 296 10.0.0.81 - - [16/Jul/2026:16:09:32 +0000] "GET /v3/services/20ffc89c0e9447efb1b379833690b14d HTTP/1.1" 200 296 10.0.0.81 - - [16/Jul/2026:16:09:32 +0000] "GET /v3/regions/RegionOne HTTP/1.1" 200 173 10.0.0.81 - - [16/Jul/2026:16:09:32 +0000] "GET /v3/regions/RegionOne HTTP/1.1" 200 173 10.0.0.81 - - [16/Jul/2026:16:09:32 +0000] "POST /v3/endpoints HTTP/1.1" 201 383 10.0.0.81 - - [16/Jul/2026:16:09:32 +0000] "POST /v3/endpoints HTTP/1.1" 201 370 10.0.0.81 - - [16/Jul/2026:16:09:34 +0000] "GET / HTTP/1.1" 300 295
[Thu Jul 16 16:09:34.144962 2026] [wsgi:error] [pid 11:tid 139643279165120] [remote 10.0.0.81:43614] 2026-07-16 16:09:34.144 11 WARNING keystone.common.password_hashing [None req-5e5f034c-5b52-4cf7-bf07-6a73d553c230 - - - - - -] Truncating password to algorithm specific maximum length 72 characters. 10.0.0.81 - - [16/Jul/2026:16:09:34 +0000] "GET / HTTP/1.1" 300 295
[Thu Jul 16 16:09:34.383248 2026] [wsgi:error] [pid 12:tid 139643279165120] [remote 10.0.0.81:43626] 2026-07-16 16:09:34.382 12 WARNING keystone.common.password_hashing [None req-bf7fd1d1-78c9-415f-af81-318ea10f723b - - - - - -] Truncating password to algorithm specific maximum length 72 characters.
[Thu Jul 16 16:09:34.426738 2026] [wsgi:error] [pid 11:tid 139643279165120] [remote 10.0.0.81:43614] 2026-07-16 16:09:34.426 11 WARNING keystone.common.fernet_utils [None req-5e5f034c-5b52-4cf7-bf07-6a73d553c230 - - - - - -] key_repository is world readable: /etc/keystone/fernet-keys/ 10.0.0.81 - - [16/Jul/2026:16:09:34 +0000] "POST /v3/auth/tokens HTTP/1.1" 201 1992 10.0.0.81 - - [16/Jul/2026:16:09:34 +0000] "GET /v3/endpoints/0a38cfcfe26f471381e6c8900760f4ec HTTP/1.1" 200 380 10.0.0.81 - - [16/Jul/2026:16:09:34 +0000] "GET /v3/services/20ffc89c0e9447efb1b379833690b14d HTTP/1.1" 200 296
[Thu Jul 16 16:09:34.666948 2026] [wsgi:error] [pid 12:tid 139643279165120] [remote 10.0.0.81:43626] 2026-07-16 16:09:34.666 12 WARNING keystone.common.fernet_utils [None req-bf7fd1d1-78c9-415f-af81-318ea10f723b - - - - - -] key_repository is world readable: /etc/keystone/fernet-keys/ 10.0.0.81 - - [16/Jul/2026:16:09:34 +0000] "POST /v3/auth/tokens HTTP/1.1" 201 1992 10.0.0.81 - - [16/Jul/2026:16:09:34 +0000] "GET / HTTP/1.1" 300 295
[Thu Jul 16 16:09:34.728573 2026] [wsgi:error] [pid 9:tid 139643279165120] [remote 10.0.0.81:43634] 2026-07-16 16:09:34.728 9 WARNING keystone.common.password_hashing [None req-f131a926-8f2e-4a8b-b4c5-10d937830eab - - - - - -] Truncating password to algorithm specific maximum length 72 characters. 10.0.0.81 - - [16/Jul/2026:16:09:34 +0000] "GET /v3/endpoints/f8a1dea0037140a1af634199047ac6c2 HTTP/1.1" 200 383 10.0.0.81 - - [16/Jul/2026:16:09:34 +0000] "GET /v3/services/20ffc89c0e9447efb1b379833690b14d HTTP/1.1" 200 296
[Thu Jul 16 16:09:35.003121 2026] [wsgi:error] [pid 9:tid 139643279165120] [remote 10.0.0.81:43634] 2026-07-16 16:09:35.002 9 WARNING keystone.common.fernet_utils [None req-f131a926-8f2e-4a8b-b4c5-10d937830eab - - - - - -] key_repository is world readable: /etc/keystone/fernet-keys/ 10.0.0.81 - - [16/Jul/2026:16:09:34 +0000] "POST /v3/auth/tokens HTTP/1.1" 201 1992 10.0.0.81 - - [16/Jul/2026:16:09:35 +0000] "GET /v3/endpoints/72775a8d0534449cb48a160e31e308cd HTTP/1.1" 200 370 10.0.0.81 - - [16/Jul/2026:16:09:35 +0000] "GET /v3/services/20ffc89c0e9447efb1b379833690b14d HTTP/1.1" 200 296 10.0.0.145 - - [16/Jul/2026:16:09:45 +0000] "GET /v3/ HTTP/1.1" 200 249 10.0.0.145 - - [16/Jul/2026:16:09:45 +0000] "GET /v3/ HTTP/1.1" 200 249 10.0.0.219 - - [16/Jul/2026:16:09:46 +0000] "GET / HTTP/1.1" 300 295
[Thu Jul 16 16:09:46.829112 2026] [wsgi:error] [pid 10:tid 139643279165120] [remote 10.0.0.219:33864] 2026-07-16 16:09:46.828 10 WARNING keystone.common.password_hashing [None req-9cac2e23-667d-4bb8-86dc-2b33c44b32c0 - - - - - -] Truncating password to algorithm specific maximum length 72 characters.
[Thu Jul 16 16:09:47.103586 2026] [wsgi:error] [pid 10:tid 139643279165120] [remote 10.0.0.219:33864] 2026-07-16 16:09:47.103 10 WARNING keystone.common.fernet_utils [None req-9cac2e23-667d-4bb8-86dc-2b33c44b32c0 - - - - - -] key_repository is world readable: /etc/keystone/fernet-keys/ 10.0.0.219 - - [16/Jul/2026:16:09:46 +0000] "POST /v3/auth/tokens HTTP/1.1" 201 1992 10.0.0.219 - - [16/Jul/2026:16:09:47 +0000] "POST /v3/domains HTTP/1.1" 201 284 10.0.0.219 - - [16/Jul/2026:16:09:48 +0000] "GET / HTTP/1.1" 300 295
[Thu Jul 16 16:09:48.958393 2026] [wsgi:error] [pid 11:tid 139643279165120] [remote 10.0.0.219:33866] 2026-07-16 16:09:48.958 11 WARNING keystone.common.password_hashing [None req-90bb7b9b-d8d9-4443-a7ae-1c53daea17c3 - - - - - -] Truncating password to algorithm specific maximum length 72 characters.
[Thu Jul 16 16:09:49.251533 2026] [wsgi:error] [pid 11:tid 139643279165120] [remote 10.0.0.219:33866] 2026-07-16 16:09:49.251 11 WARNING keystone.common.fernet_utils [None req-90bb7b9b-d8d9-4443-a7ae-1c53daea17c3 - - - - - -] key_repository is world readable: /etc/keystone/fernet-keys/ 10.0.0.219 - - [16/Jul/2026:16:09:48 +0000] "POST /v3/auth/tokens HTTP/1.1" 201 1992
[Thu Jul 16 16:09:49.441684 2026] [wsgi:error] [pid 10:tid 139643279165120] [remote 10.0.0.219:33866] 2026-07-16 16:09:49.429 10 ERROR keystone.server.flask.application [None req-ba89db22-fb31-4341-8dc8-5af9d3c9ec7f 2c50500a55254b52b74ffcb73d7a9e65 7fc8011fb237401f903b73b6babb9adc - - default default] Conflict occurred attempting to store project - it is not permitted to have two projects acting as domains with the same name: service.: keystone.exception.Conflict: Conflict occurred attempting to store project - it is not permitted to have two projects acting as domains with the same name: service.
[Thu Jul 16 16:09:49.441711 2026] [wsgi:error] [pid 10:tid 139643279165120] [remote 10.0.0.219:33866] 2026-07-16 16:09:49.429 10 ERROR keystone.server.flask.application
Traceback (most recent call last):
[Thu Jul 16 16:09:49.441714 2026] [wsgi:error] [pid 10:tid 139643279165120] [remote 10.0.0.219:33866] 2026-07-16 16:09:49.429 10 ERROR keystone.server.flask.application
File "/var/lib/openstack/lib/python3.12/site-packages/sqlalchemy/engine/base.py", line 1969, in _exec_single_context
[Thu Jul 16 16:09:49.441716 2026] [wsgi:error] [pid 10:tid 139643279165120] [remote 10.0.0.219:33866] 2026-07-16 16:09:49.429 10 ERROR keystone.server.flask.application self.dialect.do_execute(
[Thu Jul 16 16:09:49.441718 2026] [wsgi:error] [pid 10:tid 139643279165120] [remote 10.0.0.219:33866] 2026-07-16 16:09:49.429 10 ERROR keystone.server.flask.application
File "/var/lib/openstack/lib/python3.12/site-packages/sqlalchemy/engine/default.py", line 952, in do_execute
[Thu Jul 16 16:09:49.441719 2026] [wsgi:error] [pid 10:tid 139643279165120] [remote 10.0.0.219:33866] 2026-07-16 16:09:49.429 10 ERROR keystone.server.flask.application cursor.execute(statement, parameters)
[Thu Jul 16 16:09:49.441721 2026] [wsgi:error] [pid 10:tid 139643279165120] [remote 10.0.0.219:33866] 2026-07-16 16:09:49.429 10 ERROR keystone.server.flask.application
File "/var/lib/openstack/lib/python3.12/site-packages/pymysql/cursors.py", line 159, in execute
[Thu Jul 16 16:09:49.441722 2026] [wsgi:error] [pid 10:tid 139643279165120] [remote 10.0.0.219:33866] 2026-07-16 16:09:49.429 10 ERROR keystone.server.flask.application result = self._query(query)
[Thu Jul 16 16:09:49.441724 2026] [wsgi:error] [pid 10:tid 139643279165120] [remote 10.0.0.219:33866] 2026-07-16 16:09:49.429 10 ERROR keystone.server.flask.application ^^^^^^^^^^^^^^^^^^
[Thu Jul 16 16:09:49.441725 2026] [wsgi:error] [pid 10:tid 139643279165120] [remote 10.0.0.219:33866] 2026-07-16 16:09:49.429 10 ERROR keystone.server.flask.application
File "/var/lib/openstack/lib/python3.12/site-packages/pymysql/cursors.py", line 330, in _query
[Thu Jul 16 16:09:49.441727 2026] [wsgi:error] [pid 10:tid 139643279165120] [remote 10.0.0.219:33866] 2026-07-16 16:09:49.429 10 ERROR keystone.server.flask.application conn.query(q)
[Thu Jul 16 16:09:49.441728 2026] [wsgi:error] [pid 10:tid 139643279165120] [remote 10.0.0.219:33866] 2026-07-16 16:09:49.429 10 ERROR keystone.server.flask.application
File "/var/lib/openstack/lib/python3.12/site-packages/pymysql/connections.py", line 582, in query
[Thu Jul 16 16:09:49.441730 2026] [wsgi:error] [pid 10:tid 139643279165120] [remote 10.0.0.219:33866] 2026-07-16 16:09:49.429 10 ERROR keystone.server.flask.application self._affected_rows = self._read_query_result(unbuffered=unbuffered)
[Thu Jul 16 16:09:49.441731 2026] [wsgi:error] [pid 10:tid 139643279165120] [remote 10.0.0.219:33866] 2026-07-16 16:09:49.429 10 ERROR keystone.server.flask.application ^^^^^^^^^^^^^^^^^^^^^^^^^^^^^^^^^^^^^^^^^^^^^^
[Thu Jul 16 16:09:49.441732 2026] [wsgi:error] [pid 10:tid 139643279165120] [remote 10.0.0.219:33866] 2026-07-16 16:09:49.429 10 ERROR keystone.server.flask.application
File "/var/lib/openstack/lib/python3.12/site-packages/pymysql/connections.py", line 847, in _read_query_result
[Thu Jul 16 16:09:49.441734 2026] [wsgi:error] [pid 10:tid 139643279165120] [remote 10.0.0.219:33866] 2026-07-16 16:09:49.429 10 ERROR keystone.server.flask.application result.read()
[Thu Jul 16 16:09:49.441737 2026] [wsgi:error] [pid 10:tid 139643279165120] [remote 10.0.0.219:33866] 2026-07-16 16:09:49.429 10 ERROR keystone.server.flask.application
File "/var/lib/openstack/lib/python3.12/site-packages/pymysql/connections.py", line 1245, in read
[Thu Jul 16 16:09:49.441738 2026] [wsgi:error] [pid 10:tid 139643279165120] [remote 10.0.0.219:33866] 2026-07-16 16:09:49.429 10 ERROR keystone.server.flask.application first_packet = self.connection._read_packet()
[Thu Jul 16 16:09:49.441740 2026] [wsgi:error] [pid 10:tid 139643279165120] [remote 10.0.0.219:33866] 2026-07-16 16:09:49.429 10 ERROR keystone.server.flask.application ^^^^^^^^^^^^^^^^^^^^^^^^^^^^^^
[Thu Jul 16 16:09:49.441741 2026] [wsgi:error] [pid 10:tid 139643279165120] [remote 10.0.0.219:33866] 2026-07-16 16:09:49.429 10 ERROR keystone.server.flask.application
File "/var/lib/openstack/lib/python3.12/site-packages/pymysql/connections.py", line 803, in _read_packet
[Thu Jul 16 16:09:49.441743 2026] [wsgi:error] [pid 10:tid 139643279165120] [remote 10.0.0.219:33866] 2026-07-16 16:09:49.429 10 ERROR keystone.server.flask.application packet.raise_for_error()
[Thu Jul 16 16:09:49.441744 2026] [wsgi:error] [pid 10:tid 139643279165120] [remote 10.0.0.219:33866] 2026-07-16 16:09:49.429 10 ERROR keystone.server.flask.application
File "/var/lib/openstack/lib/python3.12/site-packages/pymysql/protocol.py", line 219, in raise_for_error
[Thu Jul 16 16:09:49.441745 2026] [wsgi:error] [pid 10:tid 139643279165120] [remote 10.0.0.219:33866] 2026-07-16 16:09:49.429 10 ERROR keystone.server.flask.application err.raise_mysql_exception(self._data)
[Thu Jul 16 16:09:49.441747 2026] [wsgi:error] [pid 10:tid 139643279165120] [remote 10.0.0.219:33866] 2026-07-16 16:09:49.429 10 ERROR keystone.server.flask.application
File "/var/lib/openstack/lib/python3.12/site-packages/pymysql/err.py", line 154, in raise_mysql_exception
[Thu Jul 16 16:09:49.441748 2026] [wsgi:error] [pid 10:tid 139643279165120] [remote 10.0.0.219:33866] 2026-07-16 16:09:49.429 10 ERROR keystone.server.flask.application raise errorclass(errno, errval, sqlstate=sqlstate)
[Thu Jul 16 16:09:49.441750 2026] [wsgi:error] [pid 10:tid 139643279165120] [remote 10.0.0.219:33866] 2026-07-16 16:09:49.429 10 ERROR keystone.server.flask.application pymysql.err.IntegrityError: (1062, "Duplicate entry '<>-service' for key 'project.ixu_project_name_domain_id'")
[Thu Jul 16 16:09:49.441751 2026] [wsgi:error] [pid 10:tid 139643279165120] [remote 10.0.0.219:33866] 2026-07-16 16:09:49.429 10 ERROR keystone.server.flask.application
[Thu Jul 16 16:09:49.441752 2026] [wsgi:error] [pid 10:tid 139643279165120] [remote 10.0.0.219:33866] 2026-07-16 16:09:49.429 10 ERROR keystone.server.flask.application The above exception was the direct cause of the following exception:
[Thu Jul 16 16:09:49.441754 2026] [wsgi:error] [pid 10:tid 139643279165120] [remote 10.0.0.219:33866] 2026-07-16 16:09:49.429 10 ERROR keystone.server.flask.application
[Thu Jul 16 16:09:49.441755 2026] [wsgi:error] [pid 10:tid 139643279165120] [remote 10.0.0.219:33866] 2026-07-16 16:09:49.429 10 ERROR keystone.server.flask.application
Traceback (most recent call last):
[Thu Jul 16 16:09:49.441757 2026] [wsgi:error] [pid 10:tid 139643279165120] [remote 10.0.0.219:33866] 2026-07-16 16:09:49.429 10 ERROR keystone.server.flask.application
File "/var/lib/openstack/lib/python3.12/site-packages/keystone/common/sql/core.py", line 575, in wrapper
[Thu Jul 16 16:09:49.441759 2026] [wsgi:error] [pid 10:tid 139643279165120] [remote 10.0.0.219:33866] 2026-07-16 16:09:49.429 10 ERROR keystone.server.flask.application return method(*args, **kwargs)
[Thu Jul 16 16:09:49.441760 2026] [wsgi:error] [pid 10:tid 139643279165120] [remote 10.0.0.219:33866] 2026-07-16 16:09:49.429 10 ERROR keystone.server.flask.application ^^^^^^^^^^^^^^^^^^^^^^^
[Thu Jul 16 16:09:49.441762 2026] [wsgi:error] [pid 10:tid 139643279165120] [remote 10.0.0.219:33866] 2026-07-16 16:09:49.429 10 ERROR keystone.server.flask.application
File "/var/lib/openstack/lib/python3.12/site-packages/keystone/resource/backends/sql.py", line 278, in create_project
[Thu Jul 16 16:09:49.441764 2026] [wsgi:error] [pid 10:tid 139643279165120] [remote 10.0.0.219:33866] 2026-07-16 16:09:49.429 10 ERROR keystone.server.flask.application with sql.session_for_write() as session:
[Thu Jul 16 16:09:49.441765 2026] [wsgi:error] [pid 10:tid 139643279165120] [remote 10.0.0.219:33866] 2026-07-16 16:09:49.429 10 ERROR keystone.server.flask.application
File "/usr/lib/python3.12/contextlib.py", line 144, in __exit__
[Thu Jul 16 16:09:49.441766 2026] [wsgi:error] [pid 10:tid 139643279165120] [remote 10.0.0.219:33866] 2026-07-16 16:09:49.429 10 ERROR keystone.server.flask.application next(self.gen)
[Thu Jul 16 16:09:49.441768 2026] [wsgi:error] [pid 10:tid 139643279165120] [remote 10.0.0.219:33866] 2026-07-16 16:09:49.429 10 ERROR keystone.server.flask.application
File "/var/lib/openstack/lib/python3.12/site-packages/oslo_db/sqlalchemy/enginefacade.py", line 1175, in _transaction_scope
[Thu Jul 16 16:09:49.441769 2026] [wsgi:error] [pid 10:tid 139643279165120] [remote 10.0.0.219:33866] 2026-07-16 16:09:49.429 10 ERROR keystone.server.flask.application with current._produce_block(
[Thu Jul 16 16:09:49.441771 2026] [wsgi:error] [pid 10:tid 139643279165120] [remote 10.0.0.219:33866] 2026-07-16 16:09:49.429 10 ERROR keystone.server.flask.application
File "/usr/lib/python3.12/contextlib.py", line 144, in __exit__
[Thu Jul 16 16:09:49.441772 2026] [wsgi:error] [pid 10:tid 139643279165120] [remote 10.0.0.219:33866] 2026-07-16 16:09:49.429 10 ERROR keystone.server.flask.application next(self.gen)
[Thu Jul 16 16:09:49.441773 2026] [wsgi:error] [pid 10:tid 139643279165120] [remote 10.0.0.219:33866] 2026-07-16 16:09:49.429 10 ERROR keystone.server.flask.application
File "/var/lib/openstack/lib/python3.12/site-packages/oslo_db/sqlalchemy/enginefacade.py", line 837, in _session
[Thu Jul 16 16:09:49.441775 2026] [wsgi:error] [pid 10:tid 139643279165120] [remote 10.0.0.219:33866] 2026-07-16 16:09:49.429 10 ERROR keystone.server.flask.application with excutils.save_and_reraise_exception():
[Thu Jul 16 16:09:49.441776 2026] [wsgi:error] [pid 10:tid 139643279165120] [remote 10.0.0.219:33866] 2026-07-16 16:09:49.429 10 ERROR keystone.server.flask.application
File "/var/lib/openstack/lib/python3.12/site-packages/oslo_utils/excutils.py", line 266, in __exit__
[Thu Jul 16 16:09:49.441778 2026] [wsgi:error] [pid 10:tid 139643279165120] [remote 10.0.0.219:33866] 2026-07-16 16:09:49.429 10 ERROR keystone.server.flask.application self.force_reraise()
[Thu Jul 16 16:09:49.441779 2026] [wsgi:error] [pid 10:tid 139643279165120] [remote 10.0.0.219:33866] 2026-07-16 16:09:49.429 10 ERROR keystone.server.flask.application
File "/var/lib/openstack/lib/python3.12/site-packages/oslo_utils/excutils.py", line 232, in force_reraise
[Thu Jul 16 16:09:49.441780 2026] [wsgi:error] [pid 10:tid 139643279165120] [remote 10.0.0.219:33866] 2026-07-16 16:09:49.429 10 ERROR keystone.server.flask.application raise self.value
[Thu Jul 16 16:09:49.441782 2026] [wsgi:error] [pid 10:tid 139643279165120] [remote 10.0.0.219:33866] 2026-07-16 16:09:49.429 10 ERROR keystone.server.flask.application
File "/var/lib/openstack/lib/python3.12/site-packages/oslo_db/sqlalchemy/enginefacade.py", line 835, in _session
[Thu Jul 16 16:09:49.441783 2026] [wsgi:error] [pid 10:tid 139643279165120] [remote 10.0.0.219:33866] 2026-07-16 16:09:49.429 10 ERROR keystone.server.flask.application self._end_session_transaction(self.session)
[Thu Jul 16 16:09:49.441784 2026] [wsgi:error] [pid 10:tid 139643279165120] [remote 10.0.0.219:33866] 2026-07-16 16:09:49.429 10 ERROR keystone.server.flask.application
File "/var/lib/openstack/lib/python3.12/site-packages/oslo_db/sqlalchemy/enginefacade.py", line 748, in _end_session_transaction
[Thu Jul 16 16:09:49.441787 2026] [wsgi:error] [pid 10:tid 139643279165120] [remote 10.0.0.219:33866] 2026-07-16 16:09:49.429 10 ERROR keystone.server.flask.application session.commit()
[Thu Jul 16 16:09:49.441788 2026] [wsgi:error] [pid 10:tid 139643279165120] [remote 10.0.0.219:33866] 2026-07-16 16:09:49.429 10 ERROR keystone.server.flask.application
File "/var/lib/openstack/lib/python3.12/site-packages/sqlalchemy/orm/session.py", line 2034, in commit
[Thu Jul 16 16:09:49.441790 2026] [wsgi:error] [pid 10:tid 139643279165120] [remote 10.0.0.219:33866] 2026-07-16 16:09:49.429 10 ERROR keystone.server.flask.application trans.commit(_to_root=True)
[Thu Jul 16 16:09:49.441791 2026] [wsgi:error] [pid 10:tid 139643279165120] [remote 10.0.0.219:33866] 2026-07-16 16:09:49.429 10 ERROR keystone.server.flask.application File "", line 2, in commit
[Thu Jul 16 16:09:49.441792 2026] [wsgi:error] [pid 10:tid 139643279165120] [remote 10.0.0.219:33866] 2026-07-16 16:09:49.429 10 ERROR keystone.server.flask.application
File "/var/lib/openstack/lib/python3.12/site-packages/sqlalchemy/orm/state_changes.py", line 137, in _go
[Thu Jul 16 16:09:49.441829 2026] [wsgi:error] [pid 10:tid 139643279165120] [remote 10.0.0.219:33866] 2026-07-16 16:09:49.429 10 ERROR keystone.server.flask.application ret_value = fn(self, *arg, **kw)
[Thu Jul 16 16:09:49.441830 2026] [wsgi:error] [pid 10:tid 139643279165120] [remote 10.0.0.219:33866] 2026-07-16 16:09:49.429 10 ERROR keystone.server.flask.application ^^^^^^^^^^^^^^^^^^^^
[Thu Jul 16 16:09:49.441832 2026] [wsgi:error] [pid 10:tid 139643279165120] [remote 10.0.0.219:33866] 2026-07-16 16:09:49.429 10 ERROR keystone.server.flask.application
File "/var/lib/openstack/lib/python3.12/site-packages/sqlalchemy/orm/session.py", line 1315, in commit
[Thu Jul 16 16:09:49.441834 2026] [wsgi:error] [pid 10:tid 139643279165120] [remote 10.0.0.219:33866] 2026-07-16 16:09:49.429 10 ERROR keystone.server.flask.application self._prepare_impl()
[Thu Jul 16 16:09:49.441835 2026] [wsgi:error] [pid 10:tid 139643279165120] [remote 10.0.0.219:33866] 2026-07-16 16:09:49.429 10 ERROR keystone.server.flask.application File "", line 2, in _prepare_impl
[Thu Jul 16 16:09:49.441837 2026] [wsgi:error] [pid 10:tid 139643279165120] [remote 10.0.0.219:33866] 2026-07-16 16:09:49.429 10 ERROR keystone.server.flask.application
File "/var/lib/openstack/lib/python3.12/site-packages/sqlalchemy/orm/state_changes.py", line 137, in _go
[Thu Jul 16 16:09:49.441839 2026] [wsgi:error] [pid 10:tid 139643279165120] [remote 10.0.0.219:33866] 2026-07-16 16:09:49.429 10 ERROR keystone.server.flask.application ret_value = fn(self, *arg, **kw)
[Thu Jul 16 16:09:49.441840 2026] [wsgi:error] [pid 10:tid 139643279165120] [remote 10.0.0.219:33866] 2026-07-16 16:09:49.429 10 ERROR keystone.server.flask.application ^^^^^^^^^^^^^^^^^^^^
[Thu Jul 16 16:09:49.441842 2026] [wsgi:error] [pid 10:tid 139643279165120] [remote 10.0.0.219:33866] 2026-07-16 16:09:49.429 10 ERROR keystone.server.flask.application
File "/var/lib/openstack/lib/python3.12/site-packages/sqlalchemy/orm/session.py", line 1290, in _prepare_impl
[Thu Jul 16 16:09:49.441843 2026] [wsgi:error] [pid 10:tid 139643279165120] [remote 10.0.0.219:33866] 2026-07-16 16:09:49.429 10 ERROR keystone.server.flask.application self.session.flush()
[Thu Jul 16 16:09:49.441845 2026] [wsgi:error] [pid 10:tid 139643279165120] [remote 10.0.0.219:33866] 2026-07-16 16:09:49.429 10 ERROR keystone.server.flask.application
File "/var/lib/openstack/lib/python3.12/site-packages/sqlalchemy/orm/session.py", line 4352, in flush
[Thu Jul 16 16:09:49.441847 2026] [wsgi:error] [pid 10:tid 139643279165120] [remote 10.0.0.219:33866] 2026-07-16 16:09:49.429 10 ERROR keystone.server.flask.application self._flush(objects)
[Thu Jul 16 16:09:49.441849 2026] [wsgi:error] [pid 10:tid 139643279165120] [remote 10.0.0.219:33866] 2026-07-16 16:09:49.429 10 ERROR keystone.server.flask.application
File "/var/lib/openstack/lib/python3.12/site-packages/sqlalchemy/orm/session.py", line 4487, in _flush
[Thu Jul 16 16:09:49.441850 2026] [wsgi:error] [pid 10:tid 139643279165120] [remote 10.0.0.219:33866] 2026-07-16 16:09:49.429 10 ERROR keystone.server.flask.application with util.safe_reraise():
[Thu Jul 16 16:09:49.441852 2026] [wsgi:error] [pid 10:tid 139643279165120] [remote 10.0.0.219:33866] 2026-07-16 16:09:49.429 10 ERROR keystone.server.flask.application
File "/var/lib/openstack/lib/python3.12/site-packages/sqlalchemy/util/langhelpers.py", line 122, in __exit__
[Thu Jul 16 16:09:49.441854 2026] [wsgi:error] [pid 10:tid 139643279165120] [remote 10.0.0.219:33866] 2026-07-16 16:09:49.429 10 ERROR keystone.server.flask.application raise exc_value.with_traceback(exc_tb)
[Thu Jul 16 16:09:49.441855 2026] [wsgi:error] [pid 10:tid 139643279165120] [remote 10.0.0.219:33866] 2026-07-16 16:09:49.429 10 ERROR keystone.server.flask.application
File "/var/lib/openstack/lib/python3.12/site-packages/sqlalchemy/orm/session.py", line 4448, in _flush
[Thu Jul 16 16:09:49.441858 2026] [wsgi:error] [pid 10:tid 139643279165120] [remote 10.0.0.219:33866] 2026-07-16 16:09:49.429 10 ERROR keystone.server.flask.application flush_context.execute()
[Thu Jul 16 16:09:49.441863 2026] [wsgi:error] [pid 10:tid 139643279165120] [remote 10.0.0.219:33866] 2026-07-16 16:09:49.429 10 ERROR keystone.server.flask.application
