2026-07-16 17:10:58.739 8 INFO neutron_taas.services.taas.taas_plugin [None req-1079cad9-328c-4996-8ffb-aef93d7a1720 2c50500a55254b52b74ffcb73d7a9e65 7fc8011fb237401f903b73b6babb9adc - - default default] TaaS: Handle Delete Port: 0a35c9bc-0cda-4844-9a7b-fc503cf991e9
2026-07-16 17:10:58.743 8 INFO neutron_taas.services.taas.tap_mirror_plugin [None req-1079cad9-328c-4996-8ffb-aef93d7a1720 2c50500a55254b52b74ffcb73d7a9e65 7fc8011fb237401f903b73b6babb9adc - - default default] Tap Mirror: Handle Delete Port: 0a35c9bc-0cda-4844-9a7b-fc503cf991e9
2026-07-16 17:10:58.829 7 INFO neutron.services.segments.plugin [-] Segment 518bce02-c069-4a73-b3c1-f6c6db399503 resource provider aggregate not found
2026-07-16 17:10:58.834 7 INFO neutron.services.segments.plugin [-] Segment 518bce02-c069-4a73-b3c1-f6c6db399503 resource provider aggregate not found
2026-07-16 17:10:58.861 7 INFO neutron.services.segments.plugin [-] Client error retrieving segment 518bce02-c069-4a73-b3c1-f6c6db399503 resource provider; error: Placement Client Error (4xx): {"errors": [{"status": 404, "title": "Not Found", "detail": "The resource could not be found.\n\n No resource provider with uuid 518bce02-c069-4a73-b3c1-f6c6db399503 found for delete ", "request_id": "req-bd80afab-a7cc-4250-b052-8ee11358a3b1"}]}
2026-07-16 17:10:58.867 7 INFO neutron.services.segments.plugin [-] Client error retrieving segment 518bce02-c069-4a73-b3c1-f6c6db399503 resource provider; error: Placement Client Error (4xx): {"errors": [{"status": 404, "title": "Not Found", "detail": "The resource could not be found.\n\n No resource provider with uuid 518bce02-c069-4a73-b3c1-f6c6db399503 found for delete ", "request_id": "req-706b937b-7bfb-4e9d-8ccb-8a07859e6468"}]}
2026-07-16 17:10:58.934 7 WARNING neutron.scheduler.dhcp_agent_scheduler [None req-fc5713ad-e784-48b2-8007-4a61cde20224 1c74e80f6de44c87b341fbb467141b36 bce2c5e0977c49b28ece39629491bd42 - - default default] No more DHCP agents
2026-07-16 17:10:58.936 7 WARNING neutron.api.rpc.agentnotifiers.dhcp_rpc_agent_api [None req-fc5713ad-e784-48b2-8007-4a61cde20224 1c74e80f6de44c87b341fbb467141b36 bce2c5e0977c49b28ece39629491bd42 - - default default] Unable to schedule network 45c1a10d-ecd0-472f-8718-715f3f08b286: no agents available; will retry on subsequent port and subnet creation events.
2026-07-16 17:10:59.109 8 INFO neutron.plugins.ml2.drivers.ovn.mech_driver.mech_driver [None req-8cce4de1-3550-4d84-85e5-8a8075646a35 - - - - - -] OVN reports status down for port: 9c81e4a2-e986-4463-9807-d8fde4e46899
2026-07-16 17:10:59.135 7 INFO neutron.db.ovn_revision_numbers_db [None req-fc5713ad-e784-48b2-8007-4a61cde20224 1c74e80f6de44c87b341fbb467141b36 bce2c5e0977c49b28ece39629491bd42 - - default default] Successfully bumped revision number for resource 9c81e4a2-e986-4463-9807-d8fde4e46899 (type: ports) to 1 [pid: 8|app: 0|req: 674/1430] 10.0.0.23 () {32 vars in 722 bytes} [Thu Jul 16 17:10:58 2026] DELETE /v2.0/routers/0b80e93c-0759-4323-8fe3-58191829c767 => generated 0 bytes in 760 msecs (HTTP/1.1 204) 2 headers in 112 bytes (1 switches on core 0) [pid: 8|app: 0|req: 675/1431] 10.0.0.23 () {32 vars in 738 bytes} [Thu Jul 16 17:10:59 2026] DELETE /v2.0/security-groups/d5a6d97b-946d-4787-aab3-f4a46471e08f => generated 0 bytes in 234 msecs (HTTP/1.1 204) 2 headers in 112 bytes (1 switches on core 0) [pid: 8|app: 0|req: 676/1432] 10.0.0.23 () {32 vars in 722 bytes} [Thu Jul 16 17:10:59 2026] DELETE /v2.0/subnets/1cd4383c-936f-417a-8590-603ac45f8502 => generated 0 bytes in 172 msecs (HTTP/1.1 204) 3 headers in 131 bytes (1 switches on core 0)
2026-07-16 17:10:59.602 8 WARNING neutron.db.securitygroups_db [None req-d020d18a-80ce-4f27-859d-76675c4e4cdb 2c50500a55254b52b74ffcb73d7a9e65 7fc8011fb237401f903b73b6babb9adc - - default default] project_id key not found in filters, using tenant_id instead. This support has been deprecated and will be removed in a future release.
2026-07-16 17:10:59.712 8 INFO neutron.db.ovn_revision_numbers_db [None req-d020d18a-80ce-4f27-859d-76675c4e4cdb 2c50500a55254b52b74ffcb73d7a9e65 7fc8011fb237401f903b73b6babb9adc - - default default] Successfully bumped revision number for resource 4b7471ea-0f0a-437b-9fbe-bbade34a7b0e (type: security_groups) to 1
2026-07-16 17:10:59.731 8 INFO neutron.db.ovn_revision_numbers_db [None req-d020d18a-80ce-4f27-859d-76675c4e4cdb 2c50500a55254b52b74ffcb73d7a9e65 7fc8011fb237401f903b73b6babb9adc - - default default] Successfully bumped revision number for resource 221ab0de-ce23-4a6e-9988-5e6ebfa9cd38 (type: security_group_rules) to 0
2026-07-16 17:10:59.755 8 INFO neutron.db.ovn_revision_numbers_db [None req-d020d18a-80ce-4f27-859d-76675c4e4cdb 2c50500a55254b52b74ffcb73d7a9e65 7fc8011fb237401f903b73b6babb9adc - - default default] Successfully bumped revision number for resource 31be7110-79c6-45b5-b968-7bc3acd7dd65 (type: security_group_rules) to 0
2026-07-16 17:10:59.776 8 INFO neutron.db.ovn_revision_numbers_db [None req-d020d18a-80ce-4f27-859d-76675c4e4cdb 2c50500a55254b52b74ffcb73d7a9e65 7fc8011fb237401f903b73b6babb9adc - - default default] Successfully bumped revision number for resource 34f1fe7d-f1ad-41d7-abae-69445f7ed237 (type: security_group_rules) to 0
2026-07-16 17:10:59.793 8 INFO neutron.db.ovn_revision_numbers_db [None req-d020d18a-80ce-4f27-859d-76675c4e4cdb 2c50500a55254b52b74ffcb73d7a9e65 7fc8011fb237401f903b73b6babb9adc - - default default] Successfully bumped revision number for resource 535f73bb-a1f0-42da-b20a-e58547594532 (type: security_group_rules) to 0
2026-07-16 17:10:59.798 7 INFO neutron.db.ovn_revision_numbers_db [None req-fc5713ad-e784-48b2-8007-4a61cde20224 1c74e80f6de44c87b341fbb467141b36 bce2c5e0977c49b28ece39629491bd42 - - default default] Successfully bumped revision number for resource 9c81e4a2-e986-4463-9807-d8fde4e46899 (type: router_ports) to 1
2026-07-16 17:10:59.809 8 INFO neutron.plugins.ml2.drivers.ovn.mech_driver.mech_driver [None req-8cce4de1-3550-4d84-85e5-8a8075646a35 - - - - - -] OVN reports status up for port: 9c81e4a2-e986-4463-9807-d8fde4e46899
2026-07-16 17:10:59.836 8 INFO neutron.plugins.ml2.plugin [None req-8cce4de1-3550-4d84-85e5-8a8075646a35 - - - - - -] Attempt 1 to provision port 9c81e4a2-e986-4463-9807-d8fde4e46899 [pid: 8|app: 0|req: 677/1433] 10.0.0.23 () {32 vars in 772 bytes} [Thu Jul 16 17:10:59 2026] GET /v2.0/security-groups?tenant_id=fbee66607c484a00abedd22b9d6bd839&name=default => generated 2925 bytes in 258 msecs (HTTP/1.1 200) 4 headers in 158 bytes (1 switches on core 0)
2026-07-16 17:10:59.862 7 INFO neutron.db.ovn_revision_numbers_db [None req-fc5713ad-e784-48b2-8007-4a61cde20224 1c74e80f6de44c87b341fbb467141b36 bce2c5e0977c49b28ece39629491bd42 - - default default] Successfully bumped revision number for resource 7175a0e0-aa28-4510-8ec0-6f93099359d6 (type: routers) to 2 [pid: 7|app: 0|req: 757/1434] 10.0.0.23 () {34 vars in 667 bytes} [Thu Jul 16 17:10:58 2026] POST /v2.0/routers => generated 968 bytes in 1387 msecs (HTTP/1.1 201) 4 headers in 162 bytes (1 switches on core 0)
2026-07-16 17:11:00.018 8 INFO neutron_taas.services.taas.taas_plugin [None req-40745ca8-59a0-44de-82cf-893105b2f0a4 2c50500a55254b52b74ffcb73d7a9e65 7fc8011fb237401f903b73b6babb9adc - - default default] TaaS: Handle Delete Port: 33e6a8c8-5233-4c31-a906-952ffdeb4631
2026-07-16 17:11:00.021 8 INFO neutron_taas.services.taas.tap_mirror_plugin [None req-40745ca8-59a0-44de-82cf-893105b2f0a4 2c50500a55254b52b74ffcb73d7a9e65 7fc8011fb237401f903b73b6babb9adc - - default default] Tap Mirror: Handle Delete Port: 33e6a8c8-5233-4c31-a906-952ffdeb4631 [pid: 7|app: 0|req: 758/1435] 10.0.0.23 () {32 vars in 738 bytes} [Thu Jul 16 17:10:59 2026] DELETE /v2.0/security-groups/4b7471ea-0f0a-437b-9fbe-bbade34a7b0e => generated 0 bytes in 185 msecs (HTTP/1.1 204) 2 headers in 112 bytes (1 switches on core 0) [pid: 7|app: 0|req: 759/1436] 10.0.0.23 () {32 vars in 719 bytes} [Thu Jul 16 17:11:00 2026] GET /v2.0/routers/7175a0e0-aa28-4510-8ec0-6f93099359d6 => generated 974 bytes in 96 msecs (HTTP/1.1 200) 4 headers in 157 bytes (1 switches on core 0)
2026-07-16 17:11:00.238 8 INFO neutron.services.segments.plugin [-] Segment 51331633-508b-49ef-9233-fc90d791f631 resource provider aggregate not found
2026-07-16 17:11:00.242 8 INFO neutron.services.segments.plugin [-] Segment 51331633-508b-49ef-9233-fc90d791f631 resource provider aggregate not found [pid: 7|app: 0|req: 760/1437] 10.0.0.23 () {32 vars in 645 bytes} [Thu Jul 16 17:11:00 2026] GET /v2.0/routers => generated 977 bytes in 86 msecs (HTTP/1.1 200) 4 headers in 157 bytes (1 switches on core 0)
2026-07-16 17:11:00.256 8 INFO neutron.services.segments.plugin [-] Client error retrieving segment 51331633-508b-49ef-9233-fc90d791f631 resource provider; error: Placement Client Error (4xx): {"errors": [{"status": 404, "title": "Not Found", "detail": "The resource could not be found.\n\n No resource provider with uuid 51331633-508b-49ef-9233-fc90d791f631 found for delete ", "request_id": "req-c53c2e31-089d-499e-9737-d79c90f36bf2"}]}
2026-07-16 17:11:00.258 8 INFO neutron.services.segments.plugin [-] Client error retrieving segment 51331633-508b-49ef-9233-fc90d791f631 resource provider; error: Placement Client Error (4xx): {"errors": [{"status": 404, "title": "Not Found", "detail": "The resource could not be found.\n\n No resource provider with uuid 51331633-508b-49ef-9233-fc90d791f631 found for delete ", "request_id": "req-db6587a5-6682-49ce-b3ac-5ac02bddc9c1"}]} [pid: 8|app: 0|req: 678/1438] 10.0.0.23 () {32 vars in 724 bytes} [Thu Jul 16 17:10:59 2026] DELETE /v2.0/networks/0a5b0ccb-93d2-4bae-8bae-b5aed6ea368a => generated 0 bytes in 460 msecs (HTTP/1.1 204) 3 headers in 131 bytes (1 switches on core 0)
2026-07-16 17:11:00.561 7 INFO neutron.db.ovn_revision_numbers_db [None req-cbd7a918-4af9-4b0c-8462-26354e1a90c6 ed9f5b2d7a024ebea7d952b6b2ad7aa6 b3534745c82046dd9629fde0c617f4b3 - - default default] Successfully bumped revision number for resource a5ba5bf9-398a-43a0-8284-90797a2a0536 (type: security_groups) to 1
2026-07-16 17:11:00.574 7 INFO neutron.db.ovn_revision_numbers_db [None req-cbd7a918-4af9-4b0c-8462-26354e1a90c6 ed9f5b2d7a024ebea7d952b6b2ad7aa6 b3534745c82046dd9629fde0c617f4b3 - - default default] Successfully bumped revision number for resource 488ac378-534b-4157-a95e-3499f98737be (type: security_group_rules) to 0
2026-07-16 17:11:00.588 7 INFO neutron.db.ovn_revision_numbers_db [None req-cbd7a918-4af9-4b0c-8462-26354e1a90c6 ed9f5b2d7a024ebea7d952b6b2ad7aa6 b3534745c82046dd9629fde0c617f4b3 - - default default] Successfully bumped revision number for resource 70889dda-3b5e-47ad-a4a9-d82928bd314f (type: security_group_rules) to 0
2026-07-16 17:11:00.602 7 INFO neutron.db.ovn_revision_numbers_db [None req-cbd7a918-4af9-4b0c-8462-26354e1a90c6 ed9f5b2d7a024ebea7d952b6b2ad7aa6 b3534745c82046dd9629fde0c617f4b3 - - default default] Successfully bumped revision number for resource 85deea0f-71a9-44f0-9f4a-6749992336ca (type: security_group_rules) to 0
2026-07-16 17:11:00.615 7 INFO neutron.db.ovn_revision_numbers_db [None req-cbd7a918-4af9-4b0c-8462-26354e1a90c6 ed9f5b2d7a024ebea7d952b6b2ad7aa6 b3534745c82046dd9629fde0c617f4b3 - - default default] Successfully bumped revision number for resource b2d1eed3-b2ef-44e6-a90f-1d72115f7bfb (type: security_group_rules) to 0
2026-07-16 17:11:00.653 8 INFO neutron.db.ovn_revision_numbers_db [None req-2b1f76e4-3e7e-4278-84a7-3af77b94037f 1c74e80f6de44c87b341fbb467141b36 bce2c5e0977c49b28ece39629491bd42 - - default default] Successfully bumped revision number for resource 7175a0e0-aa28-4510-8ec0-6f93099359d6 (type: routers) to 3 [pid: 8|app: 0|req: 679/1439] 10.0.0.23 () {34 vars in 739 bytes} [Thu Jul 16 17:11:00 2026] PUT /v2.0/routers/7175a0e0-aa28-4510-8ec0-6f93099359d6 => generated 981 bytes in 341 msecs (HTTP/1.1 200) 4 headers in 157 bytes (1 switches on core 0)
2026-07-16 17:11:00.667 8 WARNING neutron.db.securitygroups_db [None req-b653b567-a96b-4f14-a6bd-3566a679ec1d 2c50500a55254b52b74ffcb73d7a9e65 7fc8011fb237401f903b73b6babb9adc - - default default] project_id key not found in filters, using tenant_id instead. This support has been deprecated and will be removed in a future release. [pid: 8|app: 0|req: 680/1440] 10.0.0.23 () {32 vars in 772 bytes} [Thu Jul 16 17:11:00 2026] GET /v2.0/security-groups?tenant_id=54383d5fb24149948f506f34a1b2e09a&name=default => generated 2925 bytes in 29 msecs (HTTP/1.1 200) 4 headers in 158 bytes (1 switches on core 0)
2026-07-16 17:11:00.692 7 INFO neutron.db.segments_db [None req-cbd7a918-4af9-4b0c-8462-26354e1a90c6 ed9f5b2d7a024ebea7d952b6b2ad7aa6 b3534745c82046dd9629fde0c617f4b3 - - default default] Added segment 8c65bbe1-465f-4291-86f4-1814c5859d58 of type geneve for network 057e9367-f6af-46d5-8a9d-c8087ba9a43a [pid: 8|app: 0|req: 681/1441] 10.0.0.23 () {32 vars in 719 bytes} [Thu Jul 16 17:11:00 2026] GET /v2.0/routers/7175a0e0-aa28-4510-8ec0-6f93099359d6 => generated 981 bytes in 76 msecs (HTTP/1.1 200) 4 headers in 157 bytes (1 switches on core 0)
2026-07-16 17:11:00.792 7 INFO neutron.db.ovn_revision_numbers_db [None req-cbd7a918-4af9-4b0c-8462-26354e1a90c6 ed9f5b2d7a024ebea7d952b6b2ad7aa6 b3534745c82046dd9629fde0c617f4b3 - - default default] Successfully bumped revision number for resource 057e9367-f6af-46d5-8a9d-c8087ba9a43a (type: networks) to 1
2026-07-16 17:11:00.953 7 WARNING neutron.scheduler.dhcp_agent_scheduler [None req-cbd7a918-4af9-4b0c-8462-26354e1a90c6 ed9f5b2d7a024ebea7d952b6b2ad7aa6 b3534745c82046dd9629fde0c617f4b3 - - default default] No more DHCP agents
2026-07-16 17:11:00.955 7 WARNING neutron.api.rpc.agentnotifiers.dhcp_rpc_agent_api [None req-cbd7a918-4af9-4b0c-8462-26354e1a90c6 ed9f5b2d7a024ebea7d952b6b2ad7aa6 b3534745c82046dd9629fde0c617f4b3 - - default default] Unable to schedule network 057e9367-f6af-46d5-8a9d-c8087ba9a43a: no agents available; will retry on subsequent port and subnet creation events. [pid: 8|app: 0|req: 682/1442] 10.0.0.23 () {32 vars in 738 bytes} [Thu Jul 16 17:11:00 2026] DELETE /v2.0/security-groups/27bbe1b4-5e64-45a9-b62c-fee85913b323 => generated 0 bytes in 207 msecs (HTTP/1.1 204) 2 headers in 112 bytes (1 switches on core 0) [pid: 8|app: 0|req: 683/1443] 10.0.0.23 () {32 vars in 734 bytes} [Thu Jul 16 17:11:00 2026] GET /v2.0/ports?device_id=7175a0e0-aa28-4510-8ec0-6f93099359d6 => generated 12 bytes in 20 msecs (HTTP/1.1 200) 4 headers in 156 bytes (1 switches on core 0)
2026-07-16 17:11:01.064 7 INFO neutron.db.ovn_revision_numbers_db [None req-cbd7a918-4af9-4b0c-8462-26354e1a90c6 ed9f5b2d7a024ebea7d952b6b2ad7aa6 b3534745c82046dd9629fde0c617f4b3 - - default default] Successfully bumped revision number for resource 28e9d0ee-48dc-42f3-ae0f-09bb0a55762f (type: ports) to 1 [pid: 7|app: 0|req: 761/1444] 10.0.0.23 () {34 vars in 668 bytes} [Thu Jul 16 17:11:00 2026] POST /v2.0/networks => generated 683 bytes in 844 msecs (HTTP/1.1 201) 4 headers in 162 bytes (1 switches on core 0)
2026-07-16 17:11:01.384 7 WARNING neutron.scheduler.dhcp_agent_scheduler [None req-b7026bfb-15d4-46f9-8e1b-2503314dd11b ed9f5b2d7a024ebea7d952b6b2ad7aa6 b3534745c82046dd9629fde0c617f4b3 - - default default] No more DHCP agents
2026-07-16 17:11:01.386 7 WARNING neutron.api.rpc.agentnotifiers.dhcp_rpc_agent_api [None req-b7026bfb-15d4-46f9-8e1b-2503314dd11b ed9f5b2d7a024ebea7d952b6b2ad7aa6 b3534745c82046dd9629fde0c617f4b3 - - default default] Unable to schedule network 057e9367-f6af-46d5-8a9d-c8087ba9a43a: no agents available; will retry on subsequent port and subnet creation events.
2026-07-16 17:11:01.452 8 INFO neutron_taas.services.taas.taas_plugin [None req-f0fcc277-35e0-4a76-9c25-469f0114c90d 1c74e80f6de44c87b341fbb467141b36 bce2c5e0977c49b28ece39629491bd42 - - default default] TaaS: Handle Delete Port: 9c81e4a2-e986-4463-9807-d8fde4e46899
2026-07-16 17:11:01.463 8 INFO neutron_taas.services.taas.tap_mirror_plugin [None req-f0fcc277-35e0-4a76-9c25-469f0114c90d 1c74e80f6de44c87b341fbb467141b36 bce2c5e0977c49b28ece39629491bd42 - - default default] Tap Mirror: Handle Delete Port: 9c81e4a2-e986-4463-9807-d8fde4e46899
2026-07-16 17:11:01.498 7 INFO neutron.db.ovn_revision_numbers_db [None req-b7026bfb-15d4-46f9-8e1b-2503314dd11b ed9f5b2d7a024ebea7d952b6b2ad7aa6 b3534745c82046dd9629fde0c617f4b3 - - default default] Successfully bumped revision number for resource 83a1651c-9e96-4faa-95a7-4e1517a0ec2b (type: ports) to 1 [pid: 7|app: 0|req: 762/1445] 10.0.0.23 () {34 vars in 663 bytes} [Thu Jul 16 17:11:01 2026] POST /v2.0/ports => generated 775 bytes in 428 msecs (HTTP/1.1 201) 4 headers in 162 bytes (1 switches on core 0) /var/lib/openstack/lib/python3.12/site-packages/pycadf/identifier.py:70: UserWarning: Invalid uuid: neutron. To ensure interoperability, identifiers should be a valid uuid. warnings.warn(('Invalid uuid: %s. To ensure interoperability, '
2026-07-16 17:11:01.609 7 WARNING neutron.plugins.ml2.drivers.ovn.mech_driver.ovsdb.ovn_client [None req-245779f6-f22a-4c86-8764-a42eb5a5eeec - - - - - -] No port found with ID 7bde495e-3e7f-47ef-b6db-e600b5270fee: RuntimeError: No port found with ID 7bde495e-3e7f-47ef-b6db-e600b5270fee
2026-07-16 17:11:01.638 7 INFO neutron.db.segments_db [None req-e99b0c79-a98a-408b-93bb-3aebabd8fa42 ed9f5b2d7a024ebea7d952b6b2ad7aa6 b3534745c82046dd9629fde0c617f4b3 - - default default] Added segment 01d973bb-b406-451a-9bc4-ea35eb35ec3d of type geneve for network 4fdb5a9a-5327-422e-a91d-4739deb4b371
2026-07-16 17:11:01.658 7 INFO neutron.plugins.ml2.drivers.ovn.mech_driver.mech_driver [None req-245779f6-f22a-4c86-8764-a42eb5a5eeec - - - - - -] OVN reports status down for port: 28e9d0ee-48dc-42f3-ae0f-09bb0a55762f
2026-07-16 17:11:01.778 7 INFO neutron.plugins.ml2.drivers.ovn.mech_driver.mech_driver [None req-245779f6-f22a-4c86-8764-a42eb5a5eeec - - - - - -] OVN reports status down for port: 83a1651c-9e96-4faa-95a7-4e1517a0ec2b
2026-07-16 17:11:01.836 7 INFO neutron.db.ovn_revision_numbers_db [None req-e99b0c79-a98a-408b-93bb-3aebabd8fa42 ed9f5b2d7a024ebea7d952b6b2ad7aa6 b3534745c82046dd9629fde0c617f4b3 - - default default] Successfully bumped revision number for resource 4fdb5a9a-5327-422e-a91d-4739deb4b371 (type: networks) to 1 [pid: 8|app: 0|req: 684/1446] 10.0.0.23 () {32 vars in 722 bytes} [Thu Jul 16 17:11:00 2026] DELETE /v2.0/routers/7175a0e0-aa28-4510-8ec0-6f93099359d6 => generated 0 bytes in 959 msecs (HTTP/1.1 204) 2 headers in 112 bytes (1 switches on core 0) [pid: 8|app: 0|req: 685/1447] 10.0.0.23 () {32 vars in 734 bytes} [Thu Jul 16 17:11:01 2026] GET /v2.0/ports?device_id=7175a0e0-aa28-4510-8ec0-6f93099359d6 => generated 12 bytes in 19 msecs (HTTP/1.1 200) 4 headers in 156 bytes (1 switches on core 0)
2026-07-16 17:11:02.006 8 INFO neutron.api.v2.resource [None req-2c430e29-f1a3-4a6a-ab89-b7b1154fb854 1c74e80f6de44c87b341fbb467141b36 bce2c5e0977c49b28ece39629491bd42 - - default default] delete failed (client error): The resource could not be found. [pid: 8|app: 0|req: 686/1448] 10.0.0.23 () {32 vars in 722 bytes} [Thu Jul 16 17:11:01 2026] DELETE /v2.0/routers/7175a0e0-aa28-4510-8ec0-6f93099359d6 => generated 135 bytes in 18 msecs (HTTP/1.1 404) 4 headers in 164 bytes (1 switches on core 0) [pid: 8|app: 0|req: 687/1449] 10.0.0.23 () {32 vars in 734 bytes} [Thu Jul 16 17:11:02 2026] GET /v2.0/ports?device_id=637c2c8d-a990-45fe-ae7c-f99297d52ce3 => generated 12 bytes in 19 msecs (HTTP/1.1 200) 4 headers in 156 bytes (1 switches on core 0)
2026-07-16 17:11:02.051 7 WARNING neutron.scheduler.dhcp_agent_scheduler [None req-e99b0c79-a98a-408b-93bb-3aebabd8fa42 ed9f5b2d7a024ebea7d952b6b2ad7aa6 b3534745c82046dd9629fde0c617f4b3 - - default default] No more DHCP agents
2026-07-16 17:11:02.052 7 WARNING neutron.api.rpc.agentnotifiers.dhcp_rpc_agent_api [None req-e99b0c79-a98a-408b-93bb-3aebabd8fa42 ed9f5b2d7a024ebea7d952b6b2ad7aa6 b3534745c82046dd9629fde0c617f4b3 - - default default] Unable to schedule network 4fdb5a9a-5327-422e-a91d-4739deb4b371: no agents available; will retry on subsequent port and subnet creation events.
2026-07-16 17:11:02.078 8 INFO neutron.api.v2.resource [None req-217394a9-6b84-470c-9948-075bb7ebd19d 1c74e80f6de44c87b341fbb467141b36 bce2c5e0977c49b28ece39629491bd42 - - default default] delete failed (client error): The resource could not be found. [pid: 8|app: 0|req: 688/1450] 10.0.0.23 () {32 vars in 722 bytes} [Thu Jul 16 17:11:02 2026] DELETE /v2.0/routers/637c2c8d-a990-45fe-ae7c-f99297d52ce3 => generated 135 bytes in 25 msecs (HTTP/1.1 404) 4 headers in 164 bytes (1 switches on core 0)
2026-07-16 17:11:02.125 8 INFO neutron.pecan_wsgi.hooks.translation [None req-0de4a753-70fe-4e9c-b9a9-d5a24de2b1a4 1c74e80f6de44c87b341fbb467141b36 bce2c5e0977c49b28ece39629491bd42 - - default default] DELETE failed (client error): The resource could not be found. [pid: 8|app: 0|req: 689/1451] 10.0.0.23 () {32 vars in 722 bytes} [Thu Jul 16 17:11:02 2026] DELETE /v2.0/subnets/dca8e2d0-bfbf-4714-bb38-b4da985cd748 => generated 136 bytes in 46 msecs (HTTP/1.1 404) 4 headers in 164 bytes (1 switches on core 0)
2026-07-16 17:11:02.155 7 INFO neutron.db.ovn_revision_numbers_db [None req-e99b0c79-a98a-408b-93bb-3aebabd8fa42 ed9f5b2d7a024ebea7d952b6b2ad7aa6 b3534745c82046dd9629fde0c617f4b3 - - default default] Successfully bumped revision number for resource 9e9b68be-9107-45d8-9220-bda970059c66 (type: ports) to 1 [pid: 8|app: 0|req: 690/1452] 10.0.0.23 () {32 vars in 734 bytes} [Thu Jul 16 17:11:02 2026] GET /v2.0/ports?device_id=438f80b4-720e-4bd7-b652-117ff5186477 => generated 12 bytes in 18 msecs (HTTP/1.1 200) 4 headers in 156 bytes (1 switches on core 0)
2026-07-16 17:11:02.182 8 INFO neutron.api.v2.resource [None req-d3303b95-bd02-4d4b-afc7-57424cf33135 1c74e80f6de44c87b341fbb467141b36 bce2c5e0977c49b28ece39629491bd42 - - default default] delete failed (client error): The resource could not be found. [pid: 8|app: 0|req: 691/1453] 10.0.0.23 () {32 vars in 722 bytes} [Thu Jul 16 17:11:02 2026] DELETE /v2.0/routers/438f80b4-720e-4bd7-b652-117ff5186477 => generated 135 bytes in 20 msecs (HTTP/1.1 404) 4 headers in 164 bytes (1 switches on core 0) [pid: 7|app: 0|req: 763/1454] 10.0.0.23 () {34 vars in 668 bytes} [Thu Jul 16 17:11:01 2026] POST /v2.0/networks => generated 670 bytes in 645 msecs (HTTP/1.1 201) 4 headers in 162 bytes (1 switches on core 0)
2026-07-16 17:11:02.201 8 INFO neutron.pecan_wsgi.hooks.translation [None req-344eea96-848f-4094-a477-d7de496790ae 1c74e80f6de44c87b341fbb467141b36 bce2c5e0977c49b28ece39629491bd42 - - default default] DELETE failed (client error): The resource could not be found. [pid: 8|app: 0|req: 692/1455] 10.0.0.23 () {32 vars in 722 bytes} [Thu Jul 16 17:11:02 2026] DELETE /v2.0/subnets/ce813560-1f2f-4e66-a277-5ac16a81cb8b => generated 136 bytes in 14 msecs (HTTP/1.1 404) 4 headers in 164 bytes (1 switches on core 0) [pid: 8|app: 0|req: 693/1456] 10.0.0.23 () {32 vars in 734 bytes} [Thu Jul 16 17:11:02 2026] GET /v2.0/ports?device_id=ea271cc2-fd41-4b6b-aca2-0ba6aa6b6274 => generated 12 bytes in 17 msecs (HTTP/1.1 200) 4 headers in 156 bytes (1 switches on core 0)
2026-07-16 17:11:02.247 8 INFO neutron.api.v2.resource [None req-b08705bc-b259-4a70-a095-1223df3cd5a8 1c74e80f6de44c87b341fbb467141b36 bce2c5e0977c49b28ece39629491bd42 - - default default] delete failed (client error): The resource could not be found. [pid: 8|app: 0|req: 694/1457] 10.0.0.23 () {32 vars in 722 bytes} [Thu Jul 16 17:11:02 2026] DELETE /v2.0/routers/ea271cc2-fd41-4b6b-aca2-0ba6aa6b6274 => generated 135 bytes in 19 msecs (HTTP/1.1 404) 4 headers in 164 bytes (1 switches on core 0)
2026-07-16 17:11:02.263 8 INFO neutron.pecan_wsgi.hooks.translation [None req-54229cfc-5196-41eb-a6e4-ea82ae5f8d67 1c74e80f6de44c87b341fbb467141b36 bce2c5e0977c49b28ece39629491bd42 - - default default] DELETE failed (client error): The resource could not be found. [pid: 8|app: 0|req: 695/1458] 10.0.0.23 () {32 vars in 722 bytes} [Thu Jul 16 17:11:02 2026] DELETE /v2.0/subnets/51248e54-6e17-46de-af15-5b5998f73c69 => generated 136 bytes in 13 msecs (HTTP/1.1 404) 4 headers in 164 bytes (1 switches on core 0)
2026-07-16 17:11:02.282 8 INFO neutron.pecan_wsgi.hooks.translation [None req-aa9134e3-e114-4379-a909-5305d0218ae2 1c74e80f6de44c87b341fbb467141b36 bce2c5e0977c49b28ece39629491bd42 - - default default] DELETE failed (client error): The resource could not be found. [pid: 8|app: 0|req: 696/1459] 10.0.0.23 () {32 vars in 722 bytes} [Thu Jul 16 17:11:02 2026] DELETE /v2.0/subnets/66774f07-425a-48f8-b402-71be118216f2 => generated 136 bytes in 14 msecs (HTTP/1.1 404) 4 headers in 164 bytes (1 switches on core 0)
2026-07-16 17:11:02.361 7 WARNING neutron.scheduler.dhcp_agent_scheduler [None req-829ddd60-8004-4c11-a2fa-5edd32b60324 ed9f5b2d7a024ebea7d952b6b2ad7aa6 b3534745c82046dd9629fde0c617f4b3 - - default default] No more DHCP agents
2026-07-16 17:11:02.362 7 WARNING neutron.api.rpc.agentnotifiers.dhcp_rpc_agent_api [None req-829ddd60-8004-4c11-a2fa-5edd32b60324 ed9f5b2d7a024ebea7d952b6b2ad7aa6 b3534745c82046dd9629fde0c617f4b3 - - default default] Unable to schedule network 4fdb5a9a-5327-422e-a91d-4739deb4b371: no agents available; will retry on subsequent port and subnet creation events.
2026-07-16 17:11:02.808 7 INFO neutron.db.ovn_revision_numbers_db [None req-829ddd60-8004-4c11-a2fa-5edd32b60324 ed9f5b2d7a024ebea7d952b6b2ad7aa6 b3534745c82046dd9629fde0c617f4b3 - - default default] Successfully bumped revision number for resource 9e9b68be-9107-45d8-9220-bda970059c66 (type: ports) to 2
2026-07-16 17:11:02.836 7 INFO neutron.db.ovn_revision_numbers_db [None req-829ddd60-8004-4c11-a2fa-5edd32b60324 ed9f5b2d7a024ebea7d952b6b2ad7aa6 b3534745c82046dd9629fde0c617f4b3 - - default default] Successfully bumped revision number for resource d7297846-c750-494f-a9c9-e91eff155121 (type: subnets) to 0 [pid: 7|app: 0|req: 764/1460] 10.0.0.23 () {34 vars in 667 bytes} [Thu Jul 16 17:11:02 2026] POST /v2.0/subnets => generated 626 bytes in 663 msecs (HTTP/1.1 201) 4 headers in 162 bytes (1 switches on core 0)
2026-07-16 17:11:02.890 8 WARNING neutron.db.securitygroups_db [None req-abb2d0c9-825d-4b0d-b2f1-eff895bddcdc 2c50500a55254b52b74ffcb73d7a9e65 7fc8011fb237401f903b73b6babb9adc - - default default] project_id key not found in filters, using tenant_id instead. This support has been deprecated and will be removed in a future release. [pid: 8|app: 0|req: 697/1461] 10.0.0.23 () {32 vars in 772 bytes} [Thu Jul 16 17:11:02 2026] GET /v2.0/security-groups?tenant_id=bce2c5e0977c49b28ece39629491bd42&name=default => generated 2925 bytes in 132 msecs (HTTP/1.1 200) 4 headers in 158 bytes (1 switches on core 0) [pid: 8|app: 0|req: 698/1462] 10.0.0.23 () {32 vars in 738 bytes} [Thu Jul 16 17:11:02 2026] DELETE /v2.0/security-groups/20936e8c-714f-45ce-b817-ba34792155ff => generated 0 bytes in 188 msecs (HTTP/1.1 204) 2 headers in 112 bytes (1 switches on core 0)
2026-07-16 17:11:03.154 7 WARNING neutron.scheduler.dhcp_agent_scheduler [None req-8f25fc2b-434a-416c-b74b-2d303b558097 ed9f5b2d7a024ebea7d952b6b2ad7aa6 b3534745c82046dd9629fde0c617f4b3 - - default default] No more DHCP agents
2026-07-16 17:11:03.156 7 WARNING neutron.api.rpc.agentnotifiers.dhcp_rpc_agent_api [None req-8f25fc2b-434a-416c-b74b-2d303b558097 ed9f5b2d7a024ebea7d952b6b2ad7aa6 b3534745c82046dd9629fde0c617f4b3 - - default default] Unable to schedule network 4fdb5a9a-5327-422e-a91d-4739deb4b371: no agents available; will retry on subsequent port and subnet creation events.
2026-07-16 17:11:03.302 7 INFO neutron.db.ovn_revision_numbers_db [None req-8f25fc2b-434a-416c-b74b-2d303b558097 ed9f5b2d7a024ebea7d952b6b2ad7aa6 b3534745c82046dd9629fde0c617f4b3 - - default default] Successfully bumped revision number for resource 1b4139ef-75aa-41ff-ae51-fd0f258f878d (type: ports) to 1 [pid: 7|app: 0|req: 765/1463] 10.0.0.23 () {34 vars in 663 bytes} [Thu Jul 16 17:11:02 2026] POST /v2.0/ports => generated 950 bytes in 461 msecs (HTTP/1.1 201) 4 headers in 162 bytes (1 switches on core 0)
2026-07-16 17:11:03.489 8 INFO neutron_taas.services.taas.taas_plugin [None req-cec64081-1cef-4f06-803d-fd00d8c60769 ed9f5b2d7a024ebea7d952b6b2ad7aa6 b3534745c82046dd9629fde0c617f4b3 - - default default] TaaS: Handle Delete Port: 1b4139ef-75aa-41ff-ae51-fd0f258f878d
2026-07-16 17:11:03.492 8 INFO neutron_taas.services.taas.tap_mirror_plugin [None req-cec64081-1cef-4f06-803d-fd00d8c60769 ed9f5b2d7a024ebea7d952b6b2ad7aa6 b3534745c82046dd9629fde0c617f4b3 - - default default] Tap Mirror: Handle Delete Port: 1b4139ef-75aa-41ff-ae51-fd0f258f878d /var/lib/openstack/lib/python3.12/site-packages/pycadf/identifier.py:70: UserWarning: Invalid uuid: neutron. To ensure interoperability, identifiers should be a valid uuid. warnings.warn(('Invalid uuid: %s. To ensure interoperability, ' [pid: 8|app: 0|req: 699/1464] 10.0.0.23 () {32 vars in 718 bytes} [Thu Jul 16 17:11:03 2026] DELETE /v2.0/ports/1b4139ef-75aa-41ff-ae51-fd0f258f878d => generated 0 bytes in 345 msecs (HTTP/1.1 204) 3 headers in 131 bytes (1 switches on core 0)
2026-07-16 17:11:03.708 8 INFO neutron.pecan_wsgi.hooks.translation [None req-adb62169-e5eb-4318-a9c9-0402f28825b1 ed9f5b2d7a024ebea7d952b6b2ad7aa6 b3534745c82046dd9629fde0c617f4b3 - - default default] DELETE failed (client error): The resource could not be found. [pid: 8|app: 0|req: 700/1465] 10.0.0.23 () {32 vars in 718 bytes} [Thu Jul 16 17:11:03 2026] DELETE /v2.0/ports/1b4139ef-75aa-41ff-ae51-fd0f258f878d => generated 132 bytes in 32 msecs (HTTP/1.1 404) 4 headers in 164 bytes (1 switches on core 0)
2026-07-16 17:11:03.731 8 INFO neutron.pecan_wsgi.hooks.translation [None req-8846cf34-db47-479f-acd6-a13a83cf9030 ed9f5b2d7a024ebea7d952b6b2ad7aa6 b3534745c82046dd9629fde0c617f4b3 - - default default] GET failed (client error): The resource could not be found. [pid: 8|app: 0|req: 701/1466] 10.0.0.23 () {32 vars in 715 bytes} [Thu Jul 16 17:11:03 2026] GET /v2.0/ports/1b4139ef-75aa-41ff-ae51-fd0f258f878d => generated 132 bytes in 15 msecs (HTTP/1.1 404) 4 headers in 164 bytes (1 switches on core 0)
2026-07-16 17:11:03.864 7 WARNING neutron.scheduler.dhcp_agent_scheduler [None req-34b6469c-618c-4288-894f-01104d5e5a83 c7ce927a560c4770b9a53e7bbd2c06c4 2675ab80c0b648a18eaf7a37245fad2d - - default default] No more DHCP agents
2026-07-16 17:11:03.865 7 WARNING neutron.api.rpc.agentnotifiers.dhcp_rpc_agent_api [None req-34b6469c-618c-4288-894f-01104d5e5a83 c7ce927a560c4770b9a53e7bbd2c06c4 2675ab80c0b648a18eaf7a37245fad2d - - default default] Unable to schedule network 45c1a10d-ecd0-472f-8718-715f3f08b286: no agents available; will retry on subsequent port and subnet creation events. [pid: 8|app: 0|req: 702/1467] 10.0.0.23 () {32 vars in 722 bytes} [Thu Jul 16 17:11:03 2026] DELETE /v2.0/subnets/d7297846-c750-494f-a9c9-e91eff155121 => generated 0 bytes in 159 msecs (HTTP/1.1 204) 3 headers in 131 bytes (1 switches on core 0)
2026-07-16 17:11:04.014 8 INFO neutron_taas.services.taas.taas_plugin [None req-9183cc05-3165-467a-8e1a-65275e0e182b ed9f5b2d7a024ebea7d952b6b2ad7aa6 b3534745c82046dd9629fde0c617f4b3 - - default default] TaaS: Handle Delete Port: 9e9b68be-9107-45d8-9220-bda970059c66
2026-07-16 17:11:04.016 8 INFO neutron_taas.services.taas.tap_mirror_plugin [None req-9183cc05-3165-467a-8e1a-65275e0e182b ed9f5b2d7a024ebea7d952b6b2ad7aa6 b3534745c82046dd9629fde0c617f4b3 - - default default] Tap Mirror: Handle Delete Port: 9e9b68be-9107-45d8-9220-bda970059c66
2026-07-16 17:11:04.208 8 INFO neutron.services.segments.plugin [-] Segment 01d973bb-b406-451a-9bc4-ea35eb35ec3d resource provider aggregate not found [pid: 7|app: 0|req: 766/1468] 10.0.0.23 () {34 vars in 674 bytes} [Thu Jul 16 17:11:03 2026] POST /v2.0/floatingips => generated 552 bytes in 754 msecs (HTTP/1.1 201) 4 headers in 162 bytes (1 switches on core 0)
2026-07-16 17:11:04.210 8 INFO neutron.services.segments.plugin [-] Segment 01d973bb-b406-451a-9bc4-ea35eb35ec3d resource provider aggregate not found
2026-07-16 17:11:04.233 8 INFO neutron.services.segments.plugin [-] Client error retrieving segment 01d973bb-b406-451a-9bc4-ea35eb35ec3d resource provider; error: Placement Client Error (4xx): {"errors": [{"status": 404, "title": "Not Found", "detail": "The resource could not be found.\n\n No resource provider with uuid 01d973bb-b406-451a-9bc4-ea35eb35ec3d found for delete ", "request_id": "req-ccbc2eb4-636d-4d86-861d-6647bb263917"}]}
2026-07-16 17:11:04.244 8 INFO neutron.services.segments.plugin [-] Client error retrieving segment 01d973bb-b406-451a-9bc4-ea35eb35ec3d resource provider; error: Placement Client Error (4xx): {"errors": [{"status": 404, "title": "Not Found", "detail": "The resource could not be found.\n\n No resource provider with uuid 01d973bb-b406-451a-9bc4-ea35eb35ec3d found for delete ", "request_id": "req-e4b7a591-a8b9-4b85-9f6c-541d9f30afc0"}]} [pid: 8|app: 0|req: 703/1469] 10.0.0.23 () {32 vars in 724 bytes} [Thu Jul 16 17:11:03 2026] DELETE /v2.0/networks/4fdb5a9a-5327-422e-a91d-4739deb4b371 => generated 0 bytes in 356 msecs (HTTP/1.1 204) 3 headers in 131 bytes (1 switches on core 0)
2026-07-16 17:11:04.291 7 WARNING tagging [None req-e5fa9fb1-0f7e-475b-98cc-9023d8eb0515 c7ce927a560c4770b9a53e7bbd2c06c4 2675ab80c0b648a18eaf7a37245fad2d - - default default] project_id key not found in request, using tenant_id instead. This support has been deprecated and will be removed in a future release. [pid: 7|app: 0|req: 767/1470] 10.0.0.23 () {34 vars in 757 bytes} [Thu Jul 16 17:11:04 2026] PUT /v2.0/floatingips/7695564a-a3b3-48d0-8d22-116ffe4ba5f6/tags => generated 25 bytes in 134 msecs (HTTP/1.1 200) 4 headers in 156 bytes (1 switches on core 0)
2026-07-16 17:11:04.362 8 INFO neutron.db.segments_db [None req-ebeb1735-6b9d-447f-85be-1cdb77b17177 ed9f5b2d7a024ebea7d952b6b2ad7aa6 b3534745c82046dd9629fde0c617f4b3 - - default default] Added segment 27f4d891-bcbb-400b-bab8-b635caffc455 of type geneve for network b787ef8e-7fcf-402a-bf48-fc963587bdb5
2026-07-16 17:11:04.384 7 WARNING tagging [None req-19393c51-8e0b-4dba-b509-5c12e4c64083 c7ce927a560c4770b9a53e7bbd2c06c4 2675ab80c0b648a18eaf7a37245fad2d - - default default] project_id key not found in request, using tenant_id instead. This support has been deprecated and will be removed in a future release. [pid: 7|app: 0|req: 768/1471] 10.0.0.23 () {32 vars in 737 bytes} [Thu Jul 16 17:11:04 2026] GET /v2.0/floatingips/7695564a-a3b3-48d0-8d22-116ffe4ba5f6/tags => generated 25 bytes in 46 msecs (HTTP/1.1 200) 4 headers in 156 bytes (1 switches on core 0)
2026-07-16 17:11:04.439 7 WARNING tagging [None req-0b5e5229-c610-4457-b129-ec0fba559fc3 c7ce927a560c4770b9a53e7bbd2c06c4 2675ab80c0b648a18eaf7a37245fad2d - - default default] project_id key not found in request, using tenant_id instead. This support has been deprecated and will be removed in a future release.
2026-07-16 17:11:04.475 8 INFO neutron.db.ovn_revision_numbers_db [None req-ebeb1735-6b9d-447f-85be-1cdb77b17177 ed9f5b2d7a024ebea7d952b6b2ad7aa6 b3534745c82046dd9629fde0c617f4b3 - - default default] Successfully bumped revision number for resource b787ef8e-7fcf-402a-bf48-fc963587bdb5 (type: networks) to 1 [pid: 7|app: 0|req: 769/1472] 10.0.0.23 () {34 vars in 768 bytes} [Thu Jul 16 17:11:04 2026] PUT /v2.0/floatingips/7695564a-a3b3-48d0-8d22-116ffe4ba5f6/tags/green => generated 4 bytes in 100 msecs (HTTP/1.1 201) 4 headers in 160 bytes (1 switches on core 0)
2026-07-16 17:11:04.574 7 WARNING tagging [None req-3a45af32-5b40-4d0e-b458-001a13bc29d6 c7ce927a560c4770b9a53e7bbd2c06c4 2675ab80c0b648a18eaf7a37245fad2d - - default default] project_id key not found in request, using tenant_id instead. This support has been deprecated and will be removed in a future release. [pid: 7|app: 0|req: 770/1473] 10.0.0.23 () {32 vars in 737 bytes} [Thu Jul 16 17:11:04 2026] GET /v2.0/floatingips/7695564a-a3b3-48d0-8d22-116ffe4ba5f6/tags => generated 34 bytes in 132 msecs (HTTP/1.1 200) 4 headers in 156 bytes (1 switches on core 0)
2026-07-16 17:11:04.671 7 WARNING tagging [None req-81fbca5f-2c78-4f60-bbcf-1cb76a45c899 c7ce927a560c4770b9a53e7bbd2c06c4 2675ab80c0b648a18eaf7a37245fad2d - - default default] project_id key not found in request, using tenant_id instead. This support has been deprecated and will be removed in a future release. [pid: 7|app: 0|req: 771/1474] 10.0.0.23 () {34 vars in 764 bytes} [Thu Jul 16 17:11:04 2026] PUT /v2.0/floatingips/7695564a-a3b3-48d0-8d22-116ffe4ba5f6/tags/red => generated 4 bytes in 77 msecs (HTTP/1.1 201) 4 headers in 160 bytes (1 switches on core 0)
2026-07-16 17:11:04.730 8 WARNING neutron.scheduler.dhcp_agent_scheduler [None req-ebeb1735-6b9d-447f-85be-1cdb77b17177 ed9f5b2d7a024ebea7d952b6b2ad7aa6 b3534745c82046dd9629fde0c617f4b3 - - default default] No more DHCP agents
2026-07-16 17:11:04.733 8 WARNING neutron.api.rpc.agentnotifiers.dhcp_rpc_agent_api [None req-ebeb1735-6b9d-447f-85be-1cdb77b17177 ed9f5b2d7a024ebea7d952b6b2ad7aa6 b3534745c82046dd9629fde0c617f4b3 - - default default] Unable to schedule network b787ef8e-7fcf-402a-bf48-fc963587bdb5: no agents available; will retry on subsequent port and subnet creation events.
2026-07-16 17:11:04.754 7 WARNING tagging [None req-d2f25be9-fff7-4b30-8ecb-88b48ae0a1ae c7ce927a560c4770b9a53e7bbd2c06c4 2675ab80c0b648a18eaf7a37245fad2d - - default default] project_id key not found in request, using tenant_id instead. This support has been deprecated and will be removed in a future release. [pid: 7|app: 0|req: 772/1475] 10.0.0.23 () {32 vars in 737 bytes} [Thu Jul 16 17:11:04 2026] GET /v2.0/floatingips/7695564a-a3b3-48d0-8d22-116ffe4ba5f6/tags => generated 34 bytes in 59 msecs (HTTP/1.1 200) 4 headers in 156 bytes (1 switches on core 0)
2026-07-16 17:11:04.828 7 WARNING tagging [None req-86b141e4-eb99-40d2-8df0-ef8d17efa8cf c7ce927a560c4770b9a53e7bbd2c06c4 2675ab80c0b648a18eaf7a37245fad2d - - default default] project_id key not found in request, using tenant_id instead. This support has been deprecated and will be removed in a future release.
2026-07-16 17:11:04.840 8 INFO neutron.db.ovn_revision_numbers_db [None req-ebeb1735-6b9d-447f-85be-1cdb77b17177 ed9f5b2d7a024ebea7d952b6b2ad7aa6 b3534745c82046dd9629fde0c617f4b3 - - default default] Successfully bumped revision number for resource 417b8bb2-d7da-4e4a-a8ad-7688ab7c0af4 (type: ports) to 1 [pid: 7|app: 0|req: 773/1476] 10.0.0.23 () {34 vars in 786 bytes} [Thu Jul 16 17:11:04 2026] PUT /v2.0/floatingips/7695564a-a3b3-48d0-8d22-116ffe4ba5f6/tags/black.or.white => generated 4 bytes in 84 msecs (HTTP/1.1 201) 4 headers in 160 bytes (1 switches on core 0) [pid: 8|app: 0|req: 704/1477] 10.0.0.23 () {34 vars in 668 bytes} [Thu Jul 16 17:11:04 2026] POST /v2.0/networks => generated 669 bytes in 622 msecs (HTTP/1.1 201) 4 headers in 162 bytes (1 switches on core 0)
2026-07-16 17:11:04.940 8 WARNING tagging [None req-767a26da-0233-4319-88cd-22d38fcea3e4 c7ce927a560c4770b9a53e7bbd2c06c4 2675ab80c0b648a18eaf7a37245fad2d - - default default] project_id key not found in request, using tenant_id instead. This support has been deprecated and will be removed in a future release. [pid: 8|app: 0|req: 705/1478] 10.0.0.23 () {32 vars in 737 bytes} [Thu Jul 16 17:11:04 2026] GET /v2.0/floatingips/7695564a-a3b3-48d0-8d22-116ffe4ba5f6/tags => generated 52 bytes in 80 msecs (HTTP/1.1 200) 4 headers in 156 bytes (1 switches on core 0)
2026-07-16 17:11:05.010 8 WARNING tagging [None req-370f2209-b004-4bf5-a511-9dcf59ae1af8 c7ce927a560c4770b9a53e7bbd2c06c4 2675ab80c0b648a18eaf7a37245fad2d - - default default] project_id key not found in request, using tenant_id instead. This support has been deprecated and will be removed in a future release. [pid: 8|app: 0|req: 706/1479] 10.0.0.23 () {34 vars in 757 bytes} [Thu Jul 16 17:11:04 2026] PUT /v2.0/floatingips/7695564a-a3b3-48d0-8d22-116ffe4ba5f6/tags => generated 37 bytes in 61 msecs (HTTP/1.1 200) 4 headers in 156 bytes (1 switches on core 0)
2026-07-16 17:11:05.079 7 WARNING neutron.scheduler.dhcp_agent_scheduler [None req-f1b9f10a-5579-431e-96f2-7657dc087ef8 ed9f5b2d7a024ebea7d952b6b2ad7aa6 b3534745c82046dd9629fde0c617f4b3 - - default default] No more DHCP agents
2026-07-16 17:11:05.080 7 WARNING neutron.api.rpc.agentnotifiers.dhcp_rpc_agent_api [None req-f1b9f10a-5579-431e-96f2-7657dc087ef8 ed9f5b2d7a024ebea7d952b6b2ad7aa6 b3534745c82046dd9629fde0c617f4b3 - - default default] Unable to schedule network b787ef8e-7fcf-402a-bf48-fc963587bdb5: no agents available; will retry on subsequent port and subnet creation events.
2026-07-16 17:11:05.278 8 WARNING neutron.plugins.ml2.drivers.ovn.mech_driver.ovsdb.ovn_client [None req-8cce4de1-3550-4d84-85e5-8a8075646a35 - - - - - -] No port found with ID 9c81e4a2-e986-4463-9807-d8fde4e46899: RuntimeError: No port found with ID 9c81e4a2-e986-4463-9807-d8fde4e46899
2026-07-16 17:11:05.279 8 INFO neutron.plugins.ml2.drivers.ovn.mech_driver.mech_driver [None req-8cce4de1-3550-4d84-85e5-8a8075646a35 - - - - - -] OVN reports status down for port: 9e9b68be-9107-45d8-9220-bda970059c66
2026-07-16 17:11:05.298 8 INFO neutron.plugins.ml2.drivers.ovn.mech_driver.mech_driver [None req-8cce4de1-3550-4d84-85e5-8a8075646a35 - - - - - -] OVN reports status down for port: 1b4139ef-75aa-41ff-ae51-fd0f258f878d
2026-07-16 17:11:05.317 8 INFO neutron.plugins.ml2.drivers.ovn.mech_driver.mech_driver [None req-8cce4de1-3550-4d84-85e5-8a8075646a35 - - - - - -] OVN reports status down for port: 417b8bb2-d7da-4e4a-a8ad-7688ab7c0af4
2026-07-16 17:11:05.450 8 INFO neutron.db.ovn_revision_numbers_db [None req-9e0d36b6-a651-4f1e-81d5-4167148a245f 27f43687814646ae9f583d90277527bd ea2654ef964c4d7caf82c0e64d88603d - - default default] Successfully bumped revision number for resource 1a6e4d14-f1de-433d-8e60-a3aa802c7067 (type: security_groups) to 1
2026-07-16 17:11:05.469 8 INFO neutron.db.ovn_revision_numbers_db [None req-9e0d36b6-a651-4f1e-81d5-4167148a245f 27f43687814646ae9f583d90277527bd ea2654ef964c4d7caf82c0e64d88603d - - default default] Successfully bumped revision number for resource 12947af7-873c-4359-a343-371df00b9df1 (type: security_group_rules) to 0
2026-07-16 17:11:05.482 8 INFO neutron.db.ovn_revision_numbers_db [None req-9e0d36b6-a651-4f1e-81d5-4167148a245f 27f43687814646ae9f583d90277527bd ea2654ef964c4d7caf82c0e64d88603d - - default default] Successfully bumped revision number for resource 5da966a2-f5ad-447c-86bc-6562c41822d4 (type: security_group_rules) to 0
2026-07-16 17:11:05.496 8 INFO neutron.db.ovn_revision_numbers_db [None req-9e0d36b6-a651-4f1e-81d5-4167148a245f 27f43687814646ae9f583d90277527bd ea2654ef964c4d7caf82c0e64d88603d - - default default] Successfully bumped revision number for resource 7f5f6a66-8a5f-4ead-b164-89bf221b4347 (type: security_group_rules) to 0
2026-07-16 17:11:05.510 8 INFO neutron.db.ovn_revision_numbers_db [None req-9e0d36b6-a651-4f1e-81d5-4167148a245f 27f43687814646ae9f583d90277527bd ea2654ef964c4d7caf82c0e64d88603d - - default default] Successfully bumped revision number for resource a68bc2ae-f9a6-466d-b596-bd4d08f1760c (type: security_group_rules) to 0
2026-07-16 17:11:05.591 7 INFO neutron.db.ovn_revision_numbers_db [None req-f1b9f10a-5579-431e-96f2-7657dc087ef8 ed9f5b2d7a024ebea7d952b6b2ad7aa6 b3534745c82046dd9629fde0c617f4b3 - - default default] Successfully bumped revision number for resource 417b8bb2-d7da-4e4a-a8ad-7688ab7c0af4 (type: ports) to 2
2026-07-16 17:11:05.624 7 INFO neutron.db.ovn_revision_numbers_db [None req-f1b9f10a-5579-431e-96f2-7657dc087ef8 ed9f5b2d7a024ebea7d952b6b2ad7aa6 b3534745c82046dd9629fde0c617f4b3 - - default default] Successfully bumped revision number for resource f75bbb57-6ca5-4e4e-b97f-d7ae728ca9cd (type: subnets) to 0 [pid: 7|app: 0|req: 774/1480] 10.0.0.23 () {34 vars in 667 bytes} [Thu Jul 16 17:11:04 2026] POST /v2.0/subnets => generated 626 bytes in 750 msecs (HTTP/1.1 201) 4 headers in 162 bytes (1 switches on core 0)
2026-07-16 17:11:05.656 8 INFO neutron.db.ovn_revision_numbers_db [None req-9e0d36b6-a651-4f1e-81d5-4167148a245f 27f43687814646ae9f583d90277527bd ea2654ef964c4d7caf82c0e64d88603d - - default default] Successfully bumped revision number for resource 1f4bd88a-1213-4c8e-b797-228e10e9dc91 (type: security_groups) to 1
2026-07-16 17:11:05.666 7 WARNING tagging [None req-0cf9d689-48eb-4022-824a-65273c61f1e7 c7ce927a560c4770b9a53e7bbd2c06c4 2675ab80c0b648a18eaf7a37245fad2d - - default default] project_id key not found in request, using tenant_id instead. This support has been deprecated and will be removed in a future release.
2026-07-16 17:11:05.668 8 INFO neutron.db.ovn_revision_numbers_db [None req-9e0d36b6-a651-4f1e-81d5-4167148a245f 27f43687814646ae9f583d90277527bd ea2654ef964c4d7caf82c0e64d88603d - - default default] Successfully bumped revision number for resource 650ef6ac-b64c-4ea5-a54e-26af4b9b9b61 (type: security_group_rules) to 0
2026-07-16 17:11:05.683 8 INFO neutron.db.ovn_revision_numbers_db [None req-9e0d36b6-a651-4f1e-81d5-4167148a245f 27f43687814646ae9f583d90277527bd ea2654ef964c4d7caf82c0e64d88603d - - default default] Successfully bumped revision number for resource eda61c36-29fd-40fb-8bcc-b8bbaee2bbdd (type: security_group_rules) to 0 [pid: 7|app: 0|req: 775/1481] 10.0.0.23 () {32 vars in 737 bytes} [Thu Jul 16 17:11:05 2026] GET /v2.0/floatingips/7695564a-a3b3-48d0-8d22-116ffe4ba5f6/tags => generated 37 bytes in 41 msecs (HTTP/1.1 200) 4 headers in 156 bytes (1 switches on core 0) [pid: 8|app: 0|req: 707/1482] 10.0.0.23 () {34 vars in 682 bytes} [Thu Jul 16 17:11:05 2026] POST /v2.0/security-groups => generated 1625 bytes in 669 msecs (HTTP/1.1 201) 4 headers in 163 bytes (1 switches on core 0)
2026-07-16 17:11:05.739 8 WARNING tagging [None req-6facfda0-857d-4b73-befc-f0f309271e64 c7ce927a560c4770b9a53e7bbd2c06c4 2675ab80c0b648a18eaf7a37245fad2d - - default default] project_id key not found in request, using tenant_id instead. This support has been deprecated and will be removed in a future release. [pid: 8|app: 0|req: 708/1483] 10.0.0.23 () {32 vars in 745 bytes} [Thu Jul 16 17:11:05 2026] GET /v2.0/floatingips/7695564a-a3b3-48d0-8d22-116ffe4ba5f6/tags/red => generated 0 bytes in 40 msecs (HTTP/1.1 204) 2 headers in 112 bytes (1 switches on core 0) [pid: 8|app: 0|req: 709/1484] 10.0.0.23 () {32 vars in 661 bytes} [Thu Jul 16 17:11:05 2026] GET /v2.0/security-groups => generated 4530 bytes in 42 msecs (HTTP/1.1 200) 4 headers in 158 bytes (1 switches on core 0)
2026-07-16 17:11:05.824 8 WARNING tagging [None req-d178e848-faef-4f9b-8614-d900fcb3911f c7ce927a560c4770b9a53e7bbd2c06c4 2675ab80c0b648a18eaf7a37245fad2d - - default default] project_id key not found in request, using tenant_id instead. This support has been deprecated and will be removed in a future release.
2026-07-16 17:11:05.847 8 INFO neutron.api.v2.resource [None req-d178e848-faef-4f9b-8614-d900fcb3911f c7ce927a560c4770b9a53e7bbd2c06c4 2675ab80c0b648a18eaf7a37245fad2d - - default default] show failed (client error): The resource could not be found. [pid: 8|app: 0|req: 710/1485] 10.0.0.23 () {32 vars in 749 bytes} [Thu Jul 16 17:11:05 2026] GET /v2.0/floatingips/7695564a-a3b3-48d0-8d22-116ffe4ba5f6/tags/green => generated 99 bytes in 45 msecs (HTTP/1.1 404) 4 headers in 163 bytes (1 switches on core 0)
2026-07-16 17:11:05.911 7 WARNING neutron.scheduler.dhcp_agent_scheduler [None req-420e6241-5ada-4482-9bfc-28a391c4590b ed9f5b2d7a024ebea7d952b6b2ad7aa6 b3534745c82046dd9629fde0c617f4b3 - - default default] No more DHCP agents
2026-07-16 17:11:05.913 7 WARNING neutron.api.rpc.agentnotifiers.dhcp_rpc_agent_api [None req-420e6241-5ada-4482-9bfc-28a391c4590b ed9f5b2d7a024ebea7d952b6b2ad7aa6 b3534745c82046dd9629fde0c617f4b3 - - default default] Unable to schedule network b787ef8e-7fcf-402a-bf48-fc963587bdb5: no agents available; will retry on subsequent port and subnet creation events.
2026-07-16 17:11:05.929 8 INFO neutron.db.ovn_revision_numbers_db [None req-5d6fc8e3-a187-4859-b8e7-8a0adbb5fd7a 27f43687814646ae9f583d90277527bd ea2654ef964c4d7caf82c0e64d88603d - - default default] Successfully bumped revision number for resource 1f4bd88a-1213-4c8e-b797-228e10e9dc91 (type: security_groups) to 2 [pid: 8|app: 0|req: 711/1486] 10.0.0.23 () {34 vars in 756 bytes} [Thu Jul 16 17:11:05 2026] PUT /v2.0/security-groups/1f4bd88a-1213-4c8e-b797-228e10e9dc91 => generated 1664 bytes in 115 msecs (HTTP/1.1 200) 4 headers in 158 bytes (1 switches on core 0)
2026-07-16 17:11:05.982 8 WARNING tagging [None req-2f947814-ed76-4537-b5e3-292d70313d81 c7ce927a560c4770b9a53e7bbd2c06c4 2675ab80c0b648a18eaf7a37245fad2d - - default default] project_id key not found in request, using tenant_id instead. This support has been deprecated and will be removed in a future release. [pid: 8|app: 0|req: 712/1487] 10.0.0.23 () {32 vars in 748 bytes} [Thu Jul 16 17:11:05 2026] DELETE /v2.0/floatingips/7695564a-a3b3-48d0-8d22-116ffe4ba5f6/tags/red => generated 0 bytes in 52 msecs (HTTP/1.1 204) 2 headers in 112 bytes (1 switches on core 0)
2026-07-16 17:11:06.065 8 INFO neutron.plugins.ml2.drivers.ovn.mech_driver.mech_driver [None req-8cce4de1-3550-4d84-85e5-8a8075646a35 - - - - - -] OVN reports status down for port: 33469841-e79e-44f0-83fb-1ccbe2f08f63 [pid: 8|app: 0|req: 713/1488] 10.0.0.23 () {32 vars in 735 bytes} [Thu Jul 16 17:11:06 2026] GET /v2.0/security-groups/1f4bd88a-1213-4c8e-b797-228e10e9dc91 => generated 1664 bytes in 55 msecs (HTTP/1.1 200) 4 headers in 158 bytes (1 switches on core 0)
2026-07-16 17:11:06.084 7 INFO neutron.db.ovn_revision_numbers_db [None req-420e6241-5ada-4482-9bfc-28a391c4590b ed9f5b2d7a024ebea7d952b6b2ad7aa6 b3534745c82046dd9629fde0c617f4b3 - - default default] Successfully bumped revision number for resource 33469841-e79e-44f0-83fb-1ccbe2f08f63 (type: ports) to 1
