2026-07-16 17:10:29.072 7 INFO neutron.db.ovn_revision_numbers_db [None req-70ac24c5-9831-40d3-beae-c9af79fc7d16 1c74e80f6de44c87b341fbb467141b36 bce2c5e0977c49b28ece39629491bd42 - - default default] Successfully bumped revision number for resource 91b3aedd-9a37-498f-8682-8ced3915581b (type: ports) to 1 [pid: 7|app: 0|req: 641/1211] 10.0.0.23 () {34 vars in 668 bytes} [Thu Jul 16 17:10:28 2026] POST /v2.0/networks => generated 668 bytes in 613 msecs (HTTP/1.1 201) 4 headers in 162 bytes (1 switches on core 0)
2026-07-16 17:10:29.159 8 INFO neutron_taas.services.taas.taas_plugin [None req-82dd797a-5fad-44fe-a493-5c228637455f 0d54acecda764912852e46f1a776eab0 7c86cec87c4c45328aa7dd133597b23e - - default default] TaaS: Handle Delete Port: 74183bcc-c90a-459f-aaa9-378e73982f32
2026-07-16 17:10:29.164 8 INFO neutron_taas.services.taas.tap_mirror_plugin [None req-82dd797a-5fad-44fe-a493-5c228637455f 0d54acecda764912852e46f1a776eab0 7c86cec87c4c45328aa7dd133597b23e - - default default] Tap Mirror: Handle Delete Port: 74183bcc-c90a-459f-aaa9-378e73982f32 [pid: 7|app: 0|req: 642/1212] 10.0.0.184 () {34 vars in 1039 bytes} [Thu Jul 16 17:10:29 2026] GET /v2.0/security-groups?id=754f77d6-ede1-4a4f-a8a1-fc9510a550ea&fields=id&fields=name => generated 113 bytes in 35 msecs (HTTP/1.1 200) 4 headers in 157 bytes (1 switches on core 0)
2026-07-16 17:10:29.615 7 WARNING neutron.scheduler.dhcp_agent_scheduler [None req-f79309e3-e961-4462-b41b-c6431e13436e 2c50500a55254b52b74ffcb73d7a9e65 7fc8011fb237401f903b73b6babb9adc - - default default] No more DHCP agents
2026-07-16 17:10:29.616 7 WARNING neutron.api.rpc.agentnotifiers.dhcp_rpc_agent_api [None req-f79309e3-e961-4462-b41b-c6431e13436e 2c50500a55254b52b74ffcb73d7a9e65 7fc8011fb237401f903b73b6babb9adc - - default default] Unable to schedule network 45c1a10d-ecd0-472f-8718-715f3f08b286: no agents available; will retry on subsequent port and subnet creation events. [pid: 8|app: 0|req: 571/1213] 10.0.0.23 () {34 vars in 787 bytes} [Thu Jul 16 17:10:28 2026] PUT /v2.0/routers/db3fbcb7-ba45-46cf-9b9f-d9b2d41faab6/remove_router_interface => generated 310 bytes in 808 msecs (HTTP/1.1 200) 4 headers in 157 bytes (1 switches on core 0) /var/lib/openstack/lib/python3.12/site-packages/pycadf/identifier.py:70: UserWarning: Invalid uuid: neutron. To ensure interoperability, identifiers should be a valid uuid. warnings.warn(('Invalid uuid: %s. To ensure interoperability, ' [pid: 8|app: 0|req: 572/1214] 199.204.45.113 () {34 vars in 993 bytes} [Thu Jul 16 17:10:29 2026] GET /v2.0/ports?device_id=6710f48a-39cb-4719-9381-8ea0642862fc => generated 969 bytes in 79 msecs (HTTP/1.1 200) 4 headers in 157 bytes (1 switches on core 0)
2026-07-16 17:10:29.760 8 INFO neutron.plugins.ml2.drivers.ovn.mech_driver.mech_driver [None req-dde95686-e5fa-40f0-a981-4f7bbd04aa09 - - - - - -] OVN reports status down for port: 0a35c9bc-0cda-4844-9a7b-fc503cf991e9
2026-07-16 17:10:29.772 7 INFO neutron.db.ovn_revision_numbers_db [None req-f79309e3-e961-4462-b41b-c6431e13436e 2c50500a55254b52b74ffcb73d7a9e65 7fc8011fb237401f903b73b6babb9adc - - default default] Successfully bumped revision number for resource 0a35c9bc-0cda-4844-9a7b-fc503cf991e9 (type: ports) to 1
2026-07-16 17:10:29.973 8 WARNING neutron.scheduler.dhcp_agent_scheduler [None req-ee40a4da-d453-4aaa-9f2c-767e178fe8d5 1c74e80f6de44c87b341fbb467141b36 bce2c5e0977c49b28ece39629491bd42 - - default default] No more DHCP agents
2026-07-16 17:10:29.975 8 WARNING neutron.api.rpc.agentnotifiers.dhcp_rpc_agent_api [None req-ee40a4da-d453-4aaa-9f2c-767e178fe8d5 1c74e80f6de44c87b341fbb467141b36 bce2c5e0977c49b28ece39629491bd42 - - default default] Unable to schedule network 4077f297-5f0b-414a-8220-8f54ba82e2c4: no agents available; will retry on subsequent port and subnet creation events.
2026-07-16 17:10:30.343 7 INFO neutron.db.ovn_revision_numbers_db [None req-f79309e3-e961-4462-b41b-c6431e13436e 2c50500a55254b52b74ffcb73d7a9e65 7fc8011fb237401f903b73b6babb9adc - - default default] Successfully bumped revision number for resource 0a35c9bc-0cda-4844-9a7b-fc503cf991e9 (type: router_ports) to 1
2026-07-16 17:10:30.364 8 INFO neutron.plugins.ml2.drivers.ovn.mech_driver.mech_driver [None req-dde95686-e5fa-40f0-a981-4f7bbd04aa09 - - - - - -] OVN reports status up for port: 0a35c9bc-0cda-4844-9a7b-fc503cf991e9
2026-07-16 17:10:30.382 8 INFO neutron.plugins.ml2.drivers.ovn.mech_driver.ovsdb.ovsdb_monitor [None req-1405d798-42fd-4bda-92a3-f8a0699517dd - - - - - -] Router 0b80e93c-0759-4323-8fe3-58191829c767 is bound to host instance
2026-07-16 17:10:30.406 8 INFO neutron.plugins.ml2.plugin [None req-dde95686-e5fa-40f0-a981-4f7bbd04aa09 - - - - - -] Attempt 1 to provision port 0a35c9bc-0cda-4844-9a7b-fc503cf991e9
2026-07-16 17:10:30.423 7 INFO neutron.db.ovn_revision_numbers_db [None req-f79309e3-e961-4462-b41b-c6431e13436e 2c50500a55254b52b74ffcb73d7a9e65 7fc8011fb237401f903b73b6babb9adc - - default default] Successfully bumped revision number for resource 0b80e93c-0759-4323-8fe3-58191829c767 (type: routers) to 2 [pid: 7|app: 0|req: 643/1215] 10.0.0.23 () {34 vars in 667 bytes} [Thu Jul 16 17:10:29 2026] POST /v2.0/routers => generated 991 bytes in 1252 msecs (HTTP/1.1 201) 4 headers in 162 bytes (1 switches on core 0)
2026-07-16 17:10:30.775 8 INFO neutron.db.ovn_revision_numbers_db [None req-ee40a4da-d453-4aaa-9f2c-767e178fe8d5 1c74e80f6de44c87b341fbb467141b36 bce2c5e0977c49b28ece39629491bd42 - - default default] Successfully bumped revision number for resource 9062b974-0029-4306-a265-af4caea5a20d (type: ports) to 2
2026-07-16 17:10:30.782 7 INFO neutron_taas.services.taas.taas_plugin [None req-6d6df102-d67d-4104-88cd-6c73e61470e0 0d54acecda764912852e46f1a776eab0 7c86cec87c4c45328aa7dd133597b23e - - default default] TaaS: Handle Delete Port: 7823ce5d-85f9-4b19-8f17-c3a405b4db6c
2026-07-16 17:10:30.785 7 INFO neutron_taas.services.taas.tap_mirror_plugin [None req-6d6df102-d67d-4104-88cd-6c73e61470e0 0d54acecda764912852e46f1a776eab0 7c86cec87c4c45328aa7dd133597b23e - - default default] Tap Mirror: Handle Delete Port: 7823ce5d-85f9-4b19-8f17-c3a405b4db6c
2026-07-16 17:10:30.838 8 INFO neutron.db.ovn_revision_numbers_db [None req-ee40a4da-d453-4aaa-9f2c-767e178fe8d5 1c74e80f6de44c87b341fbb467141b36 bce2c5e0977c49b28ece39629491bd42 - - default default] Successfully bumped revision number for resource 66774f07-425a-48f8-b402-71be118216f2 (type: subnets) to 0 [pid: 8|app: 0|req: 573/1216] 10.0.0.23 () {34 vars in 667 bytes} [Thu Jul 16 17:10:29 2026] POST /v2.0/subnets => generated 626 bytes in 1171 msecs (HTTP/1.1 201) 4 headers in 162 bytes (1 switches on core 0)
2026-07-16 17:10:31.099 8 INFO neutron_taas.services.taas.taas_plugin [req-475022fa-6efd-4bdb-8255-b2c16cb4ba8b req-b34caa73-d9d4-4adc-9ae5-91ad33ed86c7 3acf4ffd6fc24cac89f0d8f142855c47 7125dd2dc0fb4c4eb7a243f7fd4b048e - - default default] TaaS: Handle Delete Port: c7efb025-476c-4c3c-a6e6-6a26e2957731
2026-07-16 17:10:31.108 8 INFO neutron_taas.services.taas.tap_mirror_plugin [req-475022fa-6efd-4bdb-8255-b2c16cb4ba8b req-b34caa73-d9d4-4adc-9ae5-91ad33ed86c7 3acf4ffd6fc24cac89f0d8f142855c47 7125dd2dc0fb4c4eb7a243f7fd4b048e - - default default] Tap Mirror: Handle Delete Port: c7efb025-476c-4c3c-a6e6-6a26e2957731 [pid: 8|app: 0|req: 574/1217] 199.204.45.113 () {36 vars in 996 bytes} [Thu Jul 16 17:10:30 2026] DELETE /v2.0/ports/c7efb025-476c-4c3c-a6e6-6a26e2957731 => generated 0 bytes in 568 msecs (HTTP/1.1 204) 3 headers in 131 bytes (1 switches on core 0)
2026-07-16 17:10:31.478 8 WARNING neutron.notifiers.nova [-] Nova event matching ['req-eed4f891-2b50-4cec-adf0-850a9d894e16']: {'server_uuid': '6710f48a-39cb-4719-9381-8ea0642862fc', 'name': 'network-vif-deleted', 'tag': 'c7efb025-476c-4c3c-a6e6-6a26e2957731', 'status': 'failed', 'code': 422} returned with failed status [pid: 8|app: 0|req: 575/1218] 10.0.0.184 () {34 vars in 1069 bytes} [Thu Jul 16 17:10:31 2026] GET /v2.0/ports?fields=security_groups&fields=device_id&device_id=6710f48a-39cb-4719-9381-8ea0642862fc => generated 12 bytes in 47 msecs (HTTP/1.1 200) 4 headers in 156 bytes (1 switches on core 0) [pid: 7|app: 0|req: 644/1219] 10.0.0.23 () {32 vars in 722 bytes} [Thu Jul 16 17:10:30 2026] DELETE /v2.0/routers/db3fbcb7-ba45-46cf-9b9f-d9b2d41faab6 => generated 0 bytes in 1266 msecs (HTTP/1.1 204) 2 headers in 112 bytes (1 switches on core 0)
2026-07-16 17:10:31.862 7 WARNING neutron.scheduler.dhcp_agent_scheduler [None req-2da3997d-6b7a-4711-984a-22019af2330c 1c74e80f6de44c87b341fbb467141b36 bce2c5e0977c49b28ece39629491bd42 - - default default] No more DHCP agents
2026-07-16 17:10:31.863 7 WARNING neutron.api.rpc.agentnotifiers.dhcp_rpc_agent_api [None req-2da3997d-6b7a-4711-984a-22019af2330c 1c74e80f6de44c87b341fbb467141b36 bce2c5e0977c49b28ece39629491bd42 - - default default] Unable to schedule network 8c7ed7c2-bc81-4db6-96f7-be80a64fc85a: no agents available; will retry on subsequent port and subnet creation events.
2026-07-16 17:10:32.335 7 INFO neutron.db.ovn_revision_numbers_db [None req-2da3997d-6b7a-4711-984a-22019af2330c 1c74e80f6de44c87b341fbb467141b36 bce2c5e0977c49b28ece39629491bd42 - - default default] Successfully bumped revision number for resource 91b3aedd-9a37-498f-8682-8ced3915581b (type: ports) to 2
2026-07-16 17:10:32.367 7 INFO neutron.db.ovn_revision_numbers_db [None req-2da3997d-6b7a-4711-984a-22019af2330c 1c74e80f6de44c87b341fbb467141b36 bce2c5e0977c49b28ece39629491bd42 - - default default] Successfully bumped revision number for resource 51248e54-6e17-46de-af15-5b5998f73c69 (type: subnets) to 0 [pid: 7|app: 0|req: 645/1220] 10.0.0.23 () {34 vars in 667 bytes} [Thu Jul 16 17:10:31 2026] POST /v2.0/subnets => generated 626 bytes in 673 msecs (HTTP/1.1 201) 4 headers in 162 bytes (1 switches on core 0) [pid: 7|app: 0|req: 646/1221] 10.0.0.23 () {32 vars in 722 bytes} [Thu Jul 16 17:10:32 2026] DELETE /v2.0/subnets/1685ac28-064e-4668-8648-757e27a558c2 => generated 0 bytes in 127 msecs (HTTP/1.1 204) 3 headers in 131 bytes (1 switches on core 0)
2026-07-16 17:10:32.613 7 INFO neutron.db.ovn_revision_numbers_db [None req-18a817d8-d2e5-4916-bc87-de382e64874a 1c74e80f6de44c87b341fbb467141b36 bce2c5e0977c49b28ece39629491bd42 - - default default] Successfully bumped revision number for resource ea271cc2-fd41-4b6b-aca2-0ba6aa6b6274 (type: routers) to 1 [pid: 7|app: 0|req: 647/1222] 10.0.0.23 () {34 vars in 667 bytes} [Thu Jul 16 17:10:32 2026] POST /v2.0/routers => generated 623 bytes in 127 msecs (HTTP/1.1 201) 4 headers in 162 bytes (1 switches on core 0)
2026-07-16 17:10:32.691 8 INFO neutron.db.ovn_revision_numbers_db [None req-641df3fc-4e9e-47b1-84a8-bb6fb0d75e07 - - - - - -] Successfully bumped revision number for resource 0a35c9bc-0cda-4844-9a7b-fc503cf991e9 (type: ports) to 4
2026-07-16 17:10:32.757 7 INFO neutron_taas.services.taas.taas_plugin [None req-5d6a7b62-f058-464d-9e04-af4b6134b42d 0d54acecda764912852e46f1a776eab0 7c86cec87c4c45328aa7dd133597b23e - - default default] TaaS: Handle Delete Port: 245f644d-ca72-4d67-bb75-c86dd2f8e20b
2026-07-16 17:10:32.760 7 INFO neutron_taas.services.taas.tap_mirror_plugin [None req-5d6a7b62-f058-464d-9e04-af4b6134b42d 0d54acecda764912852e46f1a776eab0 7c86cec87c4c45328aa7dd133597b23e - - default default] Tap Mirror: Handle Delete Port: 245f644d-ca72-4d67-bb75-c86dd2f8e20b
2026-07-16 17:10:32.944 8 WARNING neutron.scheduler.dhcp_agent_scheduler [None req-122b2f09-273a-459e-9c51-e65813a23c66 2c50500a55254b52b74ffcb73d7a9e65 7fc8011fb237401f903b73b6babb9adc - - default default] No more DHCP agents
2026-07-16 17:10:32.949 8 WARNING neutron.api.rpc.agentnotifiers.dhcp_rpc_agent_api [None req-122b2f09-273a-459e-9c51-e65813a23c66 2c50500a55254b52b74ffcb73d7a9e65 7fc8011fb237401f903b73b6babb9adc - - default default] Unable to schedule network 0a5b0ccb-93d2-4bae-8bae-b5aed6ea368a: no agents available; will retry on subsequent port and subnet creation events.
2026-07-16 17:10:32.960 7 INFO neutron.services.segments.plugin [-] Segment 6ba86e19-f095-4036-a03c-14c2f164de2a resource provider aggregate not found
2026-07-16 17:10:32.963 7 INFO neutron.services.segments.plugin [-] Segment 6ba86e19-f095-4036-a03c-14c2f164de2a resource provider aggregate not found
2026-07-16 17:10:32.980 7 INFO neutron.services.segments.plugin [-] Client error retrieving segment 6ba86e19-f095-4036-a03c-14c2f164de2a resource provider; error: Placement Client Error (4xx): {"errors": [{"status": 404, "title": "Not Found", "detail": "The resource could not be found.\n\n No resource provider with uuid 6ba86e19-f095-4036-a03c-14c2f164de2a found for delete ", "request_id": "req-5b470ac7-9a6c-4ea5-934e-a3ee49e6de61"}]}
2026-07-16 17:10:32.985 7 INFO neutron.services.segments.plugin [-] Client error retrieving segment 6ba86e19-f095-4036-a03c-14c2f164de2a resource provider; error: Placement Client Error (4xx): {"errors": [{"status": 404, "title": "Not Found", "detail": "The resource could not be found.\n\n No resource provider with uuid 6ba86e19-f095-4036-a03c-14c2f164de2a found for delete ", "request_id": "req-dc232dee-e6f7-4552-a639-eb5effb0af91"}]} [pid: 7|app: 0|req: 648/1223] 10.0.0.23 () {32 vars in 724 bytes} [Thu Jul 16 17:10:32 2026] DELETE /v2.0/networks/2e635229-c82b-411f-b33c-e08ff582d531 => generated 0 bytes in 378 msecs (HTTP/1.1 204) 3 headers in 131 bytes (1 switches on core 0) [pid: 7|app: 0|req: 649/1224] 10.0.0.184 () {34 vars in 1069 bytes} [Thu Jul 16 17:10:33 2026] GET /v2.0/ports?fields=security_groups&fields=device_id&device_id=6710f48a-39cb-4719-9381-8ea0642862fc => generated 12 bytes in 16 msecs (HTTP/1.1 200) 4 headers in 156 bytes (1 switches on core 0)
2026-07-16 17:10:33.229 7 INFO neutron.plugins.ml2.drivers.ovn.mech_driver.mech_driver [None req-2d1a96e0-4649-404f-91a8-1a3a765ee577 - - - - - -] OVN reports status down for port: a02a9b04-dda9-4a07-813b-2b90cc5e8666
2026-07-16 17:10:33.354 8 INFO neutron.db.ovn_revision_numbers_db [None req-122b2f09-273a-459e-9c51-e65813a23c66 2c50500a55254b52b74ffcb73d7a9e65 7fc8011fb237401f903b73b6babb9adc - - default default] Successfully bumped revision number for resource a02a9b04-dda9-4a07-813b-2b90cc5e8666 (type: ports) to 1
2026-07-16 17:10:33.452 8 INFO neutron.db.ovn_revision_numbers_db [None req-641df3fc-4e9e-47b1-84a8-bb6fb0d75e07 - - - - - -] Successfully bumped revision number for resource 0a35c9bc-0cda-4844-9a7b-fc503cf991e9 (type: ports) to 5
2026-07-16 17:10:33.538 7 WARNING neutron.scheduler.dhcp_agent_scheduler [None req-618ee5e9-d72b-449b-8d44-65aea0746447 1c74e80f6de44c87b341fbb467141b36 bce2c5e0977c49b28ece39629491bd42 - - default default] No more DHCP agents
2026-07-16 17:10:33.539 7 WARNING neutron.api.rpc.agentnotifiers.dhcp_rpc_agent_api [None req-618ee5e9-d72b-449b-8d44-65aea0746447 1c74e80f6de44c87b341fbb467141b36 bce2c5e0977c49b28ece39629491bd42 - - default default] Unable to schedule network 4077f297-5f0b-414a-8220-8f54ba82e2c4: no agents available; will retry on subsequent port and subnet creation events.
2026-07-16 17:10:33.685 7 INFO neutron.db.ovn_revision_numbers_db [None req-618ee5e9-d72b-449b-8d44-65aea0746447 1c74e80f6de44c87b341fbb467141b36 bce2c5e0977c49b28ece39629491bd42 - - default default] Successfully bumped revision number for resource 5832816b-0661-4b71-b5ad-e1aff541494a (type: ports) to 1
2026-07-16 17:10:33.702 8 INFO neutron.plugins.ml2.drivers.ovn.mech_driver.mech_driver [None req-dde95686-e5fa-40f0-a981-4f7bbd04aa09 - - - - - -] OVN reports status down for port: 5832816b-0661-4b71-b5ad-e1aff541494a
2026-07-16 17:10:34.234 8 INFO neutron.plugins.ml2.drivers.ovn.mech_driver.mech_driver [None req-dde95686-e5fa-40f0-a981-4f7bbd04aa09 - - - - - -] OVN reports status up for port: 5832816b-0661-4b71-b5ad-e1aff541494a
2026-07-16 17:10:34.261 8 INFO neutron.plugins.ml2.plugin [None req-dde95686-e5fa-40f0-a981-4f7bbd04aa09 - - - - - -] Attempt 1 to provision port 5832816b-0661-4b71-b5ad-e1aff541494a
2026-07-16 17:10:34.309 7 INFO neutron.plugins.ml2.drivers.ovn.mech_driver.mech_driver [None req-2d1a96e0-4649-404f-91a8-1a3a765ee577 - - - - - -] OVN reports status up for port: a02a9b04-dda9-4a07-813b-2b90cc5e8666
2026-07-16 17:10:34.338 7 WARNING neutron.scheduler.dhcp_agent_scheduler [None req-618ee5e9-d72b-449b-8d44-65aea0746447 1c74e80f6de44c87b341fbb467141b36 bce2c5e0977c49b28ece39629491bd42 - - default default] No more DHCP agents
2026-07-16 17:10:34.340 7 INFO neutron.plugins.ml2.plugin [None req-2d1a96e0-4649-404f-91a8-1a3a765ee577 - - - - - -] Attempt 1 to provision port a02a9b04-dda9-4a07-813b-2b90cc5e8666
2026-07-16 17:10:34.342 7 WARNING neutron.api.rpc.agentnotifiers.dhcp_rpc_agent_api [None req-618ee5e9-d72b-449b-8d44-65aea0746447 1c74e80f6de44c87b341fbb467141b36 bce2c5e0977c49b28ece39629491bd42 - - default default] Unable to schedule network 4077f297-5f0b-414a-8220-8f54ba82e2c4: no agents available; will retry on subsequent port and subnet creation events.
2026-07-16 17:10:34.430 8 WARNING neutron.scheduler.dhcp_agent_scheduler [None req-122b2f09-273a-459e-9c51-e65813a23c66 2c50500a55254b52b74ffcb73d7a9e65 7fc8011fb237401f903b73b6babb9adc - - default default] No more DHCP agents
2026-07-16 17:10:34.437 8 WARNING neutron.api.rpc.agentnotifiers.dhcp_rpc_agent_api [None req-122b2f09-273a-459e-9c51-e65813a23c66 2c50500a55254b52b74ffcb73d7a9e65 7fc8011fb237401f903b73b6babb9adc - - default default] Unable to schedule network 0a5b0ccb-93d2-4bae-8bae-b5aed6ea368a: no agents available; will retry on subsequent port and subnet creation events.
2026-07-16 17:10:34.696 7 INFO neutron.db.ovn_revision_numbers_db [None req-618ee5e9-d72b-449b-8d44-65aea0746447 1c74e80f6de44c87b341fbb467141b36 bce2c5e0977c49b28ece39629491bd42 - - default default] Successfully bumped revision number for resource 5832816b-0661-4b71-b5ad-e1aff541494a (type: router_ports) to 1 [pid: 7|app: 0|req: 650/1225] 10.0.0.23 () {34 vars in 781 bytes} [Thu Jul 16 17:10:33 2026] PUT /v2.0/routers/ea271cc2-fd41-4b6b-aca2-0ba6aa6b6274/add_router_interface => generated 310 bytes in 1672 msecs (HTTP/1.1 200) 4 headers in 157 bytes (1 switches on core 0)
2026-07-16 17:10:34.844 7 WARNING neutron.db.securitygroups_db [None req-5d3e3b9c-556f-470d-b8b8-a0eda8ea29f5 2c50500a55254b52b74ffcb73d7a9e65 7fc8011fb237401f903b73b6babb9adc - - default default] project_id key not found in filters, using tenant_id instead. This support has been deprecated and will be removed in a future release. [pid: 7|app: 0|req: 651/1226] 10.0.0.23 () {32 vars in 772 bytes} [Thu Jul 16 17:10:34 2026] GET /v2.0/security-groups?tenant_id=7c86cec87c4c45328aa7dd133597b23e&name=default => generated 2925 bytes in 175 msecs (HTTP/1.1 200) 4 headers in 158 bytes (1 switches on core 0) [pid: 7|app: 0|req: 652/1227] 10.0.0.98 () {34 vars in 988 bytes} [Thu Jul 16 17:10:34 2026] GET /v2.0/ports?device_id=6710f48a-39cb-4719-9381-8ea0642862fc => generated 12 bytes in 36 msecs (HTTP/1.1 200) 4 headers in 156 bytes (1 switches on core 0)
2026-07-16 17:10:34.944 7 INFO neutron.db.ovn_revision_numbers_db [None req-2d1a96e0-4649-404f-91a8-1a3a765ee577 - - - - - -] Successfully bumped revision number for resource a02a9b04-dda9-4a07-813b-2b90cc5e8666 (type: ports) to 2 [pid: 7|app: 0|req: 653/1228] 10.0.0.184 () {34 vars in 1069 bytes} [Thu Jul 16 17:10:34 2026] GET /v2.0/ports?fields=security_groups&fields=device_id&device_id=6710f48a-39cb-4719-9381-8ea0642862fc => generated 12 bytes in 31 msecs (HTTP/1.1 200) 4 headers in 156 bytes (1 switches on core 0) [pid: 7|app: 0|req: 654/1229] 10.0.0.23 () {32 vars in 715 bytes} [Thu Jul 16 17:10:34 2026] GET /v2.0/ports/5832816b-0661-4b71-b5ad-e1aff541494a => generated 943 bytes in 134 msecs (HTTP/1.1 200) 4 headers in 157 bytes (1 switches on core 0) [pid: 7|app: 0|req: 655/1230] 10.0.0.227 () {28 vars in 578 bytes} [Thu Jul 16 17:10:35 2026] GET /v2.0/ports => generated 14870 bytes in 95 msecs (HTTP/1.1 200) 4 headers in 159 bytes (1 switches on core 0)
2026-07-16 17:10:35.212 8 INFO neutron.db.ovn_revision_numbers_db [None req-dde95686-e5fa-40f0-a981-4f7bbd04aa09 - - - - - -] Successfully bumped revision number for resource 5832816b-0661-4b71-b5ad-e1aff541494a (type: ports) to 2
2026-07-16 17:10:35.337 8 INFO neutron.db.ovn_revision_numbers_db [None req-122b2f09-273a-459e-9c51-e65813a23c66 2c50500a55254b52b74ffcb73d7a9e65 7fc8011fb237401f903b73b6babb9adc - - default default] Successfully bumped revision number for resource a02a9b04-dda9-4a07-813b-2b90cc5e8666 (type: router_ports) to 1 [pid: 8|app: 0|req: 576/1231] 10.0.0.23 () {34 vars in 781 bytes} [Thu Jul 16 17:10:31 2026] PUT /v2.0/routers/0b80e93c-0759-4323-8fe3-58191829c767/add_router_interface => generated 310 bytes in 3846 msecs (HTTP/1.1 200) 4 headers in 157 bytes (1 switches on core 0) [pid: 8|app: 0|req: 577/1232] 10.0.0.184 () {34 vars in 989 bytes} [Thu Jul 16 17:10:35 2026] GET /v2.0/ports?device_id=6710f48a-39cb-4719-9381-8ea0642862fc => generated 12 bytes in 39 msecs (HTTP/1.1 200) 4 headers in 156 bytes (1 switches on core 0) [pid: 7|app: 0|req: 656/1233] 10.0.0.23 () {32 vars in 738 bytes} [Thu Jul 16 17:10:35 2026] DELETE /v2.0/security-groups/0442a5e3-8eb6-40be-a32b-6b9116e307ef => generated 0 bytes in 249 msecs (HTTP/1.1 204) 2 headers in 112 bytes (1 switches on core 0) [pid: 7|app: 0|req: 657/1234] 10.0.0.227 () {28 vars in 618 bytes} [Thu Jul 16 17:10:35 2026] GET /v2.0/network-ip-availabilities => generated 4827 bytes in 30 msecs (HTTP/1.1 200) 4 headers in 158 bytes (1 switches on core 0) [pid: 7|app: 0|req: 658/1235] 10.0.0.227 () {28 vars in 582 bytes} [Thu Jul 16 17:10:35 2026] GET /v2.0/subnets => generated 3922 bytes in 43 msecs (HTTP/1.1 200) 4 headers in 158 bytes (1 switches on core 0) [pid: 7|app: 0|req: 659/1236] 10.0.0.227 () {28 vars in 582 bytes} [Thu Jul 16 17:10:35 2026] GET /v2.0/routers => generated 2615 bytes in 79 msecs (HTTP/1.1 200) 4 headers in 158 bytes (1 switches on core 0) [pid: 7|app: 0|req: 660/1237] 10.0.0.23 () {32 vars in 738 bytes} [Thu Jul 16 17:10:35 2026] DELETE /v2.0/security-groups/754f77d6-ede1-4a4f-a8a1-fc9510a550ea => generated 0 bytes in 199 msecs (HTTP/1.1 204) 2 headers in 112 bytes (1 switches on core 0) [pid: 7|app: 0|req: 661/1238] 10.0.0.227 () {28 vars in 623 bytes} [Thu Jul 16 17:10:35 2026] GET /v2.0/agents?binary=ovn-controller => generated 416 bytes in 43 msecs (HTTP/1.1 200) 4 headers in 157 bytes (1 switches on core 0) [pid: 7|app: 0|req: 662/1239] 10.0.0.227 () {28 vars in 580 bytes} [Thu Jul 16 17:10:35 2026] GET /v2.0/agents => generated 1214 bytes in 22 msecs (HTTP/1.1 200) 4 headers in 158 bytes (1 switches on core 0)
2026-07-16 17:10:35.876 8 WARNING neutron.scheduler.dhcp_agent_scheduler [None req-66ec1c59-82a3-436d-bed1-0c9abc742266 1c74e80f6de44c87b341fbb467141b36 bce2c5e0977c49b28ece39629491bd42 - - default default] No more DHCP agents
2026-07-16 17:10:35.878 8 WARNING neutron.api.rpc.agentnotifiers.dhcp_rpc_agent_api [None req-66ec1c59-82a3-436d-bed1-0c9abc742266 1c74e80f6de44c87b341fbb467141b36 bce2c5e0977c49b28ece39629491bd42 - - default default] Unable to schedule network 8c7ed7c2-bc81-4db6-96f7-be80a64fc85a: no agents available; will retry on subsequent port and subnet creation events.
2026-07-16 17:10:36.032 8 INFO neutron.db.ovn_revision_numbers_db [None req-66ec1c59-82a3-436d-bed1-0c9abc742266 1c74e80f6de44c87b341fbb467141b36 bce2c5e0977c49b28ece39629491bd42 - - default default] Successfully bumped revision number for resource afa679ee-ed71-421a-9b87-c65bc160c390 (type: ports) to 1
2026-07-16 17:10:36.236 7 INFO neutron_taas.services.taas.taas_plugin [None req-ce7089d1-961d-4743-8d46-471631084468 3acf4ffd6fc24cac89f0d8f142855c47 7125dd2dc0fb4c4eb7a243f7fd4b048e - - default default] TaaS: Handle Delete Port: 68f6dfc5-924f-4ba4-bf4a-0717653c453c
2026-07-16 17:10:36.240 7 INFO neutron_taas.services.taas.tap_mirror_plugin [None req-ce7089d1-961d-4743-8d46-471631084468 3acf4ffd6fc24cac89f0d8f142855c47 7125dd2dc0fb4c4eb7a243f7fd4b048e - - default default] Tap Mirror: Handle Delete Port: 68f6dfc5-924f-4ba4-bf4a-0717653c453c [pid: 7|app: 0|req: 663/1240] 10.0.0.23 () {34 vars in 787 bytes} [Thu Jul 16 17:10:35 2026] PUT /v2.0/routers/ded283eb-d2b9-467a-95d5-32d8a5f3a843/remove_router_interface => generated 310 bytes in 865 msecs (HTTP/1.1 200) 4 headers in 157 bytes (1 switches on core 0) /var/lib/openstack/lib/python3.12/site-packages/pycadf/identifier.py:70: UserWarning: Invalid uuid: neutron. To ensure interoperability, identifiers should be a valid uuid. warnings.warn(('Invalid uuid: %s. To ensure interoperability, ' [pid: 7|app: 0|req: 664/1241] 10.0.0.227 () {28 vars in 582 bytes} [Thu Jul 16 17:10:36 2026] GET /v2.0/subnets => generated 3922 bytes in 49 msecs (HTTP/1.1 200) 4 headers in 158 bytes (1 switches on core 0)
2026-07-16 17:10:36.800 8 WARNING neutron.scheduler.dhcp_agent_scheduler [None req-66ec1c59-82a3-436d-bed1-0c9abc742266 1c74e80f6de44c87b341fbb467141b36 bce2c5e0977c49b28ece39629491bd42 - - default default] No more DHCP agents
2026-07-16 17:10:36.804 8 WARNING neutron.api.rpc.agentnotifiers.dhcp_rpc_agent_api [None req-66ec1c59-82a3-436d-bed1-0c9abc742266 1c74e80f6de44c87b341fbb467141b36 bce2c5e0977c49b28ece39629491bd42 - - default default] Unable to schedule network 8c7ed7c2-bc81-4db6-96f7-be80a64fc85a: no agents available; will retry on subsequent port and subnet creation events. [pid: 7|app: 0|req: 665/1242] 10.0.0.184 () {34 vars in 981 bytes} [Thu Jul 16 17:10:36 2026] GET /v2.0/networks?id=0a5b0ccb-93d2-4bae-8bae-b5aed6ea368a => generated 715 bytes in 47 msecs (HTTP/1.1 200) 4 headers in 157 bytes (1 switches on core 0) [pid: 7|app: 0|req: 666/1243] 10.0.0.23 () {32 vars in 722 bytes} [Thu Jul 16 17:10:36 2026] DELETE /v2.0/subnets/8c3e789c-e1ee-41f6-933b-3821f4e6ce66 => generated 0 bytes in 170 msecs (HTTP/1.1 204) 3 headers in 131 bytes (1 switches on core 0) [pid: 7|app: 0|req: 667/1244] 10.0.0.227 () {28 vars in 590 bytes} [Thu Jul 16 17:10:37 2026] GET /v2.0/subnetpools => generated 19 bytes in 9 msecs (HTTP/1.1 200) 4 headers in 156 bytes (1 switches on core 0) [pid: 7|app: 0|req: 668/1245] 10.0.0.184 () {34 vars in 964 bytes} [Thu Jul 16 17:10:37 2026] GET /v2.0/quotas/54383d5fb24149948f506f34a1b2e09a => generated 312 bytes in 7 msecs (HTTP/1.1 200) 4 headers in 157 bytes (1 switches on core 0)
2026-07-16 17:10:37.035 8 INFO neutron.db.ovn_revision_numbers_db [None req-66ec1c59-82a3-436d-bed1-0c9abc742266 1c74e80f6de44c87b341fbb467141b36 bce2c5e0977c49b28ece39629491bd42 - - default default] Successfully bumped revision number for resource afa679ee-ed71-421a-9b87-c65bc160c390 (type: router_ports) to 1 [pid: 8|app: 0|req: 578/1246] 10.0.0.23 () {34 vars in 781 bytes} [Thu Jul 16 17:10:35 2026] PUT /v2.0/routers/ea271cc2-fd41-4b6b-aca2-0ba6aa6b6274/add_router_interface => generated 310 bytes in 1654 msecs (HTTP/1.1 200) 4 headers in 157 bytes (1 switches on core 0) [pid: 8|app: 0|req: 579/1247] 10.0.0.227 () {28 vars in 584 bytes} [Thu Jul 16 17:10:37 2026] GET /v2.0/networks => generated 5394 bytes in 60 msecs (HTTP/1.1 200) 4 headers in 158 bytes (1 switches on core 0) [pid: 8|app: 0|req: 580/1248] 10.0.0.184 () {34 vars in 1001 bytes} [Thu Jul 16 17:10:37 2026] GET /v2.0/ports?tenant_id=54383d5fb24149948f506f34a1b2e09a&fields=id => generated 103 bytes in 90 msecs (HTTP/1.1 200) 4 headers in 157 bytes (1 switches on core 0) [pid: 8|app: 0|req: 581/1249] 10.0.0.23 () {32 vars in 715 bytes} [Thu Jul 16 17:10:37 2026] GET /v2.0/ports/afa679ee-ed71-421a-9b87-c65bc160c390 => generated 941 bytes in 96 msecs (HTTP/1.1 200) 4 headers in 157 bytes (1 switches on core 0) [pid: 8|app: 0|req: 582/1250] 10.0.0.227 () {28 vars in 598 bytes} [Thu Jul 16 17:10:37 2026] GET /v2.0/security-groups => generated 26113 bytes in 41 msecs (HTTP/1.1 200) 4 headers in 159 bytes (1 switches on core 0)
2026-07-16 17:10:37.351 7 INFO neutron_taas.services.taas.taas_plugin [None req-3206748d-3a60-4d86-a030-a41ed9b5f341 3acf4ffd6fc24cac89f0d8f142855c47 7125dd2dc0fb4c4eb7a243f7fd4b048e - - default default] TaaS: Handle Delete Port: 2c9aed77-3950-4b6d-abcc-9c8783d51c9e
2026-07-16 17:10:37.355 7 INFO neutron_taas.services.taas.tap_mirror_plugin [None req-3206748d-3a60-4d86-a030-a41ed9b5f341 3acf4ffd6fc24cac89f0d8f142855c47 7125dd2dc0fb4c4eb7a243f7fd4b048e - - default default] Tap Mirror: Handle Delete Port: 2c9aed77-3950-4b6d-abcc-9c8783d51c9e
2026-07-16 17:10:37.650 8 INFO neutron.db.ovn_revision_numbers_db [None req-3bf40002-57af-4e41-b985-4065c4fda3a9 55b46d2c377b4681957451ee826d76be fe5b3f8c782144ea8d9b237a82ba9d10 - - default default] Successfully bumped revision number for resource 88c98995-6c09-4f15-b9fb-684f872efedf (type: security_groups) to 1
2026-07-16 17:10:37.662 8 INFO neutron.db.ovn_revision_numbers_db [None req-3bf40002-57af-4e41-b985-4065c4fda3a9 55b46d2c377b4681957451ee826d76be fe5b3f8c782144ea8d9b237a82ba9d10 - - default default] Successfully bumped revision number for resource 0fb8c61b-71ca-470b-9ad4-357aed154c62 (type: security_group_rules) to 0
2026-07-16 17:10:37.675 8 INFO neutron.db.ovn_revision_numbers_db [None req-3bf40002-57af-4e41-b985-4065c4fda3a9 55b46d2c377b4681957451ee826d76be fe5b3f8c782144ea8d9b237a82ba9d10 - - default default] Successfully bumped revision number for resource 31bba3d4-fe5f-4c14-9364-ef4fe8d6d357 (type: security_group_rules) to 0
2026-07-16 17:10:37.691 8 INFO neutron.db.ovn_revision_numbers_db [None req-3bf40002-57af-4e41-b985-4065c4fda3a9 55b46d2c377b4681957451ee826d76be fe5b3f8c782144ea8d9b237a82ba9d10 - - default default] Successfully bumped revision number for resource 9c6d07c7-22c9-47e2-b3a7-9bcffd6d4a6a (type: security_group_rules) to 0
2026-07-16 17:10:37.703 8 INFO neutron.db.ovn_revision_numbers_db [None req-3bf40002-57af-4e41-b985-4065c4fda3a9 55b46d2c377b4681957451ee826d76be fe5b3f8c782144ea8d9b237a82ba9d10 - - default default] Successfully bumped revision number for resource c51d4697-6e9e-4b07-90ce-9729d9d83d8a (type: security_group_rules) to 0
2026-07-16 17:10:37.790 8 INFO neutron.db.segments_db [None req-3bf40002-57af-4e41-b985-4065c4fda3a9 55b46d2c377b4681957451ee826d76be fe5b3f8c782144ea8d9b237a82ba9d10 - - default default] Added segment 6699e268-931a-4dc8-9434-b6f90ce2e730 of type geneve for network 49e5054f-f1f0-4dd8-aafd-2a981a944115 [pid: 7|app: 0|req: 669/1251] 10.0.0.23 () {32 vars in 722 bytes} [Thu Jul 16 17:10:37 2026] DELETE /v2.0/routers/ded283eb-d2b9-467a-95d5-32d8a5f3a843 => generated 0 bytes in 780 msecs (HTTP/1.1 204) 2 headers in 112 bytes (1 switches on core 0) [pid: 7|app: 0|req: 670/1252] 10.0.0.184 () {34 vars in 1007 bytes} [Thu Jul 16 17:10:37 2026] GET /v2.0/networks/0a5b0ccb-93d2-4bae-8bae-b5aed6ea368a?fields=segments => generated 14 bytes in 53 msecs (HTTP/1.1 200) 4 headers in 156 bytes (1 switches on core 0)
2026-07-16 17:10:37.918 8 INFO neutron.db.ovn_revision_numbers_db [None req-3bf40002-57af-4e41-b985-4065c4fda3a9 55b46d2c377b4681957451ee826d76be fe5b3f8c782144ea8d9b237a82ba9d10 - - default default] Successfully bumped revision number for resource 49e5054f-f1f0-4dd8-aafd-2a981a944115 (type: networks) to 1 [pid: 7|app: 0|req: 671/1253] 10.0.0.23 () {32 vars in 715 bytes} [Thu Jul 16 17:10:37 2026] GET /v2.0/ports/afa679ee-ed71-421a-9b87-c65bc160c390 => generated 941 bytes in 93 msecs (HTTP/1.1 200) 4 headers in 157 bytes (1 switches on core 0) [pid: 7|app: 0|req: 672/1254] 10.0.0.227 () {28 vars in 590 bytes} [Thu Jul 16 17:10:37 2026] GET /v2.0/floatingips => generated 19 bytes in 15 msecs (HTTP/1.1 200) 4 headers in 156 bytes (1 switches on core 0)
2026-07-16 17:10:38.121 7 INFO neutron_taas.services.taas.taas_plugin [None req-1e3375f5-7df1-4ae5-96f7-d296aaf45968 3acf4ffd6fc24cac89f0d8f142855c47 7125dd2dc0fb4c4eb7a243f7fd4b048e - - default default] TaaS: Handle Delete Port: a6333837-bd2b-472c-96c5-8f0874438eb2
2026-07-16 17:10:38.123 8 WARNING neutron.scheduler.dhcp_agent_scheduler [None req-3bf40002-57af-4e41-b985-4065c4fda3a9 55b46d2c377b4681957451ee826d76be fe5b3f8c782144ea8d9b237a82ba9d10 - - default default] No more DHCP agents
2026-07-16 17:10:38.125 8 WARNING neutron.api.rpc.agentnotifiers.dhcp_rpc_agent_api [None req-3bf40002-57af-4e41-b985-4065c4fda3a9 55b46d2c377b4681957451ee826d76be fe5b3f8c782144ea8d9b237a82ba9d10 - - default default] Unable to schedule network 49e5054f-f1f0-4dd8-aafd-2a981a944115: no agents available; will retry on subsequent port and subnet creation events.
2026-07-16 17:10:38.125 7 INFO neutron_taas.services.taas.tap_mirror_plugin [None req-1e3375f5-7df1-4ae5-96f7-d296aaf45968 3acf4ffd6fc24cac89f0d8f142855c47 7125dd2dc0fb4c4eb7a243f7fd4b048e - - default default] Tap Mirror: Handle Delete Port: a6333837-bd2b-472c-96c5-8f0874438eb2
2026-07-16 17:10:38.229 8 INFO neutron.db.ovn_revision_numbers_db [None req-3bf40002-57af-4e41-b985-4065c4fda3a9 55b46d2c377b4681957451ee826d76be fe5b3f8c782144ea8d9b237a82ba9d10 - - default default] Successfully bumped revision number for resource 231b9268-6015-4dde-ad7b-3e5da914350a (type: ports) to 1 [pid: 8|app: 0|req: 583/1255] 10.0.0.23 () {34 vars in 668 bytes} [Thu Jul 16 17:10:37 2026] POST /v2.0/networks => generated 682 bytes in 931 msecs (HTTP/1.1 201) 4 headers in 162 bytes (1 switches on core 0) [pid: 8|app: 0|req: 584/1256] 10.0.0.184 () {34 vars in 1107 bytes} [Thu Jul 16 17:10:38 2026] GET /v2.0/networks/0a5b0ccb-93d2-4bae-8bae-b5aed6ea368a?fields=provider%3Aphysical_network&fields=provider%3Anetwork_type => generated 79 bytes in 61 msecs (HTTP/1.1 200) 4 headers in 156 bytes (1 switches on core 0)
2026-07-16 17:10:38.366 7 INFO neutron.services.segments.plugin [-] Segment 8932f990-9d18-487f-bba0-ea27b72b1109 resource provider aggregate not found
2026-07-16 17:10:38.372 7 INFO neutron.services.segments.plugin [-] Segment 8932f990-9d18-487f-bba0-ea27b72b1109 resource provider aggregate not found
2026-07-16 17:10:38.391 7 INFO neutron.services.segments.plugin [-] Client error retrieving segment 8932f990-9d18-487f-bba0-ea27b72b1109 resource provider; error: Placement Client Error (4xx): {"errors": [{"status": 404, "title": "Not Found", "detail": "The resource could not be found.\n\n No resource provider with uuid 8932f990-9d18-487f-bba0-ea27b72b1109 found for delete ", "request_id": "req-f601135c-b3cd-41b4-b9d2-1826ce41d028"}]}
2026-07-16 17:10:38.393 7 INFO neutron.services.segments.plugin [-] Client error retrieving segment 8932f990-9d18-487f-bba0-ea27b72b1109 resource provider; error: Placement Client Error (4xx): {"errors": [{"status": 404, "title": "Not Found", "detail": "The resource could not be found.\n\n No resource provider with uuid 8932f990-9d18-487f-bba0-ea27b72b1109 found for delete ", "request_id": "req-b966e2ef-a787-4abb-81a2-c5cb3988d195"}]} [pid: 7|app: 0|req: 673/1257] 10.0.0.23 () {32 vars in 724 bytes} [Thu Jul 16 17:10:37 2026] DELETE /v2.0/networks/ba26eccd-b1d4-47fb-a765-19ee32a49d9a => generated 0 bytes in 447 msecs (HTTP/1.1 204) 3 headers in 131 bytes (1 switches on core 0) [pid: 7|app: 0|req: 674/1258] 10.0.0.184 () {34 vars in 1069 bytes} [Thu Jul 16 17:10:38 2026] GET /v2.0/ports?fields=security_groups&fields=device_id&device_id=92158b02-87ff-47e7-ba37-90c7c57aec34 => generated 12 bytes in 24 msecs (HTTP/1.1 200) 4 headers in 156 bytes (1 switches on core 0)
2026-07-16 17:10:38.507 8 WARNING neutron.scheduler.dhcp_agent_scheduler [None req-5ea943c5-d459-4038-b9a4-fb5d085f5f5b 55b46d2c377b4681957451ee826d76be fe5b3f8c782144ea8d9b237a82ba9d10 - - default default] No more DHCP agents
2026-07-16 17:10:38.509 8 WARNING neutron.api.rpc.agentnotifiers.dhcp_rpc_agent_api [None req-5ea943c5-d459-4038-b9a4-fb5d085f5f5b 55b46d2c377b4681957451ee826d76be fe5b3f8c782144ea8d9b237a82ba9d10 - - default default] Unable to schedule network 49e5054f-f1f0-4dd8-aafd-2a981a944115: no agents available; will retry on subsequent port and subnet creation events. [pid: 7|app: 0|req: 675/1259] 10.0.0.23 () {32 vars in 715 bytes} [Thu Jul 16 17:10:38 2026] GET /v2.0/ports/afa679ee-ed71-421a-9b87-c65bc160c390 => generated 941 bytes in 49 msecs (HTTP/1.1 200) 4 headers in 157 bytes (1 switches on core 0)
2026-07-16 17:10:39.004 8 INFO neutron.db.ovn_revision_numbers_db [None req-5ea943c5-d459-4038-b9a4-fb5d085f5f5b 55b46d2c377b4681957451ee826d76be fe5b3f8c782144ea8d9b237a82ba9d10 - - default default] Successfully bumped revision number for resource 231b9268-6015-4dde-ad7b-3e5da914350a (type: ports) to 2
2026-07-16 17:10:39.035 8 INFO neutron.db.ovn_revision_numbers_db [None req-5ea943c5-d459-4038-b9a4-fb5d085f5f5b 55b46d2c377b4681957451ee826d76be fe5b3f8c782144ea8d9b237a82ba9d10 - - default default] Successfully bumped revision number for resource 7617f717-e3d1-4339-a5b5-5dd041b863c5 (type: subnets) to 0 [pid: 8|app: 0|req: 585/1260] 10.0.0.23 () {34 vars in 667 bytes} [Thu Jul 16 17:10:38 2026] POST /v2.0/subnets => generated 641 bytes in 732 msecs (HTTP/1.1 201) 4 headers in 162 bytes (1 switches on core 0)
2026-07-16 17:10:39.184 7 INFO neutron.db.segments_db [None req-d15f36bb-5f4e-448e-b6c0-3e4b9d9d1b57 55b46d2c377b4681957451ee826d76be fe5b3f8c782144ea8d9b237a82ba9d10 - - default default] Added segment b66b5b39-e720-4726-8718-df69e7b125d6 of type geneve for network c0414c2d-0feb-4745-a4e2-0509aa1d00f7
2026-07-16 17:10:39.201 8 WARNING neutron.db.securitygroups_db [None req-8bec9bf2-7722-4bad-a8be-33be69c3428e 2c50500a55254b52b74ffcb73d7a9e65 7fc8011fb237401f903b73b6babb9adc - - default default] project_id key not found in filters, using tenant_id instead. This support has been deprecated and will be removed in a future release. [pid: 8|app: 0|req: 586/1261] 10.0.0.23 () {32 vars in 772 bytes} [Thu Jul 16 17:10:39 2026] GET /v2.0/security-groups?tenant_id=7125dd2dc0fb4c4eb7a243f7fd4b048e&name=default => generated 2925 bytes in 140 msecs (HTTP/1.1 200) 4 headers in 158 bytes (1 switches on core 0)
2026-07-16 17:10:39.328 7 INFO neutron.db.ovn_revision_numbers_db [None req-d15f36bb-5f4e-448e-b6c0-3e4b9d9d1b57 55b46d2c377b4681957451ee826d76be fe5b3f8c782144ea8d9b237a82ba9d10 - - default default] Successfully bumped revision number for resource c0414c2d-0feb-4745-a4e2-0509aa1d00f7 (type: networks) to 1 [pid: 8|app: 0|req: 589/1264] 10.0.0.23 () {32 vars in 738 bytes} [Thu Jul 16 17:10:39 2026] DELETE /v2.0/security-groups/6a6a1803-9fcc-4fa7-a4c3-ec0c8707413c => generated 0 bytes in 173 msecs (HTTP/1.1 204) 2 headers in 112 bytes (1 switches on core 0)
2026-07-16 17:10:39.497 8 WARNING neutron.db.securitygroups_db [None req-5de1f505-7c70-481b-afe7-7dc21f91a756 2c50500a55254b52b74ffcb73d7a9e65 7fc8011fb237401f903b73b6babb9adc - - default default] project_id key not found in filters, using tenant_id instead. This support has been deprecated and will be removed in a future release.
2026-07-16 17:10:39.504 7 WARNING neutron.scheduler.dhcp_agent_scheduler [None req-d15f36bb-5f4e-448e-b6c0-3e4b9d9d1b57 55b46d2c377b4681957451ee826d76be fe5b3f8c782144ea8d9b237a82ba9d10 - - default default] No more DHCP agents
2026-07-16 17:10:39.505 7 WARNING neutron.api.rpc.agentnotifiers.dhcp_rpc_agent_api [None req-d15f36bb-5f4e-448e-b6c0-3e4b9d9d1b57 55b46d2c377b4681957451ee826d76be fe5b3f8c782144ea8d9b237a82ba9d10 - - default default] Unable to schedule network c0414c2d-0feb-4745-a4e2-0509aa1d00f7: no agents available; will retry on subsequent port and subnet creation events.
2026-07-16 17:10:39.573 7 INFO neutron.db.ovn_revision_numbers_db [None req-d15f36bb-5f4e-448e-b6c0-3e4b9d9d1b57 55b46d2c377b4681957451ee826d76be fe5b3f8c782144ea8d9b237a82ba9d10 - - default default] Successfully bumped revision number for resource daa6ddfb-e32f-40fa-80a9-f0f1a9e366de (type: ports) to 1 [pid: 7|app: 0|req: 676/1265] 10.0.0.23 () {34 vars in 668 bytes} [Thu Jul 16 17:10:39 2026] POST /v2.0/networks => generated 681 bytes in 536 msecs (HTTP/1.1 201) 4 headers in 162 bytes (1 switches on core 0)
2026-07-16 17:10:39.620 8 INFO neutron.db.ovn_revision_numbers_db [None req-5de1f505-7c70-481b-afe7-7dc21f91a756 2c50500a55254b52b74ffcb73d7a9e65 7fc8011fb237401f903b73b6babb9adc - - default default] Successfully bumped revision number for resource 1c91de60-080a-408e-8215-6860bf17aa0f (type: security_groups) to 1 [pid: 7|app: 0|req: 677/1266] 10.0.0.184 () {34 vars in 1069 bytes} [Thu Jul 16 17:10:39 2026] GET /v2.0/ports?fields=security_groups&fields=device_id&device_id=92158b02-87ff-47e7-ba37-90c7c57aec34 => generated 12 bytes in 22 msecs (HTTP/1.1 200) 4 headers in 156 bytes (1 switches on core 0)
2026-07-16 17:10:39.632 8 INFO neutron.db.ovn_revision_numbers_db [None req-5de1f505-7c70-481b-afe7-7dc21f91a756 2c50500a55254b52b74ffcb73d7a9e65 7fc8011fb237401f903b73b6babb9adc - - default default] Successfully bumped revision number for resource 5dcb56b6-f242-4daf-a77e-c359ac1b6bea (type: security_group_rules) to 0
2026-07-16 17:10:39.648 8 INFO neutron.db.ovn_revision_numbers_db [None req-5de1f505-7c70-481b-afe7-7dc21f91a756 2c50500a55254b52b74ffcb73d7a9e65 7fc8011fb237401f903b73b6babb9adc - - default default] Successfully bumped revision number for resource 5fce391c-3145-4b0f-8731-ed843e74f4e2 (type: security_group_rules) to 0
2026-07-16 17:10:39.662 8 INFO neutron.db.ovn_revision_numbers_db [None req-5de1f505-7c70-481b-afe7-7dc21f91a756 2c50500a55254b52b74ffcb73d7a9e65 7fc8011fb237401f903b73b6babb9adc - - default default] Successfully bumped revision number for resource 97ae7653-bde3-4a22-be1e-509972a07b56 (type: security_group_rules) to 0
2026-07-16 17:10:39.674 8 INFO neutron.db.ovn_revision_numbers_db [None req-5de1f505-7c70-481b-afe7-7dc21f91a756 2c50500a55254b52b74ffcb73d7a9e65 7fc8011fb237401f903b73b6babb9adc - - default default] Successfully bumped revision number for resource bb562a10-f51c-4422-b0c8-780ebcc239ae (type: security_group_rules) to 0 [pid: 8|app: 0|req: 590/1267] 10.0.0.23 () {32 vars in 772 bytes} [Thu Jul 16 17:10:39 2026] GET /v2.0/security-groups?tenant_id=eb136223bb6d4d11a1b82ee79ee9c365&name=default => generated 2925 bytes in 225 msecs (HTTP/1.1 200) 4 headers in 158 bytes (1 switches on core 0)
2026-07-16 17:10:39.763 7 INFO neutron.db.ovn_revision_numbers_db [None req-96fa6fed-5e54-4ddf-9e92-d17b7d901db7 55b46d2c377b4681957451ee826d76be fe5b3f8c782144ea8d9b237a82ba9d10 - - default default] Successfully bumped revision number for resource c0414c2d-0feb-4745-a4e2-0509aa1d00f7 (type: networks) to 2 [pid: 7|app: 0|req: 678/1268] 10.0.0.23 () {34 vars in 741 bytes} [Thu Jul 16 17:10:39 2026] PUT /v2.0/networks/c0414c2d-0feb-4745-a4e2-0509aa1d00f7 => generated 636 bytes in 148 msecs (HTTP/1.1 200) 4 headers in 157 bytes (1 switches on core 0) [pid: 8|app: 0|req: 591/1269] 10.0.0.23 () {32 vars in 738 bytes} [Thu Jul 16 17:10:39 2026] DELETE /v2.0/security-groups/1c91de60-080a-408e-8215-6860bf17aa0f => generated 0 bytes in 188 msecs (HTTP/1.1 204) 2 headers in 112 bytes (1 switches on core 0)
2026-07-16 17:10:39.951 7 WARNING neutron.scheduler.dhcp_agent_scheduler [None req-3365c9ff-9607-4022-a3d5-9ba4d09db67a 55b46d2c377b4681957451ee826d76be fe5b3f8c782144ea8d9b237a82ba9d10 - - default default] No more DHCP agents
2026-07-16 17:10:39.952 7 WARNING neutron.api.rpc.agentnotifiers.dhcp_rpc_agent_api [None req-3365c9ff-9607-4022-a3d5-9ba4d09db67a 55b46d2c377b4681957451ee826d76be fe5b3f8c782144ea8d9b237a82ba9d10 - - default default] Unable to schedule network c0414c2d-0feb-4745-a4e2-0509aa1d00f7: no agents available; will retry on subsequent port and subnet creation events. [pid: 8|app: 0|req: 592/1270] 10.0.0.23 () {32 vars in 715 bytes} [Thu Jul 16 17:10:40 2026] GET /v2.0/ports/afa679ee-ed71-421a-9b87-c65bc160c390 => generated 941 bytes in 31 msecs (HTTP/1.1 200) 4 headers in 157 bytes (1 switches on core 0)
2026-07-16 17:10:40.400 7 INFO neutron.db.ovn_revision_numbers_db [None req-3365c9ff-9607-4022-a3d5-9ba4d09db67a 55b46d2c377b4681957451ee826d76be fe5b3f8c782144ea8d9b237a82ba9d10 - - default default] Successfully bumped revision number for resource daa6ddfb-e32f-40fa-80a9-f0f1a9e366de (type: ports) to 2
2026-07-16 17:10:40.425 7 INFO neutron.db.ovn_revision_numbers_db [None req-3365c9ff-9607-4022-a3d5-9ba4d09db67a 55b46d2c377b4681957451ee826d76be fe5b3f8c782144ea8d9b237a82ba9d10 - - default default] Successfully bumped revision number for resource ea998c03-e9e8-4f33-b3e5-c0eb23a665d0 (type: subnets) to 0 [pid: 7|app: 0|req: 679/1271] 10.0.0.23 () {34 vars in 667 bytes} [Thu Jul 16 17:10:39 2026] POST /v2.0/subnets => generated 626 bytes in 662 msecs (HTTP/1.1 201) 4 headers in 162 bytes (1 switches on core 0)
2026-07-16 17:10:40.584 8 WARNING neutron.plugins.ml2.drivers.ovn.mech_driver.ovsdb.ovn_client [None req-0bacd717-e1a9-46b6-9841-fa59c86c6e9a - - - - - -] No hosting information found for port 5832816b-0661-4b71-b5ad-e1aff541494a: RuntimeError: No hosting information found for port 5832816b-0661-4b71-b5ad-e1aff541494a [pid: 7|app: 0|req: 680/1272] 10.0.0.184 () {34 vars in 1069 bytes} [Thu Jul 16 17:10:40 2026] GET /v2.0/ports?fields=security_groups&fields=device_id&device_id=92158b02-87ff-47e7-ba37-90c7c57aec34 => generated 12 bytes in 29 msecs (HTTP/1.1 200) 4 headers in 156 bytes (1 switches on core 0)
2026-07-16 17:10:40.746 8 INFO neutron.db.ovn_revision_numbers_db [None req-0bacd717-e1a9-46b6-9841-fa59c86c6e9a - - - - - -] Successfully bumped revision number for resource 5832816b-0661-4b71-b5ad-e1aff541494a (type: router_ports) to 2
2026-07-16 17:10:40.827 8 INFO neutron.plugins.ml2.drivers.ovn.mech_driver.mech_driver [None req-0bacd717-e1a9-46b6-9841-fa59c86c6e9a - - - - - -] OVN reports status down for port: afa679ee-ed71-421a-9b87-c65bc160c390
2026-07-16 17:10:40.879 8 INFO neutron.db.ovn_revision_numbers_db [None req-62b696dc-2e25-453f-914f-4779975934da 55b46d2c377b4681957451ee826d76be fe5b3f8c782144ea8d9b237a82ba9d10 - - default default] Successfully bumped revision number for resource ea998c03-e9e8-4f33-b3e5-c0eb23a665d0 (type: subnets) to 1 [pid: 8|app: 0|req: 593/1273] 10.0.0.23 () {34 vars in 739 bytes} [Thu Jul 16 17:10:40 2026] PUT /v2.0/subnets/ea998c03-e9e8-4f33-b3e5-c0eb23a665d0 => generated 636 bytes in 443 msecs (HTTP/1.1 200) 4 headers in 157 bytes (1 switches on core 0)
2026-07-16 17:10:40.916 8 WARNING neutron.plugins.ml2.drivers.ovn.mech_driver.ovsdb.ovn_client [None req-0bacd717-e1a9-46b6-9841-fa59c86c6e9a - - - - - -] Logical_Switch_Port afa679ee-ed71-421a-9b87-c65bc160c390 host information not removed, the port state is up
2026-07-16 17:10:40.916 8 INFO neutron.plugins.ml2.drivers.ovn.mech_driver.mech_driver [None req-0bacd717-e1a9-46b6-9841-fa59c86c6e9a - - - - - -] OVN reports status up for port: afa679ee-ed71-421a-9b87-c65bc160c390
2026-07-16 17:10:40.929 8 INFO neutron.plugins.ml2.plugin [None req-0bacd717-e1a9-46b6-9841-fa59c86c6e9a - - - - - -] Attempt 1 to provision port afa679ee-ed71-421a-9b87-c65bc160c390
2026-07-16 17:10:40.931 7 WARNING neutron.plugins.ml2.drivers.ovn.mech_driver.ovsdb.ovn_client [None req-b47bd263-8415-4b6f-a763-5716bf60cce7 - - - - - -] No hosting information found for port a02a9b04-dda9-4a07-813b-2b90cc5e8666: RuntimeError: No hosting information found for port a02a9b04-dda9-4a07-813b-2b90cc5e8666
2026-07-16 17:10:40.991 7 INFO neutron.common.ovn.utils [None req-b47bd263-8415-4b6f-a763-5716bf60cce7 - - - - - -] HA Chassis Group neutron-0a5b0ccb-93d2-4bae-8bae-b5aed6ea368a synchronized; highest priority chassis 6e953b32-1cf0-4f1f-bdfe-3dd50c382435
2026-07-16 17:10:41.105 7 INFO neutron.db.ovn_revision_numbers_db [None req-b47bd263-8415-4b6f-a763-5716bf60cce7 - - - - - -] Successfully bumped revision number for resource a02a9b04-dda9-4a07-813b-2b90cc5e8666 (type: router_ports) to 2
2026-07-16 17:10:41.158 7 INFO neutron_taas.services.taas.taas_plugin [None req-b35d0031-58fe-4808-9cea-a034459e28e9 55b46d2c377b4681957451ee826d76be fe5b3f8c782144ea8d9b237a82ba9d10 - - default default] TaaS: Handle Delete Port: daa6ddfb-e32f-40fa-80a9-f0f1a9e366de [pid: 8|app: 0|req: 594/1274] 10.0.0.23 () {32 vars in 715 bytes} [Thu Jul 16 17:10:41 2026] GET /v2.0/ports/afa679ee-ed71-421a-9b87-c65bc160c390 => generated 941 bytes in 117 msecs (HTTP/1.1 200) 4 headers in 157 bytes (1 switches on core 0)
2026-07-16 17:10:41.162 7 INFO neutron_taas.services.taas.tap_mirror_plugin [None req-b35d0031-58fe-4808-9cea-a034459e28e9 55b46d2c377b4681957451ee826d76be fe5b3f8c782144ea8d9b237a82ba9d10 - - default default] Tap Mirror: Handle Delete Port: daa6ddfb-e32f-40fa-80a9-f0f1a9e366de
2026-07-16 17:10:41.434 8 INFO neutron.db.ovn_revision_numbers_db [None req-0bacd717-e1a9-46b6-9841-fa59c86c6e9a - - - - - -] Successfully bumped revision number for resource afa679ee-ed71-421a-9b87-c65bc160c390 (type: ports) to 2
2026-07-16 17:10:41.523 7 INFO neutron.services.segments.plugin [-] Segment b66b5b39-e720-4726-8718-df69e7b125d6 resource provider aggregate not found
2026-07-16 17:10:41.528 7 INFO neutron.services.segments.plugin [-] Segment b66b5b39-e720-4726-8718-df69e7b125d6 resource provider aggregate not found
2026-07-16 17:10:41.548 7 INFO neutron.services.segments.plugin [-] Client error retrieving segment b66b5b39-e720-4726-8718-df69e7b125d6 resource provider; error: Placement Client Error (4xx): {"errors": [{"status": 404, "title": "Not Found", "detail": "The resource could not be found.\n\n No resource provider with uuid b66b5b39-e720-4726-8718-df69e7b125d6 found for delete ", "request_id": "req-d5c00d31-7047-4475-8cce-1fd2204829b9"}]}
2026-07-16 17:10:41.549 7 INFO neutron.services.segments.plugin [-] Client error retrieving segment b66b5b39-e720-4726-8718-df69e7b125d6 resource provider; error: Placement Client Error (4xx): {"errors": [{"status": 404, "title": "Not Found", "detail": "The resource could not be found.\n\n No resource provider with uuid b66b5b39-e720-4726-8718-df69e7b125d6 found for delete ", "request_id": "req-99ee198c-3982-4592-819b-9ab2cbe0671e"}]} [pid: 7|app: 0|req: 681/1275] 10.0.0.23 () {32 vars in 724 bytes} [Thu Jul 16 17:10:40 2026] DELETE /v2.0/networks/c0414c2d-0feb-4745-a4e2-0509aa1d00f7 => generated 0 bytes in 669 msecs (HTTP/1.1 204) 3 headers in 131 bytes (1 switches on core 0)
