2026-07-16 17:11:38.684 8 WARNING neutron.db.securitygroups_db [None req-3f053d4d-f9c0-4358-aa79-1809d433088a 2c50500a55254b52b74ffcb73d7a9e65 7fc8011fb237401f903b73b6babb9adc - - default default] project_id key not found in filters, using tenant_id instead. This support has been deprecated and will be removed in a future release.
2026-07-16 17:11:38.704 7 INFO neutron.services.segments.plugin [-] Client error retrieving segment d33d4b0b-d6c5-4442-bc08-94bf50c6a665 resource provider; error: Placement Client Error (4xx): {"errors": [{"status": 404, "title": "Not Found", "detail": "The resource could not be found.\n\n No resource provider with uuid d33d4b0b-d6c5-4442-bc08-94bf50c6a665 found for delete ", "request_id": "req-32c7b81a-0eac-4e5a-8498-2e81f12b6f97"}]} [pid: 8|app: 0|req: 893/1850] 10.0.0.23 () {32 vars in 772 bytes} [Thu Jul 16 17:11:38 2026] GET /v2.0/security-groups?tenant_id=dcfe7f48b8f742c7b622e7c8a3609779&name=default => generated 2925 bytes in 125 msecs (HTTP/1.1 200) 4 headers in 158 bytes (1 switches on core 0)
2026-07-16 17:11:38.711 7 INFO neutron.services.segments.plugin [-] Client error retrieving segment d33d4b0b-d6c5-4442-bc08-94bf50c6a665 resource provider; error: Placement Client Error (4xx): {"errors": [{"status": 404, "title": "Not Found", "detail": "The resource could not be found.\n\n No resource provider with uuid d33d4b0b-d6c5-4442-bc08-94bf50c6a665 found for delete ", "request_id": "req-aded3f6d-1f54-4017-b759-6df0b4e6e903"}]}
2026-07-16 17:11:38.728 7 INFO neutron.services.segments.plugin [-] Segment 06d6cce0-7d09-4891-bcea-3be93d03625b resource provider aggregate not found
2026-07-16 17:11:38.737 7 INFO neutron.services.segments.plugin [-] Segment 06d6cce0-7d09-4891-bcea-3be93d03625b resource provider aggregate not found
2026-07-16 17:11:38.755 7 INFO neutron.services.segments.plugin [-] Client error retrieving segment 06d6cce0-7d09-4891-bcea-3be93d03625b resource provider; error: Placement Client Error (4xx): {"errors": [{"status": 404, "title": "Not Found", "detail": "The resource could not be found.\n\n No resource provider with uuid 06d6cce0-7d09-4891-bcea-3be93d03625b found for delete ", "request_id": "req-0676d3de-f62d-4dc1-aa05-5447bfbe92bd"}]}
2026-07-16 17:11:38.762 7 INFO neutron.services.segments.plugin [-] Client error retrieving segment 06d6cce0-7d09-4891-bcea-3be93d03625b resource provider; error: Placement Client Error (4xx): {"errors": [{"status": 404, "title": "Not Found", "detail": "The resource could not be found.\n\n No resource provider with uuid 06d6cce0-7d09-4891-bcea-3be93d03625b found for delete ", "request_id": "req-0e7230cf-a467-48d3-9391-5b69e65d6946"}]}
2026-07-16 17:11:38.783 7 INFO neutron.db.ovn_revision_numbers_db [None req-c3ebc2ab-4e6b-4502-94e6-27a567c5be02 d50ba4c3716c4728a1ea1627f1c92ce9 c8acf7553a934662a0604c54e2d19b91 - - default default] Successfully bumped revision number for resource e474a29b-c904-4630-bad6-d68db5e2d388 (type: security_groups) to 1
2026-07-16 17:11:38.799 7 INFO neutron.db.ovn_revision_numbers_db [None req-c3ebc2ab-4e6b-4502-94e6-27a567c5be02 d50ba4c3716c4728a1ea1627f1c92ce9 c8acf7553a934662a0604c54e2d19b91 - - default default] Successfully bumped revision number for resource 32d3bb24-d884-4422-af67-bf498fb3d754 (type: security_group_rules) to 0
2026-07-16 17:11:38.812 7 INFO neutron.db.ovn_revision_numbers_db [None req-c3ebc2ab-4e6b-4502-94e6-27a567c5be02 d50ba4c3716c4728a1ea1627f1c92ce9 c8acf7553a934662a0604c54e2d19b91 - - default default] Successfully bumped revision number for resource 84135fc0-1521-4d28-9dd8-0d015cd12e76 (type: security_group_rules) to 0 [pid: 7|app: 0|req: 958/1851] 10.0.0.23 () {34 vars in 682 bytes} [Thu Jul 16 17:11:38 2026] POST /v2.0/security-groups => generated 1601 bytes in 233 msecs (HTTP/1.1 201) 4 headers in 163 bytes (1 switches on core 0) [pid: 8|app: 0|req: 894/1852] 10.0.0.23 () {32 vars in 738 bytes} [Thu Jul 16 17:11:38 2026] DELETE /v2.0/security-groups/58be3604-db5c-4edc-a598-320db0be1806 => generated 0 bytes in 154 msecs (HTTP/1.1 204) 2 headers in 112 bytes (1 switches on core 0)
2026-07-16 17:11:38.886 7 WARNING tagging [None req-660c22ef-2f33-4b2a-82d7-01112cf23a2d d50ba4c3716c4728a1ea1627f1c92ce9 c8acf7553a934662a0604c54e2d19b91 - - default default] project_id key not found in request, using tenant_id instead. This support has been deprecated and will be removed in a future release. [pid: 8|app: 0|req: 895/1853] 10.0.0.184 () {34 vars in 1069 bytes} [Thu Jul 16 17:11:38 2026] GET /v2.0/ports?fields=security_groups&fields=device_id&device_id=c186c842-cbfe-4133-87b2-7afc6e88f7ac => generated 12 bytes in 18 msecs (HTTP/1.1 200) 4 headers in 156 bytes (1 switches on core 0) [pid: 7|app: 0|req: 959/1854] 10.0.0.23 () {34 vars in 765 bytes} [Thu Jul 16 17:11:38 2026] PUT /v2.0/security-groups/738f621b-75ad-44e9-a295-defea5443b98/tags => generated 17 bytes in 56 msecs (HTTP/1.1 200) 4 headers in 156 bytes (1 switches on core 0)
2026-07-16 17:11:38.942 8 WARNING tagging [None req-af566a25-32fe-407f-aaa5-73784bd145f5 d50ba4c3716c4728a1ea1627f1c92ce9 c8acf7553a934662a0604c54e2d19b91 - - default default] project_id key not found in request, using tenant_id instead. This support has been deprecated and will be removed in a future release. [pid: 8|app: 0|req: 896/1855] 10.0.0.23 () {34 vars in 765 bytes} [Thu Jul 16 17:11:38 2026] PUT /v2.0/security-groups/bf6b06c6-4891-4c4e-8318-8e5ed387c3a5/tags => generated 25 bytes in 55 msecs (HTTP/1.1 200) 4 headers in 156 bytes (1 switches on core 0)
2026-07-16 17:11:39.003 7 WARNING tagging [None req-1abc0e12-5406-471e-975f-b7762330ea3c d50ba4c3716c4728a1ea1627f1c92ce9 c8acf7553a934662a0604c54e2d19b91 - - default default] project_id key not found in request, using tenant_id instead. This support has been deprecated and will be removed in a future release. [pid: 7|app: 0|req: 960/1856] 10.0.0.23 () {34 vars in 765 bytes} [Thu Jul 16 17:11:38 2026] PUT /v2.0/security-groups/d0b0f080-f49c-4237-a7e0-28b8ae7f50bd/tags => generated 34 bytes in 54 msecs (HTTP/1.1 200) 4 headers in 156 bytes (1 switches on core 0)
2026-07-16 17:11:39.060 8 WARNING tagging [None req-99abdd27-1af4-4994-bf9f-5b37b3cf39d6 d50ba4c3716c4728a1ea1627f1c92ce9 c8acf7553a934662a0604c54e2d19b91 - - default default] project_id key not found in request, using tenant_id instead. This support has been deprecated and will be removed in a future release. [pid: 8|app: 0|req: 897/1857] 10.0.0.23 () {34 vars in 765 bytes} [Thu Jul 16 17:11:39 2026] PUT /v2.0/security-groups/4994a524-bfc3-495a-9084-87b7275698fc/tags => generated 19 bytes in 46 msecs (HTTP/1.1 200) 4 headers in 156 bytes (1 switches on core 0) [pid: 8|app: 0|req: 899/1860] 10.0.0.23 () {32 vars in 678 bytes} [Thu Jul 16 17:11:39 2026] GET /v2.0/security-groups?tags=red => generated 4804 bytes in 54 msecs (HTTP/1.1 200) 4 headers in 158 bytes (1 switches on core 0) [pid: 7|app: 0|req: 962/1861] 10.0.0.23 () {32 vars in 692 bytes} [Thu Jul 16 17:11:39 2026] GET /v2.0/security-groups?tags=red%2Cblue => generated 3218 bytes in 54 msecs (HTTP/1.1 200) 4 headers in 158 bytes (1 switches on core 0) [pid: 8|app: 0|req: 900/1862] 10.0.0.23 () {32 vars in 688 bytes} [Thu Jul 16 17:11:39 2026] GET /v2.0/security-groups?tags-any=blue => generated 3218 bytes in 45 msecs (HTTP/1.1 200) 4 headers in 158 bytes (1 switches on core 0) [pid: 7|app: 0|req: 963/1863] 10.0.0.23 () {32 vars in 700 bytes} [Thu Jul 16 17:11:39 2026] GET /v2.0/security-groups?tags-any=red%2Cblue => generated 4804 bytes in 44 msecs (HTTP/1.1 200) 4 headers in 158 bytes (1 switches on core 0) [pid: 8|app: 0|req: 901/1864] 10.0.0.23 () {32 vars in 686 bytes} [Thu Jul 16 17:11:39 2026] GET /v2.0/security-groups?not-tags=red => generated 6094 bytes in 39 msecs (HTTP/1.1 200) 4 headers in 158 bytes (1 switches on core 0) [pid: 7|app: 0|req: 964/1865] 10.0.0.23 () {32 vars in 700 bytes} [Thu Jul 16 17:11:39 2026] GET /v2.0/security-groups?not-tags=red%2Cblue => generated 7680 bytes in 40 msecs (HTTP/1.1 200) 4 headers in 158 bytes (1 switches on core 0) [pid: 8|app: 0|req: 902/1866] 10.0.0.23 () {32 vars in 696 bytes} [Thu Jul 16 17:11:39 2026] GET /v2.0/security-groups?not-tags-any=blue => generated 7680 bytes in 46 msecs (HTTP/1.1 200) 4 headers in 158 bytes (1 switches on core 0) [pid: 7|app: 0|req: 965/1867] 10.0.0.23 () {32 vars in 708 bytes} [Thu Jul 16 17:11:39 2026] GET /v2.0/security-groups?not-tags-any=red%2Cblue => generated 6094 bytes in 43 msecs (HTTP/1.1 200) 4 headers in 158 bytes (1 switches on core 0) [pid: 8|app: 0|req: 903/1868] 10.0.0.23 () {32 vars in 738 bytes} [Thu Jul 16 17:11:39 2026] DELETE /v2.0/security-groups/738f621b-75ad-44e9-a295-defea5443b98 => generated 0 bytes in 153 msecs (HTTP/1.1 204) 2 headers in 112 bytes (1 switches on core 0) [pid: 7|app: 0|req: 966/1869] 10.0.0.23 () {32 vars in 738 bytes} [Thu Jul 16 17:11:39 2026] DELETE /v2.0/security-groups/bf6b06c6-4891-4c4e-8318-8e5ed387c3a5 => generated 0 bytes in 215 msecs (HTTP/1.1 204) 2 headers in 112 bytes (1 switches on core 0) [pid: 7|app: 0|req: 967/1870] 10.0.0.184 () {34 vars in 1069 bytes} [Thu Jul 16 17:11:39 2026] GET /v2.0/ports?fields=security_groups&fields=device_id&device_id=c186c842-cbfe-4133-87b2-7afc6e88f7ac => generated 12 bytes in 34 msecs (HTTP/1.1 200) 4 headers in 156 bytes (1 switches on core 0) [pid: 8|app: 0|req: 904/1871] 10.0.0.23 () {32 vars in 738 bytes} [Thu Jul 16 17:11:39 2026] DELETE /v2.0/security-groups/d0b0f080-f49c-4237-a7e0-28b8ae7f50bd => generated 0 bytes in 138 msecs (HTTP/1.1 204) 2 headers in 112 bytes (1 switches on core 0) [pid: 7|app: 0|req: 968/1872] 10.0.0.23 () {32 vars in 738 bytes} [Thu Jul 16 17:11:40 2026] DELETE /v2.0/security-groups/4994a524-bfc3-495a-9084-87b7275698fc => generated 0 bytes in 170 msecs (HTTP/1.1 204) 2 headers in 112 bytes (1 switches on core 0) [pid: 7|app: 0|req: 969/1873] 10.0.0.98 () {34 vars in 988 bytes} [Thu Jul 16 17:11:40 2026] GET /v2.0/ports?device_id=c186c842-cbfe-4133-87b2-7afc6e88f7ac => generated 12 bytes in 23 msecs (HTTP/1.1 200) 4 headers in 156 bytes (1 switches on core 0) [pid: 8|app: 0|req: 905/1874] 10.0.0.23 () {32 vars in 738 bytes} [Thu Jul 16 17:11:40 2026] DELETE /v2.0/security-groups/e474a29b-c904-4630-bad6-d68db5e2d388 => generated 0 bytes in 146 msecs (HTTP/1.1 204) 2 headers in 112 bytes (1 switches on core 0)
2026-07-16 17:11:41.083 7 INFO neutron.db.ovn_revision_numbers_db [None req-d6048a36-e719-4c9c-b1f6-c44fc842e329 9aabafbfd4884011b23a5cdd397ac6e1 f69e8d3db48649c1af26355e20c7822f - - default default] Successfully bumped revision number for resource eda49ef4-6416-4150-833e-c43bc12a4f07 (type: security_groups) to 1
2026-07-16 17:11:41.095 7 INFO neutron.db.ovn_revision_numbers_db [None req-d6048a36-e719-4c9c-b1f6-c44fc842e329 9aabafbfd4884011b23a5cdd397ac6e1 f69e8d3db48649c1af26355e20c7822f - - default default] Successfully bumped revision number for resource 5bcdeaab-1cd1-460a-892b-1ec6b2835915 (type: security_group_rules) to 0
2026-07-16 17:11:41.111 7 INFO neutron.db.ovn_revision_numbers_db [None req-d6048a36-e719-4c9c-b1f6-c44fc842e329 9aabafbfd4884011b23a5cdd397ac6e1 f69e8d3db48649c1af26355e20c7822f - - default default] Successfully bumped revision number for resource 66a62355-912f-4661-af83-f539f06e57cb (type: security_group_rules) to 0 [pid: 8|app: 0|req: 906/1875] 10.0.0.184 () {34 vars in 1069 bytes} [Thu Jul 16 17:11:41 2026] GET /v2.0/ports?fields=security_groups&fields=device_id&device_id=c186c842-cbfe-4133-87b2-7afc6e88f7ac => generated 12 bytes in 27 msecs (HTTP/1.1 200) 4 headers in 156 bytes (1 switches on core 0)
2026-07-16 17:11:41.130 7 INFO neutron.db.ovn_revision_numbers_db [None req-d6048a36-e719-4c9c-b1f6-c44fc842e329 9aabafbfd4884011b23a5cdd397ac6e1 f69e8d3db48649c1af26355e20c7822f - - default default] Successfully bumped revision number for resource 7b2a5e4f-5bac-4eba-8b0e-28932d282032 (type: security_group_rules) to 0
2026-07-16 17:11:41.148 7 INFO neutron.db.ovn_revision_numbers_db [None req-d6048a36-e719-4c9c-b1f6-c44fc842e329 9aabafbfd4884011b23a5cdd397ac6e1 f69e8d3db48649c1af26355e20c7822f - - default default] Successfully bumped revision number for resource c0d79ba4-b573-4e8d-bfb1-52a51aa9a913 (type: security_group_rules) to 0
2026-07-16 17:11:41.253 7 INFO neutron.db.segments_db [None req-d6048a36-e719-4c9c-b1f6-c44fc842e329 9aabafbfd4884011b23a5cdd397ac6e1 f69e8d3db48649c1af26355e20c7822f - - default default] Added segment 8db008eb-0556-4317-8fe0-8ffe2bbd06ec of type geneve for network 59367d1d-b681-458d-8361-a331ddc7c68c
2026-07-16 17:11:41.308 8 WARNING neutron.db.securitygroups_db [None req-6328185b-29ff-4558-8fea-89a61c734328 2c50500a55254b52b74ffcb73d7a9e65 7fc8011fb237401f903b73b6babb9adc - - default default] project_id key not found in filters, using tenant_id instead. This support has been deprecated and will be removed in a future release. [pid: 8|app: 0|req: 907/1876] 10.0.0.23 () {32 vars in 772 bytes} [Thu Jul 16 17:11:41 2026] GET /v2.0/security-groups?tenant_id=c8acf7553a934662a0604c54e2d19b91&name=default => generated 2925 bytes in 169 msecs (HTTP/1.1 200) 4 headers in 158 bytes (1 switches on core 0) [pid: 8|app: 0|req: 908/1877] 10.0.0.184 () {34 vars in 989 bytes} [Thu Jul 16 17:11:41 2026] GET /v2.0/ports?device_id=c186c842-cbfe-4133-87b2-7afc6e88f7ac => generated 12 bytes in 26 msecs (HTTP/1.1 200) 4 headers in 156 bytes (1 switches on core 0)
2026-07-16 17:11:41.375 7 INFO neutron.db.ovn_revision_numbers_db [None req-d6048a36-e719-4c9c-b1f6-c44fc842e329 9aabafbfd4884011b23a5cdd397ac6e1 f69e8d3db48649c1af26355e20c7822f - - default default] Successfully bumped revision number for resource 59367d1d-b681-458d-8361-a331ddc7c68c (type: networks) to 1 [pid: 8|app: 0|req: 909/1878] 10.0.0.23 () {32 vars in 738 bytes} [Thu Jul 16 17:11:41 2026] DELETE /v2.0/security-groups/df90b54e-e3b8-4d38-b820-8d3a52db7fa8 => generated 0 bytes in 165 msecs (HTTP/1.1 204) 2 headers in 112 bytes (1 switches on core 0)
2026-07-16 17:11:41.584 7 WARNING neutron.scheduler.dhcp_agent_scheduler [None req-d6048a36-e719-4c9c-b1f6-c44fc842e329 9aabafbfd4884011b23a5cdd397ac6e1 f69e8d3db48649c1af26355e20c7822f - - default default] No more DHCP agents
2026-07-16 17:11:41.585 7 WARNING neutron.api.rpc.agentnotifiers.dhcp_rpc_agent_api [None req-d6048a36-e719-4c9c-b1f6-c44fc842e329 9aabafbfd4884011b23a5cdd397ac6e1 f69e8d3db48649c1af26355e20c7822f - - default default] Unable to schedule network 59367d1d-b681-458d-8361-a331ddc7c68c: no agents available; will retry on subsequent port and subnet creation events.
2026-07-16 17:11:41.625 7 INFO neutron.plugins.ml2.drivers.ovn.mech_driver.mech_driver [None req-245779f6-f22a-4c86-8764-a42eb5a5eeec - - - - - -] OVN reports status down for port: e7bbe725-ce8a-4213-a08e-6d95948690ff
2026-07-16 17:11:41.646 8 WARNING neutron.db.securitygroups_db [None req-d7be1453-01f4-4340-bc26-f8d3b57922ec 2c50500a55254b52b74ffcb73d7a9e65 7fc8011fb237401f903b73b6babb9adc - - default default] project_id key not found in filters, using tenant_id instead. This support has been deprecated and will be removed in a future release.
2026-07-16 17:11:41.694 7 INFO neutron.db.ovn_revision_numbers_db [None req-d6048a36-e719-4c9c-b1f6-c44fc842e329 9aabafbfd4884011b23a5cdd397ac6e1 f69e8d3db48649c1af26355e20c7822f - - default default] Successfully bumped revision number for resource e7bbe725-ce8a-4213-a08e-6d95948690ff (type: ports) to 1 [pid: 7|app: 0|req: 970/1879] 10.0.0.23 () {34 vars in 668 bytes} [Thu Jul 16 17:11:40 2026] POST /v2.0/networks => generated 672 bytes in 1007 msecs (HTTP/1.1 201) 4 headers in 162 bytes (1 switches on core 0)
2026-07-16 17:11:41.765 8 INFO neutron.db.ovn_revision_numbers_db [None req-d7be1453-01f4-4340-bc26-f8d3b57922ec 2c50500a55254b52b74ffcb73d7a9e65 7fc8011fb237401f903b73b6babb9adc - - default default] Successfully bumped revision number for resource ed4a7b1e-6b6f-4625-9934-caf7368d1beb (type: security_groups) to 1
2026-07-16 17:11:41.779 8 INFO neutron.db.ovn_revision_numbers_db [None req-d7be1453-01f4-4340-bc26-f8d3b57922ec 2c50500a55254b52b74ffcb73d7a9e65 7fc8011fb237401f903b73b6babb9adc - - default default] Successfully bumped revision number for resource 02b6ef95-8467-41c7-b4bb-5c2bbcf4032a (type: security_group_rules) to 0
2026-07-16 17:11:41.793 8 INFO neutron.db.ovn_revision_numbers_db [None req-d7be1453-01f4-4340-bc26-f8d3b57922ec 2c50500a55254b52b74ffcb73d7a9e65 7fc8011fb237401f903b73b6babb9adc - - default default] Successfully bumped revision number for resource 1b23963e-38fb-410f-8260-73be7b5df565 (type: security_group_rules) to 0
2026-07-16 17:11:41.807 8 INFO neutron.db.ovn_revision_numbers_db [None req-d7be1453-01f4-4340-bc26-f8d3b57922ec 2c50500a55254b52b74ffcb73d7a9e65 7fc8011fb237401f903b73b6babb9adc - - default default] Successfully bumped revision number for resource ac2da3ea-601a-45a6-b3e8-c26c93742a57 (type: security_group_rules) to 0
2026-07-16 17:11:41.820 8 INFO neutron.db.ovn_revision_numbers_db [None req-d7be1453-01f4-4340-bc26-f8d3b57922ec 2c50500a55254b52b74ffcb73d7a9e65 7fc8011fb237401f903b73b6babb9adc - - default default] Successfully bumped revision number for resource bdb2233d-4656-499f-a6bd-058ca6e3084f (type: security_group_rules) to 0
2026-07-16 17:11:41.850 7 INFO neutron.db.segments_db [None req-c82df0a5-7637-4dd1-8c19-0fceccc5e7f6 9aabafbfd4884011b23a5cdd397ac6e1 f69e8d3db48649c1af26355e20c7822f - - default default] Added segment d50d407e-7277-45e7-97a6-28317af56571 of type geneve for network 717d4c0e-12ea-45a9-ad49-c329a0e92698 [pid: 8|app: 0|req: 910/1880] 10.0.0.23 () {32 vars in 772 bytes} [Thu Jul 16 17:11:41 2026] GET /v2.0/security-groups?tenant_id=831c81b636e349c48ad7de04bb88bcee&name=default => generated 2925 bytes in 244 msecs (HTTP/1.1 200) 4 headers in 158 bytes (1 switches on core 0)
2026-07-16 17:11:41.971 7 INFO neutron.db.ovn_revision_numbers_db [None req-c82df0a5-7637-4dd1-8c19-0fceccc5e7f6 9aabafbfd4884011b23a5cdd397ac6e1 f69e8d3db48649c1af26355e20c7822f - - default default] Successfully bumped revision number for resource 717d4c0e-12ea-45a9-ad49-c329a0e92698 (type: networks) to 1 [pid: 8|app: 0|req: 911/1881] 10.0.0.23 () {32 vars in 738 bytes} [Thu Jul 16 17:11:41 2026] DELETE /v2.0/security-groups/ed4a7b1e-6b6f-4625-9934-caf7368d1beb => generated 0 bytes in 211 msecs (HTTP/1.1 204) 2 headers in 112 bytes (1 switches on core 0)
2026-07-16 17:11:42.211 7 WARNING neutron.scheduler.dhcp_agent_scheduler [None req-c82df0a5-7637-4dd1-8c19-0fceccc5e7f6 9aabafbfd4884011b23a5cdd397ac6e1 f69e8d3db48649c1af26355e20c7822f - - default default] No more DHCP agents
2026-07-16 17:11:42.213 7 WARNING neutron.api.rpc.agentnotifiers.dhcp_rpc_agent_api [None req-c82df0a5-7637-4dd1-8c19-0fceccc5e7f6 9aabafbfd4884011b23a5cdd397ac6e1 f69e8d3db48649c1af26355e20c7822f - - default default] Unable to schedule network 717d4c0e-12ea-45a9-ad49-c329a0e92698: no agents available; will retry on subsequent port and subnet creation events.
2026-07-16 17:11:42.276 7 INFO neutron.plugins.ml2.drivers.ovn.mech_driver.mech_driver [None req-245779f6-f22a-4c86-8764-a42eb5a5eeec - - - - - -] OVN reports status down for port: 54303a02-8909-4ebe-9f83-53606a4efc6b
2026-07-16 17:11:42.278 8 WARNING neutron.db.securitygroups_db [None req-09506193-19dc-4152-ae84-35f16245f92a 2c50500a55254b52b74ffcb73d7a9e65 7fc8011fb237401f903b73b6babb9adc - - default default] project_id key not found in filters, using tenant_id instead. This support has been deprecated and will be removed in a future release.
2026-07-16 17:11:42.349 7 INFO neutron.db.ovn_revision_numbers_db [None req-c82df0a5-7637-4dd1-8c19-0fceccc5e7f6 9aabafbfd4884011b23a5cdd397ac6e1 f69e8d3db48649c1af26355e20c7822f - - default default] Successfully bumped revision number for resource 54303a02-8909-4ebe-9f83-53606a4efc6b (type: ports) to 1 [pid: 7|app: 0|req: 971/1882] 10.0.0.23 () {34 vars in 668 bytes} [Thu Jul 16 17:11:41 2026] POST /v2.0/networks => generated 671 bytes in 656 msecs (HTTP/1.1 201) 4 headers in 162 bytes (1 switches on core 0)
2026-07-16 17:11:42.418 8 INFO neutron.db.ovn_revision_numbers_db [None req-09506193-19dc-4152-ae84-35f16245f92a 2c50500a55254b52b74ffcb73d7a9e65 7fc8011fb237401f903b73b6babb9adc - - default default] Successfully bumped revision number for resource e3c22159-dfe8-415c-809d-cd9b6505163b (type: security_groups) to 1
2026-07-16 17:11:42.436 8 INFO neutron.db.ovn_revision_numbers_db [None req-09506193-19dc-4152-ae84-35f16245f92a 2c50500a55254b52b74ffcb73d7a9e65 7fc8011fb237401f903b73b6babb9adc - - default default] Successfully bumped revision number for resource 72ac5c7d-64ac-4665-93ef-748b71027437 (type: security_group_rules) to 0
2026-07-16 17:11:42.451 8 INFO neutron.db.ovn_revision_numbers_db [None req-09506193-19dc-4152-ae84-35f16245f92a 2c50500a55254b52b74ffcb73d7a9e65 7fc8011fb237401f903b73b6babb9adc - - default default] Successfully bumped revision number for resource c1381dbd-09bf-4351-9bf9-8e20bf6ba7ea (type: security_group_rules) to 0
2026-07-16 17:11:42.463 8 INFO neutron.db.ovn_revision_numbers_db [None req-09506193-19dc-4152-ae84-35f16245f92a 2c50500a55254b52b74ffcb73d7a9e65 7fc8011fb237401f903b73b6babb9adc - - default default] Successfully bumped revision number for resource ddb1e69d-6938-49c1-81f6-6bd8d98728d5 (type: security_group_rules) to 0
2026-07-16 17:11:42.475 8 INFO neutron.db.ovn_revision_numbers_db [None req-09506193-19dc-4152-ae84-35f16245f92a 2c50500a55254b52b74ffcb73d7a9e65 7fc8011fb237401f903b73b6babb9adc - - default default] Successfully bumped revision number for resource e1c89e7d-dfca-4d02-a913-689334cb8b12 (type: security_group_rules) to 0 [pid: 8|app: 0|req: 912/1883] 10.0.0.23 () {32 vars in 772 bytes} [Thu Jul 16 17:11:42 2026] GET /v2.0/security-groups?tenant_id=a276c0a18e7044e68ac4739525a370d3&name=default => generated 2925 bytes in 255 msecs (HTTP/1.1 200) 4 headers in 158 bytes (1 switches on core 0)
2026-07-16 17:11:42.579 7 WARNING neutron.scheduler.dhcp_agent_scheduler [None req-9809ca74-7db6-4cfe-9e51-6fb7494e932b 9aabafbfd4884011b23a5cdd397ac6e1 f69e8d3db48649c1af26355e20c7822f - - default default] No more DHCP agents
2026-07-16 17:11:42.580 7 WARNING neutron.api.rpc.agentnotifiers.dhcp_rpc_agent_api [None req-9809ca74-7db6-4cfe-9e51-6fb7494e932b 9aabafbfd4884011b23a5cdd397ac6e1 f69e8d3db48649c1af26355e20c7822f - - default default] Unable to schedule network 59367d1d-b681-458d-8361-a331ddc7c68c: no agents available; will retry on subsequent port and subnet creation events.
2026-07-16 17:11:42.607 7 INFO neutron.db.ovn_revision_numbers_db [None req-9809ca74-7db6-4cfe-9e51-6fb7494e932b 9aabafbfd4884011b23a5cdd397ac6e1 f69e8d3db48649c1af26355e20c7822f - - default default] Successfully bumped revision number for resource ad8e0b45-b132-4f24-bdca-9cc1d40946f9 (type: subnets) to 0 [pid: 7|app: 0|req: 972/1884] 10.0.0.23 () {34 vars in 667 bytes} [Thu Jul 16 17:11:42 2026] POST /v2.0/subnets => generated 646 bytes in 224 msecs (HTTP/1.1 201) 4 headers in 162 bytes (1 switches on core 0) [pid: 8|app: 0|req: 913/1885] 10.0.0.23 () {32 vars in 738 bytes} [Thu Jul 16 17:11:42 2026] DELETE /v2.0/security-groups/e3c22159-dfe8-415c-809d-cd9b6505163b => generated 0 bytes in 183 msecs (HTTP/1.1 204) 2 headers in 112 bytes (1 switches on core 0)
2026-07-16 17:11:42.810 7 WARNING neutron.scheduler.dhcp_agent_scheduler [None req-645053b9-bc8a-48c3-b398-89dbee5cfb49 9aabafbfd4884011b23a5cdd397ac6e1 f69e8d3db48649c1af26355e20c7822f - - default default] No more DHCP agents
2026-07-16 17:11:42.811 7 WARNING neutron.api.rpc.agentnotifiers.dhcp_rpc_agent_api [None req-645053b9-bc8a-48c3-b398-89dbee5cfb49 9aabafbfd4884011b23a5cdd397ac6e1 f69e8d3db48649c1af26355e20c7822f - - default default] Unable to schedule network 717d4c0e-12ea-45a9-ad49-c329a0e92698: no agents available; will retry on subsequent port and subnet creation events.
2026-07-16 17:11:42.834 7 INFO neutron.db.ovn_revision_numbers_db [None req-645053b9-bc8a-48c3-b398-89dbee5cfb49 9aabafbfd4884011b23a5cdd397ac6e1 f69e8d3db48649c1af26355e20c7822f - - default default] Successfully bumped revision number for resource ffd2dddd-a0bd-4fc3-95a4-261b25b9651f (type: subnets) to 0 [pid: 7|app: 0|req: 973/1886] 10.0.0.23 () {34 vars in 667 bytes} [Thu Jul 16 17:11:42 2026] POST /v2.0/subnets => generated 655 bytes in 222 msecs (HTTP/1.1 201) 4 headers in 162 bytes (1 switches on core 0)
2026-07-16 17:11:42.952 7 INFO neutron.db.ovn_revision_numbers_db [None req-6df1b743-7258-4f66-abc5-c803c869cbaa 9aabafbfd4884011b23a5cdd397ac6e1 f69e8d3db48649c1af26355e20c7822f - - default default] Successfully bumped revision number for resource 3d00762b-0094-4815-9055-d3d37c68c25d (type: routers) to 1 [pid: 7|app: 0|req: 974/1887] 10.0.0.23 () {34 vars in 667 bytes} [Thu Jul 16 17:11:42 2026] POST /v2.0/routers => generated 628 bytes in 123 msecs (HTTP/1.1 201) 4 headers in 162 bytes (1 switches on core 0)
2026-07-16 17:11:43.019 8 INFO neutron_taas.services.taas.taas_plugin [None req-bf175c1b-a5d4-44a5-a8af-1227f0bba037 2c50500a55254b52b74ffcb73d7a9e65 7fc8011fb237401f903b73b6babb9adc - - default default] TaaS: Handle Delete Port: df78f16f-4bdb-4763-a043-15aa8fee50c7
2026-07-16 17:11:43.024 8 INFO neutron_taas.services.taas.tap_mirror_plugin [None req-bf175c1b-a5d4-44a5-a8af-1227f0bba037 2c50500a55254b52b74ffcb73d7a9e65 7fc8011fb237401f903b73b6babb9adc - - default default] Tap Mirror: Handle Delete Port: df78f16f-4bdb-4763-a043-15aa8fee50c7
2026-07-16 17:11:43.385 7 WARNING neutron.scheduler.dhcp_agent_scheduler [None req-ddae92b5-3be7-4967-ae61-00ff087813c6 9aabafbfd4884011b23a5cdd397ac6e1 f69e8d3db48649c1af26355e20c7822f - - default default] No more DHCP agents
2026-07-16 17:11:43.386 7 WARNING neutron.api.rpc.agentnotifiers.dhcp_rpc_agent_api [None req-ddae92b5-3be7-4967-ae61-00ff087813c6 9aabafbfd4884011b23a5cdd397ac6e1 f69e8d3db48649c1af26355e20c7822f - - default default] Unable to schedule network 59367d1d-b681-458d-8361-a331ddc7c68c: no agents available; will retry on subsequent port and subnet creation events.
2026-07-16 17:11:43.468 7 INFO neutron.plugins.ml2.drivers.ovn.mech_driver.mech_driver [None req-245779f6-f22a-4c86-8764-a42eb5a5eeec - - - - - -] OVN reports status down for port: 9910d033-4c7d-4c9c-ab8b-f7d4b2fbddb8
2026-07-16 17:11:43.526 7 INFO neutron.db.ovn_revision_numbers_db [None req-ddae92b5-3be7-4967-ae61-00ff087813c6 9aabafbfd4884011b23a5cdd397ac6e1 f69e8d3db48649c1af26355e20c7822f - - default default] Successfully bumped revision number for resource 9910d033-4c7d-4c9c-ab8b-f7d4b2fbddb8 (type: ports) to 1 [pid: 8|app: 0|req: 914/1888] 10.0.0.23 () {34 vars in 787 bytes} [Thu Jul 16 17:11:42 2026] PUT /v2.0/routers/8b8eecf7-f9c9-4b30-982f-fd791800f57c/remove_router_interface => generated 310 bytes in 949 msecs (HTTP/1.1 200) 4 headers in 157 bytes (1 switches on core 0) /var/lib/openstack/lib/python3.12/site-packages/pycadf/identifier.py:70: UserWarning: Invalid uuid: neutron. To ensure interoperability, identifiers should be a valid uuid. warnings.warn(('Invalid uuid: %s. To ensure interoperability, '
2026-07-16 17:11:43.989 8 INFO neutron_taas.services.taas.taas_plugin [None req-6fe0e4a9-6ba5-4c39-aebc-078e04d136eb 2c50500a55254b52b74ffcb73d7a9e65 7fc8011fb237401f903b73b6babb9adc - - default default] TaaS: Handle Delete Port: b921461f-5db0-4711-856a-9723d5ae9c47
2026-07-16 17:11:43.993 8 INFO neutron_taas.services.taas.tap_mirror_plugin [None req-6fe0e4a9-6ba5-4c39-aebc-078e04d136eb 2c50500a55254b52b74ffcb73d7a9e65 7fc8011fb237401f903b73b6babb9adc - - default default] Tap Mirror: Handle Delete Port: b921461f-5db0-4711-856a-9723d5ae9c47
2026-07-16 17:11:44.025 7 INFO neutron.plugins.ml2.drivers.ovn.mech_driver.mech_driver [None req-245779f6-f22a-4c86-8764-a42eb5a5eeec - - - - - -] OVN reports status up for port: 9910d033-4c7d-4c9c-ab8b-f7d4b2fbddb8
2026-07-16 17:11:44.056 7 INFO neutron.plugins.ml2.plugin [None req-245779f6-f22a-4c86-8764-a42eb5a5eeec - - - - - -] Attempt 1 to provision port 9910d033-4c7d-4c9c-ab8b-f7d4b2fbddb8
2026-07-16 17:11:44.223 7 WARNING neutron.scheduler.dhcp_agent_scheduler [None req-ddae92b5-3be7-4967-ae61-00ff087813c6 9aabafbfd4884011b23a5cdd397ac6e1 f69e8d3db48649c1af26355e20c7822f - - default default] No more DHCP agents
2026-07-16 17:11:44.233 7 WARNING neutron.api.rpc.agentnotifiers.dhcp_rpc_agent_api [None req-ddae92b5-3be7-4967-ae61-00ff087813c6 9aabafbfd4884011b23a5cdd397ac6e1 f69e8d3db48649c1af26355e20c7822f - - default default] Unable to schedule network 59367d1d-b681-458d-8361-a331ddc7c68c: no agents available; will retry on subsequent port and subnet creation events. [pid: 8|app: 0|req: 915/1889] 10.0.0.23 () {32 vars in 722 bytes} [Thu Jul 16 17:11:43 2026] DELETE /v2.0/routers/8b8eecf7-f9c9-4b30-982f-fd791800f57c => generated 0 bytes in 757 msecs (HTTP/1.1 204) 2 headers in 112 bytes (1 switches on core 0) [pid: 8|app: 0|req: 916/1890] 10.0.0.23 () {32 vars in 722 bytes} [Thu Jul 16 17:11:44 2026] DELETE /v2.0/subnets/17e76d32-963f-4b2f-941b-34eef6b35d2e => generated 0 bytes in 150 msecs (HTTP/1.1 204) 3 headers in 131 bytes (1 switches on core 0)
2026-07-16 17:11:44.673 8 INFO neutron_taas.services.taas.taas_plugin [None req-7563b335-1bb7-4a53-addb-2b06366160a8 2c50500a55254b52b74ffcb73d7a9e65 7fc8011fb237401f903b73b6babb9adc - - default default] TaaS: Handle Delete Port: 3e41dbce-a85e-40f8-93f7-66c47d379670
2026-07-16 17:11:44.676 8 INFO neutron_taas.services.taas.tap_mirror_plugin [None req-7563b335-1bb7-4a53-addb-2b06366160a8 2c50500a55254b52b74ffcb73d7a9e65 7fc8011fb237401f903b73b6babb9adc - - default default] Tap Mirror: Handle Delete Port: 3e41dbce-a85e-40f8-93f7-66c47d379670
2026-07-16 17:11:44.711 7 INFO neutron.db.ovn_revision_numbers_db [None req-ddae92b5-3be7-4967-ae61-00ff087813c6 9aabafbfd4884011b23a5cdd397ac6e1 f69e8d3db48649c1af26355e20c7822f - - default default] Successfully bumped revision number for resource 9910d033-4c7d-4c9c-ab8b-f7d4b2fbddb8 (type: router_ports) to 1 [pid: 7|app: 0|req: 975/1891] 10.0.0.23 () {34 vars in 781 bytes} [Thu Jul 16 17:11:42 2026] PUT /v2.0/routers/3d00762b-0094-4815-9055-d3d37c68c25d/add_router_interface => generated 310 bytes in 1735 msecs (HTTP/1.1 200) 4 headers in 157 bytes (1 switches on core 0) [pid: 7|app: 0|req: 976/1892] 10.0.0.23 () {32 vars in 715 bytes} [Thu Jul 16 17:11:44 2026] GET /v2.0/ports/9910d033-4c7d-4c9c-ab8b-f7d4b2fbddb8 => generated 947 bytes in 105 msecs (HTTP/1.1 200) 4 headers in 157 bytes (1 switches on core 0)
2026-07-16 17:11:44.859 8 INFO neutron.services.segments.plugin [-] Segment 0afec9ea-02d4-4928-8569-8b21fb6a6ecd resource provider aggregate not found
2026-07-16 17:11:44.865 8 INFO neutron.services.segments.plugin [-] Segment 0afec9ea-02d4-4928-8569-8b21fb6a6ecd resource provider aggregate not found
2026-07-16 17:11:44.883 8 INFO neutron.services.segments.plugin [-] Client error retrieving segment 0afec9ea-02d4-4928-8569-8b21fb6a6ecd resource provider; error: Placement Client Error (4xx): {"errors": [{"status": 404, "title": "Not Found", "detail": "The resource could not be found.\n\n No resource provider with uuid 0afec9ea-02d4-4928-8569-8b21fb6a6ecd found for delete ", "request_id": "req-5983aa28-a60a-4e58-9a49-9bf8796583f3"}]}
2026-07-16 17:11:44.886 8 INFO neutron.services.segments.plugin [-] Client error retrieving segment 0afec9ea-02d4-4928-8569-8b21fb6a6ecd resource provider; error: Placement Client Error (4xx): {"errors": [{"status": 404, "title": "Not Found", "detail": "The resource could not be found.\n\n No resource provider with uuid 0afec9ea-02d4-4928-8569-8b21fb6a6ecd found for delete ", "request_id": "req-e4d0d40c-0a3d-46b4-a45b-9219938da553"}]}
2026-07-16 17:11:44.905 7 INFO neutron.db.ovn_revision_numbers_db [None req-245779f6-f22a-4c86-8764-a42eb5a5eeec - - - - - -] Successfully bumped revision number for resource 9910d033-4c7d-4c9c-ab8b-f7d4b2fbddb8 (type: ports) to 2 [pid: 8|app: 0|req: 917/1893] 10.0.0.23 () {32 vars in 724 bytes} [Thu Jul 16 17:11:44 2026] DELETE /v2.0/networks/8f1916d0-512a-42de-aaed-fabfb72ff9a3 => generated 0 bytes in 338 msecs (HTTP/1.1 204) 3 headers in 131 bytes (1 switches on core 0)
2026-07-16 17:11:45.027 8 WARNING neutron.db.securitygroups_db [None req-9df0ee9e-5637-4354-abea-6d056c01a3f4 2c50500a55254b52b74ffcb73d7a9e65 7fc8011fb237401f903b73b6babb9adc - - default default] project_id key not found in filters, using tenant_id instead. This support has been deprecated and will be removed in a future release. [pid: 8|app: 0|req: 918/1894] 10.0.0.23 () {32 vars in 772 bytes} [Thu Jul 16 17:11:45 2026] GET /v2.0/security-groups?tenant_id=84b612b9613044ddbab387f48d362870&name=default => generated 2925 bytes in 26 msecs (HTTP/1.1 200) 4 headers in 158 bytes (1 switches on core 0) [pid: 8|app: 0|req: 919/1895] 10.0.0.23 () {32 vars in 738 bytes} [Thu Jul 16 17:11:45 2026] DELETE /v2.0/security-groups/8884fc8f-00b6-45c9-ad48-32b75038b4c9 => generated 0 bytes in 183 msecs (HTTP/1.1 204) 2 headers in 112 bytes (1 switches on core 0)
2026-07-16 17:11:45.436 7 WARNING neutron.scheduler.dhcp_agent_scheduler [None req-d22b54ca-ae6b-4551-afb7-aadac8100388 9aabafbfd4884011b23a5cdd397ac6e1 f69e8d3db48649c1af26355e20c7822f - - default default] No more DHCP agents
2026-07-16 17:11:45.437 7 WARNING neutron.api.rpc.agentnotifiers.dhcp_rpc_agent_api [None req-d22b54ca-ae6b-4551-afb7-aadac8100388 9aabafbfd4884011b23a5cdd397ac6e1 f69e8d3db48649c1af26355e20c7822f - - default default] Unable to schedule network 717d4c0e-12ea-45a9-ad49-c329a0e92698: no agents available; will retry on subsequent port and subnet creation events.
2026-07-16 17:11:45.561 7 INFO neutron.db.ovn_revision_numbers_db [None req-d22b54ca-ae6b-4551-afb7-aadac8100388 9aabafbfd4884011b23a5cdd397ac6e1 f69e8d3db48649c1af26355e20c7822f - - default default] Successfully bumped revision number for resource d56cc9b0-7d5c-4106-9547-ec684ffd7d3f (type: ports) to 1
2026-07-16 17:11:46.221 7 WARNING neutron.scheduler.dhcp_agent_scheduler [None req-d22b54ca-ae6b-4551-afb7-aadac8100388 9aabafbfd4884011b23a5cdd397ac6e1 f69e8d3db48649c1af26355e20c7822f - - default default] No more DHCP agents
2026-07-16 17:11:46.222 7 WARNING neutron.api.rpc.agentnotifiers.dhcp_rpc_agent_api [None req-d22b54ca-ae6b-4551-afb7-aadac8100388 9aabafbfd4884011b23a5cdd397ac6e1 f69e8d3db48649c1af26355e20c7822f - - default default] Unable to schedule network 717d4c0e-12ea-45a9-ad49-c329a0e92698: no agents available; will retry on subsequent port and subnet creation events.
2026-07-16 17:11:46.442 7 INFO neutron.db.ovn_revision_numbers_db [None req-d22b54ca-ae6b-4551-afb7-aadac8100388 9aabafbfd4884011b23a5cdd397ac6e1 f69e8d3db48649c1af26355e20c7822f - - default default] Successfully bumped revision number for resource d56cc9b0-7d5c-4106-9547-ec684ffd7d3f (type: router_ports) to 1 [pid: 7|app: 0|req: 977/1896] 10.0.0.23 () {34 vars in 781 bytes} [Thu Jul 16 17:11:44 2026] PUT /v2.0/routers/3d00762b-0094-4815-9055-d3d37c68c25d/add_router_interface => generated 310 bytes in 1612 msecs (HTTP/1.1 200) 4 headers in 157 bytes (1 switches on core 0) [pid: 8|app: 0|req: 920/1897] 10.0.0.23 () {32 vars in 715 bytes} [Thu Jul 16 17:11:46 2026] GET /v2.0/ports/d56cc9b0-7d5c-4106-9547-ec684ffd7d3f => generated 953 bytes in 90 msecs (HTTP/1.1 200) 4 headers in 157 bytes (1 switches on core 0) [pid: 7|app: 0|req: 978/1898] 10.0.0.23 () {32 vars in 715 bytes} [Thu Jul 16 17:11:46 2026] GET /v2.0/ports/d56cc9b0-7d5c-4106-9547-ec684ffd7d3f => generated 953 bytes in 44 msecs (HTTP/1.1 200) 4 headers in 157 bytes (1 switches on core 0)
2026-07-16 17:11:47.278 8 INFO neutron.db.ovn_revision_numbers_db [None req-7f24e6f4-79f7-4933-9020-b713b62757cb 35856d52db444742882c83becbd51f9e b341ad2d2c9144c8a7c042c179a9c89d - - default default] Successfully bumped revision number for resource db735a58-7ae2-4938-9bc1-1a3d8e3cde4f (type: security_groups) to 1
2026-07-16 17:11:47.290 8 INFO neutron.db.ovn_revision_numbers_db [None req-7f24e6f4-79f7-4933-9020-b713b62757cb 35856d52db444742882c83becbd51f9e b341ad2d2c9144c8a7c042c179a9c89d - - default default] Successfully bumped revision number for resource 1f835346-090f-4e99-af97-416de83dd296 (type: security_group_rules) to 0
2026-07-16 17:11:47.303 8 INFO neutron.db.ovn_revision_numbers_db [None req-7f24e6f4-79f7-4933-9020-b713b62757cb 35856d52db444742882c83becbd51f9e b341ad2d2c9144c8a7c042c179a9c89d - - default default] Successfully bumped revision number for resource 2583cae1-840b-4173-9c97-e68b86ece64b (type: security_group_rules) to 0
2026-07-16 17:11:47.316 8 INFO neutron.db.ovn_revision_numbers_db [None req-7f24e6f4-79f7-4933-9020-b713b62757cb 35856d52db444742882c83becbd51f9e b341ad2d2c9144c8a7c042c179a9c89d - - default default] Successfully bumped revision number for resource 4a814fae-7dc2-4c5a-bc33-057acfa8946a (type: security_group_rules) to 0
2026-07-16 17:11:47.328 8 INFO neutron.db.ovn_revision_numbers_db [None req-7f24e6f4-79f7-4933-9020-b713b62757cb 35856d52db444742882c83becbd51f9e b341ad2d2c9144c8a7c042c179a9c89d - - default default] Successfully bumped revision number for resource 78f5f890-60a6-450a-a3b5-0e4b61ff906f (type: security_group_rules) to 0
2026-07-16 17:11:47.398 8 INFO neutron.db.segments_db [None req-7f24e6f4-79f7-4933-9020-b713b62757cb 35856d52db444742882c83becbd51f9e b341ad2d2c9144c8a7c042c179a9c89d - - default default] Added segment 0a3b1bdc-fd73-4a18-b77d-115ee4b4b96d of type geneve for network bfce22f1-666b-4f17-925f-7e98f6e7bf92
2026-07-16 17:11:47.502 8 INFO neutron.db.ovn_revision_numbers_db [None req-7f24e6f4-79f7-4933-9020-b713b62757cb 35856d52db444742882c83becbd51f9e b341ad2d2c9144c8a7c042c179a9c89d - - default default] Successfully bumped revision number for resource bfce22f1-666b-4f17-925f-7e98f6e7bf92 (type: networks) to 1 [pid: 7|app: 0|req: 979/1899] 10.0.0.23 () {32 vars in 715 bytes} [Thu Jul 16 17:11:47 2026] GET /v2.0/ports/d56cc9b0-7d5c-4106-9547-ec684ffd7d3f => generated 953 bytes in 38 msecs (HTTP/1.1 200) 4 headers in 157 bytes (1 switches on core 0)
2026-07-16 17:11:47.681 8 WARNING neutron.scheduler.dhcp_agent_scheduler [None req-7f24e6f4-79f7-4933-9020-b713b62757cb 35856d52db444742882c83becbd51f9e b341ad2d2c9144c8a7c042c179a9c89d - - default default] No more DHCP agents
2026-07-16 17:11:47.682 8 WARNING neutron.api.rpc.agentnotifiers.dhcp_rpc_agent_api [None req-7f24e6f4-79f7-4933-9020-b713b62757cb 35856d52db444742882c83becbd51f9e b341ad2d2c9144c8a7c042c179a9c89d - - default default] Unable to schedule network bfce22f1-666b-4f17-925f-7e98f6e7bf92: no agents available; will retry on subsequent port and subnet creation events.
2026-07-16 17:11:47.762 8 INFO neutron.db.ovn_revision_numbers_db [None req-7f24e6f4-79f7-4933-9020-b713b62757cb 35856d52db444742882c83becbd51f9e b341ad2d2c9144c8a7c042c179a9c89d - - default default] Successfully bumped revision number for resource d8e209b1-db08-4d54-b478-4e9308ef35fa (type: ports) to 1 [pid: 8|app: 0|req: 921/1900] 10.0.0.23 () {34 vars in 668 bytes} [Thu Jul 16 17:11:47 2026] POST /v2.0/networks => generated 669 bytes in 753 msecs (HTTP/1.1 201) 4 headers in 162 bytes (1 switches on core 0)
2026-07-16 17:11:47.964 7 WARNING neutron.scheduler.dhcp_agent_scheduler [None req-9a4ae287-00ec-4c40-bfb0-69f8072652b0 35856d52db444742882c83becbd51f9e b341ad2d2c9144c8a7c042c179a9c89d - - default default] No more DHCP agents
2026-07-16 17:11:47.966 7 WARNING neutron.api.rpc.agentnotifiers.dhcp_rpc_agent_api [None req-9a4ae287-00ec-4c40-bfb0-69f8072652b0 35856d52db444742882c83becbd51f9e b341ad2d2c9144c8a7c042c179a9c89d - - default default] Unable to schedule network bfce22f1-666b-4f17-925f-7e98f6e7bf92: no agents available; will retry on subsequent port and subnet creation events. [pid: 8|app: 0|req: 922/1901] 10.0.0.218 () {32 vars in 800 bytes} [Thu Jul 16 17:11:48 2026] GET /v2.0/extensions => generated 22668 bytes in 31 msecs (HTTP/1.1 200) 4 headers in 159 bytes (1 switches on core 0)
2026-07-16 17:11:48.473 7 INFO neutron.db.ovn_revision_numbers_db [None req-9a4ae287-00ec-4c40-bfb0-69f8072652b0 35856d52db444742882c83becbd51f9e b341ad2d2c9144c8a7c042c179a9c89d - - default default] Successfully bumped revision number for resource d8e209b1-db08-4d54-b478-4e9308ef35fa (type: ports) to 2
2026-07-16 17:11:48.500 7 INFO neutron.db.ovn_revision_numbers_db [None req-9a4ae287-00ec-4c40-bfb0-69f8072652b0 35856d52db444742882c83becbd51f9e b341ad2d2c9144c8a7c042c179a9c89d - - default default] Successfully bumped revision number for resource 8c3d67a0-3975-4809-8074-a35e9030cedf (type: subnets) to 0 [pid: 7|app: 0|req: 980/1902] 10.0.0.23 () {34 vars in 667 bytes} [Thu Jul 16 17:11:47 2026] POST /v2.0/subnets => generated 626 bytes in 722 msecs (HTTP/1.1 201) 4 headers in 162 bytes (1 switches on core 0)
2026-07-16 17:11:48.615 8 INFO neutron.db.segments_db [None req-04ac56ed-f083-486e-a604-4a91e979d469 35856d52db444742882c83becbd51f9e b341ad2d2c9144c8a7c042c179a9c89d - - default default] Added segment 377cae49-571b-4b26-beb6-5053a6547ed0 of type geneve for network 8f31a316-af72-4b4d-b6e6-9efb45f3fa1c [pid: 7|app: 0|req: 981/1903] 10.0.0.218 () {32 vars in 861 bytes} [Thu Jul 16 17:11:48 2026] GET /v2.0/quotas/0533027f313045bf84fd7958ad33a29d/details => generated 904 bytes in 108 msecs (HTTP/1.1 200) 4 headers in 157 bytes (1 switches on core 0)
2026-07-16 17:11:48.717 8 INFO neutron.db.ovn_revision_numbers_db [None req-04ac56ed-f083-486e-a604-4a91e979d469 35856d52db444742882c83becbd51f9e b341ad2d2c9144c8a7c042c179a9c89d - - default default] Successfully bumped revision number for resource 8f31a316-af72-4b4d-b6e6-9efb45f3fa1c (type: networks) to 1 [pid: 7|app: 0|req: 982/1904] 10.0.0.23 () {32 vars in 715 bytes} [Thu Jul 16 17:11:48 2026] GET /v2.0/ports/d56cc9b0-7d5c-4106-9547-ec684ffd7d3f => generated 953 bytes in 88 msecs (HTTP/1.1 200) 4 headers in 157 bytes (1 switches on core 0)
2026-07-16 17:11:48.882 8 WARNING neutron.scheduler.dhcp_agent_scheduler [None req-04ac56ed-f083-486e-a604-4a91e979d469 35856d52db444742882c83becbd51f9e b341ad2d2c9144c8a7c042c179a9c89d - - default default] No more DHCP agents
2026-07-16 17:11:48.883 8 WARNING neutron.api.rpc.agentnotifiers.dhcp_rpc_agent_api [None req-04ac56ed-f083-486e-a604-4a91e979d469 35856d52db444742882c83becbd51f9e b341ad2d2c9144c8a7c042c179a9c89d - - default default] Unable to schedule network 8f31a316-af72-4b4d-b6e6-9efb45f3fa1c: no agents available; will retry on subsequent port and subnet creation events.
2026-07-16 17:11:48.937 8 INFO neutron.plugins.ml2.drivers.ovn.mech_driver.mech_driver [None req-fe7c2b3c-22ea-45c6-a35f-05d8eb3df70b - - - - - -] OVN reports status down for port: 1756b67d-155d-4add-b970-99de2e9cead6
2026-07-16 17:11:48.992 8 INFO neutron.db.ovn_revision_numbers_db [None req-04ac56ed-f083-486e-a604-4a91e979d469 35856d52db444742882c83becbd51f9e b341ad2d2c9144c8a7c042c179a9c89d - - default default] Successfully bumped revision number for resource 1756b67d-155d-4add-b970-99de2e9cead6 (type: ports) to 1 [pid: 8|app: 0|req: 923/1905] 10.0.0.23 () {34 vars in 668 bytes} [Thu Jul 16 17:11:48 2026] POST /v2.0/networks => generated 669 bytes in 508 msecs (HTTP/1.1 201) 4 headers in 162 bytes (1 switches on core 0)
2026-07-16 17:11:49.226 7 WARNING neutron.scheduler.dhcp_agent_scheduler [None req-b4b4cbb9-ada1-4bdc-a7b3-6c0aa2fae286 35856d52db444742882c83becbd51f9e b341ad2d2c9144c8a7c042c179a9c89d - - default default] No more DHCP agents
2026-07-16 17:11:49.227 7 WARNING neutron.api.rpc.agentnotifiers.dhcp_rpc_agent_api [None req-b4b4cbb9-ada1-4bdc-a7b3-6c0aa2fae286 35856d52db444742882c83becbd51f9e b341ad2d2c9144c8a7c042c179a9c89d - - default default] Unable to schedule network 8f31a316-af72-4b4d-b6e6-9efb45f3fa1c: no agents available; will retry on subsequent port and subnet creation events.
2026-07-16 17:11:49.634 7 INFO neutron.db.ovn_revision_numbers_db [None req-b4b4cbb9-ada1-4bdc-a7b3-6c0aa2fae286 35856d52db444742882c83becbd51f9e b341ad2d2c9144c8a7c042c179a9c89d - - default default] Successfully bumped revision number for resource 1756b67d-155d-4add-b970-99de2e9cead6 (type: ports) to 2
2026-07-16 17:11:49.666 7 INFO neutron.db.ovn_revision_numbers_db [None req-b4b4cbb9-ada1-4bdc-a7b3-6c0aa2fae286 35856d52db444742882c83becbd51f9e b341ad2d2c9144c8a7c042c179a9c89d - - default default] Successfully bumped revision number for resource aa1b68e4-48d2-47df-813b-d5af46aaa153 (type: subnets) to 0 [pid: 7|app: 0|req: 983/1906] 10.0.0.23 () {34 vars in 667 bytes} [Thu Jul 16 17:11:49 2026] POST /v2.0/subnets => generated 629 bytes in 653 msecs (HTTP/1.1 201) 4 headers in 162 bytes (1 switches on core 0) [pid: 7|app: 0|req: 984/1907] 10.0.0.23 () {32 vars in 715 bytes} [Thu Jul 16 17:11:49 2026] GET /v2.0/ports/d56cc9b0-7d5c-4106-9547-ec684ffd7d3f => generated 953 bytes in 38 msecs (HTTP/1.1 200) 4 headers in 157 bytes (1 switches on core 0)
2026-07-16 17:11:49.791 8 INFO neutron.db.segments_db [None req-da42851b-1a8a-4864-966b-bdf13480b2e0 35856d52db444742882c83becbd51f9e b341ad2d2c9144c8a7c042c179a9c89d - - default default] Added segment 74dc659d-241a-4166-859b-978026a2bdd2 of type geneve for network cd6aaa1f-eb82-46e2-8786-044edb579e95
2026-07-16 17:11:49.909 8 INFO neutron.db.ovn_revision_numbers_db [None req-da42851b-1a8a-4864-966b-bdf13480b2e0 35856d52db444742882c83becbd51f9e b341ad2d2c9144c8a7c042c179a9c89d - - default default] Successfully bumped revision number for resource cd6aaa1f-eb82-46e2-8786-044edb579e95 (type: networks) to 1
2026-07-16 17:11:50.079 8 WARNING neutron.scheduler.dhcp_agent_scheduler [None req-da42851b-1a8a-4864-966b-bdf13480b2e0 35856d52db444742882c83becbd51f9e b341ad2d2c9144c8a7c042c179a9c89d - - default default] No more DHCP agents
2026-07-16 17:11:50.080 8 WARNING neutron.api.rpc.agentnotifiers.dhcp_rpc_agent_api [None req-da42851b-1a8a-4864-966b-bdf13480b2e0 35856d52db444742882c83becbd51f9e b341ad2d2c9144c8a7c042c179a9c89d - - default default] Unable to schedule network cd6aaa1f-eb82-46e2-8786-044edb579e95: no agents available; will retry on subsequent port and subnet creation events.
2026-07-16 17:11:50.170 8 INFO neutron.db.ovn_revision_numbers_db [None req-da42851b-1a8a-4864-966b-bdf13480b2e0 35856d52db444742882c83becbd51f9e b341ad2d2c9144c8a7c042c179a9c89d - - default default] Successfully bumped revision number for resource 5d0587fb-a7c7-4ffc-9eaf-b994544e2cb7 (type: ports) to 1 [pid: 8|app: 0|req: 924/1908] 10.0.0.23 () {34 vars in 668 bytes} [Thu Jul 16 17:11:49 2026] POST /v2.0/networks => generated 670 bytes in 517 msecs (HTTP/1.1 201) 4 headers in 162 bytes (1 switches on core 0)
2026-07-16 17:11:50.381 7 WARNING neutron.scheduler.dhcp_agent_scheduler [None req-d950af28-4b91-4d93-bf4f-c89c72038623 35856d52db444742882c83becbd51f9e b341ad2d2c9144c8a7c042c179a9c89d - - default default] No more DHCP agents
2026-07-16 17:11:50.382 7 WARNING neutron.api.rpc.agentnotifiers.dhcp_rpc_agent_api [None req-d950af28-4b91-4d93-bf4f-c89c72038623 35856d52db444742882c83becbd51f9e b341ad2d2c9144c8a7c042c179a9c89d - - default default] Unable to schedule network cd6aaa1f-eb82-46e2-8786-044edb579e95: no agents available; will retry on subsequent port and subnet creation events.
2026-07-16 17:11:50.428 7 WARNING neutron.plugins.ml2.drivers.ovn.mech_driver.ovsdb.ovn_client [None req-93877e0e-c1e8-482d-aa96-f2bee2c60e71 - - - - - -] No hosting information found for port 9910d033-4c7d-4c9c-ab8b-f7d4b2fbddb8: RuntimeError: No hosting information found for port 9910d033-4c7d-4c9c-ab8b-f7d4b2fbddb8
2026-07-16 17:11:50.576 7 INFO neutron.db.ovn_revision_numbers_db [None req-93877e0e-c1e8-482d-aa96-f2bee2c60e71 - - - - - -] Successfully bumped revision number for resource 9910d033-4c7d-4c9c-ab8b-f7d4b2fbddb8 (type: router_ports) to 2
2026-07-16 17:11:50.659 7 INFO neutron.plugins.ml2.drivers.ovn.mech_driver.mech_driver [None req-93877e0e-c1e8-482d-aa96-f2bee2c60e71 - - - - - -] OVN reports status down for port: d56cc9b0-7d5c-4106-9547-ec684ffd7d3f
2026-07-16 17:11:50.778 7 WARNING neutron.plugins.ml2.drivers.ovn.mech_driver.ovsdb.ovn_client [None req-93877e0e-c1e8-482d-aa96-f2bee2c60e71 - - - - - -] Logical_Switch_Port d56cc9b0-7d5c-4106-9547-ec684ffd7d3f host information not removed, the port state is up
2026-07-16 17:11:50.778 7 INFO neutron.plugins.ml2.drivers.ovn.mech_driver.mech_driver [None req-93877e0e-c1e8-482d-aa96-f2bee2c60e71 - - - - - -] OVN reports status up for port: d56cc9b0-7d5c-4106-9547-ec684ffd7d3f
2026-07-16 17:11:50.800 7 INFO neutron.plugins.ml2.plugin [None req-93877e0e-c1e8-482d-aa96-f2bee2c60e71 - - - - - -] Attempt 1 to provision port d56cc9b0-7d5c-4106-9547-ec684ffd7d3f [pid: 8|app: 0|req: 925/1909] 10.0.0.23 () {32 vars in 715 bytes} [Thu Jul 16 17:11:50 2026] GET /v2.0/ports/d56cc9b0-7d5c-4106-9547-ec684ffd7d3f => generated 953 bytes in 38 msecs (HTTP/1.1 200) 4 headers in 157 bytes (1 switches on core 0)
2026-07-16 17:11:51.189 7 INFO neutron.db.ovn_revision_numbers_db [None req-d950af28-4b91-4d93-bf4f-c89c72038623 35856d52db444742882c83becbd51f9e b341ad2d2c9144c8a7c042c179a9c89d - - default default] Successfully bumped revision number for resource 5d0587fb-a7c7-4ffc-9eaf-b994544e2cb7 (type: ports) to 2
2026-07-16 17:11:51.259 7 INFO neutron.db.ovn_revision_numbers_db [None req-d950af28-4b91-4d93-bf4f-c89c72038623 35856d52db444742882c83becbd51f9e b341ad2d2c9144c8a7c042c179a9c89d - - default default] Successfully bumped revision number for resource 925089a1-d76f-440e-ba6b-8f0d847e123e (type: subnets) to 0 [pid: 7|app: 0|req: 985/1910] 10.0.0.23 () {34 vars in 667 bytes} [Thu Jul 16 17:11:50 2026] POST /v2.0/subnets => generated 629 bytes in 1086 msecs (HTTP/1.1 201) 4 headers in 162 bytes (1 switches on core 0)
2026-07-16 17:11:51.398 8 INFO neutron.db.segments_db [None req-0f836b17-277f-4e14-8b33-453400579735 35856d52db444742882c83becbd51f9e b341ad2d2c9144c8a7c042c179a9c89d - - default default] Added segment c7e6f027-d6f1-49ca-8692-df08cc48be35 of type geneve for network e238bcc5-76e3-4810-a83e-d952ddff022f
