2026-07-16 17:12:39.642 7 INFO neutron.db.ovn_revision_numbers_db [None req-e6081249-14e7-475c-a591-d6ff32c97f5e cbacc80ec69a4f6dabfeaadeb75f7251 268134cf618042d7bb0d48b0bf515a81 - - default default] Successfully bumped revision number for resource fd16079f-9e0e-4528-99bd-6f9e352f3c91 (type: ports) to 1 [pid: 7|app: 0|req: 1099/2160] 10.0.0.23 () {34 vars in 668 bytes} [Thu Jul 16 17:12:39 2026] POST /v2.0/networks => generated 670 bytes in 470 msecs (HTTP/1.1 201) 4 headers in 162 bytes (1 switches on core 0) /var/lib/openstack/lib/python3.12/site-packages/pycadf/identifier.py:70: UserWarning: Invalid uuid: neutron. To ensure interoperability, identifiers should be a valid uuid. warnings.warn(('Invalid uuid: %s. To ensure interoperability, '
2026-07-16 17:12:39.912 8 WARNING neutron.scheduler.dhcp_agent_scheduler [None req-b0318a8e-4c25-4c8f-b5d0-2989e4a7ed06 cbacc80ec69a4f6dabfeaadeb75f7251 268134cf618042d7bb0d48b0bf515a81 - - default default] No more DHCP agents
2026-07-16 17:12:39.913 8 WARNING neutron.api.rpc.agentnotifiers.dhcp_rpc_agent_api [None req-b0318a8e-4c25-4c8f-b5d0-2989e4a7ed06 cbacc80ec69a4f6dabfeaadeb75f7251 268134cf618042d7bb0d48b0bf515a81 - - default default] Unable to schedule network 6beae3f6-01e3-4587-8eb9-ae0b63dc8173: no agents available; will retry on subsequent port and subnet creation events.
2026-07-16 17:12:39.966 7 INFO neutron.plugins.ml2.drivers.ovn.mech_driver.mech_driver [None req-bb197c83-2120-435d-8e20-31eaa483c2f3 - - - - - -] OVN reports status down for port: 7f32a0b2-9374-4ee5-96e9-11455f608d03
2026-07-16 17:12:39.990 8 INFO neutron.db.ovn_revision_numbers_db [None req-b0318a8e-4c25-4c8f-b5d0-2989e4a7ed06 cbacc80ec69a4f6dabfeaadeb75f7251 268134cf618042d7bb0d48b0bf515a81 - - default default] Successfully bumped revision number for resource 7f32a0b2-9374-4ee5-96e9-11455f608d03 (type: ports) to 1 [pid: 8|app: 0|req: 1062/2161] 10.0.0.23 () {34 vars in 662 bytes} [Thu Jul 16 17:12:39 2026] POST /v2.0/ports => generated 743 bytes in 369 msecs (HTTP/1.1 201) 4 headers in 162 bytes (1 switches on core 0)
2026-07-16 17:12:40.140 7 INFO neutron.db.segments_db [None req-0a0f2d72-aba9-412a-b549-a6daf1371633 cbacc80ec69a4f6dabfeaadeb75f7251 268134cf618042d7bb0d48b0bf515a81 - - default default] Added segment 4a950015-34fd-4e62-b480-15abf8ecec90 of type geneve for network 4f8ed01e-57c5-4e95-90e4-dc63299fb1c8
2026-07-16 17:12:40.252 7 INFO neutron.db.ovn_revision_numbers_db [None req-0a0f2d72-aba9-412a-b549-a6daf1371633 cbacc80ec69a4f6dabfeaadeb75f7251 268134cf618042d7bb0d48b0bf515a81 - - default default] Successfully bumped revision number for resource 4f8ed01e-57c5-4e95-90e4-dc63299fb1c8 (type: networks) to 1
2026-07-16 17:12:40.396 7 WARNING neutron.scheduler.dhcp_agent_scheduler [None req-0a0f2d72-aba9-412a-b549-a6daf1371633 cbacc80ec69a4f6dabfeaadeb75f7251 268134cf618042d7bb0d48b0bf515a81 - - default default] No more DHCP agents
2026-07-16 17:12:40.397 7 WARNING neutron.api.rpc.agentnotifiers.dhcp_rpc_agent_api [None req-0a0f2d72-aba9-412a-b549-a6daf1371633 cbacc80ec69a4f6dabfeaadeb75f7251 268134cf618042d7bb0d48b0bf515a81 - - default default] Unable to schedule network 4f8ed01e-57c5-4e95-90e4-dc63299fb1c8: no agents available; will retry on subsequent port and subnet creation events.
2026-07-16 17:12:40.446 7 INFO neutron.plugins.ml2.drivers.ovn.mech_driver.mech_driver [None req-bb197c83-2120-435d-8e20-31eaa483c2f3 - - - - - -] OVN reports status down for port: 9538bed9-7c07-4e6d-9649-4e6ba87c8c61
2026-07-16 17:12:40.491 7 INFO neutron.db.ovn_revision_numbers_db [None req-0a0f2d72-aba9-412a-b549-a6daf1371633 cbacc80ec69a4f6dabfeaadeb75f7251 268134cf618042d7bb0d48b0bf515a81 - - default default] Successfully bumped revision number for resource 9538bed9-7c07-4e6d-9649-4e6ba87c8c61 (type: ports) to 1 [pid: 7|app: 0|req: 1100/2162] 10.0.0.23 () {34 vars in 668 bytes} [Thu Jul 16 17:12:40 2026] POST /v2.0/networks => generated 670 bytes in 477 msecs (HTTP/1.1 201) 4 headers in 162 bytes (1 switches on core 0) /var/lib/openstack/lib/python3.12/site-packages/pycadf/identifier.py:70: UserWarning: Invalid uuid: neutron. To ensure interoperability, identifiers should be a valid uuid. warnings.warn(('Invalid uuid: %s. To ensure interoperability, '
2026-07-16 17:12:40.770 8 WARNING neutron.scheduler.dhcp_agent_scheduler [None req-aebdd264-6614-420c-8acb-0ff114672583 cbacc80ec69a4f6dabfeaadeb75f7251 268134cf618042d7bb0d48b0bf515a81 - - default default] No more DHCP agents
2026-07-16 17:12:40.772 8 WARNING neutron.api.rpc.agentnotifiers.dhcp_rpc_agent_api [None req-aebdd264-6614-420c-8acb-0ff114672583 cbacc80ec69a4f6dabfeaadeb75f7251 268134cf618042d7bb0d48b0bf515a81 - - default default] Unable to schedule network 4f8ed01e-57c5-4e95-90e4-dc63299fb1c8: no agents available; will retry on subsequent port and subnet creation events.
2026-07-16 17:12:40.818 8 INFO neutron.plugins.ml2.drivers.ovn.mech_driver.mech_driver [None req-b6bdb24a-320e-49f1-87c7-346ef59549ff - - - - - -] OVN reports status down for port: f24e3587-6876-45d2-85da-d7ba10d9cd3d
2026-07-16 17:12:40.862 8 INFO neutron.db.ovn_revision_numbers_db [None req-aebdd264-6614-420c-8acb-0ff114672583 cbacc80ec69a4f6dabfeaadeb75f7251 268134cf618042d7bb0d48b0bf515a81 - - default default] Successfully bumped revision number for resource f24e3587-6876-45d2-85da-d7ba10d9cd3d (type: ports) to 1 [pid: 8|app: 0|req: 1063/2163] 10.0.0.23 () {34 vars in 662 bytes} [Thu Jul 16 17:12:40 2026] POST /v2.0/ports => generated 743 bytes in 369 msecs (HTTP/1.1 201) 4 headers in 162 bytes (1 switches on core 0) [pid: 7|app: 0|req: 1101/2164] 10.0.0.23 () {34 vars in 745 bytes} [Thu Jul 16 17:12:40 2026] PUT /v2.0/ports/3538af50-2900-4310-9b88-e3893f6270b7/tags => generated 17 bytes in 69 msecs (HTTP/1.1 200) 4 headers in 156 bytes (1 switches on core 0) /var/lib/openstack/lib/python3.12/site-packages/pycadf/identifier.py:70: UserWarning: Invalid uuid: neutron. To ensure interoperability, identifiers should be a valid uuid. warnings.warn(('Invalid uuid: %s. To ensure interoperability, ' [pid: 8|app: 0|req: 1064/2165] 10.0.0.23 () {34 vars in 745 bytes} [Thu Jul 16 17:12:40 2026] PUT /v2.0/ports/855b8913-9e99-481a-ae45-ab267932f75a/tags => generated 25 bytes in 66 msecs (HTTP/1.1 200) 4 headers in 156 bytes (1 switches on core 0) /var/lib/openstack/lib/python3.12/site-packages/pycadf/identifier.py:70: UserWarning: Invalid uuid: neutron. To ensure interoperability, identifiers should be a valid uuid. warnings.warn(('Invalid uuid: %s. To ensure interoperability, ' [pid: 7|app: 0|req: 1102/2166] 10.0.0.23 () {34 vars in 745 bytes} [Thu Jul 16 17:12:41 2026] PUT /v2.0/ports/d44d60ca-28d9-4008-ad67-f5ddf4622602/tags => generated 34 bytes in 86 msecs (HTTP/1.1 200) 4 headers in 156 bytes (1 switches on core 0) /var/lib/openstack/lib/python3.12/site-packages/pycadf/identifier.py:70: UserWarning: Invalid uuid: neutron. To ensure interoperability, identifiers should be a valid uuid. warnings.warn(('Invalid uuid: %s. To ensure interoperability, ' [pid: 8|app: 0|req: 1065/2167] 10.0.0.23 () {34 vars in 745 bytes} [Thu Jul 16 17:12:41 2026] PUT /v2.0/ports/7f32a0b2-9374-4ee5-96e9-11455f608d03/tags => generated 19 bytes in 100 msecs (HTTP/1.1 200) 4 headers in 156 bytes (1 switches on core 0) /var/lib/openstack/lib/python3.12/site-packages/pycadf/identifier.py:70: UserWarning: Invalid uuid: neutron. To ensure interoperability, identifiers should be a valid uuid. warnings.warn(('Invalid uuid: %s. To ensure interoperability, ' [pid: 8|app: 0|req: 1066/2168] 10.0.0.23 () {32 vars in 658 bytes} [Thu Jul 16 17:12:41 2026] GET /v2.0/ports?tags=red => generated 2253 bytes in 62 msecs (HTTP/1.1 200) 4 headers in 158 bytes (1 switches on core 0) /var/lib/openstack/lib/python3.12/site-packages/pycadf/identifier.py:70: UserWarning: Invalid uuid: neutron. To ensure interoperability, identifiers should be a valid uuid. warnings.warn(('Invalid uuid: %s. To ensure interoperability, ' [pid: 8|app: 0|req: 1067/2169] 10.0.0.23 () {32 vars in 672 bytes} [Thu Jul 16 17:12:41 2026] GET /v2.0/ports?tags=red%2Cblue => generated 1513 bytes in 69 msecs (HTTP/1.1 200) 4 headers in 158 bytes (1 switches on core 0) [pid: 8|app: 0|req: 1068/2170] 10.0.0.23 () {32 vars in 668 bytes} [Thu Jul 16 17:12:41 2026] GET /v2.0/ports?tags-any=blue => generated 1513 bytes in 62 msecs (HTTP/1.1 200) 4 headers in 158 bytes (1 switches on core 0)
2026-07-16 17:12:41.497 7 INFO neutron.db.ovn_revision_numbers_db [None req-df0410e0-56a5-4a5b-9eb0-2955370b0c2b 37f70817211346aab78dbe98b2719fb4 4796de8f4bac4f3d8668fd9eda6f36aa - - default default] Successfully bumped revision number for resource de9f21dd-a16b-444b-9b57-a9238675eaac (type: security_groups) to 1 [pid: 8|app: 0|req: 1069/2171] 10.0.0.23 () {32 vars in 680 bytes} [Thu Jul 16 17:12:41 2026] GET /v2.0/ports?tags-any=red%2Cblue => generated 2253 bytes in 44 msecs (HTTP/1.1 200) 4 headers in 158 bytes (1 switches on core 0)
2026-07-16 17:12:41.509 7 INFO neutron.db.ovn_revision_numbers_db [None req-df0410e0-56a5-4a5b-9eb0-2955370b0c2b 37f70817211346aab78dbe98b2719fb4 4796de8f4bac4f3d8668fd9eda6f36aa - - default default] Successfully bumped revision number for resource 110522c1-811f-4f0d-8a01-b704f23d1ff9 (type: security_group_rules) to 0
2026-07-16 17:12:41.521 7 INFO neutron.db.ovn_revision_numbers_db [None req-df0410e0-56a5-4a5b-9eb0-2955370b0c2b 37f70817211346aab78dbe98b2719fb4 4796de8f4bac4f3d8668fd9eda6f36aa - - default default] Successfully bumped revision number for resource 8563a020-2259-4fdb-a150-20d852a5722f (type: security_group_rules) to 0
2026-07-16 17:12:41.533 7 INFO neutron.db.ovn_revision_numbers_db [None req-df0410e0-56a5-4a5b-9eb0-2955370b0c2b 37f70817211346aab78dbe98b2719fb4 4796de8f4bac4f3d8668fd9eda6f36aa - - default default] Successfully bumped revision number for resource bfc65e01-a775-4c35-85b9-45b87ea31888 (type: security_group_rules) to 0
2026-07-16 17:12:41.546 7 INFO neutron.db.ovn_revision_numbers_db [None req-df0410e0-56a5-4a5b-9eb0-2955370b0c2b 37f70817211346aab78dbe98b2719fb4 4796de8f4bac4f3d8668fd9eda6f36aa - - default default] Successfully bumped revision number for resource e7880db2-95e6-4d53-afdd-2431b91dc4a8 (type: security_group_rules) to 0 [pid: 8|app: 0|req: 1070/2172] 10.0.0.23 () {32 vars in 666 bytes} [Thu Jul 16 17:12:41 2026] GET /v2.0/ports?not-tags=red => generated 5268 bytes in 75 msecs (HTTP/1.1 200) 4 headers in 158 bytes (1 switches on core 0)
2026-07-16 17:12:41.621 7 INFO neutron.db.segments_db [None req-df0410e0-56a5-4a5b-9eb0-2955370b0c2b 37f70817211346aab78dbe98b2719fb4 4796de8f4bac4f3d8668fd9eda6f36aa - - default default] Added segment 13121aea-bfa8-4712-b21e-e811b8557fd9 of type geneve for network a7752076-e37c-4ddd-a31f-5d1c397e23fc [pid: 8|app: 0|req: 1071/2173] 10.0.0.23 () {32 vars in 680 bytes} [Thu Jul 16 17:12:41 2026] GET /v2.0/ports?not-tags=red%2Cblue => generated 6008 bytes in 67 msecs (HTTP/1.1 200) 4 headers in 158 bytes (1 switches on core 0)
2026-07-16 17:12:41.724 7 INFO neutron.db.ovn_revision_numbers_db [None req-df0410e0-56a5-4a5b-9eb0-2955370b0c2b 37f70817211346aab78dbe98b2719fb4 4796de8f4bac4f3d8668fd9eda6f36aa - - default default] Successfully bumped revision number for resource a7752076-e37c-4ddd-a31f-5d1c397e23fc (type: networks) to 1 [pid: 8|app: 0|req: 1072/2174] 10.0.0.23 () {32 vars in 676 bytes} [Thu Jul 16 17:12:41 2026] GET /v2.0/ports?not-tags-any=blue => generated 6008 bytes in 74 msecs (HTTP/1.1 200) 4 headers in 158 bytes (1 switches on core 0) [pid: 8|app: 0|req: 1073/2175] 10.0.0.23 () {32 vars in 688 bytes} [Thu Jul 16 17:12:41 2026] GET /v2.0/ports?not-tags-any=red%2Cblue => generated 5268 bytes in 41 msecs (HTTP/1.1 200) 4 headers in 158 bytes (1 switches on core 0)
2026-07-16 17:12:41.877 7 WARNING neutron.scheduler.dhcp_agent_scheduler [None req-df0410e0-56a5-4a5b-9eb0-2955370b0c2b 37f70817211346aab78dbe98b2719fb4 4796de8f4bac4f3d8668fd9eda6f36aa - - default default] No more DHCP agents
2026-07-16 17:12:41.878 7 WARNING neutron.api.rpc.agentnotifiers.dhcp_rpc_agent_api [None req-df0410e0-56a5-4a5b-9eb0-2955370b0c2b 37f70817211346aab78dbe98b2719fb4 4796de8f4bac4f3d8668fd9eda6f36aa - - default default] Unable to schedule network a7752076-e37c-4ddd-a31f-5d1c397e23fc: no agents available; will retry on subsequent port and subnet creation events.
2026-07-16 17:12:41.898 8 INFO neutron_taas.services.taas.taas_plugin [None req-fe2240d5-2587-4891-831b-0d54c103db4a cbacc80ec69a4f6dabfeaadeb75f7251 268134cf618042d7bb0d48b0bf515a81 - - default default] TaaS: Handle Delete Port: 3538af50-2900-4310-9b88-e3893f6270b7
2026-07-16 17:12:41.901 8 INFO neutron_taas.services.taas.tap_mirror_plugin [None req-fe2240d5-2587-4891-831b-0d54c103db4a cbacc80ec69a4f6dabfeaadeb75f7251 268134cf618042d7bb0d48b0bf515a81 - - default default] Tap Mirror: Handle Delete Port: 3538af50-2900-4310-9b88-e3893f6270b7
2026-07-16 17:12:41.925 7 INFO neutron.plugins.ml2.drivers.ovn.mech_driver.mech_driver [None req-bb197c83-2120-435d-8e20-31eaa483c2f3 - - - - - -] OVN reports status down for port: ae48b624-700e-4a91-830d-90efc6622bb5
2026-07-16 17:12:41.991 7 INFO neutron.db.ovn_revision_numbers_db [None req-df0410e0-56a5-4a5b-9eb0-2955370b0c2b 37f70817211346aab78dbe98b2719fb4 4796de8f4bac4f3d8668fd9eda6f36aa - - default default] Successfully bumped revision number for resource ae48b624-700e-4a91-830d-90efc6622bb5 (type: ports) to 1 [pid: 8|app: 0|req: 1074/2176] 10.0.0.23 () {32 vars in 718 bytes} [Thu Jul 16 17:12:41 2026] DELETE /v2.0/ports/3538af50-2900-4310-9b88-e3893f6270b7 => generated 0 bytes in 239 msecs (HTTP/1.1 204) 3 headers in 131 bytes (1 switches on core 0) [pid: 7|app: 0|req: 1103/2177] 10.0.0.23 () {34 vars in 668 bytes} [Thu Jul 16 17:12:41 2026] POST /v2.0/networks => generated 768 bytes in 855 msecs (HTTP/1.1 201) 4 headers in 162 bytes (1 switches on core 0)
2026-07-16 17:12:42.158 8 INFO neutron_taas.services.taas.taas_plugin [None req-40ad1eb7-eeb1-476e-a4c9-13c61f36ebd8 cbacc80ec69a4f6dabfeaadeb75f7251 268134cf618042d7bb0d48b0bf515a81 - - default default] TaaS: Handle Delete Port: 855b8913-9e99-481a-ae45-ab267932f75a
2026-07-16 17:12:42.161 8 INFO neutron_taas.services.taas.tap_mirror_plugin [None req-40ad1eb7-eeb1-476e-a4c9-13c61f36ebd8 cbacc80ec69a4f6dabfeaadeb75f7251 268134cf618042d7bb0d48b0bf515a81 - - default default] Tap Mirror: Handle Delete Port: 855b8913-9e99-481a-ae45-ab267932f75a
2026-07-16 17:12:42.196 7 WARNING neutron.scheduler.dhcp_agent_scheduler [None req-66762d95-9f99-4ced-8dec-9be17f43b8b8 37f70817211346aab78dbe98b2719fb4 4796de8f4bac4f3d8668fd9eda6f36aa - - default default] No more DHCP agents
2026-07-16 17:12:42.197 7 WARNING neutron.api.rpc.agentnotifiers.dhcp_rpc_agent_api [None req-66762d95-9f99-4ced-8dec-9be17f43b8b8 37f70817211346aab78dbe98b2719fb4 4796de8f4bac4f3d8668fd9eda6f36aa - - default default] Unable to schedule network a7752076-e37c-4ddd-a31f-5d1c397e23fc: no agents available; will retry on subsequent port and subnet creation events. [pid: 8|app: 0|req: 1075/2178] 10.0.0.23 () {32 vars in 718 bytes} [Thu Jul 16 17:12:42 2026] DELETE /v2.0/ports/855b8913-9e99-481a-ae45-ab267932f75a => generated 0 bytes in 244 msecs (HTTP/1.1 204) 3 headers in 131 bytes (1 switches on core 0)
2026-07-16 17:12:42.417 8 INFO neutron_taas.services.taas.taas_plugin [None req-87835872-cc83-4cc0-a0f8-33242fdb2195 cbacc80ec69a4f6dabfeaadeb75f7251 268134cf618042d7bb0d48b0bf515a81 - - default default] TaaS: Handle Delete Port: d44d60ca-28d9-4008-ad67-f5ddf4622602
2026-07-16 17:12:42.421 8 INFO neutron_taas.services.taas.tap_mirror_plugin [None req-87835872-cc83-4cc0-a0f8-33242fdb2195 cbacc80ec69a4f6dabfeaadeb75f7251 268134cf618042d7bb0d48b0bf515a81 - - default default] Tap Mirror: Handle Delete Port: d44d60ca-28d9-4008-ad67-f5ddf4622602 [pid: 8|app: 0|req: 1076/2179] 10.0.0.23 () {32 vars in 718 bytes} [Thu Jul 16 17:12:42 2026] DELETE /v2.0/ports/d44d60ca-28d9-4008-ad67-f5ddf4622602 => generated 0 bytes in 249 msecs (HTTP/1.1 204) 3 headers in 131 bytes (1 switches on core 0)
2026-07-16 17:12:42.653 8 INFO neutron_taas.services.taas.taas_plugin [None req-f266c7a1-0148-4dce-a8b6-613afcf6d83c cbacc80ec69a4f6dabfeaadeb75f7251 268134cf618042d7bb0d48b0bf515a81 - - default default] TaaS: Handle Delete Port: 7f32a0b2-9374-4ee5-96e9-11455f608d03
2026-07-16 17:12:42.656 8 INFO neutron_taas.services.taas.tap_mirror_plugin [None req-f266c7a1-0148-4dce-a8b6-613afcf6d83c cbacc80ec69a4f6dabfeaadeb75f7251 268134cf618042d7bb0d48b0bf515a81 - - default default] Tap Mirror: Handle Delete Port: 7f32a0b2-9374-4ee5-96e9-11455f608d03
2026-07-16 17:12:42.659 7 INFO neutron.db.ovn_revision_numbers_db [None req-66762d95-9f99-4ced-8dec-9be17f43b8b8 37f70817211346aab78dbe98b2719fb4 4796de8f4bac4f3d8668fd9eda6f36aa - - default default] Successfully bumped revision number for resource ae48b624-700e-4a91-830d-90efc6622bb5 (type: ports) to 2
2026-07-16 17:12:42.692 7 INFO neutron.db.ovn_revision_numbers_db [None req-66762d95-9f99-4ced-8dec-9be17f43b8b8 37f70817211346aab78dbe98b2719fb4 4796de8f4bac4f3d8668fd9eda6f36aa - - default default] Successfully bumped revision number for resource 192e56be-7c2d-4632-954e-584d8c389f7f (type: subnets) to 0 [pid: 7|app: 0|req: 1104/2180] 10.0.0.23 () {34 vars in 667 bytes} [Thu Jul 16 17:12:42 2026] POST /v2.0/subnets => generated 644 bytes in 651 msecs (HTTP/1.1 201) 4 headers in 162 bytes (1 switches on core 0)
2026-07-16 17:12:42.718 7 WARNING neutron.api.v2.base [None req-cf6827b9-86eb-4c7e-be3e-bc8e12cc42d3 37f70817211346aab78dbe98b2719fb4 4796de8f4bac4f3d8668fd9eda6f36aa - - default default] An exception happened while processing the request body. The exception message is [Invalid input for target_tenant. Reason: 'None' is not a valid string.].: webob.exc.HTTPBadRequest: Invalid input for target_tenant. Reason: 'None' is not a valid string.
2026-07-16 17:12:42.719 7 INFO neutron.api.v2.resource [None req-cf6827b9-86eb-4c7e-be3e-bc8e12cc42d3 37f70817211346aab78dbe98b2719fb4 4796de8f4bac4f3d8668fd9eda6f36aa - - default default] create failed (client error): Invalid input for target_tenant. Reason: 'None' is not a valid string. [pid: 7|app: 0|req: 1105/2181] 10.0.0.23 () {34 vars in 679 bytes} [Thu Jul 16 17:12:42 2026] POST /v2.0/rbac-policies => generated 143 bytes in 7 msecs (HTTP/1.1 400) 4 headers in 166 bytes (1 switches on core 0) [pid: 8|app: 0|req: 1077/2182] 10.0.0.23 () {32 vars in 718 bytes} [Thu Jul 16 17:12:42 2026] DELETE /v2.0/ports/7f32a0b2-9374-4ee5-96e9-11455f608d03 => generated 0 bytes in 208 msecs (HTTP/1.1 204) 3 headers in 131 bytes (1 switches on core 0)
2026-07-16 17:12:42.870 8 INFO neutron_taas.services.taas.taas_plugin [None req-317ff77f-ec3f-41d4-bb1f-f26f2f0f6b60 cbacc80ec69a4f6dabfeaadeb75f7251 268134cf618042d7bb0d48b0bf515a81 - - default default] TaaS: Handle Delete Port: f24e3587-6876-45d2-85da-d7ba10d9cd3d
2026-07-16 17:12:42.874 8 INFO neutron_taas.services.taas.tap_mirror_plugin [None req-317ff77f-ec3f-41d4-bb1f-f26f2f0f6b60 cbacc80ec69a4f6dabfeaadeb75f7251 268134cf618042d7bb0d48b0bf515a81 - - default default] Tap Mirror: Handle Delete Port: f24e3587-6876-45d2-85da-d7ba10d9cd3d
2026-07-16 17:12:42.881 7 INFO neutron_taas.services.taas.taas_plugin [None req-1c39053a-a6e8-42c7-8b1a-c9720a6235cd 37f70817211346aab78dbe98b2719fb4 4796de8f4bac4f3d8668fd9eda6f36aa - - default default] TaaS: Handle Delete Port: ae48b624-700e-4a91-830d-90efc6622bb5
2026-07-16 17:12:42.884 7 INFO neutron_taas.services.taas.tap_mirror_plugin [None req-1c39053a-a6e8-42c7-8b1a-c9720a6235cd 37f70817211346aab78dbe98b2719fb4 4796de8f4bac4f3d8668fd9eda6f36aa - - default default] Tap Mirror: Handle Delete Port: ae48b624-700e-4a91-830d-90efc6622bb5 [pid: 8|app: 0|req: 1078/2183] 10.0.0.23 () {32 vars in 718 bytes} [Thu Jul 16 17:12:42 2026] DELETE /v2.0/ports/f24e3587-6876-45d2-85da-d7ba10d9cd3d => generated 0 bytes in 246 msecs (HTTP/1.1 204) 3 headers in 131 bytes (1 switches on core 0)
2026-07-16 17:12:43.128 8 INFO neutron_taas.services.taas.taas_plugin [None req-218da7ed-638c-4c81-b359-94bb1b6ad695 cbacc80ec69a4f6dabfeaadeb75f7251 268134cf618042d7bb0d48b0bf515a81 - - default default] TaaS: Handle Delete Port: 52e99583-ca58-4c5a-adc4-562e45b8c049
2026-07-16 17:12:43.131 8 INFO neutron_taas.services.taas.tap_mirror_plugin [None req-218da7ed-638c-4c81-b359-94bb1b6ad695 cbacc80ec69a4f6dabfeaadeb75f7251 268134cf618042d7bb0d48b0bf515a81 - - default default] Tap Mirror: Handle Delete Port: 52e99583-ca58-4c5a-adc4-562e45b8c049
2026-07-16 17:12:43.238 7 INFO neutron.services.segments.plugin [-] Segment 13121aea-bfa8-4712-b21e-e811b8557fd9 resource provider aggregate not found
2026-07-16 17:12:43.249 7 INFO neutron.services.segments.plugin [-] Segment 13121aea-bfa8-4712-b21e-e811b8557fd9 resource provider aggregate not found
2026-07-16 17:12:43.257 7 INFO neutron.services.segments.plugin [-] Client error retrieving segment 13121aea-bfa8-4712-b21e-e811b8557fd9 resource provider; error: Placement Client Error (4xx): {"errors": [{"status": 404, "title": "Not Found", "detail": "The resource could not be found.\n\n No resource provider with uuid 13121aea-bfa8-4712-b21e-e811b8557fd9 found for delete ", "request_id": "req-8f1b848f-f794-4715-bc05-9f9bd6b96329"}]}
2026-07-16 17:12:43.266 7 INFO neutron.services.segments.plugin [-] Client error retrieving segment 13121aea-bfa8-4712-b21e-e811b8557fd9 resource provider; error: Placement Client Error (4xx): {"errors": [{"status": 404, "title": "Not Found", "detail": "The resource could not be found.\n\n No resource provider with uuid 13121aea-bfa8-4712-b21e-e811b8557fd9 found for delete ", "request_id": "req-0eb5ddc7-4b08-4fe4-bf88-69502d12b732"}]} [pid: 7|app: 0|req: 1106/2184] 10.0.0.23 () {32 vars in 724 bytes} [Thu Jul 16 17:12:42 2026] DELETE /v2.0/networks/a7752076-e37c-4ddd-a31f-5d1c397e23fc => generated 0 bytes in 558 msecs (HTTP/1.1 204) 3 headers in 131 bytes (1 switches on core 0)
2026-07-16 17:12:43.347 8 INFO neutron.services.segments.plugin [-] Segment 8dec14ae-2168-4bca-bfbf-7f9eb0b6c93f resource provider aggregate not found
2026-07-16 17:12:43.355 8 INFO neutron.services.segments.plugin [-] Segment 8dec14ae-2168-4bca-bfbf-7f9eb0b6c93f resource provider aggregate not found
2026-07-16 17:12:43.373 8 INFO neutron.services.segments.plugin [-] Client error retrieving segment 8dec14ae-2168-4bca-bfbf-7f9eb0b6c93f resource provider; error: Placement Client Error (4xx): {"errors": [{"status": 404, "title": "Not Found", "detail": "The resource could not be found.\n\n No resource provider with uuid 8dec14ae-2168-4bca-bfbf-7f9eb0b6c93f found for delete ", "request_id": "req-64b8ed8b-dd12-415d-abd3-247b5feeb740"}]}
2026-07-16 17:12:43.375 8 INFO neutron.services.segments.plugin [-] Client error retrieving segment 8dec14ae-2168-4bca-bfbf-7f9eb0b6c93f resource provider; error: Placement Client Error (4xx): {"errors": [{"status": 404, "title": "Not Found", "detail": "The resource could not be found.\n\n No resource provider with uuid 8dec14ae-2168-4bca-bfbf-7f9eb0b6c93f found for delete ", "request_id": "req-7ae49706-a2ef-4646-8a70-3299ae65d936"}]} [pid: 8|app: 0|req: 1079/2185] 10.0.0.23 () {32 vars in 724 bytes} [Thu Jul 16 17:12:42 2026] DELETE /v2.0/networks/b24d6526-d2c9-493c-89fb-1d5ca4bf1c63 => generated 0 bytes in 407 msecs (HTTP/1.1 204) 3 headers in 131 bytes (1 switches on core 0)
2026-07-16 17:12:43.406 7 INFO neutron.db.segments_db [None req-d1f8039b-c0a0-4c7d-be65-8b23b7241f6f 37f70817211346aab78dbe98b2719fb4 4796de8f4bac4f3d8668fd9eda6f36aa - - default default] Added segment d50a54e6-72b2-48a4-9a6c-7fc1a87eddd2 of type geneve for network 6305984b-c5f3-4bfd-82ed-303ac346a1b0
2026-07-16 17:12:43.537 8 INFO neutron_taas.services.taas.taas_plugin [None req-0bcb20c9-657a-48de-8de6-8f2b6437a071 cbacc80ec69a4f6dabfeaadeb75f7251 268134cf618042d7bb0d48b0bf515a81 - - default default] TaaS: Handle Delete Port: e1c22acc-e4cf-4e0a-a96f-80339f9b5e05
2026-07-16 17:12:43.539 8 INFO neutron_taas.services.taas.tap_mirror_plugin [None req-0bcb20c9-657a-48de-8de6-8f2b6437a071 cbacc80ec69a4f6dabfeaadeb75f7251 268134cf618042d7bb0d48b0bf515a81 - - default default] Tap Mirror: Handle Delete Port: e1c22acc-e4cf-4e0a-a96f-80339f9b5e05
2026-07-16 17:12:43.541 7 INFO neutron.db.ovn_revision_numbers_db [None req-d1f8039b-c0a0-4c7d-be65-8b23b7241f6f 37f70817211346aab78dbe98b2719fb4 4796de8f4bac4f3d8668fd9eda6f36aa - - default default] Successfully bumped revision number for resource 6305984b-c5f3-4bfd-82ed-303ac346a1b0 (type: networks) to 1
2026-07-16 17:12:43.697 7 WARNING neutron.scheduler.dhcp_agent_scheduler [None req-d1f8039b-c0a0-4c7d-be65-8b23b7241f6f 37f70817211346aab78dbe98b2719fb4 4796de8f4bac4f3d8668fd9eda6f36aa - - default default] No more DHCP agents
2026-07-16 17:12:43.699 7 WARNING neutron.api.rpc.agentnotifiers.dhcp_rpc_agent_api [None req-d1f8039b-c0a0-4c7d-be65-8b23b7241f6f 37f70817211346aab78dbe98b2719fb4 4796de8f4bac4f3d8668fd9eda6f36aa - - default default] Unable to schedule network 6305984b-c5f3-4bfd-82ed-303ac346a1b0: no agents available; will retry on subsequent port and subnet creation events.
2026-07-16 17:12:43.738 8 INFO neutron.plugins.ml2.drivers.ovn.mech_driver.mech_driver [None req-b6bdb24a-320e-49f1-87c7-346ef59549ff - - - - - -] OVN reports status down for port: 2b0eef3a-ac6b-48f9-8ce3-745ecd426a8c [pid: 8|app: 0|req: 1080/2186] 10.0.0.23 () {32 vars in 724 bytes} [Thu Jul 16 17:12:43 2026] DELETE /v2.0/networks/b86ad514-f3fa-4f01-ac70-9d94bb3c502a => generated 0 bytes in 349 msecs (HTTP/1.1 204) 3 headers in 131 bytes (1 switches on core 0)
2026-07-16 17:12:43.785 7 INFO neutron.db.ovn_revision_numbers_db [None req-d1f8039b-c0a0-4c7d-be65-8b23b7241f6f 37f70817211346aab78dbe98b2719fb4 4796de8f4bac4f3d8668fd9eda6f36aa - - default default] Successfully bumped revision number for resource 2b0eef3a-ac6b-48f9-8ce3-745ecd426a8c (type: ports) to 1 [pid: 7|app: 0|req: 1107/2187] 10.0.0.23 () {34 vars in 668 bytes} [Thu Jul 16 17:12:43 2026] POST /v2.0/networks => generated 768 bytes in 503 msecs (HTTP/1.1 201) 4 headers in 162 bytes (1 switches on core 0)
2026-07-16 17:12:43.928 8 INFO neutron_taas.services.taas.taas_plugin [None req-5480c812-283f-4068-a2c2-474cd7e5ff4c cbacc80ec69a4f6dabfeaadeb75f7251 268134cf618042d7bb0d48b0bf515a81 - - default default] TaaS: Handle Delete Port: b0200e35-e1bf-494e-9d55-41ffe1414366
2026-07-16 17:12:43.930 8 INFO neutron_taas.services.taas.tap_mirror_plugin [None req-5480c812-283f-4068-a2c2-474cd7e5ff4c cbacc80ec69a4f6dabfeaadeb75f7251 268134cf618042d7bb0d48b0bf515a81 - - default default] Tap Mirror: Handle Delete Port: b0200e35-e1bf-494e-9d55-41ffe1414366
2026-07-16 17:12:43.944 7 WARNING neutron.scheduler.dhcp_agent_scheduler [None req-b212a9fd-daab-4e20-8875-9c5a9e320dd8 37f70817211346aab78dbe98b2719fb4 4796de8f4bac4f3d8668fd9eda6f36aa - - default default] No more DHCP agents
2026-07-16 17:12:43.945 7 WARNING neutron.api.rpc.agentnotifiers.dhcp_rpc_agent_api [None req-b212a9fd-daab-4e20-8875-9c5a9e320dd8 37f70817211346aab78dbe98b2719fb4 4796de8f4bac4f3d8668fd9eda6f36aa - - default default] Unable to schedule network 6305984b-c5f3-4bfd-82ed-303ac346a1b0: no agents available; will retry on subsequent port and subnet creation events. [pid: 8|app: 0|req: 1081/2188] 10.0.0.23 () {32 vars in 724 bytes} [Thu Jul 16 17:12:43 2026] DELETE /v2.0/networks/bcfc8682-6f68-490e-b010-847d22574abf => generated 0 bytes in 395 msecs (HTTP/1.1 204) 3 headers in 131 bytes (1 switches on core 0)
2026-07-16 17:12:44.297 8 INFO neutron_taas.services.taas.taas_plugin [None req-1d85c415-bec4-4892-9f60-dd116bcefaf8 cbacc80ec69a4f6dabfeaadeb75f7251 268134cf618042d7bb0d48b0bf515a81 - - default default] TaaS: Handle Delete Port: fd16079f-9e0e-4528-99bd-6f9e352f3c91
2026-07-16 17:12:44.300 8 INFO neutron_taas.services.taas.tap_mirror_plugin [None req-1d85c415-bec4-4892-9f60-dd116bcefaf8 cbacc80ec69a4f6dabfeaadeb75f7251 268134cf618042d7bb0d48b0bf515a81 - - default default] Tap Mirror: Handle Delete Port: fd16079f-9e0e-4528-99bd-6f9e352f3c91
2026-07-16 17:12:44.403 7 INFO neutron.db.ovn_revision_numbers_db [None req-b212a9fd-daab-4e20-8875-9c5a9e320dd8 37f70817211346aab78dbe98b2719fb4 4796de8f4bac4f3d8668fd9eda6f36aa - - default default] Successfully bumped revision number for resource 2b0eef3a-ac6b-48f9-8ce3-745ecd426a8c (type: ports) to 2
2026-07-16 17:12:44.435 7 INFO neutron.db.ovn_revision_numbers_db [None req-b212a9fd-daab-4e20-8875-9c5a9e320dd8 37f70817211346aab78dbe98b2719fb4 4796de8f4bac4f3d8668fd9eda6f36aa - - default default] Successfully bumped revision number for resource 07a32800-a75d-4c82-b97d-52307c3b2b44 (type: subnets) to 0 [pid: 7|app: 0|req: 1108/2189] 10.0.0.23 () {34 vars in 667 bytes} [Thu Jul 16 17:12:43 2026] POST /v2.0/subnets => generated 647 bytes in 642 msecs (HTTP/1.1 201) 4 headers in 162 bytes (1 switches on core 0)
2026-07-16 17:12:44.463 7 WARNING neutron.api.v2.base [None req-f34ca48c-8c3c-431a-a3db-aed458216f68 37f70817211346aab78dbe98b2719fb4 4796de8f4bac4f3d8668fd9eda6f36aa - - default default] An exception happened while processing the request body. The exception message is [Invalid input for target_tenant. Reason: '1234123412341234123412341234123412341234123412341234123412341234123412341234123412341234123412341234123412341234123412341234123412341234123412341234123412341234123412341234123412341234123412341234123412341234123412341234123412341234123412341234123412341234123412341234123412341234123412341234123412341234123412341234123412341234123412341234123412341234123412341234123412341234123412341234123412341234' exceeds maximum length of 255.].: webob.exc.HTTPBadRequest: Invalid input for target_tenant. Reason: '1234123412341234123412341234123412341234123412341234123412341234123412341234123412341234123412341234123412341234123412341234123412341234123412341234123412341234123412341234123412341234123412341234123412341234123412341234123412341234123412341234123412341234123412341234123412341234123412341234123412341234123412341234123412341234123412341234123412341234123412341234123412341234123412341234123412341234' exceeds maximum length of 255.
2026-07-16 17:12:44.463 7 INFO neutron.api.v2.resource [None req-f34ca48c-8c3c-431a-a3db-aed458216f68 37f70817211346aab78dbe98b2719fb4 4796de8f4bac4f3d8668fd9eda6f36aa - - default default] create failed (client error): Invalid input for target_tenant. Reason: '1234123412341234123412341234123412341234123412341234123412341234123412341234123412341234123412341234123412341234123412341234123412341234123412341234123412341234123412341234123412341234123412341234123412341234123412341234123412341234123412341234123412341234123412341234123412341234123412341234123412341234123412341234123412341234123412341234123412341234123412341234123412341234123412341234123412341234' exceeds maximum length of 255. [pid: 7|app: 0|req: 1109/2190] 10.0.0.23 () {34 vars in 679 bytes} [Thu Jul 16 17:12:44 2026] POST /v2.0/rbac-policies => generated 547 bytes in 7 msecs (HTTP/1.1 400) 4 headers in 166 bytes (1 switches on core 0) [pid: 8|app: 0|req: 1082/2191] 10.0.0.23 () {32 vars in 724 bytes} [Thu Jul 16 17:12:44 2026] DELETE /v2.0/networks/6beae3f6-01e3-4587-8eb9-ae0b63dc8173 => generated 0 bytes in 345 msecs (HTTP/1.1 204) 3 headers in 131 bytes (1 switches on core 0)
2026-07-16 17:12:44.600 7 INFO neutron_taas.services.taas.taas_plugin [None req-a5f2282e-7c2a-45cc-bccb-cf5e7e0220bd 37f70817211346aab78dbe98b2719fb4 4796de8f4bac4f3d8668fd9eda6f36aa - - default default] TaaS: Handle Delete Port: 2b0eef3a-ac6b-48f9-8ce3-745ecd426a8c
2026-07-16 17:12:44.603 7 INFO neutron_taas.services.taas.tap_mirror_plugin [None req-a5f2282e-7c2a-45cc-bccb-cf5e7e0220bd 37f70817211346aab78dbe98b2719fb4 4796de8f4bac4f3d8668fd9eda6f36aa - - default default] Tap Mirror: Handle Delete Port: 2b0eef3a-ac6b-48f9-8ce3-745ecd426a8c
2026-07-16 17:12:44.624 8 INFO neutron_taas.services.taas.taas_plugin [None req-528bdfc6-5697-48ea-af2a-f8d547554103 cbacc80ec69a4f6dabfeaadeb75f7251 268134cf618042d7bb0d48b0bf515a81 - - default default] TaaS: Handle Delete Port: 9538bed9-7c07-4e6d-9649-4e6ba87c8c61
2026-07-16 17:12:44.627 8 INFO neutron_taas.services.taas.tap_mirror_plugin [None req-528bdfc6-5697-48ea-af2a-f8d547554103 cbacc80ec69a4f6dabfeaadeb75f7251 268134cf618042d7bb0d48b0bf515a81 - - default default] Tap Mirror: Handle Delete Port: 9538bed9-7c07-4e6d-9649-4e6ba87c8c61 [pid: 8|app: 0|req: 1083/2192] 10.0.0.23 () {32 vars in 724 bytes} [Thu Jul 16 17:12:44 2026] DELETE /v2.0/networks/4f8ed01e-57c5-4e95-90e4-dc63299fb1c8 => generated 0 bytes in 334 msecs (HTTP/1.1 204) 3 headers in 131 bytes (1 switches on core 0) [pid: 7|app: 0|req: 1110/2193] 10.0.0.23 () {32 vars in 724 bytes} [Thu Jul 16 17:12:44 2026] DELETE /v2.0/networks/6305984b-c5f3-4bfd-82ed-303ac346a1b0 => generated 0 bytes in 477 msecs (HTTP/1.1 204) 3 headers in 131 bytes (1 switches on core 0)
2026-07-16 17:12:45.046 8 INFO neutron.db.segments_db [None req-f1b5bf65-e457-408b-bf24-9439835486ab 37f70817211346aab78dbe98b2719fb4 4796de8f4bac4f3d8668fd9eda6f36aa - - default default] Added segment 62e6817c-605d-468e-8b4a-bcbe5d8b634d of type geneve for network aa45ad39-5232-4363-8291-f00848b7f952
2026-07-16 17:12:45.175 8 INFO neutron.db.ovn_revision_numbers_db [None req-f1b5bf65-e457-408b-bf24-9439835486ab 37f70817211346aab78dbe98b2719fb4 4796de8f4bac4f3d8668fd9eda6f36aa - - default default] Successfully bumped revision number for resource aa45ad39-5232-4363-8291-f00848b7f952 (type: networks) to 1
2026-07-16 17:12:45.274 7 INFO neutron.services.segments.plugin [-] Segment d50a54e6-72b2-48a4-9a6c-7fc1a87eddd2 resource provider aggregate not found
2026-07-16 17:12:45.286 7 INFO neutron.services.segments.plugin [-] Segment d50a54e6-72b2-48a4-9a6c-7fc1a87eddd2 resource provider aggregate not found
2026-07-16 17:12:45.290 7 INFO neutron.services.segments.plugin [-] Client error retrieving segment d50a54e6-72b2-48a4-9a6c-7fc1a87eddd2 resource provider; error: Placement Client Error (4xx): {"errors": [{"status": 404, "title": "Not Found", "detail": "The resource could not be found.\n\n No resource provider with uuid d50a54e6-72b2-48a4-9a6c-7fc1a87eddd2 found for delete ", "request_id": "req-cd4e874c-1b2f-4f3b-8988-666a7df38d5e"}]}
2026-07-16 17:12:45.303 7 INFO neutron.services.segments.plugin [-] Client error retrieving segment d50a54e6-72b2-48a4-9a6c-7fc1a87eddd2 resource provider; error: Placement Client Error (4xx): {"errors": [{"status": 404, "title": "Not Found", "detail": "The resource could not be found.\n\n No resource provider with uuid d50a54e6-72b2-48a4-9a6c-7fc1a87eddd2 found for delete ", "request_id": "req-dff3697c-9fd2-4679-aebf-05dc3c1c5a5b"}]}
2026-07-16 17:12:45.352 8 WARNING neutron.scheduler.dhcp_agent_scheduler [None req-f1b5bf65-e457-408b-bf24-9439835486ab 37f70817211346aab78dbe98b2719fb4 4796de8f4bac4f3d8668fd9eda6f36aa - - default default] No more DHCP agents
2026-07-16 17:12:45.353 8 WARNING neutron.api.rpc.agentnotifiers.dhcp_rpc_agent_api [None req-f1b5bf65-e457-408b-bf24-9439835486ab 37f70817211346aab78dbe98b2719fb4 4796de8f4bac4f3d8668fd9eda6f36aa - - default default] Unable to schedule network aa45ad39-5232-4363-8291-f00848b7f952: no agents available; will retry on subsequent port and subnet creation events.
2026-07-16 17:12:45.406 8 INFO neutron.services.segments.plugin [-] Segment e57a6b86-2e40-47c7-8848-4695c7cd5b2a resource provider aggregate not found
2026-07-16 17:12:45.407 8 INFO neutron.plugins.ml2.drivers.ovn.mech_driver.mech_driver [None req-b6bdb24a-320e-49f1-87c7-346ef59549ff - - - - - -] OVN reports status down for port: 29acd3d0-a1b5-408f-bc37-58d333bc7993
2026-07-16 17:12:45.412 8 INFO neutron.services.segments.plugin [-] Segment e57a6b86-2e40-47c7-8848-4695c7cd5b2a resource provider aggregate not found
2026-07-16 17:12:45.428 8 INFO neutron.services.segments.plugin [-] Client error retrieving segment e57a6b86-2e40-47c7-8848-4695c7cd5b2a resource provider; error: Placement Client Error (4xx): {"errors": [{"status": 404, "title": "Not Found", "detail": "The resource could not be found.\n\n No resource provider with uuid e57a6b86-2e40-47c7-8848-4695c7cd5b2a found for delete ", "request_id": "req-11959c73-6cf1-474a-b745-87b9f95668ea"}]}
2026-07-16 17:12:45.436 8 INFO neutron.services.segments.plugin [-] Client error retrieving segment e57a6b86-2e40-47c7-8848-4695c7cd5b2a resource provider; error: Placement Client Error (4xx): {"errors": [{"status": 404, "title": "Not Found", "detail": "The resource could not be found.\n\n No resource provider with uuid e57a6b86-2e40-47c7-8848-4695c7cd5b2a found for delete ", "request_id": "req-bd409369-1ea3-41ce-a7fc-5283756f9634"}]}
2026-07-16 17:12:45.446 8 INFO neutron.services.segments.plugin [-] Segment f700a198-fdba-4728-88b7-1980f3cc392c resource provider aggregate not found
2026-07-16 17:12:45.467 8 INFO neutron.services.segments.plugin [-] Client error retrieving segment f700a198-fdba-4728-88b7-1980f3cc392c resource provider; error: Placement Client Error (4xx): {"errors": [{"status": 404, "title": "Not Found", "detail": "The resource could not be found.\n\n No resource provider with uuid f700a198-fdba-4728-88b7-1980f3cc392c found for delete ", "request_id": "req-40b3c3ad-cccd-481c-8adc-3420da06016a"}]}
2026-07-16 17:12:45.470 8 INFO neutron.services.segments.plugin [-] Segment f700a198-fdba-4728-88b7-1980f3cc392c resource provider aggregate not found
2026-07-16 17:12:45.496 8 INFO neutron.services.segments.plugin [-] Client error retrieving segment f700a198-fdba-4728-88b7-1980f3cc392c resource provider; error: Placement Client Error (4xx): {"errors": [{"status": 404, "title": "Not Found", "detail": "The resource could not be found.\n\n No resource provider with uuid f700a198-fdba-4728-88b7-1980f3cc392c found for delete ", "request_id": "req-c5a0e34c-e3e5-4000-b111-ea04e1e13902"}]}
2026-07-16 17:12:45.498 8 INFO neutron.services.segments.plugin [-] Segment 9742ad8b-1628-4fbb-b54d-aa5198297e67 resource provider aggregate not found
2026-07-16 17:12:45.524 8 INFO neutron.services.segments.plugin [-] Client error retrieving segment 9742ad8b-1628-4fbb-b54d-aa5198297e67 resource provider; error: Placement Client Error (4xx): {"errors": [{"status": 404, "title": "Not Found", "detail": "The resource could not be found.\n\n No resource provider with uuid 9742ad8b-1628-4fbb-b54d-aa5198297e67 found for delete ", "request_id": "req-ff0ed909-2c47-48f4-8422-37448342d360"}]}
2026-07-16 17:12:45.534 8 INFO neutron.db.ovn_revision_numbers_db [None req-f1b5bf65-e457-408b-bf24-9439835486ab 37f70817211346aab78dbe98b2719fb4 4796de8f4bac4f3d8668fd9eda6f36aa - - default default] Successfully bumped revision number for resource 29acd3d0-a1b5-408f-bc37-58d333bc7993 (type: ports) to 1
2026-07-16 17:12:45.539 8 INFO neutron.services.segments.plugin [-] Segment 9742ad8b-1628-4fbb-b54d-aa5198297e67 resource provider aggregate not found
2026-07-16 17:12:45.552 8 INFO neutron.services.segments.plugin [-] Segment 4a950015-34fd-4e62-b480-15abf8ecec90 resource provider aggregate not found
2026-07-16 17:12:45.573 8 INFO neutron.services.segments.plugin [-] Client error retrieving segment 4a950015-34fd-4e62-b480-15abf8ecec90 resource provider; error: Placement Client Error (4xx): {"errors": [{"status": 404, "title": "Not Found", "detail": "The resource could not be found.\n\n No resource provider with uuid 4a950015-34fd-4e62-b480-15abf8ecec90 found for delete ", "request_id": "req-f17d228e-5ef0-4ef2-b7c0-6b00e095c767"}]}
2026-07-16 17:12:45.575 8 INFO neutron.services.segments.plugin [-] Client error retrieving segment 9742ad8b-1628-4fbb-b54d-aa5198297e67 resource provider; error: Placement Client Error (4xx): {"errors": [{"status": 404, "title": "Not Found", "detail": "The resource could not be found.\n\n No resource provider with uuid 9742ad8b-1628-4fbb-b54d-aa5198297e67 found for delete ", "request_id": "req-899f335d-e9ba-4830-bf0a-b640dba0cc2b"}]}
2026-07-16 17:12:45.600 8 INFO neutron.services.segments.plugin [-] Segment 4a950015-34fd-4e62-b480-15abf8ecec90 resource provider aggregate not found [pid: 8|app: 0|req: 1084/2194] 10.0.0.23 () {34 vars in 668 bytes} [Thu Jul 16 17:12:44 2026] POST /v2.0/networks => generated 768 bytes in 668 msecs (HTTP/1.1 201) 4 headers in 162 bytes (1 switches on core 0)
2026-07-16 17:12:45.620 8 INFO neutron.services.segments.plugin [-] Client error retrieving segment 4a950015-34fd-4e62-b480-15abf8ecec90 resource provider; error: Placement Client Error (4xx): {"errors": [{"status": 404, "title": "Not Found", "detail": "The resource could not be found.\n\n No resource provider with uuid 4a950015-34fd-4e62-b480-15abf8ecec90 found for delete ", "request_id": "req-72e46abb-6a34-46c2-a31b-d87f1b86b7ea"}]}
2026-07-16 17:12:45.741 8 WARNING neutron.db.securitygroups_db [None req-0c1143aa-253b-4ec5-8b81-5ad8164b1f88 2c50500a55254b52b74ffcb73d7a9e65 7fc8011fb237401f903b73b6babb9adc - - default default] project_id key not found in filters, using tenant_id instead. This support has been deprecated and will be removed in a future release.
2026-07-16 17:12:45.760 7 WARNING neutron.scheduler.dhcp_agent_scheduler [None req-a045a010-03ff-4906-878b-6506c60ea47e 37f70817211346aab78dbe98b2719fb4 4796de8f4bac4f3d8668fd9eda6f36aa - - default default] No more DHCP agents
2026-07-16 17:12:45.761 7 WARNING neutron.api.rpc.agentnotifiers.dhcp_rpc_agent_api [None req-a045a010-03ff-4906-878b-6506c60ea47e 37f70817211346aab78dbe98b2719fb4 4796de8f4bac4f3d8668fd9eda6f36aa - - default default] Unable to schedule network aa45ad39-5232-4363-8291-f00848b7f952: no agents available; will retry on subsequent port and subnet creation events.
2026-07-16 17:12:45.862 8 INFO neutron.db.ovn_revision_numbers_db [None req-0c1143aa-253b-4ec5-8b81-5ad8164b1f88 2c50500a55254b52b74ffcb73d7a9e65 7fc8011fb237401f903b73b6babb9adc - - default default] Successfully bumped revision number for resource 89b72162-f0df-4a98-a5cb-cd393f12201d (type: security_groups) to 1
2026-07-16 17:12:45.877 8 INFO neutron.db.ovn_revision_numbers_db [None req-0c1143aa-253b-4ec5-8b81-5ad8164b1f88 2c50500a55254b52b74ffcb73d7a9e65 7fc8011fb237401f903b73b6babb9adc - - default default] Successfully bumped revision number for resource 10e9ae3e-30b9-4914-b2a9-ee12ff1d763a (type: security_group_rules) to 0
2026-07-16 17:12:45.888 8 INFO neutron.db.ovn_revision_numbers_db [None req-0c1143aa-253b-4ec5-8b81-5ad8164b1f88 2c50500a55254b52b74ffcb73d7a9e65 7fc8011fb237401f903b73b6babb9adc - - default default] Successfully bumped revision number for resource 427a1f92-fa06-417e-8dd6-b744d50f2d11 (type: security_group_rules) to 0
2026-07-16 17:12:45.900 8 INFO neutron.db.ovn_revision_numbers_db [None req-0c1143aa-253b-4ec5-8b81-5ad8164b1f88 2c50500a55254b52b74ffcb73d7a9e65 7fc8011fb237401f903b73b6babb9adc - - default default] Successfully bumped revision number for resource 4ac6bdd4-2c4e-43bd-85e7-3aaf23c9da33 (type: security_group_rules) to 0
2026-07-16 17:12:45.911 8 INFO neutron.db.ovn_revision_numbers_db [None req-0c1143aa-253b-4ec5-8b81-5ad8164b1f88 2c50500a55254b52b74ffcb73d7a9e65 7fc8011fb237401f903b73b6babb9adc - - default default] Successfully bumped revision number for resource 7a017b3d-0ccc-4c41-91b3-f8d61cbc9b1e (type: security_group_rules) to 0 [pid: 8|app: 0|req: 1085/2195] 10.0.0.23 () {32 vars in 772 bytes} [Thu Jul 16 17:12:45 2026] GET /v2.0/security-groups?tenant_id=c03edb63ec1141bc929fd4353e40c319&name=default => generated 2925 bytes in 318 msecs (HTTP/1.1 200) 4 headers in 158 bytes (1 switches on core 0) [pid: 8|app: 0|req: 1086/2196] 10.0.0.23 () {32 vars in 738 bytes} [Thu Jul 16 17:12:45 2026] DELETE /v2.0/security-groups/89b72162-f0df-4a98-a5cb-cd393f12201d => generated 0 bytes in 148 msecs (HTTP/1.1 204) 2 headers in 112 bytes (1 switches on core 0)
2026-07-16 17:12:46.205 7 INFO neutron.db.ovn_revision_numbers_db [None req-a045a010-03ff-4906-878b-6506c60ea47e 37f70817211346aab78dbe98b2719fb4 4796de8f4bac4f3d8668fd9eda6f36aa - - default default] Successfully bumped revision number for resource 29acd3d0-a1b5-408f-bc37-58d333bc7993 (type: ports) to 2
2026-07-16 17:12:46.217 8 WARNING neutron.db.securitygroups_db [None req-7d754c57-850d-4a12-b54e-87386ea0eba0 2c50500a55254b52b74ffcb73d7a9e65 7fc8011fb237401f903b73b6babb9adc - - default default] project_id key not found in filters, using tenant_id instead. This support has been deprecated and will be removed in a future release.
2026-07-16 17:12:46.244 7 INFO neutron.db.ovn_revision_numbers_db [None req-a045a010-03ff-4906-878b-6506c60ea47e 37f70817211346aab78dbe98b2719fb4 4796de8f4bac4f3d8668fd9eda6f36aa - - default default] Successfully bumped revision number for resource beed4136-27ee-40c7-b11e-096c0def927a (type: subnets) to 0 [pid: 8|app: 0|req: 1087/2197] 10.0.0.23 () {32 vars in 772 bytes} [Thu Jul 16 17:12:46 2026] GET /v2.0/security-groups?tenant_id=268134cf618042d7bb0d48b0bf515a81&name=default => generated 2925 bytes in 43 msecs (HTTP/1.1 200) 4 headers in 158 bytes (1 switches on core 0) [pid: 7|app: 0|req: 1111/2198] 10.0.0.23 () {34 vars in 667 bytes} [Thu Jul 16 17:12:45 2026] POST /v2.0/subnets => generated 647 bytes in 638 msecs (HTTP/1.1 201) 4 headers in 162 bytes (1 switches on core 0) [pid: 7|app: 0|req: 1112/2199] 10.0.0.23 () {34 vars in 679 bytes} [Thu Jul 16 17:12:46 2026] POST /v2.0/rbac-policies => generated 324 bytes in 167 msecs (HTTP/1.1 201) 4 headers in 162 bytes (1 switches on core 0) [pid: 8|app: 0|req: 1088/2200] 10.0.0.23 () {32 vars in 738 bytes} [Thu Jul 16 17:12:46 2026] DELETE /v2.0/security-groups/b282de4d-af57-498b-ad0b-908e88594f55 => generated 0 bytes in 179 msecs (HTTP/1.1 204) 2 headers in 112 bytes (1 switches on core 0)
2026-07-16 17:12:46.625 7 WARNING neutron.db.securitygroups_db [None req-d0facd75-3b77-4e8b-b643-4a063940178f 2c50500a55254b52b74ffcb73d7a9e65 7fc8011fb237401f903b73b6babb9adc - - default default] project_id key not found in filters, using tenant_id instead. This support has been deprecated and will be removed in a future release.
2026-07-16 17:12:46.741 7 INFO neutron.db.ovn_revision_numbers_db [None req-d0facd75-3b77-4e8b-b643-4a063940178f 2c50500a55254b52b74ffcb73d7a9e65 7fc8011fb237401f903b73b6babb9adc - - default default] Successfully bumped revision number for resource d7f37e62-264e-43bf-a8bc-1659598cae24 (type: security_groups) to 1
2026-07-16 17:12:46.754 7 INFO neutron.db.ovn_revision_numbers_db [None req-d0facd75-3b77-4e8b-b643-4a063940178f 2c50500a55254b52b74ffcb73d7a9e65 7fc8011fb237401f903b73b6babb9adc - - default default] Successfully bumped revision number for resource 313d2ee8-c8a5-4b00-835d-3499a7ac0cfb (type: security_group_rules) to 0
2026-07-16 17:12:46.764 7 INFO neutron.db.ovn_revision_numbers_db [None req-d0facd75-3b77-4e8b-b643-4a063940178f 2c50500a55254b52b74ffcb73d7a9e65 7fc8011fb237401f903b73b6babb9adc - - default default] Successfully bumped revision number for resource 7c53f557-98a8-42b2-955d-b661bf2dff64 (type: security_group_rules) to 0
2026-07-16 17:12:46.775 7 INFO neutron.db.ovn_revision_numbers_db [None req-d0facd75-3b77-4e8b-b643-4a063940178f 2c50500a55254b52b74ffcb73d7a9e65 7fc8011fb237401f903b73b6babb9adc - - default default] Successfully bumped revision number for resource d4cf8ed6-21ae-4326-a33b-9cd5c3c761e8 (type: security_group_rules) to 0
2026-07-16 17:12:46.787 7 INFO neutron.db.ovn_revision_numbers_db [None req-d0facd75-3b77-4e8b-b643-4a063940178f 2c50500a55254b52b74ffcb73d7a9e65 7fc8011fb237401f903b73b6babb9adc - - default default] Successfully bumped revision number for resource d59d3361-dad5-42b0-8764-1b39de334a7a (type: security_group_rules) to 0 [pid: 7|app: 0|req: 1113/2201] 10.0.0.23 () {32 vars in 772 bytes} [Thu Jul 16 17:12:46 2026] GET /v2.0/security-groups?tenant_id=da32867530d741a8b35ecf19fa52563a&name=default => generated 2925 bytes in 216 msecs (HTTP/1.1 200) 4 headers in 158 bytes (1 switches on core 0) [pid: 8|app: 0|req: 1089/2202] 10.0.0.23 () {32 vars in 721 bytes} [Thu Jul 16 17:12:46 2026] GET /v2.0/networks/aa45ad39-5232-4363-8291-f00848b7f952 => generated 693 bytes in 140 msecs (HTTP/1.1 200) 4 headers in 157 bytes (1 switches on core 0) [pid: 7|app: 0|req: 1114/2203] 10.0.0.23 () {32 vars in 738 bytes} [Thu Jul 16 17:12:46 2026] DELETE /v2.0/security-groups/d7f37e62-264e-43bf-a8bc-1659598cae24 => generated 0 bytes in 202 msecs (HTTP/1.1 204) 2 headers in 112 bytes (1 switches on core 0)
2026-07-16 17:12:47.459 8 INFO neutron.pecan_wsgi.hooks.translation [None req-797901d1-df72-4408-826c-011d811dfd2f b597df8554ff408a934111f7aaf977df 227710d32c0f4d4e90e835d509409db4 - - default default] GET failed (client error): The resource could not be found. [pid: 8|app: 0|req: 1090/2204] 10.0.0.23 () {32 vars in 721 bytes} [Thu Jul 16 17:12:47 2026] GET /v2.0/networks/aa45ad39-5232-4363-8291-f00848b7f952 => generated 138 bytes in 135 msecs (HTTP/1.1 404) 4 headers in 164 bytes (1 switches on core 0)
2026-07-16 17:12:47.634 7 INFO neutron_taas.services.taas.taas_plugin [None req-1dea2ffe-9167-4f20-a05d-28372e712dd6 37f70817211346aab78dbe98b2719fb4 4796de8f4bac4f3d8668fd9eda6f36aa - - default default] TaaS: Handle Delete Port: 29acd3d0-a1b5-408f-bc37-58d333bc7993
2026-07-16 17:12:47.636 7 INFO neutron_taas.services.taas.tap_mirror_plugin [None req-1dea2ffe-9167-4f20-a05d-28372e712dd6 37f70817211346aab78dbe98b2719fb4 4796de8f4bac4f3d8668fd9eda6f36aa - - default default] Tap Mirror: Handle Delete Port: 29acd3d0-a1b5-408f-bc37-58d333bc7993
2026-07-16 17:12:47.936 7 INFO neutron.services.segments.plugin [-] Segment 62e6817c-605d-468e-8b4a-bcbe5d8b634d resource provider aggregate not found
2026-07-16 17:12:47.941 7 INFO neutron.services.segments.plugin [-] Segment 62e6817c-605d-468e-8b4a-bcbe5d8b634d resource provider aggregate not found
