2026-07-16 17:12:26.722 7 WARNING neutron.api.rpc.agentnotifiers.dhcp_rpc_agent_api [None req-051a3fd5-a658-43ce-8f25-c2e11367c5e2 673a30d924064d68aebce531b75dcf05 a26ca6e111ab48e89adb6358c1abf9f9 - - default default] Unable to schedule network bb3bd223-a6c0-4f1f-94cf-faa06b2d5191: no agents available; will retry on subsequent port and subnet creation events.
2026-07-16 17:12:26.772 7 INFO neutron.plugins.ml2.drivers.ovn.mech_driver.mech_driver [None req-bb197c83-2120-435d-8e20-31eaa483c2f3 - - - - - -] OVN reports status down for port: b3058402-f6f1-475e-a22a-649b29dc8920
2026-07-16 17:12:26.816 8 INFO neutron_taas.services.taas.taas_plugin [req-99cd591b-bf83-4a89-aa88-829cdc81d049 req-08acf578-e89c-48c4-aa2d-9e3a738f4886 514b540d585447eb8f036bf4e5bd0fd0 7821d237382f42079a3747ed78a64a26 - - default default] TaaS: Handle Delete Port: 77e6fc0f-1a32-40d0-bd27-2e66dde69a3b
2026-07-16 17:12:26.820 8 INFO neutron_taas.services.taas.tap_mirror_plugin [req-99cd591b-bf83-4a89-aa88-829cdc81d049 req-08acf578-e89c-48c4-aa2d-9e3a738f4886 514b540d585447eb8f036bf4e5bd0fd0 7821d237382f42079a3747ed78a64a26 - - default default] Tap Mirror: Handle Delete Port: 77e6fc0f-1a32-40d0-bd27-2e66dde69a3b
2026-07-16 17:12:26.835 7 INFO neutron.db.ovn_revision_numbers_db [None req-051a3fd5-a658-43ce-8f25-c2e11367c5e2 673a30d924064d68aebce531b75dcf05 a26ca6e111ab48e89adb6358c1abf9f9 - - default default] Successfully bumped revision number for resource b3058402-f6f1-475e-a22a-649b29dc8920 (type: ports) to 1 [pid: 7|app: 0|req: 1071/2095] 10.0.0.23 () {34 vars in 668 bytes} [Thu Jul 16 17:12:26 2026] POST /v2.0/networks => generated 670 bytes in 588 msecs (HTTP/1.1 201) 4 headers in 162 bytes (1 switches on core 0) [pid: 7|app: 0|req: 1072/2096] 10.0.0.23 () {34 vars in 751 bytes} [Thu Jul 16 17:12:26 2026] PUT /v2.0/networks/7e5d19a0-a20b-4788-bee4-96b3530e5502/tags => generated 17 bytes in 81 msecs (HTTP/1.1 200) 4 headers in 156 bytes (1 switches on core 0) [pid: 8|app: 0|req: 1025/2097] 199.204.45.113 () {36 vars in 996 bytes} [Thu Jul 16 17:12:26 2026] DELETE /v2.0/ports/77e6fc0f-1a32-40d0-bd27-2e66dde69a3b => generated 0 bytes in 357 msecs (HTTP/1.1 204) 3 headers in 131 bytes (1 switches on core 0)
2026-07-16 17:12:27.031 8 WARNING neutron.notifiers.nova [-] Nova event matching ['req-dd522a0c-5ed1-4366-8e2f-66426015e2fb']: {'server_uuid': 'b8119a10-9e60-4988-bb20-d469c5924b6e', 'name': 'network-vif-deleted', 'tag': '77e6fc0f-1a32-40d0-bd27-2e66dde69a3b', 'status': 'failed', 'code': 422} returned with failed status [pid: 7|app: 0|req: 1073/2098] 10.0.0.23 () {34 vars in 751 bytes} [Thu Jul 16 17:12:26 2026] PUT /v2.0/networks/008b67c4-2113-4a7c-9f3d-d2d873450da8/tags => generated 25 bytes in 71 msecs (HTTP/1.1 200) 4 headers in 156 bytes (1 switches on core 0) [pid: 8|app: 0|req: 1026/2099] 10.0.0.23 () {34 vars in 751 bytes} [Thu Jul 16 17:12:27 2026] PUT /v2.0/networks/86c52e14-5ee4-4e8e-8d4a-78ec7e75ea67/tags => generated 34 bytes in 78 msecs (HTTP/1.1 200) 4 headers in 156 bytes (1 switches on core 0) [pid: 7|app: 0|req: 1074/2100] 10.0.0.23 () {34 vars in 751 bytes} [Thu Jul 16 17:12:27 2026] PUT /v2.0/networks/2f7ac2a4-c291-4435-9a99-9158bc2985d7/tags => generated 19 bytes in 63 msecs (HTTP/1.1 200) 4 headers in 156 bytes (1 switches on core 0) [pid: 8|app: 0|req: 1027/2101] 10.0.0.23 () {32 vars in 664 bytes} [Thu Jul 16 17:12:27 2026] GET /v2.0/networks?tags=red => generated 1988 bytes in 76 msecs (HTTP/1.1 200) 4 headers in 158 bytes (1 switches on core 0) [pid: 7|app: 0|req: 1075/2102] 10.0.0.23 () {32 vars in 678 bytes} [Thu Jul 16 17:12:27 2026] GET /v2.0/networks?tags=red%2Cblue => generated 1338 bytes in 53 msecs (HTTP/1.1 200) 4 headers in 158 bytes (1 switches on core 0) [pid: 7|app: 0|req: 1076/2103] 10.0.0.184 () {34 vars in 1069 bytes} [Thu Jul 16 17:12:27 2026] GET /v2.0/ports?fields=security_groups&fields=device_id&device_id=b8119a10-9e60-4988-bb20-d469c5924b6e => generated 12 bytes in 21 msecs (HTTP/1.1 200) 4 headers in 156 bytes (1 switches on core 0) [pid: 8|app: 0|req: 1028/2104] 10.0.0.23 () {32 vars in 674 bytes} [Thu Jul 16 17:12:27 2026] GET /v2.0/networks?tags-any=blue => generated 1338 bytes in 67 msecs (HTTP/1.1 200) 4 headers in 158 bytes (1 switches on core 0) [pid: 7|app: 0|req: 1077/2105] 10.0.0.23 () {32 vars in 686 bytes} [Thu Jul 16 17:12:27 2026] GET /v2.0/networks?tags-any=red%2Cblue => generated 1988 bytes in 50 msecs (HTTP/1.1 200) 4 headers in 158 bytes (1 switches on core 0) [pid: 8|app: 0|req: 1029/2106] 10.0.0.23 () {32 vars in 672 bytes} [Thu Jul 16 17:12:27 2026] GET /v2.0/networks?not-tags=red => generated 1988 bytes in 68 msecs (HTTP/1.1 200) 4 headers in 158 bytes (1 switches on core 0) [pid: 7|app: 0|req: 1078/2107] 10.0.0.23 () {32 vars in 686 bytes} [Thu Jul 16 17:12:27 2026] GET /v2.0/networks?not-tags=red%2Cblue => generated 2638 bytes in 63 msecs (HTTP/1.1 200) 4 headers in 158 bytes (1 switches on core 0) [pid: 8|app: 0|req: 1030/2108] 10.0.0.23 () {32 vars in 682 bytes} [Thu Jul 16 17:12:27 2026] GET /v2.0/networks?not-tags-any=blue => generated 2638 bytes in 65 msecs (HTTP/1.1 200) 4 headers in 158 bytes (1 switches on core 0) [pid: 7|app: 0|req: 1079/2109] 10.0.0.23 () {32 vars in 694 bytes} [Thu Jul 16 17:12:27 2026] GET /v2.0/networks?not-tags-any=red%2Cblue => generated 1988 bytes in 70 msecs (HTTP/1.1 200) 4 headers in 158 bytes (1 switches on core 0)
2026-07-16 17:12:27.870 8 INFO neutron_taas.services.taas.taas_plugin [None req-41fc7b7c-3f59-4b2e-a114-669bb736f5f8 673a30d924064d68aebce531b75dcf05 a26ca6e111ab48e89adb6358c1abf9f9 - - default default] TaaS: Handle Delete Port: 29573442-d3bc-4806-879b-43cc662338c7
2026-07-16 17:12:27.873 8 INFO neutron_taas.services.taas.tap_mirror_plugin [None req-41fc7b7c-3f59-4b2e-a114-669bb736f5f8 673a30d924064d68aebce531b75dcf05 a26ca6e111ab48e89adb6358c1abf9f9 - - default default] Tap Mirror: Handle Delete Port: 29573442-d3bc-4806-879b-43cc662338c7
2026-07-16 17:12:28.080 8 INFO neutron.services.segments.plugin [-] Segment c8ea1b9a-6f72-48b3-a960-9faee3b566e8 resource provider aggregate not found
2026-07-16 17:12:28.085 8 INFO neutron.services.segments.plugin [-] Segment c8ea1b9a-6f72-48b3-a960-9faee3b566e8 resource provider aggregate not found
2026-07-16 17:12:28.108 8 INFO neutron.services.segments.plugin [-] Client error retrieving segment c8ea1b9a-6f72-48b3-a960-9faee3b566e8 resource provider; error: Placement Client Error (4xx): {"errors": [{"status": 404, "title": "Not Found", "detail": "The resource could not be found.\n\n No resource provider with uuid c8ea1b9a-6f72-48b3-a960-9faee3b566e8 found for delete ", "request_id": "req-2584c1eb-aa6d-4bd1-921c-12cf8d574d7b"}]}
2026-07-16 17:12:28.113 8 INFO neutron.services.segments.plugin [-] Client error retrieving segment c8ea1b9a-6f72-48b3-a960-9faee3b566e8 resource provider; error: Placement Client Error (4xx): {"errors": [{"status": 404, "title": "Not Found", "detail": "The resource could not be found.\n\n No resource provider with uuid c8ea1b9a-6f72-48b3-a960-9faee3b566e8 found for delete ", "request_id": "req-0a66faa6-5e41-4d1d-a843-8ac1d9b1f51b"}]} [pid: 8|app: 0|req: 1031/2110] 10.0.0.23 () {32 vars in 724 bytes} [Thu Jul 16 17:12:27 2026] DELETE /v2.0/networks/7e5d19a0-a20b-4788-bee4-96b3530e5502 => generated 0 bytes in 387 msecs (HTTP/1.1 204) 3 headers in 131 bytes (1 switches on core 0)
2026-07-16 17:12:28.259 7 INFO neutron_taas.services.taas.taas_plugin [None req-93a2d827-1fea-47a2-8386-7add455b7a17 673a30d924064d68aebce531b75dcf05 a26ca6e111ab48e89adb6358c1abf9f9 - - default default] TaaS: Handle Delete Port: d71d070e-d1cc-466d-9e49-66229da3f654
2026-07-16 17:12:28.262 7 INFO neutron_taas.services.taas.tap_mirror_plugin [None req-93a2d827-1fea-47a2-8386-7add455b7a17 673a30d924064d68aebce531b75dcf05 a26ca6e111ab48e89adb6358c1abf9f9 - - default default] Tap Mirror: Handle Delete Port: d71d070e-d1cc-466d-9e49-66229da3f654
2026-07-16 17:12:28.444 7 INFO neutron.services.segments.plugin [-] Segment 1396fd70-96bd-443b-98d1-0bb3cfd4e223 resource provider aggregate not found
2026-07-16 17:12:28.450 7 INFO neutron.services.segments.plugin [-] Segment 1396fd70-96bd-443b-98d1-0bb3cfd4e223 resource provider aggregate not found [pid: 8|app: 0|req: 1032/2111] 10.0.0.184 () {34 vars in 1069 bytes} [Thu Jul 16 17:12:28 2026] GET /v2.0/ports?fields=security_groups&fields=device_id&device_id=b8119a10-9e60-4988-bb20-d469c5924b6e => generated 12 bytes in 23 msecs (HTTP/1.1 200) 4 headers in 156 bytes (1 switches on core 0)
2026-07-16 17:12:28.472 7 INFO neutron.services.segments.plugin [-] Client error retrieving segment 1396fd70-96bd-443b-98d1-0bb3cfd4e223 resource provider; error: Placement Client Error (4xx): {"errors": [{"status": 404, "title": "Not Found", "detail": "The resource could not be found.\n\n No resource provider with uuid 1396fd70-96bd-443b-98d1-0bb3cfd4e223 found for delete ", "request_id": "req-335710d7-d026-4c76-a644-146ceaca674c"}]}
2026-07-16 17:12:28.474 7 INFO neutron.services.segments.plugin [-] Client error retrieving segment 1396fd70-96bd-443b-98d1-0bb3cfd4e223 resource provider; error: Placement Client Error (4xx): {"errors": [{"status": 404, "title": "Not Found", "detail": "The resource could not be found.\n\n No resource provider with uuid 1396fd70-96bd-443b-98d1-0bb3cfd4e223 found for delete ", "request_id": "req-98c722b2-77d5-4e24-9cbd-d8d94bad3262"}]} [pid: 7|app: 0|req: 1080/2112] 10.0.0.23 () {32 vars in 724 bytes} [Thu Jul 16 17:12:28 2026] DELETE /v2.0/networks/008b67c4-2113-4a7c-9f3d-d2d873450da8 => generated 0 bytes in 359 msecs (HTTP/1.1 204) 3 headers in 131 bytes (1 switches on core 0)
2026-07-16 17:12:28.618 8 INFO neutron_taas.services.taas.taas_plugin [None req-af20dfd1-e8bf-441d-9944-7f289320fd65 673a30d924064d68aebce531b75dcf05 a26ca6e111ab48e89adb6358c1abf9f9 - - default default] TaaS: Handle Delete Port: 51603386-aa40-4187-a0bc-d588f22887c6
2026-07-16 17:12:28.620 8 INFO neutron_taas.services.taas.tap_mirror_plugin [None req-af20dfd1-e8bf-441d-9944-7f289320fd65 673a30d924064d68aebce531b75dcf05 a26ca6e111ab48e89adb6358c1abf9f9 - - default default] Tap Mirror: Handle Delete Port: 51603386-aa40-4187-a0bc-d588f22887c6 [pid: 8|app: 0|req: 1033/2113] 10.0.0.23 () {32 vars in 724 bytes} [Thu Jul 16 17:12:28 2026] DELETE /v2.0/networks/86c52e14-5ee4-4e8e-8d4a-78ec7e75ea67 => generated 0 bytes in 302 msecs (HTTP/1.1 204) 3 headers in 131 bytes (1 switches on core 0)
2026-07-16 17:12:28.934 7 INFO neutron_taas.services.taas.taas_plugin [None req-8595a3a1-17aa-4e32-9dae-4fe0a62dff43 673a30d924064d68aebce531b75dcf05 a26ca6e111ab48e89adb6358c1abf9f9 - - default default] TaaS: Handle Delete Port: 9fa79901-ddd0-4480-ad76-49e48a70ee20
2026-07-16 17:12:28.937 7 INFO neutron_taas.services.taas.tap_mirror_plugin [None req-8595a3a1-17aa-4e32-9dae-4fe0a62dff43 673a30d924064d68aebce531b75dcf05 a26ca6e111ab48e89adb6358c1abf9f9 - - default default] Tap Mirror: Handle Delete Port: 9fa79901-ddd0-4480-ad76-49e48a70ee20 [pid: 8|app: 0|req: 1034/2114] 10.0.0.98 () {34 vars in 988 bytes} [Thu Jul 16 17:12:29 2026] GET /v2.0/ports?device_id=b8119a10-9e60-4988-bb20-d469c5924b6e => generated 12 bytes in 20 msecs (HTTP/1.1 200) 4 headers in 156 bytes (1 switches on core 0) [pid: 7|app: 0|req: 1081/2115] 10.0.0.23 () {32 vars in 724 bytes} [Thu Jul 16 17:12:28 2026] DELETE /v2.0/networks/2f7ac2a4-c291-4435-9a99-9158bc2985d7 => generated 0 bytes in 365 msecs (HTTP/1.1 204) 3 headers in 131 bytes (1 switches on core 0)
2026-07-16 17:12:29.358 8 INFO neutron_taas.services.taas.taas_plugin [None req-85979981-0e2f-4ea8-9df0-d5d0deb4f120 673a30d924064d68aebce531b75dcf05 a26ca6e111ab48e89adb6358c1abf9f9 - - default default] TaaS: Handle Delete Port: b3058402-f6f1-475e-a22a-649b29dc8920
2026-07-16 17:12:29.360 8 INFO neutron_taas.services.taas.tap_mirror_plugin [None req-85979981-0e2f-4ea8-9df0-d5d0deb4f120 673a30d924064d68aebce531b75dcf05 a26ca6e111ab48e89adb6358c1abf9f9 - - default default] Tap Mirror: Handle Delete Port: b3058402-f6f1-475e-a22a-649b29dc8920 [pid: 8|app: 0|req: 1035/2116] 10.0.0.23 () {32 vars in 724 bytes} [Thu Jul 16 17:12:29 2026] DELETE /v2.0/networks/bb3bd223-a6c0-4f1f-94cf-faa06b2d5191 => generated 0 bytes in 387 msecs (HTTP/1.1 204) 3 headers in 131 bytes (1 switches on core 0) [pid: 7|app: 0|req: 1082/2117] 10.0.0.184 () {34 vars in 1069 bytes} [Thu Jul 16 17:12:29 2026] GET /v2.0/ports?fields=security_groups&fields=device_id&device_id=b8119a10-9e60-4988-bb20-d469c5924b6e => generated 12 bytes in 31 msecs (HTTP/1.1 200) 4 headers in 156 bytes (1 switches on core 0) [pid: 8|app: 0|req: 1036/2118] 10.0.0.184 () {34 vars in 989 bytes} [Thu Jul 16 17:12:29 2026] GET /v2.0/ports?device_id=b8119a10-9e60-4988-bb20-d469c5924b6e => generated 12 bytes in 20 msecs (HTTP/1.1 200) 4 headers in 156 bytes (1 switches on core 0) [pid: 7|app: 0|req: 1083/2119] 10.0.0.23 () {32 vars in 738 bytes} [Thu Jul 16 17:12:29 2026] DELETE /v2.0/security-groups/d2327958-70aa-4788-8efa-b24103520d11 => generated 0 bytes in 169 msecs (HTTP/1.1 204) 2 headers in 112 bytes (1 switches on core 0)
2026-07-16 17:12:30.142 8 INFO neutron.services.segments.plugin [-] Segment e2089b89-c8df-4e0f-a6e8-3cbff3725e42 resource provider aggregate not found
2026-07-16 17:12:30.146 8 INFO neutron.api.v2.resource [None req-5203c0fd-ebda-4caf-9efd-4ff6efb50132 514b540d585447eb8f036bf4e5bd0fd0 7821d237382f42079a3747ed78a64a26 - - default default] show failed (client error): The resource could not be found. [pid: 8|app: 0|req: 1037/2120] 10.0.0.23 () {32 vars in 735 bytes} [Thu Jul 16 17:12:30 2026] GET /v2.0/security-groups/d2327958-70aa-4788-8efa-b24103520d11 => generated 146 bytes in 28 msecs (HTTP/1.1 404) 4 headers in 164 bytes (1 switches on core 0)
2026-07-16 17:12:30.149 8 INFO neutron.services.segments.plugin [-] Segment e2089b89-c8df-4e0f-a6e8-3cbff3725e42 resource provider aggregate not found
2026-07-16 17:12:30.162 8 INFO neutron.services.segments.plugin [-] Client error retrieving segment e2089b89-c8df-4e0f-a6e8-3cbff3725e42 resource provider; error: Placement Client Error (4xx): {"errors": [{"status": 404, "title": "Not Found", "detail": "The resource could not be found.\n\n No resource provider with uuid e2089b89-c8df-4e0f-a6e8-3cbff3725e42 found for delete ", "request_id": "req-17d745f4-5c87-4636-9131-4c901a46a2ac"}]}
2026-07-16 17:12:30.165 8 INFO neutron.services.segments.plugin [-] Client error retrieving segment e2089b89-c8df-4e0f-a6e8-3cbff3725e42 resource provider; error: Placement Client Error (4xx): {"errors": [{"status": 404, "title": "Not Found", "detail": "The resource could not be found.\n\n No resource provider with uuid e2089b89-c8df-4e0f-a6e8-3cbff3725e42 found for delete ", "request_id": "req-1902d7ca-7ca4-4228-aec8-7ec32fcb1d9a"}]}
2026-07-16 17:12:30.178 8 INFO neutron.services.segments.plugin [-] Segment 1d25316a-3be4-47b0-bb56-6193cb1014a1 resource provider aggregate not found
2026-07-16 17:12:30.182 8 INFO neutron.services.segments.plugin [-] Segment 1d25316a-3be4-47b0-bb56-6193cb1014a1 resource provider aggregate not found
2026-07-16 17:12:30.196 8 INFO neutron.services.segments.plugin [-] Client error retrieving segment 1d25316a-3be4-47b0-bb56-6193cb1014a1 resource provider; error: Placement Client Error (4xx): {"errors": [{"status": 404, "title": "Not Found", "detail": "The resource could not be found.\n\n No resource provider with uuid 1d25316a-3be4-47b0-bb56-6193cb1014a1 found for delete ", "request_id": "req-d5fefb8a-3e1a-4374-abde-938817d9d3a5"}]}
2026-07-16 17:12:30.203 8 INFO neutron.services.segments.plugin [-] Client error retrieving segment 1d25316a-3be4-47b0-bb56-6193cb1014a1 resource provider; error: Placement Client Error (4xx): {"errors": [{"status": 404, "title": "Not Found", "detail": "The resource could not be found.\n\n No resource provider with uuid 1d25316a-3be4-47b0-bb56-6193cb1014a1 found for delete ", "request_id": "req-b2306244-0ae5-400e-9e56-dcbd20c7c3d3"}]}
2026-07-16 17:12:30.290 7 INFO neutron_taas.services.taas.taas_plugin [None req-db25ff43-76c3-47ad-ac66-8f03e72f5e45 514b540d585447eb8f036bf4e5bd0fd0 7821d237382f42079a3747ed78a64a26 - - default default] TaaS: Handle Delete Port: a9c1265f-f41b-4e9a-ac85-cfbcf49b3f5d
2026-07-16 17:12:30.293 7 INFO neutron_taas.services.taas.tap_mirror_plugin [None req-db25ff43-76c3-47ad-ac66-8f03e72f5e45 514b540d585447eb8f036bf4e5bd0fd0 7821d237382f42079a3747ed78a64a26 - - default default] Tap Mirror: Handle Delete Port: a9c1265f-f41b-4e9a-ac85-cfbcf49b3f5d [pid: 7|app: 0|req: 1084/2121] 10.0.0.23 () {32 vars in 730 bytes} [Thu Jul 16 17:12:30 2026] DELETE /v2.0/floatingips/cbd9db26-19db-4b6d-b1b7-fd6a64d37eb2 => generated 0 bytes in 319 msecs (HTTP/1.1 204) 2 headers in 112 bytes (1 switches on core 0)
2026-07-16 17:12:30.497 7 INFO neutron.services.segments.plugin [-] Segment 4860c80f-28eb-4313-8f21-5d8f8b144437 resource provider aggregate not found
2026-07-16 17:12:30.498 7 INFO neutron.services.segments.plugin [-] Segment 4860c80f-28eb-4313-8f21-5d8f8b144437 resource provider aggregate not found
2026-07-16 17:12:30.524 7 INFO neutron.services.segments.plugin [-] Client error retrieving segment 4860c80f-28eb-4313-8f21-5d8f8b144437 resource provider; error: Placement Client Error (4xx): {"errors": [{"status": 404, "title": "Not Found", "detail": "The resource could not be found.\n\n No resource provider with uuid 4860c80f-28eb-4313-8f21-5d8f8b144437 found for delete ", "request_id": "req-35b13c3b-06a3-4085-968a-ce787211e921"}]}
2026-07-16 17:12:30.527 7 INFO neutron.services.segments.plugin [-] Client error retrieving segment 4860c80f-28eb-4313-8f21-5d8f8b144437 resource provider; error: Placement Client Error (4xx): {"errors": [{"status": 404, "title": "Not Found", "detail": "The resource could not be found.\n\n No resource provider with uuid 4860c80f-28eb-4313-8f21-5d8f8b144437 found for delete ", "request_id": "req-ca4012e8-9c1a-4a7f-8dbd-9385ae45d4b8"}]}
2026-07-16 17:12:30.598 8 WARNING neutron.db.securitygroups_db [None req-bbff6cd2-0b20-42d0-8bf4-736221bb0991 2c50500a55254b52b74ffcb73d7a9e65 7fc8011fb237401f903b73b6babb9adc - - default default] project_id key not found in filters, using tenant_id instead. This support has been deprecated and will be removed in a future release. [pid: 8|app: 0|req: 1038/2122] 10.0.0.23 () {32 vars in 772 bytes} [Thu Jul 16 17:12:30 2026] GET /v2.0/security-groups?tenant_id=a26ca6e111ab48e89adb6358c1abf9f9&name=default => generated 2925 bytes in 197 msecs (HTTP/1.1 200) 4 headers in 158 bytes (1 switches on core 0) [pid: 7|app: 0|req: 1085/2123] 10.0.0.23 () {32 vars in 738 bytes} [Thu Jul 16 17:12:30 2026] DELETE /v2.0/security-groups/dee2486f-d234-4536-be58-ec6ae36cbc30 => generated 0 bytes in 218 msecs (HTTP/1.1 204) 2 headers in 112 bytes (1 switches on core 0) [pid: 8|app: 0|req: 1039/2124] 10.0.0.23 () {32 vars in 738 bytes} [Thu Jul 16 17:12:30 2026] DELETE /v2.0/security-groups/19d0fe83-0197-48fc-81bf-1feb2f4fbf60 => generated 0 bytes in 196 msecs (HTTP/1.1 204) 2 headers in 112 bytes (1 switches on core 0)
2026-07-16 17:12:30.913 8 WARNING neutron.db.securitygroups_db [None req-507653fa-16cd-445c-aaf2-4efc51c94ed2 2c50500a55254b52b74ffcb73d7a9e65 7fc8011fb237401f903b73b6babb9adc - - default default] project_id key not found in filters, using tenant_id instead. This support has been deprecated and will be removed in a future release.
2026-07-16 17:12:31.042 8 INFO neutron.db.ovn_revision_numbers_db [None req-507653fa-16cd-445c-aaf2-4efc51c94ed2 2c50500a55254b52b74ffcb73d7a9e65 7fc8011fb237401f903b73b6babb9adc - - default default] Successfully bumped revision number for resource b589d901-84cf-4f85-94cf-5ac242d5b914 (type: security_groups) to 1
2026-07-16 17:12:31.052 7 INFO neutron_taas.services.taas.taas_plugin [None req-9c81579f-1216-4885-bac4-89316273b44f 2c50500a55254b52b74ffcb73d7a9e65 7fc8011fb237401f903b73b6babb9adc - - default default] TaaS: Handle Delete Port: 847fda89-c360-485e-9f3e-3358e2fb9435
2026-07-16 17:12:31.053 8 INFO neutron.db.ovn_revision_numbers_db [None req-507653fa-16cd-445c-aaf2-4efc51c94ed2 2c50500a55254b52b74ffcb73d7a9e65 7fc8011fb237401f903b73b6babb9adc - - default default] Successfully bumped revision number for resource 6804b000-f6e8-47dd-a52a-6207c115a88a (type: security_group_rules) to 0
2026-07-16 17:12:31.055 7 INFO neutron_taas.services.taas.tap_mirror_plugin [None req-9c81579f-1216-4885-bac4-89316273b44f 2c50500a55254b52b74ffcb73d7a9e65 7fc8011fb237401f903b73b6babb9adc - - default default] Tap Mirror: Handle Delete Port: 847fda89-c360-485e-9f3e-3358e2fb9435
2026-07-16 17:12:31.066 8 INFO neutron.db.ovn_revision_numbers_db [None req-507653fa-16cd-445c-aaf2-4efc51c94ed2 2c50500a55254b52b74ffcb73d7a9e65 7fc8011fb237401f903b73b6babb9adc - - default default] Successfully bumped revision number for resource 90bbf8bc-3c87-45ce-9196-418f15589309 (type: security_group_rules) to 0
2026-07-16 17:12:31.077 8 INFO neutron.db.ovn_revision_numbers_db [None req-507653fa-16cd-445c-aaf2-4efc51c94ed2 2c50500a55254b52b74ffcb73d7a9e65 7fc8011fb237401f903b73b6babb9adc - - default default] Successfully bumped revision number for resource bd8a8303-f5e9-4898-a927-97e81071d283 (type: security_group_rules) to 0
2026-07-16 17:12:31.088 8 INFO neutron.db.ovn_revision_numbers_db [None req-507653fa-16cd-445c-aaf2-4efc51c94ed2 2c50500a55254b52b74ffcb73d7a9e65 7fc8011fb237401f903b73b6babb9adc - - default default] Successfully bumped revision number for resource c328a596-d94d-43a0-a0cb-d594600e6c54 (type: security_group_rules) to 0 [pid: 8|app: 0|req: 1040/2125] 10.0.0.23 () {32 vars in 772 bytes} [Thu Jul 16 17:12:30 2026] GET /v2.0/security-groups?tenant_id=905049f1de7d4f5faadf01144ab2a5b6&name=default => generated 2925 bytes in 226 msecs (HTTP/1.1 200) 4 headers in 158 bytes (1 switches on core 0) [pid: 8|app: 0|req: 1041/2126] 10.0.0.23 () {32 vars in 738 bytes} [Thu Jul 16 17:12:31 2026] DELETE /v2.0/security-groups/b589d901-84cf-4f85-94cf-5ac242d5b914 => generated 0 bytes in 218 msecs (HTTP/1.1 204) 2 headers in 112 bytes (1 switches on core 0)
2026-07-16 17:12:31.499 8 WARNING neutron.db.securitygroups_db [None req-2908b4c3-d0fb-40d1-963e-f1fa1a676405 2c50500a55254b52b74ffcb73d7a9e65 7fc8011fb237401f903b73b6babb9adc - - default default] project_id key not found in filters, using tenant_id instead. This support has been deprecated and will be removed in a future release.
2026-07-16 17:12:31.648 8 INFO neutron.db.ovn_revision_numbers_db [None req-2908b4c3-d0fb-40d1-963e-f1fa1a676405 2c50500a55254b52b74ffcb73d7a9e65 7fc8011fb237401f903b73b6babb9adc - - default default] Successfully bumped revision number for resource 4bb9260b-67ea-4a0d-9b51-8a57fafe2a18 (type: security_groups) to 1
2026-07-16 17:12:31.660 8 INFO neutron.db.ovn_revision_numbers_db [None req-2908b4c3-d0fb-40d1-963e-f1fa1a676405 2c50500a55254b52b74ffcb73d7a9e65 7fc8011fb237401f903b73b6babb9adc - - default default] Successfully bumped revision number for resource 1f44c4d9-8ef0-4f9a-88e3-80f40e4e2d5a (type: security_group_rules) to 0
2026-07-16 17:12:31.672 8 INFO neutron.db.ovn_revision_numbers_db [None req-2908b4c3-d0fb-40d1-963e-f1fa1a676405 2c50500a55254b52b74ffcb73d7a9e65 7fc8011fb237401f903b73b6babb9adc - - default default] Successfully bumped revision number for resource 871bc89d-7caa-4517-8e49-3f3185372f54 (type: security_group_rules) to 0
2026-07-16 17:12:31.689 8 INFO neutron.db.ovn_revision_numbers_db [None req-2908b4c3-d0fb-40d1-963e-f1fa1a676405 2c50500a55254b52b74ffcb73d7a9e65 7fc8011fb237401f903b73b6babb9adc - - default default] Successfully bumped revision number for resource cadcbb5b-06c9-43d3-91f9-af5b22eda361 (type: security_group_rules) to 0 [pid: 7|app: 0|req: 1086/2127] 10.0.0.23 () {34 vars in 787 bytes} [Thu Jul 16 17:12:30 2026] PUT /v2.0/routers/537e73f2-822c-4d3b-88ba-d372119d5aa8/remove_router_interface => generated 310 bytes in 967 msecs (HTTP/1.1 200) 4 headers in 157 bytes (1 switches on core 0) /var/lib/openstack/lib/python3.12/site-packages/pycadf/identifier.py:70: UserWarning: Invalid uuid: neutron. To ensure interoperability, identifiers should be a valid uuid. warnings.warn(('Invalid uuid: %s. To ensure interoperability, '
2026-07-16 17:12:31.707 8 INFO neutron.db.ovn_revision_numbers_db [None req-2908b4c3-d0fb-40d1-963e-f1fa1a676405 2c50500a55254b52b74ffcb73d7a9e65 7fc8011fb237401f903b73b6babb9adc - - default default] Successfully bumped revision number for resource ec134d2c-6497-49c4-bfda-56176442828d (type: security_group_rules) to 0 [pid: 8|app: 0|req: 1042/2128] 10.0.0.23 () {32 vars in 772 bytes} [Thu Jul 16 17:12:31 2026] GET /v2.0/security-groups?tenant_id=73dadb75b95f4d408d5b62bd62786a2d&name=default => generated 2925 bytes in 249 msecs (HTTP/1.1 200) 4 headers in 158 bytes (1 switches on core 0) [pid: 8|app: 0|req: 1043/2129] 10.0.0.23 () {32 vars in 738 bytes} [Thu Jul 16 17:12:31 2026] DELETE /v2.0/security-groups/4bb9260b-67ea-4a0d-9b51-8a57fafe2a18 => generated 0 bytes in 196 msecs (HTTP/1.1 204) 2 headers in 112 bytes (1 switches on core 0)
2026-07-16 17:12:32.680 7 INFO neutron_taas.services.taas.taas_plugin [None req-f7a1ed93-adc1-4b76-9ff2-37ea19aed8fd 2c50500a55254b52b74ffcb73d7a9e65 7fc8011fb237401f903b73b6babb9adc - - default default] TaaS: Handle Delete Port: 90964397-df0e-4d3f-b201-452b597f0a7e
2026-07-16 17:12:32.683 7 INFO neutron_taas.services.taas.tap_mirror_plugin [None req-f7a1ed93-adc1-4b76-9ff2-37ea19aed8fd 2c50500a55254b52b74ffcb73d7a9e65 7fc8011fb237401f903b73b6babb9adc - - default default] Tap Mirror: Handle Delete Port: 90964397-df0e-4d3f-b201-452b597f0a7e [pid: 7|app: 0|req: 1087/2130] 10.0.0.23 () {32 vars in 722 bytes} [Thu Jul 16 17:12:31 2026] DELETE /v2.0/routers/537e73f2-822c-4d3b-88ba-d372119d5aa8 => generated 0 bytes in 1448 msecs (HTTP/1.1 204) 2 headers in 112 bytes (1 switches on core 0) [pid: 8|app: 0|req: 1044/2131] 10.0.0.23 () {32 vars in 722 bytes} [Thu Jul 16 17:12:33 2026] DELETE /v2.0/subnets/3f9fe2ed-1a57-4a52-b98d-5b9cf1afe4cf => generated 0 bytes in 201 msecs (HTTP/1.1 204) 3 headers in 131 bytes (1 switches on core 0)
2026-07-16 17:12:33.480 7 INFO neutron_taas.services.taas.taas_plugin [None req-95bc16a6-4a2e-4899-88a7-d66eb7ad7bac 2c50500a55254b52b74ffcb73d7a9e65 7fc8011fb237401f903b73b6babb9adc - - default default] TaaS: Handle Delete Port: 0ba56df9-46d2-40ec-adf2-73e942d3a697
2026-07-16 17:12:33.482 7 INFO neutron_taas.services.taas.tap_mirror_plugin [None req-95bc16a6-4a2e-4899-88a7-d66eb7ad7bac 2c50500a55254b52b74ffcb73d7a9e65 7fc8011fb237401f903b73b6babb9adc - - default default] Tap Mirror: Handle Delete Port: 0ba56df9-46d2-40ec-adf2-73e942d3a697
2026-07-16 17:12:33.681 7 INFO neutron.services.segments.plugin [-] Segment bdaf9317-c6ee-4d5d-8711-609d1e3fb2bd resource provider aggregate not found
2026-07-16 17:12:33.687 7 INFO neutron.services.segments.plugin [-] Segment bdaf9317-c6ee-4d5d-8711-609d1e3fb2bd resource provider aggregate not found
2026-07-16 17:12:33.701 7 INFO neutron.services.segments.plugin [-] Client error retrieving segment bdaf9317-c6ee-4d5d-8711-609d1e3fb2bd resource provider; error: Placement Client Error (4xx): {"errors": [{"status": 404, "title": "Not Found", "detail": "The resource could not be found.\n\n No resource provider with uuid bdaf9317-c6ee-4d5d-8711-609d1e3fb2bd found for delete ", "request_id": "req-1f6af5d2-c220-4017-8a7c-98c806bb3b0b"}]}
2026-07-16 17:12:33.711 7 INFO neutron.services.segments.plugin [-] Client error retrieving segment bdaf9317-c6ee-4d5d-8711-609d1e3fb2bd resource provider; error: Placement Client Error (4xx): {"errors": [{"status": 404, "title": "Not Found", "detail": "The resource could not be found.\n\n No resource provider with uuid bdaf9317-c6ee-4d5d-8711-609d1e3fb2bd found for delete ", "request_id": "req-27053b57-0185-4b6e-85d6-a80714f528ba"}]} [pid: 7|app: 0|req: 1088/2132] 10.0.0.23 () {32 vars in 724 bytes} [Thu Jul 16 17:12:33 2026] DELETE /v2.0/networks/169b8bc6-4e7f-4d30-accf-cc254d640567 => generated 0 bytes in 397 msecs (HTTP/1.1 204) 3 headers in 131 bytes (1 switches on core 0)
2026-07-16 17:12:34.061 8 INFO neutron_taas.services.taas.taas_plugin [None req-5dfdb1ad-3fa0-48bb-8358-b81f53c5fabf 2c50500a55254b52b74ffcb73d7a9e65 7fc8011fb237401f903b73b6babb9adc - - default default] TaaS: Handle Delete Port: 52980a11-4397-427a-9925-4a3e05371b31
2026-07-16 17:12:34.064 8 INFO neutron_taas.services.taas.tap_mirror_plugin [None req-5dfdb1ad-3fa0-48bb-8358-b81f53c5fabf 2c50500a55254b52b74ffcb73d7a9e65 7fc8011fb237401f903b73b6babb9adc - - default default] Tap Mirror: Handle Delete Port: 52980a11-4397-427a-9925-4a3e05371b31 [pid: 8|app: 0|req: 1045/2133] 10.0.0.23 () {34 vars in 787 bytes} [Thu Jul 16 17:12:33 2026] PUT /v2.0/routers/fac709ea-81f9-46b6-8e2d-d2f483aa94a6/remove_router_interface => generated 310 bytes in 1000 msecs (HTTP/1.1 200) 4 headers in 157 bytes (1 switches on core 0) /var/lib/openstack/lib/python3.12/site-packages/pycadf/identifier.py:70: UserWarning: Invalid uuid: neutron. To ensure interoperability, identifiers should be a valid uuid. warnings.warn(('Invalid uuid: %s. To ensure interoperability, '
2026-07-16 17:12:35.091 7 INFO neutron_taas.services.taas.taas_plugin [None req-e1b7e485-61c1-4ea1-833b-9cfdb23170b8 2c50500a55254b52b74ffcb73d7a9e65 7fc8011fb237401f903b73b6babb9adc - - default default] TaaS: Handle Delete Port: 936f5989-dbb4-475b-ba3e-41d435d67b4e
2026-07-16 17:12:35.094 7 INFO neutron_taas.services.taas.tap_mirror_plugin [None req-e1b7e485-61c1-4ea1-833b-9cfdb23170b8 2c50500a55254b52b74ffcb73d7a9e65 7fc8011fb237401f903b73b6babb9adc - - default default] Tap Mirror: Handle Delete Port: 936f5989-dbb4-475b-ba3e-41d435d67b4e [pid: 8|app: 0|req: 1046/2134] 10.0.0.227 () {28 vars in 584 bytes} [Thu Jul 16 17:12:34 2026] GET /v2.0/networks => generated 3083 bytes in 205 msecs (HTTP/1.1 200) 4 headers in 158 bytes (1 switches on core 0) [pid: 8|app: 0|req: 1047/2135] 10.0.0.227 () {28 vars in 580 bytes} [Thu Jul 16 17:12:35 2026] GET /v2.0/agents => generated 1214 bytes in 26 msecs (HTTP/1.1 200) 4 headers in 158 bytes (1 switches on core 0) [pid: 8|app: 0|req: 1048/2136] 10.0.0.227 () {28 vars in 582 bytes} [Thu Jul 16 17:12:35 2026] GET /v2.0/subnets => generated 1986 bytes in 33 msecs (HTTP/1.1 200) 4 headers in 158 bytes (1 switches on core 0) [pid: 8|app: 0|req: 1049/2137] 10.0.0.227 () {28 vars in 590 bytes} [Thu Jul 16 17:12:35 2026] GET /v2.0/subnetpools => generated 19 bytes in 10 msecs (HTTP/1.1 200) 4 headers in 156 bytes (1 switches on core 0) [pid: 8|app: 0|req: 1050/2138] 10.0.0.227 () {28 vars in 590 bytes} [Thu Jul 16 17:12:35 2026] GET /v2.0/floatingips => generated 19 bytes in 25 msecs (HTTP/1.1 200) 4 headers in 156 bytes (1 switches on core 0) [pid: 8|app: 0|req: 1051/2139] 10.0.0.227 () {28 vars in 578 bytes} [Thu Jul 16 17:12:35 2026] GET /v2.0/ports => generated 7411 bytes in 53 msecs (HTTP/1.1 200) 4 headers in 158 bytes (1 switches on core 0) [pid: 8|app: 0|req: 1052/2140] 10.0.0.227 () {28 vars in 582 bytes} [Thu Jul 16 17:12:35 2026] GET /v2.0/routers => generated 651 bytes in 44 msecs (HTTP/1.1 200) 4 headers in 157 bytes (1 switches on core 0) [pid: 8|app: 0|req: 1053/2141] 10.0.0.227 () {28 vars in 623 bytes} [Thu Jul 16 17:12:35 2026] GET /v2.0/agents?binary=ovn-controller => generated 416 bytes in 24 msecs (HTTP/1.1 200) 4 headers in 157 bytes (1 switches on core 0) [pid: 8|app: 0|req: 1054/2142] 10.0.0.227 () {28 vars in 618 bytes} [Thu Jul 16 17:12:35 2026] GET /v2.0/network-ip-availabilities => generated 2641 bytes in 16 msecs (HTTP/1.1 200) 4 headers in 158 bytes (1 switches on core 0) [pid: 8|app: 0|req: 1055/2143] 10.0.0.227 () {28 vars in 598 bytes} [Thu Jul 16 17:12:35 2026] GET /v2.0/security-groups => generated 23209 bytes in 41 msecs (HTTP/1.1 200) 4 headers in 159 bytes (1 switches on core 0) [pid: 8|app: 0|req: 1056/2144] 10.0.0.227 () {28 vars in 582 bytes} [Thu Jul 16 17:12:35 2026] GET /v2.0/subnets => generated 1986 bytes in 48 msecs (HTTP/1.1 200) 4 headers in 158 bytes (1 switches on core 0) [pid: 7|app: 0|req: 1089/2145] 10.0.0.23 () {32 vars in 722 bytes} [Thu Jul 16 17:12:34 2026] DELETE /v2.0/routers/fac709ea-81f9-46b6-8e2d-d2f483aa94a6 => generated 0 bytes in 821 msecs (HTTP/1.1 204) 2 headers in 112 bytes (1 switches on core 0) [pid: 8|app: 0|req: 1057/2146] 10.0.0.23 () {32 vars in 722 bytes} [Thu Jul 16 17:12:35 2026] DELETE /v2.0/subnets/5c590975-89ea-434f-9a0b-28c2efced873 => generated 0 bytes in 169 msecs (HTTP/1.1 204) 3 headers in 131 bytes (1 switches on core 0)
2026-07-16 17:12:35.889 7 INFO neutron_taas.services.taas.taas_plugin [None req-1e108ae3-382d-4ae3-8b62-67ccda770c3b 2c50500a55254b52b74ffcb73d7a9e65 7fc8011fb237401f903b73b6babb9adc - - default default] TaaS: Handle Delete Port: b900a275-f3c8-4107-895b-9fb9a54c62e0
2026-07-16 17:12:35.892 7 INFO neutron_taas.services.taas.tap_mirror_plugin [None req-1e108ae3-382d-4ae3-8b62-67ccda770c3b 2c50500a55254b52b74ffcb73d7a9e65 7fc8011fb237401f903b73b6babb9adc - - default default] Tap Mirror: Handle Delete Port: b900a275-f3c8-4107-895b-9fb9a54c62e0
2026-07-16 17:12:36.075 7 INFO neutron.services.segments.plugin [-] Segment 24c27191-89ad-4d51-aaf9-a47cdb029707 resource provider aggregate not found
2026-07-16 17:12:36.079 7 INFO neutron.services.segments.plugin [-] Segment 24c27191-89ad-4d51-aaf9-a47cdb029707 resource provider aggregate not found
2026-07-16 17:12:36.097 7 INFO neutron.services.segments.plugin [-] Client error retrieving segment 24c27191-89ad-4d51-aaf9-a47cdb029707 resource provider; error: Placement Client Error (4xx): {"errors": [{"status": 404, "title": "Not Found", "detail": "The resource could not be found.\n\n No resource provider with uuid 24c27191-89ad-4d51-aaf9-a47cdb029707 found for delete ", "request_id": "req-f4610d91-6551-41ef-8ca6-daa2ed676ea0"}]}
2026-07-16 17:12:36.107 7 INFO neutron.services.segments.plugin [-] Client error retrieving segment 24c27191-89ad-4d51-aaf9-a47cdb029707 resource provider; error: Placement Client Error (4xx): {"errors": [{"status": 404, "title": "Not Found", "detail": "The resource could not be found.\n\n No resource provider with uuid 24c27191-89ad-4d51-aaf9-a47cdb029707 found for delete ", "request_id": "req-8d678b41-e2bc-4bf8-819b-01a80f5fda85"}]} [pid: 7|app: 0|req: 1090/2147] 10.0.0.23 () {32 vars in 724 bytes} [Thu Jul 16 17:12:35 2026] DELETE /v2.0/networks/23b35aca-3471-4e65-9c5f-22b51d3ed15e => generated 0 bytes in 353 msecs (HTTP/1.1 204) 3 headers in 131 bytes (1 switches on core 0)
2026-07-16 17:12:36.415 8 INFO neutron.db.ovn_revision_numbers_db [None req-9f66cc8a-3b03-499b-bcf3-844e5f82ea98 cbacc80ec69a4f6dabfeaadeb75f7251 268134cf618042d7bb0d48b0bf515a81 - - default default] Successfully bumped revision number for resource b282de4d-af57-498b-ad0b-908e88594f55 (type: security_groups) to 1
2026-07-16 17:12:36.429 8 INFO neutron.db.ovn_revision_numbers_db [None req-9f66cc8a-3b03-499b-bcf3-844e5f82ea98 cbacc80ec69a4f6dabfeaadeb75f7251 268134cf618042d7bb0d48b0bf515a81 - - default default] Successfully bumped revision number for resource 1cf145f1-197f-49a8-ab52-0a8c2ed5a8cd (type: security_group_rules) to 0
2026-07-16 17:12:36.440 8 INFO neutron.db.ovn_revision_numbers_db [None req-9f66cc8a-3b03-499b-bcf3-844e5f82ea98 cbacc80ec69a4f6dabfeaadeb75f7251 268134cf618042d7bb0d48b0bf515a81 - - default default] Successfully bumped revision number for resource 76f69122-4235-4531-9c95-48c9d29d1f0f (type: security_group_rules) to 0
2026-07-16 17:12:36.461 8 INFO neutron.db.ovn_revision_numbers_db [None req-9f66cc8a-3b03-499b-bcf3-844e5f82ea98 cbacc80ec69a4f6dabfeaadeb75f7251 268134cf618042d7bb0d48b0bf515a81 - - default default] Successfully bumped revision number for resource f83e7c8e-f797-4d5d-8f14-59d929e5cb49 (type: security_group_rules) to 0
2026-07-16 17:12:36.476 8 INFO neutron.db.ovn_revision_numbers_db [None req-9f66cc8a-3b03-499b-bcf3-844e5f82ea98 cbacc80ec69a4f6dabfeaadeb75f7251 268134cf618042d7bb0d48b0bf515a81 - - default default] Successfully bumped revision number for resource febcdd99-3241-45c3-bfbb-2e6676544e2c (type: security_group_rules) to 0
2026-07-16 17:12:36.487 7 WARNING neutron.db.securitygroups_db [None req-cbdab176-f409-402c-9378-4e893101a8ab 2c50500a55254b52b74ffcb73d7a9e65 7fc8011fb237401f903b73b6babb9adc - - default default] project_id key not found in filters, using tenant_id instead. This support has been deprecated and will be removed in a future release. [pid: 7|app: 0|req: 1091/2148] 10.0.0.23 () {32 vars in 772 bytes} [Thu Jul 16 17:12:36 2026] GET /v2.0/security-groups?tenant_id=7821d237382f42079a3747ed78a64a26&name=default => generated 2925 bytes in 33 msecs (HTTP/1.1 200) 4 headers in 158 bytes (1 switches on core 0)
2026-07-16 17:12:36.554 8 INFO neutron.db.segments_db [None req-9f66cc8a-3b03-499b-bcf3-844e5f82ea98 cbacc80ec69a4f6dabfeaadeb75f7251 268134cf618042d7bb0d48b0bf515a81 - - default default] Added segment 8dec14ae-2168-4bca-bfbf-7f9eb0b6c93f of type geneve for network b24d6526-d2c9-493c-89fb-1d5ca4bf1c63
2026-07-16 17:12:36.676 8 INFO neutron.db.ovn_revision_numbers_db [None req-9f66cc8a-3b03-499b-bcf3-844e5f82ea98 cbacc80ec69a4f6dabfeaadeb75f7251 268134cf618042d7bb0d48b0bf515a81 - - default default] Successfully bumped revision number for resource b24d6526-d2c9-493c-89fb-1d5ca4bf1c63 (type: networks) to 1 [pid: 7|app: 0|req: 1092/2149] 10.0.0.23 () {32 vars in 738 bytes} [Thu Jul 16 17:12:36 2026] DELETE /v2.0/security-groups/e1787ea4-6884-4ee5-978c-942a1883fab8 => generated 0 bytes in 167 msecs (HTTP/1.1 204) 2 headers in 112 bytes (1 switches on core 0)
2026-07-16 17:12:36.834 7 WARNING neutron.db.securitygroups_db [None req-cd46e15c-fde5-4b57-83c2-ce180ffde696 2c50500a55254b52b74ffcb73d7a9e65 7fc8011fb237401f903b73b6babb9adc - - default default] project_id key not found in filters, using tenant_id instead. This support has been deprecated and will be removed in a future release. [pid: 7|app: 0|req: 1093/2150] 10.0.0.23 () {32 vars in 772 bytes} [Thu Jul 16 17:12:36 2026] GET /v2.0/security-groups?tenant_id=411e079d96084e79a07c79756b28595b&name=default => generated 2925 bytes in 45 msecs (HTTP/1.1 200) 4 headers in 158 bytes (1 switches on core 0)
2026-07-16 17:12:36.883 8 WARNING neutron.scheduler.dhcp_agent_scheduler [None req-9f66cc8a-3b03-499b-bcf3-844e5f82ea98 cbacc80ec69a4f6dabfeaadeb75f7251 268134cf618042d7bb0d48b0bf515a81 - - default default] No more DHCP agents
2026-07-16 17:12:36.885 8 WARNING neutron.api.rpc.agentnotifiers.dhcp_rpc_agent_api [None req-9f66cc8a-3b03-499b-bcf3-844e5f82ea98 cbacc80ec69a4f6dabfeaadeb75f7251 268134cf618042d7bb0d48b0bf515a81 - - default default] Unable to schedule network b24d6526-d2c9-493c-89fb-1d5ca4bf1c63: no agents available; will retry on subsequent port and subnet creation events.
2026-07-16 17:12:36.930 7 INFO neutron.plugins.ml2.drivers.ovn.mech_driver.mech_driver [None req-bb197c83-2120-435d-8e20-31eaa483c2f3 - - - - - -] OVN reports status down for port: 52e99583-ca58-4c5a-adc4-562e45b8c049
2026-07-16 17:12:36.981 8 INFO neutron.db.ovn_revision_numbers_db [None req-9f66cc8a-3b03-499b-bcf3-844e5f82ea98 cbacc80ec69a4f6dabfeaadeb75f7251 268134cf618042d7bb0d48b0bf515a81 - - default default] Successfully bumped revision number for resource 52e99583-ca58-4c5a-adc4-562e45b8c049 (type: ports) to 1 [pid: 8|app: 0|req: 1058/2151] 10.0.0.23 () {34 vars in 668 bytes} [Thu Jul 16 17:12:36 2026] POST /v2.0/networks => generated 670 bytes in 858 msecs (HTTP/1.1 201) 4 headers in 162 bytes (1 switches on core 0) [pid: 7|app: 0|req: 1094/2152] 10.0.0.23 () {32 vars in 738 bytes} [Thu Jul 16 17:12:36 2026] DELETE /v2.0/security-groups/7d0f32a9-4bd1-4bfb-8bf8-582da4ca4788 => generated 0 bytes in 265 msecs (HTTP/1.1 204) 2 headers in 112 bytes (1 switches on core 0)
2026-07-16 17:12:37.279 8 WARNING neutron.scheduler.dhcp_agent_scheduler [None req-cca92d47-ba61-49f2-b2fd-8d4a2bb76629 cbacc80ec69a4f6dabfeaadeb75f7251 268134cf618042d7bb0d48b0bf515a81 - - default default] No more DHCP agents
2026-07-16 17:12:37.280 8 WARNING neutron.api.rpc.agentnotifiers.dhcp_rpc_agent_api [None req-cca92d47-ba61-49f2-b2fd-8d4a2bb76629 cbacc80ec69a4f6dabfeaadeb75f7251 268134cf618042d7bb0d48b0bf515a81 - - default default] Unable to schedule network b24d6526-d2c9-493c-89fb-1d5ca4bf1c63: no agents available; will retry on subsequent port and subnet creation events.
2026-07-16 17:12:37.335 7 INFO neutron.plugins.ml2.drivers.ovn.mech_driver.mech_driver [None req-bb197c83-2120-435d-8e20-31eaa483c2f3 - - - - - -] OVN reports status down for port: 3538af50-2900-4310-9b88-e3893f6270b7
2026-07-16 17:12:37.364 8 INFO neutron.db.ovn_revision_numbers_db [None req-cca92d47-ba61-49f2-b2fd-8d4a2bb76629 cbacc80ec69a4f6dabfeaadeb75f7251 268134cf618042d7bb0d48b0bf515a81 - - default default] Successfully bumped revision number for resource 3538af50-2900-4310-9b88-e3893f6270b7 (type: ports) to 1 [pid: 8|app: 0|req: 1059/2153] 10.0.0.23 () {34 vars in 662 bytes} [Thu Jul 16 17:12:37 2026] POST /v2.0/ports => generated 743 bytes in 382 msecs (HTTP/1.1 201) 4 headers in 162 bytes (1 switches on core 0)
2026-07-16 17:12:37.511 7 INFO neutron.db.segments_db [None req-c7d257d6-4700-4abb-ace6-0eb77b6eca40 cbacc80ec69a4f6dabfeaadeb75f7251 268134cf618042d7bb0d48b0bf515a81 - - default default] Added segment e57a6b86-2e40-47c7-8848-4695c7cd5b2a of type geneve for network b86ad514-f3fa-4f01-ac70-9d94bb3c502a
2026-07-16 17:12:37.619 7 INFO neutron.db.ovn_revision_numbers_db [None req-c7d257d6-4700-4abb-ace6-0eb77b6eca40 cbacc80ec69a4f6dabfeaadeb75f7251 268134cf618042d7bb0d48b0bf515a81 - - default default] Successfully bumped revision number for resource b86ad514-f3fa-4f01-ac70-9d94bb3c502a (type: networks) to 1
2026-07-16 17:12:37.787 7 WARNING neutron.scheduler.dhcp_agent_scheduler [None req-c7d257d6-4700-4abb-ace6-0eb77b6eca40 cbacc80ec69a4f6dabfeaadeb75f7251 268134cf618042d7bb0d48b0bf515a81 - - default default] No more DHCP agents
2026-07-16 17:12:37.789 7 WARNING neutron.api.rpc.agentnotifiers.dhcp_rpc_agent_api [None req-c7d257d6-4700-4abb-ace6-0eb77b6eca40 cbacc80ec69a4f6dabfeaadeb75f7251 268134cf618042d7bb0d48b0bf515a81 - - default default] Unable to schedule network b86ad514-f3fa-4f01-ac70-9d94bb3c502a: no agents available; will retry on subsequent port and subnet creation events.
2026-07-16 17:12:37.835 7 INFO neutron.plugins.ml2.drivers.ovn.mech_driver.mech_driver [None req-bb197c83-2120-435d-8e20-31eaa483c2f3 - - - - - -] OVN reports status down for port: e1c22acc-e4cf-4e0a-a96f-80339f9b5e05
2026-07-16 17:12:37.894 7 INFO neutron.db.ovn_revision_numbers_db [None req-c7d257d6-4700-4abb-ace6-0eb77b6eca40 cbacc80ec69a4f6dabfeaadeb75f7251 268134cf618042d7bb0d48b0bf515a81 - - default default] Successfully bumped revision number for resource e1c22acc-e4cf-4e0a-a96f-80339f9b5e05 (type: ports) to 1 [pid: 7|app: 0|req: 1095/2154] 10.0.0.23 () {34 vars in 668 bytes} [Thu Jul 16 17:12:37 2026] POST /v2.0/networks => generated 669 bytes in 540 msecs (HTTP/1.1 201) 4 headers in 162 bytes (1 switches on core 0) /var/lib/openstack/lib/python3.12/site-packages/pycadf/identifier.py:70: UserWarning: Invalid uuid: neutron. To ensure interoperability, identifiers should be a valid uuid. warnings.warn(('Invalid uuid: %s. To ensure interoperability, '
2026-07-16 17:12:38.201 8 WARNING neutron.scheduler.dhcp_agent_scheduler [None req-96bc94dc-d0d5-4192-9e23-1ae8267faa18 cbacc80ec69a4f6dabfeaadeb75f7251 268134cf618042d7bb0d48b0bf515a81 - - default default] No more DHCP agents
2026-07-16 17:12:38.202 8 WARNING neutron.api.rpc.agentnotifiers.dhcp_rpc_agent_api [None req-96bc94dc-d0d5-4192-9e23-1ae8267faa18 cbacc80ec69a4f6dabfeaadeb75f7251 268134cf618042d7bb0d48b0bf515a81 - - default default] Unable to schedule network b86ad514-f3fa-4f01-ac70-9d94bb3c502a: no agents available; will retry on subsequent port and subnet creation events.
2026-07-16 17:12:38.261 7 INFO neutron.plugins.ml2.drivers.ovn.mech_driver.mech_driver [None req-bb197c83-2120-435d-8e20-31eaa483c2f3 - - - - - -] OVN reports status down for port: 855b8913-9e99-481a-ae45-ab267932f75a
2026-07-16 17:12:38.284 8 INFO neutron.db.ovn_revision_numbers_db [None req-96bc94dc-d0d5-4192-9e23-1ae8267faa18 cbacc80ec69a4f6dabfeaadeb75f7251 268134cf618042d7bb0d48b0bf515a81 - - default default] Successfully bumped revision number for resource 855b8913-9e99-481a-ae45-ab267932f75a (type: ports) to 1 [pid: 8|app: 0|req: 1060/2155] 10.0.0.23 () {34 vars in 662 bytes} [Thu Jul 16 17:12:37 2026] POST /v2.0/ports => generated 743 bytes in 367 msecs (HTTP/1.1 201) 4 headers in 162 bytes (1 switches on core 0)
2026-07-16 17:12:38.433 7 INFO neutron.db.segments_db [None req-c09bfe50-e7ef-4fcb-aaf9-3c15e2d77ff9 cbacc80ec69a4f6dabfeaadeb75f7251 268134cf618042d7bb0d48b0bf515a81 - - default default] Added segment f700a198-fdba-4728-88b7-1980f3cc392c of type geneve for network bcfc8682-6f68-490e-b010-847d22574abf
2026-07-16 17:12:38.557 7 INFO neutron.db.ovn_revision_numbers_db [None req-c09bfe50-e7ef-4fcb-aaf9-3c15e2d77ff9 cbacc80ec69a4f6dabfeaadeb75f7251 268134cf618042d7bb0d48b0bf515a81 - - default default] Successfully bumped revision number for resource bcfc8682-6f68-490e-b010-847d22574abf (type: networks) to 1
2026-07-16 17:12:38.719 7 WARNING neutron.scheduler.dhcp_agent_scheduler [None req-c09bfe50-e7ef-4fcb-aaf9-3c15e2d77ff9 cbacc80ec69a4f6dabfeaadeb75f7251 268134cf618042d7bb0d48b0bf515a81 - - default default] No more DHCP agents
2026-07-16 17:12:38.721 7 WARNING neutron.api.rpc.agentnotifiers.dhcp_rpc_agent_api [None req-c09bfe50-e7ef-4fcb-aaf9-3c15e2d77ff9 cbacc80ec69a4f6dabfeaadeb75f7251 268134cf618042d7bb0d48b0bf515a81 - - default default] Unable to schedule network bcfc8682-6f68-490e-b010-847d22574abf: no agents available; will retry on subsequent port and subnet creation events.
2026-07-16 17:12:38.766 8 INFO neutron.plugins.ml2.drivers.ovn.mech_driver.mech_driver [None req-b6bdb24a-320e-49f1-87c7-346ef59549ff - - - - - -] OVN reports status down for port: b0200e35-e1bf-494e-9d55-41ffe1414366
2026-07-16 17:12:38.817 7 INFO neutron.db.ovn_revision_numbers_db [None req-c09bfe50-e7ef-4fcb-aaf9-3c15e2d77ff9 cbacc80ec69a4f6dabfeaadeb75f7251 268134cf618042d7bb0d48b0bf515a81 - - default default] Successfully bumped revision number for resource b0200e35-e1bf-494e-9d55-41ffe1414366 (type: ports) to 1 [pid: 7|app: 0|req: 1096/2156] 10.0.0.23 () {34 vars in 668 bytes} [Thu Jul 16 17:12:38 2026] POST /v2.0/networks => generated 669 bytes in 530 msecs (HTTP/1.1 201) 4 headers in 162 bytes (1 switches on core 0) /var/lib/openstack/lib/python3.12/site-packages/pycadf/identifier.py:70: UserWarning: Invalid uuid: neutron. To ensure interoperability, identifiers should be a valid uuid. warnings.warn(('Invalid uuid: %s. To ensure interoperability, '
2026-07-16 17:12:39.083 8 WARNING neutron.scheduler.dhcp_agent_scheduler [None req-dc40d2de-480f-4649-869a-4585dd912696 cbacc80ec69a4f6dabfeaadeb75f7251 268134cf618042d7bb0d48b0bf515a81 - - default default] No more DHCP agents
2026-07-16 17:12:39.084 8 WARNING neutron.api.rpc.agentnotifiers.dhcp_rpc_agent_api [None req-dc40d2de-480f-4649-869a-4585dd912696 cbacc80ec69a4f6dabfeaadeb75f7251 268134cf618042d7bb0d48b0bf515a81 - - default default] Unable to schedule network bcfc8682-6f68-490e-b010-847d22574abf: no agents available; will retry on subsequent port and subnet creation events.
2026-07-16 17:12:39.130 7 INFO neutron.plugins.ml2.drivers.ovn.mech_driver.mech_driver [None req-bb197c83-2120-435d-8e20-31eaa483c2f3 - - - - - -] OVN reports status down for port: d44d60ca-28d9-4008-ad67-f5ddf4622602
2026-07-16 17:12:39.169 8 INFO neutron.db.ovn_revision_numbers_db [None req-dc40d2de-480f-4649-869a-4585dd912696 cbacc80ec69a4f6dabfeaadeb75f7251 268134cf618042d7bb0d48b0bf515a81 - - default default] Successfully bumped revision number for resource d44d60ca-28d9-4008-ad67-f5ddf4622602 (type: ports) to 1 [pid: 8|app: 0|req: 1061/2159] 10.0.0.23 () {34 vars in 662 bytes} [Thu Jul 16 17:12:38 2026] POST /v2.0/ports => generated 743 bytes in 336 msecs (HTTP/1.1 201) 4 headers in 162 bytes (1 switches on core 0)
2026-07-16 17:12:39.301 7 INFO neutron.db.segments_db [None req-e6081249-14e7-475c-a591-d6ff32c97f5e cbacc80ec69a4f6dabfeaadeb75f7251 268134cf618042d7bb0d48b0bf515a81 - - default default] Added segment 9742ad8b-1628-4fbb-b54d-aa5198297e67 of type geneve for network 6beae3f6-01e3-4587-8eb9-ae0b63dc8173
2026-07-16 17:12:39.402 7 INFO neutron.db.ovn_revision_numbers_db [None req-e6081249-14e7-475c-a591-d6ff32c97f5e cbacc80ec69a4f6dabfeaadeb75f7251 268134cf618042d7bb0d48b0bf515a81 - - default default] Successfully bumped revision number for resource 6beae3f6-01e3-4587-8eb9-ae0b63dc8173 (type: networks) to 1
2026-07-16 17:12:39.564 7 WARNING neutron.scheduler.dhcp_agent_scheduler [None req-e6081249-14e7-475c-a591-d6ff32c97f5e cbacc80ec69a4f6dabfeaadeb75f7251 268134cf618042d7bb0d48b0bf515a81 - - default default] No more DHCP agents
2026-07-16 17:12:39.566 7 WARNING neutron.api.rpc.agentnotifiers.dhcp_rpc_agent_api [None req-e6081249-14e7-475c-a591-d6ff32c97f5e cbacc80ec69a4f6dabfeaadeb75f7251 268134cf618042d7bb0d48b0bf515a81 - - default default] Unable to schedule network 6beae3f6-01e3-4587-8eb9-ae0b63dc8173: no agents available; will retry on subsequent port and subnet creation events.
2026-07-16 17:12:39.606 8 INFO neutron.plugins.ml2.drivers.ovn.mech_driver.mech_driver [None req-b6bdb24a-320e-49f1-87c7-346ef59549ff - - - - - -] OVN reports status down for port: fd16079f-9e0e-4528-99bd-6f9e352f3c91
