2026-07-16 17:10:00.010 8 INFO neutron.db.ovn_revision_numbers_db [None req-7ea38871-54ef-4470-a1af-593d2be329e5 f8433004800e44f9ad0c24b291c61c18 4586ab0e62bb413b971dfb901b2e7c99 - - default default] Successfully bumped revision number for resource cc45cfa6-39e8-4b32-89c6-aa906c3d0ef6 (type: ports) to 1
2026-07-16 17:10:00.092 8 INFO neutron.db.ovn_revision_numbers_db [None req-7ea38871-54ef-4470-a1af-593d2be329e5 f8433004800e44f9ad0c24b291c61c18 4586ab0e62bb413b971dfb901b2e7c99 - - default default] Successfully bumped revision number for resource 229917d0-74e2-4e1b-87ba-68de904d40f6 (type: networks) to 1
2026-07-16 17:10:00.232 7 WARNING neutron.scheduler.dhcp_agent_scheduler [None req-00329ed0-b097-41be-87f9-6e82b7de4a5d e1716c7bb8e94ec6866b46eae4c864f1 971c313be33541969b72e769fd250ed6 - - default default] No more DHCP agents
2026-07-16 17:10:00.233 7 WARNING neutron.api.rpc.agentnotifiers.dhcp_rpc_agent_api [None req-00329ed0-b097-41be-87f9-6e82b7de4a5d e1716c7bb8e94ec6866b46eae4c864f1 971c313be33541969b72e769fd250ed6 - - default default] Unable to schedule network 45c1a10d-ecd0-472f-8718-715f3f08b286: no agents available; will retry on subsequent port and subnet creation events.
2026-07-16 17:10:00.328 8 WARNING neutron.scheduler.dhcp_agent_scheduler [None req-7ea38871-54ef-4470-a1af-593d2be329e5 f8433004800e44f9ad0c24b291c61c18 4586ab0e62bb413b971dfb901b2e7c99 - - default default] No more DHCP agents
2026-07-16 17:10:00.331 8 WARNING neutron.api.rpc.agentnotifiers.dhcp_rpc_agent_api [None req-7ea38871-54ef-4470-a1af-593d2be329e5 f8433004800e44f9ad0c24b291c61c18 4586ab0e62bb413b971dfb901b2e7c99 - - default default] Unable to schedule network 229917d0-74e2-4e1b-87ba-68de904d40f6: no agents available; will retry on subsequent port and subnet creation events.
2026-07-16 17:10:00.416 8 INFO neutron.db.ovn_revision_numbers_db [None req-7ea38871-54ef-4470-a1af-593d2be329e5 f8433004800e44f9ad0c24b291c61c18 4586ab0e62bb413b971dfb901b2e7c99 - - default default] Successfully bumped revision number for resource 76dc8f0f-1ef8-43ca-acd2-90cd0aba5b84 (type: ports) to 1 [pid: 8|app: 0|req: 505/1026] 10.0.0.23 () {34 vars in 668 bytes} [Thu Jul 16 17:09:58 2026] POST /v2.0/networks => generated 1322 bytes in 1508 msecs (HTTP/1.1 201) 4 headers in 163 bytes (1 switches on core 0) [pid: 8|app: 0|req: 506/1027] 10.0.0.23 () {32 vars in 647 bytes} [Thu Jul 16 17:10:00 2026] GET /v2.0/networks => generated 1971 bytes in 70 msecs (HTTP/1.1 200) 4 headers in 158 bytes (1 switches on core 0) [pid: 7|app: 0|req: 522/1028] 10.0.0.23 () {34 vars in 674 bytes} [Thu Jul 16 17:09:59 2026] POST /v2.0/floatingips => generated 552 bytes in 755 msecs (HTTP/1.1 201) 4 headers in 162 bytes (1 switches on core 0)
2026-07-16 17:10:00.689 8 INFO neutron_taas.services.taas.taas_plugin [None req-957a2927-75b9-4464-9edc-c3efd8720a1a f8433004800e44f9ad0c24b291c61c18 4586ab0e62bb413b971dfb901b2e7c99 - - default default] TaaS: Handle Delete Port: cc45cfa6-39e8-4b32-89c6-aa906c3d0ef6
2026-07-16 17:10:00.693 8 INFO neutron_taas.services.taas.tap_mirror_plugin [None req-957a2927-75b9-4464-9edc-c3efd8720a1a f8433004800e44f9ad0c24b291c61c18 4586ab0e62bb413b971dfb901b2e7c99 - - default default] Tap Mirror: Handle Delete Port: cc45cfa6-39e8-4b32-89c6-aa906c3d0ef6
2026-07-16 17:10:00.908 8 INFO neutron.services.segments.plugin [-] Segment ab10c515-d2b0-4dbc-aa3d-4502ff9aefc8 resource provider aggregate not found
2026-07-16 17:10:00.914 8 INFO neutron.services.segments.plugin [-] Segment ab10c515-d2b0-4dbc-aa3d-4502ff9aefc8 resource provider aggregate not found
2026-07-16 17:10:00.931 8 INFO neutron.services.segments.plugin [-] Client error retrieving segment ab10c515-d2b0-4dbc-aa3d-4502ff9aefc8 resource provider; error: Placement Client Error (4xx): {"errors": [{"status": 404, "title": "Not Found", "detail": "The resource could not be found.\n\n No resource provider with uuid ab10c515-d2b0-4dbc-aa3d-4502ff9aefc8 found for delete ", "request_id": "req-5d129c2f-e45b-4ba8-a44b-91333a3768a4"}]}
2026-07-16 17:10:00.934 8 INFO neutron.services.segments.plugin [-] Client error retrieving segment ab10c515-d2b0-4dbc-aa3d-4502ff9aefc8 resource provider; error: Placement Client Error (4xx): {"errors": [{"status": 404, "title": "Not Found", "detail": "The resource could not be found.\n\n No resource provider with uuid ab10c515-d2b0-4dbc-aa3d-4502ff9aefc8 found for delete ", "request_id": "req-6633c62b-2a9d-45cb-9479-0ea7ed7d9a29"}]} [pid: 8|app: 0|req: 507/1029] 10.0.0.23 () {32 vars in 724 bytes} [Thu Jul 16 17:10:00 2026] DELETE /v2.0/networks/98ecf39f-78f5-4c82-93b6-abc826391ae7 => generated 0 bytes in 435 msecs (HTTP/1.1 204) 3 headers in 131 bytes (1 switches on core 0)
2026-07-16 17:10:01.119 8 WARNING neutron.db.securitygroups_db [req-806daaec-7292-4836-9dd9-56008e44eb14 req-95677431-1d9a-4a7f-88b2-41132a2cfada e1716c7bb8e94ec6866b46eae4c864f1 971c313be33541969b72e769fd250ed6 - - default default] project_id key not found in filters, using tenant_id instead. This support has been deprecated and will be removed in a future release. [pid: 8|app: 0|req: 508/1030] 10.0.0.184 () {34 vars in 1099 bytes} [Thu Jul 16 17:10:01 2026] GET /v2.0/security-groups?name=tempest-securitygroup--1921186951&fields=id&tenant_id=971c313be33541969b72e769fd250ed6 => generated 69 bytes in 42 msecs (HTTP/1.1 200) 4 headers in 156 bytes (1 switches on core 0)
2026-07-16 17:10:01.161 7 INFO neutron_taas.services.taas.taas_plugin [None req-b12e5be2-4f60-4857-984d-0401fea25fc3 f8433004800e44f9ad0c24b291c61c18 4586ab0e62bb413b971dfb901b2e7c99 - - default default] TaaS: Handle Delete Port: 76dc8f0f-1ef8-43ca-acd2-90cd0aba5b84
2026-07-16 17:10:01.163 7 INFO neutron_taas.services.taas.tap_mirror_plugin [None req-b12e5be2-4f60-4857-984d-0401fea25fc3 f8433004800e44f9ad0c24b291c61c18 4586ab0e62bb413b971dfb901b2e7c99 - - default default] Tap Mirror: Handle Delete Port: 76dc8f0f-1ef8-43ca-acd2-90cd0aba5b84 [pid: 8|app: 0|req: 509/1031] 10.0.0.184 () {34 vars in 981 bytes} [Thu Jul 16 17:10:01 2026] GET /v2.0/networks?id=72f6e946-5a65-43f6-8354-9c99fef5f85c => generated 713 bytes in 55 msecs (HTTP/1.1 200) 4 headers in 157 bytes (1 switches on core 0) [pid: 8|app: 0|req: 510/1032] 10.0.0.184 () {34 vars in 964 bytes} [Thu Jul 16 17:10:01 2026] GET /v2.0/quotas/971c313be33541969b72e769fd250ed6 => generated 312 bytes in 15 msecs (HTTP/1.1 200) 4 headers in 157 bytes (1 switches on core 0) [pid: 8|app: 0|req: 511/1033] 10.0.0.184 () {34 vars in 1001 bytes} [Thu Jul 16 17:10:01 2026] GET /v2.0/ports?tenant_id=971c313be33541969b72e769fd250ed6&fields=id => generated 103 bytes in 107 msecs (HTTP/1.1 200) 4 headers in 157 bytes (1 switches on core 0)
2026-07-16 17:10:01.423 7 INFO neutron.services.segments.plugin [-] Segment f5b4dafe-e45b-4ff8-83bb-78042e1f5e39 resource provider aggregate not found
2026-07-16 17:10:01.428 7 INFO neutron.services.segments.plugin [-] Segment f5b4dafe-e45b-4ff8-83bb-78042e1f5e39 resource provider aggregate not found
2026-07-16 17:10:01.448 7 INFO neutron.services.segments.plugin [-] Client error retrieving segment f5b4dafe-e45b-4ff8-83bb-78042e1f5e39 resource provider; error: Placement Client Error (4xx): {"errors": [{"status": 404, "title": "Not Found", "detail": "The resource could not be found.\n\n No resource provider with uuid f5b4dafe-e45b-4ff8-83bb-78042e1f5e39 found for delete ", "request_id": "req-3c927181-abe1-4b88-a7d0-031f84e58f83"}]}
2026-07-16 17:10:01.462 7 INFO neutron.services.segments.plugin [-] Client error retrieving segment f5b4dafe-e45b-4ff8-83bb-78042e1f5e39 resource provider; error: Placement Client Error (4xx): {"errors": [{"status": 404, "title": "Not Found", "detail": "The resource could not be found.\n\n No resource provider with uuid f5b4dafe-e45b-4ff8-83bb-78042e1f5e39 found for delete ", "request_id": "req-d4a46744-9b4a-4908-9b3c-c953c837535f"}]} [pid: 8|app: 0|req: 512/1034] 10.0.0.184 () {34 vars in 1007 bytes} [Thu Jul 16 17:10:01 2026] GET /v2.0/networks/72f6e946-5a65-43f6-8354-9c99fef5f85c?fields=segments => generated 14 bytes in 84 msecs (HTTP/1.1 200) 4 headers in 156 bytes (1 switches on core 0) [pid: 7|app: 0|req: 523/1035] 10.0.0.23 () {32 vars in 724 bytes} [Thu Jul 16 17:10:00 2026] DELETE /v2.0/networks/229917d0-74e2-4e1b-87ba-68de904d40f6 => generated 0 bytes in 533 msecs (HTTP/1.1 204) 3 headers in 131 bytes (1 switches on core 0) [pid: 8|app: 0|req: 513/1036] 10.0.0.184 () {34 vars in 1107 bytes} [Thu Jul 16 17:10:01 2026] GET /v2.0/networks/72f6e946-5a65-43f6-8354-9c99fef5f85c?fields=provider%3Aphysical_network&fields=provider%3Anetwork_type => generated 79 bytes in 48 msecs (HTTP/1.1 200) 4 headers in 156 bytes (1 switches on core 0) [pid: 7|app: 0|req: 524/1037] 10.0.0.23 () {32 vars in 647 bytes} [Thu Jul 16 17:10:01 2026] GET /v2.0/networks => generated 689 bytes in 57 msecs (HTTP/1.1 200) 4 headers in 157 bytes (1 switches on core 0)
2026-07-16 17:10:01.653 8 INFO neutron.db.segments_db [None req-02957567-a0da-4cd6-8717-9fb1c40bb60b f8433004800e44f9ad0c24b291c61c18 4586ab0e62bb413b971dfb901b2e7c99 - - default default] Added segment f2de2982-6350-42cf-9e28-10d25afda209 of type geneve for network 023eef2c-1d56-40e3-997b-454cb81a3846 [pid: 7|app: 0|req: 525/1038] 10.0.0.184 () {34 vars in 1069 bytes} [Thu Jul 16 17:10:01 2026] GET /v2.0/ports?fields=security_groups&fields=device_id&device_id=ba27dcfd-aaa7-4a05-9014-43eff77ea3ea => generated 12 bytes in 24 msecs (HTTP/1.1 200) 4 headers in 156 bytes (1 switches on core 0)
2026-07-16 17:10:01.767 8 INFO neutron.db.ovn_revision_numbers_db [None req-02957567-a0da-4cd6-8717-9fb1c40bb60b f8433004800e44f9ad0c24b291c61c18 4586ab0e62bb413b971dfb901b2e7c99 - - default default] Successfully bumped revision number for resource 023eef2c-1d56-40e3-997b-454cb81a3846 (type: networks) to 1
2026-07-16 17:10:01.939 8 WARNING neutron.scheduler.dhcp_agent_scheduler [None req-02957567-a0da-4cd6-8717-9fb1c40bb60b f8433004800e44f9ad0c24b291c61c18 4586ab0e62bb413b971dfb901b2e7c99 - - default default] No more DHCP agents
2026-07-16 17:10:01.940 8 WARNING neutron.api.rpc.agentnotifiers.dhcp_rpc_agent_api [None req-02957567-a0da-4cd6-8717-9fb1c40bb60b f8433004800e44f9ad0c24b291c61c18 4586ab0e62bb413b971dfb901b2e7c99 - - default default] Unable to schedule network 023eef2c-1d56-40e3-997b-454cb81a3846: no agents available; will retry on subsequent port and subnet creation events.
2026-07-16 17:10:02.014 8 INFO neutron.db.ovn_revision_numbers_db [None req-02957567-a0da-4cd6-8717-9fb1c40bb60b f8433004800e44f9ad0c24b291c61c18 4586ab0e62bb413b971dfb901b2e7c99 - - default default] Successfully bumped revision number for resource 9f981a91-3e39-40c1-95d5-c1bafb47db62 (type: ports) to 1 [pid: 8|app: 0|req: 514/1039] 10.0.0.23 () {34 vars in 668 bytes} [Thu Jul 16 17:10:01 2026] POST /v2.0/networks => generated 688 bytes in 489 msecs (HTTP/1.1 201) 4 headers in 162 bytes (1 switches on core 0)
2026-07-16 17:10:02.158 7 INFO neutron.db.segments_db [None req-eeb3016f-ab6b-4b23-baef-dd8b65fb69b5 f8433004800e44f9ad0c24b291c61c18 4586ab0e62bb413b971dfb901b2e7c99 - - default default] Added segment 53270204-dc13-45c3-ab49-2f9d1c6ba481 of type geneve for network efc208e8-4593-46bc-9967-b02cea1f56a9
2026-07-16 17:10:02.295 7 INFO neutron.db.ovn_revision_numbers_db [None req-eeb3016f-ab6b-4b23-baef-dd8b65fb69b5 f8433004800e44f9ad0c24b291c61c18 4586ab0e62bb413b971dfb901b2e7c99 - - default default] Successfully bumped revision number for resource efc208e8-4593-46bc-9967-b02cea1f56a9 (type: networks) to 1
2026-07-16 17:10:02.504 7 WARNING neutron.scheduler.dhcp_agent_scheduler [None req-eeb3016f-ab6b-4b23-baef-dd8b65fb69b5 f8433004800e44f9ad0c24b291c61c18 4586ab0e62bb413b971dfb901b2e7c99 - - default default] No more DHCP agents
2026-07-16 17:10:02.506 7 WARNING neutron.api.rpc.agentnotifiers.dhcp_rpc_agent_api [None req-eeb3016f-ab6b-4b23-baef-dd8b65fb69b5 f8433004800e44f9ad0c24b291c61c18 4586ab0e62bb413b971dfb901b2e7c99 - - default default] Unable to schedule network efc208e8-4593-46bc-9967-b02cea1f56a9: no agents available; will retry on subsequent port and subnet creation events.
2026-07-16 17:10:02.576 8 INFO neutron.plugins.ml2.drivers.ovn.mech_driver.mech_driver [None req-105524a5-4d77-4a7d-93d9-12f549d985fc - - - - - -] OVN reports status down for port: 7ed8be8e-dc4d-40a3-9651-a03e79ff616d
2026-07-16 17:10:02.585 7 INFO neutron.db.ovn_revision_numbers_db [None req-eeb3016f-ab6b-4b23-baef-dd8b65fb69b5 f8433004800e44f9ad0c24b291c61c18 4586ab0e62bb413b971dfb901b2e7c99 - - default default] Successfully bumped revision number for resource 7ed8be8e-dc4d-40a3-9651-a03e79ff616d (type: ports) to 1 [pid: 7|app: 0|req: 526/1040] 10.0.0.23 () {34 vars in 668 bytes} [Thu Jul 16 17:10:02 2026] POST /v2.0/networks => generated 687 bytes in 556 msecs (HTTP/1.1 201) 4 headers in 162 bytes (1 switches on core 0) [pid: 7|app: 0|req: 527/1041] 10.0.0.184 () {34 vars in 1069 bytes} [Thu Jul 16 17:10:02 2026] GET /v2.0/ports?fields=security_groups&fields=device_id&device_id=ba27dcfd-aaa7-4a05-9014-43eff77ea3ea => generated 12 bytes in 21 msecs (HTTP/1.1 200) 4 headers in 156 bytes (1 switches on core 0)
2026-07-16 17:10:03.124 8 WARNING neutron.scheduler.dhcp_agent_scheduler [None req-19fa1462-fca8-49af-b0b4-61651642b9b9 f8433004800e44f9ad0c24b291c61c18 4586ab0e62bb413b971dfb901b2e7c99 - - default default] No more DHCP agents
2026-07-16 17:10:03.127 8 WARNING neutron.api.rpc.agentnotifiers.dhcp_rpc_agent_api [None req-19fa1462-fca8-49af-b0b4-61651642b9b9 f8433004800e44f9ad0c24b291c61c18 4586ab0e62bb413b971dfb901b2e7c99 - - default default] Unable to schedule network 023eef2c-1d56-40e3-997b-454cb81a3846: no agents available; will retry on subsequent port and subnet creation events.
2026-07-16 17:10:03.176 7 INFO neutron.db.ovn_revision_numbers_db [None req-9be20ad0-03ae-4d3a-bb09-18ce3e39b213 3acf4ffd6fc24cac89f0d8f142855c47 7125dd2dc0fb4c4eb7a243f7fd4b048e - - default default] Successfully bumped revision number for resource 6a6a1803-9fcc-4fa7-a4c3-ec0c8707413c (type: security_groups) to 1
2026-07-16 17:10:03.192 7 INFO neutron.db.ovn_revision_numbers_db [None req-9be20ad0-03ae-4d3a-bb09-18ce3e39b213 3acf4ffd6fc24cac89f0d8f142855c47 7125dd2dc0fb4c4eb7a243f7fd4b048e - - default default] Successfully bumped revision number for resource 0b6a2125-b1dd-4e2b-bc9b-7a8b8c9b56a0 (type: security_group_rules) to 0
2026-07-16 17:10:03.234 7 INFO neutron.db.ovn_revision_numbers_db [None req-9be20ad0-03ae-4d3a-bb09-18ce3e39b213 3acf4ffd6fc24cac89f0d8f142855c47 7125dd2dc0fb4c4eb7a243f7fd4b048e - - default default] Successfully bumped revision number for resource 18b1b02e-dbcd-475b-919c-baf256ca0eab (type: security_group_rules) to 0
2026-07-16 17:10:03.236 8 INFO neutron.plugins.ml2.drivers.ovn.mech_driver.mech_driver [None req-105524a5-4d77-4a7d-93d9-12f549d985fc - - - - - -] OVN reports status down for port: caad0b8f-b871-49af-8526-c0bdac9f7817
2026-07-16 17:10:03.260 7 WARNING neutron.plugins.ml2.drivers.ovn.mech_driver.ovsdb.ovn_client [None req-2d1a96e0-4649-404f-91a8-1a3a765ee577 - - - - - -] No hosting information found for port 63aefa66-14e4-44bc-bdb9-c98297af4ad1: RuntimeError: No hosting information found for port 63aefa66-14e4-44bc-bdb9-c98297af4ad1
2026-07-16 17:10:03.264 7 INFO neutron.db.ovn_revision_numbers_db [None req-9be20ad0-03ae-4d3a-bb09-18ce3e39b213 3acf4ffd6fc24cac89f0d8f142855c47 7125dd2dc0fb4c4eb7a243f7fd4b048e - - default default] Successfully bumped revision number for resource b9b0fd50-87ea-430b-88a6-dafdf59a072a (type: security_group_rules) to 0
2026-07-16 17:10:03.283 7 INFO neutron.db.ovn_revision_numbers_db [None req-9be20ad0-03ae-4d3a-bb09-18ce3e39b213 3acf4ffd6fc24cac89f0d8f142855c47 7125dd2dc0fb4c4eb7a243f7fd4b048e - - default default] Successfully bumped revision number for resource f1149f92-51c3-4302-846b-f27552bf4a46 (type: security_group_rules) to 0
2026-07-16 17:10:03.315 8 INFO neutron.db.ovn_revision_numbers_db [None req-19fa1462-fca8-49af-b0b4-61651642b9b9 f8433004800e44f9ad0c24b291c61c18 4586ab0e62bb413b971dfb901b2e7c99 - - default default] Successfully bumped revision number for resource caad0b8f-b871-49af-8526-c0bdac9f7817 (type: ports) to 1
2026-07-16 17:10:03.321 7 INFO neutron.common.ovn.utils [None req-2d1a96e0-4649-404f-91a8-1a3a765ee577 - - - - - -] HA Chassis Group neutron-72f6e946-5a65-43f6-8354-9c99fef5f85c synchronized; highest priority chassis 6e953b32-1cf0-4f1f-bdfe-3dd50c382435
2026-07-16 17:10:03.414 8 WARNING neutron.scheduler.dhcp_agent_scheduler [None req-19fa1462-fca8-49af-b0b4-61651642b9b9 f8433004800e44f9ad0c24b291c61c18 4586ab0e62bb413b971dfb901b2e7c99 - - default default] No more DHCP agents
2026-07-16 17:10:03.415 8 WARNING neutron.api.rpc.agentnotifiers.dhcp_rpc_agent_api [None req-19fa1462-fca8-49af-b0b4-61651642b9b9 f8433004800e44f9ad0c24b291c61c18 4586ab0e62bb413b971dfb901b2e7c99 - - default default] Unable to schedule network efc208e8-4593-46bc-9967-b02cea1f56a9: no agents available; will retry on subsequent port and subnet creation events.
2026-07-16 17:10:03.492 8 INFO neutron.plugins.ml2.drivers.ovn.mech_driver.mech_driver [None req-105524a5-4d77-4a7d-93d9-12f549d985fc - - - - - -] OVN reports status down for port: 3080bebc-33e7-42f1-9025-51e7d58d2bb5
2026-07-16 17:10:03.605 8 INFO neutron.db.ovn_revision_numbers_db [None req-19fa1462-fca8-49af-b0b4-61651642b9b9 f8433004800e44f9ad0c24b291c61c18 4586ab0e62bb413b971dfb901b2e7c99 - - default default] Successfully bumped revision number for resource 3080bebc-33e7-42f1-9025-51e7d58d2bb5 (type: ports) to 1 [pid: 8|app: 0|req: 515/1042] 10.0.0.23 () {34 vars in 663 bytes} [Thu Jul 16 17:10:02 2026] POST /v2.0/ports => generated 1506 bytes in 1046 msecs (HTTP/1.1 201) 4 headers in 163 bytes (1 switches on core 0) /var/lib/openstack/lib/python3.12/site-packages/pycadf/identifier.py:70: UserWarning: Invalid uuid: neutron. To ensure interoperability, identifiers should be a valid uuid. warnings.warn(('Invalid uuid: %s. To ensure interoperability, '
2026-07-16 17:10:03.715 8 WARNING neutron.db.securitygroups_db [None req-111a34f8-7ca8-4f04-8686-6c9e9d2c79d4 2c50500a55254b52b74ffcb73d7a9e65 7fc8011fb237401f903b73b6babb9adc - - default default] project_id key not found in filters, using tenant_id instead. This support has been deprecated and will be removed in a future release.
2026-07-16 17:10:03.853 7 INFO neutron.db.segments_db [None req-9be20ad0-03ae-4d3a-bb09-18ce3e39b213 3acf4ffd6fc24cac89f0d8f142855c47 7125dd2dc0fb4c4eb7a243f7fd4b048e - - default default] Added segment 8932f990-9d18-487f-bba0-ea27b72b1109 of type geneve for network ba26eccd-b1d4-47fb-a765-19ee32a49d9a
2026-07-16 17:10:03.862 8 INFO neutron.db.ovn_revision_numbers_db [None req-111a34f8-7ca8-4f04-8686-6c9e9d2c79d4 2c50500a55254b52b74ffcb73d7a9e65 7fc8011fb237401f903b73b6babb9adc - - default default] Successfully bumped revision number for resource dcc8bb71-813c-44f9-87b9-083ba59cd548 (type: security_groups) to 1
2026-07-16 17:10:03.878 8 INFO neutron.db.ovn_revision_numbers_db [None req-111a34f8-7ca8-4f04-8686-6c9e9d2c79d4 2c50500a55254b52b74ffcb73d7a9e65 7fc8011fb237401f903b73b6babb9adc - - default default] Successfully bumped revision number for resource 51886411-c9d6-47ff-9d24-98145890878c (type: security_group_rules) to 0
2026-07-16 17:10:03.889 8 INFO neutron.db.ovn_revision_numbers_db [None req-111a34f8-7ca8-4f04-8686-6c9e9d2c79d4 2c50500a55254b52b74ffcb73d7a9e65 7fc8011fb237401f903b73b6babb9adc - - default default] Successfully bumped revision number for resource 8f11e818-b98d-4c19-b8e1-b2bf990fd031 (type: security_group_rules) to 0
2026-07-16 17:10:03.901 8 INFO neutron.db.ovn_revision_numbers_db [None req-111a34f8-7ca8-4f04-8686-6c9e9d2c79d4 2c50500a55254b52b74ffcb73d7a9e65 7fc8011fb237401f903b73b6babb9adc - - default default] Successfully bumped revision number for resource a9d8bf99-1e32-46f6-9615-9ae71eb2698a (type: security_group_rules) to 0
2026-07-16 17:10:03.914 8 INFO neutron.db.ovn_revision_numbers_db [None req-111a34f8-7ca8-4f04-8686-6c9e9d2c79d4 2c50500a55254b52b74ffcb73d7a9e65 7fc8011fb237401f903b73b6babb9adc - - default default] Successfully bumped revision number for resource ad3657df-c7a1-4ec6-8fea-f82d91d69cac (type: security_group_rules) to 0 [pid: 8|app: 0|req: 516/1043] 10.0.0.23 () {32 vars in 772 bytes} [Thu Jul 16 17:10:03 2026] GET /v2.0/security-groups?tenant_id=d1d423657c3d42078bd4f01e0f9b087a&name=default => generated 2925 bytes in 292 msecs (HTTP/1.1 200) 4 headers in 158 bytes (1 switches on core 0)
2026-07-16 17:10:03.974 7 INFO neutron.db.ovn_revision_numbers_db [None req-2d1a96e0-4649-404f-91a8-1a3a765ee577 - - - - - -] Successfully bumped revision number for resource 63aefa66-14e4-44bc-bdb9-c98297af4ad1 (type: router_ports) to 2
2026-07-16 17:10:03.975 7 INFO neutron.plugins.ml2.drivers.ovn.mech_driver.mech_driver [None req-2d1a96e0-4649-404f-91a8-1a3a765ee577 - - - - - -] OVN reports status down for port: cc45cfa6-39e8-4b32-89c6-aa906c3d0ef6
2026-07-16 17:10:03.999 7 INFO neutron.plugins.ml2.drivers.ovn.mech_driver.mech_driver [None req-2d1a96e0-4649-404f-91a8-1a3a765ee577 - - - - - -] OVN reports status down for port: 76dc8f0f-1ef8-43ca-acd2-90cd0aba5b84
2026-07-16 17:10:04.015 7 INFO neutron.plugins.ml2.drivers.ovn.mech_driver.mech_driver [None req-2d1a96e0-4649-404f-91a8-1a3a765ee577 - - - - - -] OVN reports status down for port: 9f981a91-3e39-40c1-95d5-c1bafb47db62 [pid: 8|app: 0|req: 517/1044] 10.0.0.23 () {32 vars in 641 bytes} [Thu Jul 16 17:10:03 2026] GET /v2.0/ports => generated 3018 bytes in 67 msecs (HTTP/1.1 200) 4 headers in 158 bytes (1 switches on core 0) [pid: 8|app: 0|req: 518/1045] 10.0.0.184 () {34 vars in 1069 bytes} [Thu Jul 16 17:10:04 2026] GET /v2.0/ports?fields=security_groups&fields=device_id&device_id=ba27dcfd-aaa7-4a05-9014-43eff77ea3ea => generated 12 bytes in 17 msecs (HTTP/1.1 200) 4 headers in 156 bytes (1 switches on core 0)
2026-07-16 17:10:04.043 7 INFO neutron.db.ovn_revision_numbers_db [None req-9be20ad0-03ae-4d3a-bb09-18ce3e39b213 3acf4ffd6fc24cac89f0d8f142855c47 7125dd2dc0fb4c4eb7a243f7fd4b048e - - default default] Successfully bumped revision number for resource ba26eccd-b1d4-47fb-a765-19ee32a49d9a (type: networks) to 1 [pid: 8|app: 0|req: 519/1046] 10.0.0.23 () {32 vars in 738 bytes} [Thu Jul 16 17:10:04 2026] DELETE /v2.0/security-groups/dcc8bb71-813c-44f9-87b9-083ba59cd548 => generated 0 bytes in 232 msecs (HTTP/1.1 204) 2 headers in 112 bytes (1 switches on core 0)
2026-07-16 17:10:04.298 7 WARNING neutron.scheduler.dhcp_agent_scheduler [None req-9be20ad0-03ae-4d3a-bb09-18ce3e39b213 3acf4ffd6fc24cac89f0d8f142855c47 7125dd2dc0fb4c4eb7a243f7fd4b048e - - default default] No more DHCP agents
2026-07-16 17:10:04.299 7 WARNING neutron.api.rpc.agentnotifiers.dhcp_rpc_agent_api [None req-9be20ad0-03ae-4d3a-bb09-18ce3e39b213 3acf4ffd6fc24cac89f0d8f142855c47 7125dd2dc0fb4c4eb7a243f7fd4b048e - - default default] Unable to schedule network ba26eccd-b1d4-47fb-a765-19ee32a49d9a: no agents available; will retry on subsequent port and subnet creation events.
2026-07-16 17:10:04.380 8 INFO neutron.plugins.ml2.drivers.ovn.mech_driver.mech_driver [None req-105524a5-4d77-4a7d-93d9-12f549d985fc - - - - - -] OVN reports status down for port: a6333837-bd2b-472c-96c5-8f0874438eb2
2026-07-16 17:10:04.395 7 INFO neutron.db.ovn_revision_numbers_db [None req-9be20ad0-03ae-4d3a-bb09-18ce3e39b213 3acf4ffd6fc24cac89f0d8f142855c47 7125dd2dc0fb4c4eb7a243f7fd4b048e - - default default] Successfully bumped revision number for resource a6333837-bd2b-472c-96c5-8f0874438eb2 (type: ports) to 1 [pid: 7|app: 0|req: 528/1047] 10.0.0.23 () {34 vars in 669 bytes} [Thu Jul 16 17:10:02 2026] POST /v2.0/networks => generated 671 bytes in 1593 msecs (HTTP/1.1 201) 4 headers in 162 bytes (1 switches on core 0)
2026-07-16 17:10:04.432 7 WARNING neutron.db.securitygroups_db [None req-f09b122a-dd51-4def-869f-541f8daf1e6e 2c50500a55254b52b74ffcb73d7a9e65 7fc8011fb237401f903b73b6babb9adc - - default default] project_id key not found in filters, using tenant_id instead. This support has been deprecated and will be removed in a future release.
2026-07-16 17:10:04.502 8 INFO neutron_taas.services.taas.taas_plugin [None req-0aa4f21f-fa4a-4553-8838-20bdbe1d7191 f8433004800e44f9ad0c24b291c61c18 4586ab0e62bb413b971dfb901b2e7c99 - - default default] TaaS: Handle Delete Port: caad0b8f-b871-49af-8526-c0bdac9f7817
2026-07-16 17:10:04.507 8 INFO neutron_taas.services.taas.tap_mirror_plugin [None req-0aa4f21f-fa4a-4553-8838-20bdbe1d7191 f8433004800e44f9ad0c24b291c61c18 4586ab0e62bb413b971dfb901b2e7c99 - - default default] Tap Mirror: Handle Delete Port: caad0b8f-b871-49af-8526-c0bdac9f7817
2026-07-16 17:10:04.613 7 INFO neutron.db.ovn_revision_numbers_db [None req-f09b122a-dd51-4def-869f-541f8daf1e6e 2c50500a55254b52b74ffcb73d7a9e65 7fc8011fb237401f903b73b6babb9adc - - default default] Successfully bumped revision number for resource 282d4e51-a58f-4853-b713-80f0dd08cffb (type: security_groups) to 1
2026-07-16 17:10:04.636 7 INFO neutron.db.ovn_revision_numbers_db [None req-f09b122a-dd51-4def-869f-541f8daf1e6e 2c50500a55254b52b74ffcb73d7a9e65 7fc8011fb237401f903b73b6babb9adc - - default default] Successfully bumped revision number for resource 0087117a-cfdf-4fe2-9036-1e4b81259a52 (type: security_group_rules) to 0
2026-07-16 17:10:04.669 7 INFO neutron.db.ovn_revision_numbers_db [None req-f09b122a-dd51-4def-869f-541f8daf1e6e 2c50500a55254b52b74ffcb73d7a9e65 7fc8011fb237401f903b73b6babb9adc - - default default] Successfully bumped revision number for resource 73d9f580-7a81-4d4c-8fa9-d9ad670115be (type: security_group_rules) to 0
2026-07-16 17:10:04.713 7 INFO neutron.db.ovn_revision_numbers_db [None req-f09b122a-dd51-4def-869f-541f8daf1e6e 2c50500a55254b52b74ffcb73d7a9e65 7fc8011fb237401f903b73b6babb9adc - - default default] Successfully bumped revision number for resource 764d7b85-1854-4963-81c7-be64e0b4af8e (type: security_group_rules) to 0
2026-07-16 17:10:04.725 7 INFO neutron.db.ovn_revision_numbers_db [None req-f09b122a-dd51-4def-869f-541f8daf1e6e 2c50500a55254b52b74ffcb73d7a9e65 7fc8011fb237401f903b73b6babb9adc - - default default] Successfully bumped revision number for resource 9634697a-4975-4c77-9bd0-0a5b05a85e35 (type: security_group_rules) to 0 [pid: 8|app: 0|req: 520/1048] 10.0.0.23 () {32 vars in 718 bytes} [Thu Jul 16 17:10:04 2026] DELETE /v2.0/ports/caad0b8f-b871-49af-8526-c0bdac9f7817 => generated 0 bytes in 460 msecs (HTTP/1.1 204) 3 headers in 131 bytes (1 switches on core 0) [pid: 7|app: 0|req: 529/1049] 10.0.0.23 () {32 vars in 772 bytes} [Thu Jul 16 17:10:04 2026] GET /v2.0/security-groups?tenant_id=9e7b068ec87b41fcbc4e5fc7812406af&name=default => generated 2925 bytes in 335 msecs (HTTP/1.1 200) 4 headers in 158 bytes (1 switches on core 0)
2026-07-16 17:10:04.909 7 INFO neutron_taas.services.taas.taas_plugin [None req-4ecbf469-72dd-4f4a-9eba-398fe4840cd6 f8433004800e44f9ad0c24b291c61c18 4586ab0e62bb413b971dfb901b2e7c99 - - default default] TaaS: Handle Delete Port: 3080bebc-33e7-42f1-9025-51e7d58d2bb5
2026-07-16 17:10:04.913 7 INFO neutron_taas.services.taas.tap_mirror_plugin [None req-4ecbf469-72dd-4f4a-9eba-398fe4840cd6 f8433004800e44f9ad0c24b291c61c18 4586ab0e62bb413b971dfb901b2e7c99 - - default default] Tap Mirror: Handle Delete Port: 3080bebc-33e7-42f1-9025-51e7d58d2bb5 [pid: 7|app: 0|req: 530/1050] 10.0.0.23 () {32 vars in 718 bytes} [Thu Jul 16 17:10:04 2026] DELETE /v2.0/ports/3080bebc-33e7-42f1-9025-51e7d58d2bb5 => generated 0 bytes in 265 msecs (HTTP/1.1 204) 3 headers in 131 bytes (1 switches on core 0) [pid: 7|app: 0|req: 531/1051] 10.0.0.23 () {32 vars in 738 bytes} [Thu Jul 16 17:10:05 2026] DELETE /v2.0/security-groups/282d4e51-a58f-4853-b713-80f0dd08cffb => generated 0 bytes in 222 msecs (HTTP/1.1 204) 2 headers in 112 bytes (1 switches on core 0)
2026-07-16 17:10:05.312 8 WARNING neutron.scheduler.dhcp_agent_scheduler [None req-b104f1f5-f2a0-49ce-bca2-2de71e9addcc 3acf4ffd6fc24cac89f0d8f142855c47 7125dd2dc0fb4c4eb7a243f7fd4b048e - - default default] No more DHCP agents
2026-07-16 17:10:05.313 8 WARNING neutron.api.rpc.agentnotifiers.dhcp_rpc_agent_api [None req-b104f1f5-f2a0-49ce-bca2-2de71e9addcc 3acf4ffd6fc24cac89f0d8f142855c47 7125dd2dc0fb4c4eb7a243f7fd4b048e - - default default] Unable to schedule network 45c1a10d-ecd0-472f-8718-715f3f08b286: no agents available; will retry on subsequent port and subnet creation events. [pid: 7|app: 0|req: 532/1052] 10.0.0.23 () {32 vars in 641 bytes} [Thu Jul 16 17:10:05 2026] GET /v2.0/ports => generated 1523 bytes in 88 msecs (HTTP/1.1 200) 4 headers in 158 bytes (1 switches on core 0) [pid: 7|app: 0|req: 533/1053] 10.0.0.184 () {34 vars in 1069 bytes} [Thu Jul 16 17:10:05 2026] GET /v2.0/ports?fields=security_groups&fields=device_id&device_id=ba27dcfd-aaa7-4a05-9014-43eff77ea3ea => generated 12 bytes in 15 msecs (HTTP/1.1 200) 4 headers in 156 bytes (1 switches on core 0)
2026-07-16 17:10:05.461 7 INFO neutron.db.segments_db [None req-b0b6280d-5ff4-458d-beb1-e7f4be941d12 f8433004800e44f9ad0c24b291c61c18 4586ab0e62bb413b971dfb901b2e7c99 - - default default] Added segment 9966f497-8e7b-4c69-8876-f6d58a73d12e of type geneve for network 1e66d2d2-14a5-46ef-9cf9-1e8befedb039
2026-07-16 17:10:05.475 8 INFO neutron.db.ovn_revision_numbers_db [None req-b104f1f5-f2a0-49ce-bca2-2de71e9addcc 3acf4ffd6fc24cac89f0d8f142855c47 7125dd2dc0fb4c4eb7a243f7fd4b048e - - default default] Successfully bumped revision number for resource 2c9aed77-3950-4b6d-abcc-9c8783d51c9e (type: ports) to 1
2026-07-16 17:10:05.501 7 INFO neutron.plugins.ml2.drivers.ovn.mech_driver.mech_driver [None req-2d1a96e0-4649-404f-91a8-1a3a765ee577 - - - - - -] OVN reports status down for port: 2c9aed77-3950-4b6d-abcc-9c8783d51c9e
2026-07-16 17:10:05.693 7 INFO neutron.db.ovn_revision_numbers_db [None req-b0b6280d-5ff4-458d-beb1-e7f4be941d12 f8433004800e44f9ad0c24b291c61c18 4586ab0e62bb413b971dfb901b2e7c99 - - default default] Successfully bumped revision number for resource 1e66d2d2-14a5-46ef-9cf9-1e8befedb039 (type: networks) to 1
2026-07-16 17:10:05.858 7 WARNING neutron.scheduler.dhcp_agent_scheduler [None req-b0b6280d-5ff4-458d-beb1-e7f4be941d12 f8433004800e44f9ad0c24b291c61c18 4586ab0e62bb413b971dfb901b2e7c99 - - default default] No more DHCP agents
2026-07-16 17:10:05.859 7 WARNING neutron.api.rpc.agentnotifiers.dhcp_rpc_agent_api [None req-b0b6280d-5ff4-458d-beb1-e7f4be941d12 f8433004800e44f9ad0c24b291c61c18 4586ab0e62bb413b971dfb901b2e7c99 - - default default] Unable to schedule network 1e66d2d2-14a5-46ef-9cf9-1e8befedb039: no agents available; will retry on subsequent port and subnet creation events.
2026-07-16 17:10:05.924 7 INFO neutron.plugins.ml2.drivers.ovn.mech_driver.mech_driver [None req-2d1a96e0-4649-404f-91a8-1a3a765ee577 - - - - - -] OVN reports status down for port: e395a733-c26a-4de8-8f82-627de5f385bd
2026-07-16 17:10:05.993 7 INFO neutron.db.ovn_revision_numbers_db [None req-b0b6280d-5ff4-458d-beb1-e7f4be941d12 f8433004800e44f9ad0c24b291c61c18 4586ab0e62bb413b971dfb901b2e7c99 - - default default] Successfully bumped revision number for resource e395a733-c26a-4de8-8f82-627de5f385bd (type: ports) to 1 [pid: 7|app: 0|req: 534/1054] 10.0.0.23 () {34 vars in 668 bytes} [Thu Jul 16 17:10:05 2026] POST /v2.0/networks => generated 688 bytes in 686 msecs (HTTP/1.1 201) 4 headers in 162 bytes (1 switches on core 0)
2026-07-16 17:10:06.158 8 INFO neutron.db.ovn_revision_numbers_db [None req-b104f1f5-f2a0-49ce-bca2-2de71e9addcc 3acf4ffd6fc24cac89f0d8f142855c47 7125dd2dc0fb4c4eb7a243f7fd4b048e - - default default] Successfully bumped revision number for resource 2c9aed77-3950-4b6d-abcc-9c8783d51c9e (type: router_ports) to 1
2026-07-16 17:10:06.179 7 INFO neutron.plugins.ml2.drivers.ovn.mech_driver.ovsdb.ovsdb_monitor [None req-59695bd1-9cef-44b5-998a-07e5c09ab0f7 - - - - - -] Router ded283eb-d2b9-467a-95d5-32d8a5f3a843 is bound to host instance
2026-07-16 17:10:06.202 7 INFO neutron.plugins.ml2.drivers.ovn.mech_driver.mech_driver [None req-2d1a96e0-4649-404f-91a8-1a3a765ee577 - - - - - -] OVN reports status up for port: 2c9aed77-3950-4b6d-abcc-9c8783d51c9e
2026-07-16 17:10:06.219 8 INFO neutron.db.ovn_revision_numbers_db [None req-b104f1f5-f2a0-49ce-bca2-2de71e9addcc 3acf4ffd6fc24cac89f0d8f142855c47 7125dd2dc0fb4c4eb7a243f7fd4b048e - - default default] Successfully bumped revision number for resource ded283eb-d2b9-467a-95d5-32d8a5f3a843 (type: routers) to 2 [pid: 8|app: 0|req: 521/1055] 10.0.0.23 () {34 vars in 667 bytes} [Thu Jul 16 17:10:04 2026] POST /v2.0/routers => generated 976 bytes in 1518 msecs (HTTP/1.1 201) 4 headers in 162 bytes (1 switches on core 0) [pid: 7|app: 0|req: 535/1056] 199.204.45.113 () {34 vars in 985 bytes} [Thu Jul 16 17:10:06 2026] GET /v2.0/networks?id=72f6e946-5a65-43f6-8354-9c99fef5f85c => generated 713 bytes in 225 msecs (HTTP/1.1 200) 4 headers in 157 bytes (1 switches on core 0)
2026-07-16 17:10:06.278 7 INFO neutron.plugins.ml2.plugin [None req-2d1a96e0-4649-404f-91a8-1a3a765ee577 - - - - - -] Attempt 1 to provision port 2c9aed77-3950-4b6d-abcc-9c8783d51c9e
2026-07-16 17:10:06.372 8 INFO neutron.db.segments_db [None req-3b735454-f452-454c-af9f-97e6819e271e f8433004800e44f9ad0c24b291c61c18 4586ab0e62bb413b971dfb901b2e7c99 - - default default] Added segment 182dc502-a161-457a-b2d3-267cbd7ed1a1 of type geneve for network 36f8f9d7-fd2c-4011-bb25-bd22652212bf
2026-07-16 17:10:06.518 8 INFO neutron.db.ovn_revision_numbers_db [None req-3b735454-f452-454c-af9f-97e6819e271e f8433004800e44f9ad0c24b291c61c18 4586ab0e62bb413b971dfb901b2e7c99 - - default default] Successfully bumped revision number for resource 36f8f9d7-fd2c-4011-bb25-bd22652212bf (type: networks) to 1 [pid: 7|app: 0|req: 536/1057] 10.0.0.23 () {32 vars in 774 bytes} [Thu Jul 16 17:10:06 2026] GET /v2.0/subnets?project_id=7125dd2dc0fb4c4eb7a243f7fd4b048e&cidr=10.100.0.0%2F28 => generated 14 bytes in 371 msecs (HTTP/1.1 200) 4 headers in 156 bytes (1 switches on core 0)
2026-07-16 17:10:06.662 7 WARNING neutron.db.securitygroups_db [req-806daaec-7292-4836-9dd9-56008e44eb14 req-35026ed3-c52f-40fc-b8a3-c635ba380429 e1716c7bb8e94ec6866b46eae4c864f1 971c313be33541969b72e769fd250ed6 - - default default] project_id key not found in filters, using tenant_id instead. This support has been deprecated and will be removed in a future release.
2026-07-16 17:10:06.696 8 WARNING neutron.scheduler.dhcp_agent_scheduler [None req-3b735454-f452-454c-af9f-97e6819e271e f8433004800e44f9ad0c24b291c61c18 4586ab0e62bb413b971dfb901b2e7c99 - - default default] No more DHCP agents
2026-07-16 17:10:06.699 8 WARNING neutron.api.rpc.agentnotifiers.dhcp_rpc_agent_api [None req-3b735454-f452-454c-af9f-97e6819e271e f8433004800e44f9ad0c24b291c61c18 4586ab0e62bb413b971dfb901b2e7c99 - - default default] Unable to schedule network 36f8f9d7-fd2c-4011-bb25-bd22652212bf: no agents available; will retry on subsequent port and subnet creation events. [pid: 7|app: 0|req: 537/1058] 199.204.45.113 () {34 vars in 1049 bytes} [Thu Jul 16 17:10:06 2026] GET /v2.0/security-groups?fields=id&fields=name&tenant_id=971c313be33541969b72e769fd250ed6 => generated 181 bytes in 77 msecs (HTTP/1.1 200) 4 headers in 157 bytes (1 switches on core 0) [pid: 7|app: 0|req: 538/1059] 10.0.0.184 () {34 vars in 1069 bytes} [Thu Jul 16 17:10:06 2026] GET /v2.0/ports?fields=security_groups&fields=device_id&device_id=ba27dcfd-aaa7-4a05-9014-43eff77ea3ea => generated 12 bytes in 52 msecs (HTTP/1.1 200) 4 headers in 156 bytes (1 switches on core 0)
2026-07-16 17:10:06.804 8 INFO neutron.db.ovn_revision_numbers_db [None req-3b735454-f452-454c-af9f-97e6819e271e f8433004800e44f9ad0c24b291c61c18 4586ab0e62bb413b971dfb901b2e7c99 - - default default] Successfully bumped revision number for resource b9c09b3e-be31-4af0-9e67-b094c1a87811 (type: ports) to 1 [pid: 8|app: 0|req: 522/1060] 10.0.0.23 () {34 vars in 668 bytes} [Thu Jul 16 17:10:06 2026] POST /v2.0/networks => generated 688 bytes in 571 msecs (HTTP/1.1 201) 4 headers in 162 bytes (1 switches on core 0) [pid: 7|app: 0|req: 539/1061] 10.0.0.23 () {32 vars in 692 bytes} [Thu Jul 16 17:10:06 2026] GET /v2.0/networks?router%3Aexternal=True => generated 791 bytes in 131 msecs (HTTP/1.1 200) 4 headers in 157 bytes (1 switches on core 0)
2026-07-16 17:10:07.127 8 WARNING neutron.scheduler.dhcp_agent_scheduler [req-806daaec-7292-4836-9dd9-56008e44eb14 req-60581eba-a2b8-4c1c-a964-a18108ccc757 e1716c7bb8e94ec6866b46eae4c864f1 971c313be33541969b72e769fd250ed6 - - default default] No more DHCP agents
2026-07-16 17:10:07.130 8 WARNING neutron.api.rpc.agentnotifiers.dhcp_rpc_agent_api [req-806daaec-7292-4836-9dd9-56008e44eb14 req-60581eba-a2b8-4c1c-a964-a18108ccc757 e1716c7bb8e94ec6866b46eae4c864f1 971c313be33541969b72e769fd250ed6 - - default default] Unable to schedule network 72f6e946-5a65-43f6-8354-9c99fef5f85c: no agents available; will retry on subsequent port and subnet creation events.
2026-07-16 17:10:07.393 8 INFO neutron.db.ovn_revision_numbers_db [req-806daaec-7292-4836-9dd9-56008e44eb14 req-60581eba-a2b8-4c1c-a964-a18108ccc757 e1716c7bb8e94ec6866b46eae4c864f1 971c313be33541969b72e769fd250ed6 - - default default] Successfully bumped revision number for resource 747cd470-9e55-485c-a8e3-8d41405e378b (type: ports) to 1 [pid: 8|app: 0|req: 523/1062] 199.204.45.113 () {38 vars in 954 bytes} [Thu Jul 16 17:10:06 2026] POST /v2.0/ports => generated 954 bytes in 592 msecs (HTTP/1.1 201) 4 headers in 162 bytes (1 switches on core 0) /var/lib/openstack/lib/python3.12/site-packages/pycadf/identifier.py:70: UserWarning: Invalid uuid: neutron. To ensure interoperability, identifiers should be a valid uuid. warnings.warn(('Invalid uuid: %s. To ensure interoperability, ' [pid: 8|app: 0|req: 524/1063] 10.0.0.23 () {32 vars in 782 bytes} [Thu Jul 16 17:10:07 2026] GET /v2.0/subnets?network_id=45c1a10d-ecd0-472f-8718-715f3f08b286&cidr=10.100.0.0%2F28 => generated 14 bytes in 30 msecs (HTTP/1.1 200) 4 headers in 156 bytes (1 switches on core 0)
2026-07-16 17:10:07.532 7 WARNING neutron.scheduler.dhcp_agent_scheduler [None req-5f71d10a-bf96-4347-ae6a-7023f194e562 f8433004800e44f9ad0c24b291c61c18 4586ab0e62bb413b971dfb901b2e7c99 - - default default] No more DHCP agents
2026-07-16 17:10:07.534 7 WARNING neutron.api.rpc.agentnotifiers.dhcp_rpc_agent_api [None req-5f71d10a-bf96-4347-ae6a-7023f194e562 f8433004800e44f9ad0c24b291c61c18 4586ab0e62bb413b971dfb901b2e7c99 - - default default] Unable to schedule network 1e66d2d2-14a5-46ef-9cf9-1e8befedb039: no agents available; will retry on subsequent port and subnet creation events.
2026-07-16 17:10:07.898 8 INFO neutron.db.ovn_revision_numbers_db [req-806daaec-7292-4836-9dd9-56008e44eb14 req-bba83c4d-246b-492c-82de-5650fb9c5b30 c8f5f9dd2cc64c90ba2083585de04557 a5b92589619949fb96afc00bae46c62b - - dab6b41fb80949969b0945af1c32a0ef dab6b41fb80949969b0945af1c32a0ef] Successfully bumped revision number for resource 747cd470-9e55-485c-a8e3-8d41405e378b (type: ports) to 2
2026-07-16 17:10:07.983 7 INFO neutron.db.ovn_revision_numbers_db [None req-13ac1b6d-237d-4598-a426-d6a031ffe470 - - - - - -] Successfully bumped revision number for resource 2c9aed77-3950-4b6d-abcc-9c8783d51c9e (type: ports) to 4
2026-07-16 17:10:08.184 8 INFO neutron.db.ovn_revision_numbers_db [req-806daaec-7292-4836-9dd9-56008e44eb14 req-bba83c4d-246b-492c-82de-5650fb9c5b30 c8f5f9dd2cc64c90ba2083585de04557 a5b92589619949fb96afc00bae46c62b - - dab6b41fb80949969b0945af1c32a0ef dab6b41fb80949969b0945af1c32a0ef] Successfully bumped revision number for resource 747cd470-9e55-485c-a8e3-8d41405e378b (type: ports) to 4 [pid: 8|app: 0|req: 525/1064] 199.204.45.113 () {38 vars in 1027 bytes} [Thu Jul 16 17:10:07 2026] PUT /v2.0/ports/747cd470-9e55-485c-a8e3-8d41405e378b => generated 1226 bytes in 765 msecs (HTTP/1.1 200) 4 headers in 158 bytes (1 switches on core 0) /var/lib/openstack/lib/python3.12/site-packages/pycadf/identifier.py:70: UserWarning: Invalid uuid: neutron. To ensure interoperability, identifiers should be a valid uuid. warnings.warn(('Invalid uuid: %s. To ensure interoperability, '
2026-07-16 17:10:08.250 8 INFO neutron.notifiers.nova [-] Nova event matching ['req-86130466-fe7c-461b-8519-d2c308b84dbe'] response: {'name': 'network-changed', 'server_uuid': 'ba27dcfd-aaa7-4a05-9014-43eff77ea3ea', 'tag': '747cd470-9e55-485c-a8e3-8d41405e378b', 'status': 'completed', 'code': 200}
2026-07-16 17:10:08.480 8 WARNING neutron.scheduler.dhcp_agent_scheduler [None req-4097f848-4cc5-427c-a04b-f9d34f1b9256 3acf4ffd6fc24cac89f0d8f142855c47 7125dd2dc0fb4c4eb7a243f7fd4b048e - - default default] No more DHCP agents
2026-07-16 17:10:08.481 8 WARNING neutron.api.rpc.agentnotifiers.dhcp_rpc_agent_api [None req-4097f848-4cc5-427c-a04b-f9d34f1b9256 3acf4ffd6fc24cac89f0d8f142855c47 7125dd2dc0fb4c4eb7a243f7fd4b048e - - default default] Unable to schedule network ba26eccd-b1d4-47fb-a765-19ee32a49d9a: no agents available; will retry on subsequent port and subnet creation events.
2026-07-16 17:10:08.562 7 INFO neutron.db.ovn_revision_numbers_db [None req-5f71d10a-bf96-4347-ae6a-7023f194e562 f8433004800e44f9ad0c24b291c61c18 4586ab0e62bb413b971dfb901b2e7c99 - - default default] Successfully bumped revision number for resource e395a733-c26a-4de8-8f82-627de5f385bd (type: ports) to 2
2026-07-16 17:10:08.647 7 INFO neutron.db.ovn_revision_numbers_db [None req-5f71d10a-bf96-4347-ae6a-7023f194e562 f8433004800e44f9ad0c24b291c61c18 4586ab0e62bb413b971dfb901b2e7c99 - - default default] Successfully bumped revision number for resource 3a768b00-6eb2-4f1f-9c29-cab9a2fee833 (type: subnets) to 0
2026-07-16 17:10:08.735 7 INFO neutron.db.ovn_revision_numbers_db [None req-13ac1b6d-237d-4598-a426-d6a031ffe470 - - - - - -] Successfully bumped revision number for resource 2c9aed77-3950-4b6d-abcc-9c8783d51c9e (type: ports) to 5
2026-07-16 17:10:08.738 7 WARNING neutron.scheduler.dhcp_agent_scheduler [None req-5f71d10a-bf96-4347-ae6a-7023f194e562 f8433004800e44f9ad0c24b291c61c18 4586ab0e62bb413b971dfb901b2e7c99 - - default default] No more DHCP agents
2026-07-16 17:10:08.742 7 WARNING neutron.api.rpc.agentnotifiers.dhcp_rpc_agent_api [None req-5f71d10a-bf96-4347-ae6a-7023f194e562 f8433004800e44f9ad0c24b291c61c18 4586ab0e62bb413b971dfb901b2e7c99 - - default default] Unable to schedule network 36f8f9d7-fd2c-4011-bb25-bd22652212bf: no agents available; will retry on subsequent port and subnet creation events.
2026-07-16 17:10:08.999 8 INFO neutron.db.ovn_revision_numbers_db [None req-4097f848-4cc5-427c-a04b-f9d34f1b9256 3acf4ffd6fc24cac89f0d8f142855c47 7125dd2dc0fb4c4eb7a243f7fd4b048e - - default default] Successfully bumped revision number for resource a6333837-bd2b-472c-96c5-8f0874438eb2 (type: ports) to 2
2026-07-16 17:10:09.037 8 INFO neutron.db.ovn_revision_numbers_db [None req-4097f848-4cc5-427c-a04b-f9d34f1b9256 3acf4ffd6fc24cac89f0d8f142855c47 7125dd2dc0fb4c4eb7a243f7fd4b048e - - default default] Successfully bumped revision number for resource 8c3e789c-e1ee-41f6-933b-3821f4e6ce66 (type: subnets) to 0 [pid: 8|app: 0|req: 526/1065] 10.0.0.23 () {34 vars in 667 bytes} [Thu Jul 16 17:10:08 2026] POST /v2.0/subnets => generated 656 bytes in 841 msecs (HTTP/1.1 201) 4 headers in 162 bytes (1 switches on core 0) [pid: 8|app: 0|req: 527/1066] 10.0.0.184 () {34 vars in 1069 bytes} [Thu Jul 16 17:10:09 2026] GET /v2.0/ports?fields=security_groups&fields=device_id&device_id=ba27dcfd-aaa7-4a05-9014-43eff77ea3ea => generated 123 bytes in 41 msecs (HTTP/1.1 200) 4 headers in 157 bytes (1 switches on core 0)
2026-07-16 17:10:09.119 7 INFO neutron.plugins.ml2.drivers.ovn.mech_driver.mech_driver [None req-2d1a96e0-4649-404f-91a8-1a3a765ee577 - - - - - -] OVN reports status down for port: b9c09b3e-be31-4af0-9e67-b094c1a87811 [pid: 8|app: 0|req: 528/1067] 199.204.45.113 () {34 vars in 1079 bytes} [Thu Jul 16 17:10:09 2026] GET /v2.0/ports?tenant_id=971c313be33541969b72e769fd250ed6&device_id=ba27dcfd-aaa7-4a05-9014-43eff77ea3ea => generated 1229 bytes in 44 msecs (HTTP/1.1 200) 4 headers in 158 bytes (1 switches on core 0)
2026-07-16 17:10:09.267 7 INFO neutron.plugins.ml2.drivers.ovn.mech_driver.mech_driver [None req-2d1a96e0-4649-404f-91a8-1a3a765ee577 - - - - - -] OVN reports status down for port: 747cd470-9e55-485c-a8e3-8d41405e378b
2026-07-16 17:10:09.418 7 INFO neutron.notifiers.nova [-] Nova event matching ['req-e59265d1-2f48-43a7-9383-e1b27a04deed'] response: {'server_uuid': 'ba27dcfd-aaa7-4a05-9014-43eff77ea3ea', 'name': 'network-vif-unplugged', 'status': 'completed', 'tag': '747cd470-9e55-485c-a8e3-8d41405e378b', 'code': 200}
2026-07-16 17:10:09.466 7 INFO neutron.db.ovn_revision_numbers_db [None req-5f71d10a-bf96-4347-ae6a-7023f194e562 f8433004800e44f9ad0c24b291c61c18 4586ab0e62bb413b971dfb901b2e7c99 - - default default] Successfully bumped revision number for resource b9c09b3e-be31-4af0-9e67-b094c1a87811 (type: ports) to 2
2026-07-16 17:10:09.506 7 INFO neutron.db.ovn_revision_numbers_db [None req-5f71d10a-bf96-4347-ae6a-7023f194e562 f8433004800e44f9ad0c24b291c61c18 4586ab0e62bb413b971dfb901b2e7c99 - - default default] Successfully bumped revision number for resource 6b414c5b-dad1-4188-9100-1700fa962cac (type: subnets) to 0 [pid: 7|app: 0|req: 540/1068] 10.0.0.23 () {34 vars in 667 bytes} [Thu Jul 16 17:10:06 2026] POST /v2.0/subnets => generated 1274 bytes in 2622 msecs (HTTP/1.1 201) 4 headers in 163 bytes (1 switches on core 0) [pid: 7|app: 0|req: 543/1071] 10.0.0.184 () {34 vars in 1039 bytes} [Thu Jul 16 17:10:09 2026] GET /v2.0/security-groups?id=161430ac-4df8-44b4-b122-751abf36ff9a&fields=id&fields=name => generated 114 bytes in 49 msecs (HTTP/1.1 200) 4 headers in 157 bytes (1 switches on core 0) [pid: 7|app: 0|req: 544/1072] 199.204.45.113 () {34 vars in 1017 bytes} [Thu Jul 16 17:10:09 2026] GET /v2.0/networks?tenant_id=971c313be33541969b72e769fd250ed6&shared=False => generated 812 bytes in 52 msecs (HTTP/1.1 200) 4 headers in 157 bytes (1 switches on core 0) [pid: 7|app: 0|req: 545/1073] 10.0.0.23 () {32 vars in 645 bytes} [Thu Jul 16 17:10:09 2026] GET /v2.0/subnets => generated 1910 bytes in 47 msecs (HTTP/1.1 200) 4 headers in 158 bytes (1 switches on core 0) [pid: 7|app: 0|req: 546/1074] 199.204.45.113 () {34 vars in 929 bytes} [Thu Jul 16 17:10:09 2026] GET /v2.0/networks?shared=True => generated 791 bytes in 60 msecs (HTTP/1.1 200) 4 headers in 157 bytes (1 switches on core 0)
2026-07-16 17:10:09.840 8 WARNING neutron.scheduler.dhcp_agent_scheduler [None req-b4e32c9f-fa81-426a-a356-726667791cdf 3acf4ffd6fc24cac89f0d8f142855c47 7125dd2dc0fb4c4eb7a243f7fd4b048e - - default default] No more DHCP agents
2026-07-16 17:10:09.841 8 WARNING neutron.api.rpc.agentnotifiers.dhcp_rpc_agent_api [None req-b4e32c9f-fa81-426a-a356-726667791cdf 3acf4ffd6fc24cac89f0d8f142855c47 7125dd2dc0fb4c4eb7a243f7fd4b048e - - default default] Unable to schedule network ba26eccd-b1d4-47fb-a765-19ee32a49d9a: no agents available; will retry on subsequent port and subnet creation events.
2026-07-16 17:10:09.973 8 INFO neutron.plugins.ml2.drivers.ovn.mech_driver.mech_driver [None req-105524a5-4d77-4a7d-93d9-12f549d985fc - - - - - -] OVN reports status down for port: 68f6dfc5-924f-4ba4-bf4a-0717653c453c [pid: 7|app: 0|req: 547/1075] 10.0.0.23 () {32 vars in 722 bytes} [Thu Jul 16 17:10:09 2026] DELETE /v2.0/subnets/3a768b00-6eb2-4f1f-9c29-cab9a2fee833 => generated 0 bytes in 233 msecs (HTTP/1.1 204) 3 headers in 131 bytes (1 switches on core 0)
2026-07-16 17:10:10.042 8 INFO neutron.db.ovn_revision_numbers_db [None req-b4e32c9f-fa81-426a-a356-726667791cdf 3acf4ffd6fc24cac89f0d8f142855c47 7125dd2dc0fb4c4eb7a243f7fd4b048e - - default default] Successfully bumped revision number for resource 68f6dfc5-924f-4ba4-bf4a-0717653c453c (type: ports) to 1
2026-07-16 17:10:10.196 7 WARNING neutron.db.securitygroups_db [None req-c036399f-dd2b-404d-a8ed-51d5580fb17e 2c50500a55254b52b74ffcb73d7a9e65 7fc8011fb237401f903b73b6babb9adc - - default default] project_id key not found in filters, using tenant_id instead. This support has been deprecated and will be removed in a future release.
2026-07-16 17:10:10.348 7 INFO neutron.db.ovn_revision_numbers_db [None req-c036399f-dd2b-404d-a8ed-51d5580fb17e 2c50500a55254b52b74ffcb73d7a9e65 7fc8011fb237401f903b73b6babb9adc - - default default] Successfully bumped revision number for resource 910416ca-fe7f-4cac-827f-2573de442ce9 (type: security_groups) to 1
2026-07-16 17:10:10.360 7 INFO neutron.db.ovn_revision_numbers_db [None req-c036399f-dd2b-404d-a8ed-51d5580fb17e 2c50500a55254b52b74ffcb73d7a9e65 7fc8011fb237401f903b73b6babb9adc - - default default] Successfully bumped revision number for resource 37cc356a-b96d-4036-b581-755036a35155 (type: security_group_rules) to 0
2026-07-16 17:10:10.372 7 INFO neutron.db.ovn_revision_numbers_db [None req-c036399f-dd2b-404d-a8ed-51d5580fb17e 2c50500a55254b52b74ffcb73d7a9e65 7fc8011fb237401f903b73b6babb9adc - - default default] Successfully bumped revision number for resource 6dbfeaa9-b707-4e6a-bf2d-70fb8e49154e (type: security_group_rules) to 0
2026-07-16 17:10:10.384 7 INFO neutron.db.ovn_revision_numbers_db [None req-c036399f-dd2b-404d-a8ed-51d5580fb17e 2c50500a55254b52b74ffcb73d7a9e65 7fc8011fb237401f903b73b6babb9adc - - default default] Successfully bumped revision number for resource 7946d459-7ea5-4053-80c5-1cfe89b18e71 (type: security_group_rules) to 0
