2026-07-16 17:11:51.428 7 INFO neutron.db.ovn_revision_numbers_db [None req-93877e0e-c1e8-482d-aa96-f2bee2c60e71 - - - - - -] Successfully bumped revision number for resource d56cc9b0-7d5c-4106-9547-ec684ffd7d3f (type: ports) to 2
2026-07-16 17:11:51.519 8 INFO neutron.db.ovn_revision_numbers_db [None req-0f836b17-277f-4e14-8b33-453400579735 35856d52db444742882c83becbd51f9e b341ad2d2c9144c8a7c042c179a9c89d - - default default] Successfully bumped revision number for resource e238bcc5-76e3-4810-a83e-d952ddff022f (type: networks) to 1 [pid: 7|app: 0|req: 986/1911] 10.0.0.218 () {32 vars in 800 bytes} [Thu Jul 16 17:11:51 2026] GET /v2.0/extensions => generated 22668 bytes in 10 msecs (HTTP/1.1 200) 4 headers in 159 bytes (1 switches on core 0)
2026-07-16 17:11:51.697 8 WARNING neutron.scheduler.dhcp_agent_scheduler [None req-0f836b17-277f-4e14-8b33-453400579735 35856d52db444742882c83becbd51f9e b341ad2d2c9144c8a7c042c179a9c89d - - default default] No more DHCP agents
2026-07-16 17:11:51.699 8 WARNING neutron.api.rpc.agentnotifiers.dhcp_rpc_agent_api [None req-0f836b17-277f-4e14-8b33-453400579735 35856d52db444742882c83becbd51f9e b341ad2d2c9144c8a7c042c179a9c89d - - default default] Unable to schedule network e238bcc5-76e3-4810-a83e-d952ddff022f: no agents available; will retry on subsequent port and subnet creation events.
2026-07-16 17:11:51.780 8 INFO neutron.db.ovn_revision_numbers_db [None req-0f836b17-277f-4e14-8b33-453400579735 35856d52db444742882c83becbd51f9e b341ad2d2c9144c8a7c042c179a9c89d - - default default] Successfully bumped revision number for resource 60676394-19c1-4c56-a942-969e0d9be1a5 (type: ports) to 1 [pid: 8|app: 0|req: 926/1912] 10.0.0.23 () {34 vars in 668 bytes} [Thu Jul 16 17:11:51 2026] POST /v2.0/networks => generated 670 bytes in 506 msecs (HTTP/1.1 201) 4 headers in 162 bytes (1 switches on core 0) [pid: 7|app: 0|req: 987/1913] 10.0.0.218 () {32 vars in 861 bytes} [Thu Jul 16 17:11:51 2026] GET /v2.0/quotas/0533027f313045bf84fd7958ad33a29d/details => generated 904 bytes in 86 msecs (HTTP/1.1 200) 4 headers in 157 bytes (1 switches on core 0) [pid: 7|app: 0|req: 988/1914] 10.0.0.23 () {32 vars in 715 bytes} [Thu Jul 16 17:11:51 2026] GET /v2.0/ports/d56cc9b0-7d5c-4106-9547-ec684ffd7d3f => generated 955 bytes in 34 msecs (HTTP/1.1 200) 4 headers in 157 bytes (1 switches on core 0)
2026-07-16 17:11:51.955 8 WARNING neutron.scheduler.dhcp_agent_scheduler [None req-3d139c8e-b7b6-42c5-98c3-c37313eb4c36 35856d52db444742882c83becbd51f9e b341ad2d2c9144c8a7c042c179a9c89d - - default default] No more DHCP agents
2026-07-16 17:11:51.956 8 WARNING neutron.api.rpc.agentnotifiers.dhcp_rpc_agent_api [None req-3d139c8e-b7b6-42c5-98c3-c37313eb4c36 35856d52db444742882c83becbd51f9e b341ad2d2c9144c8a7c042c179a9c89d - - default default] Unable to schedule network e238bcc5-76e3-4810-a83e-d952ddff022f: no agents available; will retry on subsequent port and subnet creation events.
2026-07-16 17:11:52.164 7 INFO neutron_taas.services.taas.taas_plugin [None req-6e1d6a24-b859-4632-9d5a-2aae930fd059 9aabafbfd4884011b23a5cdd397ac6e1 f69e8d3db48649c1af26355e20c7822f - - default default] TaaS: Handle Delete Port: d56cc9b0-7d5c-4106-9547-ec684ffd7d3f
2026-07-16 17:11:52.167 7 INFO neutron_taas.services.taas.tap_mirror_plugin [None req-6e1d6a24-b859-4632-9d5a-2aae930fd059 9aabafbfd4884011b23a5cdd397ac6e1 f69e8d3db48649c1af26355e20c7822f - - default default] Tap Mirror: Handle Delete Port: d56cc9b0-7d5c-4106-9547-ec684ffd7d3f
2026-07-16 17:11:52.445 8 INFO neutron.db.ovn_revision_numbers_db [None req-3d139c8e-b7b6-42c5-98c3-c37313eb4c36 35856d52db444742882c83becbd51f9e b341ad2d2c9144c8a7c042c179a9c89d - - default default] Successfully bumped revision number for resource 60676394-19c1-4c56-a942-969e0d9be1a5 (type: ports) to 2
2026-07-16 17:11:52.471 8 INFO neutron.db.ovn_revision_numbers_db [None req-3d139c8e-b7b6-42c5-98c3-c37313eb4c36 35856d52db444742882c83becbd51f9e b341ad2d2c9144c8a7c042c179a9c89d - - default default] Successfully bumped revision number for resource 48469488-d6c2-4b4d-ac41-aff57b012e19 (type: subnets) to 0 [pid: 8|app: 0|req: 927/1915] 10.0.0.23 () {34 vars in 667 bytes} [Thu Jul 16 17:11:51 2026] POST /v2.0/subnets => generated 629 bytes in 675 msecs (HTTP/1.1 201) 4 headers in 162 bytes (1 switches on core 0) [pid: 7|app: 0|req: 989/1916] 10.0.0.23 () {34 vars in 787 bytes} [Thu Jul 16 17:11:51 2026] PUT /v2.0/routers/3d00762b-0094-4815-9055-d3d37c68c25d/remove_router_interface => generated 310 bytes in 678 msecs (HTTP/1.1 200) 4 headers in 157 bytes (1 switches on core 0) /var/lib/openstack/lib/python3.12/site-packages/pycadf/identifier.py:70: UserWarning: Invalid uuid: neutron. To ensure interoperability, identifiers should be a valid uuid. warnings.warn(('Invalid uuid: %s. To ensure interoperability, '
2026-07-16 17:11:52.599 8 INFO neutron.db.segments_db [None req-c04e0cd6-7c5f-49e2-a271-a22b4425f89a 35856d52db444742882c83becbd51f9e b341ad2d2c9144c8a7c042c179a9c89d - - default default] Added segment 19b0f4b9-7774-45d4-a023-51ce293580bb of type geneve for network cb378cb1-b310-4353-b269-f78006820fd5 [pid: 7|app: 0|req: 990/1917] 10.0.0.23 () {32 vars in 715 bytes} [Thu Jul 16 17:11:52 2026] GET /v2.0/ports/9910d033-4c7d-4c9c-ab8b-f7d4b2fbddb8 => generated 947 bytes in 81 msecs (HTTP/1.1 200) 4 headers in 157 bytes (1 switches on core 0)
2026-07-16 17:11:52.697 8 INFO neutron.db.ovn_revision_numbers_db [None req-c04e0cd6-7c5f-49e2-a271-a22b4425f89a 35856d52db444742882c83becbd51f9e b341ad2d2c9144c8a7c042c179a9c89d - - default default] Successfully bumped revision number for resource cb378cb1-b310-4353-b269-f78006820fd5 (type: networks) to 1
2026-07-16 17:11:52.854 8 WARNING neutron.scheduler.dhcp_agent_scheduler [None req-c04e0cd6-7c5f-49e2-a271-a22b4425f89a 35856d52db444742882c83becbd51f9e b341ad2d2c9144c8a7c042c179a9c89d - - default default] No more DHCP agents
2026-07-16 17:11:52.855 8 WARNING neutron.api.rpc.agentnotifiers.dhcp_rpc_agent_api [None req-c04e0cd6-7c5f-49e2-a271-a22b4425f89a 35856d52db444742882c83becbd51f9e b341ad2d2c9144c8a7c042c179a9c89d - - default default] Unable to schedule network cb378cb1-b310-4353-b269-f78006820fd5: no agents available; will retry on subsequent port and subnet creation events.
2026-07-16 17:11:52.912 8 INFO neutron.plugins.ml2.drivers.ovn.mech_driver.mech_driver [None req-fe7c2b3c-22ea-45c6-a35f-05d8eb3df70b - - - - - -] OVN reports status down for port: 056d76a2-2e4c-4d1d-b218-21ab4aa7b88b
2026-07-16 17:11:52.950 7 INFO neutron_taas.services.taas.taas_plugin [None req-e4b08d52-b8d3-42ca-b74c-4e55e4c2aa54 9aabafbfd4884011b23a5cdd397ac6e1 f69e8d3db48649c1af26355e20c7822f - - default default] TaaS: Handle Delete Port: 9910d033-4c7d-4c9c-ab8b-f7d4b2fbddb8
2026-07-16 17:11:52.953 7 INFO neutron_taas.services.taas.tap_mirror_plugin [None req-e4b08d52-b8d3-42ca-b74c-4e55e4c2aa54 9aabafbfd4884011b23a5cdd397ac6e1 f69e8d3db48649c1af26355e20c7822f - - default default] Tap Mirror: Handle Delete Port: 9910d033-4c7d-4c9c-ab8b-f7d4b2fbddb8
2026-07-16 17:11:52.985 8 INFO neutron.db.ovn_revision_numbers_db [None req-c04e0cd6-7c5f-49e2-a271-a22b4425f89a 35856d52db444742882c83becbd51f9e b341ad2d2c9144c8a7c042c179a9c89d - - default default] Successfully bumped revision number for resource 056d76a2-2e4c-4d1d-b218-21ab4aa7b88b (type: ports) to 1 [pid: 8|app: 0|req: 928/1918] 10.0.0.23 () {34 vars in 668 bytes} [Thu Jul 16 17:11:52 2026] POST /v2.0/networks => generated 670 bytes in 543 msecs (HTTP/1.1 201) 4 headers in 162 bytes (1 switches on core 0)
2026-07-16 17:11:53.253 8 WARNING neutron.scheduler.dhcp_agent_scheduler [None req-1701d2cc-2855-44da-a5b3-b2ed9163ea01 35856d52db444742882c83becbd51f9e b341ad2d2c9144c8a7c042c179a9c89d - - default default] No more DHCP agents
2026-07-16 17:11:53.254 8 WARNING neutron.api.rpc.agentnotifiers.dhcp_rpc_agent_api [None req-1701d2cc-2855-44da-a5b3-b2ed9163ea01 35856d52db444742882c83becbd51f9e b341ad2d2c9144c8a7c042c179a9c89d - - default default] Unable to schedule network cb378cb1-b310-4353-b269-f78006820fd5: no agents available; will retry on subsequent port and subnet creation events. [pid: 7|app: 0|req: 991/1919] 10.0.0.23 () {34 vars in 787 bytes} [Thu Jul 16 17:11:52 2026] PUT /v2.0/routers/3d00762b-0094-4815-9055-d3d37c68c25d/remove_router_interface => generated 310 bytes in 664 msecs (HTTP/1.1 200) 4 headers in 157 bytes (1 switches on core 0) /var/lib/openstack/lib/python3.12/site-packages/pycadf/identifier.py:70: UserWarning: Invalid uuid: neutron. To ensure interoperability, identifiers should be a valid uuid. warnings.warn(('Invalid uuid: %s. To ensure interoperability, ' [pid: 7|app: 0|req: 992/1920] 10.0.0.23 () {32 vars in 734 bytes} [Thu Jul 16 17:11:53 2026] GET /v2.0/ports?device_id=3d00762b-0094-4815-9055-d3d37c68c25d => generated 12 bytes in 23 msecs (HTTP/1.1 200) 4 headers in 156 bytes (1 switches on core 0) [pid: 7|app: 0|req: 993/1921] 10.0.0.23 () {32 vars in 722 bytes} [Thu Jul 16 17:11:53 2026] DELETE /v2.0/routers/3d00762b-0094-4815-9055-d3d37c68c25d => generated 0 bytes in 183 msecs (HTTP/1.1 204) 2 headers in 112 bytes (1 switches on core 0) [pid: 7|app: 0|req: 994/1922] 10.0.0.23 () {32 vars in 722 bytes} [Thu Jul 16 17:11:53 2026] DELETE /v2.0/subnets/ffd2dddd-a0bd-4fc3-95a4-261b25b9651f => generated 0 bytes in 169 msecs (HTTP/1.1 204) 3 headers in 131 bytes (1 switches on core 0)
2026-07-16 17:11:53.736 8 INFO neutron.db.ovn_revision_numbers_db [None req-1701d2cc-2855-44da-a5b3-b2ed9163ea01 35856d52db444742882c83becbd51f9e b341ad2d2c9144c8a7c042c179a9c89d - - default default] Successfully bumped revision number for resource 056d76a2-2e4c-4d1d-b218-21ab4aa7b88b (type: ports) to 2
2026-07-16 17:11:53.772 8 INFO neutron.db.ovn_revision_numbers_db [None req-1701d2cc-2855-44da-a5b3-b2ed9163ea01 35856d52db444742882c83becbd51f9e b341ad2d2c9144c8a7c042c179a9c89d - - default default] Successfully bumped revision number for resource b9e6a07d-1cfe-4be8-86c8-8062212fa8aa (type: subnets) to 0 [pid: 8|app: 0|req: 929/1923] 10.0.0.23 () {34 vars in 667 bytes} [Thu Jul 16 17:11:53 2026] POST /v2.0/subnets => generated 629 bytes in 757 msecs (HTTP/1.1 201) 4 headers in 162 bytes (1 switches on core 0) [pid: 8|app: 0|req: 930/1924] 10.0.0.23 () {34 vars in 749 bytes} [Thu Jul 16 17:11:53 2026] PUT /v2.0/subnets/8c3d67a0-3975-4809-8074-a35e9030cedf/tags => generated 17 bytes in 64 msecs (HTTP/1.1 200) 4 headers in 156 bytes (1 switches on core 0) [pid: 7|app: 0|req: 995/1925] 10.0.0.23 () {32 vars in 722 bytes} [Thu Jul 16 17:11:53 2026] DELETE /v2.0/subnets/ad8e0b45-b132-4f24-bdca-9cc1d40946f9 => generated 0 bytes in 170 msecs (HTTP/1.1 204) 3 headers in 131 bytes (1 switches on core 0) [pid: 8|app: 0|req: 931/1926] 10.0.0.23 () {34 vars in 749 bytes} [Thu Jul 16 17:11:53 2026] PUT /v2.0/subnets/aa1b68e4-48d2-47df-813b-d5af46aaa153/tags => generated 25 bytes in 47 msecs (HTTP/1.1 200) 4 headers in 156 bytes (1 switches on core 0) [pid: 8|app: 0|req: 932/1927] 10.0.0.23 () {34 vars in 749 bytes} [Thu Jul 16 17:11:53 2026] PUT /v2.0/subnets/925089a1-d76f-440e-ba6b-8f0d847e123e/tags => generated 34 bytes in 59 msecs (HTTP/1.1 200) 4 headers in 156 bytes (1 switches on core 0)
2026-07-16 17:11:53.999 7 INFO neutron_taas.services.taas.taas_plugin [None req-1f2fe338-f4b3-43ae-9834-f011759cffec 9aabafbfd4884011b23a5cdd397ac6e1 f69e8d3db48649c1af26355e20c7822f - - default default] TaaS: Handle Delete Port: 54303a02-8909-4ebe-9f83-53606a4efc6b
2026-07-16 17:11:54.002 7 INFO neutron_taas.services.taas.tap_mirror_plugin [None req-1f2fe338-f4b3-43ae-9834-f011759cffec 9aabafbfd4884011b23a5cdd397ac6e1 f69e8d3db48649c1af26355e20c7822f - - default default] Tap Mirror: Handle Delete Port: 54303a02-8909-4ebe-9f83-53606a4efc6b [pid: 8|app: 0|req: 933/1928] 10.0.0.23 () {34 vars in 749 bytes} [Thu Jul 16 17:11:53 2026] PUT /v2.0/subnets/48469488-d6c2-4b4d-ac41-aff57b012e19/tags => generated 19 bytes in 50 msecs (HTTP/1.1 200) 4 headers in 156 bytes (1 switches on core 0) [pid: 8|app: 0|req: 934/1929] 10.0.0.23 () {32 vars in 662 bytes} [Thu Jul 16 17:11:54 2026] GET /v2.0/subnets?tags=red => generated 1904 bytes in 51 msecs (HTTP/1.1 200) 4 headers in 158 bytes (1 switches on core 0) [pid: 8|app: 0|req: 937/1932] 10.0.0.23 () {32 vars in 676 bytes} [Thu Jul 16 17:11:54 2026] GET /v2.0/subnets?tags=red%2Cblue => generated 1283 bytes in 51 msecs (HTTP/1.1 200) 4 headers in 158 bytes (1 switches on core 0)
2026-07-16 17:11:54.191 7 INFO neutron.services.segments.plugin [-] Segment d50d407e-7277-45e7-97a6-28317af56571 resource provider aggregate not found
2026-07-16 17:11:54.201 7 INFO neutron.services.segments.plugin [-] Segment d50d407e-7277-45e7-97a6-28317af56571 resource provider aggregate not found
2026-07-16 17:11:54.212 7 INFO neutron.services.segments.plugin [-] Client error retrieving segment d50d407e-7277-45e7-97a6-28317af56571 resource provider; error: Placement Client Error (4xx): {"errors": [{"status": 404, "title": "Not Found", "detail": "The resource could not be found.\n\n No resource provider with uuid d50d407e-7277-45e7-97a6-28317af56571 found for delete ", "request_id": "req-2df2d793-1fbd-49f3-815e-e174093f9e5e"}]} [pid: 8|app: 0|req: 938/1933] 10.0.0.23 () {32 vars in 672 bytes} [Thu Jul 16 17:11:54 2026] GET /v2.0/subnets?tags-any=blue => generated 1283 bytes in 61 msecs (HTTP/1.1 200) 4 headers in 158 bytes (1 switches on core 0)
2026-07-16 17:11:54.225 7 INFO neutron.services.segments.plugin [-] Client error retrieving segment d50d407e-7277-45e7-97a6-28317af56571 resource provider; error: Placement Client Error (4xx): {"errors": [{"status": 404, "title": "Not Found", "detail": "The resource could not be found.\n\n No resource provider with uuid d50d407e-7277-45e7-97a6-28317af56571 found for delete ", "request_id": "req-6a4b45de-f425-44d6-86c4-405cb8ae139d"}]} [pid: 8|app: 0|req: 939/1934] 10.0.0.23 () {32 vars in 684 bytes} [Thu Jul 16 17:11:54 2026] GET /v2.0/subnets?tags-any=red%2Cblue => generated 1904 bytes in 29 msecs (HTTP/1.1 200) 4 headers in 158 bytes (1 switches on core 0) [pid: 7|app: 0|req: 996/1935] 10.0.0.23 () {32 vars in 724 bytes} [Thu Jul 16 17:11:53 2026] DELETE /v2.0/networks/717d4c0e-12ea-45a9-ad49-c329a0e92698 => generated 0 bytes in 365 msecs (HTTP/1.1 204) 3 headers in 131 bytes (1 switches on core 0) [pid: 8|app: 0|req: 940/1936] 10.0.0.23 () {32 vars in 670 bytes} [Thu Jul 16 17:11:54 2026] GET /v2.0/subnets?not-tags=red => generated 1894 bytes in 40 msecs (HTTP/1.1 200) 4 headers in 158 bytes (1 switches on core 0) [pid: 8|app: 0|req: 941/1937] 10.0.0.23 () {32 vars in 684 bytes} [Thu Jul 16 17:11:54 2026] GET /v2.0/subnets?not-tags=red%2Cblue => generated 2515 bytes in 41 msecs (HTTP/1.1 200) 4 headers in 158 bytes (1 switches on core 0)
2026-07-16 17:11:54.374 7 INFO neutron_taas.services.taas.taas_plugin [None req-ff070315-5ae4-4564-93d3-4b8401619b63 9aabafbfd4884011b23a5cdd397ac6e1 f69e8d3db48649c1af26355e20c7822f - - default default] TaaS: Handle Delete Port: e7bbe725-ce8a-4213-a08e-6d95948690ff
2026-07-16 17:11:54.377 7 INFO neutron_taas.services.taas.tap_mirror_plugin [None req-ff070315-5ae4-4564-93d3-4b8401619b63 9aabafbfd4884011b23a5cdd397ac6e1 f69e8d3db48649c1af26355e20c7822f - - default default] Tap Mirror: Handle Delete Port: e7bbe725-ce8a-4213-a08e-6d95948690ff [pid: 8|app: 0|req: 942/1938] 10.0.0.23 () {32 vars in 680 bytes} [Thu Jul 16 17:11:54 2026] GET /v2.0/subnets?not-tags-any=blue => generated 2515 bytes in 43 msecs (HTTP/1.1 200) 4 headers in 158 bytes (1 switches on core 0) [pid: 8|app: 0|req: 943/1939] 10.0.0.23 () {32 vars in 692 bytes} [Thu Jul 16 17:11:54 2026] GET /v2.0/subnets?not-tags-any=red%2Cblue => generated 1894 bytes in 27 msecs (HTTP/1.1 200) 4 headers in 158 bytes (1 switches on core 0) [pid: 8|app: 0|req: 944/1940] 10.0.0.23 () {32 vars in 722 bytes} [Thu Jul 16 17:11:54 2026] DELETE /v2.0/subnets/8c3d67a0-3975-4809-8074-a35e9030cedf => generated 0 bytes in 163 msecs (HTTP/1.1 204) 3 headers in 131 bytes (1 switches on core 0) [pid: 7|app: 0|req: 997/1941] 10.0.0.23 () {32 vars in 724 bytes} [Thu Jul 16 17:11:54 2026] DELETE /v2.0/networks/59367d1d-b681-458d-8361-a331ddc7c68c => generated 0 bytes in 345 msecs (HTTP/1.1 204) 3 headers in 131 bytes (1 switches on core 0)
2026-07-16 17:11:54.698 7 INFO neutron.db.segments_db [None req-03b32af3-6182-48d5-9a0e-cc25221f682e 9aabafbfd4884011b23a5cdd397ac6e1 f69e8d3db48649c1af26355e20c7822f - - default default] Added segment 511a8ed5-570d-4241-8ff5-4af7fa30ad10 of type geneve for network 5af75d9c-ba10-4cba-a19c-9f7f41e8c757 [pid: 8|app: 0|req: 945/1942] 10.0.0.23 () {32 vars in 722 bytes} [Thu Jul 16 17:11:54 2026] DELETE /v2.0/subnets/aa1b68e4-48d2-47df-813b-d5af46aaa153 => generated 0 bytes in 155 msecs (HTTP/1.1 204) 3 headers in 131 bytes (1 switches on core 0)
2026-07-16 17:11:54.804 7 INFO neutron.db.ovn_revision_numbers_db [None req-03b32af3-6182-48d5-9a0e-cc25221f682e 9aabafbfd4884011b23a5cdd397ac6e1 f69e8d3db48649c1af26355e20c7822f - - default default] Successfully bumped revision number for resource 5af75d9c-ba10-4cba-a19c-9f7f41e8c757 (type: networks) to 1 [pid: 8|app: 0|req: 946/1943] 10.0.0.23 () {32 vars in 722 bytes} [Thu Jul 16 17:11:54 2026] DELETE /v2.0/subnets/925089a1-d76f-440e-ba6b-8f0d847e123e => generated 0 bytes in 161 msecs (HTTP/1.1 204) 3 headers in 131 bytes (1 switches on core 0)
2026-07-16 17:11:54.981 7 WARNING neutron.scheduler.dhcp_agent_scheduler [None req-03b32af3-6182-48d5-9a0e-cc25221f682e 9aabafbfd4884011b23a5cdd397ac6e1 f69e8d3db48649c1af26355e20c7822f - - default default] No more DHCP agents
2026-07-16 17:11:54.983 7 WARNING neutron.api.rpc.agentnotifiers.dhcp_rpc_agent_api [None req-03b32af3-6182-48d5-9a0e-cc25221f682e 9aabafbfd4884011b23a5cdd397ac6e1 f69e8d3db48649c1af26355e20c7822f - - default default] Unable to schedule network 5af75d9c-ba10-4cba-a19c-9f7f41e8c757: no agents available; will retry on subsequent port and subnet creation events.
2026-07-16 17:11:55.073 7 INFO neutron.db.ovn_revision_numbers_db [None req-03b32af3-6182-48d5-9a0e-cc25221f682e 9aabafbfd4884011b23a5cdd397ac6e1 f69e8d3db48649c1af26355e20c7822f - - default default] Successfully bumped revision number for resource 311013fe-9ca6-49a7-9497-85afeb9d0e83 (type: ports) to 1 [pid: 8|app: 0|req: 947/1944] 10.0.0.23 () {32 vars in 722 bytes} [Thu Jul 16 17:11:54 2026] DELETE /v2.0/subnets/48469488-d6c2-4b4d-ac41-aff57b012e19 => generated 0 bytes in 168 msecs (HTTP/1.1 204) 3 headers in 131 bytes (1 switches on core 0) [pid: 7|app: 0|req: 998/1945] 10.0.0.23 () {34 vars in 668 bytes} [Thu Jul 16 17:11:54 2026] POST /v2.0/networks => generated 671 bytes in 489 msecs (HTTP/1.1 201) 4 headers in 162 bytes (1 switches on core 0)
2026-07-16 17:11:55.213 8 WARNING neutron.db.securitygroups_db [None req-74a6fb15-62a3-4e37-8290-f88424e5a813 2c50500a55254b52b74ffcb73d7a9e65 7fc8011fb237401f903b73b6babb9adc - - default default] project_id key not found in filters, using tenant_id instead. This support has been deprecated and will be removed in a future release. [pid: 7|app: 0|req: 999/1946] 10.0.0.23 () {32 vars in 722 bytes} [Thu Jul 16 17:11:55 2026] DELETE /v2.0/subnets/b9e6a07d-1cfe-4be8-86c8-8062212fa8aa => generated 0 bytes in 194 msecs (HTTP/1.1 204) 3 headers in 131 bytes (1 switches on core 0)
2026-07-16 17:11:55.341 8 INFO neutron.db.ovn_revision_numbers_db [None req-74a6fb15-62a3-4e37-8290-f88424e5a813 2c50500a55254b52b74ffcb73d7a9e65 7fc8011fb237401f903b73b6babb9adc - - default default] Successfully bumped revision number for resource bc8206b5-ae5b-49db-b4aa-ca8210436d16 (type: security_groups) to 1
2026-07-16 17:11:55.354 8 INFO neutron.db.ovn_revision_numbers_db [None req-74a6fb15-62a3-4e37-8290-f88424e5a813 2c50500a55254b52b74ffcb73d7a9e65 7fc8011fb237401f903b73b6babb9adc - - default default] Successfully bumped revision number for resource 2cd682fe-ec31-425d-9223-4b6aa7b7a2dd (type: security_group_rules) to 0
2026-07-16 17:11:55.364 8 INFO neutron.db.ovn_revision_numbers_db [None req-74a6fb15-62a3-4e37-8290-f88424e5a813 2c50500a55254b52b74ffcb73d7a9e65 7fc8011fb237401f903b73b6babb9adc - - default default] Successfully bumped revision number for resource acac588c-b913-4dd5-982a-f916aaee1d73 (type: security_group_rules) to 0
2026-07-16 17:11:55.377 8 INFO neutron.db.ovn_revision_numbers_db [None req-74a6fb15-62a3-4e37-8290-f88424e5a813 2c50500a55254b52b74ffcb73d7a9e65 7fc8011fb237401f903b73b6babb9adc - - default default] Successfully bumped revision number for resource ce39af3f-20a6-416f-932e-2b7c3fc93782 (type: security_group_rules) to 0
2026-07-16 17:11:55.388 8 INFO neutron.db.ovn_revision_numbers_db [None req-74a6fb15-62a3-4e37-8290-f88424e5a813 2c50500a55254b52b74ffcb73d7a9e65 7fc8011fb237401f903b73b6babb9adc - - default default] Successfully bumped revision number for resource f265e481-d4fe-4371-907d-469cecfbeb42 (type: security_group_rules) to 0 [pid: 8|app: 0|req: 948/1947] 10.0.0.23 () {32 vars in 772 bytes} [Thu Jul 16 17:11:55 2026] GET /v2.0/security-groups?tenant_id=0533027f313045bf84fd7958ad33a29d&name=default => generated 2925 bytes in 339 msecs (HTTP/1.1 200) 4 headers in 158 bytes (1 switches on core 0)
2026-07-16 17:11:55.463 7 WARNING neutron.scheduler.dhcp_agent_scheduler [None req-e2c9996c-3c19-46a9-96f6-35af9b3371a2 9aabafbfd4884011b23a5cdd397ac6e1 f69e8d3db48649c1af26355e20c7822f - - default default] No more DHCP agents
2026-07-16 17:11:55.465 7 WARNING neutron.api.rpc.agentnotifiers.dhcp_rpc_agent_api [None req-e2c9996c-3c19-46a9-96f6-35af9b3371a2 9aabafbfd4884011b23a5cdd397ac6e1 f69e8d3db48649c1af26355e20c7822f - - default default] Unable to schedule network 5af75d9c-ba10-4cba-a19c-9f7f41e8c757: no agents available; will retry on subsequent port and subnet creation events.
2026-07-16 17:11:55.491 7 INFO neutron.db.ovn_revision_numbers_db [None req-e2c9996c-3c19-46a9-96f6-35af9b3371a2 9aabafbfd4884011b23a5cdd397ac6e1 f69e8d3db48649c1af26355e20c7822f - - default default] Successfully bumped revision number for resource f0c1cb9c-b9e1-4fc5-83d7-a67b978a8b82 (type: subnets) to 0 [pid: 7|app: 0|req: 1000/1948] 10.0.0.23 () {34 vars in 667 bytes} [Thu Jul 16 17:11:55 2026] POST /v2.0/subnets => generated 646 bytes in 223 msecs (HTTP/1.1 201) 4 headers in 162 bytes (1 switches on core 0)
2026-07-16 17:11:55.548 8 INFO neutron_taas.services.taas.taas_plugin [None req-c14b25eb-1203-41dc-b476-6ecd0c6b7af1 35856d52db444742882c83becbd51f9e b341ad2d2c9144c8a7c042c179a9c89d - - default default] TaaS: Handle Delete Port: d8e209b1-db08-4d54-b478-4e9308ef35fa
2026-07-16 17:11:55.550 8 INFO neutron_taas.services.taas.tap_mirror_plugin [None req-c14b25eb-1203-41dc-b476-6ecd0c6b7af1 35856d52db444742882c83becbd51f9e b341ad2d2c9144c8a7c042c179a9c89d - - default default] Tap Mirror: Handle Delete Port: d8e209b1-db08-4d54-b478-4e9308ef35fa [pid: 7|app: 0|req: 1001/1949] 10.0.0.23 () {32 vars in 738 bytes} [Thu Jul 16 17:11:55 2026] DELETE /v2.0/security-groups/bc8206b5-ae5b-49db-b4aa-ca8210436d16 => generated 0 bytes in 195 msecs (HTTP/1.1 204) 2 headers in 112 bytes (1 switches on core 0)
2026-07-16 17:11:55.757 8 INFO neutron.services.segments.plugin [-] Segment 0a3b1bdc-fd73-4a18-b77d-115ee4b4b96d resource provider aggregate not found
2026-07-16 17:11:55.758 8 INFO neutron.services.segments.plugin [-] Segment 0a3b1bdc-fd73-4a18-b77d-115ee4b4b96d resource provider aggregate not found
2026-07-16 17:11:55.779 8 INFO neutron.services.segments.plugin [-] Client error retrieving segment 0a3b1bdc-fd73-4a18-b77d-115ee4b4b96d resource provider; error: Placement Client Error (4xx): {"errors": [{"status": 404, "title": "Not Found", "detail": "The resource could not be found.\n\n No resource provider with uuid 0a3b1bdc-fd73-4a18-b77d-115ee4b4b96d found for delete ", "request_id": "req-39705161-028a-47bc-8c3d-1c8cd561ce50"}]}
2026-07-16 17:11:55.784 8 INFO neutron.services.segments.plugin [-] Client error retrieving segment 0a3b1bdc-fd73-4a18-b77d-115ee4b4b96d resource provider; error: Placement Client Error (4xx): {"errors": [{"status": 404, "title": "Not Found", "detail": "The resource could not be found.\n\n No resource provider with uuid 0a3b1bdc-fd73-4a18-b77d-115ee4b4b96d found for delete ", "request_id": "req-c635e354-697f-4d78-af1c-c4d41ec6940b"}]} [pid: 8|app: 0|req: 949/1950] 10.0.0.23 () {32 vars in 724 bytes} [Thu Jul 16 17:11:55 2026] DELETE /v2.0/networks/bfce22f1-666b-4f17-925f-7e98f6e7bf92 => generated 0 bytes in 396 msecs (HTTP/1.1 204) 3 headers in 131 bytes (1 switches on core 0)
2026-07-16 17:11:55.882 7 INFO neutron.db.ovn_revision_numbers_db [None req-a0f83219-857c-40db-847b-34597a695cea 9aabafbfd4884011b23a5cdd397ac6e1 f69e8d3db48649c1af26355e20c7822f - - default default] Successfully bumped revision number for resource 3cd30223-bbb0-488f-9220-2e286187852e (type: routers) to 1 [pid: 7|app: 0|req: 1002/1951] 10.0.0.23 () {34 vars in 667 bytes} [Thu Jul 16 17:11:55 2026] POST /v2.0/routers => generated 627 bytes in 190 msecs (HTTP/1.1 201) 4 headers in 162 bytes (1 switches on core 0)
2026-07-16 17:11:55.955 8 INFO neutron_taas.services.taas.taas_plugin [None req-8f97811a-0d6b-442e-9f2f-2a1d9e3a361a 35856d52db444742882c83becbd51f9e b341ad2d2c9144c8a7c042c179a9c89d - - default default] TaaS: Handle Delete Port: 1756b67d-155d-4add-b970-99de2e9cead6
2026-07-16 17:11:55.958 8 INFO neutron_taas.services.taas.tap_mirror_plugin [None req-8f97811a-0d6b-442e-9f2f-2a1d9e3a361a 35856d52db444742882c83becbd51f9e b341ad2d2c9144c8a7c042c179a9c89d - - default default] Tap Mirror: Handle Delete Port: 1756b67d-155d-4add-b970-99de2e9cead6
2026-07-16 17:11:56.212 7 WARNING neutron.scheduler.dhcp_agent_scheduler [None req-aaf91fff-7b6d-4d5d-8194-d6caec892977 9aabafbfd4884011b23a5cdd397ac6e1 f69e8d3db48649c1af26355e20c7822f - - default default] No more DHCP agents [pid: 8|app: 0|req: 950/1952] 10.0.0.23 () {32 vars in 724 bytes} [Thu Jul 16 17:11:55 2026] DELETE /v2.0/networks/8f31a316-af72-4b4d-b6e6-9efb45f3fa1c => generated 0 bytes in 385 msecs (HTTP/1.1 204) 3 headers in 131 bytes (1 switches on core 0)
2026-07-16 17:11:56.222 7 WARNING neutron.api.rpc.agentnotifiers.dhcp_rpc_agent_api [None req-aaf91fff-7b6d-4d5d-8194-d6caec892977 9aabafbfd4884011b23a5cdd397ac6e1 f69e8d3db48649c1af26355e20c7822f - - default default] Unable to schedule network 5af75d9c-ba10-4cba-a19c-9f7f41e8c757: no agents available; will retry on subsequent port and subnet creation events.
2026-07-16 17:11:56.230 7 INFO neutron.services.segments.plugin [-] Segment 8db008eb-0556-4317-8fe0-8ffe2bbd06ec resource provider aggregate not found
2026-07-16 17:11:56.268 7 INFO neutron.services.segments.plugin [-] Segment 8db008eb-0556-4317-8fe0-8ffe2bbd06ec resource provider aggregate not found
2026-07-16 17:11:56.276 7 INFO neutron.services.segments.plugin [-] Client error retrieving segment 8db008eb-0556-4317-8fe0-8ffe2bbd06ec resource provider; error: Placement Client Error (4xx): {"errors": [{"status": 404, "title": "Not Found", "detail": "The resource could not be found.\n\n No resource provider with uuid 8db008eb-0556-4317-8fe0-8ffe2bbd06ec found for delete ", "request_id": "req-4aaa74c9-07a7-4433-97ae-b7964cc41c9a"}]}
2026-07-16 17:11:56.280 7 INFO neutron.services.segments.plugin [-] Client error retrieving segment 8db008eb-0556-4317-8fe0-8ffe2bbd06ec resource provider; error: Placement Client Error (4xx): {"errors": [{"status": 404, "title": "Not Found", "detail": "The resource could not be found.\n\n No resource provider with uuid 8db008eb-0556-4317-8fe0-8ffe2bbd06ec found for delete ", "request_id": "req-d7c13dc6-69f0-4e59-8f9a-79f4d74453a0"}]}
2026-07-16 17:11:56.395 8 INFO neutron_taas.services.taas.taas_plugin [None req-31269f3b-51e4-4c21-91a9-5d517d4714dd 35856d52db444742882c83becbd51f9e b341ad2d2c9144c8a7c042c179a9c89d - - default default] TaaS: Handle Delete Port: 5d0587fb-a7c7-4ffc-9eaf-b994544e2cb7
2026-07-16 17:11:56.398 8 INFO neutron_taas.services.taas.tap_mirror_plugin [None req-31269f3b-51e4-4c21-91a9-5d517d4714dd 35856d52db444742882c83becbd51f9e b341ad2d2c9144c8a7c042c179a9c89d - - default default] Tap Mirror: Handle Delete Port: 5d0587fb-a7c7-4ffc-9eaf-b994544e2cb7
2026-07-16 17:11:56.413 7 INFO neutron.db.ovn_revision_numbers_db [None req-aaf91fff-7b6d-4d5d-8194-d6caec892977 9aabafbfd4884011b23a5cdd397ac6e1 f69e8d3db48649c1af26355e20c7822f - - default default] Successfully bumped revision number for resource d7b4bfd9-f171-4e0a-939e-8e900eb195fa (type: ports) to 1 [pid: 7|app: 0|req: 1003/1953] 10.0.0.23 () {34 vars in 663 bytes} [Thu Jul 16 17:11:55 2026] POST /v2.0/ports => generated 963 bytes in 530 msecs (HTTP/1.1 201) 4 headers in 162 bytes (1 switches on core 0) /var/lib/openstack/lib/python3.12/site-packages/pycadf/identifier.py:70: UserWarning: Invalid uuid: neutron. To ensure interoperability, identifiers should be a valid uuid. warnings.warn(('Invalid uuid: %s. To ensure interoperability, ' [pid: 8|app: 0|req: 951/1954] 10.0.0.23 () {32 vars in 724 bytes} [Thu Jul 16 17:11:56 2026] DELETE /v2.0/networks/cd6aaa1f-eb82-46e2-8786-044edb579e95 => generated 0 bytes in 408 msecs (HTTP/1.1 204) 3 headers in 131 bytes (1 switches on core 0)
2026-07-16 17:11:56.636 7 WARNING neutron.plugins.ml2.drivers.ovn.mech_driver.ovsdb.ovn_client [None req-492e2672-6b54-490c-9487-0caaf75cf2c3 - - - - - -] No port found with ID d56cc9b0-7d5c-4106-9547-ec684ffd7d3f: RuntimeError: No port found with ID d56cc9b0-7d5c-4106-9547-ec684ffd7d3f
2026-07-16 17:11:56.661 7 INFO neutron.plugins.ml2.drivers.ovn.mech_driver.mech_driver [None req-492e2672-6b54-490c-9487-0caaf75cf2c3 - - - - - -] OVN reports status down for port: d8e209b1-db08-4d54-b478-4e9308ef35fa
2026-07-16 17:11:56.678 7 INFO neutron.plugins.ml2.drivers.ovn.mech_driver.mech_driver [None req-492e2672-6b54-490c-9487-0caaf75cf2c3 - - - - - -] OVN reports status down for port: 5d0587fb-a7c7-4ffc-9eaf-b994544e2cb7
2026-07-16 17:11:56.722 7 INFO neutron.plugins.ml2.drivers.ovn.mech_driver.mech_driver [None req-492e2672-6b54-490c-9487-0caaf75cf2c3 - - - - - -] OVN reports status down for port: 60676394-19c1-4c56-a942-969e0d9be1a5
2026-07-16 17:11:56.773 8 INFO neutron_taas.services.taas.taas_plugin [None req-d305d357-81f4-48e4-bd32-a29f2026ea4d 35856d52db444742882c83becbd51f9e b341ad2d2c9144c8a7c042c179a9c89d - - default default] TaaS: Handle Delete Port: 60676394-19c1-4c56-a942-969e0d9be1a5
2026-07-16 17:11:56.775 8 INFO neutron_taas.services.taas.tap_mirror_plugin [None req-d305d357-81f4-48e4-bd32-a29f2026ea4d 35856d52db444742882c83becbd51f9e b341ad2d2c9144c8a7c042c179a9c89d - - default default] Tap Mirror: Handle Delete Port: 60676394-19c1-4c56-a942-969e0d9be1a5
2026-07-16 17:11:56.859 7 INFO neutron.plugins.ml2.drivers.ovn.mech_driver.mech_driver [None req-492e2672-6b54-490c-9487-0caaf75cf2c3 - - - - - -] OVN reports status down for port: 311013fe-9ca6-49a7-9497-85afeb9d0e83
2026-07-16 17:11:57.011 7 INFO neutron.plugins.ml2.drivers.ovn.mech_driver.mech_driver [None req-492e2672-6b54-490c-9487-0caaf75cf2c3 - - - - - -] OVN reports status down for port: d7b4bfd9-f171-4e0a-939e-8e900eb195fa [pid: 8|app: 0|req: 952/1955] 10.0.0.23 () {32 vars in 724 bytes} [Thu Jul 16 17:11:56 2026] DELETE /v2.0/networks/e238bcc5-76e3-4810-a83e-d952ddff022f => generated 0 bytes in 398 msecs (HTTP/1.1 204) 3 headers in 131 bytes (1 switches on core 0)
2026-07-16 17:11:57.197 7 INFO neutron.plugins.ml2.drivers.ovn.mech_driver.mech_driver [None req-492e2672-6b54-490c-9487-0caaf75cf2c3 - - - - - -] OVN reports status up for port: d7b4bfd9-f171-4e0a-939e-8e900eb195fa
2026-07-16 17:11:57.206 8 INFO neutron_taas.services.taas.taas_plugin [None req-c86517cc-7072-4015-8acc-0b5baf7b7d85 35856d52db444742882c83becbd51f9e b341ad2d2c9144c8a7c042c179a9c89d - - default default] TaaS: Handle Delete Port: 056d76a2-2e4c-4d1d-b218-21ab4aa7b88b
2026-07-16 17:11:57.210 8 INFO neutron_taas.services.taas.tap_mirror_plugin [None req-c86517cc-7072-4015-8acc-0b5baf7b7d85 35856d52db444742882c83becbd51f9e b341ad2d2c9144c8a7c042c179a9c89d - - default default] Tap Mirror: Handle Delete Port: 056d76a2-2e4c-4d1d-b218-21ab4aa7b88b
2026-07-16 17:11:57.229 7 INFO neutron.plugins.ml2.plugin [None req-492e2672-6b54-490c-9487-0caaf75cf2c3 - - - - - -] Attempt 1 to provision port d7b4bfd9-f171-4e0a-939e-8e900eb195fa
2026-07-16 17:11:57.254 7 INFO neutron.db.ovn_revision_numbers_db [None req-d394abdf-f9cd-4b72-a2a6-f0eb5e2912fd 9aabafbfd4884011b23a5cdd397ac6e1 f69e8d3db48649c1af26355e20c7822f - - default default] Successfully bumped revision number for resource d7b4bfd9-f171-4e0a-939e-8e900eb195fa (type: ports) to 2 [pid: 8|app: 0|req: 953/1956] 10.0.0.23 () {32 vars in 724 bytes} [Thu Jul 16 17:11:57 2026] DELETE /v2.0/networks/cb378cb1-b310-4353-b269-f78006820fd5 => generated 0 bytes in 400 msecs (HTTP/1.1 204) 3 headers in 131 bytes (1 switches on core 0)
2026-07-16 17:11:57.732 8 INFO neutron.db.ovn_revision_numbers_db [None req-1356add3-5ae5-4e61-a224-cf611dc78400 2c50500a55254b52b74ffcb73d7a9e65 7fc8011fb237401f903b73b6babb9adc - - default default] Successfully bumped revision number for resource e1787ea4-6884-4ee5-978c-942a1883fab8 (type: security_groups) to 1
2026-07-16 17:11:57.742 8 INFO neutron.db.ovn_revision_numbers_db [None req-1356add3-5ae5-4e61-a224-cf611dc78400 2c50500a55254b52b74ffcb73d7a9e65 7fc8011fb237401f903b73b6babb9adc - - default default] Successfully bumped revision number for resource 095bc38c-0059-41bf-b869-ebc59570e54b (type: security_group_rules) to 0
2026-07-16 17:11:57.754 8 INFO neutron.db.ovn_revision_numbers_db [None req-1356add3-5ae5-4e61-a224-cf611dc78400 2c50500a55254b52b74ffcb73d7a9e65 7fc8011fb237401f903b73b6babb9adc - - default default] Successfully bumped revision number for resource 3a953d85-69a0-4234-bfcc-392c949edbee (type: security_group_rules) to 0
2026-07-16 17:11:57.766 8 INFO neutron.db.ovn_revision_numbers_db [None req-1356add3-5ae5-4e61-a224-cf611dc78400 2c50500a55254b52b74ffcb73d7a9e65 7fc8011fb237401f903b73b6babb9adc - - default default] Successfully bumped revision number for resource 96364044-c053-40ed-b5ff-e3a0101894d7 (type: security_group_rules) to 0
2026-07-16 17:11:57.779 8 INFO neutron.db.ovn_revision_numbers_db [None req-1356add3-5ae5-4e61-a224-cf611dc78400 2c50500a55254b52b74ffcb73d7a9e65 7fc8011fb237401f903b73b6babb9adc - - default default] Successfully bumped revision number for resource a32176b3-35fc-4769-8cac-29400cc646da (type: security_group_rules) to 0
2026-07-16 17:11:57.804 8 INFO neutron.services.segments.plugin [-] Segment 377cae49-571b-4b26-beb6-5053a6547ed0 resource provider aggregate not found
2026-07-16 17:11:57.810 8 INFO neutron.services.segments.plugin [-] Segment 377cae49-571b-4b26-beb6-5053a6547ed0 resource provider aggregate not found
2026-07-16 17:11:57.828 8 INFO neutron.services.segments.plugin [-] Client error retrieving segment 377cae49-571b-4b26-beb6-5053a6547ed0 resource provider; error: Placement Client Error (4xx): {"errors": [{"status": 404, "title": "Not Found", "detail": "The resource could not be found.\n\n No resource provider with uuid 377cae49-571b-4b26-beb6-5053a6547ed0 found for delete ", "request_id": "req-24b8801c-8e9d-402c-8824-4173502d0194"}]}
2026-07-16 17:11:57.834 8 INFO neutron.services.segments.plugin [-] Client error retrieving segment 377cae49-571b-4b26-beb6-5053a6547ed0 resource provider; error: Placement Client Error (4xx): {"errors": [{"status": 404, "title": "Not Found", "detail": "The resource could not be found.\n\n No resource provider with uuid 377cae49-571b-4b26-beb6-5053a6547ed0 found for delete ", "request_id": "req-ccd8f2cc-df7e-4594-955f-fc60c43b48e9"}]}
2026-07-16 17:11:57.844 8 INFO neutron.services.segments.plugin [-] Segment 74dc659d-241a-4166-859b-978026a2bdd2 resource provider aggregate not found
2026-07-16 17:11:57.863 8 INFO neutron.services.segments.plugin [-] Segment 74dc659d-241a-4166-859b-978026a2bdd2 resource provider aggregate not found
2026-07-16 17:11:57.867 8 INFO neutron.services.segments.plugin [-] Client error retrieving segment 74dc659d-241a-4166-859b-978026a2bdd2 resource provider; error: Placement Client Error (4xx): {"errors": [{"status": 404, "title": "Not Found", "detail": "The resource could not be found.\n\n No resource provider with uuid 74dc659d-241a-4166-859b-978026a2bdd2 found for delete ", "request_id": "req-cd2fe826-a97f-44ff-9c85-f9cc0a526be2"}]}
2026-07-16 17:11:57.883 8 INFO neutron.db.segments_db [None req-1356add3-5ae5-4e61-a224-cf611dc78400 2c50500a55254b52b74ffcb73d7a9e65 7fc8011fb237401f903b73b6babb9adc - - default default] Added segment bdaf9317-c6ee-4d5d-8711-609d1e3fb2bd of type geneve for network 169b8bc6-4e7f-4d30-accf-cc254d640567
2026-07-16 17:11:57.887 8 INFO neutron.services.segments.plugin [-] Segment c7e6f027-d6f1-49ca-8692-df08cc48be35 resource provider aggregate not found
2026-07-16 17:11:57.890 8 INFO neutron.services.segments.plugin [-] Client error retrieving segment 74dc659d-241a-4166-859b-978026a2bdd2 resource provider; error: Placement Client Error (4xx): {"errors": [{"status": 404, "title": "Not Found", "detail": "The resource could not be found.\n\n No resource provider with uuid 74dc659d-241a-4166-859b-978026a2bdd2 found for delete ", "request_id": "req-3d1cc72c-bb7c-4e3e-8cae-9c4d5ebff96a"}]}
2026-07-16 17:11:57.908 8 INFO neutron.services.segments.plugin [-] Client error retrieving segment c7e6f027-d6f1-49ca-8692-df08cc48be35 resource provider; error: Placement Client Error (4xx): {"errors": [{"status": 404, "title": "Not Found", "detail": "The resource could not be found.\n\n No resource provider with uuid c7e6f027-d6f1-49ca-8692-df08cc48be35 found for delete ", "request_id": "req-a32401de-8cdd-4ad7-a484-7da44e720ce9"}]}
2026-07-16 17:11:57.911 8 INFO neutron.services.segments.plugin [-] Segment c7e6f027-d6f1-49ca-8692-df08cc48be35 resource provider aggregate not found
2026-07-16 17:11:57.930 8 INFO neutron.services.segments.plugin [-] Segment 19b0f4b9-7774-45d4-a023-51ce293580bb resource provider aggregate not found
2026-07-16 17:11:57.931 8 INFO neutron.services.segments.plugin [-] Client error retrieving segment c7e6f027-d6f1-49ca-8692-df08cc48be35 resource provider; error: Placement Client Error (4xx): {"errors": [{"status": 404, "title": "Not Found", "detail": "The resource could not be found.\n\n No resource provider with uuid c7e6f027-d6f1-49ca-8692-df08cc48be35 found for delete ", "request_id": "req-a3b54a8a-b278-46b5-8a3f-256e06fd48c9"}]}
2026-07-16 17:11:57.954 8 INFO neutron.services.segments.plugin [-] Segment 19b0f4b9-7774-45d4-a023-51ce293580bb resource provider aggregate not found
2026-07-16 17:11:57.957 8 INFO neutron.services.segments.plugin [-] Client error retrieving segment 19b0f4b9-7774-45d4-a023-51ce293580bb resource provider; error: Placement Client Error (4xx): {"errors": [{"status": 404, "title": "Not Found", "detail": "The resource could not be found.\n\n No resource provider with uuid 19b0f4b9-7774-45d4-a023-51ce293580bb found for delete ", "request_id": "req-231227d5-00ba-4c70-9f8a-23ddec745a3a"}]}
2026-07-16 17:11:57.970 8 INFO neutron.services.segments.plugin [-] Client error retrieving segment 19b0f4b9-7774-45d4-a023-51ce293580bb resource provider; error: Placement Client Error (4xx): {"errors": [{"status": 404, "title": "Not Found", "detail": "The resource could not be found.\n\n No resource provider with uuid 19b0f4b9-7774-45d4-a023-51ce293580bb found for delete ", "request_id": "req-75743859-f644-453e-ac36-5b84805a94fe"}]}
2026-07-16 17:11:58.042 8 INFO neutron.db.ovn_revision_numbers_db [None req-1356add3-5ae5-4e61-a224-cf611dc78400 2c50500a55254b52b74ffcb73d7a9e65 7fc8011fb237401f903b73b6babb9adc - - default default] Successfully bumped revision number for resource 169b8bc6-4e7f-4d30-accf-cc254d640567 (type: networks) to 1
2026-07-16 17:11:58.239 8 WARNING neutron.scheduler.dhcp_agent_scheduler [None req-1356add3-5ae5-4e61-a224-cf611dc78400 2c50500a55254b52b74ffcb73d7a9e65 7fc8011fb237401f903b73b6babb9adc - - default default] No more DHCP agents
2026-07-16 17:11:58.240 8 WARNING neutron.api.rpc.agentnotifiers.dhcp_rpc_agent_api [None req-1356add3-5ae5-4e61-a224-cf611dc78400 2c50500a55254b52b74ffcb73d7a9e65 7fc8011fb237401f903b73b6babb9adc - - default default] Unable to schedule network 169b8bc6-4e7f-4d30-accf-cc254d640567: no agents available; will retry on subsequent port and subnet creation events.
2026-07-16 17:11:58.323 8 INFO neutron.db.ovn_revision_numbers_db [None req-1356add3-5ae5-4e61-a224-cf611dc78400 2c50500a55254b52b74ffcb73d7a9e65 7fc8011fb237401f903b73b6babb9adc - - default default] Successfully bumped revision number for resource 0ba56df9-46d2-40ec-adf2-73e942d3a697 (type: ports) to 1 [pid: 8|app: 0|req: 954/1957] 10.0.0.23 () {34 vars in 669 bytes} [Thu Jul 16 17:11:57 2026] POST /v2.0/networks => generated 782 bytes in 910 msecs (HTTP/1.1 201) 4 headers in 162 bytes (1 switches on core 0)
2026-07-16 17:11:58.438 8 WARNING neutron.db.securitygroups_db [None req-d8bea082-714a-4237-a66e-80e56f96525b 2c50500a55254b52b74ffcb73d7a9e65 7fc8011fb237401f903b73b6babb9adc - - default default] project_id key not found in filters, using tenant_id instead. This support has been deprecated and will be removed in a future release.
2026-07-16 17:11:58.457 7 INFO neutron.db.ovn_revision_numbers_db [None req-492e2672-6b54-490c-9487-0caaf75cf2c3 - - - - - -] Successfully bumped revision number for resource d7b4bfd9-f171-4e0a-939e-8e900eb195fa (type: ports) to 3 [pid: 8|app: 0|req: 955/1958] 10.0.0.23 () {32 vars in 772 bytes} [Thu Jul 16 17:11:58 2026] GET /v2.0/security-groups?tenant_id=b341ad2d2c9144c8a7c042c179a9c89d&name=default => generated 2925 bytes in 116 msecs (HTTP/1.1 200) 4 headers in 158 bytes (1 switches on core 0)
2026-07-16 17:11:58.594 8 WARNING neutron.scheduler.dhcp_agent_scheduler [None req-cbe9ffa3-32e6-4051-aa6c-fa790f59dd37 2c50500a55254b52b74ffcb73d7a9e65 7fc8011fb237401f903b73b6babb9adc - - default default] No more DHCP agents
2026-07-16 17:11:58.595 8 WARNING neutron.api.rpc.agentnotifiers.dhcp_rpc_agent_api [None req-cbe9ffa3-32e6-4051-aa6c-fa790f59dd37 2c50500a55254b52b74ffcb73d7a9e65 7fc8011fb237401f903b73b6babb9adc - - default default] Unable to schedule network 169b8bc6-4e7f-4d30-accf-cc254d640567: no agents available; will retry on subsequent port and subnet creation events.
2026-07-16 17:11:58.730 7 WARNING neutron.scheduler.dhcp_agent_scheduler [None req-d394abdf-f9cd-4b72-a2a6-f0eb5e2912fd 9aabafbfd4884011b23a5cdd397ac6e1 f69e8d3db48649c1af26355e20c7822f - - default default] No more DHCP agents
2026-07-16 17:11:58.732 7 WARNING neutron.api.rpc.agentnotifiers.dhcp_rpc_agent_api [None req-d394abdf-f9cd-4b72-a2a6-f0eb5e2912fd 9aabafbfd4884011b23a5cdd397ac6e1 f69e8d3db48649c1af26355e20c7822f - - default default] Unable to schedule network 5af75d9c-ba10-4cba-a19c-9f7f41e8c757: no agents available; will retry on subsequent port and subnet creation events.
2026-07-16 17:11:58.970 7 INFO neutron.db.ovn_revision_numbers_db [None req-d394abdf-f9cd-4b72-a2a6-f0eb5e2912fd 9aabafbfd4884011b23a5cdd397ac6e1 f69e8d3db48649c1af26355e20c7822f - - default default] Successfully bumped revision number for resource d7b4bfd9-f171-4e0a-939e-8e900eb195fa (type: router_ports) to 3 [pid: 7|app: 0|req: 1004/1959] 10.0.0.23 () {34 vars in 781 bytes} [Thu Jul 16 17:11:56 2026] PUT /v2.0/routers/3cd30223-bbb0-488f-9220-2e286187852e/add_router_interface => generated 310 bytes in 2530 msecs (HTTP/1.1 200) 4 headers in 157 bytes (1 switches on core 0) /var/lib/openstack/lib/python3.12/site-packages/pycadf/identifier.py:70: UserWarning: Invalid uuid: neutron. To ensure interoperability, identifiers should be a valid uuid. warnings.warn(('Invalid uuid: %s. To ensure interoperability, '
2026-07-16 17:11:59.031 8 INFO neutron.db.ovn_revision_numbers_db [None req-cbe9ffa3-32e6-4051-aa6c-fa790f59dd37 2c50500a55254b52b74ffcb73d7a9e65 7fc8011fb237401f903b73b6babb9adc - - default default] Successfully bumped revision number for resource 0ba56df9-46d2-40ec-adf2-73e942d3a697 (type: ports) to 2
2026-07-16 17:11:59.056 8 INFO neutron.db.ovn_revision_numbers_db [None req-cbe9ffa3-32e6-4051-aa6c-fa790f59dd37 2c50500a55254b52b74ffcb73d7a9e65 7fc8011fb237401f903b73b6babb9adc - - default default] Successfully bumped revision number for resource 3f9fe2ed-1a57-4a52-b98d-5b9cf1afe4cf (type: subnets) to 0 [pid: 8|app: 0|req: 956/1960] 10.0.0.23 () {34 vars in 667 bytes} [Thu Jul 16 17:11:58 2026] POST /v2.0/subnets => generated 688 bytes in 610 msecs (HTTP/1.1 201) 4 headers in 162 bytes (1 switches on core 0) [pid: 8|app: 0|req: 957/1961] 10.0.0.23 () {32 vars in 715 bytes} [Thu Jul 16 17:11:59 2026] GET /v2.0/ports/d7b4bfd9-f171-4e0a-939e-8e900eb195fa => generated 1025 bytes in 73 msecs (HTTP/1.1 200) 4 headers in 158 bytes (1 switches on core 0) [pid: 7|app: 0|req: 1005/1962] 10.0.0.23 () {32 vars in 738 bytes} [Thu Jul 16 17:11:58 2026] DELETE /v2.0/security-groups/db735a58-7ae2-4938-9bc1-1a3d8e3cde4f => generated 0 bytes in 245 msecs (HTTP/1.1 204) 2 headers in 112 bytes (1 switches on core 0)
2026-07-16 17:11:59.547 7 INFO neutron_taas.services.taas.taas_plugin [None req-6b60dba3-8bf2-425b-95a7-f1c0db9a25fd 9aabafbfd4884011b23a5cdd397ac6e1 f69e8d3db48649c1af26355e20c7822f - - default default] TaaS: Handle Delete Port: d7b4bfd9-f171-4e0a-939e-8e900eb195fa
2026-07-16 17:11:59.550 7 INFO neutron_taas.services.taas.tap_mirror_plugin [None req-6b60dba3-8bf2-425b-95a7-f1c0db9a25fd 9aabafbfd4884011b23a5cdd397ac6e1 f69e8d3db48649c1af26355e20c7822f - - default default] Tap Mirror: Handle Delete Port: d7b4bfd9-f171-4e0a-939e-8e900eb195fa
2026-07-16 17:11:59.583 8 WARNING neutron.scheduler.dhcp_agent_scheduler [None req-40bf4853-c2c9-4335-94af-4976f8299db5 2c50500a55254b52b74ffcb73d7a9e65 7fc8011fb237401f903b73b6babb9adc - - default default] No more DHCP agents
2026-07-16 17:11:59.585 8 WARNING neutron.api.rpc.agentnotifiers.dhcp_rpc_agent_api [None req-40bf4853-c2c9-4335-94af-4976f8299db5 2c50500a55254b52b74ffcb73d7a9e65 7fc8011fb237401f903b73b6babb9adc - - default default] Unable to schedule network 45c1a10d-ecd0-472f-8718-715f3f08b286: no agents available; will retry on subsequent port and subnet creation events.
2026-07-16 17:11:59.712 8 INFO neutron.plugins.ml2.drivers.ovn.mech_driver.mech_driver [None req-fe7c2b3c-22ea-45c6-a35f-05d8eb3df70b - - - - - -] OVN reports status down for port: 90964397-df0e-4d3f-b201-452b597f0a7e
2026-07-16 17:11:59.775 8 INFO neutron.db.ovn_revision_numbers_db [None req-40bf4853-c2c9-4335-94af-4976f8299db5 2c50500a55254b52b74ffcb73d7a9e65 7fc8011fb237401f903b73b6babb9adc - - default default] Successfully bumped revision number for resource 90964397-df0e-4d3f-b201-452b597f0a7e (type: ports) to 1 [pid: 7|app: 0|req: 1006/1963] 10.0.0.23 () {34 vars in 787 bytes} [Thu Jul 16 17:11:59 2026] PUT /v2.0/routers/3cd30223-bbb0-488f-9220-2e286187852e/remove_router_interface => generated 310 bytes in 630 msecs (HTTP/1.1 200) 4 headers in 157 bytes (1 switches on core 0) /var/lib/openstack/lib/python3.12/site-packages/pycadf/identifier.py:70: UserWarning: Invalid uuid: neutron. To ensure interoperability, identifiers should be a valid uuid. warnings.warn(('Invalid uuid: %s. To ensure interoperability, '
2026-07-16 17:11:59.857 7 WARNING neutron.db.securitygroups_db [None req-5be21ca7-11d8-4542-8881-2b76cddbed51 2c50500a55254b52b74ffcb73d7a9e65 7fc8011fb237401f903b73b6babb9adc - - default default] project_id key not found in filters, using tenant_id instead. This support has been deprecated and will be removed in a future release.
2026-07-16 17:12:00.015 7 INFO neutron.db.ovn_revision_numbers_db [None req-5be21ca7-11d8-4542-8881-2b76cddbed51 2c50500a55254b52b74ffcb73d7a9e65 7fc8011fb237401f903b73b6babb9adc - - default default] Successfully bumped revision number for resource f549466e-2d3f-415b-85c8-b3b2b810dc8d (type: security_groups) to 1
2026-07-16 17:12:00.030 7 INFO neutron.db.ovn_revision_numbers_db [None req-5be21ca7-11d8-4542-8881-2b76cddbed51 2c50500a55254b52b74ffcb73d7a9e65 7fc8011fb237401f903b73b6babb9adc - - default default] Successfully bumped revision number for resource 3494d9cd-def6-44c5-bd43-7e6d42b56cd1 (type: security_group_rules) to 0
2026-07-16 17:12:00.053 7 INFO neutron.db.ovn_revision_numbers_db [None req-5be21ca7-11d8-4542-8881-2b76cddbed51 2c50500a55254b52b74ffcb73d7a9e65 7fc8011fb237401f903b73b6babb9adc - - default default] Successfully bumped revision number for resource ca631ac1-2edd-400c-80d3-ba73a0ff9d39 (type: security_group_rules) to 0
2026-07-16 17:12:00.074 7 INFO neutron.db.ovn_revision_numbers_db [None req-5be21ca7-11d8-4542-8881-2b76cddbed51 2c50500a55254b52b74ffcb73d7a9e65 7fc8011fb237401f903b73b6babb9adc - - default default] Successfully bumped revision number for resource e11f895e-15b3-41f2-8960-bb093d33097a (type: security_group_rules) to 0
2026-07-16 17:12:00.085 7 INFO neutron.db.ovn_revision_numbers_db [None req-5be21ca7-11d8-4542-8881-2b76cddbed51 2c50500a55254b52b74ffcb73d7a9e65 7fc8011fb237401f903b73b6babb9adc - - default default] Successfully bumped revision number for resource eb22d6bc-7659-4919-8551-2439d35f3ffa (type: security_group_rules) to 0 [pid: 7|app: 0|req: 1007/1964] 10.0.0.23 () {32 vars in 772 bytes} [Thu Jul 16 17:11:59 2026] GET /v2.0/security-groups?tenant_id=dce63efef8c743c9af5b513ea3edc627&name=default => generated 2925 bytes in 269 msecs (HTTP/1.1 200) 4 headers in 158 bytes (1 switches on core 0)
2026-07-16 17:12:00.175 7 INFO neutron.api.v2.resource [None req-7019c7fd-6e26-49f7-9e46-bd4bcb931512 9aabafbfd4884011b23a5cdd397ac6e1 f69e8d3db48649c1af26355e20c7822f - - default default] remove_router_interface failed (client error): The resource could not be found. [pid: 7|app: 0|req: 1008/1965] 10.0.0.23 () {34 vars in 787 bytes} [Thu Jul 16 17:12:00 2026] PUT /v2.0/routers/3cd30223-bbb0-488f-9220-2e286187852e/remove_router_interface => generated 197 bytes in 54 msecs (HTTP/1.1 404) 4 headers in 164 bytes (1 switches on core 0)
