2026-07-16 17:14:25.362 8 INFO neutron.api.v2.resource [None req-322260e6-f8c2-48c0-8733-17a7f399ade9 39cfebf3109644d281c7c7a67e249a9b f0722affc0484fc78df99d4dc05d6574 - - default default] show failed (client error): The resource could not be found. [pid: 8|app: 0|req: 1307/2591] 10.0.0.23 () {32 vars in 745 bytes} [Thu Jul 16 17:14:25 2026] GET /v2.0/security-group-rules/4f98bae6-c0de-4731-8297-7e78ad600eff => generated 155 bytes in 13 msecs (HTTP/1.1 404) 4 headers in 164 bytes (1 switches on core 0) [pid: 7|app: 0|req: 1285/2592] 10.0.0.23 () {32 vars in 748 bytes} [Thu Jul 16 17:14:25 2026] DELETE /v2.0/security-group-rules/2893f197-64f3-40aa-9248-2c481e264809 => generated 0 bytes in 124 msecs (HTTP/1.1 204) 2 headers in 112 bytes (1 switches on core 0)
2026-07-16 17:14:25.507 8 INFO neutron.api.v2.resource [None req-ab0730a0-c169-4106-9cac-d97a636cd4b7 39cfebf3109644d281c7c7a67e249a9b f0722affc0484fc78df99d4dc05d6574 - - default default] show failed (client error): The resource could not be found. [pid: 8|app: 0|req: 1308/2593] 10.0.0.23 () {32 vars in 745 bytes} [Thu Jul 16 17:14:25 2026] GET /v2.0/security-group-rules/2893f197-64f3-40aa-9248-2c481e264809 => generated 155 bytes in 15 msecs (HTTP/1.1 404) 4 headers in 164 bytes (1 switches on core 0) [pid: 7|app: 0|req: 1286/2594] 10.0.0.23 () {32 vars in 748 bytes} [Thu Jul 16 17:14:25 2026] DELETE /v2.0/security-group-rules/89a09b33-63a8-46e2-ac1c-fb7a6e8b07fa => generated 0 bytes in 123 msecs (HTTP/1.1 204) 2 headers in 112 bytes (1 switches on core 0)
2026-07-16 17:14:25.657 8 INFO neutron.api.v2.resource [None req-11cc190c-5820-4e19-8433-bb62da804776 39cfebf3109644d281c7c7a67e249a9b f0722affc0484fc78df99d4dc05d6574 - - default default] show failed (client error): The resource could not be found. [pid: 8|app: 0|req: 1309/2595] 10.0.0.23 () {32 vars in 745 bytes} [Thu Jul 16 17:14:25 2026] GET /v2.0/security-group-rules/89a09b33-63a8-46e2-ac1c-fb7a6e8b07fa => generated 155 bytes in 11 msecs (HTTP/1.1 404) 4 headers in 164 bytes (1 switches on core 0) [pid: 7|app: 0|req: 1287/2596] 10.0.0.23 () {32 vars in 748 bytes} [Thu Jul 16 17:14:25 2026] DELETE /v2.0/security-group-rules/887d00c2-5787-4faa-8a32-3a8857c11bf4 => generated 0 bytes in 138 msecs (HTTP/1.1 204) 2 headers in 112 bytes (1 switches on core 0)
2026-07-16 17:14:25.821 8 INFO neutron.api.v2.resource [None req-6041ffff-ada7-4c95-a0ee-516b7778f66f 39cfebf3109644d281c7c7a67e249a9b f0722affc0484fc78df99d4dc05d6574 - - default default] show failed (client error): The resource could not be found. [pid: 8|app: 0|req: 1310/2597] 10.0.0.23 () {32 vars in 745 bytes} [Thu Jul 16 17:14:25 2026] GET /v2.0/security-group-rules/887d00c2-5787-4faa-8a32-3a8857c11bf4 => generated 155 bytes in 11 msecs (HTTP/1.1 404) 4 headers in 164 bytes (1 switches on core 0) [pid: 7|app: 0|req: 1288/2598] 10.0.0.23 () {32 vars in 748 bytes} [Thu Jul 16 17:14:25 2026] DELETE /v2.0/security-group-rules/33a006c6-f031-49ab-a548-54bb0ebc3872 => generated 0 bytes in 102 msecs (HTTP/1.1 204) 2 headers in 112 bytes (1 switches on core 0)
2026-07-16 17:14:25.944 8 INFO neutron.api.v2.resource [None req-b5591d26-b354-4325-8651-a72c0788e730 39cfebf3109644d281c7c7a67e249a9b f0722affc0484fc78df99d4dc05d6574 - - default default] show failed (client error): The resource could not be found. [pid: 8|app: 0|req: 1311/2599] 10.0.0.23 () {32 vars in 745 bytes} [Thu Jul 16 17:14:25 2026] GET /v2.0/security-group-rules/33a006c6-f031-49ab-a548-54bb0ebc3872 => generated 155 bytes in 12 msecs (HTTP/1.1 404) 4 headers in 164 bytes (1 switches on core 0) [pid: 7|app: 0|req: 1289/2600] 10.0.0.23 () {32 vars in 748 bytes} [Thu Jul 16 17:14:25 2026] DELETE /v2.0/security-group-rules/1d8bcccc-8fd3-4eff-9c06-81f54b9043c5 => generated 0 bytes in 99 msecs (HTTP/1.1 204) 2 headers in 112 bytes (1 switches on core 0)
2026-07-16 17:14:26.080 8 INFO neutron.api.v2.resource [None req-577d4c03-bb62-4422-bc84-454ca7e246a4 39cfebf3109644d281c7c7a67e249a9b f0722affc0484fc78df99d4dc05d6574 - - default default] show failed (client error): The resource could not be found. [pid: 8|app: 0|req: 1312/2601] 10.0.0.23 () {32 vars in 745 bytes} [Thu Jul 16 17:14:26 2026] GET /v2.0/security-group-rules/1d8bcccc-8fd3-4eff-9c06-81f54b9043c5 => generated 155 bytes in 16 msecs (HTTP/1.1 404) 4 headers in 164 bytes (1 switches on core 0) [pid: 7|app: 0|req: 1290/2602] 10.0.0.23 () {32 vars in 748 bytes} [Thu Jul 16 17:14:26 2026] DELETE /v2.0/security-group-rules/447646c3-8b53-434f-b0c0-411582f2a788 => generated 0 bytes in 129 msecs (HTTP/1.1 204) 2 headers in 112 bytes (1 switches on core 0)
2026-07-16 17:14:26.245 8 INFO neutron.api.v2.resource [None req-2290fe04-db79-43ff-9f64-6a33bf18a568 39cfebf3109644d281c7c7a67e249a9b f0722affc0484fc78df99d4dc05d6574 - - default default] show failed (client error): The resource could not be found. [pid: 8|app: 0|req: 1313/2603] 10.0.0.23 () {32 vars in 745 bytes} [Thu Jul 16 17:14:26 2026] GET /v2.0/security-group-rules/447646c3-8b53-434f-b0c0-411582f2a788 => generated 155 bytes in 14 msecs (HTTP/1.1 404) 4 headers in 164 bytes (1 switches on core 0) [pid: 7|app: 0|req: 1291/2604] 10.0.0.23 () {32 vars in 748 bytes} [Thu Jul 16 17:14:26 2026] DELETE /v2.0/security-group-rules/33aa35ef-90cb-459e-936c-1b0bbca80d52 => generated 0 bytes in 103 msecs (HTTP/1.1 204) 2 headers in 112 bytes (1 switches on core 0)
2026-07-16 17:14:26.373 8 INFO neutron.api.v2.resource [None req-a724744f-3d91-4214-8bfe-6a631a3f15f1 39cfebf3109644d281c7c7a67e249a9b f0722affc0484fc78df99d4dc05d6574 - - default default] show failed (client error): The resource could not be found. [pid: 8|app: 0|req: 1314/2605] 10.0.0.23 () {32 vars in 745 bytes} [Thu Jul 16 17:14:26 2026] GET /v2.0/security-group-rules/33aa35ef-90cb-459e-936c-1b0bbca80d52 => generated 155 bytes in 13 msecs (HTTP/1.1 404) 4 headers in 164 bytes (1 switches on core 0) [pid: 7|app: 0|req: 1292/2606] 10.0.0.23 () {32 vars in 738 bytes} [Thu Jul 16 17:14:26 2026] DELETE /v2.0/security-groups/33dd2c3e-079c-4439-be30-b8c2361d84cf => generated 0 bytes in 164 msecs (HTTP/1.1 204) 2 headers in 112 bytes (1 switches on core 0)
2026-07-16 17:14:26.561 8 INFO neutron.api.v2.resource [None req-f3b586d8-53bf-45a9-b207-e659dd2b548d 39cfebf3109644d281c7c7a67e249a9b f0722affc0484fc78df99d4dc05d6574 - - default default] show failed (client error): The resource could not be found. [pid: 8|app: 0|req: 1315/2607] 10.0.0.23 () {32 vars in 735 bytes} [Thu Jul 16 17:14:26 2026] GET /v2.0/security-groups/33dd2c3e-079c-4439-be30-b8c2361d84cf => generated 146 bytes in 15 msecs (HTTP/1.1 404) 4 headers in 164 bytes (1 switches on core 0)
2026-07-16 17:14:26.908 7 INFO neutron_taas.services.taas.taas_plugin [None req-b44724c2-f992-4f8f-9b21-ae7f6a73000d 39cfebf3109644d281c7c7a67e249a9b f0722affc0484fc78df99d4dc05d6574 - - default default] TaaS: Handle Delete Port: fb50cc4d-6769-4190-ad75-af4b5466cad9
2026-07-16 17:14:26.911 7 INFO neutron_taas.services.taas.tap_mirror_plugin [None req-b44724c2-f992-4f8f-9b21-ae7f6a73000d 39cfebf3109644d281c7c7a67e249a9b f0722affc0484fc78df99d4dc05d6574 - - default default] Tap Mirror: Handle Delete Port: fb50cc4d-6769-4190-ad75-af4b5466cad9 [pid: 7|app: 0|req: 1293/2608] 10.0.0.23 () {34 vars in 787 bytes} [Thu Jul 16 17:14:26 2026] PUT /v2.0/routers/751ec133-08a7-4300-9ec1-1ec2c7790acd/remove_router_interface => generated 310 bytes in 805 msecs (HTTP/1.1 200) 4 headers in 157 bytes (1 switches on core 0)
2026-07-16 17:14:27.539 8 INFO neutron.api.v2.resource [None req-f860c394-ee19-4bd6-ac63-be3301adf341 39cfebf3109644d281c7c7a67e249a9b f0722affc0484fc78df99d4dc05d6574 - - default default] remove_router_interface failed (client error): The resource could not be found. [pid: 8|app: 0|req: 1316/2609] 10.0.0.23 () {34 vars in 787 bytes} [Thu Jul 16 17:14:27 2026] PUT /v2.0/routers/751ec133-08a7-4300-9ec1-1ec2c7790acd/remove_router_interface => generated 198 bytes in 107 msecs (HTTP/1.1 404) 4 headers in 164 bytes (1 switches on core 0) /var/lib/openstack/lib/python3.12/site-packages/pycadf/identifier.py:70: UserWarning: Invalid uuid: neutron. To ensure interoperability, identifiers should be a valid uuid. warnings.warn(('Invalid uuid: %s. To ensure interoperability, '
2026-07-16 17:14:27.829 7 INFO neutron_taas.services.taas.taas_plugin [None req-662c893a-5e13-4efc-84a3-05d0043d7204 39cfebf3109644d281c7c7a67e249a9b f0722affc0484fc78df99d4dc05d6574 - - default default] TaaS: Handle Delete Port: 795f47ba-ef57-4099-862a-29b5d16dc4a5
2026-07-16 17:14:27.833 7 INFO neutron_taas.services.taas.tap_mirror_plugin [None req-662c893a-5e13-4efc-84a3-05d0043d7204 39cfebf3109644d281c7c7a67e249a9b f0722affc0484fc78df99d4dc05d6574 - - default default] Tap Mirror: Handle Delete Port: 795f47ba-ef57-4099-862a-29b5d16dc4a5 [pid: 7|app: 0|req: 1294/2610] 10.0.0.23 () {34 vars in 787 bytes} [Thu Jul 16 17:14:27 2026] PUT /v2.0/routers/751ec133-08a7-4300-9ec1-1ec2c7790acd/remove_router_interface => generated 310 bytes in 829 msecs (HTTP/1.1 200) 4 headers in 157 bytes (1 switches on core 0)
2026-07-16 17:14:28.482 8 INFO neutron.api.v2.resource [None req-f2652385-e0a3-4c75-92d4-3726af56bd2a 39cfebf3109644d281c7c7a67e249a9b f0722affc0484fc78df99d4dc05d6574 - - default default] remove_router_interface failed (client error): The resource could not be found. [pid: 8|app: 0|req: 1317/2611] 10.0.0.23 () {34 vars in 787 bytes} [Thu Jul 16 17:14:28 2026] PUT /v2.0/routers/751ec133-08a7-4300-9ec1-1ec2c7790acd/remove_router_interface => generated 198 bytes in 104 msecs (HTTP/1.1 404) 4 headers in 164 bytes (1 switches on core 0) /var/lib/openstack/lib/python3.12/site-packages/pycadf/identifier.py:70: UserWarning: Invalid uuid: neutron. To ensure interoperability, identifiers should be a valid uuid. warnings.warn(('Invalid uuid: %s. To ensure interoperability, '
2026-07-16 17:14:28.801 7 INFO neutron_taas.services.taas.taas_plugin [None req-0de0b407-dd38-48a0-a9fe-90cc7a4c3aba 39cfebf3109644d281c7c7a67e249a9b f0722affc0484fc78df99d4dc05d6574 - - default default] TaaS: Handle Delete Port: 9447fb57-654c-4c15-bde6-55f7afc7c18a
2026-07-16 17:14:28.805 7 INFO neutron_taas.services.taas.tap_mirror_plugin [None req-0de0b407-dd38-48a0-a9fe-90cc7a4c3aba 39cfebf3109644d281c7c7a67e249a9b f0722affc0484fc78df99d4dc05d6574 - - default default] Tap Mirror: Handle Delete Port: 9447fb57-654c-4c15-bde6-55f7afc7c18a [pid: 7|app: 0|req: 1295/2612] 10.0.0.23 () {34 vars in 787 bytes} [Thu Jul 16 17:14:28 2026] PUT /v2.0/routers/751ec133-08a7-4300-9ec1-1ec2c7790acd/remove_router_interface => generated 310 bytes in 803 msecs (HTTP/1.1 200) 4 headers in 157 bytes (1 switches on core 0)
2026-07-16 17:14:29.437 8 INFO neutron.api.v2.resource [None req-0e94892b-5e08-4490-9e9b-815255343f41 39cfebf3109644d281c7c7a67e249a9b f0722affc0484fc78df99d4dc05d6574 - - default default] remove_router_interface failed (client error): The resource could not be found. [pid: 8|app: 0|req: 1318/2613] 10.0.0.23 () {34 vars in 787 bytes} [Thu Jul 16 17:14:29 2026] PUT /v2.0/routers/751ec133-08a7-4300-9ec1-1ec2c7790acd/remove_router_interface => generated 198 bytes in 144 msecs (HTTP/1.1 404) 4 headers in 164 bytes (1 switches on core 0) /var/lib/openstack/lib/python3.12/site-packages/pycadf/identifier.py:70: UserWarning: Invalid uuid: neutron. To ensure interoperability, identifiers should be a valid uuid. warnings.warn(('Invalid uuid: %s. To ensure interoperability, '
2026-07-16 17:14:29.823 7 INFO neutron_taas.services.taas.taas_plugin [None req-5c0b9e25-d5d5-459e-8d6c-f2223738abf4 39cfebf3109644d281c7c7a67e249a9b f0722affc0484fc78df99d4dc05d6574 - - default default] TaaS: Handle Delete Port: 9e482b29-87b4-42d1-b99f-f7a1199d6f65
2026-07-16 17:14:29.828 7 INFO neutron_taas.services.taas.tap_mirror_plugin [None req-5c0b9e25-d5d5-459e-8d6c-f2223738abf4 39cfebf3109644d281c7c7a67e249a9b f0722affc0484fc78df99d4dc05d6574 - - default default] Tap Mirror: Handle Delete Port: 9e482b29-87b4-42d1-b99f-f7a1199d6f65 [pid: 7|app: 0|req: 1296/2614] 10.0.0.23 () {32 vars in 722 bytes} [Thu Jul 16 17:14:29 2026] DELETE /v2.0/routers/751ec133-08a7-4300-9ec1-1ec2c7790acd => generated 0 bytes in 895 msecs (HTTP/1.1 204) 2 headers in 112 bytes (1 switches on core 0)
2026-07-16 17:14:30.364 8 INFO neutron.api.v2.resource [None req-5845b664-c07d-4d86-b677-a8972d04ad45 39cfebf3109644d281c7c7a67e249a9b f0722affc0484fc78df99d4dc05d6574 - - default default] show failed (client error): The resource could not be found. [pid: 8|app: 0|req: 1319/2615] 10.0.0.23 () {32 vars in 719 bytes} [Thu Jul 16 17:14:30 2026] GET /v2.0/routers/751ec133-08a7-4300-9ec1-1ec2c7790acd => generated 135 bytes in 21 msecs (HTTP/1.1 404) 4 headers in 164 bytes (1 switches on core 0) [pid: 7|app: 0|req: 1297/2616] 10.0.0.23 () {32 vars in 722 bytes} [Thu Jul 16 17:14:30 2026] DELETE /v2.0/subnets/11080e7a-2cf8-4703-8ac8-e6521bd0d1b4 => generated 0 bytes in 182 msecs (HTTP/1.1 204) 3 headers in 131 bytes (1 switches on core 0)
2026-07-16 17:14:30.576 8 INFO neutron.pecan_wsgi.hooks.translation [None req-a9223e73-870b-4cbc-8665-ba25761d582d 39cfebf3109644d281c7c7a67e249a9b f0722affc0484fc78df99d4dc05d6574 - - default default] GET failed (client error): The resource could not be found. [pid: 8|app: 0|req: 1320/2617] 10.0.0.23 () {32 vars in 719 bytes} [Thu Jul 16 17:14:30 2026] GET /v2.0/subnets/11080e7a-2cf8-4703-8ac8-e6521bd0d1b4 => generated 136 bytes in 20 msecs (HTTP/1.1 404) 4 headers in 164 bytes (1 switches on core 0) [pid: 7|app: 0|req: 1298/2618] 10.0.0.23 () {32 vars in 722 bytes} [Thu Jul 16 17:14:30 2026] DELETE /v2.0/subnets/12455c0d-df99-4976-ae26-74a8df75a702 => generated 0 bytes in 195 msecs (HTTP/1.1 204) 3 headers in 131 bytes (1 switches on core 0)
2026-07-16 17:14:30.801 8 INFO neutron.pecan_wsgi.hooks.translation [None req-71c65e3a-311f-4682-bba0-421aa4a40e88 39cfebf3109644d281c7c7a67e249a9b f0722affc0484fc78df99d4dc05d6574 - - default default] GET failed (client error): The resource could not be found. [pid: 8|app: 0|req: 1321/2619] 10.0.0.23 () {32 vars in 719 bytes} [Thu Jul 16 17:14:30 2026] GET /v2.0/subnets/12455c0d-df99-4976-ae26-74a8df75a702 => generated 136 bytes in 22 msecs (HTTP/1.1 404) 4 headers in 164 bytes (1 switches on core 0)
2026-07-16 17:14:30.941 7 INFO neutron_taas.services.taas.taas_plugin [None req-8f8b904d-aff3-4954-81bb-e130794e6757 39cfebf3109644d281c7c7a67e249a9b f0722affc0484fc78df99d4dc05d6574 - - default default] TaaS: Handle Delete Port: 0bf81513-fd2d-4e14-a642-73b67406d516
2026-07-16 17:14:30.944 7 INFO neutron_taas.services.taas.tap_mirror_plugin [None req-8f8b904d-aff3-4954-81bb-e130794e6757 39cfebf3109644d281c7c7a67e249a9b f0722affc0484fc78df99d4dc05d6574 - - default default] Tap Mirror: Handle Delete Port: 0bf81513-fd2d-4e14-a642-73b67406d516 [pid: 7|app: 0|req: 1299/2620] 10.0.0.23 () {32 vars in 724 bytes} [Thu Jul 16 17:14:30 2026] DELETE /v2.0/networks/ebfaa706-38e6-4183-8a3b-cb217eb62dbd => generated 0 bytes in 423 msecs (HTTP/1.1 204) 3 headers in 131 bytes (1 switches on core 0)
2026-07-16 17:14:31.239 7 INFO neutron.services.segments.plugin [-] Segment 0b1a6c99-ceac-4a29-b729-7a5211f23853 resource provider aggregate not found
2026-07-16 17:14:31.243 7 INFO neutron.services.segments.plugin [-] Segment 0b1a6c99-ceac-4a29-b729-7a5211f23853 resource provider aggregate not found
2026-07-16 17:14:31.259 7 INFO neutron.services.segments.plugin [-] Client error retrieving segment 0b1a6c99-ceac-4a29-b729-7a5211f23853 resource provider; error: Placement Client Error (4xx): {"errors": [{"status": 404, "title": "Not Found", "detail": "The resource could not be found.\n\n No resource provider with uuid 0b1a6c99-ceac-4a29-b729-7a5211f23853 found for delete ", "request_id": "req-e93ea0ef-380d-4d5b-97fb-bf83cc45aa14"}]}
2026-07-16 17:14:31.260 8 INFO neutron.pecan_wsgi.hooks.translation [None req-57ac3cc2-e595-48e5-964b-fb1959e83b8a 39cfebf3109644d281c7c7a67e249a9b f0722affc0484fc78df99d4dc05d6574 - - default default] GET failed (client error): The resource could not be found. [pid: 8|app: 0|req: 1322/2621] 10.0.0.23 () {32 vars in 721 bytes} [Thu Jul 16 17:14:31 2026] GET /v2.0/networks/ebfaa706-38e6-4183-8a3b-cb217eb62dbd => generated 138 bytes in 21 msecs (HTTP/1.1 404) 4 headers in 164 bytes (1 switches on core 0)
2026-07-16 17:14:31.266 7 INFO neutron.services.segments.plugin [-] Client error retrieving segment 0b1a6c99-ceac-4a29-b729-7a5211f23853 resource provider; error: Placement Client Error (4xx): {"errors": [{"status": 404, "title": "Not Found", "detail": "The resource could not be found.\n\n No resource provider with uuid 0b1a6c99-ceac-4a29-b729-7a5211f23853 found for delete ", "request_id": "req-6504cf35-3c5c-40de-b260-03a6f1576e8c"}]} [pid: 7|app: 0|req: 1300/2622] 10.0.0.23 () {32 vars in 722 bytes} [Thu Jul 16 17:14:31 2026] DELETE /v2.0/subnets/751d4bd2-ea0a-4ad6-89ea-f821dce654d1 => generated 0 bytes in 145 msecs (HTTP/1.1 204) 3 headers in 131 bytes (1 switches on core 0)
2026-07-16 17:14:31.433 8 INFO neutron.pecan_wsgi.hooks.translation [None req-dde991c4-794d-4b2e-86aa-c26add1ccbfd 39cfebf3109644d281c7c7a67e249a9b f0722affc0484fc78df99d4dc05d6574 - - default default] GET failed (client error): The resource could not be found. [pid: 8|app: 0|req: 1323/2623] 10.0.0.23 () {32 vars in 719 bytes} [Thu Jul 16 17:14:31 2026] GET /v2.0/subnets/751d4bd2-ea0a-4ad6-89ea-f821dce654d1 => generated 136 bytes in 20 msecs (HTTP/1.1 404) 4 headers in 164 bytes (1 switches on core 0) [pid: 7|app: 0|req: 1301/2624] 10.0.0.23 () {32 vars in 722 bytes} [Thu Jul 16 17:14:31 2026] DELETE /v2.0/subnets/09baf87f-f5b7-4396-a265-8547a044649c => generated 0 bytes in 182 msecs (HTTP/1.1 204) 3 headers in 131 bytes (1 switches on core 0)
2026-07-16 17:14:31.647 8 INFO neutron.pecan_wsgi.hooks.translation [None req-0f798c73-220b-4411-94b5-6af62544e0f4 39cfebf3109644d281c7c7a67e249a9b f0722affc0484fc78df99d4dc05d6574 - - default default] GET failed (client error): The resource could not be found. [pid: 8|app: 0|req: 1324/2625] 10.0.0.23 () {32 vars in 719 bytes} [Thu Jul 16 17:14:31 2026] GET /v2.0/subnets/09baf87f-f5b7-4396-a265-8547a044649c => generated 136 bytes in 21 msecs (HTTP/1.1 404) 4 headers in 164 bytes (1 switches on core 0)
2026-07-16 17:14:31.758 7 INFO neutron_taas.services.taas.taas_plugin [None req-2753247d-6f3c-4199-91ce-b64939293a2b 39cfebf3109644d281c7c7a67e249a9b f0722affc0484fc78df99d4dc05d6574 - - default default] TaaS: Handle Delete Port: acdd373a-524b-44aa-8973-c93a6e7f44c0
2026-07-16 17:14:31.760 7 INFO neutron_taas.services.taas.tap_mirror_plugin [None req-2753247d-6f3c-4199-91ce-b64939293a2b 39cfebf3109644d281c7c7a67e249a9b f0722affc0484fc78df99d4dc05d6574 - - default default] Tap Mirror: Handle Delete Port: acdd373a-524b-44aa-8973-c93a6e7f44c0 [pid: 7|app: 0|req: 1302/2626] 10.0.0.23 () {32 vars in 724 bytes} [Thu Jul 16 17:14:31 2026] DELETE /v2.0/networks/7a3c0b93-7390-4c46-9445-41a1de357dd9 => generated 0 bytes in 312 msecs (HTTP/1.1 204) 3 headers in 131 bytes (1 switches on core 0)
2026-07-16 17:14:32.002 8 INFO neutron.pecan_wsgi.hooks.translation [None req-516c2645-1e2d-49b7-8d11-94b57d2ab5b1 39cfebf3109644d281c7c7a67e249a9b f0722affc0484fc78df99d4dc05d6574 - - default default] GET failed (client error): The resource could not be found. [pid: 8|app: 0|req: 1325/2627] 10.0.0.23 () {32 vars in 721 bytes} [Thu Jul 16 17:14:31 2026] GET /v2.0/networks/7a3c0b93-7390-4c46-9445-41a1de357dd9 => generated 138 bytes in 33 msecs (HTTP/1.1 404) 4 headers in 164 bytes (1 switches on core 0) [pid: 7|app: 0|req: 1303/2628] 10.0.0.23 () {32 vars in 722 bytes} [Thu Jul 16 17:14:32 2026] DELETE /v2.0/subnets/6e3ec074-0d30-4aaf-a64b-f32a04b5b763 => generated 0 bytes in 133 msecs (HTTP/1.1 204) 3 headers in 131 bytes (1 switches on core 0)
2026-07-16 17:14:32.165 8 INFO neutron.pecan_wsgi.hooks.translation [None req-18069e4b-425c-4be6-b570-823796511948 39cfebf3109644d281c7c7a67e249a9b f0722affc0484fc78df99d4dc05d6574 - - default default] GET failed (client error): The resource could not be found. [pid: 8|app: 0|req: 1326/2629] 10.0.0.23 () {32 vars in 719 bytes} [Thu Jul 16 17:14:32 2026] GET /v2.0/subnets/6e3ec074-0d30-4aaf-a64b-f32a04b5b763 => generated 136 bytes in 17 msecs (HTTP/1.1 404) 4 headers in 164 bytes (1 switches on core 0) [pid: 7|app: 0|req: 1304/2630] 10.0.0.23 () {32 vars in 722 bytes} [Thu Jul 16 17:14:32 2026] DELETE /v2.0/subnets/a2f78ec4-2752-442e-a580-210fc22d15d0 => generated 0 bytes in 177 msecs (HTTP/1.1 204) 3 headers in 131 bytes (1 switches on core 0)
2026-07-16 17:14:32.369 8 INFO neutron.pecan_wsgi.hooks.translation [None req-2a2e713c-516f-4c19-8a1a-149d97f05aff 39cfebf3109644d281c7c7a67e249a9b f0722affc0484fc78df99d4dc05d6574 - - default default] GET failed (client error): The resource could not be found. [pid: 8|app: 0|req: 1327/2631] 10.0.0.23 () {32 vars in 719 bytes} [Thu Jul 16 17:14:32 2026] GET /v2.0/subnets/a2f78ec4-2752-442e-a580-210fc22d15d0 => generated 136 bytes in 17 msecs (HTTP/1.1 404) 4 headers in 164 bytes (1 switches on core 0)
2026-07-16 17:14:32.986 7 INFO neutron_taas.services.taas.taas_plugin [None req-7fef89ea-7f8a-433d-bb4e-a3718a0c9ca9 39cfebf3109644d281c7c7a67e249a9b f0722affc0484fc78df99d4dc05d6574 - - default default] TaaS: Handle Delete Port: c08429c2-59e7-4152-8102-13db07a95b12
2026-07-16 17:14:32.989 7 INFO neutron_taas.services.taas.tap_mirror_plugin [None req-7fef89ea-7f8a-433d-bb4e-a3718a0c9ca9 39cfebf3109644d281c7c7a67e249a9b f0722affc0484fc78df99d4dc05d6574 - - default default] Tap Mirror: Handle Delete Port: c08429c2-59e7-4152-8102-13db07a95b12 [pid: 7|app: 0|req: 1305/2632] 10.0.0.23 () {32 vars in 724 bytes} [Thu Jul 16 17:14:32 2026] DELETE /v2.0/networks/5b5bcce1-ed36-44b1-83bf-4f5e98bfd584 => generated 0 bytes in 912 msecs (HTTP/1.1 204) 3 headers in 131 bytes (1 switches on core 0)
2026-07-16 17:14:33.286 7 INFO neutron.services.segments.plugin [-] Segment 2edb4faa-9002-4acd-a3ed-eb8704f27226 resource provider aggregate not found
2026-07-16 17:14:33.291 7 INFO neutron.services.segments.plugin [-] Segment 2edb4faa-9002-4acd-a3ed-eb8704f27226 resource provider aggregate not found
2026-07-16 17:14:33.304 8 INFO neutron.pecan_wsgi.hooks.translation [None req-f199dbec-c7d5-4f6e-8d8f-c128c4be015d 39cfebf3109644d281c7c7a67e249a9b f0722affc0484fc78df99d4dc05d6574 - - default default] GET failed (client error): The resource could not be found. [pid: 8|app: 0|req: 1328/2633] 10.0.0.23 () {32 vars in 721 bytes} [Thu Jul 16 17:14:33 2026] GET /v2.0/networks/5b5bcce1-ed36-44b1-83bf-4f5e98bfd584 => generated 138 bytes in 17 msecs (HTTP/1.1 404) 4 headers in 164 bytes (1 switches on core 0)
2026-07-16 17:14:33.308 7 INFO neutron.services.segments.plugin [-] Client error retrieving segment 2edb4faa-9002-4acd-a3ed-eb8704f27226 resource provider; error: Placement Client Error (4xx): {"errors": [{"status": 404, "title": "Not Found", "detail": "The resource could not be found.\n\n No resource provider with uuid 2edb4faa-9002-4acd-a3ed-eb8704f27226 found for delete ", "request_id": "req-ab8828d4-d479-4b16-a6ce-99f3d65e9b50"}]}
2026-07-16 17:14:33.312 7 INFO neutron.services.segments.plugin [-] Client error retrieving segment 2edb4faa-9002-4acd-a3ed-eb8704f27226 resource provider; error: Placement Client Error (4xx): {"errors": [{"status": 404, "title": "Not Found", "detail": "The resource could not be found.\n\n No resource provider with uuid 2edb4faa-9002-4acd-a3ed-eb8704f27226 found for delete ", "request_id": "req-c0b3eef5-6eb2-4dca-8824-1f6965455ed7"}]}
2026-07-16 17:14:33.327 7 INFO neutron.services.segments.plugin [-] Segment cb513795-be39-46cc-afad-85f400a37711 resource provider aggregate not found
2026-07-16 17:14:33.331 7 INFO neutron.services.segments.plugin [-] Segment cb513795-be39-46cc-afad-85f400a37711 resource provider aggregate not found
2026-07-16 17:14:33.354 7 INFO neutron.services.segments.plugin [-] Client error retrieving segment cb513795-be39-46cc-afad-85f400a37711 resource provider; error: Placement Client Error (4xx): {"errors": [{"status": 404, "title": "Not Found", "detail": "The resource could not be found.\n\n No resource provider with uuid cb513795-be39-46cc-afad-85f400a37711 found for delete ", "request_id": "req-2a914edc-2419-44c5-8b0b-04c9a1ce2811"}]}
2026-07-16 17:14:33.359 7 INFO neutron.services.segments.plugin [-] Client error retrieving segment cb513795-be39-46cc-afad-85f400a37711 resource provider; error: Placement Client Error (4xx): {"errors": [{"status": 404, "title": "Not Found", "detail": "The resource could not be found.\n\n No resource provider with uuid cb513795-be39-46cc-afad-85f400a37711 found for delete ", "request_id": "req-9319b1b6-d5b0-4b0e-bd22-83bd44fd0743"}]} [pid: 7|app: 0|req: 1306/2634] 10.0.0.227 () {28 vars in 580 bytes} [Thu Jul 16 17:14:34 2026] GET /v2.0/agents => generated 1214 bytes in 290 msecs (HTTP/1.1 200) 4 headers in 158 bytes (1 switches on core 0) [pid: 8|app: 0|req: 1329/2635] 10.0.0.227 () {28 vars in 618 bytes} [Thu Jul 16 17:14:35 2026] GET /v2.0/network-ip-availabilities => generated 1867 bytes in 30 msecs (HTTP/1.1 200) 4 headers in 158 bytes (1 switches on core 0) [pid: 7|app: 0|req: 1307/2636] 10.0.0.227 () {28 vars in 582 bytes} [Thu Jul 16 17:14:35 2026] GET /v2.0/subnets => generated 1308 bytes in 45 msecs (HTTP/1.1 200) 4 headers in 158 bytes (1 switches on core 0) [pid: 7|app: 0|req: 1308/2637] 10.0.0.227 () {28 vars in 582 bytes} [Thu Jul 16 17:14:35 2026] GET /v2.0/subnets => generated 1308 bytes in 44 msecs (HTTP/1.1 200) 4 headers in 158 bytes (1 switches on core 0)
2026-07-16 17:14:35.296 8 WARNING neutron.db.securitygroups_db [None req-2ae5fc21-cb8c-47c9-a185-3feeeccd9c24 2c50500a55254b52b74ffcb73d7a9e65 7fc8011fb237401f903b73b6babb9adc - - default default] project_id key not found in filters, using tenant_id instead. This support has been deprecated and will be removed in a future release. [pid: 7|app: 0|req: 1309/2638] 10.0.0.227 () {28 vars in 590 bytes} [Thu Jul 16 17:14:35 2026] GET /v2.0/subnetpools => generated 19 bytes in 8 msecs (HTTP/1.1 200) 4 headers in 156 bytes (1 switches on core 0) [pid: 7|app: 0|req: 1310/2639] 10.0.0.227 () {28 vars in 590 bytes} [Thu Jul 16 17:14:35 2026] GET /v2.0/floatingips => generated 19 bytes in 16 msecs (HTTP/1.1 200) 4 headers in 156 bytes (1 switches on core 0) [pid: 7|app: 0|req: 1311/2640] 10.0.0.227 () {28 vars in 598 bytes} [Thu Jul 16 17:14:35 2026] GET /v2.0/security-groups => generated 20309 bytes in 41 msecs (HTTP/1.1 200) 4 headers in 159 bytes (1 switches on core 0) [pid: 7|app: 0|req: 1312/2641] 10.0.0.227 () {28 vars in 578 bytes} [Thu Jul 16 17:14:35 2026] GET /v2.0/ports => generated 5219 bytes in 51 msecs (HTTP/1.1 200) 4 headers in 158 bytes (1 switches on core 0)
2026-07-16 17:14:35.438 8 INFO neutron.db.ovn_revision_numbers_db [None req-2ae5fc21-cb8c-47c9-a185-3feeeccd9c24 2c50500a55254b52b74ffcb73d7a9e65 7fc8011fb237401f903b73b6babb9adc - - default default] Successfully bumped revision number for resource e281aa51-289d-4143-b12d-32a3150b36c2 (type: security_groups) to 1
2026-07-16 17:14:35.453 8 INFO neutron.db.ovn_revision_numbers_db [None req-2ae5fc21-cb8c-47c9-a185-3feeeccd9c24 2c50500a55254b52b74ffcb73d7a9e65 7fc8011fb237401f903b73b6babb9adc - - default default] Successfully bumped revision number for resource 0eaed587-7f90-45c1-81a1-454970e9541d (type: security_group_rules) to 0
2026-07-16 17:14:35.467 8 INFO neutron.db.ovn_revision_numbers_db [None req-2ae5fc21-cb8c-47c9-a185-3feeeccd9c24 2c50500a55254b52b74ffcb73d7a9e65 7fc8011fb237401f903b73b6babb9adc - - default default] Successfully bumped revision number for resource 16af3edf-f36c-4d7e-8a1a-afef990c962a (type: security_group_rules) to 0 [pid: 7|app: 0|req: 1313/2642] 10.0.0.227 () {28 vars in 582 bytes} [Thu Jul 16 17:14:35 2026] GET /v2.0/routers => generated 15 bytes in 20 msecs (HTTP/1.1 200) 4 headers in 156 bytes (1 switches on core 0) [pid: 7|app: 0|req: 1314/2643] 10.0.0.227 () {28 vars in 623 bytes} [Thu Jul 16 17:14:35 2026] GET /v2.0/agents?binary=ovn-controller => generated 416 bytes in 10 msecs (HTTP/1.1 200) 4 headers in 157 bytes (1 switches on core 0)
2026-07-16 17:14:35.484 8 INFO neutron.db.ovn_revision_numbers_db [None req-2ae5fc21-cb8c-47c9-a185-3feeeccd9c24 2c50500a55254b52b74ffcb73d7a9e65 7fc8011fb237401f903b73b6babb9adc - - default default] Successfully bumped revision number for resource 68d1e0f7-ba0b-440e-a36f-a8bc0b4051f2 (type: security_group_rules) to 0
2026-07-16 17:14:35.495 8 INFO neutron.db.ovn_revision_numbers_db [None req-2ae5fc21-cb8c-47c9-a185-3feeeccd9c24 2c50500a55254b52b74ffcb73d7a9e65 7fc8011fb237401f903b73b6babb9adc - - default default] Successfully bumped revision number for resource ffa00b33-de9d-4f4c-8119-87a865c0dcff (type: security_group_rules) to 0 [pid: 8|app: 0|req: 1330/2644] 10.0.0.23 () {32 vars in 772 bytes} [Thu Jul 16 17:14:35 2026] GET /v2.0/security-groups?tenant_id=a620096a949f4760bc39f47abf59506d&name=default => generated 2929 bytes in 297 msecs (HTTP/1.1 200) 4 headers in 158 bytes (1 switches on core 0) [pid: 7|app: 0|req: 1315/2645] 10.0.0.227 () {28 vars in 584 bytes} [Thu Jul 16 17:14:35 2026] GET /v2.0/networks => generated 2287 bytes in 54 msecs (HTTP/1.1 200) 4 headers in 158 bytes (1 switches on core 0) [pid: 8|app: 0|req: 1331/2646] 10.0.0.23 () {32 vars in 738 bytes} [Thu Jul 16 17:14:35 2026] DELETE /v2.0/security-groups/e281aa51-289d-4143-b12d-32a3150b36c2 => generated 0 bytes in 222 msecs (HTTP/1.1 204) 2 headers in 112 bytes (1 switches on core 0)
2026-07-16 17:14:35.880 7 WARNING neutron.db.securitygroups_db [None req-5a401e2d-f645-4dc9-a088-7f5c4c2834ef 2c50500a55254b52b74ffcb73d7a9e65 7fc8011fb237401f903b73b6babb9adc - - default default] project_id key not found in filters, using tenant_id instead. This support has been deprecated and will be removed in a future release. [pid: 7|app: 0|req: 1316/2647] 10.0.0.23 () {32 vars in 772 bytes} [Thu Jul 16 17:14:35 2026] GET /v2.0/security-groups?tenant_id=f0722affc0484fc78df99d4dc05d6574&name=default => generated 2929 bytes in 32 msecs (HTTP/1.1 200) 4 headers in 158 bytes (1 switches on core 0) [pid: 8|app: 0|req: 1332/2648] 10.0.0.23 () {32 vars in 738 bytes} [Thu Jul 16 17:14:35 2026] DELETE /v2.0/security-groups/f3391b2d-d00d-4698-833f-8f85e6ca157e => generated 0 bytes in 242 msecs (HTTP/1.1 204) 2 headers in 112 bytes (1 switches on core 0)
2026-07-16 17:14:36.293 7 WARNING neutron.db.securitygroups_db [None req-4fcd1409-eb3b-4e40-a468-d6eecddb23fc 2c50500a55254b52b74ffcb73d7a9e65 7fc8011fb237401f903b73b6babb9adc - - default default] project_id key not found in filters, using tenant_id instead. This support has been deprecated and will be removed in a future release.
2026-07-16 17:14:36.420 7 INFO neutron.db.ovn_revision_numbers_db [None req-4fcd1409-eb3b-4e40-a468-d6eecddb23fc 2c50500a55254b52b74ffcb73d7a9e65 7fc8011fb237401f903b73b6babb9adc - - default default] Successfully bumped revision number for resource e24091df-0fa1-453b-b2f7-e90dc512a595 (type: security_groups) to 1
2026-07-16 17:14:36.433 7 INFO neutron.db.ovn_revision_numbers_db [None req-4fcd1409-eb3b-4e40-a468-d6eecddb23fc 2c50500a55254b52b74ffcb73d7a9e65 7fc8011fb237401f903b73b6babb9adc - - default default] Successfully bumped revision number for resource 1caf8948-a776-4954-a13d-56e035f459ed (type: security_group_rules) to 0
2026-07-16 17:14:36.445 7 INFO neutron.db.ovn_revision_numbers_db [None req-4fcd1409-eb3b-4e40-a468-d6eecddb23fc 2c50500a55254b52b74ffcb73d7a9e65 7fc8011fb237401f903b73b6babb9adc - - default default] Successfully bumped revision number for resource 842eec4e-a086-4864-ac94-8ccc01acc169 (type: security_group_rules) to 0
2026-07-16 17:14:36.461 7 INFO neutron.db.ovn_revision_numbers_db [None req-4fcd1409-eb3b-4e40-a468-d6eecddb23fc 2c50500a55254b52b74ffcb73d7a9e65 7fc8011fb237401f903b73b6babb9adc - - default default] Successfully bumped revision number for resource bd63eefe-79c0-4360-9549-bdb8ef753a45 (type: security_group_rules) to 0
2026-07-16 17:14:36.475 7 INFO neutron.db.ovn_revision_numbers_db [None req-4fcd1409-eb3b-4e40-a468-d6eecddb23fc 2c50500a55254b52b74ffcb73d7a9e65 7fc8011fb237401f903b73b6babb9adc - - default default] Successfully bumped revision number for resource c9e66cb9-440b-418e-bd1e-2685aede8e97 (type: security_group_rules) to 0 [pid: 7|app: 0|req: 1317/2649] 10.0.0.23 () {32 vars in 772 bytes} [Thu Jul 16 17:14:36 2026] GET /v2.0/security-groups?tenant_id=f59374671f754635a03c4b03a630dd88&name=default => generated 2929 bytes in 229 msecs (HTTP/1.1 200) 4 headers in 158 bytes (1 switches on core 0) [pid: 8|app: 0|req: 1333/2650] 10.0.0.23 () {32 vars in 738 bytes} [Thu Jul 16 17:14:36 2026] DELETE /v2.0/security-groups/e24091df-0fa1-453b-b2f7-e90dc512a595 => generated 0 bytes in 166 msecs (HTTP/1.1 204) 2 headers in 112 bytes (1 switches on core 0)
2026-07-16 17:14:36.820 7 WARNING neutron.db.securitygroups_db [None req-3378f08a-84f5-4181-bf05-480a7fa93e9a 2c50500a55254b52b74ffcb73d7a9e65 7fc8011fb237401f903b73b6babb9adc - - default default] project_id key not found in filters, using tenant_id instead. This support has been deprecated and will be removed in a future release.
2026-07-16 17:14:36.958 7 INFO neutron.db.ovn_revision_numbers_db [None req-3378f08a-84f5-4181-bf05-480a7fa93e9a 2c50500a55254b52b74ffcb73d7a9e65 7fc8011fb237401f903b73b6babb9adc - - default default] Successfully bumped revision number for resource eae2f11a-f809-46c0-9929-c63918aebff5 (type: security_groups) to 1
2026-07-16 17:14:36.970 7 INFO neutron.db.ovn_revision_numbers_db [None req-3378f08a-84f5-4181-bf05-480a7fa93e9a 2c50500a55254b52b74ffcb73d7a9e65 7fc8011fb237401f903b73b6babb9adc - - default default] Successfully bumped revision number for resource 321a7429-a61c-4199-a636-a13559c6ff0d (type: security_group_rules) to 0
2026-07-16 17:14:36.983 7 INFO neutron.db.ovn_revision_numbers_db [None req-3378f08a-84f5-4181-bf05-480a7fa93e9a 2c50500a55254b52b74ffcb73d7a9e65 7fc8011fb237401f903b73b6babb9adc - - default default] Successfully bumped revision number for resource 7185f387-44d4-4ea9-827f-cb787736e5cf (type: security_group_rules) to 0
2026-07-16 17:14:36.995 7 INFO neutron.db.ovn_revision_numbers_db [None req-3378f08a-84f5-4181-bf05-480a7fa93e9a 2c50500a55254b52b74ffcb73d7a9e65 7fc8011fb237401f903b73b6babb9adc - - default default] Successfully bumped revision number for resource 9d88a3cb-fc91-4c43-a6c6-9383d8db6162 (type: security_group_rules) to 0
2026-07-16 17:14:37.007 7 INFO neutron.db.ovn_revision_numbers_db [None req-3378f08a-84f5-4181-bf05-480a7fa93e9a 2c50500a55254b52b74ffcb73d7a9e65 7fc8011fb237401f903b73b6babb9adc - - default default] Successfully bumped revision number for resource fedf4be8-0b7a-4e91-a625-2b7e4108d462 (type: security_group_rules) to 0 [pid: 7|app: 0|req: 1318/2651] 10.0.0.23 () {32 vars in 772 bytes} [Thu Jul 16 17:14:36 2026] GET /v2.0/security-groups?tenant_id=3797406e96fc45fead2de26f6d27e82f&name=default => generated 2929 bytes in 230 msecs (HTTP/1.1 200) 4 headers in 158 bytes (1 switches on core 0) [pid: 8|app: 0|req: 1334/2652] 10.0.0.23 () {32 vars in 738 bytes} [Thu Jul 16 17:14:37 2026] DELETE /v2.0/security-groups/eae2f11a-f809-46c0-9929-c63918aebff5 => generated 0 bytes in 178 msecs (HTTP/1.1 204) 2 headers in 112 bytes (1 switches on core 0)
2026-07-16 17:14:37.371 7 WARNING neutron.db.securitygroups_db [None req-14629606-a137-4eb5-b645-9595c36b0132 2c50500a55254b52b74ffcb73d7a9e65 7fc8011fb237401f903b73b6babb9adc - - default default] project_id key not found in filters, using tenant_id instead. This support has been deprecated and will be removed in a future release.
2026-07-16 17:14:37.494 7 INFO neutron.db.ovn_revision_numbers_db [None req-14629606-a137-4eb5-b645-9595c36b0132 2c50500a55254b52b74ffcb73d7a9e65 7fc8011fb237401f903b73b6babb9adc - - default default] Successfully bumped revision number for resource 272f89e4-58ca-4808-82d5-0bc1f6af286d (type: security_groups) to 1
2026-07-16 17:14:37.505 7 INFO neutron.db.ovn_revision_numbers_db [None req-14629606-a137-4eb5-b645-9595c36b0132 2c50500a55254b52b74ffcb73d7a9e65 7fc8011fb237401f903b73b6babb9adc - - default default] Successfully bumped revision number for resource 02f545f1-576d-4427-9b22-cbc473cbaf91 (type: security_group_rules) to 0
2026-07-16 17:14:37.518 7 INFO neutron.db.ovn_revision_numbers_db [None req-14629606-a137-4eb5-b645-9595c36b0132 2c50500a55254b52b74ffcb73d7a9e65 7fc8011fb237401f903b73b6babb9adc - - default default] Successfully bumped revision number for resource 189745a9-2679-4298-b929-cf29012f12ca (type: security_group_rules) to 0
2026-07-16 17:14:37.531 7 INFO neutron.db.ovn_revision_numbers_db [None req-14629606-a137-4eb5-b645-9595c36b0132 2c50500a55254b52b74ffcb73d7a9e65 7fc8011fb237401f903b73b6babb9adc - - default default] Successfully bumped revision number for resource c9172951-d7fc-46c5-a2fc-821cdd1a4265 (type: security_group_rules) to 0
2026-07-16 17:14:37.542 7 INFO neutron.db.ovn_revision_numbers_db [None req-14629606-a137-4eb5-b645-9595c36b0132 2c50500a55254b52b74ffcb73d7a9e65 7fc8011fb237401f903b73b6babb9adc - - default default] Successfully bumped revision number for resource f6bc2719-3baa-45bf-b93c-fb980295eaa4 (type: security_group_rules) to 0 [pid: 7|app: 0|req: 1319/2653] 10.0.0.23 () {32 vars in 772 bytes} [Thu Jul 16 17:14:37 2026] GET /v2.0/security-groups?tenant_id=f1de258f92bb4f2abcd6b8e0e252e399&name=default => generated 2929 bytes in 213 msecs (HTTP/1.1 200) 4 headers in 158 bytes (1 switches on core 0) [pid: 8|app: 0|req: 1335/2654] 10.0.0.23 () {32 vars in 738 bytes} [Thu Jul 16 17:14:37 2026] DELETE /v2.0/security-groups/272f89e4-58ca-4808-82d5-0bc1f6af286d => generated 0 bytes in 170 msecs (HTTP/1.1 204) 2 headers in 112 bytes (1 switches on core 0)
2026-07-16 17:14:37.901 7 WARNING neutron.db.securitygroups_db [None req-3b1ee7e4-a960-4602-9a23-9bf05af525fe 2c50500a55254b52b74ffcb73d7a9e65 7fc8011fb237401f903b73b6babb9adc - - default default] project_id key not found in filters, using tenant_id instead. This support has been deprecated and will be removed in a future release.
2026-07-16 17:14:38.025 7 INFO neutron.db.ovn_revision_numbers_db [None req-3b1ee7e4-a960-4602-9a23-9bf05af525fe 2c50500a55254b52b74ffcb73d7a9e65 7fc8011fb237401f903b73b6babb9adc - - default default] Successfully bumped revision number for resource 5b895e61-954f-4d6d-8798-8a62ba04a117 (type: security_groups) to 1
2026-07-16 17:14:38.043 7 INFO neutron.db.ovn_revision_numbers_db [None req-3b1ee7e4-a960-4602-9a23-9bf05af525fe 2c50500a55254b52b74ffcb73d7a9e65 7fc8011fb237401f903b73b6babb9adc - - default default] Successfully bumped revision number for resource 694df8fc-867c-47de-80be-af9c3b46559c (type: security_group_rules) to 0
2026-07-16 17:14:38.054 7 INFO neutron.db.ovn_revision_numbers_db [None req-3b1ee7e4-a960-4602-9a23-9bf05af525fe 2c50500a55254b52b74ffcb73d7a9e65 7fc8011fb237401f903b73b6babb9adc - - default default] Successfully bumped revision number for resource dcf42a4e-a668-4746-90a0-a8a67af8a0db (type: security_group_rules) to 0
2026-07-16 17:14:38.066 7 INFO neutron.db.ovn_revision_numbers_db [None req-3b1ee7e4-a960-4602-9a23-9bf05af525fe 2c50500a55254b52b74ffcb73d7a9e65 7fc8011fb237401f903b73b6babb9adc - - default default] Successfully bumped revision number for resource f0194363-1736-4c11-b0d7-d5eb8dadebe7 (type: security_group_rules) to 0
2026-07-16 17:14:38.077 7 INFO neutron.db.ovn_revision_numbers_db [None req-3b1ee7e4-a960-4602-9a23-9bf05af525fe 2c50500a55254b52b74ffcb73d7a9e65 7fc8011fb237401f903b73b6babb9adc - - default default] Successfully bumped revision number for resource ffda76da-9c86-4667-8fe0-3a359640c82d (type: security_group_rules) to 0 [pid: 7|app: 0|req: 1320/2655] 10.0.0.23 () {32 vars in 772 bytes} [Thu Jul 16 17:14:37 2026] GET /v2.0/security-groups?tenant_id=b7fc92ffb13847c88bacf21a87d694cd&name=default => generated 2929 bytes in 224 msecs (HTTP/1.1 200) 4 headers in 158 bytes (1 switches on core 0) [pid: 8|app: 0|req: 1336/2656] 10.0.0.23 () {32 vars in 738 bytes} [Thu Jul 16 17:14:38 2026] DELETE /v2.0/security-groups/5b895e61-954f-4d6d-8798-8a62ba04a117 => generated 0 bytes in 173 msecs (HTTP/1.1 204) 2 headers in 112 bytes (1 switches on core 0)
2026-07-16 17:14:38.438 7 WARNING neutron.db.securitygroups_db [None req-e1733b3a-ffa5-4da9-a490-b5a577603d59 2c50500a55254b52b74ffcb73d7a9e65 7fc8011fb237401f903b73b6babb9adc - - default default] project_id key not found in filters, using tenant_id instead. This support has been deprecated and will be removed in a future release.
2026-07-16 17:14:38.559 7 INFO neutron.db.ovn_revision_numbers_db [None req-e1733b3a-ffa5-4da9-a490-b5a577603d59 2c50500a55254b52b74ffcb73d7a9e65 7fc8011fb237401f903b73b6babb9adc - - default default] Successfully bumped revision number for resource 9ae26920-8b49-4cfc-97bf-21aea471bef6 (type: security_groups) to 1
2026-07-16 17:14:38.573 7 INFO neutron.db.ovn_revision_numbers_db [None req-e1733b3a-ffa5-4da9-a490-b5a577603d59 2c50500a55254b52b74ffcb73d7a9e65 7fc8011fb237401f903b73b6babb9adc - - default default] Successfully bumped revision number for resource 2b030a8a-e7c1-4ed4-b9ff-150110052066 (type: security_group_rules) to 0
2026-07-16 17:14:38.583 7 INFO neutron.db.ovn_revision_numbers_db [None req-e1733b3a-ffa5-4da9-a490-b5a577603d59 2c50500a55254b52b74ffcb73d7a9e65 7fc8011fb237401f903b73b6babb9adc - - default default] Successfully bumped revision number for resource 2bbe8609-c258-41c8-aa0d-b6a43aadc68a (type: security_group_rules) to 0
2026-07-16 17:14:38.595 7 INFO neutron.db.ovn_revision_numbers_db [None req-e1733b3a-ffa5-4da9-a490-b5a577603d59 2c50500a55254b52b74ffcb73d7a9e65 7fc8011fb237401f903b73b6babb9adc - - default default] Successfully bumped revision number for resource 6f445753-7823-435a-8fba-6b72c9910ea6 (type: security_group_rules) to 0
