2026-07-16 17:13:53.179 7 INFO neutron.db.ovn_revision_numbers_db [None req-16f6b81d-b3dc-4606-8773-412c9da99adb 39cfebf3109644d281c7c7a67e249a9b f0722affc0484fc78df99d4dc05d6574 - - default default] Successfully bumped revision number for resource c08429c2-59e7-4152-8102-13db07a95b12 (type: ports) to 1 [pid: 7|app: 0|req: 1249/2521] 10.0.0.23 () {34 vars in 668 bytes} [Thu Jul 16 17:13:52 2026] POST /v2.0/networks => generated 677 bytes in 940 msecs (HTTP/1.1 201) 4 headers in 162 bytes (1 switches on core 0)
2026-07-16 17:13:53.385 8 WARNING neutron.scheduler.dhcp_agent_scheduler [None req-0727ba73-4da7-4b71-9c71-f6136f3b3270 39cfebf3109644d281c7c7a67e249a9b f0722affc0484fc78df99d4dc05d6574 - - default default] No more DHCP agents
2026-07-16 17:13:53.386 8 WARNING neutron.api.rpc.agentnotifiers.dhcp_rpc_agent_api [None req-0727ba73-4da7-4b71-9c71-f6136f3b3270 39cfebf3109644d281c7c7a67e249a9b f0722affc0484fc78df99d4dc05d6574 - - default default] Unable to schedule network 5b5bcce1-ed36-44b1-83bf-4f5e98bfd584: no agents available; will retry on subsequent port and subnet creation events.
2026-07-16 17:13:53.851 8 INFO neutron.db.ovn_revision_numbers_db [None req-0727ba73-4da7-4b71-9c71-f6136f3b3270 39cfebf3109644d281c7c7a67e249a9b f0722affc0484fc78df99d4dc05d6574 - - default default] Successfully bumped revision number for resource c08429c2-59e7-4152-8102-13db07a95b12 (type: ports) to 2
2026-07-16 17:13:53.888 8 INFO neutron.db.ovn_revision_numbers_db [None req-0727ba73-4da7-4b71-9c71-f6136f3b3270 39cfebf3109644d281c7c7a67e249a9b f0722affc0484fc78df99d4dc05d6574 - - default default] Successfully bumped revision number for resource a2f78ec4-2752-442e-a580-210fc22d15d0 (type: subnets) to 0 [pid: 8|app: 0|req: 1273/2522] 10.0.0.23 () {34 vars in 667 bytes} [Thu Jul 16 17:13:53 2026] POST /v2.0/subnets => generated 657 bytes in 669 msecs (HTTP/1.1 201) 4 headers in 162 bytes (1 switches on core 0) [pid: 7|app: 0|req: 1250/2523] 10.0.0.23 () {32 vars in 720 bytes} [Thu Jul 16 17:13:53 2026] GET /v2.0/subnetpools?name=shared-default-subnetpool-v6 => generated 19 bytes in 62 msecs (HTTP/1.1 200) 4 headers in 156 bytes (1 switches on core 0)
2026-07-16 17:13:54.137 8 WARNING neutron.scheduler.dhcp_agent_scheduler [None req-6be44dd8-f173-468d-86c0-3a6283658179 39cfebf3109644d281c7c7a67e249a9b f0722affc0484fc78df99d4dc05d6574 - - default default] No more DHCP agents
2026-07-16 17:13:54.138 8 WARNING neutron.api.rpc.agentnotifiers.dhcp_rpc_agent_api [None req-6be44dd8-f173-468d-86c0-3a6283658179 39cfebf3109644d281c7c7a67e249a9b f0722affc0484fc78df99d4dc05d6574 - - default default] Unable to schedule network 5b5bcce1-ed36-44b1-83bf-4f5e98bfd584: no agents available; will retry on subsequent port and subnet creation events.
2026-07-16 17:13:54.180 8 INFO neutron.db.ovn_revision_numbers_db [None req-6be44dd8-f173-468d-86c0-3a6283658179 39cfebf3109644d281c7c7a67e249a9b f0722affc0484fc78df99d4dc05d6574 - - default default] Successfully bumped revision number for resource 6e3ec074-0d30-4aaf-a64b-f32a04b5b763 (type: subnets) to 0 [pid: 8|app: 0|req: 1274/2526] 10.0.0.23 () {34 vars in 667 bytes} [Thu Jul 16 17:13:53 2026] POST /v2.0/subnets => generated 732 bytes in 225 msecs (HTTP/1.1 201) 4 headers in 162 bytes (1 switches on core 0)
2026-07-16 17:13:54.291 7 INFO neutron.db.segments_db [None req-1d42ae83-5a83-45c3-a88a-50aa5140c505 39cfebf3109644d281c7c7a67e249a9b f0722affc0484fc78df99d4dc05d6574 - - default default] Added segment 2edb4faa-9002-4acd-a3ed-eb8704f27226 of type geneve for network 7a3c0b93-7390-4c46-9445-41a1de357dd9
2026-07-16 17:13:54.406 7 INFO neutron.db.ovn_revision_numbers_db [None req-1d42ae83-5a83-45c3-a88a-50aa5140c505 39cfebf3109644d281c7c7a67e249a9b f0722affc0484fc78df99d4dc05d6574 - - default default] Successfully bumped revision number for resource 7a3c0b93-7390-4c46-9445-41a1de357dd9 (type: networks) to 1
2026-07-16 17:13:54.574 7 WARNING neutron.scheduler.dhcp_agent_scheduler [None req-1d42ae83-5a83-45c3-a88a-50aa5140c505 39cfebf3109644d281c7c7a67e249a9b f0722affc0484fc78df99d4dc05d6574 - - default default] No more DHCP agents
2026-07-16 17:13:54.575 7 WARNING neutron.api.rpc.agentnotifiers.dhcp_rpc_agent_api [None req-1d42ae83-5a83-45c3-a88a-50aa5140c505 39cfebf3109644d281c7c7a67e249a9b f0722affc0484fc78df99d4dc05d6574 - - default default] Unable to schedule network 7a3c0b93-7390-4c46-9445-41a1de357dd9: no agents available; will retry on subsequent port and subnet creation events.
2026-07-16 17:13:54.636 8 INFO neutron.plugins.ml2.drivers.ovn.mech_driver.mech_driver [None req-91ccdb73-06e0-4cf6-be4a-0071966aaa53 - - - - - -] OVN reports status down for port: acdd373a-524b-44aa-8973-c93a6e7f44c0
2026-07-16 17:13:54.682 7 INFO neutron.db.ovn_revision_numbers_db [None req-1d42ae83-5a83-45c3-a88a-50aa5140c505 39cfebf3109644d281c7c7a67e249a9b f0722affc0484fc78df99d4dc05d6574 - - default default] Successfully bumped revision number for resource acdd373a-524b-44aa-8973-c93a6e7f44c0 (type: ports) to 1 [pid: 7|app: 0|req: 1253/2527] 10.0.0.23 () {34 vars in 668 bytes} [Thu Jul 16 17:13:54 2026] POST /v2.0/networks => generated 676 bytes in 505 msecs (HTTP/1.1 201) 4 headers in 162 bytes (1 switches on core 0)
2026-07-16 17:13:54.880 8 WARNING neutron.scheduler.dhcp_agent_scheduler [None req-5c4d1919-16db-4a49-b40b-106171114bb0 39cfebf3109644d281c7c7a67e249a9b f0722affc0484fc78df99d4dc05d6574 - - default default] No more DHCP agents
2026-07-16 17:13:54.881 8 WARNING neutron.api.rpc.agentnotifiers.dhcp_rpc_agent_api [None req-5c4d1919-16db-4a49-b40b-106171114bb0 39cfebf3109644d281c7c7a67e249a9b f0722affc0484fc78df99d4dc05d6574 - - default default] Unable to schedule network 7a3c0b93-7390-4c46-9445-41a1de357dd9: no agents available; will retry on subsequent port and subnet creation events.
2026-07-16 17:13:55.321 8 INFO neutron.db.ovn_revision_numbers_db [None req-5c4d1919-16db-4a49-b40b-106171114bb0 39cfebf3109644d281c7c7a67e249a9b f0722affc0484fc78df99d4dc05d6574 - - default default] Successfully bumped revision number for resource acdd373a-524b-44aa-8973-c93a6e7f44c0 (type: ports) to 2
2026-07-16 17:13:55.347 8 INFO neutron.db.ovn_revision_numbers_db [None req-5c4d1919-16db-4a49-b40b-106171114bb0 39cfebf3109644d281c7c7a67e249a9b f0722affc0484fc78df99d4dc05d6574 - - default default] Successfully bumped revision number for resource 09baf87f-f5b7-4396-a265-8547a044649c (type: subnets) to 0 [pid: 8|app: 0|req: 1275/2528] 10.0.0.23 () {34 vars in 667 bytes} [Thu Jul 16 17:13:54 2026] POST /v2.0/subnets => generated 656 bytes in 648 msecs (HTTP/1.1 201) 4 headers in 162 bytes (1 switches on core 0)
2026-07-16 17:13:55.580 7 WARNING neutron.scheduler.dhcp_agent_scheduler [None req-4f7c5b02-b0b6-4606-9c68-e3db5a846fb2 39cfebf3109644d281c7c7a67e249a9b f0722affc0484fc78df99d4dc05d6574 - - default default] No more DHCP agents
2026-07-16 17:13:55.582 7 WARNING neutron.api.rpc.agentnotifiers.dhcp_rpc_agent_api [None req-4f7c5b02-b0b6-4606-9c68-e3db5a846fb2 39cfebf3109644d281c7c7a67e249a9b f0722affc0484fc78df99d4dc05d6574 - - default default] Unable to schedule network 7a3c0b93-7390-4c46-9445-41a1de357dd9: no agents available; will retry on subsequent port and subnet creation events.
2026-07-16 17:13:55.616 7 INFO neutron.db.ovn_revision_numbers_db [None req-4f7c5b02-b0b6-4606-9c68-e3db5a846fb2 39cfebf3109644d281c7c7a67e249a9b f0722affc0484fc78df99d4dc05d6574 - - default default] Successfully bumped revision number for resource 751d4bd2-ea0a-4ad6-89ea-f821dce654d1 (type: subnets) to 0 [pid: 7|app: 0|req: 1254/2529] 10.0.0.23 () {34 vars in 667 bytes} [Thu Jul 16 17:13:55 2026] POST /v2.0/subnets => generated 725 bytes in 262 msecs (HTTP/1.1 201) 4 headers in 162 bytes (1 switches on core 0)
2026-07-16 17:13:55.726 8 INFO neutron.db.segments_db [None req-a01d6e40-32dc-4aae-8b72-5763216a1c9f 39cfebf3109644d281c7c7a67e249a9b f0722affc0484fc78df99d4dc05d6574 - - default default] Added segment 0b1a6c99-ceac-4a29-b729-7a5211f23853 of type geneve for network ebfaa706-38e6-4183-8a3b-cb217eb62dbd
2026-07-16 17:13:55.833 8 INFO neutron.db.ovn_revision_numbers_db [None req-a01d6e40-32dc-4aae-8b72-5763216a1c9f 39cfebf3109644d281c7c7a67e249a9b f0722affc0484fc78df99d4dc05d6574 - - default default] Successfully bumped revision number for resource ebfaa706-38e6-4183-8a3b-cb217eb62dbd (type: networks) to 1
2026-07-16 17:13:55.993 8 WARNING neutron.scheduler.dhcp_agent_scheduler [None req-a01d6e40-32dc-4aae-8b72-5763216a1c9f 39cfebf3109644d281c7c7a67e249a9b f0722affc0484fc78df99d4dc05d6574 - - default default] No more DHCP agents
2026-07-16 17:13:55.994 8 WARNING neutron.api.rpc.agentnotifiers.dhcp_rpc_agent_api [None req-a01d6e40-32dc-4aae-8b72-5763216a1c9f 39cfebf3109644d281c7c7a67e249a9b f0722affc0484fc78df99d4dc05d6574 - - default default] Unable to schedule network ebfaa706-38e6-4183-8a3b-cb217eb62dbd: no agents available; will retry on subsequent port and subnet creation events.
2026-07-16 17:13:56.067 7 INFO neutron.plugins.ml2.drivers.ovn.mech_driver.mech_driver [None req-bb197c83-2120-435d-8e20-31eaa483c2f3 - - - - - -] OVN reports status down for port: 0bf81513-fd2d-4e14-a642-73b67406d516
2026-07-16 17:13:56.085 8 INFO neutron.db.ovn_revision_numbers_db [None req-a01d6e40-32dc-4aae-8b72-5763216a1c9f 39cfebf3109644d281c7c7a67e249a9b f0722affc0484fc78df99d4dc05d6574 - - default default] Successfully bumped revision number for resource 0bf81513-fd2d-4e14-a642-73b67406d516 (type: ports) to 1 [pid: 8|app: 0|req: 1276/2530] 10.0.0.23 () {34 vars in 668 bytes} [Thu Jul 16 17:13:55 2026] POST /v2.0/networks => generated 675 bytes in 480 msecs (HTTP/1.1 201) 4 headers in 162 bytes (1 switches on core 0)
2026-07-16 17:13:56.312 7 WARNING neutron.scheduler.dhcp_agent_scheduler [None req-3505f60d-5d12-4e50-a6ca-fd76b13f7abd 39cfebf3109644d281c7c7a67e249a9b f0722affc0484fc78df99d4dc05d6574 - - default default] No more DHCP agents
2026-07-16 17:13:56.313 7 WARNING neutron.api.rpc.agentnotifiers.dhcp_rpc_agent_api [None req-3505f60d-5d12-4e50-a6ca-fd76b13f7abd 39cfebf3109644d281c7c7a67e249a9b f0722affc0484fc78df99d4dc05d6574 - - default default] Unable to schedule network ebfaa706-38e6-4183-8a3b-cb217eb62dbd: no agents available; will retry on subsequent port and subnet creation events.
2026-07-16 17:13:56.816 7 INFO neutron.db.ovn_revision_numbers_db [None req-3505f60d-5d12-4e50-a6ca-fd76b13f7abd 39cfebf3109644d281c7c7a67e249a9b f0722affc0484fc78df99d4dc05d6574 - - default default] Successfully bumped revision number for resource 0bf81513-fd2d-4e14-a642-73b67406d516 (type: ports) to 2
2026-07-16 17:13:56.849 7 INFO neutron.db.ovn_revision_numbers_db [None req-3505f60d-5d12-4e50-a6ca-fd76b13f7abd 39cfebf3109644d281c7c7a67e249a9b f0722affc0484fc78df99d4dc05d6574 - - default default] Successfully bumped revision number for resource 12455c0d-df99-4976-ae26-74a8df75a702 (type: subnets) to 0 [pid: 7|app: 0|req: 1255/2531] 10.0.0.23 () {34 vars in 667 bytes} [Thu Jul 16 17:13:56 2026] POST /v2.0/subnets => generated 655 bytes in 761 msecs (HTTP/1.1 201) 4 headers in 162 bytes (1 switches on core 0)
2026-07-16 17:13:57.115 8 WARNING neutron.scheduler.dhcp_agent_scheduler [None req-f661a835-8322-49e1-865c-338cc4fb6e68 39cfebf3109644d281c7c7a67e249a9b f0722affc0484fc78df99d4dc05d6574 - - default default] No more DHCP agents
2026-07-16 17:13:57.117 8 WARNING neutron.api.rpc.agentnotifiers.dhcp_rpc_agent_api [None req-f661a835-8322-49e1-865c-338cc4fb6e68 39cfebf3109644d281c7c7a67e249a9b f0722affc0484fc78df99d4dc05d6574 - - default default] Unable to schedule network ebfaa706-38e6-4183-8a3b-cb217eb62dbd: no agents available; will retry on subsequent port and subnet creation events.
2026-07-16 17:13:57.145 8 INFO neutron.db.ovn_revision_numbers_db [None req-f661a835-8322-49e1-865c-338cc4fb6e68 39cfebf3109644d281c7c7a67e249a9b f0722affc0484fc78df99d4dc05d6574 - - default default] Successfully bumped revision number for resource 11080e7a-2cf8-4703-8ac8-e6521bd0d1b4 (type: subnets) to 0 [pid: 8|app: 0|req: 1277/2532] 10.0.0.23 () {34 vars in 667 bytes} [Thu Jul 16 17:13:56 2026] POST /v2.0/subnets => generated 730 bytes in 261 msecs (HTTP/1.1 201) 4 headers in 162 bytes (1 switches on core 0)
2026-07-16 17:13:57.609 7 WARNING neutron.scheduler.dhcp_agent_scheduler [None req-c85ff46d-9530-4666-b8c9-2ccc2ef05c5b 39cfebf3109644d281c7c7a67e249a9b f0722affc0484fc78df99d4dc05d6574 - - default default] No more DHCP agents
2026-07-16 17:13:57.610 7 WARNING neutron.api.rpc.agentnotifiers.dhcp_rpc_agent_api [None req-c85ff46d-9530-4666-b8c9-2ccc2ef05c5b 39cfebf3109644d281c7c7a67e249a9b f0722affc0484fc78df99d4dc05d6574 - - default default] Unable to schedule network 45c1a10d-ecd0-472f-8718-715f3f08b286: no agents available; will retry on subsequent port and subnet creation events.
2026-07-16 17:13:57.730 7 INFO neutron.plugins.ml2.drivers.ovn.mech_driver.mech_driver [None req-bb197c83-2120-435d-8e20-31eaa483c2f3 - - - - - -] OVN reports status down for port: 9e482b29-87b4-42d1-b99f-f7a1199d6f65
2026-07-16 17:13:57.786 7 INFO neutron.db.ovn_revision_numbers_db [None req-c85ff46d-9530-4666-b8c9-2ccc2ef05c5b 39cfebf3109644d281c7c7a67e249a9b f0722affc0484fc78df99d4dc05d6574 - - default default] Successfully bumped revision number for resource 9e482b29-87b4-42d1-b99f-f7a1199d6f65 (type: ports) to 1
2026-07-16 17:13:58.417 7 INFO neutron.plugins.ml2.drivers.ovn.mech_driver.ovsdb.ovsdb_monitor [None req-9ed02e6e-1a40-4388-bd4c-cda863be36ef - - - - - -] Router 751ec133-08a7-4300-9ec1-1ec2c7790acd is bound to host instance
2026-07-16 17:13:58.427 7 INFO neutron.plugins.ml2.drivers.ovn.mech_driver.mech_driver [None req-bb197c83-2120-435d-8e20-31eaa483c2f3 - - - - - -] OVN reports status up for port: 9e482b29-87b4-42d1-b99f-f7a1199d6f65
2026-07-16 17:13:58.460 7 INFO neutron.plugins.ml2.plugin [None req-bb197c83-2120-435d-8e20-31eaa483c2f3 - - - - - -] Attempt 1 to provision port 9e482b29-87b4-42d1-b99f-f7a1199d6f65
2026-07-16 17:13:58.525 7 INFO neutron.db.ovn_revision_numbers_db [None req-c85ff46d-9530-4666-b8c9-2ccc2ef05c5b 39cfebf3109644d281c7c7a67e249a9b f0722affc0484fc78df99d4dc05d6574 - - default default] Successfully bumped revision number for resource 9e482b29-87b4-42d1-b99f-f7a1199d6f65 (type: router_ports) to 1
2026-07-16 17:13:58.708 7 INFO neutron.db.ovn_revision_numbers_db [None req-c85ff46d-9530-4666-b8c9-2ccc2ef05c5b 39cfebf3109644d281c7c7a67e249a9b f0722affc0484fc78df99d4dc05d6574 - - default default] Successfully bumped revision number for resource 751ec133-08a7-4300-9ec1-1ec2c7790acd (type: routers) to 2 [pid: 7|app: 0|req: 1256/2533] 10.0.0.23 () {34 vars in 667 bytes} [Thu Jul 16 17:13:57 2026] POST /v2.0/routers => generated 965 bytes in 1565 msecs (HTTP/1.1 201) 4 headers in 162 bytes (1 switches on core 0)
2026-07-16 17:13:59.280 8 WARNING neutron.scheduler.dhcp_agent_scheduler [None req-2544c234-8ef1-4170-8220-c67477298cc8 39cfebf3109644d281c7c7a67e249a9b f0722affc0484fc78df99d4dc05d6574 - - default default] No more DHCP agents
2026-07-16 17:13:59.283 8 WARNING neutron.api.rpc.agentnotifiers.dhcp_rpc_agent_api [None req-2544c234-8ef1-4170-8220-c67477298cc8 39cfebf3109644d281c7c7a67e249a9b f0722affc0484fc78df99d4dc05d6574 - - default default] Unable to schedule network 5b5bcce1-ed36-44b1-83bf-4f5e98bfd584: no agents available; will retry on subsequent port and subnet creation events.
2026-07-16 17:13:59.405 7 INFO neutron.db.ovn_revision_numbers_db [None req-77f99cb5-d382-4b63-b6c6-17d261348fba - - - - - -] Successfully bumped revision number for resource 9e482b29-87b4-42d1-b99f-f7a1199d6f65 (type: ports) to 4
2026-07-16 17:13:59.431 8 INFO neutron.plugins.ml2.drivers.ovn.mech_driver.mech_driver [None req-91ccdb73-06e0-4cf6-be4a-0071966aaa53 - - - - - -] OVN reports status down for port: 9447fb57-654c-4c15-bde6-55f7afc7c18a
2026-07-16 17:13:59.493 8 INFO neutron.db.ovn_revision_numbers_db [None req-2544c234-8ef1-4170-8220-c67477298cc8 39cfebf3109644d281c7c7a67e249a9b f0722affc0484fc78df99d4dc05d6574 - - default default] Successfully bumped revision number for resource 9447fb57-654c-4c15-bde6-55f7afc7c18a (type: ports) to 1
2026-07-16 17:13:59.785 7 INFO neutron.db.ovn_revision_numbers_db [None req-77f99cb5-d382-4b63-b6c6-17d261348fba - - - - - -] Successfully bumped revision number for resource 9e482b29-87b4-42d1-b99f-f7a1199d6f65 (type: ports) to 5
2026-07-16 17:14:00.226 8 INFO neutron.plugins.ml2.drivers.ovn.mech_driver.mech_driver [None req-91ccdb73-06e0-4cf6-be4a-0071966aaa53 - - - - - -] OVN reports status up for port: 9447fb57-654c-4c15-bde6-55f7afc7c18a
2026-07-16 17:14:00.257 8 INFO neutron.plugins.ml2.plugin [None req-91ccdb73-06e0-4cf6-be4a-0071966aaa53 - - - - - -] Attempt 1 to provision port 9447fb57-654c-4c15-bde6-55f7afc7c18a
2026-07-16 17:14:00.363 8 WARNING neutron.scheduler.dhcp_agent_scheduler [None req-2544c234-8ef1-4170-8220-c67477298cc8 39cfebf3109644d281c7c7a67e249a9b f0722affc0484fc78df99d4dc05d6574 - - default default] No more DHCP agents
2026-07-16 17:14:00.368 8 WARNING neutron.api.rpc.agentnotifiers.dhcp_rpc_agent_api [None req-2544c234-8ef1-4170-8220-c67477298cc8 39cfebf3109644d281c7c7a67e249a9b f0722affc0484fc78df99d4dc05d6574 - - default default] Unable to schedule network 5b5bcce1-ed36-44b1-83bf-4f5e98bfd584: no agents available; will retry on subsequent port and subnet creation events.
2026-07-16 17:14:00.961 8 INFO neutron.db.ovn_revision_numbers_db [None req-2544c234-8ef1-4170-8220-c67477298cc8 39cfebf3109644d281c7c7a67e249a9b f0722affc0484fc78df99d4dc05d6574 - - default default] Successfully bumped revision number for resource 9447fb57-654c-4c15-bde6-55f7afc7c18a (type: router_ports) to 1 [pid: 8|app: 0|req: 1278/2534] 10.0.0.23 () {34 vars in 781 bytes} [Thu Jul 16 17:13:58 2026] PUT /v2.0/routers/751ec133-08a7-4300-9ec1-1ec2c7790acd/add_router_interface => generated 310 bytes in 2229 msecs (HTTP/1.1 200) 4 headers in 157 bytes (1 switches on core 0)
2026-07-16 17:14:01.057 8 INFO neutron.db.ovn_revision_numbers_db [None req-91ccdb73-06e0-4cf6-be4a-0071966aaa53 - - - - - -] Successfully bumped revision number for resource 9447fb57-654c-4c15-bde6-55f7afc7c18a (type: ports) to 2
2026-07-16 17:14:01.568 7 WARNING neutron.scheduler.dhcp_agent_scheduler [None req-ad2feb57-5606-4d7d-a056-a8543ff84826 39cfebf3109644d281c7c7a67e249a9b f0722affc0484fc78df99d4dc05d6574 - - default default] No more DHCP agents
2026-07-16 17:14:01.569 7 WARNING neutron.api.rpc.agentnotifiers.dhcp_rpc_agent_api [None req-ad2feb57-5606-4d7d-a056-a8543ff84826 39cfebf3109644d281c7c7a67e249a9b f0722affc0484fc78df99d4dc05d6574 - - default default] Unable to schedule network 7a3c0b93-7390-4c46-9445-41a1de357dd9: no agents available; will retry on subsequent port and subnet creation events.
2026-07-16 17:14:01.700 7 INFO neutron.plugins.ml2.drivers.ovn.mech_driver.mech_driver [None req-bb197c83-2120-435d-8e20-31eaa483c2f3 - - - - - -] OVN reports status down for port: 795f47ba-ef57-4099-862a-29b5d16dc4a5
2026-07-16 17:14:01.748 7 INFO neutron.db.ovn_revision_numbers_db [None req-ad2feb57-5606-4d7d-a056-a8543ff84826 39cfebf3109644d281c7c7a67e249a9b f0722affc0484fc78df99d4dc05d6574 - - default default] Successfully bumped revision number for resource 795f47ba-ef57-4099-862a-29b5d16dc4a5 (type: ports) to 1
2026-07-16 17:14:02.473 7 INFO neutron.plugins.ml2.drivers.ovn.mech_driver.mech_driver [None req-bb197c83-2120-435d-8e20-31eaa483c2f3 - - - - - -] OVN reports status up for port: 795f47ba-ef57-4099-862a-29b5d16dc4a5
2026-07-16 17:14:02.500 7 INFO neutron.plugins.ml2.plugin [None req-bb197c83-2120-435d-8e20-31eaa483c2f3 - - - - - -] Attempt 1 to provision port 795f47ba-ef57-4099-862a-29b5d16dc4a5
2026-07-16 17:14:02.596 7 WARNING neutron.scheduler.dhcp_agent_scheduler [None req-ad2feb57-5606-4d7d-a056-a8543ff84826 39cfebf3109644d281c7c7a67e249a9b f0722affc0484fc78df99d4dc05d6574 - - default default] No more DHCP agents
2026-07-16 17:14:02.598 7 WARNING neutron.api.rpc.agentnotifiers.dhcp_rpc_agent_api [None req-ad2feb57-5606-4d7d-a056-a8543ff84826 39cfebf3109644d281c7c7a67e249a9b f0722affc0484fc78df99d4dc05d6574 - - default default] Unable to schedule network 7a3c0b93-7390-4c46-9445-41a1de357dd9: no agents available; will retry on subsequent port and subnet creation events.
2026-07-16 17:14:03.173 7 INFO neutron.db.ovn_revision_numbers_db [None req-ad2feb57-5606-4d7d-a056-a8543ff84826 39cfebf3109644d281c7c7a67e249a9b f0722affc0484fc78df99d4dc05d6574 - - default default] Successfully bumped revision number for resource 795f47ba-ef57-4099-862a-29b5d16dc4a5 (type: router_ports) to 1 [pid: 7|app: 0|req: 1257/2535] 10.0.0.23 () {34 vars in 781 bytes} [Thu Jul 16 17:14:00 2026] PUT /v2.0/routers/751ec133-08a7-4300-9ec1-1ec2c7790acd/add_router_interface => generated 310 bytes in 2210 msecs (HTTP/1.1 200) 4 headers in 157 bytes (1 switches on core 0)
2026-07-16 17:14:03.257 7 INFO neutron.db.ovn_revision_numbers_db [None req-bb197c83-2120-435d-8e20-31eaa483c2f3 - - - - - -] Successfully bumped revision number for resource 795f47ba-ef57-4099-862a-29b5d16dc4a5 (type: ports) to 2
2026-07-16 17:14:03.761 8 WARNING neutron.scheduler.dhcp_agent_scheduler [None req-9e228550-f352-4ece-b07c-10637aafdad8 39cfebf3109644d281c7c7a67e249a9b f0722affc0484fc78df99d4dc05d6574 - - default default] No more DHCP agents
2026-07-16 17:14:03.763 8 WARNING neutron.api.rpc.agentnotifiers.dhcp_rpc_agent_api [None req-9e228550-f352-4ece-b07c-10637aafdad8 39cfebf3109644d281c7c7a67e249a9b f0722affc0484fc78df99d4dc05d6574 - - default default] Unable to schedule network ebfaa706-38e6-4183-8a3b-cb217eb62dbd: no agents available; will retry on subsequent port and subnet creation events.
2026-07-16 17:14:03.890 8 INFO neutron.db.ovn_revision_numbers_db [None req-9e228550-f352-4ece-b07c-10637aafdad8 39cfebf3109644d281c7c7a67e249a9b f0722affc0484fc78df99d4dc05d6574 - - default default] Successfully bumped revision number for resource fb50cc4d-6769-4190-ad75-af4b5466cad9 (type: ports) to 1
2026-07-16 17:14:04.684 8 WARNING neutron.scheduler.dhcp_agent_scheduler [None req-9e228550-f352-4ece-b07c-10637aafdad8 39cfebf3109644d281c7c7a67e249a9b f0722affc0484fc78df99d4dc05d6574 - - default default] No more DHCP agents
2026-07-16 17:14:04.686 8 WARNING neutron.api.rpc.agentnotifiers.dhcp_rpc_agent_api [None req-9e228550-f352-4ece-b07c-10637aafdad8 39cfebf3109644d281c7c7a67e249a9b f0722affc0484fc78df99d4dc05d6574 - - default default] Unable to schedule network ebfaa706-38e6-4183-8a3b-cb217eb62dbd: no agents available; will retry on subsequent port and subnet creation events.
2026-07-16 17:14:04.964 8 INFO neutron.db.ovn_revision_numbers_db [None req-9e228550-f352-4ece-b07c-10637aafdad8 39cfebf3109644d281c7c7a67e249a9b f0722affc0484fc78df99d4dc05d6574 - - default default] Successfully bumped revision number for resource fb50cc4d-6769-4190-ad75-af4b5466cad9 (type: router_ports) to 1 [pid: 8|app: 0|req: 1279/2536] 10.0.0.23 () {34 vars in 781 bytes} [Thu Jul 16 17:14:03 2026] PUT /v2.0/routers/751ec133-08a7-4300-9ec1-1ec2c7790acd/add_router_interface => generated 310 bytes in 1782 msecs (HTTP/1.1 200) 4 headers in 157 bytes (1 switches on core 0)
2026-07-16 17:14:05.206 7 INFO neutron.db.ovn_revision_numbers_db [None req-b5bca842-4cbf-4dd5-8bb5-26847984de57 39cfebf3109644d281c7c7a67e249a9b f0722affc0484fc78df99d4dc05d6574 - - default default] Successfully bumped revision number for resource 33dd2c3e-079c-4439-be30-b8c2361d84cf (type: security_groups) to 1
2026-07-16 17:14:05.232 7 INFO neutron.db.ovn_revision_numbers_db [None req-b5bca842-4cbf-4dd5-8bb5-26847984de57 39cfebf3109644d281c7c7a67e249a9b f0722affc0484fc78df99d4dc05d6574 - - default default] Successfully bumped revision number for resource 5a72c8a7-dd52-4c82-bd74-290378a33e19 (type: security_group_rules) to 0
2026-07-16 17:14:05.254 7 INFO neutron.db.ovn_revision_numbers_db [None req-b5bca842-4cbf-4dd5-8bb5-26847984de57 39cfebf3109644d281c7c7a67e249a9b f0722affc0484fc78df99d4dc05d6574 - - default default] Successfully bumped revision number for resource 9e3879bd-b2d2-4f0f-a064-0fa16f51e2a5 (type: security_group_rules) to 0 [pid: 7|app: 0|req: 1258/2537] 10.0.0.23 () {34 vars in 682 bytes} [Thu Jul 16 17:14:05 2026] POST /v2.0/security-groups => generated 1630 bytes in 274 msecs (HTTP/1.1 201) 4 headers in 163 bytes (1 switches on core 0)
2026-07-16 17:14:05.428 8 INFO neutron.db.ovn_revision_numbers_db [None req-f5883837-7ed2-4751-a27e-01870153fc45 39cfebf3109644d281c7c7a67e249a9b f0722affc0484fc78df99d4dc05d6574 - - default default] Successfully bumped revision number for resource 33aa35ef-90cb-459e-936c-1b0bbca80d52 (type: security_group_rules) to 0 [pid: 8|app: 0|req: 1280/2538] 10.0.0.23 () {34 vars in 693 bytes} [Thu Jul 16 17:14:05 2026] POST /v2.0/security-group-rules => generated 597 bytes in 150 msecs (HTTP/1.1 201) 4 headers in 162 bytes (1 switches on core 0)
2026-07-16 17:14:05.599 7 INFO neutron.db.ovn_revision_numbers_db [None req-4b28c9b4-591a-449b-8a9e-54c3bad1a069 39cfebf3109644d281c7c7a67e249a9b f0722affc0484fc78df99d4dc05d6574 - - default default] Successfully bumped revision number for resource 447646c3-8b53-434f-b0c0-411582f2a788 (type: security_group_rules) to 0 [pid: 7|app: 0|req: 1259/2539] 10.0.0.23 () {34 vars in 693 bytes} [Thu Jul 16 17:14:05 2026] POST /v2.0/security-group-rules => generated 597 bytes in 158 msecs (HTTP/1.1 201) 4 headers in 162 bytes (1 switches on core 0)
2026-07-16 17:14:05.759 8 INFO neutron.db.ovn_revision_numbers_db [None req-f519e803-571b-468e-9922-40ba19aeda7c 39cfebf3109644d281c7c7a67e249a9b f0722affc0484fc78df99d4dc05d6574 - - default default] Successfully bumped revision number for resource 1d8bcccc-8fd3-4eff-9c06-81f54b9043c5 (type: security_group_rules) to 0 [pid: 8|app: 0|req: 1281/2540] 10.0.0.23 () {34 vars in 693 bytes} [Thu Jul 16 17:14:05 2026] POST /v2.0/security-group-rules => generated 599 bytes in 149 msecs (HTTP/1.1 201) 4 headers in 162 bytes (1 switches on core 0)
2026-07-16 17:14:05.907 7 INFO neutron.db.ovn_revision_numbers_db [None req-429f5015-a242-487d-a7ac-35feafdb25ae 39cfebf3109644d281c7c7a67e249a9b f0722affc0484fc78df99d4dc05d6574 - - default default] Successfully bumped revision number for resource 33a006c6-f031-49ab-a548-54bb0ebc3872 (type: security_group_rules) to 0 [pid: 7|app: 0|req: 1260/2541] 10.0.0.23 () {34 vars in 693 bytes} [Thu Jul 16 17:14:05 2026] POST /v2.0/security-group-rules => generated 601 bytes in 143 msecs (HTTP/1.1 201) 4 headers in 162 bytes (1 switches on core 0)
2026-07-16 17:14:06.033 8 WARNING neutron.plugins.ml2.drivers.ovn.mech_driver.ovsdb.ovn_client [None req-e2dad8f0-6cd3-4c95-8394-27381d023c86 - - - - - -] No hosting information found for port 9447fb57-654c-4c15-bde6-55f7afc7c18a: RuntimeError: No hosting information found for port 9447fb57-654c-4c15-bde6-55f7afc7c18a
2026-07-16 17:14:06.113 8 INFO neutron.common.ovn.utils [None req-e2dad8f0-6cd3-4c95-8394-27381d023c86 - - - - - -] HA Chassis Group neutron-5b5bcce1-ed36-44b1-83bf-4f5e98bfd584 synchronized; highest priority chassis 6e953b32-1cf0-4f1f-bdfe-3dd50c382435
2026-07-16 17:14:06.181 8 INFO neutron.db.ovn_revision_numbers_db [None req-59f72f40-8468-4043-b6a6-5e1fce09dfe3 39cfebf3109644d281c7c7a67e249a9b f0722affc0484fc78df99d4dc05d6574 - - default default] Successfully bumped revision number for resource 887d00c2-5787-4faa-8a32-3a8857c11bf4 (type: security_group_rules) to 0 [pid: 8|app: 0|req: 1282/2542] 10.0.0.23 () {34 vars in 693 bytes} [Thu Jul 16 17:14:05 2026] POST /v2.0/security-group-rules => generated 601 bytes in 287 msecs (HTTP/1.1 201) 4 headers in 162 bytes (1 switches on core 0)
2026-07-16 17:14:06.274 8 INFO neutron.db.ovn_revision_numbers_db [None req-e2dad8f0-6cd3-4c95-8394-27381d023c86 - - - - - -] Successfully bumped revision number for resource 9447fb57-654c-4c15-bde6-55f7afc7c18a (type: router_ports) to 2
2026-07-16 17:14:06.363 8 INFO neutron.common.ovn.utils [None req-e2dad8f0-6cd3-4c95-8394-27381d023c86 - - - - - -] HA Chassis Group neutron-ebfaa706-38e6-4183-8a3b-cb217eb62dbd synchronized; highest priority chassis 6e953b32-1cf0-4f1f-bdfe-3dd50c382435
2026-07-16 17:14:06.379 7 INFO neutron.db.ovn_revision_numbers_db [None req-32244c4d-9c81-4895-9267-8cfef8922d19 39cfebf3109644d281c7c7a67e249a9b f0722affc0484fc78df99d4dc05d6574 - - default default] Successfully bumped revision number for resource 89a09b33-63a8-46e2-ac1c-fb7a6e8b07fa (type: security_group_rules) to 0 [pid: 7|app: 0|req: 1261/2543] 10.0.0.23 () {34 vars in 693 bytes} [Thu Jul 16 17:14:06 2026] POST /v2.0/security-group-rules => generated 597 bytes in 172 msecs (HTTP/1.1 201) 4 headers in 162 bytes (1 switches on core 0)
2026-07-16 17:14:06.570 8 INFO neutron.db.ovn_revision_numbers_db [None req-878be396-1558-4ae8-8c60-c202aff4a0cb 39cfebf3109644d281c7c7a67e249a9b f0722affc0484fc78df99d4dc05d6574 - - default default] Successfully bumped revision number for resource 2893f197-64f3-40aa-9248-2c481e264809 (type: security_group_rules) to 0 [pid: 8|app: 0|req: 1283/2544] 10.0.0.23 () {34 vars in 693 bytes} [Thu Jul 16 17:14:06 2026] POST /v2.0/security-group-rules => generated 597 bytes in 185 msecs (HTTP/1.1 201) 4 headers in 162 bytes (1 switches on core 0)
2026-07-16 17:14:06.761 7 INFO neutron.db.ovn_revision_numbers_db [None req-3bbd33cd-6eb6-48a4-a80b-7bc633ad5054 39cfebf3109644d281c7c7a67e249a9b f0722affc0484fc78df99d4dc05d6574 - - default default] Successfully bumped revision number for resource 4f98bae6-c0de-4731-8297-7e78ad600eff (type: security_group_rules) to 0 [pid: 7|app: 0|req: 1262/2545] 10.0.0.23 () {34 vars in 693 bytes} [Thu Jul 16 17:14:06 2026] POST /v2.0/security-group-rules => generated 597 bytes in 188 msecs (HTTP/1.1 201) 4 headers in 162 bytes (1 switches on core 0)
2026-07-16 17:14:07.050 8 INFO neutron.db.ovn_revision_numbers_db [None req-70784b25-84eb-474c-8e8c-e84e6dc45d34 39cfebf3109644d281c7c7a67e249a9b f0722affc0484fc78df99d4dc05d6574 - - default default] Successfully bumped revision number for resource 28db0c11-710d-4df6-ab7b-ba46ddfd9a2e (type: security_group_rules) to 0 [pid: 8|app: 0|req: 1284/2546] 10.0.0.23 () {34 vars in 693 bytes} [Thu Jul 16 17:14:06 2026] POST /v2.0/security-group-rules => generated 599 bytes in 285 msecs (HTTP/1.1 201) 4 headers in 162 bytes (1 switches on core 0)
2026-07-16 17:14:07.265 7 INFO neutron.db.ovn_revision_numbers_db [None req-5b73f2a2-6560-418e-b4ff-d2776df14236 39cfebf3109644d281c7c7a67e249a9b f0722affc0484fc78df99d4dc05d6574 - - default default] Successfully bumped revision number for resource e986c50b-bf9c-479b-bfdb-39c3eb2a033c (type: security_group_rules) to 0 [pid: 7|app: 0|req: 1263/2547] 10.0.0.23 () {34 vars in 693 bytes} [Thu Jul 16 17:14:07 2026] POST /v2.0/security-group-rules => generated 601 bytes in 206 msecs (HTTP/1.1 201) 4 headers in 162 bytes (1 switches on core 0)
2026-07-16 17:14:07.439 8 INFO neutron.db.ovn_revision_numbers_db [None req-c3bf0649-8c19-4e53-a5ff-76354f4ce1cd 39cfebf3109644d281c7c7a67e249a9b f0722affc0484fc78df99d4dc05d6574 - - default default] Successfully bumped revision number for resource dc0429da-522f-4f76-9170-c45d11454eca (type: security_group_rules) to 0 [pid: 8|app: 0|req: 1285/2548] 10.0.0.23 () {34 vars in 693 bytes} [Thu Jul 16 17:14:07 2026] POST /v2.0/security-group-rules => generated 597 bytes in 163 msecs (HTTP/1.1 201) 4 headers in 162 bytes (1 switches on core 0)
2026-07-16 17:14:07.908 7 WARNING neutron.db.securitygroups_db [req-74af6291-61d8-4df8-9387-802677cf07ee req-406a5a44-6efc-4127-9f9f-779a18e01273 39cfebf3109644d281c7c7a67e249a9b f0722affc0484fc78df99d4dc05d6574 - - default default] project_id key not found in filters, using tenant_id instead. This support has been deprecated and will be removed in a future release. [pid: 7|app: 0|req: 1264/2549] 10.0.0.184 () {34 vars in 1095 bytes} [Thu Jul 16 17:14:07 2026] GET /v2.0/security-groups?name=tempest-lb_member_SG-1290989454&fields=id&tenant_id=f0722affc0484fc78df99d4dc05d6574 => generated 69 bytes in 34 msecs (HTTP/1.1 200) 4 headers in 156 bytes (1 switches on core 0) [pid: 8|app: 0|req: 1286/2550] 10.0.0.184 () {34 vars in 981 bytes} [Thu Jul 16 17:14:07 2026] GET /v2.0/networks?id=7a3c0b93-7390-4c46-9445-41a1de357dd9 => generated 743 bytes in 42 msecs (HTTP/1.1 200) 4 headers in 157 bytes (1 switches on core 0) [pid: 7|app: 0|req: 1265/2551] 10.0.0.184 () {34 vars in 964 bytes} [Thu Jul 16 17:14:07 2026] GET /v2.0/quotas/f0722affc0484fc78df99d4dc05d6574 => generated 312 bytes in 13 msecs (HTTP/1.1 200) 4 headers in 157 bytes (1 switches on core 0) [pid: 8|app: 0|req: 1287/2552] 10.0.0.184 () {34 vars in 1001 bytes} [Thu Jul 16 17:14:08 2026] GET /v2.0/ports?tenant_id=f0722affc0484fc78df99d4dc05d6574&fields=id => generated 287 bytes in 185 msecs (HTTP/1.1 200) 4 headers in 157 bytes (1 switches on core 0) [pid: 7|app: 0|req: 1266/2553] 10.0.0.184 () {34 vars in 1007 bytes} [Thu Jul 16 17:14:08 2026] GET /v2.0/networks/7a3c0b93-7390-4c46-9445-41a1de357dd9?fields=segments => generated 14 bytes in 53 msecs (HTTP/1.1 200) 4 headers in 156 bytes (1 switches on core 0) [pid: 8|app: 0|req: 1288/2554] 10.0.0.184 () {34 vars in 1107 bytes} [Thu Jul 16 17:14:08 2026] GET /v2.0/networks/7a3c0b93-7390-4c46-9445-41a1de357dd9?fields=provider%3Aphysical_network&fields=provider%3Anetwork_type => generated 79 bytes in 43 msecs (HTTP/1.1 200) 4 headers in 156 bytes (1 switches on core 0) [pid: 7|app: 0|req: 1267/2555] 10.0.0.184 () {34 vars in 1069 bytes} [Thu Jul 16 17:14:08 2026] GET /v2.0/ports?fields=security_groups&fields=device_id&device_id=f5db927d-f74b-4972-ac08-3e717bcdbc4d => generated 12 bytes in 57 msecs (HTTP/1.1 200) 4 headers in 156 bytes (1 switches on core 0)
2026-07-16 17:14:08.909 7 WARNING neutron.plugins.ml2.drivers.ovn.mech_driver.ovsdb.ovn_client [None req-3df889bd-6e90-406b-81a8-d8fd233470fa - - - - - -] No hosting information found for port 795f47ba-ef57-4099-862a-29b5d16dc4a5: RuntimeError: No hosting information found for port 795f47ba-ef57-4099-862a-29b5d16dc4a5
2026-07-16 17:14:08.951 7 INFO neutron.common.ovn.utils [None req-3df889bd-6e90-406b-81a8-d8fd233470fa - - - - - -] HA Chassis Group neutron-7a3c0b93-7390-4c46-9445-41a1de357dd9 synchronized; highest priority chassis 6e953b32-1cf0-4f1f-bdfe-3dd50c382435
2026-07-16 17:14:09.034 7 INFO neutron.db.ovn_revision_numbers_db [None req-3df889bd-6e90-406b-81a8-d8fd233470fa - - - - - -] Successfully bumped revision number for resource 795f47ba-ef57-4099-862a-29b5d16dc4a5 (type: router_ports) to 2
2026-07-16 17:14:09.068 7 INFO neutron.plugins.ml2.drivers.ovn.mech_driver.mech_driver [None req-3df889bd-6e90-406b-81a8-d8fd233470fa - - - - - -] OVN reports status down for port: fb50cc4d-6769-4190-ad75-af4b5466cad9
2026-07-16 17:14:09.129 7 WARNING neutron.plugins.ml2.drivers.ovn.mech_driver.ovsdb.ovn_client [None req-3df889bd-6e90-406b-81a8-d8fd233470fa - - - - - -] Logical_Switch_Port fb50cc4d-6769-4190-ad75-af4b5466cad9 host information not removed, the port state is up
2026-07-16 17:14:09.130 7 INFO neutron.plugins.ml2.drivers.ovn.mech_driver.mech_driver [None req-3df889bd-6e90-406b-81a8-d8fd233470fa - - - - - -] OVN reports status up for port: fb50cc4d-6769-4190-ad75-af4b5466cad9
2026-07-16 17:14:09.142 7 INFO neutron.plugins.ml2.plugin [None req-3df889bd-6e90-406b-81a8-d8fd233470fa - - - - - -] Attempt 1 to provision port fb50cc4d-6769-4190-ad75-af4b5466cad9
2026-07-16 17:14:09.583 7 INFO neutron.db.ovn_revision_numbers_db [None req-3df889bd-6e90-406b-81a8-d8fd233470fa - - - - - -] Successfully bumped revision number for resource fb50cc4d-6769-4190-ad75-af4b5466cad9 (type: ports) to 2 [pid: 8|app: 0|req: 1290/2558] 199.204.45.113 () {34 vars in 985 bytes} [Thu Jul 16 17:14:12 2026] GET /v2.0/networks?id=7a3c0b93-7390-4c46-9445-41a1de357dd9 => generated 743 bytes in 89 msecs (HTTP/1.1 200) 4 headers in 157 bytes (1 switches on core 0)
2026-07-16 17:14:12.788 7 WARNING neutron.db.securitygroups_db [req-74af6291-61d8-4df8-9387-802677cf07ee req-3674bfad-0570-4665-aec7-1f5d50bcc7d2 39cfebf3109644d281c7c7a67e249a9b f0722affc0484fc78df99d4dc05d6574 - - default default] project_id key not found in filters, using tenant_id instead. This support has been deprecated and will be removed in a future release. [pid: 7|app: 0|req: 1269/2559] 199.204.45.113 () {34 vars in 1049 bytes} [Thu Jul 16 17:14:12 2026] GET /v2.0/security-groups?fields=id&fields=name&tenant_id=f0722affc0484fc78df99d4dc05d6574 => generated 179 bytes in 32 msecs (HTTP/1.1 200) 4 headers in 157 bytes (1 switches on core 0)
2026-07-16 17:14:13.121 8 WARNING neutron.scheduler.dhcp_agent_scheduler [req-74af6291-61d8-4df8-9387-802677cf07ee req-b3a52ca0-792f-42f2-841a-4d1d8f6e0611 39cfebf3109644d281c7c7a67e249a9b f0722affc0484fc78df99d4dc05d6574 - - default default] No more DHCP agents
2026-07-16 17:14:13.122 8 WARNING neutron.api.rpc.agentnotifiers.dhcp_rpc_agent_api [req-74af6291-61d8-4df8-9387-802677cf07ee req-b3a52ca0-792f-42f2-841a-4d1d8f6e0611 39cfebf3109644d281c7c7a67e249a9b f0722affc0484fc78df99d4dc05d6574 - - default default] Unable to schedule network 7a3c0b93-7390-4c46-9445-41a1de357dd9: no agents available; will retry on subsequent port and subnet creation events.
2026-07-16 17:14:13.300 8 INFO neutron.db.ovn_revision_numbers_db [req-74af6291-61d8-4df8-9387-802677cf07ee req-b3a52ca0-792f-42f2-841a-4d1d8f6e0611 39cfebf3109644d281c7c7a67e249a9b f0722affc0484fc78df99d4dc05d6574 - - default default] Successfully bumped revision number for resource 076cb1ae-57cd-4f10-9ec0-82b0dee6f762 (type: ports) to 1 [pid: 8|app: 0|req: 1291/2560] 199.204.45.113 () {38 vars in 954 bytes} [Thu Jul 16 17:14:12 2026] POST /v2.0/ports => generated 1179 bytes in 540 msecs (HTTP/1.1 201) 4 headers in 163 bytes (1 switches on core 0) /var/lib/openstack/lib/python3.12/site-packages/pycadf/identifier.py:70: UserWarning: Invalid uuid: neutron. To ensure interoperability, identifiers should be a valid uuid. warnings.warn(('Invalid uuid: %s. To ensure interoperability, ' [pid: 8|app: 0|req: 1292/2561] 10.0.0.184 () {34 vars in 1069 bytes} [Thu Jul 16 17:14:13 2026] GET /v2.0/ports?fields=security_groups&fields=device_id&device_id=f5db927d-f74b-4972-ac08-3e717bcdbc4d => generated 123 bytes in 27 msecs (HTTP/1.1 200) 4 headers in 157 bytes (1 switches on core 0) [pid: 8|app: 0|req: 1293/2562] 10.0.0.184 () {34 vars in 1039 bytes} [Thu Jul 16 17:14:13 2026] GET /v2.0/security-groups?id=33dd2c3e-079c-4439-be30-b8c2361d84cf&fields=id&fields=name => generated 112 bytes in 24 msecs (HTTP/1.1 200) 4 headers in 157 bytes (1 switches on core 0)
2026-07-16 17:14:13.817 7 INFO neutron.db.ovn_revision_numbers_db [req-74af6291-61d8-4df8-9387-802677cf07ee req-d6dbf3ac-28a5-47a8-a6aa-f648e6a6458b c8f5f9dd2cc64c90ba2083585de04557 a5b92589619949fb96afc00bae46c62b - - dab6b41fb80949969b0945af1c32a0ef dab6b41fb80949969b0945af1c32a0ef] Successfully bumped revision number for resource 076cb1ae-57cd-4f10-9ec0-82b0dee6f762 (type: ports) to 2
2026-07-16 17:14:14.066 7 INFO neutron.db.ovn_revision_numbers_db [req-74af6291-61d8-4df8-9387-802677cf07ee req-d6dbf3ac-28a5-47a8-a6aa-f648e6a6458b c8f5f9dd2cc64c90ba2083585de04557 a5b92589619949fb96afc00bae46c62b - - dab6b41fb80949969b0945af1c32a0ef dab6b41fb80949969b0945af1c32a0ef] Successfully bumped revision number for resource 076cb1ae-57cd-4f10-9ec0-82b0dee6f762 (type: ports) to 4 [pid: 7|app: 0|req: 1270/2563] 199.204.45.113 () {38 vars in 1027 bytes} [Thu Jul 16 17:14:13 2026] PUT /v2.0/ports/076cb1ae-57cd-4f10-9ec0-82b0dee6f762 => generated 1451 bytes in 720 msecs (HTTP/1.1 200) 4 headers in 158 bytes (1 switches on core 0)
2026-07-16 17:14:14.173 7 INFO neutron.notifiers.nova [-] Nova event matching ['req-a8577efe-cb32-425b-8b46-0a741f0aefb1'] response: {'name': 'network-changed', 'server_uuid': 'f5db927d-f74b-4972-ac08-3e717bcdbc4d', 'tag': '076cb1ae-57cd-4f10-9ec0-82b0dee6f762', 'status': 'completed', 'code': 200}
2026-07-16 17:14:14.608 7 WARNING neutron.plugins.ml2.drivers.ovn.mech_driver.ovsdb.ovn_client [None req-e6d7d730-28ad-4bde-aaa6-dcffc902ea4f - - - - - -] No hosting information found for port fb50cc4d-6769-4190-ad75-af4b5466cad9: RuntimeError: No hosting information found for port fb50cc4d-6769-4190-ad75-af4b5466cad9
2026-07-16 17:14:14.683 7 INFO neutron.db.ovn_revision_numbers_db [None req-e6d7d730-28ad-4bde-aaa6-dcffc902ea4f - - - - - -] Successfully bumped revision number for resource fb50cc4d-6769-4190-ad75-af4b5466cad9 (type: router_ports) to 2
2026-07-16 17:14:14.722 7 INFO neutron.plugins.ml2.drivers.ovn.mech_driver.mech_driver [None req-e6d7d730-28ad-4bde-aaa6-dcffc902ea4f - - - - - -] OVN reports status down for port: 076cb1ae-57cd-4f10-9ec0-82b0dee6f762 [pid: 8|app: 0|req: 1294/2564] 199.204.45.113 () {34 vars in 1079 bytes} [Thu Jul 16 17:14:14 2026] GET /v2.0/ports?tenant_id=f0722affc0484fc78df99d4dc05d6574&device_id=f5db927d-f74b-4972-ac08-3e717bcdbc4d => generated 1454 bytes in 41 msecs (HTTP/1.1 200) 4 headers in 158 bytes (1 switches on core 0) /var/lib/openstack/lib/python3.12/site-packages/pycadf/identifier.py:70: UserWarning: Invalid uuid: neutron. To ensure interoperability, identifiers should be a valid uuid. warnings.warn(('Invalid uuid: %s. To ensure interoperability, ' [pid: 7|app: 0|req: 1271/2565] 199.204.45.113 () {34 vars in 1017 bytes} [Thu Jul 16 17:14:14 2026] GET /v2.0/networks?tenant_id=f0722affc0484fc78df99d4dc05d6574&shared=False => generated 2497 bytes in 79 msecs (HTTP/1.1 200) 4 headers in 158 bytes (1 switches on core 0) [pid: 8|app: 0|req: 1295/2566] 199.204.45.113 () {34 vars in 929 bytes} [Thu Jul 16 17:14:14 2026] GET /v2.0/networks?shared=True => generated 791 bytes in 48 msecs (HTTP/1.1 200) 4 headers in 157 bytes (1 switches on core 0) [pid: 7|app: 0|req: 1272/2567] 199.204.45.113 () {34 vars in 1079 bytes} [Thu Jul 16 17:14:15 2026] GET /v2.0/ports?tenant_id=f0722affc0484fc78df99d4dc05d6574&device_id=f5db927d-f74b-4972-ac08-3e717bcdbc4d => generated 1454 bytes in 37 msecs (HTTP/1.1 200) 4 headers in 158 bytes (1 switches on core 0) [pid: 8|app: 0|req: 1296/2568] 199.204.45.113 () {34 vars in 1057 bytes} [Thu Jul 16 17:14:15 2026] GET /v2.0/floatingips?fixed_ip_address=10.2.1.254&port_id=076cb1ae-57cd-4f10-9ec0-82b0dee6f762 => generated 19 bytes in 24 msecs (HTTP/1.1 200) 4 headers in 156 bytes (1 switches on core 0) [pid: 7|app: 0|req: 1273/2569] 199.204.45.113 () {34 vars in 1101 bytes} [Thu Jul 16 17:14:15 2026] GET /v2.0/floatingips?fixed_ip_address=fd7b%3Af9f7%3Afff%3A4eca%3A%3Adb&port_id=076cb1ae-57cd-4f10-9ec0-82b0dee6f762 => generated 19 bytes in 19 msecs (HTTP/1.1 200) 4 headers in 156 bytes (1 switches on core 0) [pid: 8|app: 0|req: 1297/2570] 199.204.45.113 () {34 vars in 1063 bytes} [Thu Jul 16 17:14:15 2026] GET /v2.0/subnets?id=09baf87f-f5b7-4396-a265-8547a044649c&id=751d4bd2-ea0a-4ad6-89ea-f821dce654d1 => generated 1410 bytes in 31 msecs (HTTP/1.1 200) 4 headers in 158 bytes (1 switches on core 0) [pid: 7|app: 0|req: 1274/2571] 199.204.45.113 () {34 vars in 1051 bytes} [Thu Jul 16 17:14:16 2026] GET /v2.0/ports?network_id=7a3c0b93-7390-4c46-9445-41a1de357dd9&device_owner=network%3Adhcp => generated 12 bytes in 17 msecs (HTTP/1.1 200) 4 headers in 156 bytes (1 switches on core 0) [pid: 8|app: 0|req: 1298/2572] 199.204.45.113 () {34 vars in 1051 bytes} [Thu Jul 16 17:14:16 2026] GET /v2.0/ports?network_id=7a3c0b93-7390-4c46-9445-41a1de357dd9&device_owner=network%3Adhcp => generated 12 bytes in 23 msecs (HTTP/1.1 200) 4 headers in 156 bytes (1 switches on core 0) [pid: 7|app: 0|req: 1275/2573] 199.204.45.113 () {34 vars in 1011 bytes} [Thu Jul 16 17:14:16 2026] GET /v2.0/networks/7a3c0b93-7390-4c46-9445-41a1de357dd9?fields=segments => generated 14 bytes in 46 msecs (HTTP/1.1 200) 4 headers in 156 bytes (1 switches on core 0) [pid: 8|app: 0|req: 1299/2574] 199.204.45.113 () {34 vars in 1111 bytes} [Thu Jul 16 17:14:16 2026] GET /v2.0/networks/7a3c0b93-7390-4c46-9445-41a1de357dd9?fields=provider%3Aphysical_network&fields=provider%3Anetwork_type => generated 79 bytes in 58 msecs (HTTP/1.1 200) 4 headers in 156 bytes (1 switches on core 0)
2026-07-16 17:14:16.214 7 INFO neutron.notifiers.nova [-] Nova event matching ['req-6347322d-66cd-4da0-8344-aafae26d87c4'] response: {'server_uuid': 'f5db927d-f74b-4972-ac08-3e717bcdbc4d', 'name': 'network-vif-unplugged', 'status': 'completed', 'tag': '076cb1ae-57cd-4f10-9ec0-82b0dee6f762', 'code': 200} [pid: 7|app: 0|req: 1276/2575] 10.0.0.184 () {34 vars in 1069 bytes} [Thu Jul 16 17:14:18 2026] GET /v2.0/ports?fields=security_groups&fields=device_id&device_id=f5db927d-f74b-4972-ac08-3e717bcdbc4d => generated 123 bytes in 80 msecs (HTTP/1.1 200) 4 headers in 157 bytes (1 switches on core 0) [pid: 8|app: 0|req: 1300/2576] 10.0.0.184 () {34 vars in 1039 bytes} [Thu Jul 16 17:14:18 2026] GET /v2.0/security-groups?id=33dd2c3e-079c-4439-be30-b8c2361d84cf&fields=id&fields=name => generated 112 bytes in 599 msecs (HTTP/1.1 200) 4 headers in 157 bytes (1 switches on core 0) [pid: 7|app: 0|req: 1277/2577] 199.204.45.113 () {34 vars in 993 bytes} [Thu Jul 16 17:14:20 2026] GET /v2.0/ports?device_id=f5db927d-f74b-4972-ac08-3e717bcdbc4d => generated 1194 bytes in 39 msecs (HTTP/1.1 200) 4 headers in 158 bytes (1 switches on core 0)
2026-07-16 17:14:20.583 8 INFO neutron_taas.services.taas.taas_plugin [req-74af6291-61d8-4df8-9387-802677cf07ee req-51775192-d87e-4268-9cfc-04cb8f467ffd 39cfebf3109644d281c7c7a67e249a9b f0722affc0484fc78df99d4dc05d6574 - - default default] TaaS: Handle Delete Port: 076cb1ae-57cd-4f10-9ec0-82b0dee6f762
2026-07-16 17:14:20.586 8 INFO neutron_taas.services.taas.tap_mirror_plugin [req-74af6291-61d8-4df8-9387-802677cf07ee req-51775192-d87e-4268-9cfc-04cb8f467ffd 39cfebf3109644d281c7c7a67e249a9b f0722affc0484fc78df99d4dc05d6574 - - default default] Tap Mirror: Handle Delete Port: 076cb1ae-57cd-4f10-9ec0-82b0dee6f762 [pid: 8|app: 0|req: 1301/2578] 199.204.45.113 () {36 vars in 996 bytes} [Thu Jul 16 17:14:20 2026] DELETE /v2.0/ports/076cb1ae-57cd-4f10-9ec0-82b0dee6f762 => generated 0 bytes in 359 msecs (HTTP/1.1 204) 3 headers in 131 bytes (1 switches on core 0)
2026-07-16 17:14:20.795 8 WARNING neutron.notifiers.nova [-] Nova event matching ['req-9c30a740-006e-4012-8451-35058aba7596']: {'server_uuid': 'f5db927d-f74b-4972-ac08-3e717bcdbc4d', 'name': 'network-vif-deleted', 'tag': '076cb1ae-57cd-4f10-9ec0-82b0dee6f762', 'status': 'failed', 'code': 422} returned with failed status [pid: 7|app: 0|req: 1278/2579] 10.0.0.98 () {34 vars in 988 bytes} [Thu Jul 16 17:14:22 2026] GET /v2.0/ports?device_id=f5db927d-f74b-4972-ac08-3e717bcdbc4d => generated 12 bytes in 23 msecs (HTTP/1.1 200) 4 headers in 156 bytes (1 switches on core 0) [pid: 7|app: 0|req: 1280/2582] 10.0.0.184 () {34 vars in 1069 bytes} [Thu Jul 16 17:14:24 2026] GET /v2.0/ports?fields=security_groups&fields=device_id&device_id=f5db927d-f74b-4972-ac08-3e717bcdbc4d => generated 12 bytes in 24 msecs (HTTP/1.1 200) 4 headers in 156 bytes (1 switches on core 0) [pid: 8|app: 0|req: 1303/2583] 10.0.0.184 () {34 vars in 989 bytes} [Thu Jul 16 17:14:24 2026] GET /v2.0/ports?device_id=f5db927d-f74b-4972-ac08-3e717bcdbc4d => generated 12 bytes in 22 msecs (HTTP/1.1 200) 4 headers in 156 bytes (1 switches on core 0) [pid: 7|app: 0|req: 1281/2584] 10.0.0.23 () {32 vars in 748 bytes} [Thu Jul 16 17:14:24 2026] DELETE /v2.0/security-group-rules/dc0429da-522f-4f76-9170-c45d11454eca => generated 0 bytes in 123 msecs (HTTP/1.1 204) 2 headers in 112 bytes (1 switches on core 0)
2026-07-16 17:14:24.920 8 INFO neutron.api.v2.resource [None req-9cdbaa9d-cdd5-45b3-9524-53031bb4bac2 39cfebf3109644d281c7c7a67e249a9b f0722affc0484fc78df99d4dc05d6574 - - default default] show failed (client error): The resource could not be found. [pid: 8|app: 0|req: 1304/2585] 10.0.0.23 () {32 vars in 745 bytes} [Thu Jul 16 17:14:24 2026] GET /v2.0/security-group-rules/dc0429da-522f-4f76-9170-c45d11454eca => generated 155 bytes in 13 msecs (HTTP/1.1 404) 4 headers in 164 bytes (1 switches on core 0) [pid: 7|app: 0|req: 1282/2586] 10.0.0.23 () {32 vars in 748 bytes} [Thu Jul 16 17:14:24 2026] DELETE /v2.0/security-group-rules/e986c50b-bf9c-479b-bfdb-39c3eb2a033c => generated 0 bytes in 115 msecs (HTTP/1.1 204) 2 headers in 112 bytes (1 switches on core 0)
2026-07-16 17:14:25.060 8 INFO neutron.api.v2.resource [None req-dc3125dd-311c-4442-9baa-7b07a74770c9 39cfebf3109644d281c7c7a67e249a9b f0722affc0484fc78df99d4dc05d6574 - - default default] show failed (client error): The resource could not be found. [pid: 8|app: 0|req: 1305/2587] 10.0.0.23 () {32 vars in 745 bytes} [Thu Jul 16 17:14:25 2026] GET /v2.0/security-group-rules/e986c50b-bf9c-479b-bfdb-39c3eb2a033c => generated 155 bytes in 15 msecs (HTTP/1.1 404) 4 headers in 164 bytes (1 switches on core 0) [pid: 7|app: 0|req: 1283/2588] 10.0.0.23 () {32 vars in 748 bytes} [Thu Jul 16 17:14:25 2026] DELETE /v2.0/security-group-rules/28db0c11-710d-4df6-ab7b-ba46ddfd9a2e => generated 0 bytes in 127 msecs (HTTP/1.1 204) 2 headers in 112 bytes (1 switches on core 0)
2026-07-16 17:14:25.214 8 INFO neutron.api.v2.resource [None req-b6bd3a94-5659-4a17-bab8-f0cd4f5eb7c2 39cfebf3109644d281c7c7a67e249a9b f0722affc0484fc78df99d4dc05d6574 - - default default] show failed (client error): The resource could not be found. [pid: 8|app: 0|req: 1306/2589] 10.0.0.23 () {32 vars in 745 bytes} [Thu Jul 16 17:14:25 2026] GET /v2.0/security-group-rules/28db0c11-710d-4df6-ab7b-ba46ddfd9a2e => generated 155 bytes in 17 msecs (HTTP/1.1 404) 4 headers in 164 bytes (1 switches on core 0) [pid: 7|app: 0|req: 1284/2590] 10.0.0.23 () {32 vars in 748 bytes} [Thu Jul 16 17:14:25 2026] DELETE /v2.0/security-group-rules/4f98bae6-c0de-4731-8297-7e78ad600eff => generated 0 bytes in 122 msecs (HTTP/1.1 204) 2 headers in 112 bytes (1 switches on core 0)
