2026-07-16 17:12:00.416 7 INFO neutron.plugins.ml2.drivers.ovn.mech_driver.ovsdb.ovsdb_monitor [None req-13ac1b6d-237d-4598-a426-d6a031ffe470 - - - - - -] Router 537e73f2-822c-4d3b-88ba-d372119d5aa8 is bound to host instance
2026-07-16 17:12:00.436 8 INFO neutron.plugins.ml2.drivers.ovn.mech_driver.mech_driver [None req-fe7c2b3c-22ea-45c6-a35f-05d8eb3df70b - - - - - -] OVN reports status up for port: 90964397-df0e-4d3f-b201-452b597f0a7e [pid: 7|app: 0|req: 1009/1966] 10.0.0.23 () {32 vars in 738 bytes} [Thu Jul 16 17:12:00 2026] DELETE /v2.0/security-groups/f549466e-2d3f-415b-85c8-b3b2b810dc8d => generated 0 bytes in 281 msecs (HTTP/1.1 204) 2 headers in 112 bytes (1 switches on core 0)
2026-07-16 17:12:00.464 8 INFO neutron.plugins.ml2.plugin [None req-fe7c2b3c-22ea-45c6-a35f-05d8eb3df70b - - - - - -] Attempt 1 to provision port 90964397-df0e-4d3f-b201-452b597f0a7e [pid: 7|app: 0|req: 1010/1967] 10.0.0.23 () {32 vars in 734 bytes} [Thu Jul 16 17:12:00 2026] GET /v2.0/ports?device_id=3cd30223-bbb0-488f-9220-2e286187852e => generated 12 bytes in 33 msecs (HTTP/1.1 200) 4 headers in 156 bytes (1 switches on core 0)
2026-07-16 17:12:00.493 8 INFO neutron.db.ovn_revision_numbers_db [None req-40bf4853-c2c9-4335-94af-4976f8299db5 2c50500a55254b52b74ffcb73d7a9e65 7fc8011fb237401f903b73b6babb9adc - - default default] Successfully bumped revision number for resource 90964397-df0e-4d3f-b201-452b597f0a7e (type: router_ports) to 1
2026-07-16 17:12:00.608 8 INFO neutron.db.ovn_revision_numbers_db [None req-40bf4853-c2c9-4335-94af-4976f8299db5 2c50500a55254b52b74ffcb73d7a9e65 7fc8011fb237401f903b73b6babb9adc - - default default] Successfully bumped revision number for resource 537e73f2-822c-4d3b-88ba-d372119d5aa8 (type: routers) to 2 [pid: 8|app: 0|req: 958/1968] 10.0.0.23 () {34 vars in 667 bytes} [Thu Jul 16 17:11:59 2026] POST /v2.0/routers => generated 987 bytes in 1478 msecs (HTTP/1.1 201) 4 headers in 162 bytes (1 switches on core 0)
2026-07-16 17:12:00.630 8 WARNING neutron.db.securitygroups_db [None req-46db257b-3f7f-4e8b-9726-9e560129264b 2c50500a55254b52b74ffcb73d7a9e65 7fc8011fb237401f903b73b6babb9adc - - default default] project_id key not found in filters, using tenant_id instead. This support has been deprecated and will be removed in a future release.
2026-07-16 17:12:00.742 8 INFO neutron.db.ovn_revision_numbers_db [None req-46db257b-3f7f-4e8b-9726-9e560129264b 2c50500a55254b52b74ffcb73d7a9e65 7fc8011fb237401f903b73b6babb9adc - - default default] Successfully bumped revision number for resource 48e9fb60-8f8f-4279-8c90-83da1552fe45 (type: security_groups) to 1
2026-07-16 17:12:00.753 8 INFO neutron.db.ovn_revision_numbers_db [None req-46db257b-3f7f-4e8b-9726-9e560129264b 2c50500a55254b52b74ffcb73d7a9e65 7fc8011fb237401f903b73b6babb9adc - - default default] Successfully bumped revision number for resource 4720f3db-12c4-467b-beb3-574f55687138 (type: security_group_rules) to 0
2026-07-16 17:12:00.765 8 INFO neutron.db.ovn_revision_numbers_db [None req-46db257b-3f7f-4e8b-9726-9e560129264b 2c50500a55254b52b74ffcb73d7a9e65 7fc8011fb237401f903b73b6babb9adc - - default default] Successfully bumped revision number for resource 4b6fa982-e0aa-415e-99f4-e64c0ce0e4f2 (type: security_group_rules) to 0
2026-07-16 17:12:00.780 8 INFO neutron.db.ovn_revision_numbers_db [None req-46db257b-3f7f-4e8b-9726-9e560129264b 2c50500a55254b52b74ffcb73d7a9e65 7fc8011fb237401f903b73b6babb9adc - - default default] Successfully bumped revision number for resource 59ec6e32-e1c9-4493-92bb-cdf26b83214d (type: security_group_rules) to 0
2026-07-16 17:12:00.793 8 INFO neutron.db.ovn_revision_numbers_db [None req-46db257b-3f7f-4e8b-9726-9e560129264b 2c50500a55254b52b74ffcb73d7a9e65 7fc8011fb237401f903b73b6babb9adc - - default default] Successfully bumped revision number for resource beac55af-e637-4162-8f8f-5a1d25e8872c (type: security_group_rules) to 0 [pid: 8|app: 0|req: 959/1969] 10.0.0.23 () {32 vars in 772 bytes} [Thu Jul 16 17:12:00 2026] GET /v2.0/security-groups?tenant_id=19ad8ba3868843abb8755bcba6b0e4cf&name=default => generated 2925 bytes in 209 msecs (HTTP/1.1 200) 4 headers in 158 bytes (1 switches on core 0) [pid: 7|app: 0|req: 1011/1970] 10.0.0.23 () {32 vars in 722 bytes} [Thu Jul 16 17:12:00 2026] DELETE /v2.0/routers/3cd30223-bbb0-488f-9220-2e286187852e => generated 0 bytes in 367 msecs (HTTP/1.1 204) 2 headers in 112 bytes (1 switches on core 0) [pid: 7|app: 0|req: 1012/1971] 10.0.0.23 () {32 vars in 738 bytes} [Thu Jul 16 17:12:00 2026] DELETE /v2.0/security-groups/48e9fb60-8f8f-4279-8c90-83da1552fe45 => generated 0 bytes in 411 msecs (HTTP/1.1 204) 2 headers in 112 bytes (1 switches on core 0)
2026-07-16 17:12:01.302 8 WARNING neutron.scheduler.dhcp_agent_scheduler [None req-6d979a65-9930-4a22-905d-2f7c6d92d895 2c50500a55254b52b74ffcb73d7a9e65 7fc8011fb237401f903b73b6babb9adc - - default default] No more DHCP agents
2026-07-16 17:12:01.304 8 WARNING neutron.api.rpc.agentnotifiers.dhcp_rpc_agent_api [None req-6d979a65-9930-4a22-905d-2f7c6d92d895 2c50500a55254b52b74ffcb73d7a9e65 7fc8011fb237401f903b73b6babb9adc - - default default] Unable to schedule network 169b8bc6-4e7f-4d30-accf-cc254d640567: no agents available; will retry on subsequent port and subnet creation events.
2026-07-16 17:12:01.444 8 INFO neutron.db.ovn_revision_numbers_db [None req-6d979a65-9930-4a22-905d-2f7c6d92d895 2c50500a55254b52b74ffcb73d7a9e65 7fc8011fb237401f903b73b6babb9adc - - default default] Successfully bumped revision number for resource 847fda89-c360-485e-9f3e-3358e2fb9435 (type: ports) to 1 [pid: 7|app: 0|req: 1013/1972] 10.0.0.23 () {32 vars in 722 bytes} [Thu Jul 16 17:12:01 2026] DELETE /v2.0/subnets/f0c1cb9c-b9e1-4fc5-83d7-a67b978a8b82 => generated 0 bytes in 281 msecs (HTTP/1.1 204) 3 headers in 131 bytes (1 switches on core 0)
2026-07-16 17:12:01.762 7 INFO neutron_taas.services.taas.taas_plugin [None req-df9071c8-fb41-4907-bf32-dedbeeaa99ad 9aabafbfd4884011b23a5cdd397ac6e1 f69e8d3db48649c1af26355e20c7822f - - default default] TaaS: Handle Delete Port: 311013fe-9ca6-49a7-9497-85afeb9d0e83
2026-07-16 17:12:01.777 7 INFO neutron_taas.services.taas.tap_mirror_plugin [None req-df9071c8-fb41-4907-bf32-dedbeeaa99ad 9aabafbfd4884011b23a5cdd397ac6e1 f69e8d3db48649c1af26355e20c7822f - - default default] Tap Mirror: Handle Delete Port: 311013fe-9ca6-49a7-9497-85afeb9d0e83
2026-07-16 17:12:01.914 7 INFO neutron.db.ovn_revision_numbers_db [None req-9ed02e6e-1a40-4388-bd4c-cda863be36ef - - - - - -] Successfully bumped revision number for resource 90964397-df0e-4d3f-b201-452b597f0a7e (type: ports) to 4
2026-07-16 17:12:02.088 8 WARNING neutron.scheduler.dhcp_agent_scheduler [None req-6d979a65-9930-4a22-905d-2f7c6d92d895 2c50500a55254b52b74ffcb73d7a9e65 7fc8011fb237401f903b73b6babb9adc - - default default] No more DHCP agents
2026-07-16 17:12:02.090 8 WARNING neutron.api.rpc.agentnotifiers.dhcp_rpc_agent_api [None req-6d979a65-9930-4a22-905d-2f7c6d92d895 2c50500a55254b52b74ffcb73d7a9e65 7fc8011fb237401f903b73b6babb9adc - - default default] Unable to schedule network 169b8bc6-4e7f-4d30-accf-cc254d640567: no agents available; will retry on subsequent port and subnet creation events.
2026-07-16 17:12:02.146 7 INFO neutron.services.segments.plugin [-] Segment 511a8ed5-570d-4241-8ff5-4af7fa30ad10 resource provider aggregate not found
2026-07-16 17:12:02.170 7 INFO neutron.services.segments.plugin [-] Segment 511a8ed5-570d-4241-8ff5-4af7fa30ad10 resource provider aggregate not found
2026-07-16 17:12:02.184 7 INFO neutron.services.segments.plugin [-] Client error retrieving segment 511a8ed5-570d-4241-8ff5-4af7fa30ad10 resource provider; error: Placement Client Error (4xx): {"errors": [{"status": 404, "title": "Not Found", "detail": "The resource could not be found.\n\n No resource provider with uuid 511a8ed5-570d-4241-8ff5-4af7fa30ad10 found for delete ", "request_id": "req-9eb93bb0-803b-4c95-b64c-0d6d793cbd0e"}]}
2026-07-16 17:12:02.196 7 INFO neutron.services.segments.plugin [-] Client error retrieving segment 511a8ed5-570d-4241-8ff5-4af7fa30ad10 resource provider; error: Placement Client Error (4xx): {"errors": [{"status": 404, "title": "Not Found", "detail": "The resource could not be found.\n\n No resource provider with uuid 511a8ed5-570d-4241-8ff5-4af7fa30ad10 found for delete ", "request_id": "req-f94adb83-849e-491b-b4c0-c620708614d0"}]} [pid: 7|app: 0|req: 1014/1973] 10.0.0.23 () {32 vars in 724 bytes} [Thu Jul 16 17:12:01 2026] DELETE /v2.0/networks/5af75d9c-ba10-4cba-a19c-9f7f41e8c757 => generated 0 bytes in 728 msecs (HTTP/1.1 204) 3 headers in 131 bytes (1 switches on core 0)
2026-07-16 17:12:02.470 7 INFO neutron.db.segments_db [None req-acf44b4a-3160-463d-ac34-5852cd627f04 9aabafbfd4884011b23a5cdd397ac6e1 f69e8d3db48649c1af26355e20c7822f - - default default] Added segment 40bab2ae-4aac-4790-81cc-22671db029d6 of type geneve for network f800fbb6-1421-4b3c-8536-e17b912ffb54
2026-07-16 17:12:02.647 7 INFO neutron.db.ovn_revision_numbers_db [None req-9ed02e6e-1a40-4388-bd4c-cda863be36ef - - - - - -] Successfully bumped revision number for resource 90964397-df0e-4d3f-b201-452b597f0a7e (type: ports) to 5
2026-07-16 17:12:02.692 8 INFO neutron.db.ovn_revision_numbers_db [None req-6d979a65-9930-4a22-905d-2f7c6d92d895 2c50500a55254b52b74ffcb73d7a9e65 7fc8011fb237401f903b73b6babb9adc - - default default] Successfully bumped revision number for resource 847fda89-c360-485e-9f3e-3358e2fb9435 (type: router_ports) to 1 [pid: 8|app: 0|req: 960/1974] 10.0.0.23 () {34 vars in 781 bytes} [Thu Jul 16 17:12:00 2026] PUT /v2.0/routers/537e73f2-822c-4d3b-88ba-d372119d5aa8/add_router_interface => generated 310 bytes in 1861 msecs (HTTP/1.1 200) 4 headers in 157 bytes (1 switches on core 0)
2026-07-16 17:12:02.705 7 INFO neutron.db.ovn_revision_numbers_db [None req-acf44b4a-3160-463d-ac34-5852cd627f04 9aabafbfd4884011b23a5cdd397ac6e1 f69e8d3db48649c1af26355e20c7822f - - default default] Successfully bumped revision number for resource f800fbb6-1421-4b3c-8536-e17b912ffb54 (type: networks) to 1
2026-07-16 17:12:02.915 7 WARNING neutron.scheduler.dhcp_agent_scheduler [None req-acf44b4a-3160-463d-ac34-5852cd627f04 9aabafbfd4884011b23a5cdd397ac6e1 f69e8d3db48649c1af26355e20c7822f - - default default] No more DHCP agents
2026-07-16 17:12:02.917 7 WARNING neutron.api.rpc.agentnotifiers.dhcp_rpc_agent_api [None req-acf44b4a-3160-463d-ac34-5852cd627f04 9aabafbfd4884011b23a5cdd397ac6e1 f69e8d3db48649c1af26355e20c7822f - - default default] Unable to schedule network f800fbb6-1421-4b3c-8536-e17b912ffb54: no agents available; will retry on subsequent port and subnet creation events.
2026-07-16 17:12:03.015 7 INFO neutron.db.ovn_revision_numbers_db [None req-acf44b4a-3160-463d-ac34-5852cd627f04 9aabafbfd4884011b23a5cdd397ac6e1 f69e8d3db48649c1af26355e20c7822f - - default default] Successfully bumped revision number for resource 77317e61-3936-4dd9-adcf-0e317eaf8640 (type: ports) to 1
2026-07-16 17:12:03.033 8 INFO neutron.plugins.ml2.drivers.ovn.mech_driver.mech_driver [None req-fe7c2b3c-22ea-45c6-a35f-05d8eb3df70b - - - - - -] OVN reports status down for port: 847fda89-c360-485e-9f3e-3358e2fb9435 [pid: 7|app: 0|req: 1015/1975] 10.0.0.23 () {34 vars in 668 bytes} [Thu Jul 16 17:12:02 2026] POST /v2.0/networks => generated 672 bytes in 740 msecs (HTTP/1.1 201) 4 headers in 162 bytes (1 switches on core 0)
2026-07-16 17:12:03.134 8 WARNING neutron.plugins.ml2.drivers.ovn.mech_driver.ovsdb.ovn_client [None req-fe7c2b3c-22ea-45c6-a35f-05d8eb3df70b - - - - - -] Logical_Switch_Port 847fda89-c360-485e-9f3e-3358e2fb9435 host information not removed, the port state is up
2026-07-16 17:12:03.134 8 INFO neutron.plugins.ml2.drivers.ovn.mech_driver.mech_driver [None req-fe7c2b3c-22ea-45c6-a35f-05d8eb3df70b - - - - - -] OVN reports status up for port: 847fda89-c360-485e-9f3e-3358e2fb9435
2026-07-16 17:12:03.155 8 INFO neutron.plugins.ml2.plugin [None req-fe7c2b3c-22ea-45c6-a35f-05d8eb3df70b - - - - - -] Attempt 1 to provision port 847fda89-c360-485e-9f3e-3358e2fb9435
2026-07-16 17:12:03.342 8 WARNING neutron.scheduler.dhcp_agent_scheduler [None req-9d548af0-573b-47d4-b789-9a2f0a7915be 9aabafbfd4884011b23a5cdd397ac6e1 f69e8d3db48649c1af26355e20c7822f - - default default] No more DHCP agents
2026-07-16 17:12:03.344 8 WARNING neutron.api.rpc.agentnotifiers.dhcp_rpc_agent_api [None req-9d548af0-573b-47d4-b789-9a2f0a7915be 9aabafbfd4884011b23a5cdd397ac6e1 f69e8d3db48649c1af26355e20c7822f - - default default] Unable to schedule network f800fbb6-1421-4b3c-8536-e17b912ffb54: no agents available; will retry on subsequent port and subnet creation events.
2026-07-16 17:12:03.384 8 INFO neutron.db.ovn_revision_numbers_db [None req-9d548af0-573b-47d4-b789-9a2f0a7915be 9aabafbfd4884011b23a5cdd397ac6e1 f69e8d3db48649c1af26355e20c7822f - - default default] Successfully bumped revision number for resource 0126f040-8a5e-4296-96e7-5f2942c6e6f8 (type: subnets) to 0 [pid: 8|app: 0|req: 961/1976] 10.0.0.23 () {34 vars in 667 bytes} [Thu Jul 16 17:12:03 2026] POST /v2.0/subnets => generated 646 bytes in 374 msecs (HTTP/1.1 201) 4 headers in 162 bytes (1 switches on core 0)
2026-07-16 17:12:03.590 7 INFO neutron.db.ovn_revision_numbers_db [None req-2ee0f644-9a67-4f18-ab5d-e89d2110a5fe 9aabafbfd4884011b23a5cdd397ac6e1 f69e8d3db48649c1af26355e20c7822f - - default default] Successfully bumped revision number for resource 21afc331-b0e5-4cbc-9679-db0906d4bb8c (type: routers) to 1 [pid: 7|app: 0|req: 1016/1977] 10.0.0.23 () {34 vars in 667 bytes} [Thu Jul 16 17:12:03 2026] POST /v2.0/routers => generated 628 bytes in 190 msecs (HTTP/1.1 201) 4 headers in 162 bytes (1 switches on core 0)
2026-07-16 17:12:03.717 7 WARNING neutron.plugins.ml2.drivers.ovn.mech_driver.ovsdb.ovn_client [None req-7eb8c48f-b073-4d1d-850d-124c4778e1bc - - - - - -] No port found with ID d7b4bfd9-f171-4e0a-939e-8e900eb195fa: RuntimeError: No port found with ID d7b4bfd9-f171-4e0a-939e-8e900eb195fa
2026-07-16 17:12:03.718 7 INFO neutron.plugins.ml2.drivers.ovn.mech_driver.mech_driver [None req-7eb8c48f-b073-4d1d-850d-124c4778e1bc - - - - - -] OVN reports status down for port: 0ba56df9-46d2-40ec-adf2-73e942d3a697
2026-07-16 17:12:03.778 8 INFO neutron.db.ovn_revision_numbers_db [None req-fe7c2b3c-22ea-45c6-a35f-05d8eb3df70b - - - - - -] Successfully bumped revision number for resource 847fda89-c360-485e-9f3e-3358e2fb9435 (type: ports) to 2
2026-07-16 17:12:03.826 7 INFO neutron.plugins.ml2.drivers.ovn.mech_driver.mech_driver [None req-7eb8c48f-b073-4d1d-850d-124c4778e1bc - - - - - -] OVN reports status down for port: 77317e61-3936-4dd9-adcf-0e317eaf8640
2026-07-16 17:12:03.997 7 INFO neutron.db.ovn_revision_numbers_db [None req-c4c8b623-17f1-4ceb-86bf-7c5cfcda96e6 2c50500a55254b52b74ffcb73d7a9e65 7fc8011fb237401f903b73b6babb9adc - - default default] Successfully bumped revision number for resource 7d0f32a9-4bd1-4bfb-8bf8-582da4ca4788 (type: security_groups) to 1
2026-07-16 17:12:04.011 7 INFO neutron.db.ovn_revision_numbers_db [None req-c4c8b623-17f1-4ceb-86bf-7c5cfcda96e6 2c50500a55254b52b74ffcb73d7a9e65 7fc8011fb237401f903b73b6babb9adc - - default default] Successfully bumped revision number for resource 056b86d4-8b4e-4b4e-97d8-d00a6f214f6d (type: security_group_rules) to 0
2026-07-16 17:12:04.023 7 INFO neutron.db.ovn_revision_numbers_db [None req-c4c8b623-17f1-4ceb-86bf-7c5cfcda96e6 2c50500a55254b52b74ffcb73d7a9e65 7fc8011fb237401f903b73b6babb9adc - - default default] Successfully bumped revision number for resource 06a079a9-b560-4f85-995f-7e1a45902b39 (type: security_group_rules) to 0
2026-07-16 17:12:04.036 7 INFO neutron.db.ovn_revision_numbers_db [None req-c4c8b623-17f1-4ceb-86bf-7c5cfcda96e6 2c50500a55254b52b74ffcb73d7a9e65 7fc8011fb237401f903b73b6babb9adc - - default default] Successfully bumped revision number for resource 65d1a9a7-c530-4cc0-b122-80398882033b (type: security_group_rules) to 0
2026-07-16 17:12:04.050 7 INFO neutron.db.ovn_revision_numbers_db [None req-c4c8b623-17f1-4ceb-86bf-7c5cfcda96e6 2c50500a55254b52b74ffcb73d7a9e65 7fc8011fb237401f903b73b6babb9adc - - default default] Successfully bumped revision number for resource 774cda6d-0de3-443e-9e40-7d602e90bc9f (type: security_group_rules) to 0
2026-07-16 17:12:04.147 7 INFO neutron.db.segments_db [None req-c4c8b623-17f1-4ceb-86bf-7c5cfcda96e6 2c50500a55254b52b74ffcb73d7a9e65 7fc8011fb237401f903b73b6babb9adc - - default default] Added segment 24c27191-89ad-4d51-aaf9-a47cdb029707 of type geneve for network 23b35aca-3471-4e65-9c5f-22b51d3ed15e
2026-07-16 17:12:04.256 8 WARNING neutron.scheduler.dhcp_agent_scheduler [None req-c4ac749d-4e22-44aa-97c1-1a959707c809 9aabafbfd4884011b23a5cdd397ac6e1 f69e8d3db48649c1af26355e20c7822f - - default default] No more DHCP agents
2026-07-16 17:12:04.257 8 WARNING neutron.api.rpc.agentnotifiers.dhcp_rpc_agent_api [None req-c4ac749d-4e22-44aa-97c1-1a959707c809 9aabafbfd4884011b23a5cdd397ac6e1 f69e8d3db48649c1af26355e20c7822f - - default default] Unable to schedule network f800fbb6-1421-4b3c-8536-e17b912ffb54: no agents available; will retry on subsequent port and subnet creation events.
2026-07-16 17:12:04.290 7 INFO neutron.db.ovn_revision_numbers_db [None req-c4c8b623-17f1-4ceb-86bf-7c5cfcda96e6 2c50500a55254b52b74ffcb73d7a9e65 7fc8011fb237401f903b73b6babb9adc - - default default] Successfully bumped revision number for resource 23b35aca-3471-4e65-9c5f-22b51d3ed15e (type: networks) to 1
2026-07-16 17:12:04.367 7 INFO neutron.plugins.ml2.drivers.ovn.mech_driver.mech_driver [None req-7eb8c48f-b073-4d1d-850d-124c4778e1bc - - - - - -] OVN reports status down for port: df3b90cb-b0c6-4025-9689-80de7342af29
2026-07-16 17:12:04.391 8 INFO neutron.db.ovn_revision_numbers_db [None req-c4ac749d-4e22-44aa-97c1-1a959707c809 9aabafbfd4884011b23a5cdd397ac6e1 f69e8d3db48649c1af26355e20c7822f - - default default] Successfully bumped revision number for resource df3b90cb-b0c6-4025-9689-80de7342af29 (type: ports) to 1
2026-07-16 17:12:04.526 7 WARNING neutron.scheduler.dhcp_agent_scheduler [None req-c4c8b623-17f1-4ceb-86bf-7c5cfcda96e6 2c50500a55254b52b74ffcb73d7a9e65 7fc8011fb237401f903b73b6babb9adc - - default default] No more DHCP agents
2026-07-16 17:12:04.530 7 WARNING neutron.api.rpc.agentnotifiers.dhcp_rpc_agent_api [None req-c4c8b623-17f1-4ceb-86bf-7c5cfcda96e6 2c50500a55254b52b74ffcb73d7a9e65 7fc8011fb237401f903b73b6babb9adc - - default default] Unable to schedule network 23b35aca-3471-4e65-9c5f-22b51d3ed15e: no agents available; will retry on subsequent port and subnet creation events.
2026-07-16 17:12:04.589 7 INFO neutron.plugins.ml2.drivers.ovn.mech_driver.mech_driver [None req-7eb8c48f-b073-4d1d-850d-124c4778e1bc - - - - - -] OVN reports status down for port: b900a275-f3c8-4107-895b-9fb9a54c62e0
2026-07-16 17:12:04.646 7 INFO neutron.db.ovn_revision_numbers_db [None req-c4c8b623-17f1-4ceb-86bf-7c5cfcda96e6 2c50500a55254b52b74ffcb73d7a9e65 7fc8011fb237401f903b73b6babb9adc - - default default] Successfully bumped revision number for resource b900a275-f3c8-4107-895b-9fb9a54c62e0 (type: ports) to 1 [pid: 7|app: 0|req: 1017/1978] 10.0.0.23 () {34 vars in 669 bytes} [Thu Jul 16 17:12:03 2026] POST /v2.0/networks => generated 782 bytes in 931 msecs (HTTP/1.1 201) 4 headers in 162 bytes (1 switches on core 0)
2026-07-16 17:12:04.913 7 INFO neutron.plugins.ml2.drivers.ovn.mech_driver.mech_driver [None req-7eb8c48f-b073-4d1d-850d-124c4778e1bc - - - - - -] OVN reports status up for port: df3b90cb-b0c6-4025-9689-80de7342af29
2026-07-16 17:12:04.937 7 INFO neutron.plugins.ml2.plugin [None req-7eb8c48f-b073-4d1d-850d-124c4778e1bc - - - - - -] Attempt 1 to provision port df3b90cb-b0c6-4025-9689-80de7342af29 [pid: 7|app: 0|req: 1018/1979] 10.0.0.23 () {34 vars in 676 bytes} [Thu Jul 16 17:12:04 2026] POST /v2.0/qos/policies => generated 359 bytes in 259 msecs (HTTP/1.1 201) 4 headers in 162 bytes (1 switches on core 0)
2026-07-16 17:12:04.955 8 WARNING neutron.scheduler.dhcp_agent_scheduler [None req-c4ac749d-4e22-44aa-97c1-1a959707c809 9aabafbfd4884011b23a5cdd397ac6e1 f69e8d3db48649c1af26355e20c7822f - - default default] No more DHCP agents
2026-07-16 17:12:04.956 8 WARNING neutron.api.rpc.agentnotifiers.dhcp_rpc_agent_api [None req-c4ac749d-4e22-44aa-97c1-1a959707c809 9aabafbfd4884011b23a5cdd397ac6e1 f69e8d3db48649c1af26355e20c7822f - - default default] Unable to schedule network f800fbb6-1421-4b3c-8536-e17b912ffb54: no agents available; will retry on subsequent port and subnet creation events.
2026-07-16 17:12:05.142 8 INFO neutron.db.ovn_revision_numbers_db [None req-c4ac749d-4e22-44aa-97c1-1a959707c809 9aabafbfd4884011b23a5cdd397ac6e1 f69e8d3db48649c1af26355e20c7822f - - default default] Successfully bumped revision number for resource df3b90cb-b0c6-4025-9689-80de7342af29 (type: router_ports) to 1 [pid: 8|app: 0|req: 962/1980] 10.0.0.23 () {34 vars in 781 bytes} [Thu Jul 16 17:12:03 2026] PUT /v2.0/routers/21afc331-b0e5-4cbc-9679-db0906d4bb8c/add_router_interface => generated 310 bytes in 1527 msecs (HTTP/1.1 200) 4 headers in 157 bytes (1 switches on core 0)
2026-07-16 17:12:05.184 8 WARNING tagging [None req-a3bb3dec-b3c3-4ad7-8e46-5e3eac63cc0a dcfc47ee88d741ccb79709b7b93c515b 9b4d37d2c5d941e7aa7a0f91d7578920 - - default default] project_id key not found in request, using tenant_id instead. This support has been deprecated and will be removed in a future release. [pid: 8|app: 0|req: 963/1981] 10.0.0.23 () {34 vars in 751 bytes} [Thu Jul 16 17:12:05 2026] PUT /v2.0/policies/4caf6b5a-de4e-40f6-bb11-ac1ff4e98dcd/tags => generated 25 bytes in 66 msecs (HTTP/1.1 200) 4 headers in 156 bytes (1 switches on core 0) [pid: 8|app: 0|req: 964/1982] 10.0.0.23 () {32 vars in 715 bytes} [Thu Jul 16 17:12:05 2026] GET /v2.0/ports/df3b90cb-b0c6-4025-9689-80de7342af29 => generated 945 bytes in 43 msecs (HTTP/1.1 200) 4 headers in 157 bytes (1 switches on core 0)
2026-07-16 17:12:05.283 8 WARNING tagging [None req-6f16d147-470f-4ccd-a384-22185344d926 dcfc47ee88d741ccb79709b7b93c515b 9b4d37d2c5d941e7aa7a0f91d7578920 - - default default] project_id key not found in request, using tenant_id instead. This support has been deprecated and will be removed in a future release. [pid: 8|app: 0|req: 965/1983] 10.0.0.23 () {32 vars in 731 bytes} [Thu Jul 16 17:12:05 2026] GET /v2.0/policies/4caf6b5a-de4e-40f6-bb11-ac1ff4e98dcd/tags => generated 25 bytes in 33 msecs (HTTP/1.1 200) 4 headers in 156 bytes (1 switches on core 0) [pid: 8|app: 0|req: 966/1984] 10.0.0.23 () {32 vars in 715 bytes} [Thu Jul 16 17:12:05 2026] GET /v2.0/ports/df3b90cb-b0c6-4025-9689-80de7342af29 => generated 947 bytes in 33 msecs (HTTP/1.1 200) 4 headers in 157 bytes (1 switches on core 0)
2026-07-16 17:12:05.329 7 WARNING neutron.scheduler.dhcp_agent_scheduler [None req-7ed7a66d-f115-4eef-9004-402025074612 2c50500a55254b52b74ffcb73d7a9e65 7fc8011fb237401f903b73b6babb9adc - - default default] No more DHCP agents
2026-07-16 17:12:05.330 7 WARNING neutron.api.rpc.agentnotifiers.dhcp_rpc_agent_api [None req-7ed7a66d-f115-4eef-9004-402025074612 2c50500a55254b52b74ffcb73d7a9e65 7fc8011fb237401f903b73b6babb9adc - - default default] Unable to schedule network 23b35aca-3471-4e65-9c5f-22b51d3ed15e: no agents available; will retry on subsequent port and subnet creation events.
2026-07-16 17:12:05.351 8 WARNING tagging [None req-8121f930-ef4e-453f-92cb-03540d8b2b62 dcfc47ee88d741ccb79709b7b93c515b 9b4d37d2c5d941e7aa7a0f91d7578920 - - default default] project_id key not found in request, using tenant_id instead. This support has been deprecated and will be removed in a future release. [pid: 8|app: 0|req: 967/1985] 10.0.0.23 () {34 vars in 762 bytes} [Thu Jul 16 17:12:05 2026] PUT /v2.0/policies/4caf6b5a-de4e-40f6-bb11-ac1ff4e98dcd/tags/green => generated 4 bytes in 51 msecs (HTTP/1.1 201) 4 headers in 160 bytes (1 switches on core 0)
2026-07-16 17:12:05.667 7 INFO neutron.db.ovn_revision_numbers_db [None req-7eb8c48f-b073-4d1d-850d-124c4778e1bc - - - - - -] Successfully bumped revision number for resource df3b90cb-b0c6-4025-9689-80de7342af29 (type: ports) to 2
2026-07-16 17:12:05.670 8 INFO neutron_taas.services.taas.taas_plugin [None req-8028d5da-bf4c-4df3-bf0e-b687de089bd8 9aabafbfd4884011b23a5cdd397ac6e1 f69e8d3db48649c1af26355e20c7822f - - default default] TaaS: Handle Delete Port: df3b90cb-b0c6-4025-9689-80de7342af29
2026-07-16 17:12:05.672 8 INFO neutron_taas.services.taas.tap_mirror_plugin [None req-8028d5da-bf4c-4df3-bf0e-b687de089bd8 9aabafbfd4884011b23a5cdd397ac6e1 f69e8d3db48649c1af26355e20c7822f - - default default] Tap Mirror: Handle Delete Port: df3b90cb-b0c6-4025-9689-80de7342af29 [pid: 8|app: 0|req: 968/1986] 10.0.0.23 () {34 vars in 787 bytes} [Thu Jul 16 17:12:05 2026] PUT /v2.0/routers/21afc331-b0e5-4cbc-9679-db0906d4bb8c/remove_router_interface => generated 310 bytes in 554 msecs (HTTP/1.1 200) 4 headers in 157 bytes (1 switches on core 0) /var/lib/openstack/lib/python3.12/site-packages/pycadf/identifier.py:70: UserWarning: Invalid uuid: neutron. To ensure interoperability, identifiers should be a valid uuid. warnings.warn(('Invalid uuid: %s. To ensure interoperability, '
2026-07-16 17:12:05.978 8 WARNING tagging [None req-3cea6abf-58a1-4aeb-b015-3056c6b736e3 dcfc47ee88d741ccb79709b7b93c515b 9b4d37d2c5d941e7aa7a0f91d7578920 - - default default] project_id key not found in request, using tenant_id instead. This support has been deprecated and will be removed in a future release. [pid: 8|app: 0|req: 969/1987] 10.0.0.23 () {32 vars in 731 bytes} [Thu Jul 16 17:12:05 2026] GET /v2.0/policies/4caf6b5a-de4e-40f6-bb11-ac1ff4e98dcd/tags => generated 34 bytes in 62 msecs (HTTP/1.1 200) 4 headers in 156 bytes (1 switches on core 0) [pid: 8|app: 0|req: 970/1988] 10.0.0.23 () {32 vars in 734 bytes} [Thu Jul 16 17:12:05 2026] GET /v2.0/ports?device_id=21afc331-b0e5-4cbc-9679-db0906d4bb8c => generated 12 bytes in 19 msecs (HTTP/1.1 200) 4 headers in 156 bytes (1 switches on core 0)
2026-07-16 17:12:06.056 8 WARNING tagging [None req-3aab8095-973c-4b88-9393-79f8dc35e6dc dcfc47ee88d741ccb79709b7b93c515b 9b4d37d2c5d941e7aa7a0f91d7578920 - - default default] project_id key not found in request, using tenant_id instead. This support has been deprecated and will be removed in a future release.
2026-07-16 17:12:06.059 7 INFO neutron.db.ovn_revision_numbers_db [None req-7ed7a66d-f115-4eef-9004-402025074612 2c50500a55254b52b74ffcb73d7a9e65 7fc8011fb237401f903b73b6babb9adc - - default default] Successfully bumped revision number for resource b900a275-f3c8-4107-895b-9fb9a54c62e0 (type: ports) to 2 [pid: 8|app: 0|req: 971/1989] 10.0.0.23 () {34 vars in 758 bytes} [Thu Jul 16 17:12:06 2026] PUT /v2.0/policies/4caf6b5a-de4e-40f6-bb11-ac1ff4e98dcd/tags/red => generated 4 bytes in 61 msecs (HTTP/1.1 201) 4 headers in 160 bytes (1 switches on core 0)
2026-07-16 17:12:06.116 7 INFO neutron.db.ovn_revision_numbers_db [None req-7ed7a66d-f115-4eef-9004-402025074612 2c50500a55254b52b74ffcb73d7a9e65 7fc8011fb237401f903b73b6babb9adc - - default default] Successfully bumped revision number for resource 5c590975-89ea-434f-9a0b-28c2efced873 (type: subnets) to 0 [pid: 7|app: 0|req: 1019/1990] 10.0.0.23 () {34 vars in 667 bytes} [Thu Jul 16 17:12:04 2026] POST /v2.0/subnets => generated 688 bytes in 1195 msecs (HTTP/1.1 201) 4 headers in 162 bytes (1 switches on core 0)
2026-07-16 17:12:06.161 7 WARNING tagging [None req-3bd45777-ba1b-4657-b9c0-56a4b83d1751 dcfc47ee88d741ccb79709b7b93c515b 9b4d37d2c5d941e7aa7a0f91d7578920 - - default default] project_id key not found in request, using tenant_id instead. This support has been deprecated and will be removed in a future release. [pid: 7|app: 0|req: 1020/1991] 10.0.0.23 () {32 vars in 731 bytes} [Thu Jul 16 17:12:06 2026] GET /v2.0/policies/4caf6b5a-de4e-40f6-bb11-ac1ff4e98dcd/tags => generated 34 bytes in 36 msecs (HTTP/1.1 200) 4 headers in 156 bytes (1 switches on core 0) [pid: 8|app: 0|req: 972/1992] 10.0.0.23 () {32 vars in 722 bytes} [Thu Jul 16 17:12:06 2026] DELETE /v2.0/routers/21afc331-b0e5-4cbc-9679-db0906d4bb8c => generated 0 bytes in 238 msecs (HTTP/1.1 204) 2 headers in 112 bytes (1 switches on core 0)
2026-07-16 17:12:06.340 8 WARNING tagging [None req-8425aa47-6497-431e-929c-874ad7e4d698 dcfc47ee88d741ccb79709b7b93c515b 9b4d37d2c5d941e7aa7a0f91d7578920 - - default default] project_id key not found in request, using tenant_id instead. This support has been deprecated and will be removed in a future release. [pid: 8|app: 0|req: 973/1993] 10.0.0.23 () {34 vars in 780 bytes} [Thu Jul 16 17:12:06 2026] PUT /v2.0/policies/4caf6b5a-de4e-40f6-bb11-ac1ff4e98dcd/tags/black.or.white => generated 4 bytes in 53 msecs (HTTP/1.1 201) 4 headers in 160 bytes (1 switches on core 0) [pid: 8|app: 0|req: 974/1994] 10.0.0.23 () {32 vars in 722 bytes} [Thu Jul 16 17:12:06 2026] DELETE /v2.0/subnets/0126f040-8a5e-4296-96e7-5f2942c6e6f8 => generated 0 bytes in 138 msecs (HTTP/1.1 204) 3 headers in 131 bytes (1 switches on core 0)
2026-07-16 17:12:06.529 8 WARNING tagging [None req-498a6a4c-d696-42e7-91dd-7e2c9b02d8c8 dcfc47ee88d741ccb79709b7b93c515b 9b4d37d2c5d941e7aa7a0f91d7578920 - - default default] project_id key not found in request, using tenant_id instead. This support has been deprecated and will be removed in a future release. [pid: 8|app: 0|req: 975/1995] 10.0.0.23 () {32 vars in 731 bytes} [Thu Jul 16 17:12:06 2026] GET /v2.0/policies/4caf6b5a-de4e-40f6-bb11-ac1ff4e98dcd/tags => generated 52 bytes in 31 msecs (HTTP/1.1 200) 4 headers in 156 bytes (1 switches on core 0)
2026-07-16 17:12:06.577 7 WARNING neutron.scheduler.dhcp_agent_scheduler [None req-f9ab9e82-8080-4f93-8340-ba241ff034d1 2c50500a55254b52b74ffcb73d7a9e65 7fc8011fb237401f903b73b6babb9adc - - default default] No more DHCP agents
2026-07-16 17:12:06.578 7 WARNING neutron.api.rpc.agentnotifiers.dhcp_rpc_agent_api [None req-f9ab9e82-8080-4f93-8340-ba241ff034d1 2c50500a55254b52b74ffcb73d7a9e65 7fc8011fb237401f903b73b6babb9adc - - default default] Unable to schedule network 45c1a10d-ecd0-472f-8718-715f3f08b286: no agents available; will retry on subsequent port and subnet creation events.
2026-07-16 17:12:06.673 8 INFO neutron_taas.services.taas.taas_plugin [None req-8136a893-a215-4ab1-840d-0067ac5be5fe 9aabafbfd4884011b23a5cdd397ac6e1 f69e8d3db48649c1af26355e20c7822f - - default default] TaaS: Handle Delete Port: 77317e61-3936-4dd9-adcf-0e317eaf8640
2026-07-16 17:12:06.675 8 INFO neutron_taas.services.taas.tap_mirror_plugin [None req-8136a893-a215-4ab1-840d-0067ac5be5fe 9aabafbfd4884011b23a5cdd397ac6e1 f69e8d3db48649c1af26355e20c7822f - - default default] Tap Mirror: Handle Delete Port: 77317e61-3936-4dd9-adcf-0e317eaf8640
2026-07-16 17:12:06.756 7 INFO neutron.db.ovn_revision_numbers_db [None req-f9ab9e82-8080-4f93-8340-ba241ff034d1 2c50500a55254b52b74ffcb73d7a9e65 7fc8011fb237401f903b73b6babb9adc - - default default] Successfully bumped revision number for resource 936f5989-dbb4-475b-ba3e-41d435d67b4e (type: ports) to 1
2026-07-16 17:12:06.883 8 INFO neutron.services.segments.plugin [-] Segment 40bab2ae-4aac-4790-81cc-22671db029d6 resource provider aggregate not found
2026-07-16 17:12:06.891 8 INFO neutron.services.segments.plugin [-] Segment 40bab2ae-4aac-4790-81cc-22671db029d6 resource provider aggregate not found
2026-07-16 17:12:06.906 8 INFO neutron.services.segments.plugin [-] Client error retrieving segment 40bab2ae-4aac-4790-81cc-22671db029d6 resource provider; error: Placement Client Error (4xx): {"errors": [{"status": 404, "title": "Not Found", "detail": "The resource could not be found.\n\n No resource provider with uuid 40bab2ae-4aac-4790-81cc-22671db029d6 found for delete ", "request_id": "req-c3452bee-5bd2-4fa6-afe0-b2a224f78e5b"}]}
2026-07-16 17:12:06.923 8 INFO neutron.services.segments.plugin [-] Client error retrieving segment 40bab2ae-4aac-4790-81cc-22671db029d6 resource provider; error: Placement Client Error (4xx): {"errors": [{"status": 404, "title": "Not Found", "detail": "The resource could not be found.\n\n No resource provider with uuid 40bab2ae-4aac-4790-81cc-22671db029d6 found for delete ", "request_id": "req-b681f936-76fa-4821-8b64-44a58ca80e41"}]} [pid: 8|app: 0|req: 976/1996] 10.0.0.23 () {32 vars in 724 bytes} [Thu Jul 16 17:12:06 2026] DELETE /v2.0/networks/f800fbb6-1421-4b3c-8536-e17b912ffb54 => generated 0 bytes in 403 msecs (HTTP/1.1 204) 3 headers in 131 bytes (1 switches on core 0)
2026-07-16 17:12:06.966 8 WARNING tagging [None req-6072bc05-37c5-408b-8a91-05d6ca665f51 dcfc47ee88d741ccb79709b7b93c515b 9b4d37d2c5d941e7aa7a0f91d7578920 - - default default] project_id key not found in request, using tenant_id instead. This support has been deprecated and will be removed in a future release. [pid: 8|app: 0|req: 977/1997] 10.0.0.23 () {34 vars in 751 bytes} [Thu Jul 16 17:12:06 2026] PUT /v2.0/policies/4caf6b5a-de4e-40f6-bb11-ac1ff4e98dcd/tags => generated 37 bytes in 51 msecs (HTTP/1.1 200) 4 headers in 156 bytes (1 switches on core 0)
2026-07-16 17:12:07.387 8 INFO neutron.plugins.ml2.drivers.ovn.mech_driver.ovsdb.ovsdb_monitor [None req-219c5485-0e6e-4492-bb4d-7aa495531efc - - - - - -] Router fac709ea-81f9-46b6-8e2d-d2f483aa94a6 is bound to host instance
2026-07-16 17:12:07.401 7 INFO neutron.db.ovn_revision_numbers_db [None req-f9ab9e82-8080-4f93-8340-ba241ff034d1 2c50500a55254b52b74ffcb73d7a9e65 7fc8011fb237401f903b73b6babb9adc - - default default] Successfully bumped revision number for resource 936f5989-dbb4-475b-ba3e-41d435d67b4e (type: router_ports) to 1
2026-07-16 17:12:07.462 7 INFO neutron.db.ovn_revision_numbers_db [None req-f9ab9e82-8080-4f93-8340-ba241ff034d1 2c50500a55254b52b74ffcb73d7a9e65 7fc8011fb237401f903b73b6babb9adc - - default default] Successfully bumped revision number for resource fac709ea-81f9-46b6-8e2d-d2f483aa94a6 (type: routers) to 2 [pid: 7|app: 0|req: 1021/1998] 10.0.0.23 () {34 vars in 667 bytes} [Thu Jul 16 17:12:06 2026] POST /v2.0/routers => generated 987 bytes in 1306 msecs (HTTP/1.1 201) 4 headers in 162 bytes (1 switches on core 0)
2026-07-16 17:12:07.501 7 WARNING tagging [None req-253ffb4c-8a7b-4c77-9bb2-0fa0e61b33ae dcfc47ee88d741ccb79709b7b93c515b 9b4d37d2c5d941e7aa7a0f91d7578920 - - default default] project_id key not found in request, using tenant_id instead. This support has been deprecated and will be removed in a future release. [pid: 7|app: 0|req: 1022/1999] 10.0.0.23 () {32 vars in 731 bytes} [Thu Jul 16 17:12:07 2026] GET /v2.0/policies/4caf6b5a-de4e-40f6-bb11-ac1ff4e98dcd/tags => generated 37 bytes in 30 msecs (HTTP/1.1 200) 4 headers in 156 bytes (1 switches on core 0)
2026-07-16 17:12:07.619 8 WARNING neutron.scheduler.dhcp_agent_scheduler [None req-1ece2a77-398b-4d6c-9969-4dcfaa8bcdd4 9aabafbfd4884011b23a5cdd397ac6e1 f69e8d3db48649c1af26355e20c7822f - - default default] No more DHCP agents
2026-07-16 17:12:07.623 8 WARNING neutron.api.rpc.agentnotifiers.dhcp_rpc_agent_api [None req-1ece2a77-398b-4d6c-9969-4dcfaa8bcdd4 9aabafbfd4884011b23a5cdd397ac6e1 f69e8d3db48649c1af26355e20c7822f - - default default] Unable to schedule network 45c1a10d-ecd0-472f-8718-715f3f08b286: no agents available; will retry on subsequent port and subnet creation events.
2026-07-16 17:12:07.893 8 INFO neutron.db.ovn_revision_numbers_db [None req-1ece2a77-398b-4d6c-9969-4dcfaa8bcdd4 9aabafbfd4884011b23a5cdd397ac6e1 f69e8d3db48649c1af26355e20c7822f - - default default] Successfully bumped revision number for resource 79b66e4f-93ca-4d9d-a86c-f0186c2e7e53 (type: ports) to 1
2026-07-16 17:12:07.926 7 WARNING neutron.scheduler.dhcp_agent_scheduler [None req-66788eb2-9f91-418c-9c17-3590242f69ac 2c50500a55254b52b74ffcb73d7a9e65 7fc8011fb237401f903b73b6babb9adc - - default default] No more DHCP agents
2026-07-16 17:12:07.928 7 WARNING neutron.api.rpc.agentnotifiers.dhcp_rpc_agent_api [None req-66788eb2-9f91-418c-9c17-3590242f69ac 2c50500a55254b52b74ffcb73d7a9e65 7fc8011fb237401f903b73b6babb9adc - - default default] Unable to schedule network 23b35aca-3471-4e65-9c5f-22b51d3ed15e: no agents available; will retry on subsequent port and subnet creation events.
2026-07-16 17:12:08.096 7 INFO neutron.db.ovn_revision_numbers_db [None req-66788eb2-9f91-418c-9c17-3590242f69ac 2c50500a55254b52b74ffcb73d7a9e65 7fc8011fb237401f903b73b6babb9adc - - default default] Successfully bumped revision number for resource 52980a11-4397-427a-9925-4a3e05371b31 (type: ports) to 1
2026-07-16 17:12:08.779 7 WARNING neutron.scheduler.dhcp_agent_scheduler [None req-66788eb2-9f91-418c-9c17-3590242f69ac 2c50500a55254b52b74ffcb73d7a9e65 7fc8011fb237401f903b73b6babb9adc - - default default] No more DHCP agents
2026-07-16 17:12:08.782 7 WARNING neutron.api.rpc.agentnotifiers.dhcp_rpc_agent_api [None req-66788eb2-9f91-418c-9c17-3590242f69ac 2c50500a55254b52b74ffcb73d7a9e65 7fc8011fb237401f903b73b6babb9adc - - default default] Unable to schedule network 23b35aca-3471-4e65-9c5f-22b51d3ed15e: no agents available; will retry on subsequent port and subnet creation events.
2026-07-16 17:12:08.918 8 WARNING neutron.plugins.ml2.drivers.ovn.mech_driver.ovsdb.ovn_client [None req-6049cd01-8c23-4c71-b8ed-0db323361dfd - - - - - -] No hosting information found for port 847fda89-c360-485e-9f3e-3358e2fb9435: RuntimeError: No hosting information found for port 847fda89-c360-485e-9f3e-3358e2fb9435
2026-07-16 17:12:09.043 8 INFO neutron.common.ovn.utils [None req-6049cd01-8c23-4c71-b8ed-0db323361dfd - - - - - -] HA Chassis Group neutron-169b8bc6-4e7f-4d30-accf-cc254d640567 synchronized; highest priority chassis 6e953b32-1cf0-4f1f-bdfe-3dd50c382435
2026-07-16 17:12:09.088 8 INFO neutron.db.ovn_revision_numbers_db [None req-1ece2a77-398b-4d6c-9969-4dcfaa8bcdd4 9aabafbfd4884011b23a5cdd397ac6e1 f69e8d3db48649c1af26355e20c7822f - - default default] Successfully bumped revision number for resource 79b66e4f-93ca-4d9d-a86c-f0186c2e7e53 (type: router_ports) to 1
2026-07-16 17:12:09.222 7 INFO neutron.db.ovn_revision_numbers_db [None req-66788eb2-9f91-418c-9c17-3590242f69ac 2c50500a55254b52b74ffcb73d7a9e65 7fc8011fb237401f903b73b6babb9adc - - default default] Successfully bumped revision number for resource 52980a11-4397-427a-9925-4a3e05371b31 (type: router_ports) to 1 [pid: 7|app: 0|req: 1023/2000] 10.0.0.23 () {34 vars in 781 bytes} [Thu Jul 16 17:12:07 2026] PUT /v2.0/routers/fac709ea-81f9-46b6-8e2d-d2f483aa94a6/add_router_interface => generated 310 bytes in 1719 msecs (HTTP/1.1 200) 4 headers in 157 bytes (1 switches on core 0)
2026-07-16 17:12:09.253 7 WARNING tagging [None req-1d1043e2-f3ce-45a9-8b0e-4fd0425d377c dcfc47ee88d741ccb79709b7b93c515b 9b4d37d2c5d941e7aa7a0f91d7578920 - - default default] project_id key not found in request, using tenant_id instead. This support has been deprecated and will be removed in a future release. [pid: 7|app: 0|req: 1024/2001] 10.0.0.23 () {32 vars in 739 bytes} [Thu Jul 16 17:12:09 2026] GET /v2.0/policies/4caf6b5a-de4e-40f6-bb11-ac1ff4e98dcd/tags/red => generated 0 bytes in 33 msecs (HTTP/1.1 204) 2 headers in 112 bytes (1 switches on core 0)
2026-07-16 17:12:09.294 7 WARNING tagging [None req-73473229-9734-458f-99c6-e04a2432e398 dcfc47ee88d741ccb79709b7b93c515b 9b4d37d2c5d941e7aa7a0f91d7578920 - - default default] project_id key not found in request, using tenant_id instead. This support has been deprecated and will be removed in a future release.
2026-07-16 17:12:09.300 7 INFO neutron.api.v2.resource [None req-73473229-9734-458f-99c6-e04a2432e398 dcfc47ee88d741ccb79709b7b93c515b 9b4d37d2c5d941e7aa7a0f91d7578920 - - default default] show failed (client error): The resource could not be found. [pid: 7|app: 0|req: 1027/2004] 10.0.0.23 () {32 vars in 743 bytes} [Thu Jul 16 17:12:09 2026] GET /v2.0/policies/4caf6b5a-de4e-40f6-bb11-ac1ff4e98dcd/tags/green => generated 99 bytes in 34 msecs (HTTP/1.1 404) 4 headers in 163 bytes (1 switches on core 0)
2026-07-16 17:12:09.335 7 WARNING tagging [None req-71b8d216-4974-4db2-a800-70250b36eb09 dcfc47ee88d741ccb79709b7b93c515b 9b4d37d2c5d941e7aa7a0f91d7578920 - - default default] project_id key not found in request, using tenant_id instead. This support has been deprecated and will be removed in a future release. [pid: 7|app: 0|req: 1028/2005] 10.0.0.23 () {32 vars in 742 bytes} [Thu Jul 16 17:12:09 2026] DELETE /v2.0/policies/4caf6b5a-de4e-40f6-bb11-ac1ff4e98dcd/tags/red => generated 0 bytes in 52 msecs (HTTP/1.1 204) 2 headers in 112 bytes (1 switches on core 0)
2026-07-16 17:12:09.387 7 WARNING tagging [None req-61cdcecc-334f-4a7b-aeab-1fe9109c4194 dcfc47ee88d741ccb79709b7b93c515b 9b4d37d2c5d941e7aa7a0f91d7578920 - - default default] project_id key not found in request, using tenant_id instead. This support has been deprecated and will be removed in a future release. [pid: 7|app: 0|req: 1029/2006] 10.0.0.23 () {32 vars in 731 bytes} [Thu Jul 16 17:12:09 2026] GET /v2.0/policies/4caf6b5a-de4e-40f6-bb11-ac1ff4e98dcd/tags => generated 30 bytes in 34 msecs (HTTP/1.1 200) 4 headers in 156 bytes (1 switches on core 0)
2026-07-16 17:12:09.425 7 WARNING tagging [None req-1d8c50c1-112b-428a-9113-31fa5f41c3bf dcfc47ee88d741ccb79709b7b93c515b 9b4d37d2c5d941e7aa7a0f91d7578920 - - default default] project_id key not found in request, using tenant_id instead. This support has been deprecated and will be removed in a future release.
2026-07-16 17:12:09.438 7 INFO neutron.api.v2.resource [None req-1d8c50c1-112b-428a-9113-31fa5f41c3bf dcfc47ee88d741ccb79709b7b93c515b 9b4d37d2c5d941e7aa7a0f91d7578920 - - default default] delete failed (client error): The resource could not be found. [pid: 7|app: 0|req: 1030/2007] 10.0.0.23 () {32 vars in 746 bytes} [Thu Jul 16 17:12:09 2026] DELETE /v2.0/policies/4caf6b5a-de4e-40f6-bb11-ac1ff4e98dcd/tags/green => generated 99 bytes in 40 msecs (HTTP/1.1 404) 4 headers in 163 bytes (1 switches on core 0)
2026-07-16 17:12:09.470 7 WARNING tagging [None req-b44a0e92-8a82-40c3-b2a0-3b0cbe9b66ec dcfc47ee88d741ccb79709b7b93c515b 9b4d37d2c5d941e7aa7a0f91d7578920 - - default default] project_id key not found in request, using tenant_id instead. This support has been deprecated and will be removed in a future release. [pid: 7|app: 0|req: 1031/2008] 10.0.0.23 () {32 vars in 734 bytes} [Thu Jul 16 17:12:09 2026] DELETE /v2.0/policies/4caf6b5a-de4e-40f6-bb11-ac1ff4e98dcd/tags => generated 0 bytes in 49 msecs (HTTP/1.1 204) 2 headers in 112 bytes (1 switches on core 0)
2026-07-16 17:12:09.523 7 WARNING tagging [None req-1a37c3aa-ef7d-4ac1-aa72-4473d925018a dcfc47ee88d741ccb79709b7b93c515b 9b4d37d2c5d941e7aa7a0f91d7578920 - - default default] project_id key not found in request, using tenant_id instead. This support has been deprecated and will be removed in a future release. [pid: 7|app: 0|req: 1032/2009] 10.0.0.23 () {32 vars in 731 bytes} [Thu Jul 16 17:12:09 2026] GET /v2.0/policies/4caf6b5a-de4e-40f6-bb11-ac1ff4e98dcd/tags => generated 12 bytes in 32 msecs (HTTP/1.1 200) 4 headers in 156 bytes (1 switches on core 0) [pid: 7|app: 0|req: 1033/2010] 10.0.0.23 () {32 vars in 732 bytes} [Thu Jul 16 17:12:09 2026] DELETE /v2.0/qos/policies/4caf6b5a-de4e-40f6-bb11-ac1ff4e98dcd => generated 0 bytes in 54 msecs (HTTP/1.1 204) 2 headers in 112 bytes (1 switches on core 0)
2026-07-16 17:12:09.865 8 INFO neutron.db.ovn_revision_numbers_db [None req-1ece2a77-398b-4d6c-9969-4dcfaa8bcdd4 9aabafbfd4884011b23a5cdd397ac6e1 f69e8d3db48649c1af26355e20c7822f - - default default] Successfully bumped revision number for resource 99629090-071e-4c01-8880-803869bd8082 (type: routers) to 2 [pid: 8|app: 0|req: 978/2011] 10.0.0.23 () {34 vars in 667 bytes} [Thu Jul 16 17:12:06 2026] POST /v2.0/routers => generated 973 bytes in 2902 msecs (HTTP/1.1 201) 4 headers in 162 bytes (1 switches on core 0)
2026-07-16 17:12:09.954 7 INFO neutron.db.ovn_revision_numbers_db [None req-5734a4b0-5b97-4b0a-b4e9-71b94fc92e22 514b540d585447eb8f036bf4e5bd0fd0 7821d237382f42079a3747ed78a64a26 - - default default] Successfully bumped revision number for resource dee2486f-d234-4536-be58-ec6ae36cbc30 (type: security_groups) to 1
2026-07-16 17:12:09.971 7 INFO neutron.db.ovn_revision_numbers_db [None req-5734a4b0-5b97-4b0a-b4e9-71b94fc92e22 514b540d585447eb8f036bf4e5bd0fd0 7821d237382f42079a3747ed78a64a26 - - default default] Successfully bumped revision number for resource 6b14bc86-72ee-4814-a18b-b2b74726c25a (type: security_group_rules) to 0
2026-07-16 17:12:09.990 7 INFO neutron.db.ovn_revision_numbers_db [None req-5734a4b0-5b97-4b0a-b4e9-71b94fc92e22 514b540d585447eb8f036bf4e5bd0fd0 7821d237382f42079a3747ed78a64a26 - - default default] Successfully bumped revision number for resource 7764a4e8-1f7f-427a-947c-f62f24d03050 (type: security_group_rules) to 0 [pid: 7|app: 0|req: 1034/2012] 10.0.0.23 () {34 vars in 683 bytes} [Thu Jul 16 17:12:09 2026] POST /v2.0/security-groups => generated 1675 bytes in 228 msecs (HTTP/1.1 201) 4 headers in 163 bytes (1 switches on core 0) [pid: 8|app: 0|req: 979/2013] 10.0.0.23 () {32 vars in 719 bytes} [Thu Jul 16 17:12:09 2026] GET /v2.0/routers/99629090-071e-4c01-8880-803869bd8082 => generated 979 bytes in 148 msecs (HTTP/1.1 200) 4 headers in 157 bytes (1 switches on core 0)
2026-07-16 17:12:10.076 8 INFO neutron.db.ovn_revision_numbers_db [None req-2c76e469-3f6e-4825-b02b-a0d3e480ba36 - - - - - -] Successfully bumped revision number for resource 936f5989-dbb4-475b-ba3e-41d435d67b4e (type: ports) to 4
2026-07-16 17:12:10.106 8 INFO neutron.db.ovn_revision_numbers_db [None req-6049cd01-8c23-4c71-b8ed-0db323361dfd - - - - - -] Successfully bumped revision number for resource 847fda89-c360-485e-9f3e-3358e2fb9435 (type: router_ports) to 2
2026-07-16 17:12:10.200 7 INFO neutron.db.ovn_revision_numbers_db [None req-548259e8-d7c3-4fa3-bd72-295174593546 514b540d585447eb8f036bf4e5bd0fd0 7821d237382f42079a3747ed78a64a26 - - default default] Successfully bumped revision number for resource d55d128c-b6ba-4bde-b700-9dc60524c8f5 (type: security_group_rules) to 0 [pid: 7|app: 0|req: 1035/2014] 10.0.0.23 () {34 vars in 693 bytes} [Thu Jul 16 17:12:10 2026] POST /v2.0/security-group-rules => generated 597 bytes in 228 msecs (HTTP/1.1 201) 4 headers in 162 bytes (1 switches on core 0)
2026-07-16 17:12:10.317 8 INFO neutron.plugins.ml2.drivers.ovn.mech_driver.mech_driver [None req-6049cd01-8c23-4c71-b8ed-0db323361dfd - - - - - -] OVN reports status down for port: 52980a11-4397-427a-9925-4a3e05371b31 [pid: 8|app: 0|req: 980/2015] 10.0.0.23 () {32 vars in 645 bytes} [Thu Jul 16 17:12:10 2026] GET /v2.0/routers => generated 982 bytes in 278 msecs (HTTP/1.1 200) 4 headers in 157 bytes (1 switches on core 0)
2026-07-16 17:12:10.368 7 INFO neutron.db.ovn_revision_numbers_db [None req-62f225dd-59db-486e-ab8f-c039b8823efd 514b540d585447eb8f036bf4e5bd0fd0 7821d237382f42079a3747ed78a64a26 - - default default] Successfully bumped revision number for resource e5a51ee7-fa8d-490b-8cbf-f3de8ca314f4 (type: security_group_rules) to 0 [pid: 7|app: 0|req: 1036/2016] 10.0.0.23 () {34 vars in 693 bytes} [Thu Jul 16 17:12:10 2026] POST /v2.0/security-group-rules => generated 596 bytes in 131 msecs (HTTP/1.1 201) 4 headers in 162 bytes (1 switches on core 0)
2026-07-16 17:12:10.448 8 WARNING neutron.plugins.ml2.drivers.ovn.mech_driver.ovsdb.ovn_client [None req-6049cd01-8c23-4c71-b8ed-0db323361dfd - - - - - -] Logical_Switch_Port 52980a11-4397-427a-9925-4a3e05371b31 host information not removed, the port state is up
2026-07-16 17:12:10.449 8 WARNING neutron.db.securitygroups_db [None req-2f77a44d-e1df-4976-b8e2-df7b65b5a8dd 2c50500a55254b52b74ffcb73d7a9e65 7fc8011fb237401f903b73b6babb9adc - - default default] project_id key not found in filters, using tenant_id instead. This support has been deprecated and will be removed in a future release.
2026-07-16 17:12:10.450 8 INFO neutron.plugins.ml2.drivers.ovn.mech_driver.mech_driver [None req-6049cd01-8c23-4c71-b8ed-0db323361dfd - - - - - -] OVN reports status up for port: 52980a11-4397-427a-9925-4a3e05371b31
2026-07-16 17:12:10.476 8 INFO neutron.plugins.ml2.plugin [None req-6049cd01-8c23-4c71-b8ed-0db323361dfd - - - - - -] Attempt 1 to provision port 52980a11-4397-427a-9925-4a3e05371b31
2026-07-16 17:12:10.697 7 WARNING neutron.plugins.ml2.drivers.ovn.mech_driver.ovsdb.ovn_client [None req-874fee4d-9c57-48bf-962e-5d374b489e76 - - - - - -] No port found with ID df3b90cb-b0c6-4025-9689-80de7342af29: RuntimeError: No port found with ID df3b90cb-b0c6-4025-9689-80de7342af29
2026-07-16 17:12:10.750 7 INFO neutron.db.ovn_revision_numbers_db [None req-67acac2f-11a0-43c0-a913-032d71e4c8c6 9aabafbfd4884011b23a5cdd397ac6e1 f69e8d3db48649c1af26355e20c7822f - - default default] Successfully bumped revision number for resource 99629090-071e-4c01-8880-803869bd8082 (type: routers) to 3 [pid: 7|app: 0|req: 1037/2017] 10.0.0.23 () {34 vars in 739 bytes} [Thu Jul 16 17:12:10 2026] PUT /v2.0/routers/99629090-071e-4c01-8880-803869bd8082 => generated 986 bytes in 357 msecs (HTTP/1.1 200) 4 headers in 157 bytes (1 switches on core 0)
2026-07-16 17:12:10.768 7 INFO neutron.plugins.ml2.drivers.ovn.mech_driver.mech_driver [None req-874fee4d-9c57-48bf-962e-5d374b489e76 - - - - - -] OVN reports status down for port: 936f5989-dbb4-475b-ba3e-41d435d67b4e
2026-07-16 17:12:10.817 8 INFO neutron.db.ovn_revision_numbers_db [None req-2f77a44d-e1df-4976-b8e2-df7b65b5a8dd 2c50500a55254b52b74ffcb73d7a9e65 7fc8011fb237401f903b73b6babb9adc - - default default] Successfully bumped revision number for resource 980dc1e4-8111-40f5-bbfc-38935edd8a71 (type: security_groups) to 1
2026-07-16 17:12:10.865 8 INFO neutron.db.ovn_revision_numbers_db [None req-2f77a44d-e1df-4976-b8e2-df7b65b5a8dd 2c50500a55254b52b74ffcb73d7a9e65 7fc8011fb237401f903b73b6babb9adc - - default default] Successfully bumped revision number for resource 5093d382-db33-439c-b4c3-0b4918ce668e (type: security_group_rules) to 0
2026-07-16 17:12:10.904 8 INFO neutron.db.ovn_revision_numbers_db [None req-2f77a44d-e1df-4976-b8e2-df7b65b5a8dd 2c50500a55254b52b74ffcb73d7a9e65 7fc8011fb237401f903b73b6babb9adc - - default default] Successfully bumped revision number for resource add1a3bb-75b6-4105-bfcf-9672bbb5eadb (type: security_group_rules) to 0
