2026-07-16 17:13:33.407 7 INFO neutron_taas.services.taas.tap_mirror_plugin [None req-4d0a14ff-51c2-4936-a13f-a4ac12b4c120 - - - - - -] Tap Mirror: Handle Delete Port: 10e5a2fe-a686-44a7-85a3-90324c7ad38d [pid: 8|app: 0|req: 1241/2455] 10.0.0.23 () {32 vars in 739 bytes} [Thu Jul 16 17:13:33 2026] GET /v2.0/networks/7632c1aa-42af-44ce-b853-2b23dfc22a30/tags/red => generated 0 bytes in 37 msecs (HTTP/1.1 204) 2 headers in 112 bytes (1 switches on core 0)
2026-07-16 17:13:33.490 8 INFO neutron.api.v2.resource [None req-f2ca9a01-62ee-4c44-a976-622ab2a11249 f15f3f06ff7d416ca2b8eac9929dcc4d b742b5fe7ed44f5da33af85e68ffa678 - - default default] show failed (client error): The resource could not be found. [pid: 8|app: 0|req: 1242/2456] 10.0.0.23 () {32 vars in 743 bytes} [Thu Jul 16 17:13:33 2026] GET /v2.0/networks/7632c1aa-42af-44ce-b853-2b23dfc22a30/tags/green => generated 99 bytes in 39 msecs (HTTP/1.1 404) 4 headers in 163 bytes (1 switches on core 0) [pid: 8|app: 0|req: 1243/2457] 10.0.0.23 () {32 vars in 742 bytes} [Thu Jul 16 17:13:33 2026] DELETE /v2.0/networks/7632c1aa-42af-44ce-b853-2b23dfc22a30/tags/red => generated 0 bytes in 64 msecs (HTTP/1.1 204) 2 headers in 112 bytes (1 switches on core 0) [pid: 8|app: 0|req: 1244/2458] 10.0.0.23 () {32 vars in 731 bytes} [Thu Jul 16 17:13:33 2026] GET /v2.0/networks/7632c1aa-42af-44ce-b853-2b23dfc22a30/tags => generated 30 bytes in 42 msecs (HTTP/1.1 200) 4 headers in 156 bytes (1 switches on core 0)
2026-07-16 17:13:33.672 8 INFO neutron.api.v2.resource [None req-b89c5ff0-9154-4c3a-874c-f0c285dd77dd f15f3f06ff7d416ca2b8eac9929dcc4d b742b5fe7ed44f5da33af85e68ffa678 - - default default] delete failed (client error): The resource could not be found. [pid: 8|app: 0|req: 1245/2459] 10.0.0.23 () {32 vars in 746 bytes} [Thu Jul 16 17:13:33 2026] DELETE /v2.0/networks/7632c1aa-42af-44ce-b853-2b23dfc22a30/tags/green => generated 99 bytes in 62 msecs (HTTP/1.1 404) 4 headers in 163 bytes (1 switches on core 0) [pid: 8|app: 0|req: 1246/2460] 10.0.0.23 () {32 vars in 734 bytes} [Thu Jul 16 17:13:33 2026] DELETE /v2.0/networks/7632c1aa-42af-44ce-b853-2b23dfc22a30/tags => generated 0 bytes in 76 msecs (HTTP/1.1 204) 2 headers in 112 bytes (1 switches on core 0)
2026-07-16 17:13:33.808 7 INFO neutron_taas.services.taas.taas_plugin [None req-39f45432-6bf6-4891-8ef8-995bb8e23640 - - - - - -] TaaS: Handle Delete Port: 6c6dfc27-04ed-484c-80af-04920b49b3fd
2026-07-16 17:13:33.810 7 INFO neutron_taas.services.taas.tap_mirror_plugin [None req-39f45432-6bf6-4891-8ef8-995bb8e23640 - - - - - -] Tap Mirror: Handle Delete Port: 6c6dfc27-04ed-484c-80af-04920b49b3fd [pid: 8|app: 0|req: 1247/2461] 10.0.0.23 () {32 vars in 731 bytes} [Thu Jul 16 17:13:33 2026] GET /v2.0/networks/7632c1aa-42af-44ce-b853-2b23dfc22a30/tags => generated 12 bytes in 91 msecs (HTTP/1.1 200) 4 headers in 156 bytes (1 switches on core 0)
2026-07-16 17:13:33.990 8 INFO neutron_taas.services.taas.taas_plugin [None req-c5c8f0ca-f8fa-4822-b482-ffb5c1ffb19c f15f3f06ff7d416ca2b8eac9929dcc4d b742b5fe7ed44f5da33af85e68ffa678 - - default default] TaaS: Handle Delete Port: 1c071796-df25-474b-a248-4143280abbfd
2026-07-16 17:13:33.993 8 INFO neutron_taas.services.taas.tap_mirror_plugin [None req-c5c8f0ca-f8fa-4822-b482-ffb5c1ffb19c f15f3f06ff7d416ca2b8eac9929dcc4d b742b5fe7ed44f5da33af85e68ffa678 - - default default] Tap Mirror: Handle Delete Port: 1c071796-df25-474b-a248-4143280abbfd
2026-07-16 17:13:34.226 8 INFO neutron.services.segments.plugin [-] Segment 1534f31f-1546-4b71-bbc0-32acf9310910 resource provider aggregate not found
2026-07-16 17:13:34.231 8 INFO neutron.services.segments.plugin [-] Segment 1534f31f-1546-4b71-bbc0-32acf9310910 resource provider aggregate not found
2026-07-16 17:13:34.251 8 INFO neutron.services.segments.plugin [-] Client error retrieving segment 1534f31f-1546-4b71-bbc0-32acf9310910 resource provider; error: Placement Client Error (4xx): {"errors": [{"status": 404, "title": "Not Found", "detail": "The resource could not be found.\n\n No resource provider with uuid 1534f31f-1546-4b71-bbc0-32acf9310910 found for delete ", "request_id": "req-5224a34f-497f-4b0e-8a20-be20bfeca5c2"}]}
2026-07-16 17:13:34.255 8 INFO neutron.services.segments.plugin [-] Client error retrieving segment 1534f31f-1546-4b71-bbc0-32acf9310910 resource provider; error: Placement Client Error (4xx): {"errors": [{"status": 404, "title": "Not Found", "detail": "The resource could not be found.\n\n No resource provider with uuid 1534f31f-1546-4b71-bbc0-32acf9310910 found for delete ", "request_id": "req-10f2b193-9db3-4011-8662-49f4ef89c20f"}]} [pid: 8|app: 0|req: 1248/2462] 10.0.0.23 () {32 vars in 724 bytes} [Thu Jul 16 17:13:33 2026] DELETE /v2.0/networks/7632c1aa-42af-44ce-b853-2b23dfc22a30 => generated 0 bytes in 425 msecs (HTTP/1.1 204) 3 headers in 131 bytes (1 switches on core 0)
2026-07-16 17:13:34.772 7 INFO neutron_taas.services.taas.taas_plugin [None req-39f45432-6bf6-4891-8ef8-995bb8e23640 - - - - - -] TaaS: Handle Delete Port: 943be189-20df-4f36-a1e7-f10e53c363d0
2026-07-16 17:13:34.782 7 INFO neutron_taas.services.taas.tap_mirror_plugin [None req-39f45432-6bf6-4891-8ef8-995bb8e23640 - - - - - -] Tap Mirror: Handle Delete Port: 943be189-20df-4f36-a1e7-f10e53c363d0
2026-07-16 17:13:34.979 7 INFO neutron.services.segments.plugin [-] Segment c6b9fa35-c479-4f3d-bf7c-cfc0d4df18b5 resource provider aggregate not found
2026-07-16 17:13:34.985 7 INFO neutron.services.segments.plugin [-] Segment c6b9fa35-c479-4f3d-bf7c-cfc0d4df18b5 resource provider aggregate not found
2026-07-16 17:13:35.006 7 INFO neutron.services.segments.plugin [-] Client error retrieving segment c6b9fa35-c479-4f3d-bf7c-cfc0d4df18b5 resource provider; error: Placement Client Error (4xx): {"errors": [{"status": 404, "title": "Not Found", "detail": "The resource could not be found.\n\n No resource provider with uuid c6b9fa35-c479-4f3d-bf7c-cfc0d4df18b5 found for delete ", "request_id": "req-4f5800e8-a9ea-48eb-af9d-6b3f83df29f8"}]}
2026-07-16 17:13:35.013 7 INFO neutron.services.segments.plugin [-] Client error retrieving segment c6b9fa35-c479-4f3d-bf7c-cfc0d4df18b5 resource provider; error: Placement Client Error (4xx): {"errors": [{"status": 404, "title": "Not Found", "detail": "The resource could not be found.\n\n No resource provider with uuid c6b9fa35-c479-4f3d-bf7c-cfc0d4df18b5 found for delete ", "request_id": "req-7c4c0807-e959-404c-9c65-823a738450cb"}]} [pid: 7|app: 0|req: 1215/2463] 10.0.0.23 () {32 vars in 738 bytes} [Thu Jul 16 17:13:32 2026] DELETE /v2.0/vpn/vpnservices/06750522-bbe7-425c-b7f3-87437ae5c39f => generated 0 bytes in 2270 msecs (HTTP/1.1 204) 2 headers in 112 bytes (1 switches on core 0) /var/lib/openstack/lib/python3.12/site-packages/pycadf/identifier.py:70: UserWarning: Invalid uuid: neutron. To ensure interoperability, identifiers should be a valid uuid. warnings.warn(('Invalid uuid: %s. To ensure interoperability, '
2026-07-16 17:13:35.201 7 WARNING neutron.db.securitygroups_db [None req-9cdc5b89-5c21-48e3-a961-b7b7e39a868d 2c50500a55254b52b74ffcb73d7a9e65 7fc8011fb237401f903b73b6babb9adc - - default default] project_id key not found in filters, using tenant_id instead. This support has been deprecated and will be removed in a future release. [pid: 8|app: 0|req: 1249/2464] 10.0.0.227 () {28 vars in 580 bytes} [Thu Jul 16 17:13:34 2026] GET /v2.0/agents => generated 1214 bytes in 213 msecs (HTTP/1.1 200) 4 headers in 158 bytes (1 switches on core 0) [pid: 7|app: 0|req: 1216/2465] 10.0.0.23 () {32 vars in 772 bytes} [Thu Jul 16 17:13:35 2026] GET /v2.0/security-groups?tenant_id=b742b5fe7ed44f5da33af85e68ffa678&name=default => generated 2929 bytes in 174 msecs (HTTP/1.1 200) 4 headers in 158 bytes (1 switches on core 0) [pid: 7|app: 0|req: 1217/2466] 10.0.0.227 () {28 vars in 582 bytes} [Thu Jul 16 17:13:35 2026] GET /v2.0/subnets => generated 1942 bytes in 34 msecs (HTTP/1.1 200) 4 headers in 158 bytes (1 switches on core 0) [pid: 8|app: 0|req: 1250/2467] 10.0.0.23 () {32 vars in 719 bytes} [Thu Jul 16 17:13:35 2026] GET /v2.0/routers/c78d83c7-6d34-4dfb-9bd2-8e52c49d1500 => generated 963 bytes in 97 msecs (HTTP/1.1 200) 4 headers in 157 bytes (1 switches on core 0) [pid: 8|app: 0|req: 1251/2468] 10.0.0.227 () {28 vars in 590 bytes} [Thu Jul 16 17:13:35 2026] GET /v2.0/subnetpools => generated 19 bytes in 7 msecs (HTTP/1.1 200) 4 headers in 156 bytes (1 switches on core 0) [pid: 7|app: 0|req: 1218/2469] 10.0.0.23 () {32 vars in 738 bytes} [Thu Jul 16 17:13:35 2026] DELETE /v2.0/security-groups/9c82bc81-792a-40e9-b513-7447b9791f7d => generated 0 bytes in 175 msecs (HTTP/1.1 204) 2 headers in 112 bytes (1 switches on core 0) [pid: 7|app: 0|req: 1219/2470] 10.0.0.227 () {28 vars in 590 bytes} [Thu Jul 16 17:13:35 2026] GET /v2.0/floatingips => generated 19 bytes in 16 msecs (HTTP/1.1 200) 4 headers in 156 bytes (1 switches on core 0) [pid: 7|app: 0|req: 1220/2471] 10.0.0.227 () {28 vars in 598 bytes} [Thu Jul 16 17:13:35 2026] GET /v2.0/security-groups => generated 20309 bytes in 39 msecs (HTTP/1.1 200) 4 headers in 159 bytes (1 switches on core 0) [pid: 7|app: 0|req: 1221/2472] 10.0.0.227 () {28 vars in 578 bytes} [Thu Jul 16 17:13:35 2026] GET /v2.0/ports => generated 8324 bytes in 42 msecs (HTTP/1.1 200) 4 headers in 158 bytes (1 switches on core 0) [pid: 7|app: 0|req: 1222/2473] 10.0.0.227 () {28 vars in 618 bytes} [Thu Jul 16 17:13:35 2026] GET /v2.0/network-ip-availabilities => generated 2578 bytes in 20 msecs (HTTP/1.1 200) 4 headers in 158 bytes (1 switches on core 0)
2026-07-16 17:13:35.584 7 WARNING neutron.db.securitygroups_db [None req-680d5ed9-8d41-4341-807a-4b85b73c9c5c 2c50500a55254b52b74ffcb73d7a9e65 7fc8011fb237401f903b73b6babb9adc - - default default] project_id key not found in filters, using tenant_id instead. This support has been deprecated and will be removed in a future release.
2026-07-16 17:13:35.682 7 INFO neutron.db.ovn_revision_numbers_db [None req-680d5ed9-8d41-4341-807a-4b85b73c9c5c 2c50500a55254b52b74ffcb73d7a9e65 7fc8011fb237401f903b73b6babb9adc - - default default] Successfully bumped revision number for resource 4372ad80-9c86-4424-a1ce-c148750612a8 (type: security_groups) to 1
2026-07-16 17:13:35.693 7 INFO neutron.db.ovn_revision_numbers_db [None req-680d5ed9-8d41-4341-807a-4b85b73c9c5c 2c50500a55254b52b74ffcb73d7a9e65 7fc8011fb237401f903b73b6babb9adc - - default default] Successfully bumped revision number for resource 055936b5-bb59-43c5-b983-12a2f782f903 (type: security_group_rules) to 0
2026-07-16 17:13:35.703 7 INFO neutron.db.ovn_revision_numbers_db [None req-680d5ed9-8d41-4341-807a-4b85b73c9c5c 2c50500a55254b52b74ffcb73d7a9e65 7fc8011fb237401f903b73b6babb9adc - - default default] Successfully bumped revision number for resource 0f3398aa-814c-48e9-9e9e-a3d81888c9bb (type: security_group_rules) to 0
2026-07-16 17:13:35.714 7 INFO neutron.db.ovn_revision_numbers_db [None req-680d5ed9-8d41-4341-807a-4b85b73c9c5c 2c50500a55254b52b74ffcb73d7a9e65 7fc8011fb237401f903b73b6babb9adc - - default default] Successfully bumped revision number for resource 4f230486-8f6d-4b48-9635-9fb72e8153f7 (type: security_group_rules) to 0
2026-07-16 17:13:35.751 7 INFO neutron.db.ovn_revision_numbers_db [None req-680d5ed9-8d41-4341-807a-4b85b73c9c5c 2c50500a55254b52b74ffcb73d7a9e65 7fc8011fb237401f903b73b6babb9adc - - default default] Successfully bumped revision number for resource 7838d2b1-a3aa-4f02-a04f-48d6c2bea25c (type: security_group_rules) to 0 [pid: 7|app: 0|req: 1223/2474] 10.0.0.23 () {32 vars in 772 bytes} [Thu Jul 16 17:13:35 2026] GET /v2.0/security-groups?tenant_id=b56d2e9632364ee386bd48fb6edbed17&name=default => generated 2929 bytes in 223 msecs (HTTP/1.1 200) 4 headers in 158 bytes (1 switches on core 0) [pid: 7|app: 0|req: 1224/2475] 10.0.0.227 () {28 vars in 582 bytes} [Thu Jul 16 17:13:35 2026] GET /v2.0/subnets => generated 1942 bytes in 30 msecs (HTTP/1.1 200) 4 headers in 158 bytes (1 switches on core 0)
2026-07-16 17:13:35.941 8 WARNING neutron.plugins.ml2.drivers.ovn.mech_driver.ovsdb.ovn_client [None req-91ccdb73-06e0-4cf6-be4a-0071966aaa53 - - - - - -] No hosting information found for port 77547b2e-6593-4328-a71d-56df95ae4ad7: RuntimeError: No hosting information found for port 77547b2e-6593-4328-a71d-56df95ae4ad7 [pid: 7|app: 0|req: 1225/2476] 10.0.0.23 () {32 vars in 738 bytes} [Thu Jul 16 17:13:35 2026] DELETE /v2.0/security-groups/4372ad80-9c86-4424-a1ce-c148750612a8 => generated 0 bytes in 201 msecs (HTTP/1.1 204) 2 headers in 112 bytes (1 switches on core 0)
2026-07-16 17:13:36.060 8 INFO neutron.common.ovn.utils [None req-91ccdb73-06e0-4cf6-be4a-0071966aaa53 - - - - - -] HA Chassis Group neutron-731b3f97-96bf-426a-a8be-198106714b30 synchronized; highest priority chassis 6e953b32-1cf0-4f1f-bdfe-3dd50c382435 [pid: 7|app: 0|req: 1226/2477] 10.0.0.227 () {28 vars in 582 bytes} [Thu Jul 16 17:13:36 2026] GET /v2.0/routers => generated 978 bytes in 78 msecs (HTTP/1.1 200) 4 headers in 157 bytes (1 switches on core 0) [pid: 7|app: 0|req: 1227/2478] 10.0.0.227 () {28 vars in 623 bytes} [Thu Jul 16 17:13:36 2026] GET /v2.0/agents?binary=ovn-controller => generated 416 bytes in 15 msecs (HTTP/1.1 200) 4 headers in 157 bytes (1 switches on core 0)
2026-07-16 17:13:36.156 8 INFO neutron.db.ovn_revision_numbers_db [None req-e1b20b36-1d07-4d94-900b-2cbec09921bf 8373e4bb81bf43e8a1531e052e864579 34198ed6cfa44ea88b9c1860be07836a - - default default] Successfully bumped revision number for resource c78d83c7-6d34-4dfb-9bd2-8e52c49d1500 (type: routers) to 5 [pid: 8|app: 0|req: 1252/2479] 10.0.0.23 () {34 vars in 740 bytes} [Thu Jul 16 17:13:35 2026] PUT /v2.0/routers/c78d83c7-6d34-4dfb-9bd2-8e52c49d1500 => generated 963 bytes in 858 msecs (HTTP/1.1 200) 4 headers in 157 bytes (1 switches on core 0) [pid: 7|app: 0|req: 1228/2480] 10.0.0.227 () {28 vars in 584 bytes} [Thu Jul 16 17:13:36 2026] GET /v2.0/networks => generated 3064 bytes in 55 msecs (HTTP/1.1 200) 4 headers in 158 bytes (1 switches on core 0)
2026-07-16 17:13:36.211 8 INFO neutron.db.ovn_revision_numbers_db [None req-91ccdb73-06e0-4cf6-be4a-0071966aaa53 - - - - - -] Successfully bumped revision number for resource 77547b2e-6593-4328-a71d-56df95ae4ad7 (type: router_ports) to 2
2026-07-16 17:13:36.212 8 INFO neutron.plugins.ml2.drivers.ovn.mech_driver.mech_driver [None req-91ccdb73-06e0-4cf6-be4a-0071966aaa53 - - - - - -] OVN reports status down for port: 943be189-20df-4f36-a1e7-f10e53c363d0
2026-07-16 17:13:36.228 8 INFO neutron.plugins.ml2.drivers.ovn.mech_driver.mech_driver [None req-91ccdb73-06e0-4cf6-be4a-0071966aaa53 - - - - - -] OVN reports status down for port: 6c6dfc27-04ed-484c-80af-04920b49b3fd
2026-07-16 17:13:36.251 8 INFO neutron.plugins.ml2.drivers.ovn.mech_driver.mech_driver [None req-91ccdb73-06e0-4cf6-be4a-0071966aaa53 - - - - - -] OVN reports status up for port: 6c6dfc27-04ed-484c-80af-04920b49b3fd
2026-07-16 17:13:36.277 8 ERROR ovsdbapp.event [None req-91ccdb73-06e0-4cf6-be4a-0071966aaa53 - - - - - -] Unexpected exception in notify_loop: AttributeError: 'NoneType' object has no attribute 'external_ids'
2026-07-16 17:13:36.277 8 ERROR ovsdbapp.event
Traceback (most recent call last):
2026-07-16 17:13:36.277 8 ERROR ovsdbapp.event
File "/var/lib/openstack/lib/python3.12/site-packages/ovsdbapp/event.py", line 185, in notify_loop
2026-07-16 17:13:36.277 8 ERROR ovsdbapp.event match.run(event, row, updates)
2026-07-16 17:13:36.277 8 ERROR ovsdbapp.event
File "/var/lib/openstack/lib/python3.12/site-packages/neutron/services/ovn_l3/ovsdb_monitor.py", line 91, in run
2026-07-16 17:13:36.277 8 ERROR ovsdbapp.event self.l3_plugin._ovn_client.link_network_ha_chassis_group(
2026-07-16 17:13:36.277 8 ERROR ovsdbapp.event
File "/var/lib/openstack/lib/python3.12/site-packages/neutron/plugins/ml2/drivers/ovn/mech_driver/ovsdb/ovn_client.py", line 2487, in link_network_ha_chassis_group
2026-07-16 17:13:36.277 8 ERROR ovsdbapp.event hcg, _ = utils.sync_ha_chassis_group_network_unified(
2026-07-16 17:13:36.277 8 ERROR ovsdbapp.event ^^^^^^^^^^^^^^^^^^^^^^^^^^^^^^^^^^^^^^^^^^^^
2026-07-16 17:13:36.277 8 ERROR ovsdbapp.event
File "/var/lib/openstack/lib/python3.12/site-packages/neutron/common/ovn/utils.py", line 235, in wrapped
2026-07-16 17:13:36.277 8 ERROR ovsdbapp.event return f(*args, **kwargs)
2026-07-16 17:13:36.277 8 ERROR ovsdbapp.event ^^^^^^^^^^^^^^^^^^
2026-07-16 17:13:36.277 8 ERROR ovsdbapp.event
File "/var/lib/openstack/lib/python3.12/site-packages/neutron/common/ovn/utils.py", line 1366, in sync_ha_chassis_group_network_unified
2026-07-16 17:13:36.277 8 ERROR ovsdbapp.event physnet = ls.external_ids.get(constants.OVN_PHYSNET_EXT_ID_KEY)
2026-07-16 17:13:36.277 8 ERROR ovsdbapp.event ^^^^^^^^^^^^^^^
2026-07-16 17:13:36.277 8 ERROR ovsdbapp.event AttributeError: 'NoneType' object has no attribute 'external_ids'
2026-07-16 17:13:36.277 8 ERROR ovsdbapp.event [pid: 8|app: 0|req: 1253/2481] 10.0.0.23 () {32 vars in 734 bytes} [Thu Jul 16 17:13:36 2026] GET /v2.0/ports?device_id=c78d83c7-6d34-4dfb-9bd2-8e52c49d1500 => generated 946 bytes in 155 msecs (HTTP/1.1 200) 4 headers in 157 bytes (1 switches on core 0)
2026-07-16 17:13:36.359 8 INFO neutron.plugins.ml2.drivers.ovn.mech_driver.mech_driver [None req-91ccdb73-06e0-4cf6-be4a-0071966aaa53 - - - - - -] OVN reports status down for port: 1c071796-df25-474b-a248-4143280abbfd
2026-07-16 17:13:36.653 7 INFO neutron_taas.services.taas.taas_plugin [None req-baae4df7-6098-4eec-970e-f642c33aaefd 8373e4bb81bf43e8a1531e052e864579 34198ed6cfa44ea88b9c1860be07836a - - default default] TaaS: Handle Delete Port: 77547b2e-6593-4328-a71d-56df95ae4ad7
2026-07-16 17:13:36.656 7 INFO neutron_taas.services.taas.tap_mirror_plugin [None req-baae4df7-6098-4eec-970e-f642c33aaefd 8373e4bb81bf43e8a1531e052e864579 34198ed6cfa44ea88b9c1860be07836a - - default default] Tap Mirror: Handle Delete Port: 77547b2e-6593-4328-a71d-56df95ae4ad7 [pid: 7|app: 0|req: 1229/2482] 10.0.0.23 () {34 vars in 787 bytes} [Thu Jul 16 17:13:36 2026] PUT /v2.0/routers/c78d83c7-6d34-4dfb-9bd2-8e52c49d1500/remove_router_interface => generated 310 bytes in 788 msecs (HTTP/1.1 200) 4 headers in 157 bytes (1 switches on core 0)
2026-07-16 17:13:37.471 8 INFO neutron_taas.services.taas.taas_plugin [None req-62876d21-7ccb-4b52-98e1-26d99f2b698f 8373e4bb81bf43e8a1531e052e864579 34198ed6cfa44ea88b9c1860be07836a - - default default] TaaS: Handle Delete Port: e38b9511-db9e-4a40-8c7d-e1376e00f797
2026-07-16 17:13:37.474 8 INFO neutron_taas.services.taas.tap_mirror_plugin [None req-62876d21-7ccb-4b52-98e1-26d99f2b698f 8373e4bb81bf43e8a1531e052e864579 34198ed6cfa44ea88b9c1860be07836a - - default default] Tap Mirror: Handle Delete Port: e38b9511-db9e-4a40-8c7d-e1376e00f797 [pid: 8|app: 0|req: 1254/2483] 10.0.0.23 () {32 vars in 722 bytes} [Thu Jul 16 17:13:37 2026] DELETE /v2.0/routers/c78d83c7-6d34-4dfb-9bd2-8e52c49d1500 => generated 0 bytes in 689 msecs (HTTP/1.1 204) 2 headers in 112 bytes (1 switches on core 0) /var/lib/openstack/lib/python3.12/site-packages/pycadf/identifier.py:70: UserWarning: Invalid uuid: neutron. To ensure interoperability, identifiers should be a valid uuid. warnings.warn(('Invalid uuid: %s. To ensure interoperability, ' [pid: 7|app: 0|req: 1230/2484] 10.0.0.23 () {32 vars in 722 bytes} [Thu Jul 16 17:13:37 2026] DELETE /v2.0/subnets/ad419504-015d-4190-b491-2b1f4bbfb332 => generated 0 bytes in 175 msecs (HTTP/1.1 204) 3 headers in 131 bytes (1 switches on core 0)
2026-07-16 17:13:38.141 8 INFO neutron_taas.services.taas.taas_plugin [None req-1c5ac16b-04a1-450c-8378-0dad689ca0f6 8373e4bb81bf43e8a1531e052e864579 34198ed6cfa44ea88b9c1860be07836a - - default default] TaaS: Handle Delete Port: e344501c-dfd7-4008-9348-64e8d105280a
2026-07-16 17:13:38.143 8 INFO neutron_taas.services.taas.tap_mirror_plugin [None req-1c5ac16b-04a1-450c-8378-0dad689ca0f6 8373e4bb81bf43e8a1531e052e864579 34198ed6cfa44ea88b9c1860be07836a - - default default] Tap Mirror: Handle Delete Port: e344501c-dfd7-4008-9348-64e8d105280a
2026-07-16 17:13:38.325 8 INFO neutron.services.segments.plugin [-] Segment 1e529b9d-9bc4-41cf-ab31-f0e7ea576852 resource provider aggregate not found
2026-07-16 17:13:38.328 8 INFO neutron.services.segments.plugin [-] Segment 1e529b9d-9bc4-41cf-ab31-f0e7ea576852 resource provider aggregate not found
2026-07-16 17:13:38.347 8 INFO neutron.services.segments.plugin [-] Client error retrieving segment 1e529b9d-9bc4-41cf-ab31-f0e7ea576852 resource provider; error: Placement Client Error (4xx): {"errors": [{"status": 404, "title": "Not Found", "detail": "The resource could not be found.\n\n No resource provider with uuid 1e529b9d-9bc4-41cf-ab31-f0e7ea576852 found for delete ", "request_id": "req-fd81d63f-8e10-4570-8666-bbfd008c9b9f"}]}
2026-07-16 17:13:38.349 8 INFO neutron.services.segments.plugin [-] Client error retrieving segment 1e529b9d-9bc4-41cf-ab31-f0e7ea576852 resource provider; error: Placement Client Error (4xx): {"errors": [{"status": 404, "title": "Not Found", "detail": "The resource could not be found.\n\n No resource provider with uuid 1e529b9d-9bc4-41cf-ab31-f0e7ea576852 found for delete ", "request_id": "req-0abf53ec-be10-4374-ade8-558ee486954c"}]} [pid: 8|app: 0|req: 1255/2485] 10.0.0.23 () {32 vars in 724 bytes} [Thu Jul 16 17:13:38 2026] DELETE /v2.0/networks/731b3f97-96bf-426a-a8be-198106714b30 => generated 0 bytes in 357 msecs (HTTP/1.1 204) 3 headers in 131 bytes (1 switches on core 0)
2026-07-16 17:13:39.063 7 WARNING neutron.db.securitygroups_db [None req-c038308a-5f86-4ffd-9490-c33cece445e8 2c50500a55254b52b74ffcb73d7a9e65 7fc8011fb237401f903b73b6babb9adc - - default default] project_id key not found in filters, using tenant_id instead. This support has been deprecated and will be removed in a future release.
2026-07-16 17:13:39.198 7 INFO neutron.db.ovn_revision_numbers_db [None req-c038308a-5f86-4ffd-9490-c33cece445e8 2c50500a55254b52b74ffcb73d7a9e65 7fc8011fb237401f903b73b6babb9adc - - default default] Successfully bumped revision number for resource 363ddce9-fca6-4224-9ffd-18e7fd058045 (type: security_groups) to 1
2026-07-16 17:13:39.215 7 INFO neutron.db.ovn_revision_numbers_db [None req-c038308a-5f86-4ffd-9490-c33cece445e8 2c50500a55254b52b74ffcb73d7a9e65 7fc8011fb237401f903b73b6babb9adc - - default default] Successfully bumped revision number for resource 06829e9f-bd3e-43a2-bb4e-cb2dc4217add (type: security_group_rules) to 0
2026-07-16 17:13:39.230 7 INFO neutron.db.ovn_revision_numbers_db [None req-c038308a-5f86-4ffd-9490-c33cece445e8 2c50500a55254b52b74ffcb73d7a9e65 7fc8011fb237401f903b73b6babb9adc - - default default] Successfully bumped revision number for resource 4bdf3d7b-c25e-4af7-8e37-fd4ef5a1c0f5 (type: security_group_rules) to 0
2026-07-16 17:13:39.243 7 INFO neutron.db.ovn_revision_numbers_db [None req-c038308a-5f86-4ffd-9490-c33cece445e8 2c50500a55254b52b74ffcb73d7a9e65 7fc8011fb237401f903b73b6babb9adc - - default default] Successfully bumped revision number for resource 5f147793-19fe-4de4-94be-849a8db79fb5 (type: security_group_rules) to 0
2026-07-16 17:13:39.257 7 INFO neutron.db.ovn_revision_numbers_db [None req-c038308a-5f86-4ffd-9490-c33cece445e8 2c50500a55254b52b74ffcb73d7a9e65 7fc8011fb237401f903b73b6babb9adc - - default default] Successfully bumped revision number for resource 96474c72-b01a-44c8-8ef5-62622698d2b2 (type: security_group_rules) to 0 [pid: 7|app: 0|req: 1231/2488] 10.0.0.23 () {32 vars in 772 bytes} [Thu Jul 16 17:13:38 2026] GET /v2.0/security-groups?tenant_id=1f34c59375ad432abd117de69183183e&name=default => generated 2929 bytes in 327 msecs (HTTP/1.1 200) 4 headers in 158 bytes (1 switches on core 0)
2026-07-16 17:13:39.363 8 INFO neutron.db.ovn_revision_numbers_db [None req-cb00d235-ebdb-4d86-99f3-4b4fbad6a315 c95f0863d939474fbd5c485c47d4963e 535e8488f8704593a43160de2c258ff3 - - default default] Successfully bumped revision number for resource 5596f7d1-e015-4a75-a443-37fb60cf530d (type: security_groups) to 1
2026-07-16 17:13:39.382 8 INFO neutron.db.ovn_revision_numbers_db [None req-cb00d235-ebdb-4d86-99f3-4b4fbad6a315 c95f0863d939474fbd5c485c47d4963e 535e8488f8704593a43160de2c258ff3 - - default default] Successfully bumped revision number for resource 1fa0d5e5-4b4f-4398-809b-8c0ed5d73640 (type: security_group_rules) to 0
2026-07-16 17:13:39.397 8 INFO neutron.db.ovn_revision_numbers_db [None req-cb00d235-ebdb-4d86-99f3-4b4fbad6a315 c95f0863d939474fbd5c485c47d4963e 535e8488f8704593a43160de2c258ff3 - - default default] Successfully bumped revision number for resource 3fd6f97c-9341-4d80-9c6b-07896772466d (type: security_group_rules) to 0
2026-07-16 17:13:39.410 8 INFO neutron.db.ovn_revision_numbers_db [None req-cb00d235-ebdb-4d86-99f3-4b4fbad6a315 c95f0863d939474fbd5c485c47d4963e 535e8488f8704593a43160de2c258ff3 - - default default] Successfully bumped revision number for resource 497f0f4f-5b4f-4dec-8852-c2330be969c8 (type: security_group_rules) to 0
2026-07-16 17:13:39.423 8 INFO neutron.db.ovn_revision_numbers_db [None req-cb00d235-ebdb-4d86-99f3-4b4fbad6a315 c95f0863d939474fbd5c485c47d4963e 535e8488f8704593a43160de2c258ff3 - - default default] Successfully bumped revision number for resource a14a381a-eea8-4c02-82ae-27bc39f06267 (type: security_group_rules) to 0 [pid: 7|app: 0|req: 1232/2489] 10.0.0.23 () {32 vars in 738 bytes} [Thu Jul 16 17:13:39 2026] DELETE /v2.0/security-groups/363ddce9-fca6-4224-9ffd-18e7fd058045 => generated 0 bytes in 167 msecs (HTTP/1.1 204) 2 headers in 112 bytes (1 switches on core 0)
2026-07-16 17:13:39.494 8 INFO neutron.db.segments_db [None req-cb00d235-ebdb-4d86-99f3-4b4fbad6a315 c95f0863d939474fbd5c485c47d4963e 535e8488f8704593a43160de2c258ff3 - - default default] Added segment 79288db7-f398-41a0-9307-2eb348c01076 of type geneve for network 581c5def-7c45-42b5-95f9-ede17f185e2c
2026-07-16 17:13:39.575 7 WARNING neutron.db.securitygroups_db [None req-5f18362b-eda5-4c8e-86a7-23f58058fde5 2c50500a55254b52b74ffcb73d7a9e65 7fc8011fb237401f903b73b6babb9adc - - default default] project_id key not found in filters, using tenant_id instead. This support has been deprecated and will be removed in a future release.
2026-07-16 17:13:39.595 8 INFO neutron.db.ovn_revision_numbers_db [None req-cb00d235-ebdb-4d86-99f3-4b4fbad6a315 c95f0863d939474fbd5c485c47d4963e 535e8488f8704593a43160de2c258ff3 - - default default] Successfully bumped revision number for resource 581c5def-7c45-42b5-95f9-ede17f185e2c (type: networks) to 1 [pid: 7|app: 0|req: 1233/2490] 10.0.0.23 () {32 vars in 772 bytes} [Thu Jul 16 17:13:39 2026] GET /v2.0/security-groups?tenant_id=34198ed6cfa44ea88b9c1860be07836a&name=default => generated 2929 bytes in 40 msecs (HTTP/1.1 200) 4 headers in 158 bytes (1 switches on core 0)
2026-07-16 17:13:39.793 8 WARNING neutron.scheduler.dhcp_agent_scheduler [None req-cb00d235-ebdb-4d86-99f3-4b4fbad6a315 c95f0863d939474fbd5c485c47d4963e 535e8488f8704593a43160de2c258ff3 - - default default] No more DHCP agents
2026-07-16 17:13:39.795 8 WARNING neutron.api.rpc.agentnotifiers.dhcp_rpc_agent_api [None req-cb00d235-ebdb-4d86-99f3-4b4fbad6a315 c95f0863d939474fbd5c485c47d4963e 535e8488f8704593a43160de2c258ff3 - - default default] Unable to schedule network 581c5def-7c45-42b5-95f9-ede17f185e2c: no agents available; will retry on subsequent port and subnet creation events. [pid: 7|app: 0|req: 1234/2491] 10.0.0.23 () {32 vars in 738 bytes} [Thu Jul 16 17:13:39 2026] DELETE /v2.0/security-groups/b1fceb8f-db43-4353-8a6c-7fc55ea853d0 => generated 0 bytes in 197 msecs (HTTP/1.1 204) 2 headers in 112 bytes (1 switches on core 0)
2026-07-16 17:13:39.847 7 INFO neutron.plugins.ml2.drivers.ovn.mech_driver.mech_driver [None req-bb197c83-2120-435d-8e20-31eaa483c2f3 - - - - - -] OVN reports status down for port: 46e4c6e1-4d3f-4270-8394-a0dc75bb5c74
2026-07-16 17:13:39.874 8 INFO neutron.db.ovn_revision_numbers_db [None req-cb00d235-ebdb-4d86-99f3-4b4fbad6a315 c95f0863d939474fbd5c485c47d4963e 535e8488f8704593a43160de2c258ff3 - - default default] Successfully bumped revision number for resource 46e4c6e1-4d3f-4270-8394-a0dc75bb5c74 (type: ports) to 1 [pid: 8|app: 0|req: 1258/2492] 10.0.0.23 () {34 vars in 668 bytes} [Thu Jul 16 17:13:39 2026] POST /v2.0/networks => generated 669 bytes in 724 msecs (HTTP/1.1 201) 4 headers in 162 bytes (1 switches on core 0)
2026-07-16 17:13:40.153 7 WARNING neutron.scheduler.dhcp_agent_scheduler [None req-3c6595ee-1c23-49dc-87da-d0431e863ec3 c95f0863d939474fbd5c485c47d4963e 535e8488f8704593a43160de2c258ff3 - - default default] No more DHCP agents
2026-07-16 17:13:40.154 7 WARNING neutron.api.rpc.agentnotifiers.dhcp_rpc_agent_api [None req-3c6595ee-1c23-49dc-87da-d0431e863ec3 c95f0863d939474fbd5c485c47d4963e 535e8488f8704593a43160de2c258ff3 - - default default] Unable to schedule network 581c5def-7c45-42b5-95f9-ede17f185e2c: no agents available; will retry on subsequent port and subnet creation events.
2026-07-16 17:13:40.212 8 INFO neutron.plugins.ml2.drivers.ovn.mech_driver.mech_driver [None req-91ccdb73-06e0-4cf6-be4a-0071966aaa53 - - - - - -] OVN reports status down for port: b92b5a00-95c9-4e2a-a582-70af5fd02ff0
2026-07-16 17:13:40.261 7 INFO neutron.db.ovn_revision_numbers_db [None req-3c6595ee-1c23-49dc-87da-d0431e863ec3 c95f0863d939474fbd5c485c47d4963e 535e8488f8704593a43160de2c258ff3 - - default default] Successfully bumped revision number for resource b92b5a00-95c9-4e2a-a582-70af5fd02ff0 (type: ports) to 1 [pid: 7|app: 0|req: 1235/2493] 10.0.0.23 () {34 vars in 662 bytes} [Thu Jul 16 17:13:39 2026] POST /v2.0/ports => generated 743 bytes in 384 msecs (HTTP/1.1 201) 4 headers in 162 bytes (1 switches on core 0) [pid: 8|app: 0|req: 1259/2494] 10.0.0.23 () {34 vars in 664 bytes} [Thu Jul 16 17:13:40 2026] POST /v2.0/trunks => generated 409 bytes in 169 msecs (HTTP/1.1 201) 4 headers in 162 bytes (1 switches on core 0) /var/lib/openstack/lib/python3.12/site-packages/pycadf/identifier.py:70: UserWarning: Invalid uuid: neutron. To ensure interoperability, identifiers should be a valid uuid. warnings.warn(('Invalid uuid: %s. To ensure interoperability, '
2026-07-16 17:13:40.488 7 WARNING tagging [None req-9549ea90-3feb-4189-9a0d-8a435b9469c6 c95f0863d939474fbd5c485c47d4963e 535e8488f8704593a43160de2c258ff3 - - default default] project_id key not found in request, using tenant_id instead. This support has been deprecated and will be removed in a future release. [pid: 7|app: 0|req: 1236/2495] 10.0.0.23 () {34 vars in 747 bytes} [Thu Jul 16 17:13:40 2026] PUT /v2.0/trunks/e5fcab10-abd8-4af0-ac80-77c7b6ebf4df/tags => generated 25 bytes in 38 msecs (HTTP/1.1 200) 4 headers in 156 bytes (1 switches on core 0)
2026-07-16 17:13:40.543 8 WARNING tagging [None req-db42de38-402b-465d-8d60-0cc24766edef c95f0863d939474fbd5c485c47d4963e 535e8488f8704593a43160de2c258ff3 - - default default] project_id key not found in request, using tenant_id instead. This support has been deprecated and will be removed in a future release. [pid: 8|app: 0|req: 1260/2496] 10.0.0.23 () {32 vars in 727 bytes} [Thu Jul 16 17:13:40 2026] GET /v2.0/trunks/e5fcab10-abd8-4af0-ac80-77c7b6ebf4df/tags => generated 25 bytes in 28 msecs (HTTP/1.1 200) 4 headers in 156 bytes (1 switches on core 0)
2026-07-16 17:13:40.571 7 WARNING tagging [None req-86f1fb54-4eb5-47f4-9c57-91de1d2818dc c95f0863d939474fbd5c485c47d4963e 535e8488f8704593a43160de2c258ff3 - - default default] project_id key not found in request, using tenant_id instead. This support has been deprecated and will be removed in a future release. [pid: 7|app: 0|req: 1237/2497] 10.0.0.23 () {34 vars in 758 bytes} [Thu Jul 16 17:13:40 2026] PUT /v2.0/trunks/e5fcab10-abd8-4af0-ac80-77c7b6ebf4df/tags/green => generated 4 bytes in 43 msecs (HTTP/1.1 201) 4 headers in 160 bytes (1 switches on core 0)
2026-07-16 17:13:40.616 8 WARNING tagging [None req-7fe41450-4db5-4a79-8313-fc6c9afee882 c95f0863d939474fbd5c485c47d4963e 535e8488f8704593a43160de2c258ff3 - - default default] project_id key not found in request, using tenant_id instead. This support has been deprecated and will be removed in a future release. [pid: 8|app: 0|req: 1261/2498] 10.0.0.23 () {32 vars in 727 bytes} [Thu Jul 16 17:13:40 2026] GET /v2.0/trunks/e5fcab10-abd8-4af0-ac80-77c7b6ebf4df/tags => generated 34 bytes in 30 msecs (HTTP/1.1 200) 4 headers in 156 bytes (1 switches on core 0)
2026-07-16 17:13:40.653 7 WARNING tagging [None req-2e3ce1ed-9bcd-4d1c-ad48-ec1a7d157d5e c95f0863d939474fbd5c485c47d4963e 535e8488f8704593a43160de2c258ff3 - - default default] project_id key not found in request, using tenant_id instead. This support has been deprecated and will be removed in a future release. [pid: 7|app: 0|req: 1238/2499] 10.0.0.23 () {34 vars in 754 bytes} [Thu Jul 16 17:13:40 2026] PUT /v2.0/trunks/e5fcab10-abd8-4af0-ac80-77c7b6ebf4df/tags/red => generated 4 bytes in 31 msecs (HTTP/1.1 201) 4 headers in 160 bytes (1 switches on core 0)
2026-07-16 17:13:40.685 8 WARNING tagging [None req-36f414aa-2884-41ab-99e3-4341b7acaaa1 c95f0863d939474fbd5c485c47d4963e 535e8488f8704593a43160de2c258ff3 - - default default] project_id key not found in request, using tenant_id instead. This support has been deprecated and will be removed in a future release. [pid: 8|app: 0|req: 1262/2500] 10.0.0.23 () {32 vars in 727 bytes} [Thu Jul 16 17:13:40 2026] GET /v2.0/trunks/e5fcab10-abd8-4af0-ac80-77c7b6ebf4df/tags => generated 34 bytes in 19 msecs (HTTP/1.1 200) 4 headers in 156 bytes (1 switches on core 0)
2026-07-16 17:13:40.710 7 WARNING tagging [None req-71e74658-b147-46ce-b733-03f71848c896 c95f0863d939474fbd5c485c47d4963e 535e8488f8704593a43160de2c258ff3 - - default default] project_id key not found in request, using tenant_id instead. This support has been deprecated and will be removed in a future release. [pid: 7|app: 0|req: 1239/2501] 10.0.0.23 () {34 vars in 776 bytes} [Thu Jul 16 17:13:40 2026] PUT /v2.0/trunks/e5fcab10-abd8-4af0-ac80-77c7b6ebf4df/tags/black.or.white => generated 4 bytes in 45 msecs (HTTP/1.1 201) 4 headers in 160 bytes (1 switches on core 0)
2026-07-16 17:13:40.761 8 WARNING tagging [None req-a0412787-d8fd-4798-8ee1-ca9c49a94489 c95f0863d939474fbd5c485c47d4963e 535e8488f8704593a43160de2c258ff3 - - default default] project_id key not found in request, using tenant_id instead. This support has been deprecated and will be removed in a future release. [pid: 8|app: 0|req: 1263/2502] 10.0.0.23 () {32 vars in 727 bytes} [Thu Jul 16 17:13:40 2026] GET /v2.0/trunks/e5fcab10-abd8-4af0-ac80-77c7b6ebf4df/tags => generated 52 bytes in 22 msecs (HTTP/1.1 200) 4 headers in 156 bytes (1 switches on core 0)
2026-07-16 17:13:40.786 7 WARNING tagging [None req-0917d92f-ea60-4e40-a06e-5fce098af969 c95f0863d939474fbd5c485c47d4963e 535e8488f8704593a43160de2c258ff3 - - default default] project_id key not found in request, using tenant_id instead. This support has been deprecated and will be removed in a future release. [pid: 7|app: 0|req: 1240/2503] 10.0.0.23 () {34 vars in 747 bytes} [Thu Jul 16 17:13:40 2026] PUT /v2.0/trunks/e5fcab10-abd8-4af0-ac80-77c7b6ebf4df/tags => generated 37 bytes in 36 msecs (HTTP/1.1 200) 4 headers in 156 bytes (1 switches on core 0)
2026-07-16 17:13:40.826 8 WARNING tagging [None req-5a39727a-aaef-4830-b599-c60537ad5f07 c95f0863d939474fbd5c485c47d4963e 535e8488f8704593a43160de2c258ff3 - - default default] project_id key not found in request, using tenant_id instead. This support has been deprecated and will be removed in a future release. [pid: 8|app: 0|req: 1264/2504] 10.0.0.23 () {32 vars in 727 bytes} [Thu Jul 16 17:13:40 2026] GET /v2.0/trunks/e5fcab10-abd8-4af0-ac80-77c7b6ebf4df/tags => generated 37 bytes in 18 msecs (HTTP/1.1 200) 4 headers in 156 bytes (1 switches on core 0)
2026-07-16 17:13:40.854 7 WARNING tagging [None req-cd17b336-5531-42e8-b9bb-5b217a1e7a89 c95f0863d939474fbd5c485c47d4963e 535e8488f8704593a43160de2c258ff3 - - default default] project_id key not found in request, using tenant_id instead. This support has been deprecated and will be removed in a future release. [pid: 7|app: 0|req: 1241/2505] 10.0.0.23 () {32 vars in 735 bytes} [Thu Jul 16 17:13:40 2026] GET /v2.0/trunks/e5fcab10-abd8-4af0-ac80-77c7b6ebf4df/tags/red => generated 0 bytes in 20 msecs (HTTP/1.1 204) 2 headers in 112 bytes (1 switches on core 0)
2026-07-16 17:13:40.880 8 WARNING tagging [None req-5373bac6-6311-4d0f-8bb1-fb6fbb821a57 c95f0863d939474fbd5c485c47d4963e 535e8488f8704593a43160de2c258ff3 - - default default] project_id key not found in request, using tenant_id instead. This support has been deprecated and will be removed in a future release.
2026-07-16 17:13:40.887 8 INFO neutron.api.v2.resource [None req-5373bac6-6311-4d0f-8bb1-fb6fbb821a57 c95f0863d939474fbd5c485c47d4963e 535e8488f8704593a43160de2c258ff3 - - default default] show failed (client error): The resource could not be found. [pid: 8|app: 0|req: 1265/2506] 10.0.0.23 () {32 vars in 739 bytes} [Thu Jul 16 17:13:40 2026] GET /v2.0/trunks/e5fcab10-abd8-4af0-ac80-77c7b6ebf4df/tags/green => generated 99 bytes in 22 msecs (HTTP/1.1 404) 4 headers in 163 bytes (1 switches on core 0)
2026-07-16 17:13:40.906 7 WARNING tagging [None req-be184bda-0462-4618-a913-bd1ec78a9c1b c95f0863d939474fbd5c485c47d4963e 535e8488f8704593a43160de2c258ff3 - - default default] project_id key not found in request, using tenant_id instead. This support has been deprecated and will be removed in a future release. [pid: 7|app: 0|req: 1242/2507] 10.0.0.23 () {32 vars in 738 bytes} [Thu Jul 16 17:13:40 2026] DELETE /v2.0/trunks/e5fcab10-abd8-4af0-ac80-77c7b6ebf4df/tags/red => generated 0 bytes in 40 msecs (HTTP/1.1 204) 2 headers in 112 bytes (1 switches on core 0)
2026-07-16 17:13:40.950 8 WARNING tagging [None req-02624183-f786-4c75-9241-e2417c53cee8 c95f0863d939474fbd5c485c47d4963e 535e8488f8704593a43160de2c258ff3 - - default default] project_id key not found in request, using tenant_id instead. This support has been deprecated and will be removed in a future release. [pid: 8|app: 0|req: 1266/2508] 10.0.0.23 () {32 vars in 727 bytes} [Thu Jul 16 17:13:40 2026] GET /v2.0/trunks/e5fcab10-abd8-4af0-ac80-77c7b6ebf4df/tags => generated 30 bytes in 19 msecs (HTTP/1.1 200) 4 headers in 156 bytes (1 switches on core 0)
2026-07-16 17:13:40.975 7 WARNING tagging [None req-d3438918-ce72-4a29-ad10-9e205e671737 c95f0863d939474fbd5c485c47d4963e 535e8488f8704593a43160de2c258ff3 - - default default] project_id key not found in request, using tenant_id instead. This support has been deprecated and will be removed in a future release.
2026-07-16 17:13:40.988 7 INFO neutron.api.v2.resource [None req-d3438918-ce72-4a29-ad10-9e205e671737 c95f0863d939474fbd5c485c47d4963e 535e8488f8704593a43160de2c258ff3 - - default default] delete failed (client error): The resource could not be found. [pid: 7|app: 0|req: 1243/2509] 10.0.0.23 () {32 vars in 742 bytes} [Thu Jul 16 17:13:40 2026] DELETE /v2.0/trunks/e5fcab10-abd8-4af0-ac80-77c7b6ebf4df/tags/green => generated 99 bytes in 29 msecs (HTTP/1.1 404) 4 headers in 163 bytes (1 switches on core 0)
2026-07-16 17:13:41.006 8 WARNING tagging [None req-e3f9d225-dd79-4eb7-930b-448aa37fded7 c95f0863d939474fbd5c485c47d4963e 535e8488f8704593a43160de2c258ff3 - - default default] project_id key not found in request, using tenant_id instead. This support has been deprecated and will be removed in a future release. [pid: 8|app: 0|req: 1267/2510] 10.0.0.23 () {32 vars in 730 bytes} [Thu Jul 16 17:13:40 2026] DELETE /v2.0/trunks/e5fcab10-abd8-4af0-ac80-77c7b6ebf4df/tags => generated 0 bytes in 35 msecs (HTTP/1.1 204) 2 headers in 112 bytes (1 switches on core 0)
2026-07-16 17:13:41.047 7 WARNING tagging [None req-fcb72808-20de-44c4-8fb8-1c6bf1369c7d c95f0863d939474fbd5c485c47d4963e 535e8488f8704593a43160de2c258ff3 - - default default] project_id key not found in request, using tenant_id instead. This support has been deprecated and will be removed in a future release. [pid: 7|app: 0|req: 1244/2511] 10.0.0.23 () {32 vars in 727 bytes} [Thu Jul 16 17:13:41 2026] GET /v2.0/trunks/e5fcab10-abd8-4af0-ac80-77c7b6ebf4df/tags => generated 12 bytes in 21 msecs (HTTP/1.1 200) 4 headers in 156 bytes (1 switches on core 0) [pid: 8|app: 0|req: 1268/2512] 10.0.0.23 () {32 vars in 717 bytes} [Thu Jul 16 17:13:41 2026] GET /v2.0/trunks/e5fcab10-abd8-4af0-ac80-77c7b6ebf4df => generated 409 bytes in 17 msecs (HTTP/1.1 200) 4 headers in 157 bytes (1 switches on core 0) [pid: 7|app: 0|req: 1245/2513] 10.0.0.23 () {32 vars in 715 bytes} [Thu Jul 16 17:13:41 2026] GET /v2.0/ports/b92b5a00-95c9-4e2a-a582-70af5fd02ff0 => generated 826 bytes in 75 msecs (HTTP/1.1 200) 4 headers in 157 bytes (1 switches on core 0) [pid: 8|app: 0|req: 1269/2514] 10.0.0.23 () {32 vars in 720 bytes} [Thu Jul 16 17:13:41 2026] DELETE /v2.0/trunks/e5fcab10-abd8-4af0-ac80-77c7b6ebf4df => generated 0 bytes in 66 msecs (HTTP/1.1 204) 2 headers in 112 bytes (1 switches on core 0)
2026-07-16 17:13:41.374 7 INFO neutron_taas.services.taas.taas_plugin [None req-99f1e9d5-7081-478a-a424-d5d05226db51 c95f0863d939474fbd5c485c47d4963e 535e8488f8704593a43160de2c258ff3 - - default default] TaaS: Handle Delete Port: b92b5a00-95c9-4e2a-a582-70af5fd02ff0
2026-07-16 17:13:41.377 7 INFO neutron_taas.services.taas.tap_mirror_plugin [None req-99f1e9d5-7081-478a-a424-d5d05226db51 c95f0863d939474fbd5c485c47d4963e 535e8488f8704593a43160de2c258ff3 - - default default] Tap Mirror: Handle Delete Port: b92b5a00-95c9-4e2a-a582-70af5fd02ff0 [pid: 7|app: 0|req: 1246/2515] 10.0.0.23 () {32 vars in 718 bytes} [Thu Jul 16 17:13:41 2026] DELETE /v2.0/ports/b92b5a00-95c9-4e2a-a582-70af5fd02ff0 => generated 0 bytes in 237 msecs (HTTP/1.1 204) 3 headers in 131 bytes (1 switches on core 0)
2026-07-16 17:13:41.610 8 INFO neutron_taas.services.taas.taas_plugin [None req-a5583143-898e-4e21-84c0-e035865b7849 c95f0863d939474fbd5c485c47d4963e 535e8488f8704593a43160de2c258ff3 - - default default] TaaS: Handle Delete Port: 46e4c6e1-4d3f-4270-8394-a0dc75bb5c74
2026-07-16 17:13:41.613 8 INFO neutron_taas.services.taas.tap_mirror_plugin [None req-a5583143-898e-4e21-84c0-e035865b7849 c95f0863d939474fbd5c485c47d4963e 535e8488f8704593a43160de2c258ff3 - - default default] Tap Mirror: Handle Delete Port: 46e4c6e1-4d3f-4270-8394-a0dc75bb5c74
2026-07-16 17:13:41.805 8 INFO neutron.services.segments.plugin [-] Segment 79288db7-f398-41a0-9307-2eb348c01076 resource provider aggregate not found
2026-07-16 17:13:41.812 8 INFO neutron.services.segments.plugin [-] Segment 79288db7-f398-41a0-9307-2eb348c01076 resource provider aggregate not found
2026-07-16 17:13:41.830 8 INFO neutron.services.segments.plugin [-] Client error retrieving segment 79288db7-f398-41a0-9307-2eb348c01076 resource provider; error: Placement Client Error (4xx): {"errors": [{"status": 404, "title": "Not Found", "detail": "The resource could not be found.\n\n No resource provider with uuid 79288db7-f398-41a0-9307-2eb348c01076 found for delete ", "request_id": "req-0518b528-2f95-49a7-9e5d-e84c3d0c5c17"}]}
2026-07-16 17:13:41.831 8 INFO neutron.services.segments.plugin [-] Client error retrieving segment 79288db7-f398-41a0-9307-2eb348c01076 resource provider; error: Placement Client Error (4xx): {"errors": [{"status": 404, "title": "Not Found", "detail": "The resource could not be found.\n\n No resource provider with uuid 79288db7-f398-41a0-9307-2eb348c01076 found for delete ", "request_id": "req-a534d4c0-0278-4197-88c6-8c929edd264b"}]} [pid: 8|app: 0|req: 1270/2516] 10.0.0.23 () {32 vars in 724 bytes} [Thu Jul 16 17:13:41 2026] DELETE /v2.0/networks/581c5def-7c45-42b5-95f9-ede17f185e2c => generated 0 bytes in 371 msecs (HTTP/1.1 204) 3 headers in 131 bytes (1 switches on core 0)
2026-07-16 17:13:42.674 7 WARNING neutron.db.securitygroups_db [None req-b95e1075-992e-4f46-99d7-236450813dcd 2c50500a55254b52b74ffcb73d7a9e65 7fc8011fb237401f903b73b6babb9adc - - default default] project_id key not found in filters, using tenant_id instead. This support has been deprecated and will be removed in a future release. [pid: 7|app: 0|req: 1247/2517] 10.0.0.23 () {32 vars in 772 bytes} [Thu Jul 16 17:13:42 2026] GET /v2.0/security-groups?tenant_id=535e8488f8704593a43160de2c258ff3&name=default => generated 2929 bytes in 183 msecs (HTTP/1.1 200) 4 headers in 158 bytes (1 switches on core 0) [pid: 8|app: 0|req: 1271/2518] 10.0.0.23 () {32 vars in 738 bytes} [Thu Jul 16 17:13:42 2026] DELETE /v2.0/security-groups/5596f7d1-e015-4a75-a443-37fb60cf530d => generated 0 bytes in 179 msecs (HTTP/1.1 204) 2 headers in 112 bytes (1 switches on core 0)
2026-07-16 17:13:42.977 7 WARNING neutron.db.securitygroups_db [None req-f47da230-1c19-44a9-892e-c1797fe80754 2c50500a55254b52b74ffcb73d7a9e65 7fc8011fb237401f903b73b6babb9adc - - default default] project_id key not found in filters, using tenant_id instead. This support has been deprecated and will be removed in a future release.
2026-07-16 17:13:43.087 7 INFO neutron.db.ovn_revision_numbers_db [None req-f47da230-1c19-44a9-892e-c1797fe80754 2c50500a55254b52b74ffcb73d7a9e65 7fc8011fb237401f903b73b6babb9adc - - default default] Successfully bumped revision number for resource 209eb76c-15d2-4c12-83ee-ae4dcd73c1d7 (type: security_groups) to 1
2026-07-16 17:13:43.098 7 INFO neutron.db.ovn_revision_numbers_db [None req-f47da230-1c19-44a9-892e-c1797fe80754 2c50500a55254b52b74ffcb73d7a9e65 7fc8011fb237401f903b73b6babb9adc - - default default] Successfully bumped revision number for resource 363b8e7d-f3ff-4624-a518-db8bda7b2ae1 (type: security_group_rules) to 0
2026-07-16 17:13:43.112 7 INFO neutron.db.ovn_revision_numbers_db [None req-f47da230-1c19-44a9-892e-c1797fe80754 2c50500a55254b52b74ffcb73d7a9e65 7fc8011fb237401f903b73b6babb9adc - - default default] Successfully bumped revision number for resource 46208538-9ebd-429d-bfd2-a7afa840c5d9 (type: security_group_rules) to 0
2026-07-16 17:13:43.120 7 INFO neutron.db.ovn_revision_numbers_db [None req-f47da230-1c19-44a9-892e-c1797fe80754 2c50500a55254b52b74ffcb73d7a9e65 7fc8011fb237401f903b73b6babb9adc - - default default] Successfully bumped revision number for resource 6c102885-f9c1-46be-ac7f-af38a8c5d752 (type: security_group_rules) to 0
2026-07-16 17:13:43.134 7 INFO neutron.db.ovn_revision_numbers_db [None req-f47da230-1c19-44a9-892e-c1797fe80754 2c50500a55254b52b74ffcb73d7a9e65 7fc8011fb237401f903b73b6babb9adc - - default default] Successfully bumped revision number for resource 6de1ada7-313f-4ea6-a987-ea058c349bfd (type: security_group_rules) to 0 [pid: 7|app: 0|req: 1248/2519] 10.0.0.23 () {32 vars in 772 bytes} [Thu Jul 16 17:13:42 2026] GET /v2.0/security-groups?tenant_id=dd2e62caf185424f8e41684a65f219ea&name=default => generated 2929 bytes in 211 msecs (HTTP/1.1 200) 4 headers in 158 bytes (1 switches on core 0) [pid: 8|app: 0|req: 1272/2520] 10.0.0.23 () {32 vars in 738 bytes} [Thu Jul 16 17:13:43 2026] DELETE /v2.0/security-groups/209eb76c-15d2-4c12-83ee-ae4dcd73c1d7 => generated 0 bytes in 185 msecs (HTTP/1.1 204) 2 headers in 112 bytes (1 switches on core 0)
2026-07-16 17:13:52.619 7 INFO neutron.db.ovn_revision_numbers_db [None req-16f6b81d-b3dc-4606-8773-412c9da99adb 39cfebf3109644d281c7c7a67e249a9b f0722affc0484fc78df99d4dc05d6574 - - default default] Successfully bumped revision number for resource f3391b2d-d00d-4698-833f-8f85e6ca157e (type: security_groups) to 1
2026-07-16 17:13:52.631 7 INFO neutron.db.ovn_revision_numbers_db [None req-16f6b81d-b3dc-4606-8773-412c9da99adb 39cfebf3109644d281c7c7a67e249a9b f0722affc0484fc78df99d4dc05d6574 - - default default] Successfully bumped revision number for resource 109ffe82-cc1b-41aa-93c9-d0bab17ff0a0 (type: security_group_rules) to 0
2026-07-16 17:13:52.642 7 INFO neutron.db.ovn_revision_numbers_db [None req-16f6b81d-b3dc-4606-8773-412c9da99adb 39cfebf3109644d281c7c7a67e249a9b f0722affc0484fc78df99d4dc05d6574 - - default default] Successfully bumped revision number for resource c9e86f6e-371f-4899-8277-8dd66d98d52a (type: security_group_rules) to 0
2026-07-16 17:13:52.654 7 INFO neutron.db.ovn_revision_numbers_db [None req-16f6b81d-b3dc-4606-8773-412c9da99adb 39cfebf3109644d281c7c7a67e249a9b f0722affc0484fc78df99d4dc05d6574 - - default default] Successfully bumped revision number for resource cfa2e4d5-6bbb-400a-9467-452ae77c485c (type: security_group_rules) to 0
2026-07-16 17:13:52.669 7 INFO neutron.db.ovn_revision_numbers_db [None req-16f6b81d-b3dc-4606-8773-412c9da99adb 39cfebf3109644d281c7c7a67e249a9b f0722affc0484fc78df99d4dc05d6574 - - default default] Successfully bumped revision number for resource f7ee63c7-7a39-4f9b-8e9b-a57c8468f84b (type: security_group_rules) to 0
2026-07-16 17:13:52.749 7 INFO neutron.db.segments_db [None req-16f6b81d-b3dc-4606-8773-412c9da99adb 39cfebf3109644d281c7c7a67e249a9b f0722affc0484fc78df99d4dc05d6574 - - default default] Added segment cb513795-be39-46cc-afad-85f400a37711 of type geneve for network 5b5bcce1-ed36-44b1-83bf-4f5e98bfd584
2026-07-16 17:13:52.869 7 INFO neutron.db.ovn_revision_numbers_db [None req-16f6b81d-b3dc-4606-8773-412c9da99adb 39cfebf3109644d281c7c7a67e249a9b f0722affc0484fc78df99d4dc05d6574 - - default default] Successfully bumped revision number for resource 5b5bcce1-ed36-44b1-83bf-4f5e98bfd584 (type: networks) to 1
2026-07-16 17:13:53.042 7 WARNING neutron.scheduler.dhcp_agent_scheduler [None req-16f6b81d-b3dc-4606-8773-412c9da99adb 39cfebf3109644d281c7c7a67e249a9b f0722affc0484fc78df99d4dc05d6574 - - default default] No more DHCP agents
2026-07-16 17:13:53.043 7 WARNING neutron.api.rpc.agentnotifiers.dhcp_rpc_agent_api [None req-16f6b81d-b3dc-4606-8773-412c9da99adb 39cfebf3109644d281c7c7a67e249a9b f0722affc0484fc78df99d4dc05d6574 - - default default] Unable to schedule network 5b5bcce1-ed36-44b1-83bf-4f5e98bfd584: no agents available; will retry on subsequent port and subnet creation events.
2026-07-16 17:13:53.099 7 INFO neutron.plugins.ml2.drivers.ovn.mech_driver.mech_driver [None req-bb197c83-2120-435d-8e20-31eaa483c2f3 - - - - - -] OVN reports status down for port: c08429c2-59e7-4152-8102-13db07a95b12
