2026-07-16 17:09:08.921 8 INFO neutron.services.segments.plugin [-] Client error retrieving segment a3eaf6ad-1a23-4f21-b7a8-ab8da5a2b1dd resource provider; error: Placement Client Error (4xx): {"errors": [{"status": 404, "title": "Not Found", "detail": "The resource could not be found.\n\n No resource provider with uuid a3eaf6ad-1a23-4f21-b7a8-ab8da5a2b1dd found for delete ", "request_id": "req-8d70d5ca-948d-4c74-bbcb-cfbb46b5f164"}]}
2026-07-16 17:09:08.923 8 INFO neutron.services.segments.plugin [-] Client error retrieving segment a3eaf6ad-1a23-4f21-b7a8-ab8da5a2b1dd resource provider; error: Placement Client Error (4xx): {"errors": [{"status": 404, "title": "Not Found", "detail": "The resource could not be found.\n\n No resource provider with uuid a3eaf6ad-1a23-4f21-b7a8-ab8da5a2b1dd found for delete ", "request_id": "req-1ab03f22-30fb-4b36-a4b3-f44a0287fdc3"}]}
2026-07-16 17:09:08.928 7 INFO neutron.db.ovn_revision_numbers_db [req-972ab3ba-9c1c-41f2-97d1-3fa46e17bee3 req-c2260099-0aa5-4cfa-80ff-00e9e313ec05 39fe31e46dc449a4bc553c99c3d35acf 28c981f890904271a63f73f73f6b7530 - - default default] Successfully bumped revision number for resource f90f679f-592b-4617-86c6-7c14a05a69d2 (type: ports) to 1 [pid: 7|app: 0|req: 364/729] 199.204.45.113 () {38 vars in 954 bytes} [Thu Jul 16 17:09:08 2026] POST /v2.0/ports => generated 958 bytes in 728 msecs (HTTP/1.1 201) 4 headers in 162 bytes (1 switches on core 0) /var/lib/openstack/lib/python3.12/site-packages/pycadf/identifier.py:70: UserWarning: Invalid uuid: neutron. To ensure interoperability, identifiers should be a valid uuid. warnings.warn(('Invalid uuid: %s. To ensure interoperability, '
2026-07-16 17:09:08.982 7 WARNING neutron.db.securitygroups_db [None req-5c7e4eb5-453b-4d19-a52a-463ef21999f2 2c50500a55254b52b74ffcb73d7a9e65 7fc8011fb237401f903b73b6babb9adc - - default default] project_id key not found in filters, using tenant_id instead. This support has been deprecated and will be removed in a future release. [pid: 7|app: 0|req: 365/730] 10.0.0.23 () {32 vars in 772 bytes} [Thu Jul 16 17:09:08 2026] GET /v2.0/security-groups?tenant_id=d0e0d4bc654442469209ca72c8dd47d8&name=default => generated 2921 bytes in 35 msecs (HTTP/1.1 200) 4 headers in 158 bytes (1 switches on core 0)
2026-07-16 17:09:09.154 8 INFO neutron.db.ovn_revision_numbers_db [None req-4794e9bf-7d97-4433-8018-f1ef1a971a25 2c50500a55254b52b74ffcb73d7a9e65 7fc8011fb237401f903b73b6babb9adc - - default default] Successfully bumped revision number for resource ebd13547-17c5-4b67-9d62-322094392461 (type: security_groups) to 1
2026-07-16 17:09:09.175 8 INFO neutron.db.ovn_revision_numbers_db [None req-4794e9bf-7d97-4433-8018-f1ef1a971a25 2c50500a55254b52b74ffcb73d7a9e65 7fc8011fb237401f903b73b6babb9adc - - default default] Successfully bumped revision number for resource 127f2226-95d7-414b-9e8b-13b6e5861256 (type: security_group_rules) to 0
2026-07-16 17:09:09.200 8 INFO neutron.db.ovn_revision_numbers_db [None req-4794e9bf-7d97-4433-8018-f1ef1a971a25 2c50500a55254b52b74ffcb73d7a9e65 7fc8011fb237401f903b73b6babb9adc - - default default] Successfully bumped revision number for resource 4e8c8320-f35e-401e-89dc-1e76a6d97f9f (type: security_group_rules) to 0
2026-07-16 17:09:09.228 8 INFO neutron.db.ovn_revision_numbers_db [None req-4794e9bf-7d97-4433-8018-f1ef1a971a25 2c50500a55254b52b74ffcb73d7a9e65 7fc8011fb237401f903b73b6babb9adc - - default default] Successfully bumped revision number for resource 73a62918-4f98-42f6-b6f3-0e215337c354 (type: security_group_rules) to 0
2026-07-16 17:09:09.251 8 INFO neutron.db.ovn_revision_numbers_db [None req-4794e9bf-7d97-4433-8018-f1ef1a971a25 2c50500a55254b52b74ffcb73d7a9e65 7fc8011fb237401f903b73b6babb9adc - - default default] Successfully bumped revision number for resource a7824926-340b-4adb-b8ab-f1da40b4dbeb (type: security_group_rules) to 0 [pid: 7|app: 0|req: 366/731] 10.0.0.23 () {32 vars in 738 bytes} [Thu Jul 16 17:09:09 2026] DELETE /v2.0/security-groups/8b301fd1-0b43-4bf2-ade5-941431454d26 => generated 0 bytes in 264 msecs (HTTP/1.1 204) 2 headers in 112 bytes (1 switches on core 0)
2026-07-16 17:09:09.335 8 INFO neutron.db.segments_db [None req-4794e9bf-7d97-4433-8018-f1ef1a971a25 2c50500a55254b52b74ffcb73d7a9e65 7fc8011fb237401f903b73b6babb9adc - - default default] Added segment d6b1e28f-c949-4aae-85dc-d59474f1632e of type geneve for network c910b8e0-4b81-440a-b409-9edd203748ad
2026-07-16 17:09:09.454 8 INFO neutron.db.ovn_revision_numbers_db [None req-4794e9bf-7d97-4433-8018-f1ef1a971a25 2c50500a55254b52b74ffcb73d7a9e65 7fc8011fb237401f903b73b6babb9adc - - default default] Successfully bumped revision number for resource c910b8e0-4b81-440a-b409-9edd203748ad (type: networks) to 1
2026-07-16 17:09:09.705 8 WARNING neutron.scheduler.dhcp_agent_scheduler [None req-4794e9bf-7d97-4433-8018-f1ef1a971a25 2c50500a55254b52b74ffcb73d7a9e65 7fc8011fb237401f903b73b6babb9adc - - default default] No more DHCP agents
2026-07-16 17:09:09.714 8 WARNING neutron.api.rpc.agentnotifiers.dhcp_rpc_agent_api [None req-4794e9bf-7d97-4433-8018-f1ef1a971a25 2c50500a55254b52b74ffcb73d7a9e65 7fc8011fb237401f903b73b6babb9adc - - default default] Unable to schedule network c910b8e0-4b81-440a-b409-9edd203748ad: no agents available; will retry on subsequent port and subnet creation events.
2026-07-16 17:09:09.820 8 INFO neutron.db.ovn_revision_numbers_db [None req-4794e9bf-7d97-4433-8018-f1ef1a971a25 2c50500a55254b52b74ffcb73d7a9e65 7fc8011fb237401f903b73b6babb9adc - - default default] Successfully bumped revision number for resource 4f828fa7-4c88-4869-a8c1-f6b4a3449c93 (type: ports) to 1
2026-07-16 17:09:09.832 7 INFO neutron.plugins.ml2.drivers.ovn.mech_driver.mech_driver [None req-ab68571d-bed1-4674-8655-2b374fd34794 - - - - - -] OVN reports status down for port: 4f828fa7-4c88-4869-a8c1-f6b4a3449c93 [pid: 8|app: 0|req: 366/734] 10.0.0.23 () {34 vars in 669 bytes} [Thu Jul 16 17:09:08 2026] POST /v2.0/networks => generated 788 bytes in 1113 msecs (HTTP/1.1 201) 4 headers in 162 bytes (1 switches on core 0) [pid: 8|app: 0|req: 367/735] 10.0.0.184 () {34 vars in 1069 bytes} [Thu Jul 16 17:09:09 2026] GET /v2.0/ports?fields=security_groups&fields=device_id&device_id=7ff303b8-e5e9-4ea3-9f98-8134080e2f03 => generated 123 bytes in 80 msecs (HTTP/1.1 200) 4 headers in 157 bytes (1 switches on core 0)
2026-07-16 17:09:10.072 7 INFO neutron.db.ovn_revision_numbers_db [req-972ab3ba-9c1c-41f2-97d1-3fa46e17bee3 req-c35f8df9-0e75-4010-99e3-ecabe16e0004 c8f5f9dd2cc64c90ba2083585de04557 a5b92589619949fb96afc00bae46c62b - - dab6b41fb80949969b0945af1c32a0ef dab6b41fb80949969b0945af1c32a0ef] Successfully bumped revision number for resource f90f679f-592b-4617-86c6-7c14a05a69d2 (type: ports) to 2
2026-07-16 17:09:10.101 8 WARNING neutron.scheduler.dhcp_agent_scheduler [None req-314622d3-f95b-4a0f-9f8d-22c64be2a91e 2c50500a55254b52b74ffcb73d7a9e65 7fc8011fb237401f903b73b6babb9adc - - default default] No more DHCP agents
2026-07-16 17:09:10.103 8 WARNING neutron.api.rpc.agentnotifiers.dhcp_rpc_agent_api [None req-314622d3-f95b-4a0f-9f8d-22c64be2a91e 2c50500a55254b52b74ffcb73d7a9e65 7fc8011fb237401f903b73b6babb9adc - - default default] Unable to schedule network c910b8e0-4b81-440a-b409-9edd203748ad: no agents available; will retry on subsequent port and subnet creation events.
2026-07-16 17:09:10.374 7 INFO neutron.db.ovn_revision_numbers_db [req-972ab3ba-9c1c-41f2-97d1-3fa46e17bee3 req-c35f8df9-0e75-4010-99e3-ecabe16e0004 c8f5f9dd2cc64c90ba2083585de04557 a5b92589619949fb96afc00bae46c62b - - dab6b41fb80949969b0945af1c32a0ef dab6b41fb80949969b0945af1c32a0ef] Successfully bumped revision number for resource f90f679f-592b-4617-86c6-7c14a05a69d2 (type: ports) to 4 [pid: 7|app: 0|req: 369/736] 199.204.45.113 () {38 vars in 1027 bytes} [Thu Jul 16 17:09:09 2026] PUT /v2.0/ports/f90f679f-592b-4617-86c6-7c14a05a69d2 => generated 1230 bytes in 1023 msecs (HTTP/1.1 200) 4 headers in 158 bytes (1 switches on core 0) /var/lib/openstack/lib/python3.12/site-packages/pycadf/identifier.py:70: UserWarning: Invalid uuid: neutron. To ensure interoperability, identifiers should be a valid uuid. warnings.warn(('Invalid uuid: %s. To ensure interoperability, ' [pid: 7|app: 0|req: 370/737] 10.0.0.184 () {34 vars in 1039 bytes} [Thu Jul 16 17:09:10 2026] GET /v2.0/security-groups?id=ed28ac30-9bc6-4f41-887e-7893eb68b5e4&fields=id&fields=name => generated 111 bytes in 52 msecs (HTTP/1.1 200) 4 headers in 157 bytes (1 switches on core 0)
2026-07-16 17:09:10.672 8 INFO neutron.db.ovn_revision_numbers_db [None req-314622d3-f95b-4a0f-9f8d-22c64be2a91e 2c50500a55254b52b74ffcb73d7a9e65 7fc8011fb237401f903b73b6babb9adc - - default default] Successfully bumped revision number for resource 4f828fa7-4c88-4869-a8c1-f6b4a3449c93 (type: ports) to 2
2026-07-16 17:09:10.704 8 INFO neutron.db.ovn_revision_numbers_db [None req-314622d3-f95b-4a0f-9f8d-22c64be2a91e 2c50500a55254b52b74ffcb73d7a9e65 7fc8011fb237401f903b73b6babb9adc - - default default] Successfully bumped revision number for resource 2020dd34-b28b-4fcf-a5d3-abfdab5a6d07 (type: subnets) to 0 [pid: 8|app: 0|req: 368/738] 10.0.0.23 () {34 vars in 667 bytes} [Thu Jul 16 17:09:09 2026] POST /v2.0/subnets => generated 694 bytes in 784 msecs (HTTP/1.1 201) 4 headers in 162 bytes (1 switches on core 0)
2026-07-16 17:09:10.929 7 INFO neutron.notifiers.nova [-] Nova event matching ['req-01155c76-fe78-4da0-9e40-10475169883a'] response: {'name': 'network-changed', 'server_uuid': '7ff303b8-e5e9-4ea3-9f98-8134080e2f03', 'tag': 'f90f679f-592b-4617-86c6-7c14a05a69d2', 'status': 'completed', 'code': 200}
2026-07-16 17:09:10.999 8 WARNING neutron.db.securitygroups_db [None req-dfe3a77a-39e1-424a-a46e-bb32c2727d9c 2c50500a55254b52b74ffcb73d7a9e65 7fc8011fb237401f903b73b6babb9adc - - default default] project_id key not found in filters, using tenant_id instead. This support has been deprecated and will be removed in a future release.
2026-07-16 17:09:11.131 8 INFO neutron.db.ovn_revision_numbers_db [None req-dfe3a77a-39e1-424a-a46e-bb32c2727d9c 2c50500a55254b52b74ffcb73d7a9e65 7fc8011fb237401f903b73b6babb9adc - - default default] Successfully bumped revision number for resource 2c384020-62ba-485d-9a2b-07ec2bec70a1 (type: security_groups) to 1
2026-07-16 17:09:11.144 8 INFO neutron.db.ovn_revision_numbers_db [None req-dfe3a77a-39e1-424a-a46e-bb32c2727d9c 2c50500a55254b52b74ffcb73d7a9e65 7fc8011fb237401f903b73b6babb9adc - - default default] Successfully bumped revision number for resource 7e0bce8c-f866-44f5-aa34-62ee327520f4 (type: security_group_rules) to 0
2026-07-16 17:09:11.152 7 WARNING neutron.scheduler.dhcp_agent_scheduler [None req-f51d8614-9a4e-4ca2-8885-7f252c50e7e2 2c50500a55254b52b74ffcb73d7a9e65 7fc8011fb237401f903b73b6babb9adc - - default default] No more DHCP agents
2026-07-16 17:09:11.155 7 WARNING neutron.api.rpc.agentnotifiers.dhcp_rpc_agent_api [None req-f51d8614-9a4e-4ca2-8885-7f252c50e7e2 2c50500a55254b52b74ffcb73d7a9e65 7fc8011fb237401f903b73b6babb9adc - - default default] Unable to schedule network 45c1a10d-ecd0-472f-8718-715f3f08b286: no agents available; will retry on subsequent port and subnet creation events.
2026-07-16 17:09:11.165 8 INFO neutron.db.ovn_revision_numbers_db [None req-dfe3a77a-39e1-424a-a46e-bb32c2727d9c 2c50500a55254b52b74ffcb73d7a9e65 7fc8011fb237401f903b73b6babb9adc - - default default] Successfully bumped revision number for resource 7ea0f8e7-e4ba-4aa9-879d-d977fbaefd6b (type: security_group_rules) to 0
2026-07-16 17:09:11.192 8 INFO neutron.db.ovn_revision_numbers_db [None req-dfe3a77a-39e1-424a-a46e-bb32c2727d9c 2c50500a55254b52b74ffcb73d7a9e65 7fc8011fb237401f903b73b6babb9adc - - default default] Successfully bumped revision number for resource 80d9fd66-3afa-4918-87ea-c892e89bb153 (type: security_group_rules) to 0
2026-07-16 17:09:11.210 8 INFO neutron.db.ovn_revision_numbers_db [None req-dfe3a77a-39e1-424a-a46e-bb32c2727d9c 2c50500a55254b52b74ffcb73d7a9e65 7fc8011fb237401f903b73b6babb9adc - - default default] Successfully bumped revision number for resource 8d373986-6f48-430b-a3b9-83321c85e14c (type: security_group_rules) to 0 [pid: 8|app: 0|req: 369/739] 10.0.0.23 () {32 vars in 772 bytes} [Thu Jul 16 17:09:10 2026] GET /v2.0/security-groups?tenant_id=ce2bc16645544e6a862eb354a7517deb&name=default => generated 2925 bytes in 410 msecs (HTTP/1.1 200) 4 headers in 158 bytes (1 switches on core 0)
2026-07-16 17:09:11.316 8 INFO neutron.plugins.ml2.drivers.ovn.mech_driver.mech_driver [None req-c727a369-6350-485b-a6cb-804a09da9f03 - - - - - -] OVN reports status down for port: a60bef10-459b-4632-be43-aa6c09024eb3
2026-07-16 17:09:11.322 7 INFO neutron.db.ovn_revision_numbers_db [None req-f51d8614-9a4e-4ca2-8885-7f252c50e7e2 2c50500a55254b52b74ffcb73d7a9e65 7fc8011fb237401f903b73b6babb9adc - - default default] Successfully bumped revision number for resource a60bef10-459b-4632-be43-aa6c09024eb3 (type: ports) to 1 [pid: 8|app: 0|req: 370/740] 10.0.0.23 () {32 vars in 738 bytes} [Thu Jul 16 17:09:11 2026] DELETE /v2.0/security-groups/2c384020-62ba-485d-9a2b-07ec2bec70a1 => generated 0 bytes in 296 msecs (HTTP/1.1 204) 2 headers in 112 bytes (1 switches on core 0) [pid: 8|app: 0|req: 371/741] 199.204.45.113 () {34 vars in 1079 bytes} [Thu Jul 16 17:09:11 2026] GET /v2.0/ports?tenant_id=28c981f890904271a63f73f73f6b7530&device_id=7ff303b8-e5e9-4ea3-9f98-8134080e2f03 => generated 1233 bytes in 61 msecs (HTTP/1.1 200) 4 headers in 158 bytes (1 switches on core 0) [pid: 8|app: 0|req: 372/742] 10.0.0.184 () {34 vars in 1069 bytes} [Thu Jul 16 17:09:11 2026] GET /v2.0/ports?fields=security_groups&fields=device_id&device_id=7ff303b8-e5e9-4ea3-9f98-8134080e2f03 => generated 123 bytes in 37 msecs (HTTP/1.1 200) 4 headers in 157 bytes (1 switches on core 0)
2026-07-16 17:09:11.970 7 INFO neutron.plugins.ml2.drivers.ovn.mech_driver.ovsdb.ovsdb_monitor [None req-6cbe3765-d4e3-412c-930b-00d7db8eed98 - - - - - -] Router 80868c29-9528-465d-ad7f-3641ea50deca is bound to host instance
2026-07-16 17:09:12.038 7 INFO neutron.db.ovn_revision_numbers_db [None req-f51d8614-9a4e-4ca2-8885-7f252c50e7e2 2c50500a55254b52b74ffcb73d7a9e65 7fc8011fb237401f903b73b6babb9adc - - default default] Successfully bumped revision number for resource a60bef10-459b-4632-be43-aa6c09024eb3 (type: router_ports) to 1
2026-07-16 17:09:12.039 8 INFO neutron.plugins.ml2.drivers.ovn.mech_driver.mech_driver [None req-c727a369-6350-485b-a6cb-804a09da9f03 - - - - - -] OVN reports status up for port: a60bef10-459b-4632-be43-aa6c09024eb3
2026-07-16 17:09:12.067 8 INFO neutron.plugins.ml2.plugin [None req-c727a369-6350-485b-a6cb-804a09da9f03 - - - - - -] Attempt 1 to provision port a60bef10-459b-4632-be43-aa6c09024eb3
2026-07-16 17:09:12.132 8 INFO neutron.db.ovn_revision_numbers_db [None req-c363a266-11c0-4d94-8d01-294e404c4d88 2c50500a55254b52b74ffcb73d7a9e65 7fc8011fb237401f903b73b6babb9adc - - default default] Successfully bumped revision number for resource 9bc22413-3ea1-4471-b5dd-27b2fe3cfa29 (type: security_groups) to 1
2026-07-16 17:09:12.161 8 INFO neutron.db.ovn_revision_numbers_db [None req-c363a266-11c0-4d94-8d01-294e404c4d88 2c50500a55254b52b74ffcb73d7a9e65 7fc8011fb237401f903b73b6babb9adc - - default default] Successfully bumped revision number for resource 2814788f-c6e6-4576-955e-5fd7e10b1487 (type: security_group_rules) to 0
2026-07-16 17:09:12.189 8 INFO neutron.db.ovn_revision_numbers_db [None req-c363a266-11c0-4d94-8d01-294e404c4d88 2c50500a55254b52b74ffcb73d7a9e65 7fc8011fb237401f903b73b6babb9adc - - default default] Successfully bumped revision number for resource 58ec082e-d790-479b-9e65-8101a361a4d5 (type: security_group_rules) to 0
2026-07-16 17:09:12.201 7 INFO neutron.db.ovn_revision_numbers_db [None req-f51d8614-9a4e-4ca2-8885-7f252c50e7e2 2c50500a55254b52b74ffcb73d7a9e65 7fc8011fb237401f903b73b6babb9adc - - default default] Successfully bumped revision number for resource 80868c29-9528-465d-ad7f-3641ea50deca (type: routers) to 2
2026-07-16 17:09:12.205 8 INFO neutron.db.ovn_revision_numbers_db [None req-c363a266-11c0-4d94-8d01-294e404c4d88 2c50500a55254b52b74ffcb73d7a9e65 7fc8011fb237401f903b73b6babb9adc - - default default] Successfully bumped revision number for resource aab15b83-365f-40c0-bec2-a77994684879 (type: security_group_rules) to 0
2026-07-16 17:09:12.223 8 INFO neutron.db.ovn_revision_numbers_db [None req-c363a266-11c0-4d94-8d01-294e404c4d88 2c50500a55254b52b74ffcb73d7a9e65 7fc8011fb237401f903b73b6babb9adc - - default default] Successfully bumped revision number for resource d533d47f-40dc-4a2d-aaf1-9b75d3177a88 (type: security_group_rules) to 0 [pid: 7|app: 0|req: 371/743] 10.0.0.23 () {34 vars in 667 bytes} [Thu Jul 16 17:09:10 2026] POST /v2.0/routers => generated 993 bytes in 1519 msecs (HTTP/1.1 201) 4 headers in 162 bytes (1 switches on core 0)
2026-07-16 17:09:12.301 8 INFO neutron.db.segments_db [None req-c363a266-11c0-4d94-8d01-294e404c4d88 2c50500a55254b52b74ffcb73d7a9e65 7fc8011fb237401f903b73b6babb9adc - - default default] Added segment 40bb306b-9fa0-466f-a633-8a25f5707e76 of type geneve for network df26ad51-ad23-4c05-8c7e-3caa55d2ac6c [pid: 7|app: 0|req: 372/744] 199.204.45.113 () {34 vars in 1059 bytes} [Thu Jul 16 17:09:12 2026] GET /v2.0/floatingips?fixed_ip_address=10.100.0.14&port_id=f90f679f-592b-4617-86c6-7c14a05a69d2 => generated 19 bytes in 78 msecs (HTTP/1.1 200) 4 headers in 156 bytes (1 switches on core 0) [pid: 7|app: 0|req: 373/745] 10.0.0.184 () {34 vars in 1039 bytes} [Thu Jul 16 17:09:12 2026] GET /v2.0/security-groups?id=ed28ac30-9bc6-4f41-887e-7893eb68b5e4&fields=id&fields=name => generated 111 bytes in 79 msecs (HTTP/1.1 200) 4 headers in 157 bytes (1 switches on core 0)
2026-07-16 17:09:12.413 8 INFO neutron.db.ovn_revision_numbers_db [None req-c363a266-11c0-4d94-8d01-294e404c4d88 2c50500a55254b52b74ffcb73d7a9e65 7fc8011fb237401f903b73b6babb9adc - - default default] Successfully bumped revision number for resource df26ad51-ad23-4c05-8c7e-3caa55d2ac6c (type: networks) to 1
2026-07-16 17:09:12.415 7 WARNING neutron.db.securitygroups_db [None req-76f26681-4dcb-40e9-9d3c-cf655273a2fa 2c50500a55254b52b74ffcb73d7a9e65 7fc8011fb237401f903b73b6babb9adc - - default default] project_id key not found in filters, using tenant_id instead. This support has been deprecated and will be removed in a future release.
2026-07-16 17:09:12.574 8 WARNING neutron.scheduler.dhcp_agent_scheduler [None req-c363a266-11c0-4d94-8d01-294e404c4d88 2c50500a55254b52b74ffcb73d7a9e65 7fc8011fb237401f903b73b6babb9adc - - default default] No more DHCP agents
2026-07-16 17:09:12.575 8 WARNING neutron.api.rpc.agentnotifiers.dhcp_rpc_agent_api [None req-c363a266-11c0-4d94-8d01-294e404c4d88 2c50500a55254b52b74ffcb73d7a9e65 7fc8011fb237401f903b73b6babb9adc - - default default] Unable to schedule network df26ad51-ad23-4c05-8c7e-3caa55d2ac6c: no agents available; will retry on subsequent port and subnet creation events.
2026-07-16 17:09:12.685 8 INFO neutron.db.ovn_revision_numbers_db [None req-c363a266-11c0-4d94-8d01-294e404c4d88 2c50500a55254b52b74ffcb73d7a9e65 7fc8011fb237401f903b73b6babb9adc - - default default] Successfully bumped revision number for resource 020e4e7f-9dc1-455a-bc10-5a0f2ca4f442 (type: ports) to 1
2026-07-16 17:09:12.693 7 INFO neutron.db.ovn_revision_numbers_db [None req-76f26681-4dcb-40e9-9d3c-cf655273a2fa 2c50500a55254b52b74ffcb73d7a9e65 7fc8011fb237401f903b73b6babb9adc - - default default] Successfully bumped revision number for resource b247e795-3dff-441e-9517-914582cc5c59 (type: security_groups) to 1 [pid: 8|app: 0|req: 373/746] 10.0.0.23 () {34 vars in 669 bytes} [Thu Jul 16 17:09:11 2026] POST /v2.0/networks => generated 792 bytes in 1005 msecs (HTTP/1.1 201) 4 headers in 162 bytes (1 switches on core 0)
2026-07-16 17:09:12.720 7 INFO neutron.db.ovn_revision_numbers_db [None req-76f26681-4dcb-40e9-9d3c-cf655273a2fa 2c50500a55254b52b74ffcb73d7a9e65 7fc8011fb237401f903b73b6babb9adc - - default default] Successfully bumped revision number for resource 171ec3ae-e16d-4d9b-abe0-0bd37e831040 (type: security_group_rules) to 0
2026-07-16 17:09:12.746 7 INFO neutron.db.ovn_revision_numbers_db [None req-76f26681-4dcb-40e9-9d3c-cf655273a2fa 2c50500a55254b52b74ffcb73d7a9e65 7fc8011fb237401f903b73b6babb9adc - - default default] Successfully bumped revision number for resource 58986c6d-671f-4798-a0bd-d29108f9522e (type: security_group_rules) to 0
2026-07-16 17:09:12.779 7 INFO neutron.db.ovn_revision_numbers_db [None req-76f26681-4dcb-40e9-9d3c-cf655273a2fa 2c50500a55254b52b74ffcb73d7a9e65 7fc8011fb237401f903b73b6babb9adc - - default default] Successfully bumped revision number for resource c864367b-8462-4f9e-bd1b-3bd7d4364d6c (type: security_group_rules) to 0
2026-07-16 17:09:12.802 7 INFO neutron.db.ovn_revision_numbers_db [None req-76f26681-4dcb-40e9-9d3c-cf655273a2fa 2c50500a55254b52b74ffcb73d7a9e65 7fc8011fb237401f903b73b6babb9adc - - default default] Successfully bumped revision number for resource f9c3f15f-0099-4332-9858-984842960ebc (type: security_group_rules) to 0 [pid: 7|app: 0|req: 374/747] 10.0.0.23 () {32 vars in 772 bytes} [Thu Jul 16 17:09:12 2026] GET /v2.0/security-groups?tenant_id=43b56d9c51f64fcf9a847f6f30be1bb6&name=default => generated 2925 bytes in 486 msecs (HTTP/1.1 200) 4 headers in 158 bytes (1 switches on core 0) [pid: 7|app: 0|req: 375/748] 199.204.45.113 () {34 vars in 983 bytes} [Thu Jul 16 17:09:12 2026] GET /v2.0/subnets?id=61ed8e15-9985-4a85-a290-6c8896ededc5 => generated 687 bytes in 67 msecs (HTTP/1.1 200) 4 headers in 157 bytes (1 switches on core 0)
2026-07-16 17:09:13.200 8 WARNING neutron.scheduler.dhcp_agent_scheduler [None req-f3927487-f062-4367-aaf8-596874728f3f 2c50500a55254b52b74ffcb73d7a9e65 7fc8011fb237401f903b73b6babb9adc - - default default] No more DHCP agents
2026-07-16 17:09:13.202 8 WARNING neutron.api.rpc.agentnotifiers.dhcp_rpc_agent_api [None req-f3927487-f062-4367-aaf8-596874728f3f 2c50500a55254b52b74ffcb73d7a9e65 7fc8011fb237401f903b73b6babb9adc - - default default] Unable to schedule network c910b8e0-4b81-440a-b409-9edd203748ad: no agents available; will retry on subsequent port and subnet creation events.
2026-07-16 17:09:13.254 7 WARNING neutron.scheduler.dhcp_agent_scheduler [None req-0da2d6b5-e6a3-4070-a48b-5bd5e46415db 2c50500a55254b52b74ffcb73d7a9e65 7fc8011fb237401f903b73b6babb9adc - - default default] No more DHCP agents
2026-07-16 17:09:13.258 7 WARNING neutron.api.rpc.agentnotifiers.dhcp_rpc_agent_api [None req-0da2d6b5-e6a3-4070-a48b-5bd5e46415db 2c50500a55254b52b74ffcb73d7a9e65 7fc8011fb237401f903b73b6babb9adc - - default default] Unable to schedule network df26ad51-ad23-4c05-8c7e-3caa55d2ac6c: no agents available; will retry on subsequent port and subnet creation events.
2026-07-16 17:09:13.392 8 INFO neutron.db.ovn_revision_numbers_db [None req-f3927487-f062-4367-aaf8-596874728f3f 2c50500a55254b52b74ffcb73d7a9e65 7fc8011fb237401f903b73b6babb9adc - - default default] Successfully bumped revision number for resource 8e7c047e-b15c-47bd-85a8-4358415809e9 (type: ports) to 1
2026-07-16 17:09:13.545 7 INFO neutron.db.ovn_revision_numbers_db [None req-eee4d5d7-9415-442f-9e7b-3d99c9083e98 - - - - - -] Successfully bumped revision number for resource a60bef10-459b-4632-be43-aa6c09024eb3 (type: ports) to 4
2026-07-16 17:09:14.096 8 WARNING neutron.scheduler.dhcp_agent_scheduler [None req-f3927487-f062-4367-aaf8-596874728f3f 2c50500a55254b52b74ffcb73d7a9e65 7fc8011fb237401f903b73b6babb9adc - - default default] No more DHCP agents
2026-07-16 17:09:14.116 8 WARNING neutron.api.rpc.agentnotifiers.dhcp_rpc_agent_api [None req-f3927487-f062-4367-aaf8-596874728f3f 2c50500a55254b52b74ffcb73d7a9e65 7fc8011fb237401f903b73b6babb9adc - - default default] Unable to schedule network c910b8e0-4b81-440a-b409-9edd203748ad: no agents available; will retry on subsequent port and subnet creation events.
2026-07-16 17:09:14.185 7 INFO neutron.db.ovn_revision_numbers_db [None req-eee4d5d7-9415-442f-9e7b-3d99c9083e98 - - - - - -] Successfully bumped revision number for resource a60bef10-459b-4632-be43-aa6c09024eb3 (type: ports) to 5
2026-07-16 17:09:14.199 7 INFO neutron.db.ovn_revision_numbers_db [None req-0da2d6b5-e6a3-4070-a48b-5bd5e46415db 2c50500a55254b52b74ffcb73d7a9e65 7fc8011fb237401f903b73b6babb9adc - - default default] Successfully bumped revision number for resource 020e4e7f-9dc1-455a-bc10-5a0f2ca4f442 (type: ports) to 2
2026-07-16 17:09:14.254 7 INFO neutron.db.ovn_revision_numbers_db [None req-0da2d6b5-e6a3-4070-a48b-5bd5e46415db 2c50500a55254b52b74ffcb73d7a9e65 7fc8011fb237401f903b73b6babb9adc - - default default] Successfully bumped revision number for resource a0b6e876-79f9-407f-b24e-97a398c9cce1 (type: subnets) to 0 [pid: 7|app: 0|req: 376/749] 10.0.0.23 () {34 vars in 667 bytes} [Thu Jul 16 17:09:12 2026] POST /v2.0/subnets => generated 698 bytes in 1337 msecs (HTTP/1.1 201) 4 headers in 162 bytes (1 switches on core 0)
2026-07-16 17:09:14.423 8 INFO neutron.plugins.ml2.drivers.ovn.mech_driver.mech_driver [None req-c727a369-6350-485b-a6cb-804a09da9f03 - - - - - -] OVN reports status down for port: 020e4e7f-9dc1-455a-bc10-5a0f2ca4f442 [pid: 7|app: 0|req: 377/750] 10.0.0.23 () {32 vars in 738 bytes} [Thu Jul 16 17:09:14 2026] DELETE /v2.0/security-groups/b247e795-3dff-441e-9517-914582cc5c59 => generated 0 bytes in 300 msecs (HTTP/1.1 204) 2 headers in 112 bytes (1 switches on core 0)
2026-07-16 17:09:14.611 8 INFO neutron.plugins.ml2.drivers.ovn.mech_driver.mech_driver [None req-c727a369-6350-485b-a6cb-804a09da9f03 - - - - - -] OVN reports status down for port: 8e7c047e-b15c-47bd-85a8-4358415809e9 [pid: 7|app: 0|req: 378/751] 199.204.45.113 () {34 vars in 1051 bytes} [Thu Jul 16 17:09:14 2026] GET /v2.0/ports?network_id=215b884c-f2bb-48d4-b8ca-bc329e1936f0&device_owner=network%3Adhcp => generated 12 bytes in 54 msecs (HTTP/1.1 200) 4 headers in 156 bytes (1 switches on core 0)
2026-07-16 17:09:14.747 7 INFO neutron.common.ovn.utils [None req-ab68571d-bed1-4674-8655-2b374fd34794 - - - - - -] HA Chassis Group neutron-c910b8e0-4b81-440a-b409-9edd203748ad synchronized; highest priority chassis 6e953b32-1cf0-4f1f-bdfe-3dd50c382435 [pid: 7|app: 0|req: 379/752] 10.0.0.184 () {34 vars in 1069 bytes} [Thu Jul 16 17:09:14 2026] GET /v2.0/ports?fields=security_groups&fields=device_id&device_id=7ff303b8-e5e9-4ea3-9f98-8134080e2f03 => generated 123 bytes in 124 msecs (HTTP/1.1 200) 4 headers in 157 bytes (1 switches on core 0)
2026-07-16 17:09:14.794 8 WARNING neutron.plugins.ml2.drivers.ovn.mech_driver.ovsdb.ovn_client [None req-c727a369-6350-485b-a6cb-804a09da9f03 - - - - - -] Logical_Switch_Port 8e7c047e-b15c-47bd-85a8-4358415809e9 host information not removed, the port state is up
2026-07-16 17:09:14.795 8 INFO neutron.plugins.ml2.drivers.ovn.mech_driver.mech_driver [None req-c727a369-6350-485b-a6cb-804a09da9f03 - - - - - -] OVN reports status up for port: 8e7c047e-b15c-47bd-85a8-4358415809e9
2026-07-16 17:09:14.827 8 INFO neutron.plugins.ml2.plugin [None req-c727a369-6350-485b-a6cb-804a09da9f03 - - - - - -] Attempt 1 to provision port 8e7c047e-b15c-47bd-85a8-4358415809e9
2026-07-16 17:09:14.848 8 INFO neutron.db.ovn_revision_numbers_db [None req-f3927487-f062-4367-aaf8-596874728f3f 2c50500a55254b52b74ffcb73d7a9e65 7fc8011fb237401f903b73b6babb9adc - - default default] Successfully bumped revision number for resource 8e7c047e-b15c-47bd-85a8-4358415809e9 (type: router_ports) to 1 [pid: 8|app: 0|req: 374/753] 10.0.0.23 () {34 vars in 781 bytes} [Thu Jul 16 17:09:12 2026] PUT /v2.0/routers/80868c29-9528-465d-ad7f-3641ea50deca/add_router_interface => generated 310 bytes in 2151 msecs (HTTP/1.1 200) 4 headers in 157 bytes (1 switches on core 0) [pid: 8|app: 0|req: 375/754] 199.204.45.113 () {34 vars in 1011 bytes} [Thu Jul 16 17:09:14 2026] GET /v2.0/networks/215b884c-f2bb-48d4-b8ca-bc329e1936f0?fields=segments => generated 14 bytes in 73 msecs (HTTP/1.1 200) 4 headers in 156 bytes (1 switches on core 0) [pid: 8|app: 0|req: 376/755] 10.0.0.184 () {34 vars in 1039 bytes} [Thu Jul 16 17:09:14 2026] GET /v2.0/security-groups?id=ed28ac30-9bc6-4f41-887e-7893eb68b5e4&fields=id&fields=name => generated 111 bytes in 67 msecs (HTTP/1.1 200) 4 headers in 157 bytes (1 switches on core 0) [pid: 8|app: 0|req: 377/756] 199.204.45.113 () {34 vars in 1111 bytes} [Thu Jul 16 17:09:14 2026] GET /v2.0/networks/215b884c-f2bb-48d4-b8ca-bc329e1936f0?fields=provider%3Aphysical_network&fields=provider%3Anetwork_type => generated 79 bytes in 93 msecs (HTTP/1.1 200) 4 headers in 156 bytes (1 switches on core 0)
2026-07-16 17:09:15.218 7 WARNING neutron.scheduler.dhcp_agent_scheduler [None req-06cabff3-5188-4cf5-9c36-9448d537d595 2c50500a55254b52b74ffcb73d7a9e65 7fc8011fb237401f903b73b6babb9adc - - default default] No more DHCP agents
2026-07-16 17:09:15.221 7 WARNING neutron.api.rpc.agentnotifiers.dhcp_rpc_agent_api [None req-06cabff3-5188-4cf5-9c36-9448d537d595 2c50500a55254b52b74ffcb73d7a9e65 7fc8011fb237401f903b73b6babb9adc - - default default] Unable to schedule network 45c1a10d-ecd0-472f-8718-715f3f08b286: no agents available; will retry on subsequent port and subnet creation events.
2026-07-16 17:09:15.406 7 INFO neutron.db.ovn_revision_numbers_db [None req-06cabff3-5188-4cf5-9c36-9448d537d595 2c50500a55254b52b74ffcb73d7a9e65 7fc8011fb237401f903b73b6babb9adc - - default default] Successfully bumped revision number for resource 8bde18b6-565f-4625-a1de-833ce9957b1b (type: ports) to 1
2026-07-16 17:09:15.479 8 INFO neutron.db.ovn_revision_numbers_db [None req-c727a369-6350-485b-a6cb-804a09da9f03 - - - - - -] Successfully bumped revision number for resource 8e7c047e-b15c-47bd-85a8-4358415809e9 (type: ports) to 2
2026-07-16 17:09:15.691 8 INFO neutron.db.ovn_revision_numbers_db [None req-7a875541-e325-4580-be09-618ac720aacd b158ce36aacb4b0b87e0a9c3f7dce320 5848d6c4bee240a6b1bdc3dfbaa2bd32 - - default default] Successfully bumped revision number for resource ae437b69-3739-4789-bba8-30a46c3a19aa (type: security_groups) to 1
2026-07-16 17:09:15.722 8 INFO neutron.db.ovn_revision_numbers_db [None req-7a875541-e325-4580-be09-618ac720aacd b158ce36aacb4b0b87e0a9c3f7dce320 5848d6c4bee240a6b1bdc3dfbaa2bd32 - - default default] Successfully bumped revision number for resource 3f11ce62-bfcb-46d3-b625-34ff360dae72 (type: security_group_rules) to 0
2026-07-16 17:09:15.744 8 INFO neutron.db.ovn_revision_numbers_db [None req-7a875541-e325-4580-be09-618ac720aacd b158ce36aacb4b0b87e0a9c3f7dce320 5848d6c4bee240a6b1bdc3dfbaa2bd32 - - default default] Successfully bumped revision number for resource e0a1b5ac-5185-440f-9df5-5db5d95c58a8 (type: security_group_rules) to 0 [pid: 8|app: 0|req: 378/757] 10.0.0.23 () {34 vars in 683 bytes} [Thu Jul 16 17:09:15 2026] POST /v2.0/security-groups => generated 1659 bytes in 289 msecs (HTTP/1.1 201) 4 headers in 163 bytes (1 switches on core 0)
2026-07-16 17:09:15.915 8 INFO neutron.db.ovn_revision_numbers_db [None req-126c2ffc-09b9-4e85-87ea-8d88af111612 b158ce36aacb4b0b87e0a9c3f7dce320 5848d6c4bee240a6b1bdc3dfbaa2bd32 - - default default] Successfully bumped revision number for resource 622c5053-bd5f-41c4-98a7-5578bd398b54 (type: security_group_rules) to 0 [pid: 8|app: 0|req: 379/758] 10.0.0.23 () {34 vars in 693 bytes} [Thu Jul 16 17:09:15 2026] POST /v2.0/security-group-rules => generated 597 bytes in 175 msecs (HTTP/1.1 201) 4 headers in 162 bytes (1 switches on core 0)
2026-07-16 17:09:16.146 7 INFO neutron.db.ovn_revision_numbers_db [None req-06cabff3-5188-4cf5-9c36-9448d537d595 2c50500a55254b52b74ffcb73d7a9e65 7fc8011fb237401f903b73b6babb9adc - - default default] Successfully bumped revision number for resource 8bde18b6-565f-4625-a1de-833ce9957b1b (type: router_ports) to 1
2026-07-16 17:09:16.155 8 INFO neutron.plugins.ml2.drivers.ovn.mech_driver.ovsdb.ovsdb_monitor [None req-0a7726ae-6e27-455f-aafd-2ef83be2b457 - - - - - -] Router 2af4baa8-43c2-4ec1-8a46-af80f11368ed is bound to host instance
2026-07-16 17:09:16.242 8 INFO neutron.db.ovn_revision_numbers_db [None req-cd68b7d0-0904-4f22-9038-778804320620 b158ce36aacb4b0b87e0a9c3f7dce320 5848d6c4bee240a6b1bdc3dfbaa2bd32 - - default default] Successfully bumped revision number for resource 84f140d5-e1a7-4265-adc9-81f329474cd6 (type: security_group_rules) to 0
2026-07-16 17:09:16.263 7 INFO neutron.db.ovn_revision_numbers_db [None req-06cabff3-5188-4cf5-9c36-9448d537d595 2c50500a55254b52b74ffcb73d7a9e65 7fc8011fb237401f903b73b6babb9adc - - default default] Successfully bumped revision number for resource 2af4baa8-43c2-4ec1-8a46-af80f11368ed (type: routers) to 2 [pid: 7|app: 0|req: 380/759] 10.0.0.23 () {34 vars in 667 bytes} [Thu Jul 16 17:09:14 2026] POST /v2.0/routers => generated 997 bytes in 1520 msecs (HTTP/1.1 201) 4 headers in 162 bytes (1 switches on core 0) [pid: 8|app: 0|req: 380/760] 10.0.0.23 () {34 vars in 693 bytes} [Thu Jul 16 17:09:15 2026] POST /v2.0/security-group-rules => generated 602 bytes in 354 msecs (HTTP/1.1 201) 4 headers in 162 bytes (1 switches on core 0) [pid: 7|app: 0|req: 381/761] 10.0.0.184 () {34 vars in 1069 bytes} [Thu Jul 16 17:09:16 2026] GET /v2.0/ports?fields=security_groups&fields=device_id&device_id=7ff303b8-e5e9-4ea3-9f98-8134080e2f03 => generated 123 bytes in 55 msecs (HTTP/1.1 200) 4 headers in 157 bytes (1 switches on core 0) [pid: 8|app: 0|req: 381/762] 199.204.45.113 () {34 vars in 1079 bytes} [Thu Jul 16 17:09:16 2026] GET /v2.0/ports?tenant_id=28c981f890904271a63f73f73f6b7530&device_id=7ff303b8-e5e9-4ea3-9f98-8134080e2f03 => generated 1233 bytes in 82 msecs (HTTP/1.1 200) 4 headers in 158 bytes (1 switches on core 0)
2026-07-16 17:09:16.886 7 WARNING neutron.scheduler.dhcp_agent_scheduler [None req-0d6f695f-b916-4794-946a-2bf9f9bb6339 2c50500a55254b52b74ffcb73d7a9e65 7fc8011fb237401f903b73b6babb9adc - - default default] No more DHCP agents
2026-07-16 17:09:16.888 7 WARNING neutron.api.rpc.agentnotifiers.dhcp_rpc_agent_api [None req-0d6f695f-b916-4794-946a-2bf9f9bb6339 2c50500a55254b52b74ffcb73d7a9e65 7fc8011fb237401f903b73b6babb9adc - - default default] Unable to schedule network df26ad51-ad23-4c05-8c7e-3caa55d2ac6c: no agents available; will retry on subsequent port and subnet creation events.
2026-07-16 17:09:16.942 8 WARNING neutron.scheduler.dhcp_agent_scheduler [None req-7de3491f-3b93-409f-9a1f-70ba957d33e2 b158ce36aacb4b0b87e0a9c3f7dce320 5848d6c4bee240a6b1bdc3dfbaa2bd32 - - default default] No more DHCP agents
2026-07-16 17:09:16.945 8 WARNING neutron.api.rpc.agentnotifiers.dhcp_rpc_agent_api [None req-7de3491f-3b93-409f-9a1f-70ba957d33e2 b158ce36aacb4b0b87e0a9c3f7dce320 5848d6c4bee240a6b1bdc3dfbaa2bd32 - - default default] Unable to schedule network 45c1a10d-ecd0-472f-8718-715f3f08b286: no agents available; will retry on subsequent port and subnet creation events.
2026-07-16 17:09:17.046 7 INFO neutron.db.ovn_revision_numbers_db [None req-0d6f695f-b916-4794-946a-2bf9f9bb6339 2c50500a55254b52b74ffcb73d7a9e65 7fc8011fb237401f903b73b6babb9adc - - default default] Successfully bumped revision number for resource c41eb0f7-c7a9-48f2-b54f-233c0c2e00d7 (type: ports) to 1 [pid: 8|app: 0|req: 382/763] 10.0.0.23 () {34 vars in 674 bytes} [Thu Jul 16 17:09:16 2026] POST /v2.0/floatingips => generated 552 bytes in 1223 msecs (HTTP/1.1 201) 4 headers in 162 bytes (1 switches on core 0) [pid: 8|app: 0|req: 383/764] 10.0.0.184 () {34 vars in 1039 bytes} [Thu Jul 16 17:09:17 2026] GET /v2.0/security-groups?id=ed28ac30-9bc6-4f41-887e-7893eb68b5e4&fields=id&fields=name => generated 111 bytes in 68 msecs (HTTP/1.1 200) 4 headers in 157 bytes (1 switches on core 0) [pid: 8|app: 0|req: 384/765] 199.204.45.113 () {34 vars in 985 bytes} [Thu Jul 16 17:09:17 2026] GET /v2.0/networks?id=215b884c-f2bb-48d4-b8ca-bc329e1936f0 => generated 806 bytes in 146 msecs (HTTP/1.1 200) 4 headers in 157 bytes (1 switches on core 0)
2026-07-16 17:09:17.891 7 WARNING neutron.scheduler.dhcp_agent_scheduler [None req-0d6f695f-b916-4794-946a-2bf9f9bb6339 2c50500a55254b52b74ffcb73d7a9e65 7fc8011fb237401f903b73b6babb9adc - - default default] No more DHCP agents
2026-07-16 17:09:17.893 7 WARNING neutron.api.rpc.agentnotifiers.dhcp_rpc_agent_api [None req-0d6f695f-b916-4794-946a-2bf9f9bb6339 2c50500a55254b52b74ffcb73d7a9e65 7fc8011fb237401f903b73b6babb9adc - - default default] Unable to schedule network df26ad51-ad23-4c05-8c7e-3caa55d2ac6c: no agents available; will retry on subsequent port and subnet creation events. [pid: 8|app: 0|req: 385/766] 199.204.45.113 () {34 vars in 1059 bytes} [Thu Jul 16 17:09:17 2026] GET /v2.0/floatingips?fixed_ip_address=10.100.0.14&port_id=f90f679f-592b-4617-86c6-7c14a05a69d2 => generated 19 bytes in 120 msecs (HTTP/1.1 200) 4 headers in 156 bytes (1 switches on core 0)
2026-07-16 17:09:18.039 8 INFO neutron.db.ovn_revision_numbers_db [None req-1405d798-42fd-4bda-92a3-f8a0699517dd - - - - - -] Successfully bumped revision number for resource 8bde18b6-565f-4625-a1de-833ce9957b1b (type: ports) to 4 [pid: 8|app: 0|req: 386/767] 199.204.45.113 () {34 vars in 983 bytes} [Thu Jul 16 17:09:17 2026] GET /v2.0/subnets?id=61ed8e15-9985-4a85-a290-6c8896ededc5 => generated 687 bytes in 61 msecs (HTTP/1.1 200) 4 headers in 157 bytes (1 switches on core 0) [pid: 8|app: 0|req: 387/768] 199.204.45.113 () {34 vars in 1051 bytes} [Thu Jul 16 17:09:18 2026] GET /v2.0/ports?network_id=215b884c-f2bb-48d4-b8ca-bc329e1936f0&device_owner=network%3Adhcp => generated 12 bytes in 74 msecs (HTTP/1.1 200) 4 headers in 156 bytes (1 switches on core 0) [pid: 8|app: 0|req: 388/769] 199.204.45.113 () {34 vars in 1011 bytes} [Thu Jul 16 17:09:18 2026] GET /v2.0/networks/215b884c-f2bb-48d4-b8ca-bc329e1936f0?fields=segments => generated 14 bytes in 111 msecs (HTTP/1.1 200) 4 headers in 156 bytes (1 switches on core 0)
2026-07-16 17:09:18.390 7 INFO neutron.db.ovn_revision_numbers_db [None req-0d6f695f-b916-4794-946a-2bf9f9bb6339 2c50500a55254b52b74ffcb73d7a9e65 7fc8011fb237401f903b73b6babb9adc - - default default] Successfully bumped revision number for resource c41eb0f7-c7a9-48f2-b54f-233c0c2e00d7 (type: router_ports) to 1 [pid: 7|app: 0|req: 382/770] 10.0.0.23 () {34 vars in 781 bytes} [Thu Jul 16 17:09:16 2026] PUT /v2.0/routers/2af4baa8-43c2-4ec1-8a46-af80f11368ed/add_router_interface => generated 310 bytes in 2046 msecs (HTTP/1.1 200) 4 headers in 157 bytes (1 switches on core 0) [pid: 8|app: 0|req: 389/771] 199.204.45.113 () {34 vars in 1111 bytes} [Thu Jul 16 17:09:18 2026] GET /v2.0/networks/215b884c-f2bb-48d4-b8ca-bc329e1936f0?fields=provider%3Aphysical_network&fields=provider%3Anetwork_type => generated 79 bytes in 250 msecs (HTTP/1.1 200) 4 headers in 156 bytes (1 switches on core 0)
2026-07-16 17:09:18.665 8 INFO neutron.db.ovn_revision_numbers_db [None req-1405d798-42fd-4bda-92a3-f8a0699517dd - - - - - -] Successfully bumped revision number for resource 8bde18b6-565f-4625-a1de-833ce9957b1b (type: ports) to 5
2026-07-16 17:09:18.826 7 WARNING neutron.db.securitygroups_db [None req-4b8c7b1e-6d3f-4923-8346-e5b1df087822 2c50500a55254b52b74ffcb73d7a9e65 7fc8011fb237401f903b73b6babb9adc - - default default] project_id key not found in filters, using tenant_id instead. This support has been deprecated and will be removed in a future release. [pid: 8|app: 0|req: 390/772] 10.0.0.184 () {34 vars in 1069 bytes} [Thu Jul 16 17:09:18 2026] GET /v2.0/ports?fields=security_groups&fields=device_id&device_id=7ff303b8-e5e9-4ea3-9f98-8134080e2f03 => generated 123 bytes in 118 msecs (HTTP/1.1 200) 4 headers in 157 bytes (1 switches on core 0)
2026-07-16 17:09:18.980 7 INFO neutron.db.ovn_revision_numbers_db [None req-4b8c7b1e-6d3f-4923-8346-e5b1df087822 2c50500a55254b52b74ffcb73d7a9e65 7fc8011fb237401f903b73b6babb9adc - - default default] Successfully bumped revision number for resource 63da0524-ee9a-40b4-9576-cfc947c41525 (type: security_groups) to 1 [pid: 8|app: 0|req: 391/773] 10.0.0.184 () {34 vars in 1039 bytes} [Thu Jul 16 17:09:18 2026] GET /v2.0/security-groups?id=ed28ac30-9bc6-4f41-887e-7893eb68b5e4&fields=id&fields=name => generated 111 bytes in 59 msecs (HTTP/1.1 200) 4 headers in 157 bytes (1 switches on core 0)
2026-07-16 17:09:18.993 7 INFO neutron.db.ovn_revision_numbers_db [None req-4b8c7b1e-6d3f-4923-8346-e5b1df087822 2c50500a55254b52b74ffcb73d7a9e65 7fc8011fb237401f903b73b6babb9adc - - default default] Successfully bumped revision number for resource 58fc710c-6035-41c6-b03b-92bdebe0766e (type: security_group_rules) to 0
2026-07-16 17:09:19.010 7 INFO neutron.db.ovn_revision_numbers_db [None req-4b8c7b1e-6d3f-4923-8346-e5b1df087822 2c50500a55254b52b74ffcb73d7a9e65 7fc8011fb237401f903b73b6babb9adc - - default default] Successfully bumped revision number for resource 895f5b6b-c6ab-4b72-bf6a-c4e200ae5bfc (type: security_group_rules) to 0
2026-07-16 17:09:19.027 7 INFO neutron.db.ovn_revision_numbers_db [None req-4b8c7b1e-6d3f-4923-8346-e5b1df087822 2c50500a55254b52b74ffcb73d7a9e65 7fc8011fb237401f903b73b6babb9adc - - default default] Successfully bumped revision number for resource c06bad60-cf71-495f-93a9-731c95657aeb (type: security_group_rules) to 0
2026-07-16 17:09:19.045 7 INFO neutron.db.ovn_revision_numbers_db [None req-4b8c7b1e-6d3f-4923-8346-e5b1df087822 2c50500a55254b52b74ffcb73d7a9e65 7fc8011fb237401f903b73b6babb9adc - - default default] Successfully bumped revision number for resource ea70cb08-fbed-4bba-a4bb-e5d4a0daf664 (type: security_group_rules) to 0 [pid: 7|app: 0|req: 383/774] 10.0.0.23 () {32 vars in 772 bytes} [Thu Jul 16 17:09:18 2026] GET /v2.0/security-groups?tenant_id=18783e3ed4594343814f924b5e4a428b&name=default => generated 2925 bytes in 428 msecs (HTTP/1.1 200) 4 headers in 158 bytes (1 switches on core 0)
2026-07-16 17:09:19.169 8 INFO neutron.db.ovn_revision_numbers_db [None req-f3339808-b7e3-48f7-a9bd-309b7451723a 1c2b0a42ee9747cb8a3875290bed50c7 d0c8a822e60349688483868bf82b2f46 - - default default] Successfully bumped revision number for resource 9c1497d1-0cc3-4ea1-b265-a20a05030301 (type: security_groups) to 1
2026-07-16 17:09:19.184 8 INFO neutron.db.ovn_revision_numbers_db [None req-f3339808-b7e3-48f7-a9bd-309b7451723a 1c2b0a42ee9747cb8a3875290bed50c7 d0c8a822e60349688483868bf82b2f46 - - default default] Successfully bumped revision number for resource 41853160-af12-44ab-9e5e-5141b26d1492 (type: security_group_rules) to 0
2026-07-16 17:09:19.198 8 INFO neutron.db.ovn_revision_numbers_db [None req-f3339808-b7e3-48f7-a9bd-309b7451723a 1c2b0a42ee9747cb8a3875290bed50c7 d0c8a822e60349688483868bf82b2f46 - - default default] Successfully bumped revision number for resource e66a0360-6f4c-4591-b88b-fdb08710ea39 (type: security_group_rules) to 0 [pid: 8|app: 0|req: 392/775] 10.0.0.23 () {34 vars in 683 bytes} [Thu Jul 16 17:09:19 2026] POST /v2.0/security-groups => generated 1661 bytes in 204 msecs (HTTP/1.1 201) 4 headers in 163 bytes (1 switches on core 0) [pid: 7|app: 0|req: 384/776] 10.0.0.23 () {32 vars in 738 bytes} [Thu Jul 16 17:09:19 2026] DELETE /v2.0/security-groups/63da0524-ee9a-40b4-9576-cfc947c41525 => generated 0 bytes in 252 msecs (HTTP/1.1 204) 2 headers in 112 bytes (1 switches on core 0) [pid: 7|app: 0|req: 385/777] 199.204.45.113 () {34 vars in 993 bytes} [Thu Jul 16 17:09:19 2026] GET /v2.0/ports?device_id=7ff303b8-e5e9-4ea3-9f98-8134080e2f03 => generated 973 bytes in 33 msecs (HTTP/1.1 200) 4 headers in 157 bytes (1 switches on core 0)
2026-07-16 17:09:19.403 8 INFO neutron.db.ovn_revision_numbers_db [None req-b8089b86-fecd-400f-ae09-6b8a32896dbc 1c2b0a42ee9747cb8a3875290bed50c7 d0c8a822e60349688483868bf82b2f46 - - default default] Successfully bumped revision number for resource 1a694176-cb47-46b4-9648-cbc3498c0ebb (type: security_group_rules) to 0 [pid: 8|app: 0|req: 393/778] 10.0.0.23 () {34 vars in 693 bytes} [Thu Jul 16 17:09:19 2026] POST /v2.0/security-group-rules => generated 597 bytes in 188 msecs (HTTP/1.1 201) 4 headers in 162 bytes (1 switches on core 0)
2026-07-16 17:09:19.585 8 INFO neutron.db.ovn_revision_numbers_db [None req-5ae6b107-96d3-4bcd-8c8f-890e1f9a5227 1c2b0a42ee9747cb8a3875290bed50c7 d0c8a822e60349688483868bf82b2f46 - - default default] Successfully bumped revision number for resource aa699f47-f0d4-4ea2-8cf5-6a5c7a232a5a (type: security_group_rules) to 0
2026-07-16 17:09:19.593 7 INFO neutron_taas.services.taas.taas_plugin [req-972ab3ba-9c1c-41f2-97d1-3fa46e17bee3 req-f9983198-5567-4452-93c4-6f6019d44c5b 39fe31e46dc449a4bc553c99c3d35acf 28c981f890904271a63f73f73f6b7530 - - default default] TaaS: Handle Delete Port: f90f679f-592b-4617-86c6-7c14a05a69d2
2026-07-16 17:09:19.599 7 INFO neutron_taas.services.taas.tap_mirror_plugin [req-972ab3ba-9c1c-41f2-97d1-3fa46e17bee3 req-f9983198-5567-4452-93c4-6f6019d44c5b 39fe31e46dc449a4bc553c99c3d35acf 28c981f890904271a63f73f73f6b7530 - - default default] Tap Mirror: Handle Delete Port: f90f679f-592b-4617-86c6-7c14a05a69d2 [pid: 8|app: 0|req: 394/779] 10.0.0.23 () {34 vars in 693 bytes} [Thu Jul 16 17:09:19 2026] POST /v2.0/security-group-rules => generated 602 bytes in 170 msecs (HTTP/1.1 201) 4 headers in 162 bytes (1 switches on core 0)
2026-07-16 17:09:19.624 8 WARNING neutron.db.securitygroups_db [None req-224f1d9f-03e5-40bc-93dc-580134c29f38 2c50500a55254b52b74ffcb73d7a9e65 7fc8011fb237401f903b73b6babb9adc - - default default] project_id key not found in filters, using tenant_id instead. This support has been deprecated and will be removed in a future release.
2026-07-16 17:09:19.746 8 INFO neutron.db.ovn_revision_numbers_db [None req-224f1d9f-03e5-40bc-93dc-580134c29f38 2c50500a55254b52b74ffcb73d7a9e65 7fc8011fb237401f903b73b6babb9adc - - default default] Successfully bumped revision number for resource 23e1bc0c-744a-4bc4-8da8-730ea9c523b2 (type: security_groups) to 1
2026-07-16 17:09:19.757 8 INFO neutron.db.ovn_revision_numbers_db [None req-224f1d9f-03e5-40bc-93dc-580134c29f38 2c50500a55254b52b74ffcb73d7a9e65 7fc8011fb237401f903b73b6babb9adc - - default default] Successfully bumped revision number for resource 730eeedc-781e-463a-ba35-51bfa9a1de6e (type: security_group_rules) to 0
2026-07-16 17:09:19.779 8 INFO neutron.db.ovn_revision_numbers_db [None req-224f1d9f-03e5-40bc-93dc-580134c29f38 2c50500a55254b52b74ffcb73d7a9e65 7fc8011fb237401f903b73b6babb9adc - - default default] Successfully bumped revision number for resource 9b31f9f4-ddfb-4a4f-bc2b-bda771452981 (type: security_group_rules) to 0
2026-07-16 17:09:19.801 8 INFO neutron.db.ovn_revision_numbers_db [None req-224f1d9f-03e5-40bc-93dc-580134c29f38 2c50500a55254b52b74ffcb73d7a9e65 7fc8011fb237401f903b73b6babb9adc - - default default] Successfully bumped revision number for resource abd98624-46ba-4c28-9efd-ea2223f1e01e (type: security_group_rules) to 0 [pid: 7|app: 0|req: 386/780] 199.204.45.113 () {36 vars in 996 bytes} [Thu Jul 16 17:09:19 2026] DELETE /v2.0/ports/f90f679f-592b-4617-86c6-7c14a05a69d2 => generated 0 bytes in 418 msecs (HTTP/1.1 204) 3 headers in 131 bytes (1 switches on core 0)
2026-07-16 17:09:19.816 8 INFO neutron.db.ovn_revision_numbers_db [None req-224f1d9f-03e5-40bc-93dc-580134c29f38 2c50500a55254b52b74ffcb73d7a9e65 7fc8011fb237401f903b73b6babb9adc - - default default] Successfully bumped revision number for resource c203313f-c3de-47dc-9f24-10d306733cda (type: security_group_rules) to 0
2026-07-16 17:09:19.855 7 WARNING neutron.notifiers.nova [-] Nova event matching ['req-e10daa3c-36f9-4edb-9901-cb36aac6f900']: {'server_uuid': '7ff303b8-e5e9-4ea3-9f98-8134080e2f03', 'name': 'network-vif-deleted', 'tag': 'f90f679f-592b-4617-86c6-7c14a05a69d2', 'status': 'failed', 'code': 422} returned with failed status [pid: 8|app: 0|req: 395/781] 10.0.0.23 () {32 vars in 772 bytes} [Thu Jul 16 17:09:19 2026] GET /v2.0/security-groups?tenant_id=af440f04451a4d99acb96f6691ecc491&name=default => generated 2925 bytes in 256 msecs (HTTP/1.1 200) 4 headers in 158 bytes (1 switches on core 0) [pid: 8|app: 0|req: 396/782] 10.0.0.23 () {32 vars in 738 bytes} [Thu Jul 16 17:09:19 2026] DELETE /v2.0/security-groups/23e1bc0c-744a-4bc4-8da8-730ea9c523b2 => generated 0 bytes in 194 msecs (HTTP/1.1 204) 2 headers in 112 bytes (1 switches on core 0)
2026-07-16 17:09:20.078 7 WARNING neutron.scheduler.dhcp_agent_scheduler [None req-175e3a02-c689-41bf-ae75-eea2ac1529f2 1c2b0a42ee9747cb8a3875290bed50c7 d0c8a822e60349688483868bf82b2f46 - - default default] No more DHCP agents
2026-07-16 17:09:20.081 7 WARNING neutron.api.rpc.agentnotifiers.dhcp_rpc_agent_api [None req-175e3a02-c689-41bf-ae75-eea2ac1529f2 1c2b0a42ee9747cb8a3875290bed50c7 d0c8a822e60349688483868bf82b2f46 - - default default] Unable to schedule network 45c1a10d-ecd0-472f-8718-715f3f08b286: no agents available; will retry on subsequent port and subnet creation events. [pid: 8|app: 0|req: 397/783] 10.0.0.184 () {34 vars in 1069 bytes} [Thu Jul 16 17:09:20 2026] GET /v2.0/ports?fields=security_groups&fields=device_id&device_id=7ff303b8-e5e9-4ea3-9f98-8134080e2f03 => generated 12 bytes in 20 msecs (HTTP/1.1 200) 4 headers in 156 bytes (1 switches on core 0) [pid: 7|app: 0|req: 387/784] 10.0.0.23 () {34 vars in 674 bytes} [Thu Jul 16 17:09:19 2026] POST /v2.0/floatingips => generated 552 bytes in 636 msecs (HTTP/1.1 201) 4 headers in 162 bytes (1 switches on core 0)
2026-07-16 17:09:20.767 8 WARNING neutron.plugins.ml2.drivers.ovn.mech_driver.ovsdb.ovn_client [None req-fb937e7e-5a31-4560-8de0-7b7cba6d2e3e - - - - - -] No hosting information found for port 8e7c047e-b15c-47bd-85a8-4358415809e9: RuntimeError: No hosting information found for port 8e7c047e-b15c-47bd-85a8-4358415809e9
2026-07-16 17:09:20.900 8 INFO neutron.db.ovn_revision_numbers_db [None req-fb937e7e-5a31-4560-8de0-7b7cba6d2e3e - - - - - -] Successfully bumped revision number for resource 8e7c047e-b15c-47bd-85a8-4358415809e9 (type: router_ports) to 2
2026-07-16 17:09:20.900 8 INFO neutron.plugins.ml2.drivers.ovn.mech_driver.mech_driver [None req-fb937e7e-5a31-4560-8de0-7b7cba6d2e3e - - - - - -] OVN reports status down for port: 8bde18b6-565f-4625-a1de-833ce9957b1b
