2026-07-16 17:05:29.263 8 INFO placement.requestlog [req-5a451389-1e90-4544-8d42-cc4c9a8a3d02 req-90da2563-0f66-482b-bca7-60d6af9bd34b d4af2d4d0d3c4c29b449fc267c6c0ab2 a5b92589619949fb96afc00bae46c62b - - dab6b41fb80949969b0945af1c32a0ef dab6b41fb80949969b0945af1c32a0ef] 199.204.45.113 "GET /resource_providers?in_tree=ce0c0708-3522-4bef-9d1f-027286953cfb" status: 200 len: 797 microversion: 1.14 [pid: 8|app: 0|req: 290/581] 199.204.45.113 () {34 vars in 892 bytes} [Thu Jul 16 17:05:29 2026] GET /resource_providers?in_tree=ce0c0708-3522-4bef-9d1f-027286953cfb => generated 797 bytes in 19 msecs (HTTP/1.1 200) 6 headers in 225 bytes (1 switches on core 0)
2026-07-16 17:05:29.291 7 INFO placement.requestlog [req-5a451389-1e90-4544-8d42-cc4c9a8a3d02 req-86fb8e23-b846-4db4-8f2d-1e5aa9f96c1d d4af2d4d0d3c4c29b449fc267c6c0ab2 a5b92589619949fb96afc00bae46c62b - - dab6b41fb80949969b0945af1c32a0ef dab6b41fb80949969b0945af1c32a0ef] 199.204.45.113 "GET /resource_providers/ce0c0708-3522-4bef-9d1f-027286953cfb/inventories" status: 200 len: 400 microversion: 1.0 [pid: 7|app: 0|req: 292/582] 199.204.45.113 () {32 vars in 857 bytes} [Thu Jul 16 17:05:29 2026] GET /resource_providers/ce0c0708-3522-4bef-9d1f-027286953cfb/inventories => generated 400 bytes in 22 msecs (HTTP/1.1 200) 6 headers in 224 bytes (1 switches on core 0)
2026-07-16 17:05:29.341 8 INFO placement.requestlog [req-5a451389-1e90-4544-8d42-cc4c9a8a3d02 req-de8d00a3-1f35-4f11-8387-2f02d8c26c21 d4af2d4d0d3c4c29b449fc267c6c0ab2 a5b92589619949fb96afc00bae46c62b - - dab6b41fb80949969b0945af1c32a0ef dab6b41fb80949969b0945af1c32a0ef] 199.204.45.113 "GET /resource_providers/ce0c0708-3522-4bef-9d1f-027286953cfb/aggregates" status: 200 len: 53 microversion: 1.19 [pid: 8|app: 0|req: 291/583] 199.204.45.113 () {34 vars in 899 bytes} [Thu Jul 16 17:05:29 2026] GET /resource_providers/ce0c0708-3522-4bef-9d1f-027286953cfb/aggregates => generated 53 bytes in 25 msecs (HTTP/1.1 200) 8 headers in 295 bytes (1 switches on core 0)
2026-07-16 17:05:29.363 7 INFO placement.requestlog [req-5a451389-1e90-4544-8d42-cc4c9a8a3d02 req-f1be0244-0164-4de3-8882-382fccd47e6c d4af2d4d0d3c4c29b449fc267c6c0ab2 a5b92589619949fb96afc00bae46c62b - - dab6b41fb80949969b0945af1c32a0ef dab6b41fb80949969b0945af1c32a0ef] 199.204.45.113 "GET /resource_providers/ce0c0708-3522-4bef-9d1f-027286953cfb/traits" status: 200 len: 2316 microversion: 1.6 [pid: 7|app: 0|req: 293/584] 199.204.45.113 () {34 vars in 890 bytes} [Thu Jul 16 17:05:29 2026] GET /resource_providers/ce0c0708-3522-4bef-9d1f-027286953cfb/traits => generated 2316 bytes in 18 msecs (HTTP/1.1 200) 6 headers in 225 bytes (1 switches on core 0)
2026-07-16 17:05:29.388 8 INFO placement.requestlog [req-5a451389-1e90-4544-8d42-cc4c9a8a3d02 req-0d345184-c96b-4784-ad8d-ffbbdb5c37c7 d4af2d4d0d3c4c29b449fc267c6c0ab2 a5b92589619949fb96afc00bae46c62b - - dab6b41fb80949969b0945af1c32a0ef dab6b41fb80949969b0945af1c32a0ef] 199.204.45.113 "GET /resource_providers/ce0c0708-3522-4bef-9d1f-027286953cfb/allocations" status: 200 len: 54 microversion: 1.0 [pid: 8|app: 0|req: 292/585] 199.204.45.113 () {32 vars in 857 bytes} [Thu Jul 16 17:05:29 2026] GET /resource_providers/ce0c0708-3522-4bef-9d1f-027286953cfb/allocations => generated 54 bytes in 18 msecs (HTTP/1.1 200) 6 headers in 223 bytes (1 switches on core 0)
2026-07-16 17:05:30.876 8 INFO placement.requestlog [None req-6fed2658-d41a-4058-b20c-b46dac4fe22c - - - - - -] 10.0.0.145 "GET /" status: 200 len: 136 microversion: 1.0
2026-07-16 17:05:30.877 7 INFO placement.requestlog [None req-c734df6d-4544-43b5-bcf5-edd8c476aecb - - - - - -] 10.0.0.145 "GET /" status: 200 len: 136 microversion: 1.0
2026-07-16 17:05:40.876 8 INFO placement.requestlog [None req-bbd4e516-4150-4292-b412-c20cb70dd55f - - - - - -] 10.0.0.145 "GET /" status: 200 len: 136 microversion: 1.0
2026-07-16 17:05:40.876 7 INFO placement.requestlog [None req-7d635314-2e91-4b9b-b2a6-6839d48b77af - - - - - -] 10.0.0.145 "GET /" status: 200 len: 136 microversion: 1.0
2026-07-16 17:05:50.875 8 INFO placement.requestlog [None req-95a6f311-7be4-4220-bb9b-38e62ea19578 - - - - - -] 10.0.0.145 "GET /" status: 200 len: 136 microversion: 1.0
2026-07-16 17:05:50.876 7 INFO placement.requestlog [None req-7ec36f0c-d768-4611-b187-dce0e2809e3c - - - - - -] 10.0.0.145 "GET /" status: 200 len: 136 microversion: 1.0
2026-07-16 17:06:00.875 8 INFO placement.requestlog [None req-2fd64e94-06e8-47c8-bd36-28252644aeb9 - - - - - -] 10.0.0.145 "GET /" status: 200 len: 136 microversion: 1.0
2026-07-16 17:06:00.875 7 INFO placement.requestlog [None req-a6f2c63c-7efb-42f2-b50c-37d7a0e4cb9c - - - - - -] 10.0.0.145 "GET /" status: 200 len: 136 microversion: 1.0
2026-07-16 17:06:10.875 8 INFO placement.requestlog [None req-08dd68b2-e297-418f-b94d-2bb000db1bde - - - - - -] 10.0.0.145 "GET /" status: 200 len: 136 microversion: 1.0
2026-07-16 17:06:10.875 7 INFO placement.requestlog [None req-14685a4b-2e8f-48f4-b846-089c65a35782 - - - - - -] 10.0.0.145 "GET /" status: 200 len: 136 microversion: 1.0
2026-07-16 17:06:20.875 7 INFO placement.requestlog [None req-1666f1ba-6a27-452e-b500-67251712bd97 - - - - - -] 10.0.0.145 "GET /" status: 200 len: 136 microversion: 1.0
2026-07-16 17:06:20.875 8 INFO placement.requestlog [None req-c9ca575d-aa28-4355-8800-bfc2da7475b7 - - - - - -] 10.0.0.145 "GET /" status: 200 len: 136 microversion: 1.0
2026-07-16 17:06:30.876 7 INFO placement.requestlog [None req-7c01264b-eeba-4f68-9e9d-7329b8431879 - - - - - -] 10.0.0.145 "GET /" status: 200 len: 136 microversion: 1.0
2026-07-16 17:06:30.876 8 INFO placement.requestlog [None req-9d0520c1-6fb8-46b5-8dd4-af1c171641a9 - - - - - -] 10.0.0.145 "GET /" status: 200 len: 136 microversion: 1.0
2026-07-16 17:06:31.076 7 INFO placement.requestlog [req-ed5aad85-18a2-442c-b719-9acdafb2b1bc req-bc3ef93e-e70d-45ee-ad9c-9ba3c75aa43f d4af2d4d0d3c4c29b449fc267c6c0ab2 a5b92589619949fb96afc00bae46c62b - - dab6b41fb80949969b0945af1c32a0ef dab6b41fb80949969b0945af1c32a0ef] 199.204.45.113 "GET /resource_providers/ce0c0708-3522-4bef-9d1f-027286953cfb/allocations" status: 200 len: 54 microversion: 1.0 [pid: 7|app: 0|req: 301/600] 199.204.45.113 () {32 vars in 857 bytes} [Thu Jul 16 17:06:31 2026] GET /resource_providers/ce0c0708-3522-4bef-9d1f-027286953cfb/allocations => generated 54 bytes in 18 msecs (HTTP/1.1 200) 6 headers in 223 bytes (1 switches on core 0)
2026-07-16 17:06:31.100 8 INFO placement.requestlog [req-ed5aad85-18a2-442c-b719-9acdafb2b1bc req-bfa6940a-5117-418e-8d8b-3b42c32cf9a7 d4af2d4d0d3c4c29b449fc267c6c0ab2 a5b92589619949fb96afc00bae46c62b - - dab6b41fb80949969b0945af1c32a0ef dab6b41fb80949969b0945af1c32a0ef] 199.204.45.113 "GET /resource_providers/ce0c0708-3522-4bef-9d1f-027286953cfb/allocations" status: 200 len: 54 microversion: 1.0 [pid: 8|app: 0|req: 300/601] 199.204.45.113 () {32 vars in 857 bytes} [Thu Jul 16 17:06:31 2026] GET /resource_providers/ce0c0708-3522-4bef-9d1f-027286953cfb/allocations => generated 54 bytes in 15 msecs (HTTP/1.1 200) 6 headers in 223 bytes (1 switches on core 0)
2026-07-16 17:06:40.875 8 INFO placement.requestlog [None req-49d3a270-6984-4669-a719-82f5716bbe68 - - - - - -] 10.0.0.145 "GET /" status: 200 len: 136 microversion: 1.0
2026-07-16 17:06:40.875 7 INFO placement.requestlog [None req-fb72e385-c365-4d0a-8191-91bd8f472449 - - - - - -] 10.0.0.145 "GET /" status: 200 len: 136 microversion: 1.0
2026-07-16 17:06:50.875 8 INFO placement.requestlog [None req-4e3388f0-d94c-4652-8e61-c9198dcb9f8e - - - - - -] 10.0.0.145 "GET /" status: 200 len: 136 microversion: 1.0
2026-07-16 17:06:50.875 7 INFO placement.requestlog [None req-851addb7-4274-487b-a4dc-4e7a23b7f32a - - - - - -] 10.0.0.145 "GET /" status: 200 len: 136 microversion: 1.0
2026-07-16 17:07:00.876 8 INFO placement.requestlog [None req-95179d87-7576-4285-a3ca-962c603436f7 - - - - - -] 10.0.0.145 "GET /" status: 200 len: 136 microversion: 1.0
2026-07-16 17:07:00.877 7 INFO placement.requestlog [None req-65c0d975-ceaf-4d80-9325-e4d810f2b272 - - - - - -] 10.0.0.145 "GET /" status: 200 len: 136 microversion: 1.0
2026-07-16 17:07:10.875 7 INFO placement.requestlog [None req-fe5d97f3-4f49-45f3-bfa0-4b49bbd818a2 - - - - - -] 10.0.0.145 "GET /" status: 200 len: 136 microversion: 1.0
2026-07-16 17:07:10.875 8 INFO placement.requestlog [None req-9b92f4dc-a68b-42ab-bdd5-dc6b8ba00955 - - - - - -] 10.0.0.145 "GET /" status: 200 len: 136 microversion: 1.0
2026-07-16 17:07:20.875 7 INFO placement.requestlog [None req-f7028eb9-1947-405d-8c11-d8fcd899b85f - - - - - -] 10.0.0.145 "GET /" status: 200 len: 136 microversion: 1.0
2026-07-16 17:07:20.875 8 INFO placement.requestlog [None req-22e27853-dce8-4e42-8f52-bbafd9e9a3d2 - - - - - -] 10.0.0.145 "GET /" status: 200 len: 136 microversion: 1.0
2026-07-16 17:07:30.875 7 INFO placement.requestlog [None req-60978138-f9fa-4eb6-8b7e-6748c59c36c5 - - - - - -] 10.0.0.145 "GET /" status: 200 len: 136 microversion: 1.0
2026-07-16 17:07:30.875 8 INFO placement.requestlog [None req-04021320-f8d6-41f5-88fd-84deca162c49 - - - - - -] 10.0.0.145 "GET /" status: 200 len: 136 microversion: 1.0
2026-07-16 17:07:31.084 8 INFO placement.requestlog [req-150d1ef3-3aec-4a9c-a0e8-7b766a2cb173 req-fcf410a1-b861-4d68-a44f-60395043c708 d4af2d4d0d3c4c29b449fc267c6c0ab2 a5b92589619949fb96afc00bae46c62b - - dab6b41fb80949969b0945af1c32a0ef dab6b41fb80949969b0945af1c32a0ef] 199.204.45.113 "GET /resource_providers/ce0c0708-3522-4bef-9d1f-027286953cfb/allocations" status: 200 len: 54 microversion: 1.0 [pid: 8|app: 0|req: 307/614] 199.204.45.113 () {32 vars in 857 bytes} [Thu Jul 16 17:07:31 2026] GET /resource_providers/ce0c0708-3522-4bef-9d1f-027286953cfb/allocations => generated 54 bytes in 15 msecs (HTTP/1.1 200) 6 headers in 223 bytes (1 switches on core 0)
2026-07-16 17:07:31.122 7 INFO placement.requestlog [req-150d1ef3-3aec-4a9c-a0e8-7b766a2cb173 req-a1a073d5-579c-48b2-b065-b3d2dcb76456 d4af2d4d0d3c4c29b449fc267c6c0ab2 a5b92589619949fb96afc00bae46c62b - - dab6b41fb80949969b0945af1c32a0ef dab6b41fb80949969b0945af1c32a0ef] 199.204.45.113 "GET /resource_providers/ce0c0708-3522-4bef-9d1f-027286953cfb/allocations" status: 200 len: 54 microversion: 1.0 [pid: 7|app: 0|req: 308/615] 199.204.45.113 () {32 vars in 857 bytes} [Thu Jul 16 17:07:31 2026] GET /resource_providers/ce0c0708-3522-4bef-9d1f-027286953cfb/allocations => generated 54 bytes in 25 msecs (HTTP/1.1 200) 6 headers in 223 bytes (1 switches on core 0)
2026-07-16 17:07:40.875 8 INFO placement.requestlog [None req-07b2a419-9157-4b0e-90f8-d3fff6485132 - - - - - -] 10.0.0.145 "GET /" status: 200 len: 136 microversion: 1.0
2026-07-16 17:07:40.876 7 INFO placement.requestlog [None req-977408d1-2454-4323-98ee-ecfff2ea08b6 - - - - - -] 10.0.0.145 "GET /" status: 200 len: 136 microversion: 1.0
2026-07-16 17:07:50.876 8 INFO placement.requestlog [None req-5997a007-e5e1-4e75-b3c8-5a4269602b55 - - - - - -] 10.0.0.145 "GET /" status: 200 len: 136 microversion: 1.0
2026-07-16 17:07:50.876 7 INFO placement.requestlog [None req-5443472a-c086-4253-8c7f-dd2125d277c3 - - - - - -] 10.0.0.145 "GET /" status: 200 len: 136 microversion: 1.0
2026-07-16 17:08:00.875 8 INFO placement.requestlog [None req-4400f9c0-0b4c-466c-a6cb-f7d431284a4c - - - - - -] 10.0.0.145 "GET /" status: 200 len: 136 microversion: 1.0
2026-07-16 17:08:00.875 7 INFO placement.requestlog [None req-fc82b2cc-41e6-44d1-a28f-8746161bb4ed - - - - - -] 10.0.0.145 "GET /" status: 200 len: 136 microversion: 1.0
2026-07-16 17:08:10.875 7 INFO placement.requestlog [None req-971f27c2-5601-4479-8f16-62b4b0c4f56b - - - - - -] 10.0.0.145 "GET /" status: 200 len: 136 microversion: 1.0
2026-07-16 17:08:10.875 8 INFO placement.requestlog [None req-a2c86ee0-853e-4489-86d0-091ad6436b24 - - - - - -] 10.0.0.145 "GET /" status: 200 len: 136 microversion: 1.0
2026-07-16 17:08:20.876 7 INFO placement.requestlog [None req-74910bbd-650d-4d87-aeec-28320da24112 - - - - - -] 10.0.0.145 "GET /" status: 200 len: 136 microversion: 1.0
2026-07-16 17:08:20.876 8 INFO placement.requestlog [None req-3b5c55a5-f33b-49b3-83bc-9e518cd2bfc8 - - - - - -] 10.0.0.145 "GET /" status: 200 len: 136 microversion: 1.0
2026-07-16 17:08:30.876 7 INFO placement.requestlog [None req-329779c0-0c67-4710-95fa-ec26eca10312 - - - - - -] 10.0.0.145 "GET /" status: 200 len: 136 microversion: 1.0
2026-07-16 17:08:30.876 8 INFO placement.requestlog [None req-8d3bc2a7-b7ff-40fc-96dc-c3e7d7d7d572 - - - - - -] 10.0.0.145 "GET /" status: 200 len: 136 microversion: 1.0
2026-07-16 17:08:33.078 7 INFO placement.requestlog [req-cb655ffc-f2fc-44b5-8f4e-9022fbba8af5 req-0f1b5ff2-26a1-4f99-a009-28a924b26210 d4af2d4d0d3c4c29b449fc267c6c0ab2 a5b92589619949fb96afc00bae46c62b - - dab6b41fb80949969b0945af1c32a0ef dab6b41fb80949969b0945af1c32a0ef] 199.204.45.113 "GET /resource_providers/ce0c0708-3522-4bef-9d1f-027286953cfb/allocations" status: 200 len: 54 microversion: 1.0 [pid: 7|app: 0|req: 315/628] 199.204.45.113 () {32 vars in 857 bytes} [Thu Jul 16 17:08:33 2026] GET /resource_providers/ce0c0708-3522-4bef-9d1f-027286953cfb/allocations => generated 54 bytes in 21 msecs (HTTP/1.1 200) 6 headers in 223 bytes (1 switches on core 0)
2026-07-16 17:08:33.123 8 INFO placement.requestlog [req-cb655ffc-f2fc-44b5-8f4e-9022fbba8af5 req-959ad83c-2c0a-47ca-a8f2-626eacd6e91d d4af2d4d0d3c4c29b449fc267c6c0ab2 a5b92589619949fb96afc00bae46c62b - - dab6b41fb80949969b0945af1c32a0ef dab6b41fb80949969b0945af1c32a0ef] 199.204.45.113 "GET /resource_providers/ce0c0708-3522-4bef-9d1f-027286953cfb/allocations" status: 200 len: 54 microversion: 1.0 [pid: 8|app: 0|req: 314/629] 199.204.45.113 () {32 vars in 857 bytes} [Thu Jul 16 17:08:33 2026] GET /resource_providers/ce0c0708-3522-4bef-9d1f-027286953cfb/allocations => generated 54 bytes in 39 msecs (HTTP/1.1 200) 6 headers in 223 bytes (1 switches on core 0)
2026-07-16 17:08:40.875 7 INFO placement.requestlog [None req-a67fa024-ddbf-42c5-b6a7-d23ac90c4b90 - - - - - -] 10.0.0.145 "GET /" status: 200 len: 136 microversion: 1.0
2026-07-16 17:08:40.876 8 INFO placement.requestlog [None req-cad1af50-8879-4b62-938c-bd4566d8a406 - - - - - -] 10.0.0.145 "GET /" status: 200 len: 136 microversion: 1.0
2026-07-16 17:08:50.875 7 INFO placement.requestlog [None req-2fb33155-b76f-494b-9a7b-ec65588d7017 - - - - - -] 10.0.0.145 "GET /" status: 200 len: 136 microversion: 1.0
2026-07-16 17:08:50.876 8 INFO placement.requestlog [None req-11326c06-3821-4344-aea4-f25a2a7ea5ae - - - - - -] 10.0.0.145 "GET /" status: 200 len: 136 microversion: 1.0
2026-07-16 17:09:00.876 7 INFO placement.requestlog [None req-4878411a-32bb-49ba-9463-ce205def49a4 - - - - - -] 10.0.0.145 "GET /" status: 200 len: 136 microversion: 1.0
2026-07-16 17:09:00.876 8 INFO placement.requestlog [None req-d5c9e9a0-8346-4898-b4c0-aa24f2714156 - - - - - -] 10.0.0.145 "GET /" status: 200 len: 136 microversion: 1.0
2026-07-16 17:09:03.090 7 INFO placement.requestlog [req-972ab3ba-9c1c-41f2-97d1-3fa46e17bee3 req-2753e589-41d7-4b63-871b-ac8d672b049e d4af2d4d0d3c4c29b449fc267c6c0ab2 a5b92589619949fb96afc00bae46c62b - - dab6b41fb80949969b0945af1c32a0ef dab6b41fb80949969b0945af1c32a0ef] 10.0.0.160 "GET /allocation_candidates?limit=1000&resources=DISK_GB%3A1%2CMEMORY_MB%3A512%2CVCPU%3A1&root_required=%21COMPUTE_STATUS_DISABLED" status: 200 len: 2781 microversion: 1.36 [pid: 7|app: 0|req: 319/636] 10.0.0.160 () {34 vars in 1012 bytes} [Thu Jul 16 17:09:02 2026] GET /allocation_candidates?limit=1000&resources=DISK_GB%3A1%2CMEMORY_MB%3A512%2CVCPU%3A1&root_required=%21COMPUTE_STATUS_DISABLED => generated 2781 bytes in 224 msecs (HTTP/1.1 200) 8 headers in 297 bytes (1 switches on core 0)
2026-07-16 17:09:03.152 8 INFO placement.requestlog [req-972ab3ba-9c1c-41f2-97d1-3fa46e17bee3 req-075ed4d4-ea79-4024-9e56-e16cc947cddb d4af2d4d0d3c4c29b449fc267c6c0ab2 a5b92589619949fb96afc00bae46c62b - - dab6b41fb80949969b0945af1c32a0ef dab6b41fb80949969b0945af1c32a0ef] 10.0.0.160 "GET /allocations/7ff303b8-e5e9-4ea3-9f98-8134080e2f03" status: 200 len: 19 microversion: 1.28 [pid: 8|app: 0|req: 318/637] 10.0.0.160 () {34 vars in 861 bytes} [Thu Jul 16 17:09:03 2026] GET /allocations/7ff303b8-e5e9-4ea3-9f98-8134080e2f03 => generated 19 bytes in 17 msecs (HTTP/1.1 200) 8 headers in 295 bytes (1 switches on core 0)
2026-07-16 17:09:03.252 7 INFO placement.requestlog [req-972ab3ba-9c1c-41f2-97d1-3fa46e17bee3 req-549e6b38-9c2b-45db-9d13-471d9301a75c d4af2d4d0d3c4c29b449fc267c6c0ab2 a5b92589619949fb96afc00bae46c62b - - dab6b41fb80949969b0945af1c32a0ef dab6b41fb80949969b0945af1c32a0ef] 10.0.0.160 "PUT /allocations/7ff303b8-e5e9-4ea3-9f98-8134080e2f03" status: 204 len: 0 microversion: 1.36 [pid: 7|app: 0|req: 320/638] 10.0.0.160 () {38 vars in 914 bytes} [Thu Jul 16 17:09:03 2026] PUT /allocations/7ff303b8-e5e9-4ea3-9f98-8134080e2f03 => generated 0 bytes in 92 msecs (HTTP/1.1 204) 5 headers in 199 bytes (1 switches on core 0)
2026-07-16 17:09:04.757 8 INFO placement.requestlog [req-972ab3ba-9c1c-41f2-97d1-3fa46e17bee3 req-0f4a663a-f78d-43f4-b497-351e0c2eb60d d4af2d4d0d3c4c29b449fc267c6c0ab2 a5b92589619949fb96afc00bae46c62b - - dab6b41fb80949969b0945af1c32a0ef dab6b41fb80949969b0945af1c32a0ef] 199.204.45.113 "GET /allocations/7ff303b8-e5e9-4ea3-9f98-8134080e2f03" status: 200 len: 257 microversion: 1.28 [pid: 8|app: 0|req: 319/639] 199.204.45.113 () {34 vars in 863 bytes} [Thu Jul 16 17:09:04 2026] GET /allocations/7ff303b8-e5e9-4ea3-9f98-8134080e2f03 => generated 257 bytes in 18 msecs (HTTP/1.1 200) 8 headers in 296 bytes (1 switches on core 0)
2026-07-16 17:09:05.802 7 INFO placement.requestlog [req-972ab3ba-9c1c-41f2-97d1-3fa46e17bee3 req-fa9f4693-4cb4-454e-b92f-22f2df13db17 d4af2d4d0d3c4c29b449fc267c6c0ab2 a5b92589619949fb96afc00bae46c62b - - dab6b41fb80949969b0945af1c32a0ef dab6b41fb80949969b0945af1c32a0ef] 199.204.45.113 "GET /resource_providers/ce0c0708-3522-4bef-9d1f-027286953cfb/allocations" status: 200 len: 152 microversion: 1.0 [pid: 7|app: 0|req: 321/640] 199.204.45.113 () {32 vars in 857 bytes} [Thu Jul 16 17:09:05 2026] GET /resource_providers/ce0c0708-3522-4bef-9d1f-027286953cfb/allocations => generated 152 bytes in 16 msecs (HTTP/1.1 200) 6 headers in 224 bytes (1 switches on core 0)
2026-07-16 17:09:05.825 8 INFO placement.requestlog [req-972ab3ba-9c1c-41f2-97d1-3fa46e17bee3 req-e7cd7479-f955-4bd8-ab50-7061affc4d6b d4af2d4d0d3c4c29b449fc267c6c0ab2 a5b92589619949fb96afc00bae46c62b - - dab6b41fb80949969b0945af1c32a0ef dab6b41fb80949969b0945af1c32a0ef] 199.204.45.113 "GET /allocations/7ff303b8-e5e9-4ea3-9f98-8134080e2f03" status: 200 len: 257 microversion: 1.28 [pid: 8|app: 0|req: 320/641] 199.204.45.113 () {34 vars in 863 bytes} [Thu Jul 16 17:09:05 2026] GET /allocations/7ff303b8-e5e9-4ea3-9f98-8134080e2f03 => generated 257 bytes in 16 msecs (HTTP/1.1 200) 8 headers in 296 bytes (1 switches on core 0)
2026-07-16 17:09:06.826 8 INFO placement.requestlog [None req-e4dfb433-4f01-4add-922e-08e3c40900d6 c8f5f9dd2cc64c90ba2083585de04557 a5b92589619949fb96afc00bae46c62b - - dab6b41fb80949969b0945af1c32a0ef dab6b41fb80949969b0945af1c32a0ef] 10.0.0.193 "GET /resource_providers/067b1acc-0916-428a-9055-9269e2873e15/aggregates" status: 404 len: 235 microversion: 1.1 [pid: 8|app: 0|req: 321/642] 10.0.0.193 () {32 vars in 816 bytes} [Thu Jul 16 17:09:06 2026] GET /resource_providers/067b1acc-0916-428a-9055-9269e2873e15/aggregates => generated 235 bytes in 401 msecs (HTTP/1.1 404) 5 headers in 202 bytes (1 switches on core 0)
2026-07-16 17:09:06.844 7 INFO placement.requestlog [None req-5243fbef-e8cf-4ecf-8f7c-3ba110362861 c8f5f9dd2cc64c90ba2083585de04557 a5b92589619949fb96afc00bae46c62b - - dab6b41fb80949969b0945af1c32a0ef dab6b41fb80949969b0945af1c32a0ef] 10.0.0.193 "GET /resource_providers/067b1acc-0916-428a-9055-9269e2873e15/aggregates" status: 404 len: 235 microversion: 1.1 [pid: 7|app: 0|req: 322/643] 10.0.0.193 () {32 vars in 816 bytes} [Thu Jul 16 17:09:06 2026] GET /resource_providers/067b1acc-0916-428a-9055-9269e2873e15/aggregates => generated 235 bytes in 447 msecs (HTTP/1.1 404) 5 headers in 202 bytes (1 switches on core 0)
2026-07-16 17:09:06.865 8 INFO placement.requestlog [None req-e31c4325-37f8-456d-8c44-5c125bb4960c c8f5f9dd2cc64c90ba2083585de04557 a5b92589619949fb96afc00bae46c62b - - dab6b41fb80949969b0945af1c32a0ef dab6b41fb80949969b0945af1c32a0ef] 10.0.0.193 "DELETE /resource_providers/067b1acc-0916-428a-9055-9269e2873e15" status: 404 len: 246 microversion: 1.1 [pid: 8|app: 0|req: 322/644] 10.0.0.193 () {34 vars in 816 bytes} [Thu Jul 16 17:09:06 2026] DELETE /resource_providers/067b1acc-0916-428a-9055-9269e2873e15 => generated 246 bytes in 13 msecs (HTTP/1.1 404) 6 headers in 231 bytes (1 switches on core 0)
2026-07-16 17:09:06.865 7 INFO placement.requestlog [None req-c0dfa24d-623f-40f2-82d1-c5ec49cef254 c8f5f9dd2cc64c90ba2083585de04557 a5b92589619949fb96afc00bae46c62b - - dab6b41fb80949969b0945af1c32a0ef dab6b41fb80949969b0945af1c32a0ef] 10.0.0.193 "DELETE /resource_providers/067b1acc-0916-428a-9055-9269e2873e15" status: 404 len: 246 microversion: 1.1 [pid: 7|app: 0|req: 323/645] 10.0.0.193 () {34 vars in 816 bytes} [Thu Jul 16 17:09:06 2026] DELETE /resource_providers/067b1acc-0916-428a-9055-9269e2873e15 => generated 246 bytes in 11 msecs (HTTP/1.1 404) 6 headers in 231 bytes (1 switches on core 0)
2026-07-16 17:09:08.892 8 INFO placement.requestlog [None req-0d761cd9-aa91-4fda-8b6d-aab349345e5b c8f5f9dd2cc64c90ba2083585de04557 a5b92589619949fb96afc00bae46c62b - - dab6b41fb80949969b0945af1c32a0ef dab6b41fb80949969b0945af1c32a0ef] 10.0.0.193 "GET /resource_providers/a3eaf6ad-1a23-4f21-b7a8-ab8da5a2b1dd/aggregates" status: 404 len: 235 microversion: 1.1 [pid: 8|app: 0|req: 323/646] 10.0.0.193 () {32 vars in 816 bytes} [Thu Jul 16 17:09:08 2026] GET /resource_providers/a3eaf6ad-1a23-4f21-b7a8-ab8da5a2b1dd/aggregates => generated 235 bytes in 17 msecs (HTTP/1.1 404) 5 headers in 202 bytes (1 switches on core 0)
2026-07-16 17:09:08.898 7 INFO placement.requestlog [None req-1a6406f0-3749-4f92-bcb5-df7f6316c5c6 c8f5f9dd2cc64c90ba2083585de04557 a5b92589619949fb96afc00bae46c62b - - dab6b41fb80949969b0945af1c32a0ef dab6b41fb80949969b0945af1c32a0ef] 10.0.0.193 "GET /resource_providers/a3eaf6ad-1a23-4f21-b7a8-ab8da5a2b1dd/aggregates" status: 404 len: 235 microversion: 1.1 [pid: 7|app: 0|req: 324/647] 10.0.0.193 () {32 vars in 816 bytes} [Thu Jul 16 17:09:08 2026] GET /resource_providers/a3eaf6ad-1a23-4f21-b7a8-ab8da5a2b1dd/aggregates => generated 235 bytes in 18 msecs (HTTP/1.1 404) 5 headers in 202 bytes (1 switches on core 0)
2026-07-16 17:09:08.919 7 INFO placement.requestlog [None req-8d70d5ca-948d-4c74-bbcb-cfbb46b5f164 c8f5f9dd2cc64c90ba2083585de04557 a5b92589619949fb96afc00bae46c62b - - dab6b41fb80949969b0945af1c32a0ef dab6b41fb80949969b0945af1c32a0ef] 10.0.0.193 "DELETE /resource_providers/a3eaf6ad-1a23-4f21-b7a8-ab8da5a2b1dd" status: 404 len: 246 microversion: 1.1
2026-07-16 17:09:08.919 8 INFO placement.requestlog [None req-1ab03f22-30fb-4b36-a4b3-f44a0287fdc3 c8f5f9dd2cc64c90ba2083585de04557 a5b92589619949fb96afc00bae46c62b - - dab6b41fb80949969b0945af1c32a0ef dab6b41fb80949969b0945af1c32a0ef] 10.0.0.193 "DELETE /resource_providers/a3eaf6ad-1a23-4f21-b7a8-ab8da5a2b1dd" status: 404 len: 246 microversion: 1.1 [pid: 7|app: 0|req: 325/648] 10.0.0.193 () {34 vars in 816 bytes} [Thu Jul 16 17:09:08 2026] DELETE /resource_providers/a3eaf6ad-1a23-4f21-b7a8-ab8da5a2b1dd => generated 246 bytes in 11 msecs (HTTP/1.1 404) 6 headers in 231 bytes (1 switches on core 0) [pid: 8|app: 0|req: 324/649] 10.0.0.193 () {34 vars in 816 bytes} [Thu Jul 16 17:09:08 2026] DELETE /resource_providers/a3eaf6ad-1a23-4f21-b7a8-ab8da5a2b1dd => generated 246 bytes in 13 msecs (HTTP/1.1 404) 6 headers in 231 bytes (1 switches on core 0)
2026-07-16 17:09:10.875 7 INFO placement.requestlog [None req-b127c4c9-4ea4-4ea9-99f5-3dd1dd8d8e90 - - - - - -] 10.0.0.145 "GET /" status: 200 len: 136 microversion: 1.0
2026-07-16 17:09:10.875 8 INFO placement.requestlog [None req-e1c774e8-422d-47ce-b62a-d47f2c77e952 - - - - - -] 10.0.0.145 "GET /" status: 200 len: 136 microversion: 1.0
2026-07-16 17:09:18.228 7 INFO placement.requestlog [req-972ab3ba-9c1c-41f2-97d1-3fa46e17bee3 req-8e18bd92-c93a-413f-81f8-6e33c708559a d4af2d4d0d3c4c29b449fc267c6c0ab2 a5b92589619949fb96afc00bae46c62b - - dab6b41fb80949969b0945af1c32a0ef dab6b41fb80949969b0945af1c32a0ef] 199.204.45.113 "GET /resource_providers/ce0c0708-3522-4bef-9d1f-027286953cfb/allocations" status: 200 len: 152 microversion: 1.0 [pid: 7|app: 0|req: 327/652] 199.204.45.113 () {32 vars in 857 bytes} [Thu Jul 16 17:09:18 2026] GET /resource_providers/ce0c0708-3522-4bef-9d1f-027286953cfb/allocations => generated 152 bytes in 35 msecs (HTTP/1.1 200) 6 headers in 224 bytes (1 switches on core 0)
2026-07-16 17:09:18.262 8 INFO placement.requestlog [req-972ab3ba-9c1c-41f2-97d1-3fa46e17bee3 req-2bc4fc1c-d849-4054-b941-c0381eaa4af6 d4af2d4d0d3c4c29b449fc267c6c0ab2 a5b92589619949fb96afc00bae46c62b - - dab6b41fb80949969b0945af1c32a0ef dab6b41fb80949969b0945af1c32a0ef] 199.204.45.113 "GET /allocations/7ff303b8-e5e9-4ea3-9f98-8134080e2f03" status: 200 len: 257 microversion: 1.28 [pid: 8|app: 0|req: 326/653] 199.204.45.113 () {34 vars in 863 bytes} [Thu Jul 16 17:09:18 2026] GET /allocations/7ff303b8-e5e9-4ea3-9f98-8134080e2f03 => generated 257 bytes in 15 msecs (HTTP/1.1 200) 8 headers in 296 bytes (1 switches on core 0)
2026-07-16 17:09:20.875 7 INFO placement.requestlog [None req-3fb6de23-8b9b-4b63-a045-0a7392376cff - - - - - -] 10.0.0.145 "GET /" status: 200 len: 136 microversion: 1.0
2026-07-16 17:09:20.877 8 INFO placement.requestlog [None req-34f1911f-d085-4f44-abfd-894ce3d6294a - - - - - -] 10.0.0.145 "GET /" status: 200 len: 136 microversion: 1.0
2026-07-16 17:09:21.860 7 INFO placement.requestlog [req-972ab3ba-9c1c-41f2-97d1-3fa46e17bee3 req-01483699-d13f-4709-bf5f-64de0a60597d d4af2d4d0d3c4c29b449fc267c6c0ab2 a5b92589619949fb96afc00bae46c62b - - dab6b41fb80949969b0945af1c32a0ef dab6b41fb80949969b0945af1c32a0ef] 199.204.45.113 "DELETE /allocations/7ff303b8-e5e9-4ea3-9f98-8134080e2f03" status: 204 len: 0 microversion: 1.0 [pid: 7|app: 0|req: 329/656] 199.204.45.113 () {34 vars in 841 bytes} [Thu Jul 16 17:09:21 2026] DELETE /allocations/7ff303b8-e5e9-4ea3-9f98-8134080e2f03 => generated 0 bytes in 20 msecs (HTTP/1.1 204) 5 headers in 198 bytes (1 switches on core 0)
2026-07-16 17:09:23.020 8 INFO placement.requestlog [None req-b612d88c-8ed1-41c6-b3cc-355f27a4abb8 - - - - - -] 10.0.0.184 "GET /" status: 200 len: 136 microversion: 1.0 [pid: 8|app: 0|req: 328/657] 10.0.0.184 () {28 vars in 437 bytes} [Thu Jul 16 17:09:23 2026] GET / => generated 136 bytes in 1 msecs (HTTP/1.1 200) 6 headers in 224 bytes (1 switches on core 0)
2026-07-16 17:09:23.085 7 INFO placement.requestlog [req-e7fca191-d823-40d8-a459-c935aa12e846 req-4eb7f72b-d2b4-421c-a9b1-45a3900e8fd1 d4af2d4d0d3c4c29b449fc267c6c0ab2 a5b92589619949fb96afc00bae46c62b - - dab6b41fb80949969b0945af1c32a0ef dab6b41fb80949969b0945af1c32a0ef] 10.0.0.184 "DELETE /allocations/7ff303b8-e5e9-4ea3-9f98-8134080e2f03" status: 404 len: 228 microversion: 1.0 [pid: 7|app: 0|req: 330/658] 10.0.0.184 () {34 vars in 830 bytes} [Thu Jul 16 17:09:23 2026] DELETE /allocations/7ff303b8-e5e9-4ea3-9f98-8134080e2f03 => generated 228 bytes in 52 msecs (HTTP/1.1 404) 6 headers in 231 bytes (1 switches on core 0)
2026-07-16 17:09:23.251 8 INFO placement.requestlog [req-d5e4f4f8-b501-4d87-9a3d-bf4887b27a92 req-03f59f60-f53f-42d9-bca9-00b1713a448f d4af2d4d0d3c4c29b449fc267c6c0ab2 a5b92589619949fb96afc00bae46c62b - - dab6b41fb80949969b0945af1c32a0ef dab6b41fb80949969b0945af1c32a0ef] 10.0.0.160 "GET /allocation_candidates?limit=1000&resources=DISK_GB%3A1%2CMEMORY_MB%3A512%2CVCPU%3A1&root_required=%21COMPUTE_STATUS_DISABLED" status: 200 len: 2781 microversion: 1.36 [pid: 8|app: 0|req: 329/659] 10.0.0.160 () {34 vars in 1012 bytes} [Thu Jul 16 17:09:23 2026] GET /allocation_candidates?limit=1000&resources=DISK_GB%3A1%2CMEMORY_MB%3A512%2CVCPU%3A1&root_required=%21COMPUTE_STATUS_DISABLED => generated 2781 bytes in 70 msecs (HTTP/1.1 200) 8 headers in 297 bytes (1 switches on core 0)
2026-07-16 17:09:23.292 7 INFO placement.requestlog [req-d5e4f4f8-b501-4d87-9a3d-bf4887b27a92 req-ea0a7f61-cd90-4394-b585-b13eadebeac1 d4af2d4d0d3c4c29b449fc267c6c0ab2 a5b92589619949fb96afc00bae46c62b - - dab6b41fb80949969b0945af1c32a0ef dab6b41fb80949969b0945af1c32a0ef] 10.0.0.160 "GET /allocations/1b3c16a6-49fe-4d24-bd25-5776ae1110b2" status: 200 len: 19 microversion: 1.28 [pid: 7|app: 0|req: 331/660] 10.0.0.160 () {34 vars in 861 bytes} [Thu Jul 16 17:09:23 2026] GET /allocations/1b3c16a6-49fe-4d24-bd25-5776ae1110b2 => generated 19 bytes in 11 msecs (HTTP/1.1 200) 8 headers in 295 bytes (1 switches on core 0)
2026-07-16 17:09:23.386 8 INFO placement.requestlog [req-d5e4f4f8-b501-4d87-9a3d-bf4887b27a92 req-9b2cd068-d389-434d-99c1-83e455528bb5 d4af2d4d0d3c4c29b449fc267c6c0ab2 a5b92589619949fb96afc00bae46c62b - - dab6b41fb80949969b0945af1c32a0ef dab6b41fb80949969b0945af1c32a0ef] 10.0.0.160 "PUT /allocations/1b3c16a6-49fe-4d24-bd25-5776ae1110b2" status: 204 len: 0 microversion: 1.36 [pid: 8|app: 0|req: 330/661] 10.0.0.160 () {38 vars in 914 bytes} [Thu Jul 16 17:09:23 2026] PUT /allocations/1b3c16a6-49fe-4d24-bd25-5776ae1110b2 => generated 0 bytes in 87 msecs (HTTP/1.1 204) 5 headers in 199 bytes (1 switches on core 0)
2026-07-16 17:09:24.052 7 INFO placement.requestlog [req-f56f8566-be3f-46e7-a846-cb67bd6ed488 req-10b0d10c-2441-4442-9c0f-1917f6188d83 d4af2d4d0d3c4c29b449fc267c6c0ab2 a5b92589619949fb96afc00bae46c62b - - dab6b41fb80949969b0945af1c32a0ef dab6b41fb80949969b0945af1c32a0ef] 10.0.0.160 "GET /allocation_candidates?limit=1000&resources=MEMORY_MB%3A512%2CVCPU%3A1&root_required=%21COMPUTE_STATUS_DISABLED" status: 200 len: 2769 microversion: 1.36 [pid: 7|app: 0|req: 332/662] 10.0.0.160 () {34 vars in 984 bytes} [Thu Jul 16 17:09:23 2026] GET /allocation_candidates?limit=1000&resources=MEMORY_MB%3A512%2CVCPU%3A1&root_required=%21COMPUTE_STATUS_DISABLED => generated 2769 bytes in 56 msecs (HTTP/1.1 200) 8 headers in 297 bytes (1 switches on core 0)
2026-07-16 17:09:24.099 8 INFO placement.requestlog [req-f56f8566-be3f-46e7-a846-cb67bd6ed488 req-64cc58dd-010b-4b60-8097-c17fe99f8df9 d4af2d4d0d3c4c29b449fc267c6c0ab2 a5b92589619949fb96afc00bae46c62b - - dab6b41fb80949969b0945af1c32a0ef dab6b41fb80949969b0945af1c32a0ef] 10.0.0.160 "GET /allocations/57fd48d0-200c-4e2e-9e58-f2956cf24184" status: 200 len: 19 microversion: 1.28 [pid: 8|app: 0|req: 331/663] 10.0.0.160 () {34 vars in 861 bytes} [Thu Jul 16 17:09:24 2026] GET /allocations/57fd48d0-200c-4e2e-9e58-f2956cf24184 => generated 19 bytes in 23 msecs (HTTP/1.1 200) 8 headers in 295 bytes (1 switches on core 0)
2026-07-16 17:09:24.200 7 INFO placement.requestlog [req-f56f8566-be3f-46e7-a846-cb67bd6ed488 req-0ced93ff-4b09-4962-bb0b-102435053b0f d4af2d4d0d3c4c29b449fc267c6c0ab2 a5b92589619949fb96afc00bae46c62b - - dab6b41fb80949969b0945af1c32a0ef dab6b41fb80949969b0945af1c32a0ef] 10.0.0.160 "PUT /allocations/57fd48d0-200c-4e2e-9e58-f2956cf24184" status: 204 len: 0 microversion: 1.36 [pid: 7|app: 0|req: 333/664] 10.0.0.160 () {38 vars in 914 bytes} [Thu Jul 16 17:09:24 2026] PUT /allocations/57fd48d0-200c-4e2e-9e58-f2956cf24184 => generated 0 bytes in 90 msecs (HTTP/1.1 204) 5 headers in 199 bytes (1 switches on core 0)
2026-07-16 17:09:25.104 8 INFO placement.requestlog [req-d5e4f4f8-b501-4d87-9a3d-bf4887b27a92 req-a04b0ca6-06de-404e-8bab-443c0e106bd8 d4af2d4d0d3c4c29b449fc267c6c0ab2 a5b92589619949fb96afc00bae46c62b - - dab6b41fb80949969b0945af1c32a0ef dab6b41fb80949969b0945af1c32a0ef] 199.204.45.113 "GET /allocations/1b3c16a6-49fe-4d24-bd25-5776ae1110b2" status: 200 len: 257 microversion: 1.28 [pid: 8|app: 0|req: 332/665] 199.204.45.113 () {34 vars in 863 bytes} [Thu Jul 16 17:09:25 2026] GET /allocations/1b3c16a6-49fe-4d24-bd25-5776ae1110b2 => generated 257 bytes in 29 msecs (HTTP/1.1 200) 8 headers in 296 bytes (1 switches on core 0)
2026-07-16 17:09:25.690 7 INFO placement.requestlog [req-f56f8566-be3f-46e7-a846-cb67bd6ed488 req-3f72d530-6eb8-4006-97ff-10cba8fcbb74 d4af2d4d0d3c4c29b449fc267c6c0ab2 a5b92589619949fb96afc00bae46c62b - - dab6b41fb80949969b0945af1c32a0ef dab6b41fb80949969b0945af1c32a0ef] 199.204.45.113 "GET /allocations/57fd48d0-200c-4e2e-9e58-f2956cf24184" status: 200 len: 243 microversion: 1.28 [pid: 7|app: 0|req: 334/666] 199.204.45.113 () {34 vars in 863 bytes} [Thu Jul 16 17:09:25 2026] GET /allocations/57fd48d0-200c-4e2e-9e58-f2956cf24184 => generated 243 bytes in 14 msecs (HTTP/1.1 200) 8 headers in 296 bytes (1 switches on core 0)
2026-07-16 17:09:26.153 8 INFO placement.requestlog [req-d5e4f4f8-b501-4d87-9a3d-bf4887b27a92 req-220e5abb-03c4-477a-8909-909a415ab116 d4af2d4d0d3c4c29b449fc267c6c0ab2 a5b92589619949fb96afc00bae46c62b - - dab6b41fb80949969b0945af1c32a0ef dab6b41fb80949969b0945af1c32a0ef] 199.204.45.113 "GET /resource_providers/ce0c0708-3522-4bef-9d1f-027286953cfb/allocations" status: 200 len: 238 microversion: 1.0 [pid: 8|app: 0|req: 333/667] 199.204.45.113 () {32 vars in 857 bytes} [Thu Jul 16 17:09:26 2026] GET /resource_providers/ce0c0708-3522-4bef-9d1f-027286953cfb/allocations => generated 238 bytes in 22 msecs (HTTP/1.1 200) 6 headers in 224 bytes (1 switches on core 0)
2026-07-16 17:09:26.178 7 INFO placement.requestlog [req-d5e4f4f8-b501-4d87-9a3d-bf4887b27a92 req-421fa8ff-e2de-4382-9a80-6ff747d943ea d4af2d4d0d3c4c29b449fc267c6c0ab2 a5b92589619949fb96afc00bae46c62b - - dab6b41fb80949969b0945af1c32a0ef dab6b41fb80949969b0945af1c32a0ef] 199.204.45.113 "GET /allocations/57fd48d0-200c-4e2e-9e58-f2956cf24184" status: 200 len: 243 microversion: 1.28 [pid: 7|app: 0|req: 335/668] 199.204.45.113 () {34 vars in 863 bytes} [Thu Jul 16 17:09:26 2026] GET /allocations/57fd48d0-200c-4e2e-9e58-f2956cf24184 => generated 243 bytes in 19 msecs (HTTP/1.1 200) 8 headers in 296 bytes (1 switches on core 0)
2026-07-16 17:09:26.202 8 INFO placement.requestlog [req-d5e4f4f8-b501-4d87-9a3d-bf4887b27a92 req-8c4fc3c5-cc2d-40dc-a199-95d3ee971e39 d4af2d4d0d3c4c29b449fc267c6c0ab2 a5b92589619949fb96afc00bae46c62b - - dab6b41fb80949969b0945af1c32a0ef dab6b41fb80949969b0945af1c32a0ef] 199.204.45.113 "GET /allocations/1b3c16a6-49fe-4d24-bd25-5776ae1110b2" status: 200 len: 257 microversion: 1.28 [pid: 8|app: 0|req: 334/669] 199.204.45.113 () {34 vars in 863 bytes} [Thu Jul 16 17:09:26 2026] GET /allocations/1b3c16a6-49fe-4d24-bd25-5776ae1110b2 => generated 257 bytes in 17 msecs (HTTP/1.1 200) 8 headers in 296 bytes (1 switches on core 0)
2026-07-16 17:09:26.849 8 INFO placement.requestlog [None req-ede4fe98-e713-4bb0-91e6-b90605853570 c8f5f9dd2cc64c90ba2083585de04557 a5b92589619949fb96afc00bae46c62b - - dab6b41fb80949969b0945af1c32a0ef dab6b41fb80949969b0945af1c32a0ef] 10.0.0.193 "GET /resource_providers/feaa2356-25b9-44b7-9890-14a8c62e43da/aggregates" status: 404 len: 235 microversion: 1.1 [pid: 8|app: 0|req: 335/670] 10.0.0.193 () {32 vars in 816 bytes} [Thu Jul 16 17:09:26 2026] GET /resource_providers/feaa2356-25b9-44b7-9890-14a8c62e43da/aggregates => generated 235 bytes in 154 msecs (HTTP/1.1 404) 5 headers in 202 bytes (1 switches on core 0)
2026-07-16 17:09:26.866 8 INFO placement.requestlog [None req-bdbfb552-7855-44c5-b660-6004d2a27509 c8f5f9dd2cc64c90ba2083585de04557 a5b92589619949fb96afc00bae46c62b - - dab6b41fb80949969b0945af1c32a0ef dab6b41fb80949969b0945af1c32a0ef] 10.0.0.193 "DELETE /resource_providers/feaa2356-25b9-44b7-9890-14a8c62e43da" status: 404 len: 246 microversion: 1.1 [pid: 8|app: 0|req: 336/671] 10.0.0.193 () {34 vars in 816 bytes} [Thu Jul 16 17:09:26 2026] DELETE /resource_providers/feaa2356-25b9-44b7-9890-14a8c62e43da => generated 246 bytes in 10 msecs (HTTP/1.1 404) 6 headers in 231 bytes (1 switches on core 0)
2026-07-16 17:09:26.961 7 INFO placement.requestlog [None req-074f6f21-c54e-436b-b3ff-1b29816986c4 c8f5f9dd2cc64c90ba2083585de04557 a5b92589619949fb96afc00bae46c62b - - dab6b41fb80949969b0945af1c32a0ef dab6b41fb80949969b0945af1c32a0ef] 10.0.0.193 "GET /resource_providers/feaa2356-25b9-44b7-9890-14a8c62e43da/aggregates" status: 404 len: 235 microversion: 1.1 [pid: 7|app: 0|req: 336/672] 10.0.0.193 () {32 vars in 816 bytes} [Thu Jul 16 17:09:26 2026] GET /resource_providers/feaa2356-25b9-44b7-9890-14a8c62e43da/aggregates => generated 235 bytes in 307 msecs (HTTP/1.1 404) 5 headers in 202 bytes (1 switches on core 0)
2026-07-16 17:09:26.982 8 INFO placement.requestlog [None req-d8564c77-b5da-4bdf-aeaf-8a7c15205368 c8f5f9dd2cc64c90ba2083585de04557 a5b92589619949fb96afc00bae46c62b - - dab6b41fb80949969b0945af1c32a0ef dab6b41fb80949969b0945af1c32a0ef] 10.0.0.193 "DELETE /resource_providers/feaa2356-25b9-44b7-9890-14a8c62e43da" status: 404 len: 246 microversion: 1.1 [pid: 8|app: 0|req: 337/673] 10.0.0.193 () {34 vars in 816 bytes} [Thu Jul 16 17:09:26 2026] DELETE /resource_providers/feaa2356-25b9-44b7-9890-14a8c62e43da => generated 246 bytes in 12 msecs (HTTP/1.1 404) 6 headers in 231 bytes (1 switches on core 0)
2026-07-16 17:09:28.276 7 INFO placement.requestlog [req-f56f8566-be3f-46e7-a846-cb67bd6ed488 req-5021e8b4-5b5c-44f8-a47c-3e461bde4a26 d4af2d4d0d3c4c29b449fc267c6c0ab2 a5b92589619949fb96afc00bae46c62b - - dab6b41fb80949969b0945af1c32a0ef dab6b41fb80949969b0945af1c32a0ef] 199.204.45.113 "GET /resource_providers/ce0c0708-3522-4bef-9d1f-027286953cfb/allocations" status: 200 len: 238 microversion: 1.0 [pid: 7|app: 0|req: 337/674] 199.204.45.113 () {32 vars in 857 bytes} [Thu Jul 16 17:09:28 2026] GET /resource_providers/ce0c0708-3522-4bef-9d1f-027286953cfb/allocations => generated 238 bytes in 26 msecs (HTTP/1.1 200) 6 headers in 224 bytes (1 switches on core 0)
2026-07-16 17:09:28.295 8 INFO placement.requestlog [req-f56f8566-be3f-46e7-a846-cb67bd6ed488 req-883332a2-cd39-4e3b-859b-b810198de43a d4af2d4d0d3c4c29b449fc267c6c0ab2 a5b92589619949fb96afc00bae46c62b - - dab6b41fb80949969b0945af1c32a0ef dab6b41fb80949969b0945af1c32a0ef] 199.204.45.113 "GET /allocations/57fd48d0-200c-4e2e-9e58-f2956cf24184" status: 200 len: 243 microversion: 1.28 [pid: 8|app: 0|req: 338/675] 199.204.45.113 () {34 vars in 863 bytes} [Thu Jul 16 17:09:28 2026] GET /allocations/57fd48d0-200c-4e2e-9e58-f2956cf24184 => generated 243 bytes in 12 msecs (HTTP/1.1 200) 8 headers in 296 bytes (1 switches on core 0)
2026-07-16 17:09:28.320 7 INFO placement.requestlog [req-f56f8566-be3f-46e7-a846-cb67bd6ed488 req-89bcf222-479a-4719-8e67-6aed5e8cc836 d4af2d4d0d3c4c29b449fc267c6c0ab2 a5b92589619949fb96afc00bae46c62b - - dab6b41fb80949969b0945af1c32a0ef dab6b41fb80949969b0945af1c32a0ef] 199.204.45.113 "GET /allocations/1b3c16a6-49fe-4d24-bd25-5776ae1110b2" status: 200 len: 257 microversion: 1.28 [pid: 7|app: 0|req: 338/676] 199.204.45.113 () {34 vars in 863 bytes} [Thu Jul 16 17:09:28 2026] GET /allocations/1b3c16a6-49fe-4d24-bd25-5776ae1110b2 => generated 257 bytes in 15 msecs (HTTP/1.1 200) 8 headers in 296 bytes (1 switches on core 0)
2026-07-16 17:09:30.876 8 INFO placement.requestlog [None req-6d36d84a-a765-44de-8007-3ed028b57593 - - - - - -] 10.0.0.145 "GET /" status: 200 len: 136 microversion: 1.0
2026-07-16 17:09:30.876 7 INFO placement.requestlog [None req-58f31042-245d-4086-8455-c0b07d5232d1 - - - - - -] 10.0.0.145 "GET /" status: 200 len: 136 microversion: 1.0
2026-07-16 17:09:33.086 8 INFO placement.requestlog [req-85de47d4-f30c-42c3-9961-f85e2081a9e5 req-c016f8eb-cf8a-4494-b62e-f9f3e67b75f1 d4af2d4d0d3c4c29b449fc267c6c0ab2 a5b92589619949fb96afc00bae46c62b - - dab6b41fb80949969b0945af1c32a0ef dab6b41fb80949969b0945af1c32a0ef] 199.204.45.113 "GET /resource_providers/ce0c0708-3522-4bef-9d1f-027286953cfb/allocations" status: 200 len: 238 microversion: 1.0 [pid: 8|app: 0|req: 340/679] 199.204.45.113 () {32 vars in 857 bytes} [Thu Jul 16 17:09:33 2026] GET /resource_providers/ce0c0708-3522-4bef-9d1f-027286953cfb/allocations => generated 238 bytes in 21 msecs (HTTP/1.1 200) 6 headers in 224 bytes (1 switches on core 0)
2026-07-16 17:09:33.130 7 INFO placement.requestlog [req-85de47d4-f30c-42c3-9961-f85e2081a9e5 req-94bfe8fe-890d-4107-8f57-2fd6f48177cd d4af2d4d0d3c4c29b449fc267c6c0ab2 a5b92589619949fb96afc00bae46c62b - - dab6b41fb80949969b0945af1c32a0ef dab6b41fb80949969b0945af1c32a0ef] 199.204.45.113 "GET /resource_providers/ce0c0708-3522-4bef-9d1f-027286953cfb/allocations" status: 200 len: 238 microversion: 1.0 [pid: 7|app: 0|req: 340/680] 199.204.45.113 () {32 vars in 857 bytes} [Thu Jul 16 17:09:33 2026] GET /resource_providers/ce0c0708-3522-4bef-9d1f-027286953cfb/allocations => generated 238 bytes in 35 msecs (HTTP/1.1 200) 6 headers in 224 bytes (1 switches on core 0)
2026-07-16 17:09:33.157 8 INFO placement.requestlog [req-85de47d4-f30c-42c3-9961-f85e2081a9e5 req-3ebf1f72-381c-4477-bf24-c833320ec681 d4af2d4d0d3c4c29b449fc267c6c0ab2 a5b92589619949fb96afc00bae46c62b - - dab6b41fb80949969b0945af1c32a0ef dab6b41fb80949969b0945af1c32a0ef] 199.204.45.113 "GET /allocations/57fd48d0-200c-4e2e-9e58-f2956cf24184" status: 200 len: 243 microversion: 1.28 [pid: 8|app: 0|req: 341/681] 199.204.45.113 () {34 vars in 863 bytes} [Thu Jul 16 17:09:33 2026] GET /allocations/57fd48d0-200c-4e2e-9e58-f2956cf24184 => generated 243 bytes in 20 msecs (HTTP/1.1 200) 8 headers in 296 bytes (1 switches on core 0)
2026-07-16 17:09:33.190 7 INFO placement.requestlog [req-85de47d4-f30c-42c3-9961-f85e2081a9e5 req-d1eb1dc0-c0a1-4e87-b470-feec47447e8e d4af2d4d0d3c4c29b449fc267c6c0ab2 a5b92589619949fb96afc00bae46c62b - - dab6b41fb80949969b0945af1c32a0ef dab6b41fb80949969b0945af1c32a0ef] 199.204.45.113 "GET /allocations/1b3c16a6-49fe-4d24-bd25-5776ae1110b2" status: 200 len: 257 microversion: 1.28 [pid: 7|app: 0|req: 341/682] 199.204.45.113 () {34 vars in 863 bytes} [Thu Jul 16 17:09:33 2026] GET /allocations/1b3c16a6-49fe-4d24-bd25-5776ae1110b2 => generated 257 bytes in 21 msecs (HTTP/1.1 200) 8 headers in 296 bytes (1 switches on core 0)
2026-07-16 17:09:35.071 8 INFO placement.requestlog [req-d5e4f4f8-b501-4d87-9a3d-bf4887b27a92 req-15875dc5-a0e7-4157-9d05-07a518dbb7a0 d4af2d4d0d3c4c29b449fc267c6c0ab2 a5b92589619949fb96afc00bae46c62b - - dab6b41fb80949969b0945af1c32a0ef dab6b41fb80949969b0945af1c32a0ef] 199.204.45.113 "GET /resource_providers/ce0c0708-3522-4bef-9d1f-027286953cfb/allocations" status: 200 len: 238 microversion: 1.0 [pid: 8|app: 0|req: 342/683] 199.204.45.113 () {32 vars in 857 bytes} [Thu Jul 16 17:09:35 2026] GET /resource_providers/ce0c0708-3522-4bef-9d1f-027286953cfb/allocations => generated 238 bytes in 17 msecs (HTTP/1.1 200) 6 headers in 224 bytes (1 switches on core 0)
2026-07-16 17:09:35.091 7 INFO placement.requestlog [req-d5e4f4f8-b501-4d87-9a3d-bf4887b27a92 req-ace3518c-0e7f-4917-8321-8d268c111469 d4af2d4d0d3c4c29b449fc267c6c0ab2 a5b92589619949fb96afc00bae46c62b - - dab6b41fb80949969b0945af1c32a0ef dab6b41fb80949969b0945af1c32a0ef] 199.204.45.113 "GET /allocations/57fd48d0-200c-4e2e-9e58-f2956cf24184" status: 200 len: 243 microversion: 1.28 [pid: 7|app: 0|req: 342/684] 199.204.45.113 () {34 vars in 863 bytes} [Thu Jul 16 17:09:35 2026] GET /allocations/57fd48d0-200c-4e2e-9e58-f2956cf24184 => generated 243 bytes in 14 msecs (HTTP/1.1 200) 8 headers in 296 bytes (1 switches on core 0)
2026-07-16 17:09:35.122 8 INFO placement.requestlog [req-d5e4f4f8-b501-4d87-9a3d-bf4887b27a92 req-3e6d00c8-df59-433a-b04a-ef19169015ed d4af2d4d0d3c4c29b449fc267c6c0ab2 a5b92589619949fb96afc00bae46c62b - - dab6b41fb80949969b0945af1c32a0ef dab6b41fb80949969b0945af1c32a0ef] 199.204.45.113 "GET /allocations/1b3c16a6-49fe-4d24-bd25-5776ae1110b2" status: 200 len: 257 microversion: 1.28 [pid: 8|app: 0|req: 343/685] 199.204.45.113 () {34 vars in 863 bytes} [Thu Jul 16 17:09:35 2026] GET /allocations/1b3c16a6-49fe-4d24-bd25-5776ae1110b2 => generated 257 bytes in 16 msecs (HTTP/1.1 200) 8 headers in 296 bytes (1 switches on core 0)
2026-07-16 17:09:37.403 7 INFO placement.requestlog [req-939d08bc-e75a-4fd0-a727-53ed4e0c654a req-90394f1e-4569-4f50-abad-3418b850c2b9 d4af2d4d0d3c4c29b449fc267c6c0ab2 a5b92589619949fb96afc00bae46c62b - - dab6b41fb80949969b0945af1c32a0ef dab6b41fb80949969b0945af1c32a0ef] 10.0.0.160 "GET /allocation_candidates?limit=1000&resources=DISK_GB%3A1%2CMEMORY_MB%3A512%2CVCPU%3A1&root_required=%21COMPUTE_STATUS_DISABLED" status: 200 len: 2784 microversion: 1.36 [pid: 7|app: 0|req: 343/686] 10.0.0.160 () {34 vars in 1012 bytes} [Thu Jul 16 17:09:37 2026] GET /allocation_candidates?limit=1000&resources=DISK_GB%3A1%2CMEMORY_MB%3A512%2CVCPU%3A1&root_required=%21COMPUTE_STATUS_DISABLED => generated 2784 bytes in 51 msecs (HTTP/1.1 200) 8 headers in 297 bytes (1 switches on core 0)
2026-07-16 17:09:37.440 8 INFO placement.requestlog [req-939d08bc-e75a-4fd0-a727-53ed4e0c654a req-92b42051-5309-47ef-91f1-9798c65c426a d4af2d4d0d3c4c29b449fc267c6c0ab2 a5b92589619949fb96afc00bae46c62b - - dab6b41fb80949969b0945af1c32a0ef dab6b41fb80949969b0945af1c32a0ef] 10.0.0.160 "GET /allocations/90471152-a488-4e13-944d-701c60f520b7" status: 200 len: 19 microversion: 1.28 [pid: 8|app: 0|req: 344/687] 10.0.0.160 () {34 vars in 861 bytes} [Thu Jul 16 17:09:37 2026] GET /allocations/90471152-a488-4e13-944d-701c60f520b7 => generated 19 bytes in 11 msecs (HTTP/1.1 200) 8 headers in 295 bytes (1 switches on core 0)
2026-07-16 17:09:37.523 7 INFO placement.requestlog [req-939d08bc-e75a-4fd0-a727-53ed4e0c654a req-ba128cd6-64b2-4998-91b5-04fa41c145e5 d4af2d4d0d3c4c29b449fc267c6c0ab2 a5b92589619949fb96afc00bae46c62b - - dab6b41fb80949969b0945af1c32a0ef dab6b41fb80949969b0945af1c32a0ef] 10.0.0.160 "PUT /allocations/90471152-a488-4e13-944d-701c60f520b7" status: 204 len: 0 microversion: 1.36 [pid: 7|app: 0|req: 344/688] 10.0.0.160 () {38 vars in 914 bytes} [Thu Jul 16 17:09:37 2026] PUT /allocations/90471152-a488-4e13-944d-701c60f520b7 => generated 0 bytes in 77 msecs (HTTP/1.1 204) 5 headers in 199 bytes (1 switches on core 0)
2026-07-16 17:09:38.629 8 INFO placement.requestlog [req-d5e4f4f8-b501-4d87-9a3d-bf4887b27a92 req-bec241f0-7543-45e9-b4ed-c9acee846692 d4af2d4d0d3c4c29b449fc267c6c0ab2 a5b92589619949fb96afc00bae46c62b - - dab6b41fb80949969b0945af1c32a0ef dab6b41fb80949969b0945af1c32a0ef] 199.204.45.113 "DELETE /allocations/1b3c16a6-49fe-4d24-bd25-5776ae1110b2" status: 204 len: 0 microversion: 1.0 [pid: 8|app: 0|req: 345/689] 199.204.45.113 () {34 vars in 841 bytes} [Thu Jul 16 17:09:38 2026] DELETE /allocations/1b3c16a6-49fe-4d24-bd25-5776ae1110b2 => generated 0 bytes in 26 msecs (HTTP/1.1 204) 5 headers in 198 bytes (1 switches on core 0)
2026-07-16 17:09:39.028 7 INFO placement.requestlog [req-939d08bc-e75a-4fd0-a727-53ed4e0c654a req-52d469eb-6261-4a06-b019-7eba313bb5a8 d4af2d4d0d3c4c29b449fc267c6c0ab2 a5b92589619949fb96afc00bae46c62b - - dab6b41fb80949969b0945af1c32a0ef dab6b41fb80949969b0945af1c32a0ef] 199.204.45.113 "GET /allocations/90471152-a488-4e13-944d-701c60f520b7" status: 200 len: 257 microversion: 1.28 [pid: 7|app: 0|req: 345/690] 199.204.45.113 () {34 vars in 863 bytes} [Thu Jul 16 17:09:39 2026] GET /allocations/90471152-a488-4e13-944d-701c60f520b7 => generated 257 bytes in 16 msecs (HTTP/1.1 200) 8 headers in 296 bytes (1 switches on core 0)
2026-07-16 17:09:39.852 8 INFO placement.requestlog [None req-2a566b34-1d91-4594-8b05-501de07c2e0c - - - - - -] 10.0.0.184 "GET /" status: 200 len: 136 microversion: 1.0 [pid: 8|app: 0|req: 346/691] 10.0.0.184 () {28 vars in 437 bytes} [Thu Jul 16 17:09:39 2026] GET / => generated 136 bytes in 2 msecs (HTTP/1.1 200) 6 headers in 224 bytes (1 switches on core 0)
2026-07-16 17:09:40.069 8 INFO placement.requestlog [req-939d08bc-e75a-4fd0-a727-53ed4e0c654a req-7fc39466-8fae-4fa5-bc45-0b1510571fe3 d4af2d4d0d3c4c29b449fc267c6c0ab2 a5b92589619949fb96afc00bae46c62b - - dab6b41fb80949969b0945af1c32a0ef dab6b41fb80949969b0945af1c32a0ef] 199.204.45.113 "GET /resource_providers/ce0c0708-3522-4bef-9d1f-027286953cfb/allocations" status: 200 len: 238 microversion: 1.0 [pid: 8|app: 0|req: 347/692] 199.204.45.113 () {32 vars in 857 bytes} [Thu Jul 16 17:09:40 2026] GET /resource_providers/ce0c0708-3522-4bef-9d1f-027286953cfb/allocations => generated 238 bytes in 16 msecs (HTTP/1.1 200) 6 headers in 224 bytes (1 switches on core 0)
2026-07-16 17:09:40.082 8 INFO placement.requestlog [req-939d08bc-e75a-4fd0-a727-53ed4e0c654a req-ccada90f-ba62-4b7c-a41b-22418c6784c8 d4af2d4d0d3c4c29b449fc267c6c0ab2 a5b92589619949fb96afc00bae46c62b - - dab6b41fb80949969b0945af1c32a0ef dab6b41fb80949969b0945af1c32a0ef] 199.204.45.113 "GET /allocations/57fd48d0-200c-4e2e-9e58-f2956cf24184" status: 200 len: 243 microversion: 1.28 [pid: 8|app: 0|req: 348/693] 199.204.45.113 () {34 vars in 863 bytes} [Thu Jul 16 17:09:40 2026] GET /allocations/57fd48d0-200c-4e2e-9e58-f2956cf24184 => generated 243 bytes in 9 msecs (HTTP/1.1 200) 8 headers in 296 bytes (1 switches on core 0)
2026-07-16 17:09:40.105 8 INFO placement.requestlog [req-939d08bc-e75a-4fd0-a727-53ed4e0c654a req-37528a37-5f57-4123-9a00-55cc9195a67b d4af2d4d0d3c4c29b449fc267c6c0ab2 a5b92589619949fb96afc00bae46c62b - - dab6b41fb80949969b0945af1c32a0ef dab6b41fb80949969b0945af1c32a0ef] 199.204.45.113 "GET /allocations/90471152-a488-4e13-944d-701c60f520b7" status: 200 len: 257 microversion: 1.28 [pid: 8|app: 0|req: 349/694] 199.204.45.113 () {34 vars in 863 bytes} [Thu Jul 16 17:09:40 2026] GET /allocations/90471152-a488-4e13-944d-701c60f520b7 => generated 257 bytes in 18 msecs (HTTP/1.1 200) 8 headers in 296 bytes (1 switches on core 0)
2026-07-16 17:09:40.196 7 INFO placement.requestlog [req-a5df3dc1-b619-4875-9c50-5efb52b90ab8 req-ec62a75c-d4c0-4c76-ad77-34ba39842568 d4af2d4d0d3c4c29b449fc267c6c0ab2 a5b92589619949fb96afc00bae46c62b - - dab6b41fb80949969b0945af1c32a0ef dab6b41fb80949969b0945af1c32a0ef] 10.0.0.184 "DELETE /allocations/1b3c16a6-49fe-4d24-bd25-5776ae1110b2" status: 404 len: 228 microversion: 1.0 [pid: 7|app: 0|req: 346/695] 10.0.0.184 () {34 vars in 830 bytes} [Thu Jul 16 17:09:39 2026] DELETE /allocations/1b3c16a6-49fe-4d24-bd25-5776ae1110b2 => generated 228 bytes in 334 msecs (HTTP/1.1 404) 6 headers in 231 bytes (1 switches on core 0)
