Jul 14 01:26:36.005251 np0000185070 nova-conductor[109407]: DEBUG cotyledon.oslo_config_glue [-] vendordata_dynamic_auth.keyfile = None {{(pid=109407) log_opt_values /opt/stack/data/venv/lib/python3.12/site-packages/oslo_config/cfg.py:3253}}
Jul 14 01:26:36.005494 np0000185070 nova-conductor[109407]: DEBUG cotyledon.oslo_config_glue [-] vendordata_dynamic_auth.split_loggers = False {{(pid=109407) log_opt_values /opt/stack/data/venv/lib/python3.12/site-packages/oslo_config/cfg.py:3253}}
Jul 14 01:26:36.005494 np0000185070 nova-conductor[109407]: DEBUG cotyledon.oslo_config_glue [-] vendordata_dynamic_auth.timeout = None {{(pid=109407) log_opt_values /opt/stack/data/venv/lib/python3.12/site-packages/oslo_config/cfg.py:3253}}
Jul 14 01:26:36.005494 np0000185070 nova-conductor[109407]: DEBUG cotyledon.oslo_config_glue [-] vmware.api_retry_count = 10 {{(pid=109407) log_opt_values /opt/stack/data/venv/lib/python3.12/site-packages/oslo_config/cfg.py:3253}}
Jul 14 01:26:36.005494 np0000185070 nova-conductor[109407]: DEBUG cotyledon.oslo_config_glue [-] vmware.ca_file = None {{(pid=109407) log_opt_values /opt/stack/data/venv/lib/python3.12/site-packages/oslo_config/cfg.py:3253}}
Jul 14 01:26:36.005494 np0000185070 nova-conductor[109407]: DEBUG cotyledon.oslo_config_glue [-] vmware.cache_prefix = None {{(pid=109407) log_opt_values /opt/stack/data/venv/lib/python3.12/site-packages/oslo_config/cfg.py:3253}}
Jul 14 01:26:36.005494 np0000185070 nova-conductor[109407]: DEBUG cotyledon.oslo_config_glue [-] vmware.cluster_name = None {{(pid=109407) log_opt_values /opt/stack/data/venv/lib/python3.12/site-packages/oslo_config/cfg.py:3253}}
Jul 14 01:26:36.005494 np0000185070 nova-conductor[109407]: DEBUG cotyledon.oslo_config_glue [-] vmware.connection_pool_size = 10 {{(pid=109407) log_opt_values /opt/stack/data/venv/lib/python3.12/site-packages/oslo_config/cfg.py:3253}}
Jul 14 01:26:36.005494 np0000185070 nova-conductor[109407]: DEBUG cotyledon.oslo_config_glue [-] vmware.console_delay_seconds = None {{(pid=109407) log_opt_values /opt/stack/data/venv/lib/python3.12/site-packages/oslo_config/cfg.py:3253}}
Jul 14 01:26:36.005494 np0000185070 nova-conductor[109407]: DEBUG cotyledon.oslo_config_glue [-] vmware.datastore_regex = None {{(pid=109407) log_opt_values /opt/stack/data/venv/lib/python3.12/site-packages/oslo_config/cfg.py:3253}}
Jul 14 01:26:36.005740 np0000185070 nova-conductor[109407]: DEBUG cotyledon.oslo_config_glue [-] vmware.host_ip = None {{(pid=109407) log_opt_values /opt/stack/data/venv/lib/python3.12/site-packages/oslo_config/cfg.py:3253}}
Jul 14 01:26:36.005740 np0000185070 nova-conductor[109407]: DEBUG cotyledon.oslo_config_glue [-] vmware.host_password = **** {{(pid=109407) log_opt_values /opt/stack/data/venv/lib/python3.12/site-packages/oslo_config/cfg.py:3253}}
Jul 14 01:26:36.005740 np0000185070 nova-conductor[109407]: DEBUG cotyledon.oslo_config_glue [-] vmware.host_port = 443 {{(pid=109407) log_opt_values /opt/stack/data/venv/lib/python3.12/site-packages/oslo_config/cfg.py:3253}}
Jul 14 01:26:36.005740 np0000185070 nova-conductor[109407]: DEBUG cotyledon.oslo_config_glue [-] vmware.host_username = None {{(pid=109407) log_opt_values /opt/stack/data/venv/lib/python3.12/site-packages/oslo_config/cfg.py:3253}}
Jul 14 01:26:36.005740 np0000185070 nova-conductor[109407]: DEBUG cotyledon.oslo_config_glue [-] vmware.insecure = False {{(pid=109407) log_opt_values /opt/stack/data/venv/lib/python3.12/site-packages/oslo_config/cfg.py:3253}}
Jul 14 01:26:36.005740 np0000185070 nova-conductor[109407]: DEBUG cotyledon.oslo_config_glue [-] vmware.integration_bridge = None {{(pid=109407) log_opt_values /opt/stack/data/venv/lib/python3.12/site-packages/oslo_config/cfg.py:3253}}
Jul 14 01:26:36.005740 np0000185070 nova-conductor[109407]: DEBUG cotyledon.oslo_config_glue [-] vmware.maximum_objects = 100 {{(pid=109407) log_opt_values /opt/stack/data/venv/lib/python3.12/site-packages/oslo_config/cfg.py:3253}}
Jul 14 01:26:36.005740 np0000185070 nova-conductor[109407]: DEBUG cotyledon.oslo_config_glue [-] vmware.pbm_default_policy = None {{(pid=109407) log_opt_values /opt/stack/data/venv/lib/python3.12/site-packages/oslo_config/cfg.py:3253}}
Jul 14 01:26:36.005740 np0000185070 nova-conductor[109407]: DEBUG cotyledon.oslo_config_glue [-] vmware.pbm_enabled = False {{(pid=109407) log_opt_values /opt/stack/data/venv/lib/python3.12/site-packages/oslo_config/cfg.py:3253}}
Jul 14 01:26:36.006002 np0000185070 nova-conductor[109407]: DEBUG cotyledon.oslo_config_glue [-] vmware.pbm_wsdl_location = None {{(pid=109407) log_opt_values /opt/stack/data/venv/lib/python3.12/site-packages/oslo_config/cfg.py:3253}}
Jul 14 01:26:36.006002 np0000185070 nova-conductor[109407]: DEBUG cotyledon.oslo_config_glue [-] vmware.serial_log_dir = /opt/vmware/vspc {{(pid=109407) log_opt_values /opt/stack/data/venv/lib/python3.12/site-packages/oslo_config/cfg.py:3253}}
Jul 14 01:26:36.006002 np0000185070 nova-conductor[109407]: DEBUG cotyledon.oslo_config_glue [-] vmware.serial_port_proxy_uri = None {{(pid=109407) log_opt_values /opt/stack/data/venv/lib/python3.12/site-packages/oslo_config/cfg.py:3253}}
Jul 14 01:26:36.006002 np0000185070 nova-conductor[109407]: DEBUG cotyledon.oslo_config_glue [-] vmware.serial_port_service_uri = None {{(pid=109407) log_opt_values /opt/stack/data/venv/lib/python3.12/site-packages/oslo_config/cfg.py:3253}}
Jul 14 01:26:36.006002 np0000185070 nova-conductor[109407]: DEBUG cotyledon.oslo_config_glue [-] vmware.task_poll_interval = 0.5 {{(pid=109407) log_opt_values /opt/stack/data/venv/lib/python3.12/site-packages/oslo_config/cfg.py:3253}}
Jul 14 01:26:36.006002 np0000185070 nova-conductor[109407]: DEBUG cotyledon.oslo_config_glue [-] vmware.use_linked_clone = True {{(pid=109407) log_opt_values /opt/stack/data/venv/lib/python3.12/site-packages/oslo_config/cfg.py:3253}}
Jul 14 01:26:36.006002 np0000185070 nova-conductor[109407]: DEBUG cotyledon.oslo_config_glue [-] vmware.vnc_keymap = en-us {{(pid=109407) log_opt_values /opt/stack/data/venv/lib/python3.12/site-packages/oslo_config/cfg.py:3253}}
Jul 14 01:26:36.006002 np0000185070 nova-conductor[109407]: DEBUG cotyledon.oslo_config_glue [-] vmware.vnc_port = 5900 {{(pid=109407) log_opt_values /opt/stack/data/venv/lib/python3.12/site-packages/oslo_config/cfg.py:3253}}
Jul 14 01:26:36.006002 np0000185070 nova-conductor[109407]: DEBUG cotyledon.oslo_config_glue [-] vmware.vnc_port_total = 10000 {{(pid=109407) log_opt_values /opt/stack/data/venv/lib/python3.12/site-packages/oslo_config/cfg.py:3253}}
Jul 14 01:26:36.006222 np0000185070 nova-conductor[109407]: DEBUG cotyledon.oslo_config_glue [-] vnc.auth_schemes = ['none'] {{(pid=109407) log_opt_values /opt/stack/data/venv/lib/python3.12/site-packages/oslo_config/cfg.py:3253}}
Jul 14 01:26:36.006222 np0000185070 nova-conductor[109407]: DEBUG cotyledon.oslo_config_glue [-] vnc.enabled = True {{(pid=109407) log_opt_values /opt/stack/data/venv/lib/python3.12/site-packages/oslo_config/cfg.py:3253}}
Jul 14 01:26:36.006222 np0000185070 nova-conductor[109407]: DEBUG cotyledon.oslo_config_glue [-] vnc.novncproxy_base_url = http://127.0.0.1:6080/vnc_auto.html {{(pid=109407) log_opt_values /opt/stack/data/venv/lib/python3.12/site-packages/oslo_config/cfg.py:3253}}
Jul 14 01:26:36.006222 np0000185070 nova-conductor[109407]: DEBUG cotyledon.oslo_config_glue [-] vnc.novncproxy_host = 0.0.0.0 {{(pid=109407) log_opt_values /opt/stack/data/venv/lib/python3.12/site-packages/oslo_config/cfg.py:3253}}
Jul 14 01:26:36.006222 np0000185070 nova-conductor[109407]: DEBUG cotyledon.oslo_config_glue [-] vnc.novncproxy_port = 6080 {{(pid=109407) log_opt_values /opt/stack/data/venv/lib/python3.12/site-packages/oslo_config/cfg.py:3253}}
Jul 14 01:26:36.006222 np0000185070 nova-conductor[109407]: DEBUG cotyledon.oslo_config_glue [-] vnc.server_listen = 127.0.0.1 {{(pid=109407) log_opt_values /opt/stack/data/venv/lib/python3.12/site-packages/oslo_config/cfg.py:3253}}
Jul 14 01:26:36.006222 np0000185070 nova-conductor[109407]: DEBUG cotyledon.oslo_config_glue [-] vnc.server_proxyclient_address = 127.0.0.1 {{(pid=109407) log_opt_values /opt/stack/data/venv/lib/python3.12/site-packages/oslo_config/cfg.py:3253}}
Jul 14 01:26:36.006222 np0000185070 nova-conductor[109407]: DEBUG cotyledon.oslo_config_glue [-] vnc.vencrypt_ca_certs = None {{(pid=109407) log_opt_values /opt/stack/data/venv/lib/python3.12/site-packages/oslo_config/cfg.py:3253}}
Jul 14 01:26:36.006222 np0000185070 nova-conductor[109407]: DEBUG cotyledon.oslo_config_glue [-] vnc.vencrypt_client_cert = None {{(pid=109407) log_opt_values /opt/stack/data/venv/lib/python3.12/site-packages/oslo_config/cfg.py:3253}}
Jul 14 01:26:36.006458 np0000185070 nova-conductor[109407]: DEBUG cotyledon.oslo_config_glue [-] vnc.vencrypt_client_key = None {{(pid=109407) log_opt_values /opt/stack/data/venv/lib/python3.12/site-packages/oslo_config/cfg.py:3253}}
Jul 14 01:26:36.006458 np0000185070 nova-conductor[109407]: DEBUG cotyledon.oslo_config_glue [-] workarounds.disable_compute_service_check_for_ffu = False {{(pid=109407) log_opt_values /opt/stack/data/venv/lib/python3.12/site-packages/oslo_config/cfg.py:3253}}
Jul 14 01:26:36.006458 np0000185070 nova-conductor[109407]: DEBUG cotyledon.oslo_config_glue [-] workarounds.disable_deep_image_inspection = False {{(pid=109407) log_opt_values /opt/stack/data/venv/lib/python3.12/site-packages/oslo_config/cfg.py:3253}}
Jul 14 01:26:36.006458 np0000185070 nova-conductor[109407]: DEBUG cotyledon.oslo_config_glue [-] workarounds.disable_fallback_pcpu_query = False {{(pid=109407) log_opt_values /opt/stack/data/venv/lib/python3.12/site-packages/oslo_config/cfg.py:3253}}
Jul 14 01:26:36.006458 np0000185070 nova-conductor[109407]: DEBUG cotyledon.oslo_config_glue [-] workarounds.disable_group_policy_check_upcall = False {{(pid=109407) log_opt_values /opt/stack/data/venv/lib/python3.12/site-packages/oslo_config/cfg.py:3253}}
Jul 14 01:26:36.006458 np0000185070 nova-conductor[109407]: DEBUG cotyledon.oslo_config_glue [-] workarounds.disable_libvirt_livesnapshot = False {{(pid=109407) log_opt_values /opt/stack/data/venv/lib/python3.12/site-packages/oslo_config/cfg.py:3253}}
Jul 14 01:26:36.006458 np0000185070 nova-conductor[109407]: DEBUG cotyledon.oslo_config_glue [-] workarounds.disable_rootwrap = False {{(pid=109407) log_opt_values /opt/stack/data/venv/lib/python3.12/site-packages/oslo_config/cfg.py:3253}}
Jul 14 01:26:36.006458 np0000185070 nova-conductor[109407]: DEBUG cotyledon.oslo_config_glue [-] workarounds.enable_numa_live_migration = False {{(pid=109407) log_opt_values /opt/stack/data/venv/lib/python3.12/site-packages/oslo_config/cfg.py:3253}}
Jul 14 01:26:36.006458 np0000185070 nova-conductor[109407]: DEBUG cotyledon.oslo_config_glue [-] workarounds.enable_qemu_monitor_announce_self = False {{(pid=109407) log_opt_values /opt/stack/data/venv/lib/python3.12/site-packages/oslo_config/cfg.py:3253}}
Jul 14 01:26:36.006665 np0000185070 nova-conductor[109407]: DEBUG cotyledon.oslo_config_glue [-] workarounds.ensure_libvirt_rbd_instance_dir_cleanup = False {{(pid=109407) log_opt_values /opt/stack/data/venv/lib/python3.12/site-packages/oslo_config/cfg.py:3253}}
Jul 14 01:26:36.006665 np0000185070 nova-conductor[109407]: DEBUG cotyledon.oslo_config_glue [-] workarounds.handle_virt_lifecycle_events = True {{(pid=109407) log_opt_values /opt/stack/data/venv/lib/python3.12/site-packages/oslo_config/cfg.py:3253}}
Jul 14 01:26:36.006665 np0000185070 nova-conductor[109407]: DEBUG cotyledon.oslo_config_glue [-] workarounds.libvirt_disable_apic = False {{(pid=109407) log_opt_values /opt/stack/data/venv/lib/python3.12/site-packages/oslo_config/cfg.py:3253}}
Jul 14 01:26:36.006665 np0000185070 nova-conductor[109407]: DEBUG cotyledon.oslo_config_glue [-] workarounds.never_download_image_if_on_rbd = False {{(pid=109407) log_opt_values /opt/stack/data/venv/lib/python3.12/site-packages/oslo_config/cfg.py:3253}}
Jul 14 01:26:36.006665 np0000185070 nova-conductor[109407]: DEBUG cotyledon.oslo_config_glue [-] workarounds.qemu_monitor_announce_self_count = 3 {{(pid=109407) log_opt_values /opt/stack/data/venv/lib/python3.12/site-packages/oslo_config/cfg.py:3253}}
Jul 14 01:26:36.006665 np0000185070 nova-conductor[109407]: DEBUG cotyledon.oslo_config_glue [-] workarounds.qemu_monitor_announce_self_interval = 1 {{(pid=109407) log_opt_values /opt/stack/data/venv/lib/python3.12/site-packages/oslo_config/cfg.py:3253}}
Jul 14 01:26:36.006665 np0000185070 nova-conductor[109407]: DEBUG cotyledon.oslo_config_glue [-] workarounds.reserve_disk_resource_for_image_cache = False {{(pid=109407) log_opt_values /opt/stack/data/venv/lib/python3.12/site-packages/oslo_config/cfg.py:3253}}
Jul 14 01:26:36.006665 np0000185070 nova-conductor[109407]: DEBUG cotyledon.oslo_config_glue [-] workarounds.skip_cpu_compare_at_startup = False {{(pid=109407) log_opt_values /opt/stack/data/venv/lib/python3.12/site-packages/oslo_config/cfg.py:3253}}
Jul 14 01:26:36.006665 np0000185070 nova-conductor[109407]: DEBUG cotyledon.oslo_config_glue [-] workarounds.skip_cpu_compare_on_dest = False {{(pid=109407) log_opt_values /opt/stack/data/venv/lib/python3.12/site-packages/oslo_config/cfg.py:3253}}
Jul 14 01:26:36.006973 np0000185070 nova-conductor[109407]: DEBUG cotyledon.oslo_config_glue [-] workarounds.skip_hypervisor_version_check_on_lm = False {{(pid=109407) log_opt_values /opt/stack/data/venv/lib/python3.12/site-packages/oslo_config/cfg.py:3253}}
Jul 14 01:26:36.006973 np0000185070 nova-conductor[109407]: DEBUG cotyledon.oslo_config_glue [-] workarounds.skip_reserve_in_use_ironic_nodes = False {{(pid=109407) log_opt_values /opt/stack/data/venv/lib/python3.12/site-packages/oslo_config/cfg.py:3253}}
Jul 14 01:26:36.006973 np0000185070 nova-conductor[109407]: DEBUG cotyledon.oslo_config_glue [-] workarounds.unified_limits_count_pcpu_as_vcpu = False {{(pid=109407) log_opt_values /opt/stack/data/venv/lib/python3.12/site-packages/oslo_config/cfg.py:3253}}
Jul 14 01:26:36.006973 np0000185070 nova-conductor[109407]: DEBUG cotyledon.oslo_config_glue [-] workarounds.wait_for_vif_plugged_event_during_hard_reboot = [] {{(pid=109407) log_opt_values /opt/stack/data/venv/lib/python3.12/site-packages/oslo_config/cfg.py:3253}}
Jul 14 01:26:36.006973 np0000185070 nova-conductor[109407]: DEBUG cotyledon.oslo_config_glue [-] wsgi.api_paste_config = /etc/nova/api-paste.ini {{(pid=109407) log_opt_values /opt/stack/data/venv/lib/python3.12/site-packages/oslo_config/cfg.py:3253}}
Jul 14 01:26:36.006973 np0000185070 nova-conductor[109407]: DEBUG cotyledon.oslo_config_glue [-] wsgi.secure_proxy_ssl_header = None {{(pid=109407) log_opt_values /opt/stack/data/venv/lib/python3.12/site-packages/oslo_config/cfg.py:3253}}
Jul 14 01:26:36.006973 np0000185070 nova-conductor[109407]: DEBUG cotyledon.oslo_config_glue [-] zvm.ca_file = None {{(pid=109407) log_opt_values /opt/stack/data/venv/lib/python3.12/site-packages/oslo_config/cfg.py:3253}}
Jul 14 01:26:36.006973 np0000185070 nova-conductor[109407]: DEBUG cotyledon.oslo_config_glue [-] zvm.cloud_connector_url = None {{(pid=109407) log_opt_values /opt/stack/data/venv/lib/python3.12/site-packages/oslo_config/cfg.py:3253}}
Jul 14 01:26:36.007236 np0000185070 nova-conductor[109398]: INFO dbcounter [None req-a996f5d3-fd08-4970-9717-04943497a95e None None] Registered counter for database nova_cell0
Jul 14 01:26:36.007274 np0000185070 nova-conductor[109407]: DEBUG cotyledon.oslo_config_glue [-] zvm.image_tmp_path = /opt/stack/data/nova/images {{(pid=109407) log_opt_values /opt/stack/data/venv/lib/python3.12/site-packages/oslo_config/cfg.py:3253}}
Jul 14 01:26:36.007274 np0000185070 nova-conductor[109407]: DEBUG cotyledon.oslo_config_glue [-] zvm.reachable_timeout = 300 {{(pid=109407) log_opt_values /opt/stack/data/venv/lib/python3.12/site-packages/oslo_config/cfg.py:3253}}
Jul 14 01:26:36.007274 np0000185070 nova-conductor[109407]: DEBUG cotyledon.oslo_config_glue [-] oslo_versionedobjects.fatal_exception_format_errors = False {{(pid=109407) log_opt_values /opt/stack/data/venv/lib/python3.12/site-packages/oslo_config/cfg.py:3253}}
Jul 14 01:26:36.007274 np0000185070 nova-conductor[109407]: DEBUG cotyledon.oslo_config_glue [-] oslo_middleware.http_basic_auth_user_file = /etc/htpasswd {{(pid=109407) log_opt_values /opt/stack/data/venv/lib/python3.12/site-packages/oslo_config/cfg.py:3253}}
Jul 14 01:26:36.007274 np0000185070 nova-conductor[109407]: DEBUG cotyledon.oslo_config_glue [-] profiler.connection_string = messaging:// {{(pid=109407) log_opt_values /opt/stack/data/venv/lib/python3.12/site-packages/oslo_config/cfg.py:3253}}
Jul 14 01:26:36.007274 np0000185070 nova-conductor[109407]: DEBUG cotyledon.oslo_config_glue [-] profiler.enabled = False {{(pid=109407) log_opt_values /opt/stack/data/venv/lib/python3.12/site-packages/oslo_config/cfg.py:3253}}
Jul 14 01:26:36.007274 np0000185070 nova-conductor[109407]: DEBUG cotyledon.oslo_config_glue [-] profiler.es_doc_type = notification {{(pid=109407) log_opt_values /opt/stack/data/venv/lib/python3.12/site-packages/oslo_config/cfg.py:3253}}
Jul 14 01:26:36.007274 np0000185070 nova-conductor[109407]: DEBUG cotyledon.oslo_config_glue [-] profiler.es_scroll_size = 10000 {{(pid=109407) log_opt_values /opt/stack/data/venv/lib/python3.12/site-packages/oslo_config/cfg.py:3253}}
Jul 14 01:26:36.007274 np0000185070 nova-conductor[109407]: DEBUG cotyledon.oslo_config_glue [-] profiler.es_scroll_time = 2m {{(pid=109407) log_opt_values /opt/stack/data/venv/lib/python3.12/site-packages/oslo_config/cfg.py:3253}}
Jul 14 01:26:36.007557 np0000185070 nova-conductor[109407]: DEBUG cotyledon.oslo_config_glue [-] profiler.filter_error_trace = False {{(pid=109407) log_opt_values /opt/stack/data/venv/lib/python3.12/site-packages/oslo_config/cfg.py:3253}}
Jul 14 01:26:36.007557 np0000185070 nova-conductor[109407]: DEBUG cotyledon.oslo_config_glue [-] profiler.hmac_keys = **** {{(pid=109407) log_opt_values /opt/stack/data/venv/lib/python3.12/site-packages/oslo_config/cfg.py:3253}}
Jul 14 01:26:36.007557 np0000185070 nova-conductor[109407]: DEBUG cotyledon.oslo_config_glue [-] profiler.sentinel_service_name = mymaster {{(pid=109407) log_opt_values /opt/stack/data/venv/lib/python3.12/site-packages/oslo_config/cfg.py:3253}}
Jul 14 01:26:36.007557 np0000185070 nova-conductor[109407]: DEBUG cotyledon.oslo_config_glue [-] profiler.socket_timeout = 0.1 {{(pid=109407) log_opt_values /opt/stack/data/venv/lib/python3.12/site-packages/oslo_config/cfg.py:3253}}
Jul 14 01:26:36.007557 np0000185070 nova-conductor[109407]: DEBUG cotyledon.oslo_config_glue [-] profiler.trace_requests = False {{(pid=109407) log_opt_values /opt/stack/data/venv/lib/python3.12/site-packages/oslo_config/cfg.py:3253}}
Jul 14 01:26:36.007557 np0000185070 nova-conductor[109407]: DEBUG cotyledon.oslo_config_glue [-] profiler.trace_sqlalchemy = False {{(pid=109407) log_opt_values /opt/stack/data/venv/lib/python3.12/site-packages/oslo_config/cfg.py:3253}}
Jul 14 01:26:36.007557 np0000185070 nova-conductor[109407]: DEBUG cotyledon.oslo_config_glue [-] profiler_jaeger.process_tags = {} {{(pid=109407) log_opt_values /opt/stack/data/venv/lib/python3.12/site-packages/oslo_config/cfg.py:3253}}
Jul 14 01:26:36.007557 np0000185070 nova-conductor[109407]: DEBUG cotyledon.oslo_config_glue [-] profiler_jaeger.service_name_prefix = None {{(pid=109407) log_opt_values /opt/stack/data/venv/lib/python3.12/site-packages/oslo_config/cfg.py:3253}}
Jul 14 01:26:36.007557 np0000185070 nova-conductor[109407]: DEBUG cotyledon.oslo_config_glue [-] profiler_otlp.service_name_prefix = None {{(pid=109407) log_opt_values /opt/stack/data/venv/lib/python3.12/site-packages/oslo_config/cfg.py:3253}}
Jul 14 01:26:36.007800 np0000185070 nova-conductor[109407]: DEBUG cotyledon.oslo_config_glue [-] oslo_messaging_rabbit.amqp_auto_delete = False {{(pid=109407) log_opt_values /opt/stack/data/venv/lib/python3.12/site-packages/oslo_config/cfg.py:3253}}
Jul 14 01:26:36.007800 np0000185070 nova-conductor[109407]: DEBUG cotyledon.oslo_config_glue [-] oslo_messaging_rabbit.amqp_durable_queues = False {{(pid=109407) log_opt_values /opt/stack/data/venv/lib/python3.12/site-packages/oslo_config/cfg.py:3253}}
Jul 14 01:26:36.007800 np0000185070 nova-conductor[109407]: DEBUG cotyledon.oslo_config_glue [-] oslo_messaging_rabbit.conn_pool_min_size = 2 {{(pid=109407) log_opt_values /opt/stack/data/venv/lib/python3.12/site-packages/oslo_config/cfg.py:3253}}
Jul 14 01:26:36.007800 np0000185070 nova-conductor[109407]: DEBUG cotyledon.oslo_config_glue [-] oslo_messaging_rabbit.conn_pool_ttl = 1200 {{(pid=109407) log_opt_values /opt/stack/data/venv/lib/python3.12/site-packages/oslo_config/cfg.py:3253}}
Jul 14 01:26:36.007800 np0000185070 nova-conductor[109407]: DEBUG cotyledon.oslo_config_glue [-] oslo_messaging_rabbit.direct_mandatory_flag = True {{(pid=109407) log_opt_values /opt/stack/data/venv/lib/python3.12/site-packages/oslo_config/cfg.py:3253}}
Jul 14 01:26:36.007800 np0000185070 nova-conductor[109407]: DEBUG cotyledon.oslo_config_glue [-] oslo_messaging_rabbit.enable_cancel_on_failover = False {{(pid=109407) log_opt_values /opt/stack/data/venv/lib/python3.12/site-packages/oslo_config/cfg.py:3253}}
Jul 14 01:26:36.007800 np0000185070 nova-conductor[109407]: DEBUG cotyledon.oslo_config_glue [-] oslo_messaging_rabbit.heartbeat_rate = 3 {{(pid=109407) log_opt_values /opt/stack/data/venv/lib/python3.12/site-packages/oslo_config/cfg.py:3253}}
Jul 14 01:26:36.007800 np0000185070 nova-conductor[109407]: DEBUG cotyledon.oslo_config_glue [-] oslo_messaging_rabbit.heartbeat_timeout_threshold = 60 {{(pid=109407) log_opt_values /opt/stack/data/venv/lib/python3.12/site-packages/oslo_config/cfg.py:3253}}
Jul 14 01:26:36.007800 np0000185070 nova-conductor[109407]: DEBUG cotyledon.oslo_config_glue [-] oslo_messaging_rabbit.hostname = np0000185070 {{(pid=109407) log_opt_values /opt/stack/data/venv/lib/python3.12/site-packages/oslo_config/cfg.py:3253}}
Jul 14 01:26:36.008027 np0000185070 nova-conductor[109407]: DEBUG cotyledon.oslo_config_glue [-] oslo_messaging_rabbit.kombu_compression = None {{(pid=109407) log_opt_values /opt/stack/data/venv/lib/python3.12/site-packages/oslo_config/cfg.py:3253}}
Jul 14 01:26:36.008027 np0000185070 nova-conductor[109407]: DEBUG cotyledon.oslo_config_glue [-] oslo_messaging_rabbit.kombu_failover_strategy = round-robin {{(pid=109407) log_opt_values /opt/stack/data/venv/lib/python3.12/site-packages/oslo_config/cfg.py:3253}}
Jul 14 01:26:36.008027 np0000185070 nova-conductor[109407]: DEBUG cotyledon.oslo_config_glue [-] oslo_messaging_rabbit.kombu_missing_consumer_retry_timeout = 60 {{(pid=109407) log_opt_values /opt/stack/data/venv/lib/python3.12/site-packages/oslo_config/cfg.py:3253}}
Jul 14 01:26:36.008027 np0000185070 nova-conductor[109407]: DEBUG cotyledon.oslo_config_glue [-] oslo_messaging_rabbit.kombu_reconnect_delay = 1.0 {{(pid=109407) log_opt_values /opt/stack/data/venv/lib/python3.12/site-packages/oslo_config/cfg.py:3253}}
Jul 14 01:26:36.008027 np0000185070 nova-conductor[109407]: DEBUG cotyledon.oslo_config_glue [-] oslo_messaging_rabbit.kombu_reconnect_splay = 0.0 {{(pid=109407) log_opt_values /opt/stack/data/venv/lib/python3.12/site-packages/oslo_config/cfg.py:3253}}
Jul 14 01:26:36.008027 np0000185070 nova-conductor[109407]: DEBUG cotyledon.oslo_config_glue [-] oslo_messaging_rabbit.processname = nova-conductor {{(pid=109407) log_opt_values /opt/stack/data/venv/lib/python3.12/site-packages/oslo_config/cfg.py:3253}}
Jul 14 01:26:36.008027 np0000185070 nova-conductor[109407]: DEBUG cotyledon.oslo_config_glue [-] oslo_messaging_rabbit.rabbit_ha_queues = False {{(pid=109407) log_opt_values /opt/stack/data/venv/lib/python3.12/site-packages/oslo_config/cfg.py:3253}}
Jul 14 01:26:36.008027 np0000185070 nova-conductor[109407]: DEBUG cotyledon.oslo_config_glue [-] oslo_messaging_rabbit.rabbit_interval_max = 30 {{(pid=109407) log_opt_values /opt/stack/data/venv/lib/python3.12/site-packages/oslo_config/cfg.py:3253}}
Jul 14 01:26:36.008228 np0000185070 nova-conductor[109407]: DEBUG cotyledon.oslo_config_glue [-] oslo_messaging_rabbit.rabbit_login_method = AMQPLAIN {{(pid=109407) log_opt_values /opt/stack/data/venv/lib/python3.12/site-packages/oslo_config/cfg.py:3253}}
Jul 14 01:26:36.008228 np0000185070 nova-conductor[109407]: DEBUG cotyledon.oslo_config_glue [-] oslo_messaging_rabbit.rabbit_qos_prefetch_count = 0 {{(pid=109407) log_opt_values /opt/stack/data/venv/lib/python3.12/site-packages/oslo_config/cfg.py:3253}}
Jul 14 01:26:36.008228 np0000185070 nova-conductor[109407]: DEBUG cotyledon.oslo_config_glue [-] oslo_messaging_rabbit.rabbit_quorum_delivery_limit = 0 {{(pid=109407) log_opt_values /opt/stack/data/venv/lib/python3.12/site-packages/oslo_config/cfg.py:3253}}
Jul 14 01:26:36.008228 np0000185070 nova-conductor[109407]: DEBUG cotyledon.oslo_config_glue [-] oslo_messaging_rabbit.rabbit_quorum_max_memory_bytes = 0 {{(pid=109407) log_opt_values /opt/stack/data/venv/lib/python3.12/site-packages/oslo_config/cfg.py:3253}}
Jul 14 01:26:36.008228 np0000185070 nova-conductor[109407]: DEBUG cotyledon.oslo_config_glue [-] oslo_messaging_rabbit.rabbit_quorum_max_memory_length = 0 {{(pid=109407) log_opt_values /opt/stack/data/venv/lib/python3.12/site-packages/oslo_config/cfg.py:3253}}
Jul 14 01:26:36.008228 np0000185070 nova-conductor[109407]: DEBUG cotyledon.oslo_config_glue [-] oslo_messaging_rabbit.rabbit_quorum_queue = False {{(pid=109407) log_opt_values /opt/stack/data/venv/lib/python3.12/site-packages/oslo_config/cfg.py:3253}}
Jul 14 01:26:36.008228 np0000185070 nova-conductor[109407]: DEBUG cotyledon.oslo_config_glue [-] oslo_messaging_rabbit.rabbit_retry_backoff = 2 {{(pid=109407) log_opt_values /opt/stack/data/venv/lib/python3.12/site-packages/oslo_config/cfg.py:3253}}
Jul 14 01:26:36.008228 np0000185070 nova-conductor[109407]: DEBUG cotyledon.oslo_config_glue [-] oslo_messaging_rabbit.rabbit_retry_interval = 1 {{(pid=109407) log_opt_values /opt/stack/data/venv/lib/python3.12/site-packages/oslo_config/cfg.py:3253}}
Jul 14 01:26:36.008426 np0000185070 nova-conductor[109407]: DEBUG cotyledon.oslo_config_glue [-] oslo_messaging_rabbit.rabbit_stream_fanout = False {{(pid=109407) log_opt_values /opt/stack/data/venv/lib/python3.12/site-packages/oslo_config/cfg.py:3253}}
Jul 14 01:26:36.008426 np0000185070 nova-conductor[109407]: DEBUG cotyledon.oslo_config_glue [-] oslo_messaging_rabbit.rabbit_transient_queues_ttl = 1800 {{(pid=109407) log_opt_values /opt/stack/data/venv/lib/python3.12/site-packages/oslo_config/cfg.py:3253}}
Jul 14 01:26:36.008426 np0000185070 nova-conductor[109407]: DEBUG cotyledon.oslo_config_glue [-] oslo_messaging_rabbit.rabbit_transient_quorum_queue = False {{(pid=109407) log_opt_values /opt/stack/data/venv/lib/python3.12/site-packages/oslo_config/cfg.py:3253}}
Jul 14 01:26:36.008426 np0000185070 nova-conductor[109407]: DEBUG cotyledon.oslo_config_glue [-] oslo_messaging_rabbit.rpc_conn_pool_size = 30 {{(pid=109407) log_opt_values /opt/stack/data/venv/lib/python3.12/site-packages/oslo_config/cfg.py:3253}}
Jul 14 01:26:36.008426 np0000185070 nova-conductor[109407]: DEBUG cotyledon.oslo_config_glue [-] oslo_messaging_rabbit.ssl = False {{(pid=109407) log_opt_values /opt/stack/data/venv/lib/python3.12/site-packages/oslo_config/cfg.py:3253}}
Jul 14 01:26:36.008426 np0000185070 nova-conductor[109407]: DEBUG cotyledon.oslo_config_glue [-] oslo_messaging_rabbit.ssl_ca_file = {{(pid=109407) log_opt_values /opt/stack/data/venv/lib/python3.12/site-packages/oslo_config/cfg.py:3253}}
Jul 14 01:26:36.008590 np0000185070 nova-conductor[109381]: DEBUG oslo_db.sqlalchemy.engines [None req-bdc7f6e8-2865-48a1-aa96-c4256ac89e85 None None] MySQL server mode set to STRICT_TRANS_TABLES,STRICT_ALL_TABLES,NO_ZERO_IN_DATE,NO_ZERO_DATE,ERROR_FOR_DIVISION_BY_ZERO,TRADITIONAL,NO_ENGINE_SUBSTITUTION {{(pid=109381) _check_effective_sql_mode /opt/stack/data/venv/lib/python3.12/site-packages/oslo_db/sqlalchemy/engines.py:325}}
Jul 14 01:26:36.008624 np0000185070 nova-conductor[109407]: DEBUG cotyledon.oslo_config_glue [-] oslo_messaging_rabbit.ssl_cert_file = {{(pid=109407) log_opt_values /opt/stack/data/venv/lib/python3.12/site-packages/oslo_config/cfg.py:3253}}
Jul 14 01:26:36.008624 np0000185070 nova-conductor[109407]: DEBUG cotyledon.oslo_config_glue [-] oslo_messaging_rabbit.ssl_enforce_fips_mode = False {{(pid=109407) log_opt_values /opt/stack/data/venv/lib/python3.12/site-packages/oslo_config/cfg.py:3253}}
Jul 14 01:26:36.008624 np0000185070 nova-conductor[109407]: DEBUG cotyledon.oslo_config_glue [-] oslo_messaging_rabbit.ssl_enforce_hostname_verification = True {{(pid=109407) log_opt_values /opt/stack/data/venv/lib/python3.12/site-packages/oslo_config/cfg.py:3253}}
Jul 14 01:26:36.008624 np0000185070 nova-conductor[109407]: DEBUG cotyledon.oslo_config_glue [-] oslo_messaging_rabbit.ssl_key_file = {{(pid=109407) log_opt_values /opt/stack/data/venv/lib/python3.12/site-packages/oslo_config/cfg.py:3253}}
Jul 14 01:26:36.008624 np0000185070 nova-conductor[109407]: DEBUG cotyledon.oslo_config_glue [-] oslo_messaging_rabbit.ssl_version = {{(pid=109407) log_opt_values /opt/stack/data/venv/lib/python3.12/site-packages/oslo_config/cfg.py:3253}}
Jul 14 01:26:36.008624 np0000185070 nova-conductor[109407]: DEBUG cotyledon.oslo_config_glue [-] oslo_messaging_rabbit.use_queue_manager = False {{(pid=109407) log_opt_values /opt/stack/data/venv/lib/python3.12/site-packages/oslo_config/cfg.py:3253}}
Jul 14 01:26:36.008624 np0000185070 nova-conductor[109407]: DEBUG cotyledon.oslo_config_glue [-] oslo_messaging_notifications.driver = ['messagingv2'] {{(pid=109407) log_opt_values /opt/stack/data/venv/lib/python3.12/site-packages/oslo_config/cfg.py:3253}}
Jul 14 01:26:36.008624 np0000185070 nova-conductor[109407]: DEBUG cotyledon.oslo_config_glue [-] oslo_messaging_notifications.retry = -1 {{(pid=109407) log_opt_values /opt/stack/data/venv/lib/python3.12/site-packages/oslo_config/cfg.py:3253}}
Jul 14 01:26:36.008624 np0000185070 nova-conductor[109407]: DEBUG cotyledon.oslo_config_glue [-] oslo_messaging_notifications.topics = ['notifications'] {{(pid=109407) log_opt_values /opt/stack/data/venv/lib/python3.12/site-packages/oslo_config/cfg.py:3253}}
Jul 14 01:26:36.008864 np0000185070 nova-conductor[109407]: DEBUG cotyledon.oslo_config_glue [-] oslo_messaging_notifications.transport_url = **** {{(pid=109407) log_opt_values /opt/stack/data/venv/lib/python3.12/site-packages/oslo_config/cfg.py:3253}}
Jul 14 01:26:36.008864 np0000185070 nova-conductor[109407]: DEBUG cotyledon.oslo_config_glue [-] oslo_limit.auth_section = None {{(pid=109407) log_opt_values /opt/stack/data/venv/lib/python3.12/site-packages/oslo_config/cfg.py:3253}}
Jul 14 01:26:36.008864 np0000185070 nova-conductor[109407]: DEBUG cotyledon.oslo_config_glue [-] oslo_limit.auth_type = None {{(pid=109407) log_opt_values /opt/stack/data/venv/lib/python3.12/site-packages/oslo_config/cfg.py:3253}}
Jul 14 01:26:36.008864 np0000185070 nova-conductor[109407]: DEBUG cotyledon.oslo_config_glue [-] oslo_limit.cafile = None {{(pid=109407) log_opt_values /opt/stack/data/venv/lib/python3.12/site-packages/oslo_config/cfg.py:3253}}
Jul 14 01:26:36.008864 np0000185070 nova-conductor[109407]: DEBUG cotyledon.oslo_config_glue [-] oslo_limit.certfile = None {{(pid=109407) log_opt_values /opt/stack/data/venv/lib/python3.12/site-packages/oslo_config/cfg.py:3253}}
Jul 14 01:26:36.008864 np0000185070 nova-conductor[109407]: DEBUG cotyledon.oslo_config_glue [-] oslo_limit.collect_timing = False {{(pid=109407) log_opt_values /opt/stack/data/venv/lib/python3.12/site-packages/oslo_config/cfg.py:3253}}
Jul 14 01:26:36.008864 np0000185070 nova-conductor[109407]: DEBUG cotyledon.oslo_config_glue [-] oslo_limit.connect_retries = None {{(pid=109407) log_opt_values /opt/stack/data/venv/lib/python3.12/site-packages/oslo_config/cfg.py:3253}}
Jul 14 01:26:36.008864 np0000185070 nova-conductor[109407]: DEBUG cotyledon.oslo_config_glue [-] oslo_limit.connect_retry_delay = None {{(pid=109407) log_opt_values /opt/stack/data/venv/lib/python3.12/site-packages/oslo_config/cfg.py:3253}}
Jul 14 01:26:36.008864 np0000185070 nova-conductor[109407]: DEBUG cotyledon.oslo_config_glue [-] oslo_limit.endpoint_id = None {{(pid=109407) log_opt_values /opt/stack/data/venv/lib/python3.12/site-packages/oslo_config/cfg.py:3253}}
Jul 14 01:26:36.009090 np0000185070 nova-conductor[109407]: DEBUG cotyledon.oslo_config_glue [-] oslo_limit.endpoint_interface = public {{(pid=109407) log_opt_values /opt/stack/data/venv/lib/python3.12/site-packages/oslo_config/cfg.py:3253}}
Jul 14 01:26:36.009090 np0000185070 nova-conductor[109407]: DEBUG cotyledon.oslo_config_glue [-] oslo_limit.endpoint_override = None {{(pid=109407) log_opt_values /opt/stack/data/venv/lib/python3.12/site-packages/oslo_config/cfg.py:3253}}
Jul 14 01:26:36.009090 np0000185070 nova-conductor[109407]: DEBUG cotyledon.oslo_config_glue [-] oslo_limit.endpoint_region_name = None {{(pid=109407) log_opt_values /opt/stack/data/venv/lib/python3.12/site-packages/oslo_config/cfg.py:3253}}
Jul 14 01:26:36.009090 np0000185070 nova-conductor[109407]: DEBUG cotyledon.oslo_config_glue [-] oslo_limit.endpoint_service_name = None {{(pid=109407) log_opt_values /opt/stack/data/venv/lib/python3.12/site-packages/oslo_config/cfg.py:3253}}
Jul 14 01:26:36.009090 np0000185070 nova-conductor[109407]: DEBUG cotyledon.oslo_config_glue [-] oslo_limit.endpoint_service_type = None {{(pid=109407) log_opt_values /opt/stack/data/venv/lib/python3.12/site-packages/oslo_config/cfg.py:3253}}
Jul 14 01:26:36.009090 np0000185070 nova-conductor[109407]: DEBUG cotyledon.oslo_config_glue [-] oslo_limit.insecure = False {{(pid=109407) log_opt_values /opt/stack/data/venv/lib/python3.12/site-packages/oslo_config/cfg.py:3253}}
Jul 14 01:26:36.009090 np0000185070 nova-conductor[109407]: DEBUG cotyledon.oslo_config_glue [-] oslo_limit.keyfile = None {{(pid=109407) log_opt_values /opt/stack/data/venv/lib/python3.12/site-packages/oslo_config/cfg.py:3253}}
Jul 14 01:26:36.009090 np0000185070 nova-conductor[109407]: DEBUG cotyledon.oslo_config_glue [-] oslo_limit.max_version = None {{(pid=109407) log_opt_values /opt/stack/data/venv/lib/python3.12/site-packages/oslo_config/cfg.py:3253}}
Jul 14 01:26:36.009090 np0000185070 nova-conductor[109407]: DEBUG cotyledon.oslo_config_glue [-] oslo_limit.min_version = None {{(pid=109407) log_opt_values /opt/stack/data/venv/lib/python3.12/site-packages/oslo_config/cfg.py:3253}}
Jul 14 01:26:36.009307 np0000185070 nova-conductor[109407]: DEBUG cotyledon.oslo_config_glue [-] oslo_limit.region_name = None {{(pid=109407) log_opt_values /opt/stack/data/venv/lib/python3.12/site-packages/oslo_config/cfg.py:3253}}
Jul 14 01:26:36.009307 np0000185070 nova-conductor[109407]: DEBUG cotyledon.oslo_config_glue [-] oslo_limit.retriable_status_codes = None {{(pid=109407) log_opt_values /opt/stack/data/venv/lib/python3.12/site-packages/oslo_config/cfg.py:3253}}
Jul 14 01:26:36.009307 np0000185070 nova-conductor[109407]: DEBUG cotyledon.oslo_config_glue [-] oslo_limit.service_name = None {{(pid=109407) log_opt_values /opt/stack/data/venv/lib/python3.12/site-packages/oslo_config/cfg.py:3253}}
Jul 14 01:26:36.009307 np0000185070 nova-conductor[109407]: DEBUG cotyledon.oslo_config_glue [-] oslo_limit.service_type = None {{(pid=109407) log_opt_values /opt/stack/data/venv/lib/python3.12/site-packages/oslo_config/cfg.py:3253}}
Jul 14 01:26:36.009307 np0000185070 nova-conductor[109407]: DEBUG cotyledon.oslo_config_glue [-] oslo_limit.split_loggers = False {{(pid=109407) log_opt_values /opt/stack/data/venv/lib/python3.12/site-packages/oslo_config/cfg.py:3253}}
Jul 14 01:26:36.009307 np0000185070 nova-conductor[109407]: DEBUG cotyledon.oslo_config_glue [-] oslo_limit.status_code_retries = None {{(pid=109407) log_opt_values /opt/stack/data/venv/lib/python3.12/site-packages/oslo_config/cfg.py:3253}}
Jul 14 01:26:36.009307 np0000185070 nova-conductor[109407]: DEBUG cotyledon.oslo_config_glue [-] oslo_limit.status_code_retry_delay = None {{(pid=109407) log_opt_values /opt/stack/data/venv/lib/python3.12/site-packages/oslo_config/cfg.py:3253}}
Jul 14 01:26:36.009307 np0000185070 nova-conductor[109407]: DEBUG cotyledon.oslo_config_glue [-] oslo_limit.timeout = None {{(pid=109407) log_opt_values /opt/stack/data/venv/lib/python3.12/site-packages/oslo_config/cfg.py:3253}}
Jul 14 01:26:36.009307 np0000185070 nova-conductor[109407]: DEBUG cotyledon.oslo_config_glue [-] oslo_limit.valid_interfaces = None {{(pid=109407) log_opt_values /opt/stack/data/venv/lib/python3.12/site-packages/oslo_config/cfg.py:3253}}
Jul 14 01:26:36.009525 np0000185070 nova-conductor[109407]: DEBUG cotyledon.oslo_config_glue [-] oslo_limit.version = None {{(pid=109407) log_opt_values /opt/stack/data/venv/lib/python3.12/site-packages/oslo_config/cfg.py:3253}}
Jul 14 01:26:36.009525 np0000185070 nova-conductor[109407]: DEBUG cotyledon.oslo_config_glue [-] oslo_reports.file_event_handler = None {{(pid=109407) log_opt_values /opt/stack/data/venv/lib/python3.12/site-packages/oslo_config/cfg.py:3253}}
Jul 14 01:26:36.009525 np0000185070 nova-conductor[109407]: DEBUG cotyledon.oslo_config_glue [-] oslo_reports.file_event_handler_interval = 1 {{(pid=109407) log_opt_values /opt/stack/data/venv/lib/python3.12/site-packages/oslo_config/cfg.py:3253}}
Jul 14 01:26:36.009525 np0000185070 nova-conductor[109407]: DEBUG cotyledon.oslo_config_glue [-] oslo_reports.log_dir = None {{(pid=109407) log_opt_values /opt/stack/data/venv/lib/python3.12/site-packages/oslo_config/cfg.py:3253}}
Jul 14 01:26:36.009525 np0000185070 nova-conductor[109407]: DEBUG cotyledon.oslo_config_glue [-] ******************************************************************************** {{(pid=109407) log_opt_values /opt/stack/data/venv/lib/python3.12/site-packages/oslo_config/cfg.py:3260}}
Jul 14 01:26:36.009525 np0000185070 nova-conductor[109407]: DEBUG cotyledon._service_worker [-] Run service ServiceWrapper(3) [109407] {{(pid=109407) wait_forever /opt/stack/data/venv/lib/python3.12/site-packages/cotyledon/_service_worker.py:218}}
Jul 14 01:26:36.009525 np0000185070 nova-conductor[109407]: INFO nova.service [-] Starting conductor node (version 33.1.0)
Jul 14 01:26:36.009766 np0000185070 nova-conductor[109381]: DEBUG dbcounter [-] [109381] Writer thread running {{(pid=109381) stat_writer /opt/stack/data/venv/lib/python3.12/site-packages/dbcounter.py:102}}
Jul 14 01:26:36.009836 np0000185070 nova-conductor[109407]: INFO dbcounter [None req-439af0eb-4ee3-49ec-9edf-e230965a24dc None None] Registered counter for database nova_cell0
Jul 14 01:26:36.011501 np0000185070 nova-conductor[109392]: DEBUG oslo_db.sqlalchemy.engines [None req-8e847715-6c7f-48a9-89d6-67b035314a4a None None] MySQL server mode set to STRICT_TRANS_TABLES,STRICT_ALL_TABLES,NO_ZERO_IN_DATE,NO_ZERO_DATE,ERROR_FOR_DIVISION_BY_ZERO,TRADITIONAL,NO_ENGINE_SUBSTITUTION {{(pid=109392) _check_effective_sql_mode /opt/stack/data/venv/lib/python3.12/site-packages/oslo_db/sqlalchemy/engines.py:325}}
Jul 14 01:26:36.022507 np0000185070 nova-conductor[109381]: DEBUG nova.service [None req-bdc7f6e8-2865-48a1-aa96-c4256ac89e85 None None] Creating RPC server for service: nova-conductor on topic: conductor {{(pid=109381) start /opt/stack/nova/nova/service.py:196}}
Jul 14 01:26:36.026897 np0000185070 nova-conductor[109392]: DEBUG dbcounter [-] [109392] Writer thread running {{(pid=109392) stat_writer /opt/stack/data/venv/lib/python3.12/site-packages/dbcounter.py:102}}
Jul 14 01:26:36.065505 np0000185070 nova-conductor[109392]: DEBUG nova.service [None req-8e847715-6c7f-48a9-89d6-67b035314a4a None None] Creating RPC server for service: nova-conductor on topic: conductor {{(pid=109392) start /opt/stack/nova/nova/service.py:196}}
Jul 14 01:26:36.071734 np0000185070 nova-conductor[109407]: DEBUG oslo_db.sqlalchemy.engines [None req-439af0eb-4ee3-49ec-9edf-e230965a24dc None None] MySQL server mode set to STRICT_TRANS_TABLES,STRICT_ALL_TABLES,NO_ZERO_IN_DATE,NO_ZERO_DATE,ERROR_FOR_DIVISION_BY_ZERO,TRADITIONAL,NO_ENGINE_SUBSTITUTION {{(pid=109407) _check_effective_sql_mode /opt/stack/data/venv/lib/python3.12/site-packages/oslo_db/sqlalchemy/engines.py:325}}
Jul 14 01:26:36.076531 np0000185070 nova-conductor[109381]: DEBUG nova.service [None req-bdc7f6e8-2865-48a1-aa96-c4256ac89e85 None None] Join ServiceGroup membership for this service conductor {{(pid=109381) start /opt/stack/nova/nova/service.py:222}}
Jul 14 01:26:36.076704 np0000185070 nova-conductor[109381]: DEBUG nova.servicegroup.drivers.db [None req-bdc7f6e8-2865-48a1-aa96-c4256ac89e85 None None] DB_Driver: join new ServiceGroup member np0000185070 to the conductor group, service = {{(pid=109381) join /opt/stack/nova/nova/servicegroup/drivers/db.py:44}}
Jul 14 01:26:36.081754 np0000185070 nova-conductor[109398]: DEBUG oslo_db.sqlalchemy.engines [None req-a996f5d3-fd08-4970-9717-04943497a95e None None] MySQL server mode set to STRICT_TRANS_TABLES,STRICT_ALL_TABLES,NO_ZERO_IN_DATE,NO_ZERO_DATE,ERROR_FOR_DIVISION_BY_ZERO,TRADITIONAL,NO_ENGINE_SUBSTITUTION {{(pid=109398) _check_effective_sql_mode /opt/stack/data/venv/lib/python3.12/site-packages/oslo_db/sqlalchemy/engines.py:325}}
Jul 14 01:26:36.083645 np0000185070 nova-conductor[109392]: DEBUG nova.service [None req-8e847715-6c7f-48a9-89d6-67b035314a4a None None] Join ServiceGroup membership for this service conductor {{(pid=109392) start /opt/stack/nova/nova/service.py:222}}
Jul 14 01:26:36.083910 np0000185070 nova-conductor[109392]: DEBUG nova.servicegroup.drivers.db [None req-8e847715-6c7f-48a9-89d6-67b035314a4a None None] DB_Driver: join new ServiceGroup member np0000185070 to the conductor group, service = {{(pid=109392) join /opt/stack/nova/nova/servicegroup/drivers/db.py:44}}
Jul 14 01:26:36.083968 np0000185070 nova-conductor[109407]: DEBUG dbcounter [-] [109407] Writer thread running {{(pid=109407) stat_writer /opt/stack/data/venv/lib/python3.12/site-packages/dbcounter.py:102}}
Jul 14 01:26:36.088255 np0000185070 nova-conductor[109407]: DEBUG nova.service [None req-439af0eb-4ee3-49ec-9edf-e230965a24dc None None] Creating RPC server for service: nova-conductor on topic: conductor {{(pid=109407) start /opt/stack/nova/nova/service.py:196}}
Jul 14 01:26:36.096843 np0000185070 nova-conductor[109398]: DEBUG dbcounter [-] [109398] Writer thread running {{(pid=109398) stat_writer /opt/stack/data/venv/lib/python3.12/site-packages/dbcounter.py:102}}
Jul 14 01:26:36.100417 np0000185070 nova-conductor[109398]: DEBUG nova.service [None req-a996f5d3-fd08-4970-9717-04943497a95e None None] Creating RPC server for service: nova-conductor on topic: conductor {{(pid=109398) start /opt/stack/nova/nova/service.py:196}}
Jul 14 01:26:36.114349 np0000185070 nova-conductor[109407]: DEBUG nova.service [None req-439af0eb-4ee3-49ec-9edf-e230965a24dc None None] Join ServiceGroup membership for this service conductor {{(pid=109407) start /opt/stack/nova/nova/service.py:222}}
Jul 14 01:26:36.114633 np0000185070 nova-conductor[109407]: DEBUG nova.servicegroup.drivers.db [None req-439af0eb-4ee3-49ec-9edf-e230965a24dc None None] DB_Driver: join new ServiceGroup member np0000185070 to the conductor group, service = {{(pid=109407) join /opt/stack/nova/nova/servicegroup/drivers/db.py:44}}
Jul 14 01:26:36.119709 np0000185070 nova-conductor[109398]: DEBUG nova.service [None req-a996f5d3-fd08-4970-9717-04943497a95e None None] Join ServiceGroup membership for this service conductor {{(pid=109398) start /opt/stack/nova/nova/service.py:222}}
Jul 14 01:26:36.119972 np0000185070 nova-conductor[109398]: DEBUG nova.servicegroup.drivers.db [None req-a996f5d3-fd08-4970-9717-04943497a95e None None] DB_Driver: join new ServiceGroup member np0000185070 to the conductor group, service = {{(pid=109398) join /opt/stack/nova/nova/servicegroup/drivers/db.py:44}}
Jul 14 01:26:41.102142 np0000185070 nova-conductor[109381]: DEBUG oslo.service.backend._threading.loopingcall [-] Fixed interval looping call 'nova.servicegroup.drivers.db.DbDriver._report_state' sleeping for 119.98 seconds {{(pid=109381) _run_loop /opt/stack/data/venv/lib/python3.12/site-packages/oslo_service/backend/_threading/loopingcall.py:125}}
Jul 14 01:26:41.103843 np0000185070 nova-conductor[109392]: DEBUG oslo.service.backend._threading.loopingcall [-] Fixed interval looping call 'nova.servicegroup.drivers.db.DbDriver._report_state' sleeping for 119.98 seconds {{(pid=109392) _run_loop /opt/stack/data/venv/lib/python3.12/site-packages/oslo_service/backend/_threading/loopingcall.py:125}}
Jul 14 01:26:41.128982 np0000185070 nova-conductor[109407]: DEBUG oslo.service.backend._threading.loopingcall [-] Fixed interval looping call 'nova.servicegroup.drivers.db.DbDriver._report_state' sleeping for 119.99 seconds {{(pid=109407) _run_loop /opt/stack/data/venv/lib/python3.12/site-packages/oslo_service/backend/_threading/loopingcall.py:125}}
Jul 14 01:26:41.176288 np0000185070 nova-conductor[109398]: DEBUG oslo.service.backend._threading.loopingcall [-] Fixed interval looping call 'nova.servicegroup.drivers.db.DbDriver._report_state' sleeping for 119.98 seconds {{(pid=109398) _run_loop /opt/stack/data/venv/lib/python3.12/site-packages/oslo_service/backend/_threading/loopingcall.py:125}}
Jul 14 01:26:44.588577 np0000185070 nova-conductor[108652]: DEBUG dbcounter [-] [108652] Writing DB stats nova_api:SELECT=1 {{(pid=108652) stat_writer /opt/stack/data/venv/lib/python3.12/site-packages/dbcounter.py:115}}
Jul 14 01:26:44.732200 np0000185070 nova-conductor[108652]: DEBUG dbcounter [-] [108652] Writing DB stats nova_cell0:SELECT=1 {{(pid=108652) stat_writer /opt/stack/data/venv/lib/python3.12/site-packages/dbcounter.py:115}}
Jul 14 01:26:44.738089 np0000185070 nova-conductor[108652]: DEBUG dbcounter [-] [108652] Writing DB stats nova_cell1:SELECT=1 {{(pid=108652) stat_writer /opt/stack/data/venv/lib/python3.12/site-packages/dbcounter.py:115}}
Jul 14 01:26:47.122951 np0000185070 nova-conductor[109398]: DEBUG oslo.service.backend._threading.loopingcall [None req-9d514f39-3038-423c-86ae-832c47bc6101 None None] Dynamic interval looping call 'nova.service.Service.periodic_tasks' sleeping for 60.00 seconds {{(pid=109398) _run_loop /opt/stack/data/venv/lib/python3.12/site-packages/oslo_service/backend/_threading/loopingcall.py:125}}
Jul 14 01:26:48.086997 np0000185070 nova-conductor[109392]: DEBUG oslo.service.backend._threading.loopingcall [None req-fc32742b-876e-498f-9c73-2d455eb58693 None None] Dynamic interval looping call 'nova.service.Service.periodic_tasks' sleeping for 60.00 seconds {{(pid=109392) _run_loop /opt/stack/data/venv/lib/python3.12/site-packages/oslo_service/backend/_threading/loopingcall.py:125}}
Jul 14 01:26:51.092677 np0000185070 nova-conductor[109381]: DEBUG dbcounter [-] [109381] Writing DB stats nova_cell0:SELECT=4,nova_cell0:INSERT=1,nova_cell0:UPDATE=1 {{(pid=109381) stat_writer /opt/stack/data/venv/lib/python3.12/site-packages/dbcounter.py:115}}
Jul 14 01:26:51.099067 np0000185070 nova-conductor[109392]: DEBUG dbcounter [-] [109392] Writing DB stats nova_cell0:SELECT=3,nova_cell0:UPDATE=1 {{(pid=109392) stat_writer /opt/stack/data/venv/lib/python3.12/site-packages/dbcounter.py:115}}
Jul 14 01:26:51.159453 np0000185070 nova-conductor[109407]: DEBUG dbcounter [-] [109407] Writing DB stats nova_cell0:SELECT=3 {{(pid=109407) stat_writer /opt/stack/data/venv/lib/python3.12/site-packages/dbcounter.py:115}}
Jul 14 01:26:51.172993 np0000185070 nova-conductor[109398]: DEBUG dbcounter [-] [109398] Writing DB stats nova_cell0:SELECT=3 {{(pid=109398) stat_writer /opt/stack/data/venv/lib/python3.12/site-packages/dbcounter.py:115}}
Jul 14 01:27:09.079748 np0000185070 nova-conductor[109381]: DEBUG oslo.service.backend._threading.loopingcall [None req-9ce33189-c6df-4507-8dab-92c9d8663c5d None None] Dynamic interval looping call 'nova.service.Service.periodic_tasks' sleeping for 60.00 seconds {{(pid=109381) _run_loop /opt/stack/data/venv/lib/python3.12/site-packages/oslo_service/backend/_threading/loopingcall.py:125}}
Jul 14 01:27:31.119294 np0000185070 nova-conductor[109407]: DEBUG oslo.service.backend._threading.loopingcall [None req-390bbf69-3635-4cf2-bf84-6e5983b1a310 None None] Dynamic interval looping call 'nova.service.Service.periodic_tasks' sleeping for 60.00 seconds {{(pid=109407) _run_loop /opt/stack/data/venv/lib/python3.12/site-packages/oslo_service/backend/_threading/loopingcall.py:125}}
Jul 14 01:27:47.124061 np0000185070 nova-conductor[109398]: DEBUG oslo.service.backend._threading.loopingcall [None req-9d514f39-3038-423c-86ae-832c47bc6101 None None] Dynamic interval looping call 'nova.service.Service.periodic_tasks' sleeping for 60.00 seconds {{(pid=109398) _run_loop /opt/stack/data/venv/lib/python3.12/site-packages/oslo_service/backend/_threading/loopingcall.py:125}}
Jul 14 01:27:48.087981 np0000185070 nova-conductor[109392]: DEBUG oslo.service.backend._threading.loopingcall [None req-fc32742b-876e-498f-9c73-2d455eb58693 None None] Dynamic interval looping call 'nova.service.Service.periodic_tasks' sleeping for 60.00 seconds {{(pid=109392) _run_loop /opt/stack/data/venv/lib/python3.12/site-packages/oslo_service/backend/_threading/loopingcall.py:125}}
Jul 14 01:28:09.080819 np0000185070 nova-conductor[109381]: DEBUG oslo.service.backend._threading.loopingcall [None req-9ce33189-c6df-4507-8dab-92c9d8663c5d None None] Dynamic interval looping call 'nova.service.Service.periodic_tasks' sleeping for 60.00 seconds {{(pid=109381) _run_loop /opt/stack/data/venv/lib/python3.12/site-packages/oslo_service/backend/_threading/loopingcall.py:125}}
Jul 14 01:28:31.120000 np0000185070 nova-conductor[109407]: DEBUG oslo.service.backend._threading.loopingcall [None req-390bbf69-3635-4cf2-bf84-6e5983b1a310 None None] Dynamic interval looping call 'nova.service.Service.periodic_tasks' sleeping for 60.00 seconds {{(pid=109407) _run_loop /opt/stack/data/venv/lib/python3.12/site-packages/oslo_service/backend/_threading/loopingcall.py:125}}
