+ COMMAND=start + start + for KEYSTONE_WSGI_SCRIPT in keystone-wsgi-public ++ type -p keystone-wsgi-public + cp -a /var/lib/openstack/bin/keystone-wsgi-public /var/www/cgi-bin/keystone/ + '[' -f /etc/apache2/envvars ']' + source /etc/apache2/envvars ++ unset HOME ++ '[' '' '!=' '' ']' ++ SUFFIX= ++ export APACHE_RUN_USER=www-data ++ APACHE_RUN_USER=www-data ++ export APACHE_RUN_GROUP=www-data ++ APACHE_RUN_GROUP=www-data ++ export APACHE_PID_FILE=/var/run/apache2/apache2.pid ++ APACHE_PID_FILE=/var/run/apache2/apache2.pid ++ export APACHE_RUN_DIR=/var/run/apache2 ++ APACHE_RUN_DIR=/var/run/apache2 ++ export APACHE_LOCK_DIR=/var/lock/apache2 ++ APACHE_LOCK_DIR=/var/lock/apache2 ++ export APACHE_LOG_DIR=/var/log/apache2 ++ APACHE_LOG_DIR=/var/log/apache2 ++ export LANG=C ++ LANG=C ++ export LANG + '[' -f /var/run/apache2/apache2.pid ']' + exec apache2 -DFOREGROUND AH00558: apache2: Could not reliably determine the server's fully qualified domain name, using 10.0.0.59. Set the 'ServerName' directive globally to suppress this message AH00558: apache2: Could not reliably determine the server's fully qualified domain name, using 10.0.0.59. Set the 'ServerName' directive globally to suppress this message
[Tue Jul 21 21:06:39.863238 2026] [mpm_event:notice] [pid 1:tid 140343389996928] AH00489: Apache/2.4.58 (Ubuntu) mod_wsgi/5.0.0 Python/3.12 configured -- resuming normal operations
[Tue Jul 21 21:06:39.863392 2026] [core:notice] [pid 1:tid 140343389996928] AH00094: Command line: 'apache2 -D FOREGROUND'
[Tue Jul 21 21:07:35.258443 2026] [wsgi:error] [pid 10:tid 140342752175808] /var/lib/openstack/lib/python3.12/site-packages/oslo_utils/importutils.py:77: EventletDeprecationWarning:
[Tue Jul 21 21:07:35.258487 2026] [wsgi:error] [pid 10:tid 140342752175808] Eventlet is deprecated. It is currently being maintained in bugfix mode, and
[Tue Jul 21 21:07:35.258489 2026] [wsgi:error] [pid 10:tid 140342752175808] we strongly recommend against using it for new projects.
[Tue Jul 21 21:07:35.258491 2026] [wsgi:error] [pid 10:tid 140342752175808]
[Tue Jul 21 21:07:35.258492 2026] [wsgi:error] [pid 10:tid 140342752175808] If you are already using Eventlet, we recommend migrating to a different
[Tue Jul 21 21:07:35.258493 2026] [wsgi:error] [pid 10:tid 140342752175808] framework. For more detail see
[Tue Jul 21 21:07:35.258494 2026] [wsgi:error] [pid 10:tid 140342752175808] https://eventlet.readthedocs.io/en/latest/asyncio/migration.html
[Tue Jul 21 21:07:35.258495 2026] [wsgi:error] [pid 10:tid 140342752175808]
[Tue Jul 21 21:07:35.258496 2026] [wsgi:error] [pid 10:tid 140342752175808] __import__(import_str)
[Tue Jul 21 21:07:35.291333 2026] [wsgi:error] [pid 11:tid 140342752175808] /var/lib/openstack/lib/python3.12/site-packages/oslo_utils/importutils.py:77: EventletDeprecationWarning:
[Tue Jul 21 21:07:35.291378 2026] [wsgi:error] [pid 11:tid 140342752175808] Eventlet is deprecated. It is currently being maintained in bugfix mode, and
[Tue Jul 21 21:07:35.291380 2026] [wsgi:error] [pid 11:tid 140342752175808] we strongly recommend against using it for new projects.
[Tue Jul 21 21:07:35.291382 2026] [wsgi:error] [pid 11:tid 140342752175808]
[Tue Jul 21 21:07:35.291383 2026] [wsgi:error] [pid 11:tid 140342752175808] If you are already using Eventlet, we recommend migrating to a different
[Tue Jul 21 21:07:35.291385 2026] [wsgi:error] [pid 11:tid 140342752175808] framework. For more detail see
[Tue Jul 21 21:07:35.291387 2026] [wsgi:error] [pid 11:tid 140342752175808] https://eventlet.readthedocs.io/en/latest/asyncio/migration.html
[Tue Jul 21 21:07:35.291389 2026] [wsgi:error] [pid 11:tid 140342752175808]
[Tue Jul 21 21:07:35.291390 2026] [wsgi:error] [pid 11:tid 140342752175808] __import__(import_str) 10.0.0.64 - - [21/Jul/2026:21:07:34 +0000] "GET /v3/ HTTP/1.1" 200 249 10.0.0.64 - - [21/Jul/2026:21:07:34 +0000] "GET /v3/ HTTP/1.1" 200 249
[Tue Jul 21 21:07:48.096757 2026] [wsgi:error] [pid 12:tid 140342752175808] /var/lib/openstack/lib/python3.12/site-packages/oslo_utils/importutils.py:77: EventletDeprecationWarning:
[Tue Jul 21 21:07:48.096803 2026] [wsgi:error] [pid 12:tid 140342752175808] Eventlet is deprecated. It is currently being maintained in bugfix mode, and
[Tue Jul 21 21:07:48.096805 2026] [wsgi:error] [pid 12:tid 140342752175808] we strongly recommend against using it for new projects.
[Tue Jul 21 21:07:48.096806 2026] [wsgi:error] [pid 12:tid 140342752175808]
[Tue Jul 21 21:07:48.096807 2026] [wsgi:error] [pid 12:tid 140342752175808] If you are already using Eventlet, we recommend migrating to a different
[Tue Jul 21 21:07:48.096808 2026] [wsgi:error] [pid 12:tid 140342752175808] framework. For more detail see
[Tue Jul 21 21:07:48.096809 2026] [wsgi:error] [pid 12:tid 140342752175808] https://eventlet.readthedocs.io/en/latest/asyncio/migration.html
[Tue Jul 21 21:07:48.096811 2026] [wsgi:error] [pid 12:tid 140342752175808]
[Tue Jul 21 21:07:48.096812 2026] [wsgi:error] [pid 12:tid 140342752175808] __import__(import_str) 10.0.0.33 - - [21/Jul/2026:21:07:47 +0000] "GET / HTTP/1.1" 300 295
[Tue Jul 21 21:07:53.716911 2026] [wsgi:error] [pid 9:tid 140342752175808] /var/lib/openstack/lib/python3.12/site-packages/oslo_utils/importutils.py:77: EventletDeprecationWarning:
[Tue Jul 21 21:07:53.716948 2026] [wsgi:error] [pid 9:tid 140342752175808] Eventlet is deprecated. It is currently being maintained in bugfix mode, and
[Tue Jul 21 21:07:53.716950 2026] [wsgi:error] [pid 9:tid 140342752175808] we strongly recommend against using it for new projects.
[Tue Jul 21 21:07:53.716952 2026] [wsgi:error] [pid 9:tid 140342752175808]
[Tue Jul 21 21:07:53.716953 2026] [wsgi:error] [pid 9:tid 140342752175808] If you are already using Eventlet, we recommend migrating to a different
[Tue Jul 21 21:07:53.716954 2026] [wsgi:error] [pid 9:tid 140342752175808] framework. For more detail see
[Tue Jul 21 21:07:53.716955 2026] [wsgi:error] [pid 9:tid 140342752175808] https://eventlet.readthedocs.io/en/latest/asyncio/migration.html
[Tue Jul 21 21:07:53.716956 2026] [wsgi:error] [pid 9:tid 140342752175808]
[Tue Jul 21 21:07:53.716957 2026] [wsgi:error] [pid 9:tid 140342752175808] __import__(import_str)
[Tue Jul 21 21:07:58.582133 2026] [wsgi:error] [pid 9:tid 140342752175808] [remote 10.0.0.33:38804] 2026-07-21 21:07:58.579 9 WARNING keystone.identity.core [None req-a6c5d74c-5a5c-45e7-80ae-4ea6f1638d72 - - - - - -] Invalid domain name (atmosphere) found in config file name: keystone.exception.DomainNotFound: Could not find domain: atmosphere.
[Tue Jul 21 21:07:58.634509 2026] [wsgi:error] [pid 9:tid 140342752175808] [remote 10.0.0.33:38804] 2026-07-21 21:07:58.634 9 WARNING keystone.common.password_hashing [None req-a6c5d74c-5a5c-45e7-80ae-4ea6f1638d72 - - - - - -] Truncating password to algorithm specific maximum length 72 characters.
[Tue Jul 21 21:07:58.932500 2026] [wsgi:error] [pid 9:tid 140342752175808] [remote 10.0.0.33:38804] 2026-07-21 21:07:58.932 9 WARNING keystone.common.fernet_utils [None req-a6c5d74c-5a5c-45e7-80ae-4ea6f1638d72 - - - - - -] key_repository is world readable: /etc/keystone/fernet-keys/ 10.0.0.33 - - [21/Jul/2026:21:07:52 +0000] "POST /v3/auth/tokens HTTP/1.1" 201 1360
[Tue Jul 21 21:07:59.329097 2026] [wsgi:error] [pid 10:tid 140342752175808] [remote 10.0.0.33:38804] 2026-07-21 21:07:59.325 10 WARNING keystone.identity.core [None req-c4cac57e-01a5-4eaf-8236-3326abfbdfaa - - - - - -] Invalid domain name (atmosphere) found in config file name: keystone.exception.DomainNotFound: Could not find domain: atmosphere. 10.0.0.33 - - [21/Jul/2026:21:07:59 +0000] "POST /v3/domains HTTP/1.1" 201 261 10.0.0.117 - - [21/Jul/2026:21:08:11 +0000] "GET / HTTP/1.1" 300 295
[Tue Jul 21 21:08:12.016502 2026] [wsgi:error] [pid 12:tid 140342752175808] [remote 10.0.0.117:53198] 2026-07-21 21:08:12.015 12 WARNING keystone.common.password_hashing [None req-f266bdfc-ede3-45b2-b567-d1eaa63898ca - - - - - -] Truncating password to algorithm specific maximum length 72 characters.
[Tue Jul 21 21:08:12.318608 2026] [wsgi:error] [pid 12:tid 140342752175808] [remote 10.0.0.117:53198] 2026-07-21 21:08:12.318 12 WARNING keystone.common.fernet_utils [None req-f266bdfc-ede3-45b2-b567-d1eaa63898ca - - - - - -] key_repository is world readable: /etc/keystone/fernet-keys/ 10.0.0.117 - - [21/Jul/2026:21:08:11 +0000] "POST /v3/auth/tokens HTTP/1.1" 201 1360 10.0.0.117 - - [21/Jul/2026:21:08:12 +0000] "GET /v3/roles/admin HTTP/1.1" 404 83
[Tue Jul 21 21:08:12.596429 2026] [wsgi:error] [pid 10:tid 140342752175808] [remote 10.0.0.117:53198] 2026-07-21 21:08:12.596 10 WARNING keystone.common.rbac_enforcer.enforcer [None req-e450a2f5-e98b-4b5a-91d7-56334cf63baf b301b20987dc4b2e9d4f1362791f198b 587678d19e2a45f894bdcb261b692ff9 - - default default] Deprecated policy rules found. Use oslopolicy-policy-generator and oslopolicy-policy-upgrade to detect and resolve deprecated policies in your configuration. 10.0.0.117 - - [21/Jul/2026:21:08:12 +0000] "GET /v3/roles?name=admin HTTP/1.1" 200 389
[Tue Jul 21 21:08:13.129160 2026] [wsgi:error] [pid 11:tid 140342752175808] [remote 10.0.0.117:53198] 2026-07-21 21:08:13.128 11 WARNING keystone.common.rbac_enforcer.enforcer [None req-526e9fbe-5228-416c-99f0-f02546242ac8 b301b20987dc4b2e9d4f1362791f198b 587678d19e2a45f894bdcb261b692ff9 - - default default] Deprecated policy rules found. Use oslopolicy-policy-generator and oslopolicy-policy-upgrade to detect and resolve deprecated policies in your configuration. 10.0.0.117 - - [21/Jul/2026:21:08:12 +0000] "GET /v3/users/admin-RegionOne HTTP/1.1" 404 93
[Tue Jul 21 21:08:13.297736 2026] [wsgi:error] [pid 12:tid 140342752175808] [remote 10.0.0.117:53198] 2026-07-21 21:08:13.297 12 WARNING keystone.common.rbac_enforcer.enforcer [None req-110c1057-f16b-4d9f-a307-76887cd79fd7 b301b20987dc4b2e9d4f1362791f198b 587678d19e2a45f894bdcb261b692ff9 - - default default] Deprecated policy rules found. Use oslopolicy-policy-generator and oslopolicy-policy-upgrade to detect and resolve deprecated policies in your configuration. 10.0.0.117 - - [21/Jul/2026:21:08:13 +0000] "GET /v3/users?name=admin-RegionOne HTTP/1.1" 200 422
[Tue Jul 21 21:08:13.464529 2026] [wsgi:error] [pid 9:tid 140342752175808] [remote 10.0.0.117:53198] 2026-07-21 21:08:13.464 9 WARNING keystone.common.rbac_enforcer.enforcer [None req-e73f5161-2f0d-4839-8758-5091a10a25b3 b301b20987dc4b2e9d4f1362791f198b 587678d19e2a45f894bdcb261b692ff9 - - default default] Deprecated policy rules found. Use oslopolicy-policy-generator and oslopolicy-policy-upgrade to detect and resolve deprecated policies in your configuration. 10.0.0.117 - - [21/Jul/2026:21:08:13 +0000] "GET /v3/domains/default HTTP/1.1" 200 224 10.0.0.117 - - [21/Jul/2026:21:08:13 +0000] "PUT /v3/domains/default/users/b301b20987dc4b2e9d4f1362791f198b/roles/3be1cf05734c4823a797e1717997a45e HTTP/1.1" 204 - 10.0.0.64 - - [21/Jul/2026:21:08:23 +0000] "GET / HTTP/1.1" 300 281 10.0.0.64 - - [21/Jul/2026:21:08:24 +0000] "GET /v3 HTTP/1.1" 200 266
[Tue Jul 21 21:08:24.963843 2026] [wsgi:error] [pid 9:tid 140342752175808] [remote 10.0.0.64:43532] 2026-07-21 21:08:24.963 9 WARNING keystone.common.password_hashing [None req-b8b2861f-de5a-43a5-85a8-eaa0ee3e461f - - - - - -] Truncating password to algorithm specific maximum length 72 characters.
[Tue Jul 21 21:08:25.237099 2026] [wsgi:error] [pid 9:tid 140342752175808] [remote 10.0.0.64:43532] 2026-07-21 21:08:25.236 9 WARNING keystone.common.fernet_utils [None req-b8b2861f-de5a-43a5-85a8-eaa0ee3e461f - - - - - -] key_repository is world readable: /etc/keystone/fernet-keys/ 10.0.0.64 - - [21/Jul/2026:21:08:24 +0000] "POST /v3/auth/tokens HTTP/1.1" 201 1360 10.0.0.64 - - [21/Jul/2026:21:08:25 +0000] "GET / HTTP/1.1" 300 281 10.0.0.64 - - [21/Jul/2026:21:08:25 +0000] "GET /v3/domains/atmosphere HTTP/1.1" 404 90 10.0.0.64 - - [21/Jul/2026:21:08:25 +0000] "GET /v3/domains?name=atmosphere HTTP/1.1" 200 370 10.0.0.64 - - [21/Jul/2026:21:08:25 +0000] "GET /v3/domains/38c4279ea09b4502bccfe60ed3d1e68a HTTP/1.1" 200 247 10.0.0.64 - - [21/Jul/2026:21:08:26 +0000] "GET /v3 HTTP/1.1" 200 266
[Tue Jul 21 21:08:26.483795 2026] [wsgi:error] [pid 11:tid 140342752175808] [remote 10.0.0.64:43532] 2026-07-21 21:08:26.483 11 WARNING keystone.common.password_hashing [None req-6c83710d-e9c4-4a5e-b1fb-ca6924c26b7a - - - - - -] Truncating password to algorithm specific maximum length 72 characters.
[Tue Jul 21 21:08:26.758974 2026] [wsgi:error] [pid 11:tid 140342752175808] [remote 10.0.0.64:43532] 2026-07-21 21:08:26.758 11 WARNING keystone.common.fernet_utils [None req-6c83710d-e9c4-4a5e-b1fb-ca6924c26b7a - - - - - -] key_repository is world readable: /etc/keystone/fernet-keys/ 10.0.0.64 - - [21/Jul/2026:21:08:26 +0000] "POST /v3/auth/tokens HTTP/1.1" 201 1360 10.0.0.64 - - [21/Jul/2026:21:08:26 +0000] "GET / HTTP/1.1" 300 281 10.0.0.64 - - [21/Jul/2026:21:08:26 +0000] "GET /v3/OS-FEDERATION/identity_providers/atmosphere HTTP/1.1" 404 101 10.0.0.64 - - [21/Jul/2026:21:08:26 +0000] "GET /v3/OS-FEDERATION/identity_providers HTTP/1.1" 200 156 10.0.0.64 - - [21/Jul/2026:21:08:26 +0000] "PUT /v3/OS-FEDERATION/identity_providers/atmosphere HTTP/1.1" 201 342 10.0.0.64 - - [21/Jul/2026:21:08:27 +0000] "GET /v3 HTTP/1.1" 200 266
[Tue Jul 21 21:08:27.559899 2026] [wsgi:error] [pid 9:tid 140342752175808] [remote 10.0.0.64:43530] 2026-07-21 21:08:27.559 9 WARNING keystone.common.password_hashing [None req-10ba9e2d-d6bb-47f4-a77c-ca5552b4a2fa - - - - - -] Truncating password to algorithm specific maximum length 72 characters.
[Tue Jul 21 21:08:27.840988 2026] [wsgi:error] [pid 9:tid 140342752175808] [remote 10.0.0.64:43530] 2026-07-21 21:08:27.840 9 WARNING keystone.common.fernet_utils [None req-10ba9e2d-d6bb-47f4-a77c-ca5552b4a2fa - - - - - -] key_repository is world readable: /etc/keystone/fernet-keys/ 10.0.0.64 - - [21/Jul/2026:21:08:27 +0000] "POST /v3/auth/tokens HTTP/1.1" 201 1360 10.0.0.64 - - [21/Jul/2026:21:08:27 +0000] "GET / HTTP/1.1" 300 281 10.0.0.64 - - [21/Jul/2026:21:08:27 +0000] "GET /v3/OS-FEDERATION/mappings/atmosphere-openid HTTP/1.1" 404 98 10.0.0.64 - - [21/Jul/2026:21:08:27 +0000] "GET /v3/OS-FEDERATION/mappings HTTP/1.1" 200 136 10.0.0.64 - - [21/Jul/2026:21:08:27 +0000] "PUT /v3/OS-FEDERATION/mappings/atmosphere-openid HTTP/1.1" 201 357 10.0.0.64 - - [21/Jul/2026:21:08:28 +0000] "GET /v3 HTTP/1.1" 200 266
[Tue Jul 21 21:08:28.657073 2026] [wsgi:error] [pid 11:tid 140342752175808] [remote 10.0.0.64:43532] 2026-07-21 21:08:28.656 11 WARNING keystone.common.password_hashing [None req-d4d90808-f247-46b5-9a9b-7eb3bd0051f4 - - - - - -] Truncating password to algorithm specific maximum length 72 characters.
[Tue Jul 21 21:08:28.957140 2026] [wsgi:error] [pid 11:tid 140342752175808] [remote 10.0.0.64:43532] 2026-07-21 21:08:28.956 11 WARNING keystone.common.fernet_utils [None req-d4d90808-f247-46b5-9a9b-7eb3bd0051f4 - - - - - -] key_repository is world readable: /etc/keystone/fernet-keys/ 10.0.0.64 - - [21/Jul/2026:21:08:28 +0000] "POST /v3/auth/tokens HTTP/1.1" 201 1360 10.0.0.64 - - [21/Jul/2026:21:08:28 +0000] "GET / HTTP/1.1" 300 281 10.0.0.64 - - [21/Jul/2026:21:08:28 +0000] "GET /v3/OS-FEDERATION/identity_providers/atmosphere/protocols/openid?idp_id=atmosphere HTTP/1.1" 404 131 10.0.0.64 - - [21/Jul/2026:21:08:29 +0000] "GET /v3/OS-FEDERATION/identity_providers/atmosphere/protocols HTTP/1.1" 200 168 10.0.0.64 - - [21/Jul/2026:21:08:29 +0000] "PUT /v3/OS-FEDERATION/identity_providers/atmosphere/protocols/openid HTTP/1.1" 201 224 10.0.0.64 - - [21/Jul/2026:21:08:34 +0000] "GET /v3/ HTTP/1.1" 200 249 10.0.0.64 - - [21/Jul/2026:21:08:34 +0000] "GET /v3/ HTTP/1.1" 200 249 10.0.0.64 - - [21/Jul/2026:21:09:34 +0000] "GET /v3/ HTTP/1.1" 200 249 10.0.0.64 - - [21/Jul/2026:21:09:34 +0000] "GET /v3/ HTTP/1.1" 200 249 10.0.0.203 - - [21/Jul/2026:21:09:54 +0000] "GET / HTTP/1.1" 300 295
[Tue Jul 21 21:09:54.514285 2026] [wsgi:error] [pid 9:tid 140342752175808] [remote 10.0.0.203:58896] 2026-07-21 21:09:54.513 9 WARNING keystone.common.password_hashing [None req-6ecd2dc9-8e9c-42b2-be5b-a507265131ea - - - - - -] Truncating password to algorithm specific maximum length 72 characters.
[Tue Jul 21 21:09:54.799881 2026] [wsgi:error] [pid 9:tid 140342752175808] [remote 10.0.0.203:58896] 2026-07-21 21:09:54.799 9 WARNING keystone.common.fernet_utils [None req-6ecd2dc9-8e9c-42b2-be5b-a507265131ea - - - - - -] key_repository is world readable: /etc/keystone/fernet-keys/ 10.0.0.203 - - [21/Jul/2026:21:09:54 +0000] "POST /v3/auth/tokens HTTP/1.1" 201 1360 10.0.0.203 - - [21/Jul/2026:21:09:54 +0000] "GET /v3/services HTTP/1.1" 200 355 10.0.0.203 - - [21/Jul/2026:21:09:58 +0000] "GET / HTTP/1.1" 300 295
[Tue Jul 21 21:09:58.721470 2026] [wsgi:error] [pid 12:tid 140342752175808] [remote 10.0.0.203:58912] 2026-07-21 21:09:58.721 12 WARNING keystone.common.password_hashing [None req-56e4b2de-c112-40fc-b3fd-323b8808a3cc - - - - - -] Truncating password to algorithm specific maximum length 72 characters.
[Tue Jul 21 21:09:59.031724 2026] [wsgi:error] [pid 12:tid 140342752175808] [remote 10.0.0.203:58912] 2026-07-21 21:09:59.031 12 WARNING keystone.common.fernet_utils [None req-56e4b2de-c112-40fc-b3fd-323b8808a3cc - - - - - -] key_repository is world readable: /etc/keystone/fernet-keys/ 10.0.0.203 - - [21/Jul/2026:21:09:58 +0000] "POST /v3/auth/tokens HTTP/1.1" 201 1360 10.0.0.203 - - [21/Jul/2026:21:09:59 +0000] "GET /v3/services HTTP/1.1" 200 355 10.0.0.203 - - [21/Jul/2026:21:10:02 +0000] "GET / HTTP/1.1" 300 295
[Tue Jul 21 21:10:02.905630 2026] [wsgi:error] [pid 11:tid 140342752175808] [remote 10.0.0.203:55168] 2026-07-21 21:10:02.905 11 WARNING keystone.common.password_hashing [None req-8379c8b6-d26a-46d4-9c95-ef301a0b35fd - - - - - -] Truncating password to algorithm specific maximum length 72 characters.
[Tue Jul 21 21:10:03.197097 2026] [wsgi:error] [pid 11:tid 140342752175808] [remote 10.0.0.203:55168] 2026-07-21 21:10:03.196 11 WARNING keystone.common.fernet_utils [None req-8379c8b6-d26a-46d4-9c95-ef301a0b35fd - - - - - -] key_repository is world readable: /etc/keystone/fernet-keys/ 10.0.0.203 - - [21/Jul/2026:21:10:02 +0000] "POST /v3/auth/tokens HTTP/1.1" 201 1360 10.0.0.203 - - [21/Jul/2026:21:10:03 +0000] "GET /v3/services HTTP/1.1" 200 355 10.0.0.203 - - [21/Jul/2026:21:10:07 +0000] "GET / HTTP/1.1" 300 295
[Tue Jul 21 21:10:07.183353 2026] [wsgi:error] [pid 10:tid 140342752175808] [remote 10.0.0.203:55172] 2026-07-21 21:10:07.182 10 WARNING keystone.common.password_hashing [None req-84a75648-1466-4319-bbc2-1c39f980d8ce - - - - - -] Truncating password to algorithm specific maximum length 72 characters.
[Tue Jul 21 21:10:07.456990 2026] [wsgi:error] [pid 10:tid 140342752175808] [remote 10.0.0.203:55172] 2026-07-21 21:10:07.456 10 WARNING keystone.common.fernet_utils [None req-84a75648-1466-4319-bbc2-1c39f980d8ce - - - - - -] key_repository is world readable: /etc/keystone/fernet-keys/ 10.0.0.203 - - [21/Jul/2026:21:10:07 +0000] "POST /v3/auth/tokens HTTP/1.1" 201 1360 10.0.0.203 - - [21/Jul/2026:21:10:07 +0000] "POST /v3/services HTTP/1.1" 201 296 10.0.0.168 - - [21/Jul/2026:21:10:19 +0000] "GET / HTTP/1.1" 300 295
[Tue Jul 21 21:10:19.932736 2026] [wsgi:error] [pid 9:tid 140342752175808] [remote 10.0.0.168:50704] 2026-07-21 21:10:19.932 9 WARNING keystone.common.password_hashing [None req-4aa86bd5-e685-4ebb-b315-ac74f6ef29d7 - - - - - -] Truncating password to algorithm specific maximum length 72 characters. 10.0.0.168 - - [21/Jul/2026:21:10:19 +0000] "GET / HTTP/1.1" 300 295
[Tue Jul 21 21:10:20.016893 2026] [wsgi:error] [pid 11:tid 140342752175808] [remote 10.0.0.168:50716] 2026-07-21 21:10:20.016 11 WARNING keystone.common.password_hashing [None req-d8395885-f75c-40db-8109-45a8224bbc3f - - - - - -] Truncating password to algorithm specific maximum length 72 characters. 10.0.0.168 - - [21/Jul/2026:21:10:20 +0000] "GET / HTTP/1.1" 300 295
[Tue Jul 21 21:10:20.212518 2026] [wsgi:error] [pid 10:tid 140342752175808] [remote 10.0.0.168:50730] 2026-07-21 21:10:20.212 10 WARNING keystone.common.password_hashing [None req-3a9fdd0b-73f1-4a66-b7eb-bb4552a020f8 - - - - - -] Truncating password to algorithm specific maximum length 72 characters.
[Tue Jul 21 21:10:20.224103 2026] [wsgi:error] [pid 9:tid 140342752175808] [remote 10.0.0.168:50704] 2026-07-21 21:10:20.223 9 WARNING keystone.common.fernet_utils [None req-4aa86bd5-e685-4ebb-b315-ac74f6ef29d7 - - - - - -] key_repository is world readable: /etc/keystone/fernet-keys/ 10.0.0.168 - - [21/Jul/2026:21:10:19 +0000] "POST /v3/auth/tokens HTTP/1.1" 201 1464
[Tue Jul 21 21:10:20.304598 2026] [wsgi:error] [pid 11:tid 140342752175808] [remote 10.0.0.168:50716] 2026-07-21 21:10:20.304 11 WARNING keystone.common.fernet_utils [None req-d8395885-f75c-40db-8109-45a8224bbc3f - - - - - -] key_repository is world readable: /etc/keystone/fernet-keys/ 10.0.0.168 - - [21/Jul/2026:21:10:19 +0000] "POST /v3/auth/tokens HTTP/1.1" 201 1464 10.0.0.168 - - [21/Jul/2026:21:10:20 +0000] "GET /v3/services HTTP/1.1" 200 639 10.0.0.168 - - [21/Jul/2026:21:10:20 +0000] "GET /v3/services HTTP/1.1" 200 639
[Tue Jul 21 21:10:20.500530 2026] [wsgi:error] [pid 10:tid 140342752175808] [remote 10.0.0.168:50730] 2026-07-21 21:10:20.500 10 WARNING keystone.common.fernet_utils [None req-3a9fdd0b-73f1-4a66-b7eb-bb4552a020f8 - - - - - -] key_repository is world readable: /etc/keystone/fernet-keys/ 10.0.0.168 - - [21/Jul/2026:21:10:20 +0000] "POST /v3/auth/tokens HTTP/1.1" 201 1464 10.0.0.168 - - [21/Jul/2026:21:10:20 +0000] "GET /v3/services HTTP/1.1" 200 639 10.0.0.168 - - [21/Jul/2026:21:10:22 +0000] "GET / HTTP/1.1" 300 295
[Tue Jul 21 21:10:22.378758 2026] [wsgi:error] [pid 9:tid 140342752175808] [remote 10.0.0.168:50732] 2026-07-21 21:10:22.378 9 WARNING keystone.common.password_hashing [None req-99b8cbc5-eaa3-447c-9226-09aaec2770cd - - - - - -] Truncating password to algorithm specific maximum length 72 characters. 10.0.0.168 - - [21/Jul/2026:21:10:22 +0000] "GET / HTTP/1.1" 300 295
[Tue Jul 21 21:10:22.432363 2026] [wsgi:error] [pid 11:tid 140342752175808] [remote 10.0.0.168:50746] 2026-07-21 21:10:22.432 11 WARNING keystone.common.password_hashing [None req-50aedc3a-c89c-4dd2-97de-0e3b146fd845 - - - - - -] Truncating password to algorithm specific maximum length 72 characters. 10.0.0.168 - - [21/Jul/2026:21:10:22 +0000] "GET / HTTP/1.1" 300 295
[Tue Jul 21 21:10:22.587591 2026] [wsgi:error] [pid 10:tid 140342752175808] [remote 10.0.0.168:50752] 2026-07-21 21:10:22.587 10 WARNING keystone.common.password_hashing [None req-fd1428ba-2a56-4ea0-9914-4f905e5d4fac - - - - - -] Truncating password to algorithm specific maximum length 72 characters.
[Tue Jul 21 21:10:22.659748 2026] [wsgi:error] [pid 9:tid 140342752175808] [remote 10.0.0.168:50732] 2026-07-21 21:10:22.659 9 WARNING keystone.common.fernet_utils [None req-99b8cbc5-eaa3-447c-9226-09aaec2770cd - - - - - -] key_repository is world readable: /etc/keystone/fernet-keys/ 10.0.0.168 - - [21/Jul/2026:21:10:22 +0000] "POST /v3/auth/tokens HTTP/1.1" 201 1464
[Tue Jul 21 21:10:22.718558 2026] [wsgi:error] [pid 11:tid 140342752175808] [remote 10.0.0.168:50746] 2026-07-21 21:10:22.718 11 WARNING keystone.common.fernet_utils [None req-50aedc3a-c89c-4dd2-97de-0e3b146fd845 - - - - - -] key_repository is world readable: /etc/keystone/fernet-keys/ 10.0.0.168 - - [21/Jul/2026:21:10:22 +0000] "POST /v3/auth/tokens HTTP/1.1" 201 1464 10.0.0.168 - - [21/Jul/2026:21:10:22 +0000] "GET /v3/endpoints HTTP/1.1" 200 1227 10.0.0.168 - - [21/Jul/2026:21:10:22 +0000] "GET /v3/services/548197eaf0744abfbe44be7f12fdc2f8 HTTP/1.1" 200 233 10.0.0.168 - - [21/Jul/2026:21:10:22 +0000] "GET /v3/services/548197eaf0744abfbe44be7f12fdc2f8 HTTP/1.1" 200 233 10.0.0.168 - - [21/Jul/2026:21:10:22 +0000] "GET /v3/endpoints HTTP/1.1" 200 1227
[Tue Jul 21 21:10:22.884562 2026] [wsgi:error] [pid 10:tid 140342752175808] [remote 10.0.0.168:50752] 2026-07-21 21:10:22.884 10 WARNING keystone.common.fernet_utils [None req-fd1428ba-2a56-4ea0-9914-4f905e5d4fac - - - - - -] key_repository is world readable: /etc/keystone/fernet-keys/ 10.0.0.168 - - [21/Jul/2026:21:10:22 +0000] "GET /v3/services/548197eaf0744abfbe44be7f12fdc2f8 HTTP/1.1" 200 233 10.0.0.168 - - [21/Jul/2026:21:10:22 +0000] "POST /v3/auth/tokens HTTP/1.1" 201 1464 10.0.0.168 - - [21/Jul/2026:21:10:22 +0000] "GET /v3/services/548197eaf0744abfbe44be7f12fdc2f8 HTTP/1.1" 200 233 10.0.0.168 - - [21/Jul/2026:21:10:22 +0000] "GET /v3/services/548197eaf0744abfbe44be7f12fdc2f8 HTTP/1.1" 200 233 10.0.0.168 - - [21/Jul/2026:21:10:22 +0000] "GET /v3/services/548197eaf0744abfbe44be7f12fdc2f8 HTTP/1.1" 200 233 10.0.0.168 - - [21/Jul/2026:21:10:22 +0000] "GET /v3/endpoints HTTP/1.1" 200 1227 10.0.0.168 - - [21/Jul/2026:21:10:23 +0000] "GET /v3/services/548197eaf0744abfbe44be7f12fdc2f8 HTTP/1.1" 200 233 10.0.0.168 - - [21/Jul/2026:21:10:23 +0000] "GET /v3/services/548197eaf0744abfbe44be7f12fdc2f8 HTTP/1.1" 200 233 10.0.0.168 - - [21/Jul/2026:21:10:23 +0000] "GET /v3/services/548197eaf0744abfbe44be7f12fdc2f8 HTTP/1.1" 200 233 10.0.0.168 - - [21/Jul/2026:21:10:24 +0000] "GET / HTTP/1.1" 300 295
[Tue Jul 21 21:10:24.629653 2026] [wsgi:error] [pid 12:tid 140342752175808] [remote 10.0.0.168:50760] 2026-07-21 21:10:24.629 12 WARNING keystone.common.password_hashing [None req-70791dcf-368c-4f12-8541-ab2695ff9048 - - - - - -] Truncating password to algorithm specific maximum length 72 characters. 10.0.0.168 - - [21/Jul/2026:21:10:24 +0000] "GET / HTTP/1.1" 300 295
[Tue Jul 21 21:10:24.857993 2026] [wsgi:error] [pid 9:tid 140342752175808] [remote 10.0.0.168:50770] 2026-07-21 21:10:24.857 9 WARNING keystone.common.password_hashing [None req-6419d087-2ca5-4a25-b5bb-61befcd9b497 - - - - - -] Truncating password to algorithm specific maximum length 72 characters.
[Tue Jul 21 21:10:24.928596 2026] [wsgi:error] [pid 12:tid 140342752175808] [remote 10.0.0.168:50760] 2026-07-21 21:10:24.928 12 WARNING keystone.common.fernet_utils [None req-70791dcf-368c-4f12-8541-ab2695ff9048 - - - - - -] key_repository is world readable: /etc/keystone/fernet-keys/ 10.0.0.168 - - [21/Jul/2026:21:10:24 +0000] "POST /v3/auth/tokens HTTP/1.1" 201 1464 10.0.0.168 - - [21/Jul/2026:21:10:24 +0000] "GET / HTTP/1.1" 300 295
[Tue Jul 21 21:10:24.970666 2026] [wsgi:error] [pid 11:tid 140342752175808] [remote 10.0.0.168:50778] 2026-07-21 21:10:24.970 11 WARNING keystone.common.password_hashing [None req-18ca4b16-96ba-4552-bfbf-c1fd80173259 - - - - - -] Truncating password to algorithm specific maximum length 72 characters. 10.0.0.168 - - [21/Jul/2026:21:10:25 +0000] "GET /v3/services/4015c45d6b874d77be98ca6521196f2e HTTP/1.1" 200 296 10.0.0.168 - - [21/Jul/2026:21:10:25 +0000] "GET /v3/regions/RegionOne HTTP/1.1" 200 173
[Tue Jul 21 21:10:25.155736 2026] [wsgi:error] [pid 9:tid 140342752175808] [remote 10.0.0.168:50770] 2026-07-21 21:10:25.155 9 WARNING keystone.common.fernet_utils [None req-6419d087-2ca5-4a25-b5bb-61befcd9b497 - - - - - -] key_repository is world readable: /etc/keystone/fernet-keys/ 10.0.0.168 - - [21/Jul/2026:21:10:24 +0000] "POST /v3/auth/tokens HTTP/1.1" 201 1464 10.0.0.168 - - [21/Jul/2026:21:10:25 +0000] "POST /v3/endpoints HTTP/1.1" 201 383
[Tue Jul 21 21:10:25.283573 2026] [wsgi:error] [pid 11:tid 140342752175808] [remote 10.0.0.168:50778] 2026-07-21 21:10:25.283 11 WARNING keystone.common.fernet_utils [None req-18ca4b16-96ba-4552-bfbf-c1fd80173259 - - - - - -] key_repository is world readable: /etc/keystone/fernet-keys/ 10.0.0.168 - - [21/Jul/2026:21:10:24 +0000] "POST /v3/auth/tokens HTTP/1.1" 201 1644 10.0.0.168 - - [21/Jul/2026:21:10:25 +0000] "GET /v3/services/4015c45d6b874d77be98ca6521196f2e HTTP/1.1" 200 296 10.0.0.168 - - [21/Jul/2026:21:10:25 +0000] "GET /v3/regions/RegionOne HTTP/1.1" 200 173 10.0.0.168 - - [21/Jul/2026:21:10:25 +0000] "POST /v3/endpoints HTTP/1.1" 201 380 10.0.0.168 - - [21/Jul/2026:21:10:25 +0000] "GET /v3/services/4015c45d6b874d77be98ca6521196f2e HTTP/1.1" 200 296 10.0.0.168 - - [21/Jul/2026:21:10:25 +0000] "GET /v3/regions/RegionOne HTTP/1.1" 200 173 10.0.0.168 - - [21/Jul/2026:21:10:25 +0000] "POST /v3/endpoints HTTP/1.1" 201 370 10.0.0.168 - - [21/Jul/2026:21:10:27 +0000] "GET / HTTP/1.1" 300 295 10.0.0.168 - - [21/Jul/2026:21:10:27 +0000] "GET / HTTP/1.1" 300 295
[Tue Jul 21 21:10:27.244324 2026] [wsgi:error] [pid 11:tid 140342752175808] [remote 10.0.0.168:50786] 2026-07-21 21:10:27.244 11 WARNING keystone.common.password_hashing [None req-3b2d67da-4757-45b3-a485-ee8249615404 - - - - - -] Truncating password to algorithm specific maximum length 72 characters.
[Tue Jul 21 21:10:27.258532 2026] [wsgi:error] [pid 9:tid 140342752175808] [remote 10.0.0.168:50790] 2026-07-21 21:10:27.258 9 WARNING keystone.common.password_hashing [None req-0f0b7d85-2049-419d-b146-f0783fdb521f - - - - - -] Truncating password to algorithm specific maximum length 72 characters. 10.0.0.168 - - [21/Jul/2026:21:10:27 +0000] "GET / HTTP/1.1" 300 295
[Tue Jul 21 21:10:27.476230 2026] [wsgi:error] [pid 10:tid 140342752175808] [remote 10.0.0.168:50794] 2026-07-21 21:10:27.476 10 WARNING keystone.common.password_hashing [None req-7bcfb9ff-407f-4f7d-8d6b-5e1338853d01 - - - - - -] Truncating password to algorithm specific maximum length 72 characters.
[Tue Jul 21 21:10:27.538319 2026] [wsgi:error] [pid 11:tid 140342752175808] [remote 10.0.0.168:50786] 2026-07-21 21:10:27.538 11 WARNING keystone.common.fernet_utils [None req-3b2d67da-4757-45b3-a485-ee8249615404 - - - - - -] key_repository is world readable: /etc/keystone/fernet-keys/
[Tue Jul 21 21:10:27.539014 2026] [wsgi:error] [pid 9:tid 140342752175808] [remote 10.0.0.168:50790] 2026-07-21 21:10:27.538 9 WARNING keystone.common.fernet_utils [None req-0f0b7d85-2049-419d-b146-f0783fdb521f - - - - - -] key_repository is world readable: /etc/keystone/fernet-keys/ 10.0.0.168 - - [21/Jul/2026:21:10:27 +0000] "POST /v3/auth/tokens HTTP/1.1" 201 1992 10.0.0.168 - - [21/Jul/2026:21:10:27 +0000] "POST /v3/auth/tokens HTTP/1.1" 201 1992 10.0.0.168 - - [21/Jul/2026:21:10:27 +0000] "GET /v3/endpoints/94ebfb86fec846339f94e283c97c742d HTTP/1.1" 200 383 10.0.0.168 - - [21/Jul/2026:21:10:27 +0000] "GET /v3/endpoints/7c8f0f9a4e964621b6a5cab462df1378 HTTP/1.1" 200 380 10.0.0.168 - - [21/Jul/2026:21:10:27 +0000] "GET /v3/services/4015c45d6b874d77be98ca6521196f2e HTTP/1.1" 200 296 10.0.0.168 - - [21/Jul/2026:21:10:27 +0000] "GET /v3/services/4015c45d6b874d77be98ca6521196f2e HTTP/1.1" 200 296
[Tue Jul 21 21:10:27.758887 2026] [wsgi:error] [pid 10:tid 140342752175808] [remote 10.0.0.168:50794] 2026-07-21 21:10:27.758 10 WARNING keystone.common.fernet_utils [None req-7bcfb9ff-407f-4f7d-8d6b-5e1338853d01 - - - - - -] key_repository is world readable: /etc/keystone/fernet-keys/ 10.0.0.168 - - [21/Jul/2026:21:10:27 +0000] "POST /v3/auth/tokens HTTP/1.1" 201 1992 10.0.0.168 - - [21/Jul/2026:21:10:27 +0000] "GET /v3/endpoints/a07583820361415aa577bdd1044f374e HTTP/1.1" 200 370 10.0.0.168 - - [21/Jul/2026:21:10:27 +0000] "GET /v3/services/4015c45d6b874d77be98ca6521196f2e HTTP/1.1" 200 296 10.0.0.64 - - [21/Jul/2026:21:10:34 +0000] "GET /v3/ HTTP/1.1" 200 249 10.0.0.64 - - [21/Jul/2026:21:10:34 +0000] "GET /v3/ HTTP/1.1" 200 249 10.0.0.137 - - [21/Jul/2026:21:10:41 +0000] "GET / HTTP/1.1" 300 295
[Tue Jul 21 21:10:41.154583 2026] [wsgi:error] [pid 9:tid 140342752175808] [remote 10.0.0.137:36956] 2026-07-21 21:10:41.154 9 WARNING keystone.common.password_hashing [None req-2f7693f0-362a-4e87-8745-2fc15338b25a - - - - - -] Truncating password to algorithm specific maximum length 72 characters.
[Tue Jul 21 21:10:41.453916 2026] [wsgi:error] [pid 9:tid 140342752175808] [remote 10.0.0.137:36956] 2026-07-21 21:10:41.453 9 WARNING keystone.common.fernet_utils [None req-2f7693f0-362a-4e87-8745-2fc15338b25a - - - - - -] key_repository is world readable: /etc/keystone/fernet-keys/ 10.0.0.137 - - [21/Jul/2026:21:10:41 +0000] "POST /v3/auth/tokens HTTP/1.1" 201 1992 10.0.0.137 - - [21/Jul/2026:21:10:41 +0000] "POST /v3/domains HTTP/1.1" 201 284 10.0.0.137 - - [21/Jul/2026:21:10:43 +0000] "GET / HTTP/1.1" 300 295
[Tue Jul 21 21:10:43.557728 2026] [wsgi:error] [pid 10:tid 140342752175808] [remote 10.0.0.137:36970] 2026-07-21 21:10:43.557 10 WARNING keystone.common.password_hashing [None req-69af7cd0-3530-4649-9f18-26c001c0a195 - - - - - -] Truncating password to algorithm specific maximum length 72 characters.
[Tue Jul 21 21:10:43.838907 2026] [wsgi:error] [pid 10:tid 140342752175808] [remote 10.0.0.137:36970] 2026-07-21 21:10:43.838 10 WARNING keystone.common.fernet_utils [None req-69af7cd0-3530-4649-9f18-26c001c0a195 - - - - - -] key_repository is world readable: /etc/keystone/fernet-keys/ 10.0.0.137 - - [21/Jul/2026:21:10:43 +0000] "POST /v3/auth/tokens HTTP/1.1" 201 1992
[Tue Jul 21 21:10:44.055486 2026] [wsgi:error] [pid 9:tid 140342752175808] [remote 10.0.0.137:36970] 2026-07-21 21:10:44.031 9 ERROR keystone.server.flask.application [None req-c92ae0d3-805a-4e7b-a8d6-0eaec879de6a b301b20987dc4b2e9d4f1362791f198b 587678d19e2a45f894bdcb261b692ff9 - - default default] Conflict occurred attempting to store project - it is not permitted to have two projects acting as domains with the same name: service.: keystone.exception.Conflict: Conflict occurred attempting to store project - it is not permitted to have two projects acting as domains with the same name: service.
[Tue Jul 21 21:10:44.055519 2026] [wsgi:error] [pid 9:tid 140342752175808] [remote 10.0.0.137:36970] 2026-07-21 21:10:44.031 9 ERROR keystone.server.flask.application
Traceback (most recent call last):
[Tue Jul 21 21:10:44.055522 2026] [wsgi:error] [pid 9:tid 140342752175808] [remote 10.0.0.137:36970] 2026-07-21 21:10:44.031 9 ERROR keystone.server.flask.application
File "/var/lib/openstack/lib/python3.12/site-packages/sqlalchemy/engine/base.py", line 1969, in _exec_single_context
[Tue Jul 21 21:10:44.055523 2026] [wsgi:error] [pid 9:tid 140342752175808] [remote 10.0.0.137:36970] 2026-07-21 21:10:44.031 9 ERROR keystone.server.flask.application self.dialect.do_execute(
[Tue Jul 21 21:10:44.055525 2026] [wsgi:error] [pid 9:tid 140342752175808] [remote 10.0.0.137:36970] 2026-07-21 21:10:44.031 9 ERROR keystone.server.flask.application
File "/var/lib/openstack/lib/python3.12/site-packages/sqlalchemy/engine/default.py", line 952, in do_execute
[Tue Jul 21 21:10:44.055527 2026] [wsgi:error] [pid 9:tid 140342752175808] [remote 10.0.0.137:36970] 2026-07-21 21:10:44.031 9 ERROR keystone.server.flask.application cursor.execute(statement, parameters)
[Tue Jul 21 21:10:44.055529 2026] [wsgi:error] [pid 9:tid 140342752175808] [remote 10.0.0.137:36970] 2026-07-21 21:10:44.031 9 ERROR keystone.server.flask.application
File "/var/lib/openstack/lib/python3.12/site-packages/pymysql/cursors.py", line 159, in execute
[Tue Jul 21 21:10:44.055530 2026] [wsgi:error] [pid 9:tid 140342752175808] [remote 10.0.0.137:36970] 2026-07-21 21:10:44.031 9 ERROR keystone.server.flask.application result = self._query(query)
[Tue Jul 21 21:10:44.055532 2026] [wsgi:error] [pid 9:tid 140342752175808] [remote 10.0.0.137:36970] 2026-07-21 21:10:44.031 9 ERROR keystone.server.flask.application ^^^^^^^^^^^^^^^^^^
[Tue Jul 21 21:10:44.055533 2026] [wsgi:error] [pid 9:tid 140342752175808] [remote 10.0.0.137:36970] 2026-07-21 21:10:44.031 9 ERROR keystone.server.flask.application
File "/var/lib/openstack/lib/python3.12/site-packages/pymysql/cursors.py", line 330, in _query
[Tue Jul 21 21:10:44.055535 2026] [wsgi:error] [pid 9:tid 140342752175808] [remote 10.0.0.137:36970] 2026-07-21 21:10:44.031 9 ERROR keystone.server.flask.application conn.query(q)
[Tue Jul 21 21:10:44.055536 2026] [wsgi:error] [pid 9:tid 140342752175808] [remote 10.0.0.137:36970] 2026-07-21 21:10:44.031 9 ERROR keystone.server.flask.application
File "/var/lib/openstack/lib/python3.12/site-packages/pymysql/connections.py", line 582, in query
[Tue Jul 21 21:10:44.055538 2026] [wsgi:error] [pid 9:tid 140342752175808] [remote 10.0.0.137:36970] 2026-07-21 21:10:44.031 9 ERROR keystone.server.flask.application self._affected_rows = self._read_query_result(unbuffered=unbuffered)
[Tue Jul 21 21:10:44.055540 2026] [wsgi:error] [pid 9:tid 140342752175808] [remote 10.0.0.137:36970] 2026-07-21 21:10:44.031 9 ERROR keystone.server.flask.application ^^^^^^^^^^^^^^^^^^^^^^^^^^^^^^^^^^^^^^^^^^^^^^
[Tue Jul 21 21:10:44.055542 2026] [wsgi:error] [pid 9:tid 140342752175808] [remote 10.0.0.137:36970] 2026-07-21 21:10:44.031 9 ERROR keystone.server.flask.application
File "/var/lib/openstack/lib/python3.12/site-packages/pymysql/connections.py", line 847, in _read_query_result
[Tue Jul 21 21:10:44.055543 2026] [wsgi:error] [pid 9:tid 140342752175808] [remote 10.0.0.137:36970] 2026-07-21 21:10:44.031 9 ERROR keystone.server.flask.application result.read()
[Tue Jul 21 21:10:44.055547 2026] [wsgi:error] [pid 9:tid 140342752175808] [remote 10.0.0.137:36970] 2026-07-21 21:10:44.031 9 ERROR keystone.server.flask.application
File "/var/lib/openstack/lib/python3.12/site-packages/pymysql/connections.py", line 1245, in read
[Tue Jul 21 21:10:44.055549 2026] [wsgi:error] [pid 9:tid 140342752175808] [remote 10.0.0.137:36970] 2026-07-21 21:10:44.031 9 ERROR keystone.server.flask.application first_packet = self.connection._read_packet()
[Tue Jul 21 21:10:44.055550 2026] [wsgi:error] [pid 9:tid 140342752175808] [remote 10.0.0.137:36970] 2026-07-21 21:10:44.031 9 ERROR keystone.server.flask.application ^^^^^^^^^^^^^^^^^^^^^^^^^^^^^^
[Tue Jul 21 21:10:44.055551 2026] [wsgi:error] [pid 9:tid 140342752175808] [remote 10.0.0.137:36970] 2026-07-21 21:10:44.031 9 ERROR keystone.server.flask.application
File "/var/lib/openstack/lib/python3.12/site-packages/pymysql/connections.py", line 803, in _read_packet
[Tue Jul 21 21:10:44.055553 2026] [wsgi:error] [pid 9:tid 140342752175808] [remote 10.0.0.137:36970] 2026-07-21 21:10:44.031 9 ERROR keystone.server.flask.application packet.raise_for_error()
[Tue Jul 21 21:10:44.055554 2026] [wsgi:error] [pid 9:tid 140342752175808] [remote 10.0.0.137:36970] 2026-07-21 21:10:44.031 9 ERROR keystone.server.flask.application
File "/var/lib/openstack/lib/python3.12/site-packages/pymysql/protocol.py", line 219, in raise_for_error
[Tue Jul 21 21:10:44.055555 2026] [wsgi:error] [pid 9:tid 140342752175808] [remote 10.0.0.137:36970] 2026-07-21 21:10:44.031 9 ERROR keystone.server.flask.application err.raise_mysql_exception(self._data)
[Tue Jul 21 21:10:44.055557 2026] [wsgi:error] [pid 9:tid 140342752175808] [remote 10.0.0.137:36970] 2026-07-21 21:10:44.031 9 ERROR keystone.server.flask.application
File "/var/lib/openstack/lib/python3.12/site-packages/pymysql/err.py", line 154, in raise_mysql_exception
[Tue Jul 21 21:10:44.055559 2026] [wsgi:error] [pid 9:tid 140342752175808] [remote 10.0.0.137:36970] 2026-07-21 21:10:44.031 9 ERROR keystone.server.flask.application raise errorclass(errno, errval, sqlstate=sqlstate)
[Tue Jul 21 21:10:44.055560 2026] [wsgi:error] [pid 9:tid 140342752175808] [remote 10.0.0.137:36970] 2026-07-21 21:10:44.031 9 ERROR keystone.server.flask.application pymysql.err.IntegrityError: (1062, "Duplicate entry '<>-service' for key 'project.ixu_project_name_domain_id'")
[Tue Jul 21 21:10:44.055562 2026] [wsgi:error] [pid 9:tid 140342752175808] [remote 10.0.0.137:36970] 2026-07-21 21:10:44.031 9 ERROR keystone.server.flask.application
[Tue Jul 21 21:10:44.055563 2026] [wsgi:error] [pid 9:tid 140342752175808] [remote 10.0.0.137:36970] 2026-07-21 21:10:44.031 9 ERROR keystone.server.flask.application The above exception was the direct cause of the following exception:
[Tue Jul 21 21:10:44.055565 2026] [wsgi:error] [pid 9:tid 140342752175808] [remote 10.0.0.137:36970] 2026-07-21 21:10:44.031 9 ERROR keystone.server.flask.application
[Tue Jul 21 21:10:44.055566 2026] [wsgi:error] [pid 9:tid 140342752175808] [remote 10.0.0.137:36970] 2026-07-21 21:10:44.031 9 ERROR keystone.server.flask.application
Traceback (most recent call last):
[Tue Jul 21 21:10:44.055567 2026] [wsgi:error] [pid 9:tid 140342752175808] [remote 10.0.0.137:36970] 2026-07-21 21:10:44.031 9 ERROR keystone.server.flask.application
File "/var/lib/openstack/lib/python3.12/site-packages/keystone/common/sql/core.py", line 575, in wrapper
[Tue Jul 21 21:10:44.055569 2026] [wsgi:error] [pid 9:tid 140342752175808] [remote 10.0.0.137:36970] 2026-07-21 21:10:44.031 9 ERROR keystone.server.flask.application return method(*args, **kwargs)
[Tue Jul 21 21:10:44.055570 2026] [wsgi:error] [pid 9:tid 140342752175808] [remote 10.0.0.137:36970] 2026-07-21 21:10:44.031 9 ERROR keystone.server.flask.application ^^^^^^^^^^^^^^^^^^^^^^^
[Tue Jul 21 21:10:44.055571 2026] [wsgi:error] [pid 9:tid 140342752175808] [remote 10.0.0.137:36970] 2026-07-21 21:10:44.031 9 ERROR keystone.server.flask.application
File "/var/lib/openstack/lib/python3.12/site-packages/keystone/resource/backends/sql.py", line 278, in create_project
[Tue Jul 21 21:10:44.055573 2026] [wsgi:error] [pid 9:tid 140342752175808] [remote 10.0.0.137:36970] 2026-07-21 21:10:44.031 9 ERROR keystone.server.flask.application with sql.session_for_write() as session:
[Tue Jul 21 21:10:44.055575 2026] [wsgi:error] [pid 9:tid 140342752175808] [remote 10.0.0.137:36970] 2026-07-21 21:10:44.031 9 ERROR keystone.server.flask.application
File "/usr/lib/python3.12/contextlib.py", line 144, in __exit__
[Tue Jul 21 21:10:44.055577 2026] [wsgi:error] [pid 9:tid 140342752175808] [remote 10.0.0.137:36970] 2026-07-21 21:10:44.031 9 ERROR keystone.server.flask.application next(self.gen)
[Tue Jul 21 21:10:44.055592 2026] [wsgi:error] [pid 9:tid 140342752175808] [remote 10.0.0.137:36970] 2026-07-21 21:10:44.031 9 ERROR keystone.server.flask.application
File "/var/lib/openstack/lib/python3.12/site-packages/oslo_db/sqlalchemy/enginefacade.py", line 1175, in _transaction_scope
[Tue Jul 21 21:10:44.055593 2026] [wsgi:error] [pid 9:tid 140342752175808] [remote 10.0.0.137:36970] 2026-07-21 21:10:44.031 9 ERROR keystone.server.flask.application with current._produce_block(
[Tue Jul 21 21:10:44.055595 2026] [wsgi:error] [pid 9:tid 140342752175808] [remote 10.0.0.137:36970] 2026-07-21 21:10:44.031 9 ERROR keystone.server.flask.application
File "/usr/lib/python3.12/contextlib.py", line 144, in __exit__
[Tue Jul 21 21:10:44.055597 2026] [wsgi:error] [pid 9:tid 140342752175808] [remote 10.0.0.137:36970] 2026-07-21 21:10:44.031 9 ERROR keystone.server.flask.application next(self.gen)
[Tue Jul 21 21:10:44.055598 2026] [wsgi:error] [pid 9:tid 140342752175808] [remote 10.0.0.137:36970] 2026-07-21 21:10:44.031 9 ERROR keystone.server.flask.application
File "/var/lib/openstack/lib/python3.12/site-packages/oslo_db/sqlalchemy/enginefacade.py", line 837, in _session
[Tue Jul 21 21:10:44.055600 2026] [wsgi:error] [pid 9:tid 140342752175808] [remote 10.0.0.137:36970] 2026-07-21 21:10:44.031 9 ERROR keystone.server.flask.application with excutils.save_and_reraise_exception():
[Tue Jul 21 21:10:44.055602 2026] [wsgi:error] [pid 9:tid 140342752175808] [remote 10.0.0.137:36970] 2026-07-21 21:10:44.031 9 ERROR keystone.server.flask.application
File "/var/lib/openstack/lib/python3.12/site-packages/oslo_utils/excutils.py", line 266, in __exit__
[Tue Jul 21 21:10:44.055603 2026] [wsgi:error] [pid 9:tid 140342752175808] [remote 10.0.0.137:36970] 2026-07-21 21:10:44.031 9 ERROR keystone.server.flask.application self.force_reraise()
[Tue Jul 21 21:10:44.055605 2026] [wsgi:error] [pid 9:tid 140342752175808] [remote 10.0.0.137:36970] 2026-07-21 21:10:44.031 9 ERROR keystone.server.flask.application
File "/var/lib/openstack/lib/python3.12/site-packages/oslo_utils/excutils.py", line 232, in force_reraise
[Tue Jul 21 21:10:44.055606 2026] [wsgi:error] [pid 9:tid 140342752175808] [remote 10.0.0.137:36970] 2026-07-21 21:10:44.031 9 ERROR keystone.server.flask.application raise self.value
[Tue Jul 21 21:10:44.055608 2026] [wsgi:error] [pid 9:tid 140342752175808] [remote 10.0.0.137:36970] 2026-07-21 21:10:44.031 9 ERROR keystone.server.flask.application
File "/var/lib/openstack/lib/python3.12/site-packages/oslo_db/sqlalchemy/enginefacade.py", line 835, in _session
[Tue Jul 21 21:10:44.055610 2026] [wsgi:error] [pid 9:tid 140342752175808] [remote 10.0.0.137:36970] 2026-07-21 21:10:44.031 9 ERROR keystone.server.flask.application self._end_session_transaction(self.session)
[Tue Jul 21 21:10:44.055611 2026] [wsgi:error] [pid 9:tid 140342752175808] [remote 10.0.0.137:36970] 2026-07-21 21:10:44.031 9 ERROR keystone.server.flask.application
File "/var/lib/openstack/lib/python3.12/site-packages/oslo_db/sqlalchemy/enginefacade.py", line 748, in _end_session_transaction
[Tue Jul 21 21:10:44.055613 2026] [wsgi:error] [pid 9:tid 140342752175808] [remote 10.0.0.137:36970] 2026-07-21 21:10:44.031 9 ERROR keystone.server.flask.application session.commit()
[Tue Jul 21 21:10:44.055615 2026] [wsgi:error] [pid 9:tid 140342752175808] [remote 10.0.0.137:36970] 2026-07-21 21:10:44.031 9 ERROR keystone.server.flask.application
File "/var/lib/openstack/lib/python3.12/site-packages/sqlalchemy/orm/session.py", line 2034, in commit
[Tue Jul 21 21:10:44.055616 2026] [wsgi:error] [pid 9:tid 140342752175808] [remote 10.0.0.137:36970] 2026-07-21 21:10:44.031 9 ERROR keystone.server.flask.application trans.commit(_to_root=True)
[Tue Jul 21 21:10:44.055618 2026] [wsgi:error] [pid 9:tid 140342752175808] [remote 10.0.0.137:36970] 2026-07-21 21:10:44.031 9 ERROR keystone.server.flask.application File "", line 2, in commit
[Tue Jul 21 21:10:44.055621 2026] [wsgi:error] [pid 9:tid 140342752175808] [remote 10.0.0.137:36970] 2026-07-21 21:10:44.031 9 ERROR keystone.server.flask.application
File "/var/lib/openstack/lib/python3.12/site-packages/sqlalchemy/orm/state_changes.py", line 137, in _go
[Tue Jul 21 21:10:44.055622 2026] [wsgi:error] [pid 9:tid 140342752175808] [remote 10.0.0.137:36970] 2026-07-21 21:10:44.031 9 ERROR keystone.server.flask.application ret_value = fn(self, *arg, **kw)
[Tue Jul 21 21:10:44.055624 2026] [wsgi:error] [pid 9:tid 140342752175808] [remote 10.0.0.137:36970] 2026-07-21 21:10:44.031 9 ERROR keystone.server.flask.application ^^^^^^^^^^^^^^^^^^^^
[Tue Jul 21 21:10:44.055625 2026] [wsgi:error] [pid 9:tid 140342752175808] [remote 10.0.0.137:36970] 2026-07-21 21:10:44.031 9 ERROR keystone.server.flask.application
File "/var/lib/openstack/lib/python3.12/site-packages/sqlalchemy/orm/session.py", line 1315, in commit
[Tue Jul 21 21:10:44.055626 2026] [wsgi:error] [pid 9:tid 140342752175808] [remote 10.0.0.137:36970] 2026-07-21 21:10:44.031 9 ERROR keystone.server.flask.application self._prepare_impl()
[Tue Jul 21 21:10:44.055628 2026] [wsgi:error] [pid 9:tid 140342752175808] [remote 10.0.0.137:36970] 2026-07-21 21:10:44.031 9 ERROR keystone.server.flask.application File "", line 2, in _prepare_impl
[Tue Jul 21 21:10:44.055634 2026] [wsgi:error] [pid 9:tid 140342752175808] [remote 10.0.0.137:36970] 2026-07-21 21:10:44.031 9 ERROR keystone.server.flask.application
File "/var/lib/openstack/lib/python3.12/site-packages/sqlalchemy/orm/state_changes.py", line 137, in _go
[Tue Jul 21 21:10:44.055636 2026] [wsgi:error] [pid 9:tid 140342752175808] [remote 10.0.0.137:36970] 2026-07-21 21:10:44.031 9 ERROR keystone.server.flask.application ret_value = fn(self, *arg, **kw)
[Tue Jul 21 21:10:44.055638 2026] [wsgi:error] [pid 9:tid 140342752175808] [remote 10.0.0.137:36970] 2026-07-21 21:10:44.031 9 ERROR keystone.server.flask.application ^^^^^^^^^^^^^^^^^^^^
[Tue Jul 21 21:10:44.055640 2026] [wsgi:error] [pid 9:tid 140342752175808] [remote 10.0.0.137:36970] 2026-07-21 21:10:44.031 9 ERROR keystone.server.flask.application
File "/var/lib/openstack/lib/python3.12/site-packages/sqlalchemy/orm/session.py", line 1290, in _prepare_impl
[Tue Jul 21 21:10:44.055642 2026] [wsgi:error] [pid 9:tid 140342752175808] [remote 10.0.0.137:36970] 2026-07-21 21:10:44.031 9 ERROR keystone.server.flask.application self.session.flush()
[Tue Jul 21 21:10:44.055645 2026] [wsgi:error] [pid 9:tid 140342752175808] [remote 10.0.0.137:36970] 2026-07-21 21:10:44.031 9 ERROR keystone.server.flask.application
File "/var/lib/openstack/lib/python3.12/site-packages/sqlalchemy/orm/session.py", line 4352, in flush
[Tue Jul 21 21:10:44.055647 2026] [wsgi:error] [pid 9:tid 140342752175808] [remote 10.0.0.137:36970] 2026-07-21 21:10:44.031 9 ERROR keystone.server.flask.application self._flush(objects)
[Tue Jul 21 21:10:44.055649 2026] [wsgi:error] [pid 9:tid 140342752175808] [remote 10.0.0.137:36970] 2026-07-21 21:10:44.031 9 ERROR keystone.server.flask.application
File "/var/lib/openstack/lib/python3.12/site-packages/sqlalchemy/orm/session.py", line 4487, in _flush
[Tue Jul 21 21:10:44.055651 2026] [wsgi:error] [pid 9:tid 140342752175808] [remote 10.0.0.137:36970] 2026-07-21 21:10:44.031 9 ERROR keystone.server.flask.application with util.safe_reraise():
[Tue Jul 21 21:10:44.055654 2026] [wsgi:error] [pid 9:tid 140342752175808] [remote 10.0.0.137:36970] 2026-07-21 21:10:44.031 9 ERROR keystone.server.flask.application
File "/var/lib/openstack/lib/python3.12/site-packages/sqlalchemy/util/langhelpers.py", line 122, in __exit__
[Tue Jul 21 21:10:44.055657 2026] [wsgi:error] [pid 9:tid 140342752175808] [remote 10.0.0.137:36970] 2026-07-21 21:10:44.031 9 ERROR keystone.server.flask.application raise exc_value.with_traceback(exc_tb)
[Tue Jul 21 21:10:44.055660 2026] [wsgi:error] [pid 9:tid 140342752175808] [remote 10.0.0.137:36970] 2026-07-21 21:10:44.031 9 ERROR keystone.server.flask.application
File "/var/lib/openstack/lib/python3.12/site-packages/sqlalchemy/orm/session.py", line 4448, in _flush
[Tue Jul 21 21:10:44.055663 2026] [wsgi:error] [pid 9:tid 140342752175808] [remote 10.0.0.137:36970] 2026-07-21 21:10:44.031 9 ERROR keystone.server.flask.application flush_context.execute()
[Tue Jul 21 21:10:44.055665 2026] [wsgi:error] [pid 9:tid 140342752175808] [remote 10.0.0.137:36970] 2026-07-21 21:10:44.031 9 ERROR keystone.server.flask.application
File "/var/lib/openstack/lib/python3.12/site-packages/sqlalchemy/orm/unitofwork.py", line 465, in execute
