2026-07-21 22:09:36.743 8 INFO placement.requestlog [req-0df12187-ebe3-415a-b38e-516c36167f1f req-0641eb34-9883-4c65-a928-dd47238473c1 308569e790cc4a47b95ba7942668277e 1c4d63e324b345b2ab0764a4ffbe2678 - - afde3ae68ec94335bd11fe4c0b6e179e afde3ae68ec94335bd11fe4c0b6e179e] 199.204.45.129 "GET /allocations/d46a4246-1d5c-439d-b453-7030ca1c2374" status: 200 len: 257 microversion: 1.28 [pid: 8|app: 0|req: 344/688] 199.204.45.129 () {34 vars in 861 bytes} [Tue Jul 21 22:09:36 2026] GET /allocations/d46a4246-1d5c-439d-b453-7030ca1c2374 => generated 257 bytes in 10 msecs (HTTP/1.1 200) 8 headers in 296 bytes (1 switches on core 0)
2026-07-21 22:09:37.790 7 INFO placement.requestlog [None req-4d197432-7e34-4252-93ed-2b22e5745ab7 - - - - - -] 10.0.0.64 "GET /" status: 200 len: 136 microversion: 1.0
2026-07-21 22:09:37.793 8 INFO placement.requestlog [None req-68ec806d-1327-4555-a0a6-2df7cfad094c - - - - - -] 10.0.0.64 "GET /" status: 200 len: 136 microversion: 1.0
2026-07-21 22:09:40.248 7 INFO placement.requestlog [req-0df12187-ebe3-415a-b38e-516c36167f1f req-57a7af59-4d1a-4d51-8d2b-88c4ee1ea001 308569e790cc4a47b95ba7942668277e 1c4d63e324b345b2ab0764a4ffbe2678 - - afde3ae68ec94335bd11fe4c0b6e179e afde3ae68ec94335bd11fe4c0b6e179e] 199.204.45.129 "DELETE /allocations/d46a4246-1d5c-439d-b453-7030ca1c2374" status: 204 len: 0 microversion: 1.0 [pid: 7|app: 0|req: 346/691] 199.204.45.129 () {34 vars in 839 bytes} [Tue Jul 21 22:09:40 2026] DELETE /allocations/d46a4246-1d5c-439d-b453-7030ca1c2374 => generated 0 bytes in 28 msecs (HTTP/1.1 204) 5 headers in 198 bytes (1 switches on core 0)
2026-07-21 22:09:41.029 8 INFO placement.requestlog [req-ca64e64c-ef79-4cd5-a5a5-0ae4e72cc1e6 req-60ff4a89-b229-44d9-886e-747bcb40976d 308569e790cc4a47b95ba7942668277e 1c4d63e324b345b2ab0764a4ffbe2678 - - afde3ae68ec94335bd11fe4c0b6e179e afde3ae68ec94335bd11fe4c0b6e179e] 199.204.45.129 "GET /resource_providers/cc4fc6d8-7d21-48b6-9de8-8132546bd391/allocations" status: 200 len: 152 microversion: 1.0 [pid: 8|app: 0|req: 346/692] 199.204.45.129 () {32 vars in 855 bytes} [Tue Jul 21 22:09:41 2026] GET /resource_providers/cc4fc6d8-7d21-48b6-9de8-8132546bd391/allocations => generated 152 bytes in 22 msecs (HTTP/1.1 200) 6 headers in 224 bytes (1 switches on core 0)
2026-07-21 22:09:41.047 7 INFO placement.requestlog [req-ca64e64c-ef79-4cd5-a5a5-0ae4e72cc1e6 req-404c7396-d51e-4378-b631-c51c0b834fb5 308569e790cc4a47b95ba7942668277e 1c4d63e324b345b2ab0764a4ffbe2678 - - afde3ae68ec94335bd11fe4c0b6e179e afde3ae68ec94335bd11fe4c0b6e179e] 199.204.45.129 "GET /allocations/f091da8a-d938-4ec1-b477-d75c6dff5ecc" status: 200 len: 257 microversion: 1.28 [pid: 7|app: 0|req: 347/693] 199.204.45.129 () {34 vars in 861 bytes} [Tue Jul 21 22:09:41 2026] GET /allocations/f091da8a-d938-4ec1-b477-d75c6dff5ecc => generated 257 bytes in 13 msecs (HTTP/1.1 200) 8 headers in 296 bytes (1 switches on core 0)
2026-07-21 22:09:41.730 8 INFO placement.requestlog [None req-a5b05e10-747f-4ea3-9932-037c0f6fb435 - - - - - -] 10.0.0.47 "GET /" status: 200 len: 136 microversion: 1.0 [pid: 8|app: 0|req: 347/694] 10.0.0.47 () {28 vars in 434 bytes} [Tue Jul 21 22:09:41 2026] GET / => generated 136 bytes in 1 msecs (HTTP/1.1 200) 6 headers in 224 bytes (1 switches on core 0)
2026-07-21 22:09:41.913 7 INFO placement.requestlog [req-79399405-4e81-47c6-bfaf-abf4507f89c1 req-2a632acc-8446-4493-87c6-c6f3485683b5 308569e790cc4a47b95ba7942668277e 1c4d63e324b345b2ab0764a4ffbe2678 - - afde3ae68ec94335bd11fe4c0b6e179e afde3ae68ec94335bd11fe4c0b6e179e] 10.0.0.47 "DELETE /allocations/d46a4246-1d5c-439d-b453-7030ca1c2374" status: 404 len: 228 microversion: 1.0 [pid: 7|app: 0|req: 348/695] 10.0.0.47 () {34 vars in 827 bytes} [Tue Jul 21 22:09:41 2026] DELETE /allocations/d46a4246-1d5c-439d-b453-7030ca1c2374 => generated 228 bytes in 175 msecs (HTTP/1.1 404) 6 headers in 231 bytes (1 switches on core 0)
2026-07-21 22:09:44.522 8 INFO placement.requestlog [req-ca64e64c-ef79-4cd5-a5a5-0ae4e72cc1e6 req-269b8179-2199-4691-b0b4-b87ec9b8cc09 308569e790cc4a47b95ba7942668277e 1c4d63e324b345b2ab0764a4ffbe2678 - - afde3ae68ec94335bd11fe4c0b6e179e afde3ae68ec94335bd11fe4c0b6e179e] 199.204.45.129 "DELETE /allocations/f091da8a-d938-4ec1-b477-d75c6dff5ecc" status: 204 len: 0 microversion: 1.0 [pid: 8|app: 0|req: 348/696] 199.204.45.129 () {34 vars in 839 bytes} [Tue Jul 21 22:09:44 2026] DELETE /allocations/f091da8a-d938-4ec1-b477-d75c6dff5ecc => generated 0 bytes in 21 msecs (HTTP/1.1 204) 5 headers in 198 bytes (1 switches on core 0)
2026-07-21 22:09:44.647 8 INFO placement.requestlog [None req-d3dbd3b5-8405-4e75-b8ee-592f6033c4ed 61f15cecba5e442291f585a85806989e 1c4d63e324b345b2ab0764a4ffbe2678 - - afde3ae68ec94335bd11fe4c0b6e179e afde3ae68ec94335bd11fe4c0b6e179e] 10.0.0.99 "GET /resource_providers/8bcf1e38-70a7-41f6-be29-3103058d9a3b/aggregates" status: 404 len: 235 microversion: 1.1 [pid: 8|app: 0|req: 349/697] 10.0.0.99 () {32 vars in 813 bytes} [Tue Jul 21 22:09:44 2026] GET /resource_providers/8bcf1e38-70a7-41f6-be29-3103058d9a3b/aggregates => generated 235 bytes in 10 msecs (HTTP/1.1 404) 5 headers in 202 bytes (1 switches on core 0)
2026-07-21 22:09:44.651 7 INFO placement.requestlog [None req-b63a4ffd-9952-4f12-be21-6964bed83133 61f15cecba5e442291f585a85806989e 1c4d63e324b345b2ab0764a4ffbe2678 - - afde3ae68ec94335bd11fe4c0b6e179e afde3ae68ec94335bd11fe4c0b6e179e] 10.0.0.99 "GET /resource_providers/8bcf1e38-70a7-41f6-be29-3103058d9a3b/aggregates" status: 404 len: 235 microversion: 1.1 [pid: 7|app: 0|req: 349/698] 10.0.0.99 () {32 vars in 813 bytes} [Tue Jul 21 22:09:44 2026] GET /resource_providers/8bcf1e38-70a7-41f6-be29-3103058d9a3b/aggregates => generated 235 bytes in 15 msecs (HTTP/1.1 404) 5 headers in 202 bytes (1 switches on core 0)
2026-07-21 22:09:44.667 8 INFO placement.requestlog [None req-8332283a-86bd-468b-bfe6-6a650e8c8fd5 61f15cecba5e442291f585a85806989e 1c4d63e324b345b2ab0764a4ffbe2678 - - afde3ae68ec94335bd11fe4c0b6e179e afde3ae68ec94335bd11fe4c0b6e179e] 10.0.0.99 "DELETE /resource_providers/8bcf1e38-70a7-41f6-be29-3103058d9a3b" status: 404 len: 246 microversion: 1.1 [pid: 8|app: 0|req: 350/699] 10.0.0.99 () {34 vars in 813 bytes} [Tue Jul 21 22:09:44 2026] DELETE /resource_providers/8bcf1e38-70a7-41f6-be29-3103058d9a3b => generated 246 bytes in 8 msecs (HTTP/1.1 404) 6 headers in 231 bytes (1 switches on core 0)
2026-07-21 22:09:44.669 7 INFO placement.requestlog [None req-c86d4c8b-9bd0-4e08-a67f-3fe895a162d2 61f15cecba5e442291f585a85806989e 1c4d63e324b345b2ab0764a4ffbe2678 - - afde3ae68ec94335bd11fe4c0b6e179e afde3ae68ec94335bd11fe4c0b6e179e] 10.0.0.99 "DELETE /resource_providers/8bcf1e38-70a7-41f6-be29-3103058d9a3b" status: 404 len: 246 microversion: 1.1 [pid: 7|app: 0|req: 350/700] 10.0.0.99 () {34 vars in 813 bytes} [Tue Jul 21 22:09:44 2026] DELETE /resource_providers/8bcf1e38-70a7-41f6-be29-3103058d9a3b => generated 246 bytes in 9 msecs (HTTP/1.1 404) 6 headers in 231 bytes (1 switches on core 0)
2026-07-21 22:09:45.447 8 INFO placement.requestlog [req-947b3374-693b-43d0-b400-7da5bc3e2979 req-050558a4-ce6f-44e9-ada3-75c1a22887fe 308569e790cc4a47b95ba7942668277e 1c4d63e324b345b2ab0764a4ffbe2678 - - afde3ae68ec94335bd11fe4c0b6e179e afde3ae68ec94335bd11fe4c0b6e179e] 10.0.0.47 "DELETE /allocations/f091da8a-d938-4ec1-b477-d75c6dff5ecc" status: 404 len: 228 microversion: 1.0 [pid: 8|app: 0|req: 351/701] 10.0.0.47 () {34 vars in 827 bytes} [Tue Jul 21 22:09:45 2026] DELETE /allocations/f091da8a-d938-4ec1-b477-d75c6dff5ecc => generated 228 bytes in 11 msecs (HTTP/1.1 404) 6 headers in 231 bytes (1 switches on core 0)
2026-07-21 22:09:47.791 7 INFO placement.requestlog [None req-30063c22-6889-42ea-91f7-a3d0bba0813b - - - - - -] 10.0.0.64 "GET /" status: 200 len: 136 microversion: 1.0
2026-07-21 22:09:47.793 8 INFO placement.requestlog [None req-51ad4c79-13fd-40bd-9cbd-70934c5b3efb - - - - - -] 10.0.0.64 "GET /" status: 200 len: 136 microversion: 1.0
2026-07-21 22:09:48.395 7 INFO placement.requestlog [None req-0dfffb6f-a191-454b-bab7-f49a1be6cb41 61f15cecba5e442291f585a85806989e 1c4d63e324b345b2ab0764a4ffbe2678 - - afde3ae68ec94335bd11fe4c0b6e179e afde3ae68ec94335bd11fe4c0b6e179e] 10.0.0.99 "GET /resource_providers/4c92bc0d-2693-45c7-a697-022445c4e570/aggregates" status: 404 len: 235 microversion: 1.1 [pid: 7|app: 0|req: 352/704] 10.0.0.99 () {32 vars in 813 bytes} [Tue Jul 21 22:09:48 2026] GET /resource_providers/4c92bc0d-2693-45c7-a697-022445c4e570/aggregates => generated 235 bytes in 14 msecs (HTTP/1.1 404) 5 headers in 202 bytes (1 switches on core 0)
2026-07-21 22:09:48.396 8 INFO placement.requestlog [None req-631b3a4e-f2c3-459e-9fe7-b55f6b23600a 61f15cecba5e442291f585a85806989e 1c4d63e324b345b2ab0764a4ffbe2678 - - afde3ae68ec94335bd11fe4c0b6e179e afde3ae68ec94335bd11fe4c0b6e179e] 10.0.0.99 "GET /resource_providers/4c92bc0d-2693-45c7-a697-022445c4e570/aggregates" status: 404 len: 235 microversion: 1.1 [pid: 8|app: 0|req: 353/705] 10.0.0.99 () {32 vars in 813 bytes} [Tue Jul 21 22:09:48 2026] GET /resource_providers/4c92bc0d-2693-45c7-a697-022445c4e570/aggregates => generated 235 bytes in 13 msecs (HTTP/1.1 404) 5 headers in 202 bytes (1 switches on core 0)
2026-07-21 22:09:48.422 8 INFO placement.requestlog [None req-ed18d22c-d75e-4ea5-aef0-7b06578c4088 61f15cecba5e442291f585a85806989e 1c4d63e324b345b2ab0764a4ffbe2678 - - afde3ae68ec94335bd11fe4c0b6e179e afde3ae68ec94335bd11fe4c0b6e179e] 10.0.0.99 "DELETE /resource_providers/4c92bc0d-2693-45c7-a697-022445c4e570" status: 404 len: 246 microversion: 1.1 [pid: 8|app: 0|req: 354/706] 10.0.0.99 () {34 vars in 813 bytes} [Tue Jul 21 22:09:48 2026] DELETE /resource_providers/4c92bc0d-2693-45c7-a697-022445c4e570 => generated 246 bytes in 14 msecs (HTTP/1.1 404) 6 headers in 231 bytes (1 switches on core 0)
2026-07-21 22:09:48.429 7 INFO placement.requestlog [None req-8a93cee8-3fb5-423b-8b51-a71ca57052f1 61f15cecba5e442291f585a85806989e 1c4d63e324b345b2ab0764a4ffbe2678 - - afde3ae68ec94335bd11fe4c0b6e179e afde3ae68ec94335bd11fe4c0b6e179e] 10.0.0.99 "DELETE /resource_providers/4c92bc0d-2693-45c7-a697-022445c4e570" status: 404 len: 246 microversion: 1.1 [pid: 7|app: 0|req: 353/707] 10.0.0.99 () {34 vars in 813 bytes} [Tue Jul 21 22:09:48 2026] DELETE /resource_providers/4c92bc0d-2693-45c7-a697-022445c4e570 => generated 246 bytes in 21 msecs (HTTP/1.1 404) 6 headers in 231 bytes (1 switches on core 0)
2026-07-21 22:09:52.207 8 INFO placement.requestlog [None req-04813424-4e97-459e-8ff3-4ac96eb885b3 61f15cecba5e442291f585a85806989e 1c4d63e324b345b2ab0764a4ffbe2678 - - afde3ae68ec94335bd11fe4c0b6e179e afde3ae68ec94335bd11fe4c0b6e179e] 10.0.0.99 "GET /resource_providers/f58a85f1-f111-4690-9f09-7cd5255c4517/aggregates" status: 404 len: 235 microversion: 1.1 [pid: 8|app: 0|req: 355/708] 10.0.0.99 () {32 vars in 813 bytes} [Tue Jul 21 22:09:52 2026] GET /resource_providers/f58a85f1-f111-4690-9f09-7cd5255c4517/aggregates => generated 235 bytes in 11 msecs (HTTP/1.1 404) 5 headers in 202 bytes (1 switches on core 0)
2026-07-21 22:09:52.211 7 INFO placement.requestlog [None req-de754fbe-fc65-4c70-aacd-73d38d17a3b9 61f15cecba5e442291f585a85806989e 1c4d63e324b345b2ab0764a4ffbe2678 - - afde3ae68ec94335bd11fe4c0b6e179e afde3ae68ec94335bd11fe4c0b6e179e] 10.0.0.99 "GET /resource_providers/f58a85f1-f111-4690-9f09-7cd5255c4517/aggregates" status: 404 len: 235 microversion: 1.1 [pid: 7|app: 0|req: 354/709] 10.0.0.99 () {32 vars in 813 bytes} [Tue Jul 21 22:09:52 2026] GET /resource_providers/f58a85f1-f111-4690-9f09-7cd5255c4517/aggregates => generated 235 bytes in 12 msecs (HTTP/1.1 404) 5 headers in 202 bytes (1 switches on core 0)
2026-07-21 22:09:52.229 8 INFO placement.requestlog [None req-440e2902-e520-406e-a03a-28a30622a3d2 61f15cecba5e442291f585a85806989e 1c4d63e324b345b2ab0764a4ffbe2678 - - afde3ae68ec94335bd11fe4c0b6e179e afde3ae68ec94335bd11fe4c0b6e179e] 10.0.0.99 "DELETE /resource_providers/f58a85f1-f111-4690-9f09-7cd5255c4517" status: 404 len: 246 microversion: 1.1 [pid: 8|app: 0|req: 356/710] 10.0.0.99 () {34 vars in 813 bytes} [Tue Jul 21 22:09:52 2026] DELETE /resource_providers/f58a85f1-f111-4690-9f09-7cd5255c4517 => generated 246 bytes in 9 msecs (HTTP/1.1 404) 6 headers in 231 bytes (1 switches on core 0)
2026-07-21 22:09:52.231 7 INFO placement.requestlog [None req-287206b5-b2b5-463f-900c-5d03733dab4c 61f15cecba5e442291f585a85806989e 1c4d63e324b345b2ab0764a4ffbe2678 - - afde3ae68ec94335bd11fe4c0b6e179e afde3ae68ec94335bd11fe4c0b6e179e] 10.0.0.99 "DELETE /resource_providers/f58a85f1-f111-4690-9f09-7cd5255c4517" status: 404 len: 246 microversion: 1.1 [pid: 7|app: 0|req: 355/711] 10.0.0.99 () {34 vars in 813 bytes} [Tue Jul 21 22:09:52 2026] DELETE /resource_providers/f58a85f1-f111-4690-9f09-7cd5255c4517 => generated 246 bytes in 10 msecs (HTTP/1.1 404) 6 headers in 231 bytes (1 switches on core 0)
2026-07-21 22:09:54.252 8 INFO placement.requestlog [None req-145c52f4-9c52-484c-af74-79197509a843 61f15cecba5e442291f585a85806989e 1c4d63e324b345b2ab0764a4ffbe2678 - - afde3ae68ec94335bd11fe4c0b6e179e afde3ae68ec94335bd11fe4c0b6e179e] 10.0.0.99 "GET /resource_providers/1f45da4b-32c6-4bf7-82e7-36d9d5dc9830/aggregates" status: 404 len: 235 microversion: 1.1 [pid: 8|app: 0|req: 357/712] 10.0.0.99 () {32 vars in 813 bytes} [Tue Jul 21 22:09:54 2026] GET /resource_providers/1f45da4b-32c6-4bf7-82e7-36d9d5dc9830/aggregates => generated 235 bytes in 8 msecs (HTTP/1.1 404) 5 headers in 202 bytes (1 switches on core 0)
2026-07-21 22:09:54.260 7 INFO placement.requestlog [None req-f69e853d-b081-4e30-96ca-ef86a80acfd2 61f15cecba5e442291f585a85806989e 1c4d63e324b345b2ab0764a4ffbe2678 - - afde3ae68ec94335bd11fe4c0b6e179e afde3ae68ec94335bd11fe4c0b6e179e] 10.0.0.99 "GET /resource_providers/1f45da4b-32c6-4bf7-82e7-36d9d5dc9830/aggregates" status: 404 len: 235 microversion: 1.1 [pid: 7|app: 0|req: 356/713] 10.0.0.99 () {32 vars in 813 bytes} [Tue Jul 21 22:09:54 2026] GET /resource_providers/1f45da4b-32c6-4bf7-82e7-36d9d5dc9830/aggregates => generated 235 bytes in 16 msecs (HTTP/1.1 404) 5 headers in 202 bytes (1 switches on core 0)
2026-07-21 22:09:54.283 8 INFO placement.requestlog [None req-17fbcf82-6b55-449e-9067-939a63a95dde 61f15cecba5e442291f585a85806989e 1c4d63e324b345b2ab0764a4ffbe2678 - - afde3ae68ec94335bd11fe4c0b6e179e afde3ae68ec94335bd11fe4c0b6e179e] 10.0.0.99 "DELETE /resource_providers/1f45da4b-32c6-4bf7-82e7-36d9d5dc9830" status: 404 len: 246 microversion: 1.1 [pid: 8|app: 0|req: 358/714] 10.0.0.99 () {34 vars in 813 bytes} [Tue Jul 21 22:09:54 2026] DELETE /resource_providers/1f45da4b-32c6-4bf7-82e7-36d9d5dc9830 => generated 246 bytes in 9 msecs (HTTP/1.1 404) 6 headers in 231 bytes (1 switches on core 0)
2026-07-21 22:09:54.285 7 INFO placement.requestlog [None req-80fc2633-c708-41c3-b522-2957bc30a371 61f15cecba5e442291f585a85806989e 1c4d63e324b345b2ab0764a4ffbe2678 - - afde3ae68ec94335bd11fe4c0b6e179e afde3ae68ec94335bd11fe4c0b6e179e] 10.0.0.99 "DELETE /resource_providers/1f45da4b-32c6-4bf7-82e7-36d9d5dc9830" status: 404 len: 246 microversion: 1.1 [pid: 7|app: 0|req: 357/715] 10.0.0.99 () {34 vars in 813 bytes} [Tue Jul 21 22:09:54 2026] DELETE /resource_providers/1f45da4b-32c6-4bf7-82e7-36d9d5dc9830 => generated 246 bytes in 10 msecs (HTTP/1.1 404) 6 headers in 231 bytes (1 switches on core 0)
2026-07-21 22:09:57.791 8 INFO placement.requestlog [None req-c007754c-aaf4-478c-adb4-4734b4f016c1 - - - - - -] 10.0.0.64 "GET /" status: 200 len: 136 microversion: 1.0
2026-07-21 22:09:57.791 7 INFO placement.requestlog [None req-fa055a6e-44e2-4943-b797-f7d949afc357 - - - - - -] 10.0.0.64 "GET /" status: 200 len: 136 microversion: 1.0
2026-07-21 22:09:59.740 8 INFO placement.requestlog [req-35327f41-2c9d-46dd-9521-e4054a50a4fb req-48840d8d-ad92-411b-bc12-3053b3f21bb2 308569e790cc4a47b95ba7942668277e 1c4d63e324b345b2ab0764a4ffbe2678 - - afde3ae68ec94335bd11fe4c0b6e179e afde3ae68ec94335bd11fe4c0b6e179e] 10.0.0.223 "GET /allocation_candidates?limit=1000&resources=DISK_GB%3A1%2CMEMORY_MB%3A512%2CVCPU%3A1&root_required=%21COMPUTE_STATUS_DISABLED" status: 200 len: 2781 microversion: 1.36 [pid: 8|app: 0|req: 360/718] 10.0.0.223 () {34 vars in 1010 bytes} [Tue Jul 21 22:09:59 2026] GET /allocation_candidates?limit=1000&resources=DISK_GB%3A1%2CMEMORY_MB%3A512%2CVCPU%3A1&root_required=%21COMPUTE_STATUS_DISABLED => generated 2781 bytes in 58 msecs (HTTP/1.1 200) 8 headers in 297 bytes (1 switches on core 0)
2026-07-21 22:09:59.785 7 INFO placement.requestlog [req-35327f41-2c9d-46dd-9521-e4054a50a4fb req-d0979e07-f2f1-4881-8187-18ab338a3e0b 308569e790cc4a47b95ba7942668277e 1c4d63e324b345b2ab0764a4ffbe2678 - - afde3ae68ec94335bd11fe4c0b6e179e afde3ae68ec94335bd11fe4c0b6e179e] 10.0.0.223 "GET /allocations/ada401c8-0a55-403a-9c9b-c328f6c3a142" status: 200 len: 19 microversion: 1.28 [pid: 7|app: 0|req: 359/719] 10.0.0.223 () {34 vars in 859 bytes} [Tue Jul 21 22:09:59 2026] GET /allocations/ada401c8-0a55-403a-9c9b-c328f6c3a142 => generated 19 bytes in 9 msecs (HTTP/1.1 200) 8 headers in 295 bytes (1 switches on core 0)
2026-07-21 22:09:59.875 8 INFO placement.requestlog [req-35327f41-2c9d-46dd-9521-e4054a50a4fb req-c1d10860-f2cd-4679-89b5-6d0ca13f2fa5 308569e790cc4a47b95ba7942668277e 1c4d63e324b345b2ab0764a4ffbe2678 - - afde3ae68ec94335bd11fe4c0b6e179e afde3ae68ec94335bd11fe4c0b6e179e] 10.0.0.223 "PUT /allocations/ada401c8-0a55-403a-9c9b-c328f6c3a142" status: 204 len: 0 microversion: 1.36 [pid: 8|app: 0|req: 361/720] 10.0.0.223 () {38 vars in 912 bytes} [Tue Jul 21 22:09:59 2026] PUT /allocations/ada401c8-0a55-403a-9c9b-c328f6c3a142 => generated 0 bytes in 83 msecs (HTTP/1.1 204) 5 headers in 199 bytes (1 switches on core 0)
2026-07-21 22:10:00.006 8 INFO placement.requestlog [None req-33dacb47-bed3-478e-80b6-4c6a433f7c50 61f15cecba5e442291f585a85806989e 1c4d63e324b345b2ab0764a4ffbe2678 - - afde3ae68ec94335bd11fe4c0b6e179e afde3ae68ec94335bd11fe4c0b6e179e] 10.0.0.99 "GET /resource_providers/e298de00-5414-4eef-9f90-65775fa88c16/aggregates" status: 404 len: 235 microversion: 1.1 [pid: 8|app: 0|req: 362/721] 10.0.0.99 () {32 vars in 813 bytes} [Tue Jul 21 22:09:59 2026] GET /resource_providers/e298de00-5414-4eef-9f90-65775fa88c16/aggregates => generated 235 bytes in 8 msecs (HTTP/1.1 404) 5 headers in 202 bytes (1 switches on core 0)
2026-07-21 22:10:00.010 7 INFO placement.requestlog [None req-8dbd84db-04c2-4d1d-a555-8e0ca3d7a6f6 61f15cecba5e442291f585a85806989e 1c4d63e324b345b2ab0764a4ffbe2678 - - afde3ae68ec94335bd11fe4c0b6e179e afde3ae68ec94335bd11fe4c0b6e179e] 10.0.0.99 "GET /resource_providers/e298de00-5414-4eef-9f90-65775fa88c16/aggregates" status: 404 len: 235 microversion: 1.1 [pid: 7|app: 0|req: 360/722] 10.0.0.99 () {32 vars in 813 bytes} [Tue Jul 21 22:09:59 2026] GET /resource_providers/e298de00-5414-4eef-9f90-65775fa88c16/aggregates => generated 235 bytes in 13 msecs (HTTP/1.1 404) 5 headers in 202 bytes (1 switches on core 0)
2026-07-21 22:10:00.024 7 INFO placement.requestlog [None req-b29d9e35-a7eb-43f0-aa32-da5060df9a38 61f15cecba5e442291f585a85806989e 1c4d63e324b345b2ab0764a4ffbe2678 - - afde3ae68ec94335bd11fe4c0b6e179e afde3ae68ec94335bd11fe4c0b6e179e] 10.0.0.99 "DELETE /resource_providers/e298de00-5414-4eef-9f90-65775fa88c16" status: 404 len: 246 microversion: 1.1 [pid: 7|app: 0|req: 361/723] 10.0.0.99 () {34 vars in 813 bytes} [Tue Jul 21 22:10:00 2026] DELETE /resource_providers/e298de00-5414-4eef-9f90-65775fa88c16 => generated 246 bytes in 5 msecs (HTTP/1.1 404) 6 headers in 231 bytes (1 switches on core 0)
2026-07-21 22:10:00.026 8 INFO placement.requestlog [None req-0d1f30f4-f9c2-4070-bcd2-83f08327ce6c 61f15cecba5e442291f585a85806989e 1c4d63e324b345b2ab0764a4ffbe2678 - - afde3ae68ec94335bd11fe4c0b6e179e afde3ae68ec94335bd11fe4c0b6e179e] 10.0.0.99 "DELETE /resource_providers/e298de00-5414-4eef-9f90-65775fa88c16" status: 404 len: 246 microversion: 1.1 [pid: 8|app: 0|req: 363/724] 10.0.0.99 () {34 vars in 813 bytes} [Tue Jul 21 22:10:00 2026] DELETE /resource_providers/e298de00-5414-4eef-9f90-65775fa88c16 => generated 246 bytes in 10 msecs (HTTP/1.1 404) 6 headers in 231 bytes (1 switches on core 0)
2026-07-21 22:10:00.381 7 INFO placement.requestlog [None req-20d96036-4bb9-4c04-8ca1-8e0a8d9ad6b2 61f15cecba5e442291f585a85806989e 1c4d63e324b345b2ab0764a4ffbe2678 - - afde3ae68ec94335bd11fe4c0b6e179e afde3ae68ec94335bd11fe4c0b6e179e] 10.0.0.99 "GET /resource_providers/4573491e-5ff0-4a2e-9ee7-34d1b7556e6d/aggregates" status: 404 len: 235 microversion: 1.1 [pid: 7|app: 0|req: 362/725] 10.0.0.99 () {32 vars in 813 bytes} [Tue Jul 21 22:10:00 2026] GET /resource_providers/4573491e-5ff0-4a2e-9ee7-34d1b7556e6d/aggregates => generated 235 bytes in 10 msecs (HTTP/1.1 404) 5 headers in 202 bytes (1 switches on core 0)
2026-07-21 22:10:00.385 8 INFO placement.requestlog [None req-4485d9c3-cbf3-4d3e-9e09-6f991660af11 61f15cecba5e442291f585a85806989e 1c4d63e324b345b2ab0764a4ffbe2678 - - afde3ae68ec94335bd11fe4c0b6e179e afde3ae68ec94335bd11fe4c0b6e179e] 10.0.0.99 "GET /resource_providers/4573491e-5ff0-4a2e-9ee7-34d1b7556e6d/aggregates" status: 404 len: 235 microversion: 1.1 [pid: 8|app: 0|req: 364/726] 10.0.0.99 () {32 vars in 813 bytes} [Tue Jul 21 22:10:00 2026] GET /resource_providers/4573491e-5ff0-4a2e-9ee7-34d1b7556e6d/aggregates => generated 235 bytes in 10 msecs (HTTP/1.1 404) 5 headers in 202 bytes (1 switches on core 0)
2026-07-21 22:10:00.410 7 INFO placement.requestlog [None req-83aac6ef-527b-4b48-a8d2-72dc5b773f30 61f15cecba5e442291f585a85806989e 1c4d63e324b345b2ab0764a4ffbe2678 - - afde3ae68ec94335bd11fe4c0b6e179e afde3ae68ec94335bd11fe4c0b6e179e] 10.0.0.99 "DELETE /resource_providers/4573491e-5ff0-4a2e-9ee7-34d1b7556e6d" status: 404 len: 246 microversion: 1.1 [pid: 7|app: 0|req: 363/727] 10.0.0.99 () {34 vars in 813 bytes} [Tue Jul 21 22:10:00 2026] DELETE /resource_providers/4573491e-5ff0-4a2e-9ee7-34d1b7556e6d => generated 246 bytes in 11 msecs (HTTP/1.1 404) 6 headers in 231 bytes (1 switches on core 0)
2026-07-21 22:10:00.442 8 INFO placement.requestlog [None req-dad01c7d-e732-4f16-aa29-fa753b02f956 61f15cecba5e442291f585a85806989e 1c4d63e324b345b2ab0764a4ffbe2678 - - afde3ae68ec94335bd11fe4c0b6e179e afde3ae68ec94335bd11fe4c0b6e179e] 10.0.0.99 "DELETE /resource_providers/4573491e-5ff0-4a2e-9ee7-34d1b7556e6d" status: 404 len: 246 microversion: 1.1 [pid: 8|app: 0|req: 365/728] 10.0.0.99 () {34 vars in 813 bytes} [Tue Jul 21 22:10:00 2026] DELETE /resource_providers/4573491e-5ff0-4a2e-9ee7-34d1b7556e6d => generated 246 bytes in 41 msecs (HTTP/1.1 404) 6 headers in 231 bytes (1 switches on core 0)
2026-07-21 22:10:01.339 7 INFO placement.requestlog [req-35327f41-2c9d-46dd-9521-e4054a50a4fb req-a53c5919-d6fa-41b0-adc7-a6fc5abf8bff 308569e790cc4a47b95ba7942668277e 1c4d63e324b345b2ab0764a4ffbe2678 - - afde3ae68ec94335bd11fe4c0b6e179e afde3ae68ec94335bd11fe4c0b6e179e] 199.204.45.129 "GET /allocations/ada401c8-0a55-403a-9c9b-c328f6c3a142" status: 200 len: 257 microversion: 1.28 [pid: 7|app: 0|req: 364/729] 199.204.45.129 () {34 vars in 861 bytes} [Tue Jul 21 22:10:01 2026] GET /allocations/ada401c8-0a55-403a-9c9b-c328f6c3a142 => generated 257 bytes in 21 msecs (HTTP/1.1 200) 8 headers in 296 bytes (1 switches on core 0)
2026-07-21 22:10:02.040 8 INFO placement.requestlog [None req-c9367565-17a5-4ab9-bfec-7e8a3e65fa5b 61f15cecba5e442291f585a85806989e 1c4d63e324b345b2ab0764a4ffbe2678 - - afde3ae68ec94335bd11fe4c0b6e179e afde3ae68ec94335bd11fe4c0b6e179e] 10.0.0.99 "GET /resource_providers/4169373e-3031-41f4-b49a-82acbac2f151/aggregates" status: 404 len: 235 microversion: 1.1 [pid: 8|app: 0|req: 366/730] 10.0.0.99 () {32 vars in 813 bytes} [Tue Jul 21 22:10:02 2026] GET /resource_providers/4169373e-3031-41f4-b49a-82acbac2f151/aggregates => generated 235 bytes in 8 msecs (HTTP/1.1 404) 5 headers in 202 bytes (1 switches on core 0)
2026-07-21 22:10:02.052 8 INFO placement.requestlog [None req-a9f89483-12e2-41c5-a059-a2bab277bfd5 61f15cecba5e442291f585a85806989e 1c4d63e324b345b2ab0764a4ffbe2678 - - afde3ae68ec94335bd11fe4c0b6e179e afde3ae68ec94335bd11fe4c0b6e179e] 10.0.0.99 "DELETE /resource_providers/4169373e-3031-41f4-b49a-82acbac2f151" status: 404 len: 246 microversion: 1.1 [pid: 8|app: 0|req: 367/731] 10.0.0.99 () {34 vars in 813 bytes} [Tue Jul 21 22:10:02 2026] DELETE /resource_providers/4169373e-3031-41f4-b49a-82acbac2f151 => generated 246 bytes in 6 msecs (HTTP/1.1 404) 6 headers in 231 bytes (1 switches on core 0)
2026-07-21 22:10:02.053 7 INFO placement.requestlog [None req-a8c2e7b9-4f8c-4d3d-a3e8-1dd423e75c37 61f15cecba5e442291f585a85806989e 1c4d63e324b345b2ab0764a4ffbe2678 - - afde3ae68ec94335bd11fe4c0b6e179e afde3ae68ec94335bd11fe4c0b6e179e] 10.0.0.99 "GET /resource_providers/4169373e-3031-41f4-b49a-82acbac2f151/aggregates" status: 404 len: 235 microversion: 1.1 [pid: 7|app: 0|req: 365/732] 10.0.0.99 () {32 vars in 813 bytes} [Tue Jul 21 22:10:02 2026] GET /resource_providers/4169373e-3031-41f4-b49a-82acbac2f151/aggregates => generated 235 bytes in 13 msecs (HTTP/1.1 404) 5 headers in 202 bytes (1 switches on core 0)
2026-07-21 22:10:02.073 8 INFO placement.requestlog [None req-73d94b78-9611-437f-be96-884599ca3cfd 61f15cecba5e442291f585a85806989e 1c4d63e324b345b2ab0764a4ffbe2678 - - afde3ae68ec94335bd11fe4c0b6e179e afde3ae68ec94335bd11fe4c0b6e179e] 10.0.0.99 "DELETE /resource_providers/4169373e-3031-41f4-b49a-82acbac2f151" status: 404 len: 246 microversion: 1.1 [pid: 8|app: 0|req: 368/733] 10.0.0.99 () {34 vars in 813 bytes} [Tue Jul 21 22:10:02 2026] DELETE /resource_providers/4169373e-3031-41f4-b49a-82acbac2f151 => generated 246 bytes in 11 msecs (HTTP/1.1 404) 6 headers in 231 bytes (1 switches on core 0)
2026-07-21 22:10:02.377 7 INFO placement.requestlog [req-35327f41-2c9d-46dd-9521-e4054a50a4fb req-99929218-7963-491a-99d4-85ce23f19ff8 308569e790cc4a47b95ba7942668277e 1c4d63e324b345b2ab0764a4ffbe2678 - - afde3ae68ec94335bd11fe4c0b6e179e afde3ae68ec94335bd11fe4c0b6e179e] 199.204.45.129 "GET /resource_providers/cc4fc6d8-7d21-48b6-9de8-8132546bd391/allocations" status: 200 len: 152 microversion: 1.0 [pid: 7|app: 0|req: 366/734] 199.204.45.129 () {32 vars in 855 bytes} [Tue Jul 21 22:10:02 2026] GET /resource_providers/cc4fc6d8-7d21-48b6-9de8-8132546bd391/allocations => generated 152 bytes in 17 msecs (HTTP/1.1 200) 6 headers in 224 bytes (1 switches on core 0)
2026-07-21 22:10:02.403 8 INFO placement.requestlog [req-35327f41-2c9d-46dd-9521-e4054a50a4fb req-950303af-a449-4366-8b39-bf3f5159cd13 308569e790cc4a47b95ba7942668277e 1c4d63e324b345b2ab0764a4ffbe2678 - - afde3ae68ec94335bd11fe4c0b6e179e afde3ae68ec94335bd11fe4c0b6e179e] 199.204.45.129 "GET /allocations/ada401c8-0a55-403a-9c9b-c328f6c3a142" status: 200 len: 257 microversion: 1.28 [pid: 8|app: 0|req: 369/735] 199.204.45.129 () {34 vars in 861 bytes} [Tue Jul 21 22:10:02 2026] GET /allocations/ada401c8-0a55-403a-9c9b-c328f6c3a142 => generated 257 bytes in 18 msecs (HTTP/1.1 200) 8 headers in 296 bytes (1 switches on core 0)
2026-07-21 22:10:02.434 7 INFO placement.requestlog [None req-6b9e1780-bf11-4bf0-aa03-daec79bef46e 61f15cecba5e442291f585a85806989e 1c4d63e324b345b2ab0764a4ffbe2678 - - afde3ae68ec94335bd11fe4c0b6e179e afde3ae68ec94335bd11fe4c0b6e179e] 10.0.0.99 "GET /resource_providers/ed80e1a4-9975-41e9-b75b-5fb264571981/aggregates" status: 404 len: 235 microversion: 1.1 [pid: 7|app: 0|req: 367/736] 10.0.0.99 () {32 vars in 813 bytes} [Tue Jul 21 22:10:02 2026] GET /resource_providers/ed80e1a4-9975-41e9-b75b-5fb264571981/aggregates => generated 235 bytes in 13 msecs (HTTP/1.1 404) 5 headers in 202 bytes (1 switches on core 0)
2026-07-21 22:10:02.453 8 INFO placement.requestlog [None req-981e20be-4a17-4c8a-b972-d7c24d32c867 61f15cecba5e442291f585a85806989e 1c4d63e324b345b2ab0764a4ffbe2678 - - afde3ae68ec94335bd11fe4c0b6e179e afde3ae68ec94335bd11fe4c0b6e179e] 10.0.0.99 "DELETE /resource_providers/ed80e1a4-9975-41e9-b75b-5fb264571981" status: 404 len: 246 microversion: 1.1 [pid: 8|app: 0|req: 370/737] 10.0.0.99 () {34 vars in 813 bytes} [Tue Jul 21 22:10:02 2026] DELETE /resource_providers/ed80e1a4-9975-41e9-b75b-5fb264571981 => generated 246 bytes in 10 msecs (HTTP/1.1 404) 6 headers in 231 bytes (1 switches on core 0)
2026-07-21 22:10:02.463 7 INFO placement.requestlog [None req-d7ded0b4-0bb8-4a0d-a05c-1e62bc67f7ad 61f15cecba5e442291f585a85806989e 1c4d63e324b345b2ab0764a4ffbe2678 - - afde3ae68ec94335bd11fe4c0b6e179e afde3ae68ec94335bd11fe4c0b6e179e] 10.0.0.99 "GET /resource_providers/ed80e1a4-9975-41e9-b75b-5fb264571981/aggregates" status: 404 len: 235 microversion: 1.1 [pid: 7|app: 0|req: 368/738] 10.0.0.99 () {32 vars in 813 bytes} [Tue Jul 21 22:10:02 2026] GET /resource_providers/ed80e1a4-9975-41e9-b75b-5fb264571981/aggregates => generated 235 bytes in 10 msecs (HTTP/1.1 404) 5 headers in 202 bytes (1 switches on core 0)
2026-07-21 22:10:02.481 8 INFO placement.requestlog [None req-394e2c31-3a80-4862-a7c6-167b5a789a25 61f15cecba5e442291f585a85806989e 1c4d63e324b345b2ab0764a4ffbe2678 - - afde3ae68ec94335bd11fe4c0b6e179e afde3ae68ec94335bd11fe4c0b6e179e] 10.0.0.99 "DELETE /resource_providers/ed80e1a4-9975-41e9-b75b-5fb264571981" status: 404 len: 246 microversion: 1.1 [pid: 8|app: 0|req: 371/739] 10.0.0.99 () {34 vars in 813 bytes} [Tue Jul 21 22:10:02 2026] DELETE /resource_providers/ed80e1a4-9975-41e9-b75b-5fb264571981 => generated 246 bytes in 10 msecs (HTTP/1.1 404) 6 headers in 231 bytes (1 switches on core 0)
2026-07-21 22:10:05.551 7 INFO placement.requestlog [None req-7741628b-5eb3-49af-8ee8-c0560d4cbe2a 61f15cecba5e442291f585a85806989e 1c4d63e324b345b2ab0764a4ffbe2678 - - afde3ae68ec94335bd11fe4c0b6e179e afde3ae68ec94335bd11fe4c0b6e179e] 10.0.0.99 "GET /resource_providers/399c19f0-36bc-4ec5-b8ea-7ad8fff52f38/aggregates" status: 404 len: 235 microversion: 1.1 [pid: 7|app: 0|req: 369/740] 10.0.0.99 () {32 vars in 813 bytes} [Tue Jul 21 22:10:05 2026] GET /resource_providers/399c19f0-36bc-4ec5-b8ea-7ad8fff52f38/aggregates => generated 235 bytes in 13 msecs (HTTP/1.1 404) 5 headers in 202 bytes (1 switches on core 0)
2026-07-21 22:10:05.552 8 INFO placement.requestlog [None req-a9fe1a70-ffbe-4080-af70-b652f070c92a 61f15cecba5e442291f585a85806989e 1c4d63e324b345b2ab0764a4ffbe2678 - - afde3ae68ec94335bd11fe4c0b6e179e afde3ae68ec94335bd11fe4c0b6e179e] 10.0.0.99 "GET /resource_providers/399c19f0-36bc-4ec5-b8ea-7ad8fff52f38/aggregates" status: 404 len: 235 microversion: 1.1 [pid: 8|app: 0|req: 372/741] 10.0.0.99 () {32 vars in 813 bytes} [Tue Jul 21 22:10:05 2026] GET /resource_providers/399c19f0-36bc-4ec5-b8ea-7ad8fff52f38/aggregates => generated 235 bytes in 12 msecs (HTTP/1.1 404) 5 headers in 202 bytes (1 switches on core 0)
2026-07-21 22:10:05.575 7 INFO placement.requestlog [None req-3b1ccdb7-b21c-4e61-85ab-dd3bd5e819e2 61f15cecba5e442291f585a85806989e 1c4d63e324b345b2ab0764a4ffbe2678 - - afde3ae68ec94335bd11fe4c0b6e179e afde3ae68ec94335bd11fe4c0b6e179e] 10.0.0.99 "DELETE /resource_providers/399c19f0-36bc-4ec5-b8ea-7ad8fff52f38" status: 404 len: 246 microversion: 1.1 [pid: 7|app: 0|req: 370/742] 10.0.0.99 () {34 vars in 813 bytes} [Tue Jul 21 22:10:05 2026] DELETE /resource_providers/399c19f0-36bc-4ec5-b8ea-7ad8fff52f38 => generated 246 bytes in 13 msecs (HTTP/1.1 404) 6 headers in 231 bytes (1 switches on core 0)
2026-07-21 22:10:05.591 8 INFO placement.requestlog [None req-cff93206-b77c-4140-a043-75462c3a3bad 61f15cecba5e442291f585a85806989e 1c4d63e324b345b2ab0764a4ffbe2678 - - afde3ae68ec94335bd11fe4c0b6e179e afde3ae68ec94335bd11fe4c0b6e179e] 10.0.0.99 "DELETE /resource_providers/399c19f0-36bc-4ec5-b8ea-7ad8fff52f38" status: 404 len: 246 microversion: 1.1 [pid: 8|app: 0|req: 373/743] 10.0.0.99 () {34 vars in 813 bytes} [Tue Jul 21 22:10:05 2026] DELETE /resource_providers/399c19f0-36bc-4ec5-b8ea-7ad8fff52f38 => generated 246 bytes in 29 msecs (HTTP/1.1 404) 6 headers in 231 bytes (1 switches on core 0)
2026-07-21 22:10:06.004 8 INFO placement.requestlog [None req-a4d45e80-be1b-437b-ad38-46eb0eeb7438 61f15cecba5e442291f585a85806989e 1c4d63e324b345b2ab0764a4ffbe2678 - - afde3ae68ec94335bd11fe4c0b6e179e afde3ae68ec94335bd11fe4c0b6e179e] 10.0.0.99 "GET /resource_providers/2c8b4158-351f-4937-9ba8-c82dfc204745/aggregates" status: 404 len: 235 microversion: 1.1 [pid: 8|app: 0|req: 374/744] 10.0.0.99 () {32 vars in 813 bytes} [Tue Jul 21 22:10:05 2026] GET /resource_providers/2c8b4158-351f-4937-9ba8-c82dfc204745/aggregates => generated 235 bytes in 8 msecs (HTTP/1.1 404) 5 headers in 202 bytes (1 switches on core 0)
2026-07-21 22:10:06.008 7 INFO placement.requestlog [None req-01dd9204-47be-4d94-95f4-698922432243 61f15cecba5e442291f585a85806989e 1c4d63e324b345b2ab0764a4ffbe2678 - - afde3ae68ec94335bd11fe4c0b6e179e afde3ae68ec94335bd11fe4c0b6e179e] 10.0.0.99 "GET /resource_providers/2c8b4158-351f-4937-9ba8-c82dfc204745/aggregates" status: 404 len: 235 microversion: 1.1 [pid: 7|app: 0|req: 371/745] 10.0.0.99 () {32 vars in 813 bytes} [Tue Jul 21 22:10:05 2026] GET /resource_providers/2c8b4158-351f-4937-9ba8-c82dfc204745/aggregates => generated 235 bytes in 13 msecs (HTTP/1.1 404) 5 headers in 202 bytes (1 switches on core 0)
2026-07-21 22:10:06.025 8 INFO placement.requestlog [None req-9b327e3f-28d8-4204-bc78-ff596a63aa2c 61f15cecba5e442291f585a85806989e 1c4d63e324b345b2ab0764a4ffbe2678 - - afde3ae68ec94335bd11fe4c0b6e179e afde3ae68ec94335bd11fe4c0b6e179e] 10.0.0.99 "DELETE /resource_providers/2c8b4158-351f-4937-9ba8-c82dfc204745" status: 404 len: 246 microversion: 1.1 [pid: 8|app: 0|req: 375/746] 10.0.0.99 () {34 vars in 813 bytes} [Tue Jul 21 22:10:06 2026] DELETE /resource_providers/2c8b4158-351f-4937-9ba8-c82dfc204745 => generated 246 bytes in 9 msecs (HTTP/1.1 404) 6 headers in 231 bytes (1 switches on core 0)
2026-07-21 22:10:06.035 7 INFO placement.requestlog [None req-f78fd57a-5efe-44d0-a704-d2a27bf664f8 61f15cecba5e442291f585a85806989e 1c4d63e324b345b2ab0764a4ffbe2678 - - afde3ae68ec94335bd11fe4c0b6e179e afde3ae68ec94335bd11fe4c0b6e179e] 10.0.0.99 "DELETE /resource_providers/2c8b4158-351f-4937-9ba8-c82dfc204745" status: 404 len: 246 microversion: 1.1 [pid: 7|app: 0|req: 372/747] 10.0.0.99 () {34 vars in 813 bytes} [Tue Jul 21 22:10:06 2026] DELETE /resource_providers/2c8b4158-351f-4937-9ba8-c82dfc204745 => generated 246 bytes in 13 msecs (HTTP/1.1 404) 6 headers in 231 bytes (1 switches on core 0)
2026-07-21 22:10:07.792 8 INFO placement.requestlog [None req-cc7f89f0-54a0-4d89-8468-f886b95298fb - - - - - -] 10.0.0.64 "GET /" status: 200 len: 136 microversion: 1.0
2026-07-21 22:10:07.793 7 INFO placement.requestlog [None req-098d16ac-3fa8-4840-8c64-0735517b2e33 - - - - - -] 10.0.0.64 "GET /" status: 200 len: 136 microversion: 1.0
2026-07-21 22:10:08.421 8 INFO placement.requestlog [None req-5462317b-2eb0-46d1-88da-1f79a018180c 61f15cecba5e442291f585a85806989e 1c4d63e324b345b2ab0764a4ffbe2678 - - afde3ae68ec94335bd11fe4c0b6e179e afde3ae68ec94335bd11fe4c0b6e179e] 10.0.0.99 "GET /resource_providers/85d6af5e-da65-40e8-95ae-95fbf50c56d4/aggregates" status: 404 len: 235 microversion: 1.1 [pid: 8|app: 0|req: 377/750] 10.0.0.99 () {32 vars in 813 bytes} [Tue Jul 21 22:10:08 2026] GET /resource_providers/85d6af5e-da65-40e8-95ae-95fbf50c56d4/aggregates => generated 235 bytes in 11 msecs (HTTP/1.1 404) 5 headers in 202 bytes (1 switches on core 0)
2026-07-21 22:10:08.423 7 INFO placement.requestlog [None req-36599530-774b-4956-baed-38ac7fdfc2bd 61f15cecba5e442291f585a85806989e 1c4d63e324b345b2ab0764a4ffbe2678 - - afde3ae68ec94335bd11fe4c0b6e179e afde3ae68ec94335bd11fe4c0b6e179e] 10.0.0.99 "GET /resource_providers/85d6af5e-da65-40e8-95ae-95fbf50c56d4/aggregates" status: 404 len: 235 microversion: 1.1 [pid: 7|app: 0|req: 374/751] 10.0.0.99 () {32 vars in 813 bytes} [Tue Jul 21 22:10:08 2026] GET /resource_providers/85d6af5e-da65-40e8-95ae-95fbf50c56d4/aggregates => generated 235 bytes in 12 msecs (HTTP/1.1 404) 5 headers in 202 bytes (1 switches on core 0)
2026-07-21 22:10:08.447 8 INFO placement.requestlog [None req-49c2c4aa-24e3-400c-9a43-fc01f37a3ed3 61f15cecba5e442291f585a85806989e 1c4d63e324b345b2ab0764a4ffbe2678 - - afde3ae68ec94335bd11fe4c0b6e179e afde3ae68ec94335bd11fe4c0b6e179e] 10.0.0.99 "DELETE /resource_providers/85d6af5e-da65-40e8-95ae-95fbf50c56d4" status: 404 len: 246 microversion: 1.1 [pid: 8|app: 0|req: 378/752] 10.0.0.99 () {34 vars in 813 bytes} [Tue Jul 21 22:10:08 2026] DELETE /resource_providers/85d6af5e-da65-40e8-95ae-95fbf50c56d4 => generated 246 bytes in 8 msecs (HTTP/1.1 404) 6 headers in 231 bytes (1 switches on core 0)
2026-07-21 22:10:08.451 7 INFO placement.requestlog [None req-cb1db522-d7bd-41dc-b3a0-2cab8419e6ba 61f15cecba5e442291f585a85806989e 1c4d63e324b345b2ab0764a4ffbe2678 - - afde3ae68ec94335bd11fe4c0b6e179e afde3ae68ec94335bd11fe4c0b6e179e] 10.0.0.99 "DELETE /resource_providers/85d6af5e-da65-40e8-95ae-95fbf50c56d4" status: 404 len: 246 microversion: 1.1 [pid: 7|app: 0|req: 375/753] 10.0.0.99 () {34 vars in 813 bytes} [Tue Jul 21 22:10:08 2026] DELETE /resource_providers/85d6af5e-da65-40e8-95ae-95fbf50c56d4 => generated 246 bytes in 11 msecs (HTTP/1.1 404) 6 headers in 231 bytes (1 switches on core 0)
2026-07-21 22:10:10.474 8 INFO placement.requestlog [None req-1fb14d0f-c593-4eab-9459-5a4a9ba29090 61f15cecba5e442291f585a85806989e 1c4d63e324b345b2ab0764a4ffbe2678 - - afde3ae68ec94335bd11fe4c0b6e179e afde3ae68ec94335bd11fe4c0b6e179e] 10.0.0.99 "GET /resource_providers/fe5338cf-84c5-4be2-ae2e-9c37d7abe831/aggregates" status: 404 len: 235 microversion: 1.1 [pid: 8|app: 0|req: 379/754] 10.0.0.99 () {32 vars in 813 bytes} [Tue Jul 21 22:10:10 2026] GET /resource_providers/fe5338cf-84c5-4be2-ae2e-9c37d7abe831/aggregates => generated 235 bytes in 12 msecs (HTTP/1.1 404) 5 headers in 202 bytes (1 switches on core 0)
2026-07-21 22:10:10.505 7 INFO placement.requestlog [None req-ec853e1e-b74d-46cf-b94c-040039d0d06e 61f15cecba5e442291f585a85806989e 1c4d63e324b345b2ab0764a4ffbe2678 - - afde3ae68ec94335bd11fe4c0b6e179e afde3ae68ec94335bd11fe4c0b6e179e] 10.0.0.99 "GET /resource_providers/fe5338cf-84c5-4be2-ae2e-9c37d7abe831/aggregates" status: 404 len: 235 microversion: 1.1 [pid: 7|app: 0|req: 376/755] 10.0.0.99 () {32 vars in 813 bytes} [Tue Jul 21 22:10:10 2026] GET /resource_providers/fe5338cf-84c5-4be2-ae2e-9c37d7abe831/aggregates => generated 235 bytes in 42 msecs (HTTP/1.1 404) 5 headers in 202 bytes (1 switches on core 0)
2026-07-21 22:10:10.507 8 INFO placement.requestlog [None req-00397ee7-6ad2-496b-89e8-977c39d2bd76 61f15cecba5e442291f585a85806989e 1c4d63e324b345b2ab0764a4ffbe2678 - - afde3ae68ec94335bd11fe4c0b6e179e afde3ae68ec94335bd11fe4c0b6e179e] 10.0.0.99 "DELETE /resource_providers/fe5338cf-84c5-4be2-ae2e-9c37d7abe831" status: 404 len: 246 microversion: 1.1 [pid: 8|app: 0|req: 380/756] 10.0.0.99 () {34 vars in 813 bytes} [Tue Jul 21 22:10:10 2026] DELETE /resource_providers/fe5338cf-84c5-4be2-ae2e-9c37d7abe831 => generated 246 bytes in 20 msecs (HTTP/1.1 404) 6 headers in 231 bytes (1 switches on core 0)
2026-07-21 22:10:10.547 7 INFO placement.requestlog [None req-0dd89b08-51c9-4a5b-83f9-90691bb20eea 61f15cecba5e442291f585a85806989e 1c4d63e324b345b2ab0764a4ffbe2678 - - afde3ae68ec94335bd11fe4c0b6e179e afde3ae68ec94335bd11fe4c0b6e179e] 10.0.0.99 "DELETE /resource_providers/fe5338cf-84c5-4be2-ae2e-9c37d7abe831" status: 404 len: 246 microversion: 1.1 [pid: 7|app: 0|req: 377/757] 10.0.0.99 () {34 vars in 813 bytes} [Tue Jul 21 22:10:10 2026] DELETE /resource_providers/fe5338cf-84c5-4be2-ae2e-9c37d7abe831 => generated 246 bytes in 19 msecs (HTTP/1.1 404) 6 headers in 231 bytes (1 switches on core 0)
2026-07-21 22:10:13.582 8 INFO placement.requestlog [req-35327f41-2c9d-46dd-9521-e4054a50a4fb req-a020cc71-126a-4683-bf6a-614a3352e1f8 308569e790cc4a47b95ba7942668277e 1c4d63e324b345b2ab0764a4ffbe2678 - - afde3ae68ec94335bd11fe4c0b6e179e afde3ae68ec94335bd11fe4c0b6e179e] 199.204.45.129 "GET /resource_providers/cc4fc6d8-7d21-48b6-9de8-8132546bd391/allocations" status: 200 len: 152 microversion: 1.0 [pid: 8|app: 0|req: 381/758] 199.204.45.129 () {32 vars in 855 bytes} [Tue Jul 21 22:10:13 2026] GET /resource_providers/cc4fc6d8-7d21-48b6-9de8-8132546bd391/allocations => generated 152 bytes in 15 msecs (HTTP/1.1 200) 6 headers in 224 bytes (1 switches on core 0)
2026-07-21 22:10:13.609 7 INFO placement.requestlog [req-35327f41-2c9d-46dd-9521-e4054a50a4fb req-eb0d8a66-4b1a-44ee-bcf0-ee024aaee794 308569e790cc4a47b95ba7942668277e 1c4d63e324b345b2ab0764a4ffbe2678 - - afde3ae68ec94335bd11fe4c0b6e179e afde3ae68ec94335bd11fe4c0b6e179e] 199.204.45.129 "GET /allocations/ada401c8-0a55-403a-9c9b-c328f6c3a142" status: 200 len: 257 microversion: 1.28 [pid: 7|app: 0|req: 378/759] 199.204.45.129 () {34 vars in 861 bytes} [Tue Jul 21 22:10:13 2026] GET /allocations/ada401c8-0a55-403a-9c9b-c328f6c3a142 => generated 257 bytes in 22 msecs (HTTP/1.1 200) 8 headers in 296 bytes (1 switches on core 0)
2026-07-21 22:10:14.072 7 INFO placement.requestlog [None req-9564e332-93eb-4f59-bdad-70b3a71d577a 61f15cecba5e442291f585a85806989e 1c4d63e324b345b2ab0764a4ffbe2678 - - afde3ae68ec94335bd11fe4c0b6e179e afde3ae68ec94335bd11fe4c0b6e179e] 10.0.0.99 "GET /resource_providers/3ea6dae7-0498-433b-8118-c3b1e3c630e4/aggregates" status: 404 len: 235 microversion: 1.1 [pid: 7|app: 0|req: 379/760] 10.0.0.99 () {32 vars in 813 bytes} [Tue Jul 21 22:10:14 2026] GET /resource_providers/3ea6dae7-0498-433b-8118-c3b1e3c630e4/aggregates => generated 235 bytes in 10 msecs (HTTP/1.1 404) 5 headers in 202 bytes (1 switches on core 0)
2026-07-21 22:10:14.073 8 INFO placement.requestlog [None req-8128ee8b-7419-4266-aebb-de1356787fe1 61f15cecba5e442291f585a85806989e 1c4d63e324b345b2ab0764a4ffbe2678 - - afde3ae68ec94335bd11fe4c0b6e179e afde3ae68ec94335bd11fe4c0b6e179e] 10.0.0.99 "GET /resource_providers/3ea6dae7-0498-433b-8118-c3b1e3c630e4/aggregates" status: 404 len: 235 microversion: 1.1 [pid: 8|app: 0|req: 382/761] 10.0.0.99 () {32 vars in 813 bytes} [Tue Jul 21 22:10:14 2026] GET /resource_providers/3ea6dae7-0498-433b-8118-c3b1e3c630e4/aggregates => generated 235 bytes in 12 msecs (HTTP/1.1 404) 5 headers in 202 bytes (1 switches on core 0)
2026-07-21 22:10:14.102 7 INFO placement.requestlog [None req-06c7ff0c-6e88-4fb9-a493-a8dd725ff54c 61f15cecba5e442291f585a85806989e 1c4d63e324b345b2ab0764a4ffbe2678 - - afde3ae68ec94335bd11fe4c0b6e179e afde3ae68ec94335bd11fe4c0b6e179e] 10.0.0.99 "DELETE /resource_providers/3ea6dae7-0498-433b-8118-c3b1e3c630e4" status: 404 len: 246 microversion: 1.1 [pid: 7|app: 0|req: 380/762] 10.0.0.99 () {34 vars in 813 bytes} [Tue Jul 21 22:10:14 2026] DELETE /resource_providers/3ea6dae7-0498-433b-8118-c3b1e3c630e4 => generated 246 bytes in 14 msecs (HTTP/1.1 404) 6 headers in 231 bytes (1 switches on core 0)
2026-07-21 22:10:14.102 8 INFO placement.requestlog [None req-9daac4b4-bf4e-4e54-bdaa-e07a46acfd77 61f15cecba5e442291f585a85806989e 1c4d63e324b345b2ab0764a4ffbe2678 - - afde3ae68ec94335bd11fe4c0b6e179e afde3ae68ec94335bd11fe4c0b6e179e] 10.0.0.99 "DELETE /resource_providers/3ea6dae7-0498-433b-8118-c3b1e3c630e4" status: 404 len: 246 microversion: 1.1 [pid: 8|app: 0|req: 383/763] 10.0.0.99 () {34 vars in 813 bytes} [Tue Jul 21 22:10:14 2026] DELETE /resource_providers/3ea6dae7-0498-433b-8118-c3b1e3c630e4 => generated 246 bytes in 12 msecs (HTTP/1.1 404) 6 headers in 231 bytes (1 switches on core 0)
2026-07-21 22:10:16.126 7 INFO placement.requestlog [None req-c890078c-30d3-4c89-ae2e-809c80aeb57e 61f15cecba5e442291f585a85806989e 1c4d63e324b345b2ab0764a4ffbe2678 - - afde3ae68ec94335bd11fe4c0b6e179e afde3ae68ec94335bd11fe4c0b6e179e] 10.0.0.99 "GET /resource_providers/ba49798f-1ee6-4888-a7ce-2eeef2eabc02/aggregates" status: 404 len: 235 microversion: 1.1 [pid: 7|app: 0|req: 381/764] 10.0.0.99 () {32 vars in 813 bytes} [Tue Jul 21 22:10:16 2026] GET /resource_providers/ba49798f-1ee6-4888-a7ce-2eeef2eabc02/aggregates => generated 235 bytes in 12 msecs (HTTP/1.1 404) 5 headers in 202 bytes (1 switches on core 0)
2026-07-21 22:10:16.133 8 INFO placement.requestlog [None req-bbf9dc05-d04b-4cde-98f7-be2ca2da6678 61f15cecba5e442291f585a85806989e 1c4d63e324b345b2ab0764a4ffbe2678 - - afde3ae68ec94335bd11fe4c0b6e179e afde3ae68ec94335bd11fe4c0b6e179e] 10.0.0.99 "GET /resource_providers/ba49798f-1ee6-4888-a7ce-2eeef2eabc02/aggregates" status: 404 len: 235 microversion: 1.1 [pid: 8|app: 0|req: 384/765] 10.0.0.99 () {32 vars in 813 bytes} [Tue Jul 21 22:10:16 2026] GET /resource_providers/ba49798f-1ee6-4888-a7ce-2eeef2eabc02/aggregates => generated 235 bytes in 13 msecs (HTTP/1.1 404) 5 headers in 202 bytes (1 switches on core 0)
2026-07-21 22:10:16.147 7 INFO placement.requestlog [None req-8f2b89f4-7401-4986-9978-2c0e5a714669 61f15cecba5e442291f585a85806989e 1c4d63e324b345b2ab0764a4ffbe2678 - - afde3ae68ec94335bd11fe4c0b6e179e afde3ae68ec94335bd11fe4c0b6e179e] 10.0.0.99 "DELETE /resource_providers/ba49798f-1ee6-4888-a7ce-2eeef2eabc02" status: 404 len: 246 microversion: 1.1 [pid: 7|app: 0|req: 382/766] 10.0.0.99 () {34 vars in 813 bytes} [Tue Jul 21 22:10:16 2026] DELETE /resource_providers/ba49798f-1ee6-4888-a7ce-2eeef2eabc02 => generated 246 bytes in 8 msecs (HTTP/1.1 404) 6 headers in 231 bytes (1 switches on core 0)
2026-07-21 22:10:16.152 8 INFO placement.requestlog [None req-5984cf8d-1101-42bc-9e1d-121e1619f617 61f15cecba5e442291f585a85806989e 1c4d63e324b345b2ab0764a4ffbe2678 - - afde3ae68ec94335bd11fe4c0b6e179e afde3ae68ec94335bd11fe4c0b6e179e] 10.0.0.99 "DELETE /resource_providers/ba49798f-1ee6-4888-a7ce-2eeef2eabc02" status: 404 len: 246 microversion: 1.1 [pid: 8|app: 0|req: 385/767] 10.0.0.99 () {34 vars in 813 bytes} [Tue Jul 21 22:10:16 2026] DELETE /resource_providers/ba49798f-1ee6-4888-a7ce-2eeef2eabc02 => generated 246 bytes in 11 msecs (HTTP/1.1 404) 6 headers in 231 bytes (1 switches on core 0)
2026-07-21 22:10:16.166 7 INFO placement.requestlog [None req-b970306b-cd47-4f02-9a40-2f9f799f20b9 61f15cecba5e442291f585a85806989e 1c4d63e324b345b2ab0764a4ffbe2678 - - afde3ae68ec94335bd11fe4c0b6e179e afde3ae68ec94335bd11fe4c0b6e179e] 10.0.0.99 "GET /resource_providers/63a054d8-c1f3-480d-82ae-094af6a68fe7/aggregates" status: 404 len: 235 microversion: 1.1 [pid: 7|app: 0|req: 383/768] 10.0.0.99 () {32 vars in 813 bytes} [Tue Jul 21 22:10:16 2026] GET /resource_providers/63a054d8-c1f3-480d-82ae-094af6a68fe7/aggregates => generated 235 bytes in 6 msecs (HTTP/1.1 404) 5 headers in 202 bytes (1 switches on core 0)
2026-07-21 22:10:16.174 8 INFO placement.requestlog [None req-6aea1b29-6d83-4d2f-9794-9e41ec1d68d8 61f15cecba5e442291f585a85806989e 1c4d63e324b345b2ab0764a4ffbe2678 - - afde3ae68ec94335bd11fe4c0b6e179e afde3ae68ec94335bd11fe4c0b6e179e] 10.0.0.99 "GET /resource_providers/63a054d8-c1f3-480d-82ae-094af6a68fe7/aggregates" status: 404 len: 235 microversion: 1.1 [pid: 8|app: 0|req: 386/769] 10.0.0.99 () {32 vars in 813 bytes} [Tue Jul 21 22:10:16 2026] GET /resource_providers/63a054d8-c1f3-480d-82ae-094af6a68fe7/aggregates => generated 235 bytes in 13 msecs (HTTP/1.1 404) 5 headers in 202 bytes (1 switches on core 0)
2026-07-21 22:10:16.190 7 INFO placement.requestlog [None req-87e3cddd-b83f-4e86-8201-87e0309012a8 61f15cecba5e442291f585a85806989e 1c4d63e324b345b2ab0764a4ffbe2678 - - afde3ae68ec94335bd11fe4c0b6e179e afde3ae68ec94335bd11fe4c0b6e179e] 10.0.0.99 "DELETE /resource_providers/63a054d8-c1f3-480d-82ae-094af6a68fe7" status: 404 len: 246 microversion: 1.1 [pid: 7|app: 0|req: 384/770] 10.0.0.99 () {34 vars in 813 bytes} [Tue Jul 21 22:10:16 2026] DELETE /resource_providers/63a054d8-c1f3-480d-82ae-094af6a68fe7 => generated 246 bytes in 17 msecs (HTTP/1.1 404) 6 headers in 231 bytes (1 switches on core 0)
2026-07-21 22:10:16.194 8 INFO placement.requestlog [None req-0d97d9d1-0329-4b7a-9fac-14b040a5d318 61f15cecba5e442291f585a85806989e 1c4d63e324b345b2ab0764a4ffbe2678 - - afde3ae68ec94335bd11fe4c0b6e179e afde3ae68ec94335bd11fe4c0b6e179e] 10.0.0.99 "DELETE /resource_providers/63a054d8-c1f3-480d-82ae-094af6a68fe7" status: 404 len: 246 microversion: 1.1 [pid: 8|app: 0|req: 387/771] 10.0.0.99 () {34 vars in 813 bytes} [Tue Jul 21 22:10:16 2026] DELETE /resource_providers/63a054d8-c1f3-480d-82ae-094af6a68fe7 => generated 246 bytes in 11 msecs (HTTP/1.1 404) 6 headers in 231 bytes (1 switches on core 0)
2026-07-21 22:10:16.212 7 INFO placement.requestlog [None req-73ae21bb-4c96-4c75-8d5d-34802f2633c2 61f15cecba5e442291f585a85806989e 1c4d63e324b345b2ab0764a4ffbe2678 - - afde3ae68ec94335bd11fe4c0b6e179e afde3ae68ec94335bd11fe4c0b6e179e] 10.0.0.99 "GET /resource_providers/ccde5892-8061-4aa6-a210-6672c7175caa/aggregates" status: 404 len: 235 microversion: 1.1 [pid: 7|app: 0|req: 385/772] 10.0.0.99 () {32 vars in 813 bytes} [Tue Jul 21 22:10:16 2026] GET /resource_providers/ccde5892-8061-4aa6-a210-6672c7175caa/aggregates => generated 235 bytes in 11 msecs (HTTP/1.1 404) 5 headers in 202 bytes (1 switches on core 0)
2026-07-21 22:10:16.220 8 INFO placement.requestlog [None req-507f3146-cc03-496d-a2d4-bae4943acedf 61f15cecba5e442291f585a85806989e 1c4d63e324b345b2ab0764a4ffbe2678 - - afde3ae68ec94335bd11fe4c0b6e179e afde3ae68ec94335bd11fe4c0b6e179e] 10.0.0.99 "GET /resource_providers/ccde5892-8061-4aa6-a210-6672c7175caa/aggregates" status: 404 len: 235 microversion: 1.1 [pid: 8|app: 0|req: 388/773] 10.0.0.99 () {32 vars in 813 bytes} [Tue Jul 21 22:10:16 2026] GET /resource_providers/ccde5892-8061-4aa6-a210-6672c7175caa/aggregates => generated 235 bytes in 13 msecs (HTTP/1.1 404) 5 headers in 202 bytes (1 switches on core 0)
2026-07-21 22:10:16.245 8 INFO placement.requestlog [None req-b3956f55-0a56-432a-a7df-86a88124b25b 61f15cecba5e442291f585a85806989e 1c4d63e324b345b2ab0764a4ffbe2678 - - afde3ae68ec94335bd11fe4c0b6e179e afde3ae68ec94335bd11fe4c0b6e179e] 10.0.0.99 "DELETE /resource_providers/ccde5892-8061-4aa6-a210-6672c7175caa" status: 404 len: 246 microversion: 1.1 [pid: 8|app: 0|req: 389/774] 10.0.0.99 () {34 vars in 813 bytes} [Tue Jul 21 22:10:16 2026] DELETE /resource_providers/ccde5892-8061-4aa6-a210-6672c7175caa => generated 246 bytes in 12 msecs (HTTP/1.1 404) 6 headers in 231 bytes (1 switches on core 0)
