2026-07-21 22:10:59.708 8 INFO placement.requestlog [None req-3e7f4ed0-2e43-411a-8a7a-97f5633ac8b4 61f15cecba5e442291f585a85806989e 1c4d63e324b345b2ab0764a4ffbe2678 - - afde3ae68ec94335bd11fe4c0b6e179e afde3ae68ec94335bd11fe4c0b6e179e] 10.0.0.99 "DELETE /resource_providers/cb57079e-ed1f-4b4b-9edd-8e16340d4c98" status: 404 len: 246 microversion: 1.1 [pid: 8|app: 0|req: 433/863] 10.0.0.99 () {34 vars in 813 bytes} [Tue Jul 21 22:10:59 2026] DELETE /resource_providers/cb57079e-ed1f-4b4b-9edd-8e16340d4c98 => generated 246 bytes in 9 msecs (HTTP/1.1 404) 6 headers in 231 bytes (1 switches on core 0)
2026-07-21 22:11:01.215 8 INFO placement.requestlog [None req-6d1888c3-a195-437f-8fa1-8e9fb522433f 61f15cecba5e442291f585a85806989e 1c4d63e324b345b2ab0764a4ffbe2678 - - afde3ae68ec94335bd11fe4c0b6e179e afde3ae68ec94335bd11fe4c0b6e179e] 10.0.0.99 "GET /resource_providers/ca6bfa8f-f895-4660-ad48-ffe2a7f5e484/aggregates" status: 404 len: 235 microversion: 1.1 [pid: 8|app: 0|req: 434/864] 10.0.0.99 () {32 vars in 813 bytes} [Tue Jul 21 22:11:01 2026] GET /resource_providers/ca6bfa8f-f895-4660-ad48-ffe2a7f5e484/aggregates => generated 235 bytes in 9 msecs (HTTP/1.1 404) 5 headers in 202 bytes (1 switches on core 0)
2026-07-21 22:11:01.215 7 INFO placement.requestlog [None req-a7b3b83f-887b-4179-833a-d65f347eaefd 61f15cecba5e442291f585a85806989e 1c4d63e324b345b2ab0764a4ffbe2678 - - afde3ae68ec94335bd11fe4c0b6e179e afde3ae68ec94335bd11fe4c0b6e179e] 10.0.0.99 "GET /resource_providers/ca6bfa8f-f895-4660-ad48-ffe2a7f5e484/aggregates" status: 404 len: 235 microversion: 1.1 [pid: 7|app: 0|req: 431/865] 10.0.0.99 () {32 vars in 813 bytes} [Tue Jul 21 22:11:01 2026] GET /resource_providers/ca6bfa8f-f895-4660-ad48-ffe2a7f5e484/aggregates => generated 235 bytes in 11 msecs (HTTP/1.1 404) 5 headers in 202 bytes (1 switches on core 0)
2026-07-21 22:11:01.235 8 INFO placement.requestlog [None req-1fe9393c-c0b0-41bd-b2fc-5817b88ee3e9 61f15cecba5e442291f585a85806989e 1c4d63e324b345b2ab0764a4ffbe2678 - - afde3ae68ec94335bd11fe4c0b6e179e afde3ae68ec94335bd11fe4c0b6e179e] 10.0.0.99 "DELETE /resource_providers/ca6bfa8f-f895-4660-ad48-ffe2a7f5e484" status: 404 len: 246 microversion: 1.1 [pid: 8|app: 0|req: 435/866] 10.0.0.99 () {34 vars in 813 bytes} [Tue Jul 21 22:11:01 2026] DELETE /resource_providers/ca6bfa8f-f895-4660-ad48-ffe2a7f5e484 => generated 246 bytes in 7 msecs (HTTP/1.1 404) 6 headers in 231 bytes (1 switches on core 0)
2026-07-21 22:11:01.251 7 INFO placement.requestlog [None req-5e1591db-378e-4f2b-b9b0-577b31e41397 61f15cecba5e442291f585a85806989e 1c4d63e324b345b2ab0764a4ffbe2678 - - afde3ae68ec94335bd11fe4c0b6e179e afde3ae68ec94335bd11fe4c0b6e179e] 10.0.0.99 "DELETE /resource_providers/ca6bfa8f-f895-4660-ad48-ffe2a7f5e484" status: 404 len: 246 microversion: 1.1 [pid: 7|app: 0|req: 432/867] 10.0.0.99 () {34 vars in 813 bytes} [Tue Jul 21 22:11:01 2026] DELETE /resource_providers/ca6bfa8f-f895-4660-ad48-ffe2a7f5e484 => generated 246 bytes in 9 msecs (HTTP/1.1 404) 6 headers in 231 bytes (1 switches on core 0)
2026-07-21 22:11:01.725 8 INFO placement.requestlog [None req-d758350e-4dd3-4963-9b01-6cb2bfc83eae 61f15cecba5e442291f585a85806989e 1c4d63e324b345b2ab0764a4ffbe2678 - - afde3ae68ec94335bd11fe4c0b6e179e afde3ae68ec94335bd11fe4c0b6e179e] 10.0.0.99 "GET /resource_providers/7c2ecd06-701f-4296-b4ca-72378ced1d4b/aggregates" status: 404 len: 235 microversion: 1.1 [pid: 8|app: 0|req: 436/868] 10.0.0.99 () {32 vars in 813 bytes} [Tue Jul 21 22:11:01 2026] GET /resource_providers/7c2ecd06-701f-4296-b4ca-72378ced1d4b/aggregates => generated 235 bytes in 9 msecs (HTTP/1.1 404) 5 headers in 202 bytes (1 switches on core 0)
2026-07-21 22:11:01.733 7 INFO placement.requestlog [None req-5e275e98-e8c0-4cba-881a-e88ebfdad588 61f15cecba5e442291f585a85806989e 1c4d63e324b345b2ab0764a4ffbe2678 - - afde3ae68ec94335bd11fe4c0b6e179e afde3ae68ec94335bd11fe4c0b6e179e] 10.0.0.99 "GET /resource_providers/7c2ecd06-701f-4296-b4ca-72378ced1d4b/aggregates" status: 404 len: 235 microversion: 1.1 [pid: 7|app: 0|req: 433/869] 10.0.0.99 () {32 vars in 813 bytes} [Tue Jul 21 22:11:01 2026] GET /resource_providers/7c2ecd06-701f-4296-b4ca-72378ced1d4b/aggregates => generated 235 bytes in 10 msecs (HTTP/1.1 404) 5 headers in 202 bytes (1 switches on core 0)
2026-07-21 22:11:01.755 8 INFO placement.requestlog [None req-3f2dcad1-faaa-4e0e-bc28-1e6070225b69 61f15cecba5e442291f585a85806989e 1c4d63e324b345b2ab0764a4ffbe2678 - - afde3ae68ec94335bd11fe4c0b6e179e afde3ae68ec94335bd11fe4c0b6e179e] 10.0.0.99 "DELETE /resource_providers/7c2ecd06-701f-4296-b4ca-72378ced1d4b" status: 404 len: 246 microversion: 1.1 [pid: 8|app: 0|req: 437/870] 10.0.0.99 () {34 vars in 813 bytes} [Tue Jul 21 22:11:01 2026] DELETE /resource_providers/7c2ecd06-701f-4296-b4ca-72378ced1d4b => generated 246 bytes in 12 msecs (HTTP/1.1 404) 6 headers in 231 bytes (1 switches on core 0)
2026-07-21 22:11:01.759 7 INFO placement.requestlog [None req-e610bc44-8358-45a6-96e8-5cac7794c8c0 61f15cecba5e442291f585a85806989e 1c4d63e324b345b2ab0764a4ffbe2678 - - afde3ae68ec94335bd11fe4c0b6e179e afde3ae68ec94335bd11fe4c0b6e179e] 10.0.0.99 "DELETE /resource_providers/7c2ecd06-701f-4296-b4ca-72378ced1d4b" status: 404 len: 246 microversion: 1.1 [pid: 7|app: 0|req: 434/871] 10.0.0.99 () {34 vars in 813 bytes} [Tue Jul 21 22:11:01 2026] DELETE /resource_providers/7c2ecd06-701f-4296-b4ca-72378ced1d4b => generated 246 bytes in 10 msecs (HTTP/1.1 404) 6 headers in 231 bytes (1 switches on core 0)
2026-07-21 22:11:01.774 8 INFO placement.requestlog [None req-52899121-b541-4607-a8b0-3559fd41e89c 61f15cecba5e442291f585a85806989e 1c4d63e324b345b2ab0764a4ffbe2678 - - afde3ae68ec94335bd11fe4c0b6e179e afde3ae68ec94335bd11fe4c0b6e179e] 10.0.0.99 "GET /resource_providers/ebce0728-e2f4-46b8-89e9-2d5c6c389255/aggregates" status: 404 len: 235 microversion: 1.1 [pid: 8|app: 0|req: 438/872] 10.0.0.99 () {32 vars in 813 bytes} [Tue Jul 21 22:11:01 2026] GET /resource_providers/ebce0728-e2f4-46b8-89e9-2d5c6c389255/aggregates => generated 235 bytes in 9 msecs (HTTP/1.1 404) 5 headers in 202 bytes (1 switches on core 0)
2026-07-21 22:11:01.778 7 INFO placement.requestlog [None req-f392052b-ff9c-4999-b28d-ecd3f6912585 61f15cecba5e442291f585a85806989e 1c4d63e324b345b2ab0764a4ffbe2678 - - afde3ae68ec94335bd11fe4c0b6e179e afde3ae68ec94335bd11fe4c0b6e179e] 10.0.0.99 "GET /resource_providers/ebce0728-e2f4-46b8-89e9-2d5c6c389255/aggregates" status: 404 len: 235 microversion: 1.1 [pid: 7|app: 0|req: 435/873] 10.0.0.99 () {32 vars in 813 bytes} [Tue Jul 21 22:11:01 2026] GET /resource_providers/ebce0728-e2f4-46b8-89e9-2d5c6c389255/aggregates => generated 235 bytes in 9 msecs (HTTP/1.1 404) 5 headers in 202 bytes (1 switches on core 0)
2026-07-21 22:11:01.806 7 INFO placement.requestlog [None req-d053eb77-455c-46ce-bd21-d3befa1e4f0e 61f15cecba5e442291f585a85806989e 1c4d63e324b345b2ab0764a4ffbe2678 - - afde3ae68ec94335bd11fe4c0b6e179e afde3ae68ec94335bd11fe4c0b6e179e] 10.0.0.99 "DELETE /resource_providers/ebce0728-e2f4-46b8-89e9-2d5c6c389255" status: 404 len: 246 microversion: 1.1 [pid: 7|app: 0|req: 436/874] 10.0.0.99 () {34 vars in 813 bytes} [Tue Jul 21 22:11:01 2026] DELETE /resource_providers/ebce0728-e2f4-46b8-89e9-2d5c6c389255 => generated 246 bytes in 9 msecs (HTTP/1.1 404) 6 headers in 231 bytes (1 switches on core 0)
2026-07-21 22:11:01.815 8 INFO placement.requestlog [None req-80df6d83-4b21-4362-8f33-8136926223c3 61f15cecba5e442291f585a85806989e 1c4d63e324b345b2ab0764a4ffbe2678 - - afde3ae68ec94335bd11fe4c0b6e179e afde3ae68ec94335bd11fe4c0b6e179e] 10.0.0.99 "DELETE /resource_providers/ebce0728-e2f4-46b8-89e9-2d5c6c389255" status: 404 len: 246 microversion: 1.1 [pid: 8|app: 0|req: 439/875] 10.0.0.99 () {34 vars in 813 bytes} [Tue Jul 21 22:11:01 2026] DELETE /resource_providers/ebce0728-e2f4-46b8-89e9-2d5c6c389255 => generated 246 bytes in 19 msecs (HTTP/1.1 404) 6 headers in 231 bytes (1 switches on core 0)
2026-07-21 22:11:01.826 7 INFO placement.requestlog [None req-ffeb01cf-f8f7-408a-9a96-c3a999fe1b5a 61f15cecba5e442291f585a85806989e 1c4d63e324b345b2ab0764a4ffbe2678 - - afde3ae68ec94335bd11fe4c0b6e179e afde3ae68ec94335bd11fe4c0b6e179e] 10.0.0.99 "GET /resource_providers/e6673643-e25b-442c-afd8-765db6559b0f/aggregates" status: 404 len: 235 microversion: 1.1 [pid: 7|app: 0|req: 437/876] 10.0.0.99 () {32 vars in 813 bytes} [Tue Jul 21 22:11:01 2026] GET /resource_providers/e6673643-e25b-442c-afd8-765db6559b0f/aggregates => generated 235 bytes in 14 msecs (HTTP/1.1 404) 5 headers in 202 bytes (1 switches on core 0)
2026-07-21 22:11:01.835 8 INFO placement.requestlog [None req-c3b74a3e-7ddd-43b2-81a0-98e169932152 61f15cecba5e442291f585a85806989e 1c4d63e324b345b2ab0764a4ffbe2678 - - afde3ae68ec94335bd11fe4c0b6e179e afde3ae68ec94335bd11fe4c0b6e179e] 10.0.0.99 "GET /resource_providers/e6673643-e25b-442c-afd8-765db6559b0f/aggregates" status: 404 len: 235 microversion: 1.1 [pid: 8|app: 0|req: 440/877] 10.0.0.99 () {32 vars in 813 bytes} [Tue Jul 21 22:11:01 2026] GET /resource_providers/e6673643-e25b-442c-afd8-765db6559b0f/aggregates => generated 235 bytes in 9 msecs (HTTP/1.1 404) 5 headers in 202 bytes (1 switches on core 0)
2026-07-21 22:11:01.852 7 INFO placement.requestlog [None req-2e0ff36c-9590-4d5e-a36a-6144788a0657 61f15cecba5e442291f585a85806989e 1c4d63e324b345b2ab0764a4ffbe2678 - - afde3ae68ec94335bd11fe4c0b6e179e afde3ae68ec94335bd11fe4c0b6e179e] 10.0.0.99 "DELETE /resource_providers/e6673643-e25b-442c-afd8-765db6559b0f" status: 404 len: 246 microversion: 1.1 [pid: 7|app: 0|req: 438/878] 10.0.0.99 () {34 vars in 813 bytes} [Tue Jul 21 22:11:01 2026] DELETE /resource_providers/e6673643-e25b-442c-afd8-765db6559b0f => generated 246 bytes in 10 msecs (HTTP/1.1 404) 6 headers in 231 bytes (1 switches on core 0)
2026-07-21 22:11:01.859 8 INFO placement.requestlog [None req-b3081f2e-1614-4869-b87b-377aa45aded8 61f15cecba5e442291f585a85806989e 1c4d63e324b345b2ab0764a4ffbe2678 - - afde3ae68ec94335bd11fe4c0b6e179e afde3ae68ec94335bd11fe4c0b6e179e] 10.0.0.99 "DELETE /resource_providers/e6673643-e25b-442c-afd8-765db6559b0f" status: 404 len: 246 microversion: 1.1 [pid: 8|app: 0|req: 441/879] 10.0.0.99 () {34 vars in 813 bytes} [Tue Jul 21 22:11:01 2026] DELETE /resource_providers/e6673643-e25b-442c-afd8-765db6559b0f => generated 246 bytes in 15 msecs (HTTP/1.1 404) 6 headers in 231 bytes (1 switches on core 0)
2026-07-21 22:11:03.256 7 INFO placement.requestlog [None req-ed0729e4-09ab-4e73-a063-485dc82cf5ae 61f15cecba5e442291f585a85806989e 1c4d63e324b345b2ab0764a4ffbe2678 - - afde3ae68ec94335bd11fe4c0b6e179e afde3ae68ec94335bd11fe4c0b6e179e] 10.0.0.99 "GET /resource_providers/2c64bad3-3f19-4070-b33a-ccb512f078e1/aggregates" status: 404 len: 235 microversion: 1.1 [pid: 7|app: 0|req: 439/880] 10.0.0.99 () {32 vars in 813 bytes} [Tue Jul 21 22:11:03 2026] GET /resource_providers/2c64bad3-3f19-4070-b33a-ccb512f078e1/aggregates => generated 235 bytes in 10 msecs (HTTP/1.1 404) 5 headers in 202 bytes (1 switches on core 0)
2026-07-21 22:11:03.268 7 INFO placement.requestlog [None req-f253e345-f20e-4a4f-b50c-b8b99d57f5d5 61f15cecba5e442291f585a85806989e 1c4d63e324b345b2ab0764a4ffbe2678 - - afde3ae68ec94335bd11fe4c0b6e179e afde3ae68ec94335bd11fe4c0b6e179e] 10.0.0.99 "DELETE /resource_providers/2c64bad3-3f19-4070-b33a-ccb512f078e1" status: 404 len: 246 microversion: 1.1 [pid: 7|app: 0|req: 440/881] 10.0.0.99 () {34 vars in 813 bytes} [Tue Jul 21 22:11:03 2026] DELETE /resource_providers/2c64bad3-3f19-4070-b33a-ccb512f078e1 => generated 246 bytes in 5 msecs (HTTP/1.1 404) 6 headers in 231 bytes (1 switches on core 0)
2026-07-21 22:11:03.271 8 INFO placement.requestlog [None req-f5016029-1a38-4763-bf04-d100049726bc 61f15cecba5e442291f585a85806989e 1c4d63e324b345b2ab0764a4ffbe2678 - - afde3ae68ec94335bd11fe4c0b6e179e afde3ae68ec94335bd11fe4c0b6e179e] 10.0.0.99 "GET /resource_providers/2c64bad3-3f19-4070-b33a-ccb512f078e1/aggregates" status: 404 len: 235 microversion: 1.1 [pid: 8|app: 0|req: 442/882] 10.0.0.99 () {32 vars in 813 bytes} [Tue Jul 21 22:11:03 2026] GET /resource_providers/2c64bad3-3f19-4070-b33a-ccb512f078e1/aggregates => generated 235 bytes in 10 msecs (HTTP/1.1 404) 5 headers in 202 bytes (1 switches on core 0)
2026-07-21 22:11:03.288 7 INFO placement.requestlog [None req-419e7361-653a-4f6e-a9a9-790e585f32ca 61f15cecba5e442291f585a85806989e 1c4d63e324b345b2ab0764a4ffbe2678 - - afde3ae68ec94335bd11fe4c0b6e179e afde3ae68ec94335bd11fe4c0b6e179e] 10.0.0.99 "DELETE /resource_providers/2c64bad3-3f19-4070-b33a-ccb512f078e1" status: 404 len: 246 microversion: 1.1 [pid: 7|app: 0|req: 441/883] 10.0.0.99 () {34 vars in 813 bytes} [Tue Jul 21 22:11:03 2026] DELETE /resource_providers/2c64bad3-3f19-4070-b33a-ccb512f078e1 => generated 246 bytes in 7 msecs (HTTP/1.1 404) 6 headers in 231 bytes (1 switches on core 0)
2026-07-21 22:11:06.915 7 INFO placement.requestlog [None req-f582bfdd-b815-4971-ad9a-718c27a15323 61f15cecba5e442291f585a85806989e 1c4d63e324b345b2ab0764a4ffbe2678 - - afde3ae68ec94335bd11fe4c0b6e179e afde3ae68ec94335bd11fe4c0b6e179e] 10.0.0.99 "GET /resource_providers/28dc95c6-e67a-4272-b3e9-f9789ccff435/aggregates" status: 404 len: 235 microversion: 1.1 [pid: 7|app: 0|req: 442/884] 10.0.0.99 () {32 vars in 813 bytes} [Tue Jul 21 22:11:06 2026] GET /resource_providers/28dc95c6-e67a-4272-b3e9-f9789ccff435/aggregates => generated 235 bytes in 8 msecs (HTTP/1.1 404) 5 headers in 202 bytes (1 switches on core 0)
2026-07-21 22:11:06.916 8 INFO placement.requestlog [None req-3b46c8fa-7ca3-47e2-9bb7-c15c200830b2 61f15cecba5e442291f585a85806989e 1c4d63e324b345b2ab0764a4ffbe2678 - - afde3ae68ec94335bd11fe4c0b6e179e afde3ae68ec94335bd11fe4c0b6e179e] 10.0.0.99 "GET /resource_providers/28dc95c6-e67a-4272-b3e9-f9789ccff435/aggregates" status: 404 len: 235 microversion: 1.1 [pid: 8|app: 0|req: 443/885] 10.0.0.99 () {32 vars in 813 bytes} [Tue Jul 21 22:11:06 2026] GET /resource_providers/28dc95c6-e67a-4272-b3e9-f9789ccff435/aggregates => generated 235 bytes in 13 msecs (HTTP/1.1 404) 5 headers in 202 bytes (1 switches on core 0)
2026-07-21 22:11:06.935 7 INFO placement.requestlog [None req-5a320339-4b9e-40d0-a350-6d4a59ec711b 61f15cecba5e442291f585a85806989e 1c4d63e324b345b2ab0764a4ffbe2678 - - afde3ae68ec94335bd11fe4c0b6e179e afde3ae68ec94335bd11fe4c0b6e179e] 10.0.0.99 "DELETE /resource_providers/28dc95c6-e67a-4272-b3e9-f9789ccff435" status: 404 len: 246 microversion: 1.1 [pid: 7|app: 0|req: 443/886] 10.0.0.99 () {34 vars in 813 bytes} [Tue Jul 21 22:11:06 2026] DELETE /resource_providers/28dc95c6-e67a-4272-b3e9-f9789ccff435 => generated 246 bytes in 10 msecs (HTTP/1.1 404) 6 headers in 231 bytes (1 switches on core 0)
2026-07-21 22:11:06.942 8 INFO placement.requestlog [None req-ee4b935a-fc28-418e-a6e6-cd50f2b0e1b2 61f15cecba5e442291f585a85806989e 1c4d63e324b345b2ab0764a4ffbe2678 - - afde3ae68ec94335bd11fe4c0b6e179e afde3ae68ec94335bd11fe4c0b6e179e] 10.0.0.99 "DELETE /resource_providers/28dc95c6-e67a-4272-b3e9-f9789ccff435" status: 404 len: 246 microversion: 1.1 [pid: 8|app: 0|req: 444/887] 10.0.0.99 () {34 vars in 813 bytes} [Tue Jul 21 22:11:06 2026] DELETE /resource_providers/28dc95c6-e67a-4272-b3e9-f9789ccff435 => generated 246 bytes in 10 msecs (HTTP/1.1 404) 6 headers in 231 bytes (1 switches on core 0)
2026-07-21 22:11:07.790 7 INFO placement.requestlog [None req-d75012f2-c798-4bd9-b6b8-b12c87c4ad58 - - - - - -] 10.0.0.64 "GET /" status: 200 len: 136 microversion: 1.0
2026-07-21 22:11:07.792 8 INFO placement.requestlog [None req-9c31c5c6-e9e0-4ae2-bda9-e9cd4a81da3f - - - - - -] 10.0.0.64 "GET /" status: 200 len: 136 microversion: 1.0
2026-07-21 22:11:13.282 7 INFO placement.requestlog [None req-9a121f02-f851-4d54-92f9-2bbae4f13808 61f15cecba5e442291f585a85806989e 1c4d63e324b345b2ab0764a4ffbe2678 - - afde3ae68ec94335bd11fe4c0b6e179e afde3ae68ec94335bd11fe4c0b6e179e] 10.0.0.99 "GET /resource_providers/7255a707-a61f-4368-bb38-cd718244d18b/aggregates" status: 404 len: 235 microversion: 1.1 [pid: 7|app: 0|req: 445/890] 10.0.0.99 () {32 vars in 813 bytes} [Tue Jul 21 22:11:13 2026] GET /resource_providers/7255a707-a61f-4368-bb38-cd718244d18b/aggregates => generated 235 bytes in 8 msecs (HTTP/1.1 404) 5 headers in 202 bytes (1 switches on core 0)
2026-07-21 22:11:13.287 8 INFO placement.requestlog [None req-e43701d0-132b-4a86-b1ed-8d2cba507a1f 61f15cecba5e442291f585a85806989e 1c4d63e324b345b2ab0764a4ffbe2678 - - afde3ae68ec94335bd11fe4c0b6e179e afde3ae68ec94335bd11fe4c0b6e179e] 10.0.0.99 "GET /resource_providers/7255a707-a61f-4368-bb38-cd718244d18b/aggregates" status: 404 len: 235 microversion: 1.1 [pid: 8|app: 0|req: 446/891] 10.0.0.99 () {32 vars in 813 bytes} [Tue Jul 21 22:11:13 2026] GET /resource_providers/7255a707-a61f-4368-bb38-cd718244d18b/aggregates => generated 235 bytes in 13 msecs (HTTP/1.1 404) 5 headers in 202 bytes (1 switches on core 0)
2026-07-21 22:11:13.308 7 INFO placement.requestlog [None req-ac57fb1b-efff-48e7-838f-67e0633b511e 61f15cecba5e442291f585a85806989e 1c4d63e324b345b2ab0764a4ffbe2678 - - afde3ae68ec94335bd11fe4c0b6e179e afde3ae68ec94335bd11fe4c0b6e179e] 10.0.0.99 "DELETE /resource_providers/7255a707-a61f-4368-bb38-cd718244d18b" status: 404 len: 246 microversion: 1.1 [pid: 7|app: 0|req: 446/892] 10.0.0.99 () {34 vars in 813 bytes} [Tue Jul 21 22:11:13 2026] DELETE /resource_providers/7255a707-a61f-4368-bb38-cd718244d18b => generated 246 bytes in 8 msecs (HTTP/1.1 404) 6 headers in 231 bytes (1 switches on core 0)
2026-07-21 22:11:13.311 8 INFO placement.requestlog [None req-a51a68b6-859e-4128-b9b6-786ea3e33990 61f15cecba5e442291f585a85806989e 1c4d63e324b345b2ab0764a4ffbe2678 - - afde3ae68ec94335bd11fe4c0b6e179e afde3ae68ec94335bd11fe4c0b6e179e] 10.0.0.99 "DELETE /resource_providers/7255a707-a61f-4368-bb38-cd718244d18b" status: 404 len: 246 microversion: 1.1 [pid: 8|app: 0|req: 447/893] 10.0.0.99 () {34 vars in 813 bytes} [Tue Jul 21 22:11:13 2026] DELETE /resource_providers/7255a707-a61f-4368-bb38-cd718244d18b => generated 246 bytes in 12 msecs (HTTP/1.1 404) 6 headers in 231 bytes (1 switches on core 0)
2026-07-21 22:11:17.790 8 INFO placement.requestlog [None req-177b3ba1-ae0d-4e65-a88a-8482c4cb5107 - - - - - -] 10.0.0.64 "GET /" status: 200 len: 136 microversion: 1.0
2026-07-21 22:11:17.790 7 INFO placement.requestlog [None req-6bb08be6-cb56-485e-9dbe-4acf34dfc54f - - - - - -] 10.0.0.64 "GET /" status: 200 len: 136 microversion: 1.0
2026-07-21 22:11:20.906 8 INFO placement.requestlog [None req-6eafe184-2037-44ce-832f-db9e599d7b99 61f15cecba5e442291f585a85806989e 1c4d63e324b345b2ab0764a4ffbe2678 - - afde3ae68ec94335bd11fe4c0b6e179e afde3ae68ec94335bd11fe4c0b6e179e] 10.0.0.99 "GET /resource_providers/df007d05-aba3-4006-8275-338360ae3794/aggregates" status: 404 len: 235 microversion: 1.1 [pid: 8|app: 0|req: 449/896] 10.0.0.99 () {32 vars in 813 bytes} [Tue Jul 21 22:11:20 2026] GET /resource_providers/df007d05-aba3-4006-8275-338360ae3794/aggregates => generated 235 bytes in 12 msecs (HTTP/1.1 404) 5 headers in 202 bytes (1 switches on core 0)
2026-07-21 22:11:20.908 7 INFO placement.requestlog [None req-0efe2b0a-7f97-4c22-8992-f884464fa1c1 61f15cecba5e442291f585a85806989e 1c4d63e324b345b2ab0764a4ffbe2678 - - afde3ae68ec94335bd11fe4c0b6e179e afde3ae68ec94335bd11fe4c0b6e179e] 10.0.0.99 "GET /resource_providers/df007d05-aba3-4006-8275-338360ae3794/aggregates" status: 404 len: 235 microversion: 1.1 [pid: 7|app: 0|req: 448/897] 10.0.0.99 () {32 vars in 813 bytes} [Tue Jul 21 22:11:20 2026] GET /resource_providers/df007d05-aba3-4006-8275-338360ae3794/aggregates => generated 235 bytes in 14 msecs (HTTP/1.1 404) 5 headers in 202 bytes (1 switches on core 0)
2026-07-21 22:11:20.927 7 INFO placement.requestlog [None req-5e6f4290-5ac8-407f-b93d-863122dcff93 61f15cecba5e442291f585a85806989e 1c4d63e324b345b2ab0764a4ffbe2678 - - afde3ae68ec94335bd11fe4c0b6e179e afde3ae68ec94335bd11fe4c0b6e179e] 10.0.0.99 "DELETE /resource_providers/df007d05-aba3-4006-8275-338360ae3794" status: 404 len: 246 microversion: 1.1 [pid: 7|app: 0|req: 449/898] 10.0.0.99 () {34 vars in 813 bytes} [Tue Jul 21 22:11:20 2026] DELETE /resource_providers/df007d05-aba3-4006-8275-338360ae3794 => generated 246 bytes in 6 msecs (HTTP/1.1 404) 6 headers in 231 bytes (1 switches on core 0)
2026-07-21 22:11:20.930 8 INFO placement.requestlog [None req-b846630b-d879-48f9-a5b6-7a47a05c0b5b 61f15cecba5e442291f585a85806989e 1c4d63e324b345b2ab0764a4ffbe2678 - - afde3ae68ec94335bd11fe4c0b6e179e afde3ae68ec94335bd11fe4c0b6e179e] 10.0.0.99 "DELETE /resource_providers/df007d05-aba3-4006-8275-338360ae3794" status: 404 len: 246 microversion: 1.1 [pid: 8|app: 0|req: 450/899] 10.0.0.99 () {34 vars in 813 bytes} [Tue Jul 21 22:11:20 2026] DELETE /resource_providers/df007d05-aba3-4006-8275-338360ae3794 => generated 246 bytes in 10 msecs (HTTP/1.1 404) 6 headers in 231 bytes (1 switches on core 0)
2026-07-21 22:11:22.738 7 INFO placement.requestlog [None req-6d8bdf0b-e389-4483-9e62-aa4cc33577c2 61f15cecba5e442291f585a85806989e 1c4d63e324b345b2ab0764a4ffbe2678 - - afde3ae68ec94335bd11fe4c0b6e179e afde3ae68ec94335bd11fe4c0b6e179e] 10.0.0.99 "GET /resource_providers/536979d7-5230-48a7-bd0f-7f916276b1ec/aggregates" status: 404 len: 235 microversion: 1.1 [pid: 7|app: 0|req: 450/900] 10.0.0.99 () {32 vars in 813 bytes} [Tue Jul 21 22:11:22 2026] GET /resource_providers/536979d7-5230-48a7-bd0f-7f916276b1ec/aggregates => generated 235 bytes in 11 msecs (HTTP/1.1 404) 5 headers in 202 bytes (1 switches on core 0)
2026-07-21 22:11:22.739 8 INFO placement.requestlog [None req-7cfaecdf-0e5a-4153-9794-c59e6846e4a5 61f15cecba5e442291f585a85806989e 1c4d63e324b345b2ab0764a4ffbe2678 - - afde3ae68ec94335bd11fe4c0b6e179e afde3ae68ec94335bd11fe4c0b6e179e] 10.0.0.99 "GET /resource_providers/536979d7-5230-48a7-bd0f-7f916276b1ec/aggregates" status: 404 len: 235 microversion: 1.1 [pid: 8|app: 0|req: 451/901] 10.0.0.99 () {32 vars in 813 bytes} [Tue Jul 21 22:11:22 2026] GET /resource_providers/536979d7-5230-48a7-bd0f-7f916276b1ec/aggregates => generated 235 bytes in 12 msecs (HTTP/1.1 404) 5 headers in 202 bytes (1 switches on core 0)
2026-07-21 22:11:22.758 7 INFO placement.requestlog [None req-392b80f9-31c0-42fa-8697-66b8e2f70f53 61f15cecba5e442291f585a85806989e 1c4d63e324b345b2ab0764a4ffbe2678 - - afde3ae68ec94335bd11fe4c0b6e179e afde3ae68ec94335bd11fe4c0b6e179e] 10.0.0.99 "DELETE /resource_providers/536979d7-5230-48a7-bd0f-7f916276b1ec" status: 404 len: 246 microversion: 1.1 [pid: 7|app: 0|req: 451/902] 10.0.0.99 () {34 vars in 813 bytes} [Tue Jul 21 22:11:22 2026] DELETE /resource_providers/536979d7-5230-48a7-bd0f-7f916276b1ec => generated 246 bytes in 6 msecs (HTTP/1.1 404) 6 headers in 231 bytes (1 switches on core 0)
2026-07-21 22:11:22.759 8 INFO placement.requestlog [None req-869cbac4-1b6e-40e0-99b5-351d81654031 61f15cecba5e442291f585a85806989e 1c4d63e324b345b2ab0764a4ffbe2678 - - afde3ae68ec94335bd11fe4c0b6e179e afde3ae68ec94335bd11fe4c0b6e179e] 10.0.0.99 "DELETE /resource_providers/536979d7-5230-48a7-bd0f-7f916276b1ec" status: 404 len: 246 microversion: 1.1 [pid: 8|app: 0|req: 452/903] 10.0.0.99 () {34 vars in 813 bytes} [Tue Jul 21 22:11:22 2026] DELETE /resource_providers/536979d7-5230-48a7-bd0f-7f916276b1ec => generated 246 bytes in 6 msecs (HTTP/1.1 404) 6 headers in 231 bytes (1 switches on core 0)
2026-07-21 22:11:22.952 7 INFO placement.requestlog [None req-113098eb-655d-4485-853c-2e32427e332d 61f15cecba5e442291f585a85806989e 1c4d63e324b345b2ab0764a4ffbe2678 - - afde3ae68ec94335bd11fe4c0b6e179e afde3ae68ec94335bd11fe4c0b6e179e] 10.0.0.99 "GET /resource_providers/11ae0aa3-1c6a-473c-b588-7d983db9b45e/aggregates" status: 404 len: 235 microversion: 1.1 [pid: 7|app: 0|req: 452/904] 10.0.0.99 () {32 vars in 813 bytes} [Tue Jul 21 22:11:22 2026] GET /resource_providers/11ae0aa3-1c6a-473c-b588-7d983db9b45e/aggregates => generated 235 bytes in 9 msecs (HTTP/1.1 404) 5 headers in 202 bytes (1 switches on core 0)
2026-07-21 22:11:22.957 8 INFO placement.requestlog [None req-ec696bc9-9a29-44f5-911a-4a6807cb910c 61f15cecba5e442291f585a85806989e 1c4d63e324b345b2ab0764a4ffbe2678 - - afde3ae68ec94335bd11fe4c0b6e179e afde3ae68ec94335bd11fe4c0b6e179e] 10.0.0.99 "GET /resource_providers/11ae0aa3-1c6a-473c-b588-7d983db9b45e/aggregates" status: 404 len: 235 microversion: 1.1 [pid: 8|app: 0|req: 453/905] 10.0.0.99 () {32 vars in 813 bytes} [Tue Jul 21 22:11:22 2026] GET /resource_providers/11ae0aa3-1c6a-473c-b588-7d983db9b45e/aggregates => generated 235 bytes in 9 msecs (HTTP/1.1 404) 5 headers in 202 bytes (1 switches on core 0)
2026-07-21 22:11:22.973 7 INFO placement.requestlog [None req-13dad491-ec2f-4f44-9f37-1974647938d4 61f15cecba5e442291f585a85806989e 1c4d63e324b345b2ab0764a4ffbe2678 - - afde3ae68ec94335bd11fe4c0b6e179e afde3ae68ec94335bd11fe4c0b6e179e] 10.0.0.99 "DELETE /resource_providers/11ae0aa3-1c6a-473c-b588-7d983db9b45e" status: 404 len: 246 microversion: 1.1 [pid: 7|app: 0|req: 453/906] 10.0.0.99 () {34 vars in 813 bytes} [Tue Jul 21 22:11:22 2026] DELETE /resource_providers/11ae0aa3-1c6a-473c-b588-7d983db9b45e => generated 246 bytes in 8 msecs (HTTP/1.1 404) 6 headers in 231 bytes (1 switches on core 0)
2026-07-21 22:11:22.975 8 INFO placement.requestlog [None req-5502832d-1c76-42c3-a1e7-33c42a359d42 61f15cecba5e442291f585a85806989e 1c4d63e324b345b2ab0764a4ffbe2678 - - afde3ae68ec94335bd11fe4c0b6e179e afde3ae68ec94335bd11fe4c0b6e179e] 10.0.0.99 "DELETE /resource_providers/11ae0aa3-1c6a-473c-b588-7d983db9b45e" status: 404 len: 246 microversion: 1.1 [pid: 8|app: 0|req: 454/907] 10.0.0.99 () {34 vars in 813 bytes} [Tue Jul 21 22:11:22 2026] DELETE /resource_providers/11ae0aa3-1c6a-473c-b588-7d983db9b45e => generated 246 bytes in 9 msecs (HTTP/1.1 404) 6 headers in 231 bytes (1 switches on core 0)
2026-07-21 22:11:22.993 8 INFO placement.requestlog [None req-6b9e2ba2-83e1-4905-9267-580e2c63adfb 61f15cecba5e442291f585a85806989e 1c4d63e324b345b2ab0764a4ffbe2678 - - afde3ae68ec94335bd11fe4c0b6e179e afde3ae68ec94335bd11fe4c0b6e179e] 10.0.0.99 "GET /resource_providers/58602fd9-d3e0-40ef-988d-ac98380c2994/aggregates" status: 404 len: 235 microversion: 1.1
2026-07-21 22:11:22.994 7 INFO placement.requestlog [None req-b04262a8-78a1-4ac9-aa78-450d9a8d287c 61f15cecba5e442291f585a85806989e 1c4d63e324b345b2ab0764a4ffbe2678 - - afde3ae68ec94335bd11fe4c0b6e179e afde3ae68ec94335bd11fe4c0b6e179e] 10.0.0.99 "GET /resource_providers/58602fd9-d3e0-40ef-988d-ac98380c2994/aggregates" status: 404 len: 235 microversion: 1.1 [pid: 8|app: 0|req: 455/908] 10.0.0.99 () {32 vars in 813 bytes} [Tue Jul 21 22:11:22 2026] GET /resource_providers/58602fd9-d3e0-40ef-988d-ac98380c2994/aggregates => generated 235 bytes in 8 msecs (HTTP/1.1 404) 5 headers in 202 bytes (1 switches on core 0) [pid: 7|app: 0|req: 454/909] 10.0.0.99 () {32 vars in 813 bytes} [Tue Jul 21 22:11:22 2026] GET /resource_providers/58602fd9-d3e0-40ef-988d-ac98380c2994/aggregates => generated 235 bytes in 11 msecs (HTTP/1.1 404) 5 headers in 202 bytes (1 switches on core 0)
2026-07-21 22:11:23.013 8 INFO placement.requestlog [None req-e5e58546-6fce-446e-94bb-48229ad050c5 61f15cecba5e442291f585a85806989e 1c4d63e324b345b2ab0764a4ffbe2678 - - afde3ae68ec94335bd11fe4c0b6e179e afde3ae68ec94335bd11fe4c0b6e179e] 10.0.0.99 "DELETE /resource_providers/58602fd9-d3e0-40ef-988d-ac98380c2994" status: 404 len: 246 microversion: 1.1 [pid: 8|app: 0|req: 456/910] 10.0.0.99 () {34 vars in 813 bytes} [Tue Jul 21 22:11:23 2026] DELETE /resource_providers/58602fd9-d3e0-40ef-988d-ac98380c2994 => generated 246 bytes in 9 msecs (HTTP/1.1 404) 6 headers in 231 bytes (1 switches on core 0)
2026-07-21 22:11:23.013 7 INFO placement.requestlog [None req-9d9c45ee-ddcc-47a6-93f0-3e64b16bd6aa 61f15cecba5e442291f585a85806989e 1c4d63e324b345b2ab0764a4ffbe2678 - - afde3ae68ec94335bd11fe4c0b6e179e afde3ae68ec94335bd11fe4c0b6e179e] 10.0.0.99 "DELETE /resource_providers/58602fd9-d3e0-40ef-988d-ac98380c2994" status: 404 len: 246 microversion: 1.1 [pid: 7|app: 0|req: 455/911] 10.0.0.99 () {34 vars in 813 bytes} [Tue Jul 21 22:11:23 2026] DELETE /resource_providers/58602fd9-d3e0-40ef-988d-ac98380c2994 => generated 246 bytes in 8 msecs (HTTP/1.1 404) 6 headers in 231 bytes (1 switches on core 0)
2026-07-21 22:11:23.028 8 INFO placement.requestlog [None req-f2012fb3-7fec-4b66-8245-9ebd334842d4 61f15cecba5e442291f585a85806989e 1c4d63e324b345b2ab0764a4ffbe2678 - - afde3ae68ec94335bd11fe4c0b6e179e afde3ae68ec94335bd11fe4c0b6e179e] 10.0.0.99 "GET /resource_providers/599e9afb-9cac-4b59-9aec-de86344a2741/aggregates" status: 404 len: 235 microversion: 1.1 [pid: 8|app: 0|req: 457/912] 10.0.0.99 () {32 vars in 813 bytes} [Tue Jul 21 22:11:23 2026] GET /resource_providers/599e9afb-9cac-4b59-9aec-de86344a2741/aggregates => generated 235 bytes in 7 msecs (HTTP/1.1 404) 5 headers in 202 bytes (1 switches on core 0)
2026-07-21 22:11:23.033 7 INFO placement.requestlog [None req-273f2f16-f549-4c55-9e16-f42cd823658f 61f15cecba5e442291f585a85806989e 1c4d63e324b345b2ab0764a4ffbe2678 - - afde3ae68ec94335bd11fe4c0b6e179e afde3ae68ec94335bd11fe4c0b6e179e] 10.0.0.99 "GET /resource_providers/599e9afb-9cac-4b59-9aec-de86344a2741/aggregates" status: 404 len: 235 microversion: 1.1 [pid: 7|app: 0|req: 456/913] 10.0.0.99 () {32 vars in 813 bytes} [Tue Jul 21 22:11:23 2026] GET /resource_providers/599e9afb-9cac-4b59-9aec-de86344a2741/aggregates => generated 235 bytes in 10 msecs (HTTP/1.1 404) 5 headers in 202 bytes (1 switches on core 0)
2026-07-21 22:11:23.049 8 INFO placement.requestlog [None req-73a2b6ab-a92b-4e8c-886b-2a933239fb78 61f15cecba5e442291f585a85806989e 1c4d63e324b345b2ab0764a4ffbe2678 - - afde3ae68ec94335bd11fe4c0b6e179e afde3ae68ec94335bd11fe4c0b6e179e] 10.0.0.99 "DELETE /resource_providers/599e9afb-9cac-4b59-9aec-de86344a2741" status: 404 len: 246 microversion: 1.1 [pid: 8|app: 0|req: 458/914] 10.0.0.99 () {34 vars in 813 bytes} [Tue Jul 21 22:11:23 2026] DELETE /resource_providers/599e9afb-9cac-4b59-9aec-de86344a2741 => generated 246 bytes in 10 msecs (HTTP/1.1 404) 6 headers in 231 bytes (1 switches on core 0)
2026-07-21 22:11:23.050 7 INFO placement.requestlog [None req-66c68d9f-6ce7-45af-82ed-97f35f619daf 61f15cecba5e442291f585a85806989e 1c4d63e324b345b2ab0764a4ffbe2678 - - afde3ae68ec94335bd11fe4c0b6e179e afde3ae68ec94335bd11fe4c0b6e179e] 10.0.0.99 "DELETE /resource_providers/599e9afb-9cac-4b59-9aec-de86344a2741" status: 404 len: 246 microversion: 1.1 [pid: 7|app: 0|req: 457/915] 10.0.0.99 () {34 vars in 813 bytes} [Tue Jul 21 22:11:23 2026] DELETE /resource_providers/599e9afb-9cac-4b59-9aec-de86344a2741 => generated 246 bytes in 10 msecs (HTTP/1.1 404) 6 headers in 231 bytes (1 switches on core 0)
2026-07-21 22:11:27.790 8 INFO placement.requestlog [None req-312417e0-37fd-433c-ad1a-252df67252b5 - - - - - -] 10.0.0.64 "GET /" status: 200 len: 136 microversion: 1.0
2026-07-21 22:11:27.791 7 INFO placement.requestlog [None req-96bad0a7-adaa-49c8-baa2-733624ba8bed - - - - - -] 10.0.0.64 "GET /" status: 200 len: 136 microversion: 1.0
2026-07-21 22:11:29.197 7 INFO placement.requestlog [None req-5a4da470-223a-4c94-bf9c-7d34921a7223 61f15cecba5e442291f585a85806989e 1c4d63e324b345b2ab0764a4ffbe2678 - - afde3ae68ec94335bd11fe4c0b6e179e afde3ae68ec94335bd11fe4c0b6e179e] 10.0.0.99 "GET /resource_providers/1106565b-78a6-457e-abbe-bd32f0ca5aac/aggregates" status: 404 len: 235 microversion: 1.1 [pid: 7|app: 0|req: 459/918] 10.0.0.99 () {32 vars in 813 bytes} [Tue Jul 21 22:11:29 2026] GET /resource_providers/1106565b-78a6-457e-abbe-bd32f0ca5aac/aggregates => generated 235 bytes in 10 msecs (HTTP/1.1 404) 5 headers in 202 bytes (1 switches on core 0)
2026-07-21 22:11:29.203 8 INFO placement.requestlog [None req-07f070b8-1242-4164-996f-6e2d161e168c 61f15cecba5e442291f585a85806989e 1c4d63e324b345b2ab0764a4ffbe2678 - - afde3ae68ec94335bd11fe4c0b6e179e afde3ae68ec94335bd11fe4c0b6e179e] 10.0.0.99 "GET /resource_providers/1106565b-78a6-457e-abbe-bd32f0ca5aac/aggregates" status: 404 len: 235 microversion: 1.1 [pid: 8|app: 0|req: 460/919] 10.0.0.99 () {32 vars in 813 bytes} [Tue Jul 21 22:11:29 2026] GET /resource_providers/1106565b-78a6-457e-abbe-bd32f0ca5aac/aggregates => generated 235 bytes in 11 msecs (HTTP/1.1 404) 5 headers in 202 bytes (1 switches on core 0)
2026-07-21 22:11:29.218 7 INFO placement.requestlog [None req-77fb6716-7445-40ba-843d-0a8bdd541998 61f15cecba5e442291f585a85806989e 1c4d63e324b345b2ab0764a4ffbe2678 - - afde3ae68ec94335bd11fe4c0b6e179e afde3ae68ec94335bd11fe4c0b6e179e] 10.0.0.99 "DELETE /resource_providers/1106565b-78a6-457e-abbe-bd32f0ca5aac" status: 404 len: 246 microversion: 1.1 [pid: 7|app: 0|req: 460/920] 10.0.0.99 () {34 vars in 813 bytes} [Tue Jul 21 22:11:29 2026] DELETE /resource_providers/1106565b-78a6-457e-abbe-bd32f0ca5aac => generated 246 bytes in 9 msecs (HTTP/1.1 404) 6 headers in 231 bytes (1 switches on core 0)
2026-07-21 22:11:29.221 8 INFO placement.requestlog [None req-9c96beb7-3d59-4c39-bea2-d21405268840 61f15cecba5e442291f585a85806989e 1c4d63e324b345b2ab0764a4ffbe2678 - - afde3ae68ec94335bd11fe4c0b6e179e afde3ae68ec94335bd11fe4c0b6e179e] 10.0.0.99 "DELETE /resource_providers/1106565b-78a6-457e-abbe-bd32f0ca5aac" status: 404 len: 246 microversion: 1.1 [pid: 8|app: 0|req: 461/921] 10.0.0.99 () {34 vars in 813 bytes} [Tue Jul 21 22:11:29 2026] DELETE /resource_providers/1106565b-78a6-457e-abbe-bd32f0ca5aac => generated 246 bytes in 9 msecs (HTTP/1.1 404) 6 headers in 231 bytes (1 switches on core 0)
2026-07-21 22:11:29.925 7 INFO placement.requestlog [req-b9aadae1-f4ae-42bf-9dee-407e46c79c57 req-f87ff2f8-7052-4d89-9df4-bdb78ed768bb 308569e790cc4a47b95ba7942668277e 1c4d63e324b345b2ab0764a4ffbe2678 - - afde3ae68ec94335bd11fe4c0b6e179e afde3ae68ec94335bd11fe4c0b6e179e] 199.204.45.129 "GET /resource_providers/cc4fc6d8-7d21-48b6-9de8-8132546bd391/allocations" status: 200 len: 54 microversion: 1.0 [pid: 7|app: 0|req: 461/922] 199.204.45.129 () {32 vars in 855 bytes} [Tue Jul 21 22:11:29 2026] GET /resource_providers/cc4fc6d8-7d21-48b6-9de8-8132546bd391/allocations => generated 54 bytes in 218 msecs (HTTP/1.1 200) 6 headers in 223 bytes (1 switches on core 0)
2026-07-21 22:11:29.949 8 INFO placement.requestlog [req-b9aadae1-f4ae-42bf-9dee-407e46c79c57 req-83a75e2f-99d2-4eeb-ba85-fb6ebc896fc8 308569e790cc4a47b95ba7942668277e 1c4d63e324b345b2ab0764a4ffbe2678 - - afde3ae68ec94335bd11fe4c0b6e179e afde3ae68ec94335bd11fe4c0b6e179e] 199.204.45.129 "GET /resource_providers?in_tree=cc4fc6d8-7d21-48b6-9de8-8132546bd391" status: 200 len: 797 microversion: 1.14 [pid: 8|app: 0|req: 462/923] 199.204.45.129 () {34 vars in 890 bytes} [Tue Jul 21 22:11:29 2026] GET /resource_providers?in_tree=cc4fc6d8-7d21-48b6-9de8-8132546bd391 => generated 797 bytes in 17 msecs (HTTP/1.1 200) 6 headers in 225 bytes (1 switches on core 0)
2026-07-21 22:11:29.971 7 INFO placement.requestlog [req-b9aadae1-f4ae-42bf-9dee-407e46c79c57 req-d25278c7-4460-486a-b7af-a3868b1ebc7c 308569e790cc4a47b95ba7942668277e 1c4d63e324b345b2ab0764a4ffbe2678 - - afde3ae68ec94335bd11fe4c0b6e179e afde3ae68ec94335bd11fe4c0b6e179e] 199.204.45.129 "GET /resource_providers/cc4fc6d8-7d21-48b6-9de8-8132546bd391/inventories" status: 200 len: 400 microversion: 1.0 [pid: 7|app: 0|req: 462/924] 199.204.45.129 () {32 vars in 855 bytes} [Tue Jul 21 22:11:29 2026] GET /resource_providers/cc4fc6d8-7d21-48b6-9de8-8132546bd391/inventories => generated 400 bytes in 17 msecs (HTTP/1.1 200) 6 headers in 224 bytes (1 switches on core 0)
2026-07-21 22:11:29.992 8 INFO placement.requestlog [req-b9aadae1-f4ae-42bf-9dee-407e46c79c57 req-5174a078-20e9-42fa-a6c8-6ecead704684 308569e790cc4a47b95ba7942668277e 1c4d63e324b345b2ab0764a4ffbe2678 - - afde3ae68ec94335bd11fe4c0b6e179e afde3ae68ec94335bd11fe4c0b6e179e] 199.204.45.129 "GET /resource_providers/cc4fc6d8-7d21-48b6-9de8-8132546bd391/aggregates" status: 200 len: 53 microversion: 1.19 [pid: 8|app: 0|req: 463/925] 199.204.45.129 () {34 vars in 897 bytes} [Tue Jul 21 22:11:29 2026] GET /resource_providers/cc4fc6d8-7d21-48b6-9de8-8132546bd391/aggregates => generated 53 bytes in 16 msecs (HTTP/1.1 200) 8 headers in 295 bytes (1 switches on core 0)
2026-07-21 22:11:30.023 7 INFO placement.requestlog [req-b9aadae1-f4ae-42bf-9dee-407e46c79c57 req-dffe8905-468b-4682-aec6-d09853ddf604 308569e790cc4a47b95ba7942668277e 1c4d63e324b345b2ab0764a4ffbe2678 - - afde3ae68ec94335bd11fe4c0b6e179e afde3ae68ec94335bd11fe4c0b6e179e] 199.204.45.129 "GET /resource_providers/cc4fc6d8-7d21-48b6-9de8-8132546bd391/traits" status: 200 len: 2316 microversion: 1.6 [pid: 7|app: 0|req: 463/926] 199.204.45.129 () {34 vars in 888 bytes} [Tue Jul 21 22:11:29 2026] GET /resource_providers/cc4fc6d8-7d21-48b6-9de8-8132546bd391/traits => generated 2316 bytes in 26 msecs (HTTP/1.1 200) 6 headers in 225 bytes (1 switches on core 0)
2026-07-21 22:11:30.043 8 INFO placement.requestlog [req-b9aadae1-f4ae-42bf-9dee-407e46c79c57 req-0a60409d-4b0c-49d0-9ee7-f6db6190dc33 308569e790cc4a47b95ba7942668277e 1c4d63e324b345b2ab0764a4ffbe2678 - - afde3ae68ec94335bd11fe4c0b6e179e afde3ae68ec94335bd11fe4c0b6e179e] 199.204.45.129 "GET /resource_providers/cc4fc6d8-7d21-48b6-9de8-8132546bd391/allocations" status: 200 len: 54 microversion: 1.0 [pid: 8|app: 0|req: 464/927] 199.204.45.129 () {32 vars in 855 bytes} [Tue Jul 21 22:11:30 2026] GET /resource_providers/cc4fc6d8-7d21-48b6-9de8-8132546bd391/allocations => generated 54 bytes in 13 msecs (HTTP/1.1 200) 6 headers in 223 bytes (1 switches on core 0)
2026-07-21 22:11:34.068 8 INFO placement.requestlog [None req-93a2d5e8-2413-40a6-bc3c-68755d58e0a2 61f15cecba5e442291f585a85806989e 1c4d63e324b345b2ab0764a4ffbe2678 - - afde3ae68ec94335bd11fe4c0b6e179e afde3ae68ec94335bd11fe4c0b6e179e] 10.0.0.99 "GET /resource_providers/b362637f-639c-4920-a818-30e3513119ba/aggregates" status: 404 len: 235 microversion: 1.1
2026-07-21 22:11:34.068 7 INFO placement.requestlog [None req-1162e085-daaf-4c80-bb98-7936c7f5d572 61f15cecba5e442291f585a85806989e 1c4d63e324b345b2ab0764a4ffbe2678 - - afde3ae68ec94335bd11fe4c0b6e179e afde3ae68ec94335bd11fe4c0b6e179e] 10.0.0.99 "GET /resource_providers/b362637f-639c-4920-a818-30e3513119ba/aggregates" status: 404 len: 235 microversion: 1.1 [pid: 8|app: 0|req: 465/928] 10.0.0.99 () {32 vars in 813 bytes} [Tue Jul 21 22:11:34 2026] GET /resource_providers/b362637f-639c-4920-a818-30e3513119ba/aggregates => generated 235 bytes in 10 msecs (HTTP/1.1 404) 5 headers in 202 bytes (1 switches on core 0) [pid: 7|app: 0|req: 464/929] 10.0.0.99 () {32 vars in 813 bytes} [Tue Jul 21 22:11:34 2026] GET /resource_providers/b362637f-639c-4920-a818-30e3513119ba/aggregates => generated 235 bytes in 11 msecs (HTTP/1.1 404) 5 headers in 202 bytes (1 switches on core 0)
2026-07-21 22:11:34.096 8 INFO placement.requestlog [None req-753b6793-84ec-48cc-aacc-52b636821633 61f15cecba5e442291f585a85806989e 1c4d63e324b345b2ab0764a4ffbe2678 - - afde3ae68ec94335bd11fe4c0b6e179e afde3ae68ec94335bd11fe4c0b6e179e] 10.0.0.99 "DELETE /resource_providers/b362637f-639c-4920-a818-30e3513119ba" status: 404 len: 246 microversion: 1.1 [pid: 8|app: 0|req: 466/930] 10.0.0.99 () {34 vars in 813 bytes} [Tue Jul 21 22:11:34 2026] DELETE /resource_providers/b362637f-639c-4920-a818-30e3513119ba => generated 246 bytes in 18 msecs (HTTP/1.1 404) 6 headers in 231 bytes (1 switches on core 0)
2026-07-21 22:11:34.098 7 INFO placement.requestlog [None req-d3555760-c554-4bc3-9b22-0bafa3640eed 61f15cecba5e442291f585a85806989e 1c4d63e324b345b2ab0764a4ffbe2678 - - afde3ae68ec94335bd11fe4c0b6e179e afde3ae68ec94335bd11fe4c0b6e179e] 10.0.0.99 "DELETE /resource_providers/b362637f-639c-4920-a818-30e3513119ba" status: 404 len: 246 microversion: 1.1 [pid: 7|app: 0|req: 465/931] 10.0.0.99 () {34 vars in 813 bytes} [Tue Jul 21 22:11:34 2026] DELETE /resource_providers/b362637f-639c-4920-a818-30e3513119ba => generated 246 bytes in 13 msecs (HTTP/1.1 404) 6 headers in 231 bytes (1 switches on core 0)
2026-07-21 22:11:37.079 8 INFO placement.requestlog [req-5e96571a-fff6-4eb1-8ef8-c913d6ba4e68 req-c6c88761-caeb-48d8-ac99-255c42048470 308569e790cc4a47b95ba7942668277e 1c4d63e324b345b2ab0764a4ffbe2678 - - afde3ae68ec94335bd11fe4c0b6e179e afde3ae68ec94335bd11fe4c0b6e179e] 10.0.0.223 "GET /allocation_candidates?limit=1000&resources=DISK_GB%3A1%2CMEMORY_MB%3A512%2CVCPU%3A1&root_required=%21COMPUTE_STATUS_DISABLED" status: 200 len: 2781 microversion: 1.36 [pid: 8|app: 0|req: 467/932] 10.0.0.223 () {34 vars in 1010 bytes} [Tue Jul 21 22:11:37 2026] GET /allocation_candidates?limit=1000&resources=DISK_GB%3A1%2CMEMORY_MB%3A512%2CVCPU%3A1&root_required=%21COMPUTE_STATUS_DISABLED => generated 2781 bytes in 65 msecs (HTTP/1.1 200) 8 headers in 297 bytes (1 switches on core 0)
2026-07-21 22:11:37.117 7 INFO placement.requestlog [req-5e96571a-fff6-4eb1-8ef8-c913d6ba4e68 req-1e31ea00-8013-4445-af8c-3c84c90f4eeb 308569e790cc4a47b95ba7942668277e 1c4d63e324b345b2ab0764a4ffbe2678 - - afde3ae68ec94335bd11fe4c0b6e179e afde3ae68ec94335bd11fe4c0b6e179e] 10.0.0.223 "GET /allocations/3aea73a7-bf39-45d2-a9e3-70055c84570d" status: 200 len: 19 microversion: 1.28 [pid: 7|app: 0|req: 466/933] 10.0.0.223 () {34 vars in 859 bytes} [Tue Jul 21 22:11:37 2026] GET /allocations/3aea73a7-bf39-45d2-a9e3-70055c84570d => generated 19 bytes in 11 msecs (HTTP/1.1 200) 8 headers in 295 bytes (1 switches on core 0)
2026-07-21 22:11:37.197 8 INFO placement.requestlog [req-5e96571a-fff6-4eb1-8ef8-c913d6ba4e68 req-e25b3c30-ff9a-4786-927c-30b69bd6fd70 308569e790cc4a47b95ba7942668277e 1c4d63e324b345b2ab0764a4ffbe2678 - - afde3ae68ec94335bd11fe4c0b6e179e afde3ae68ec94335bd11fe4c0b6e179e] 10.0.0.223 "PUT /allocations/3aea73a7-bf39-45d2-a9e3-70055c84570d" status: 204 len: 0 microversion: 1.36 [pid: 8|app: 0|req: 468/934] 10.0.0.223 () {38 vars in 912 bytes} [Tue Jul 21 22:11:37 2026] PUT /allocations/3aea73a7-bf39-45d2-a9e3-70055c84570d => generated 0 bytes in 73 msecs (HTTP/1.1 204) 5 headers in 199 bytes (1 switches on core 0)
2026-07-21 22:11:37.790 7 INFO placement.requestlog [None req-dfb190bf-2f63-46df-afae-467134ff2f8c - - - - - -] 10.0.0.64 "GET /" status: 200 len: 136 microversion: 1.0
2026-07-21 22:11:37.790 8 INFO placement.requestlog [None req-1efef18e-7377-4b30-9502-01c46932930a - - - - - -] 10.0.0.64 "GET /" status: 200 len: 136 microversion: 1.0
2026-07-21 22:11:38.607 8 INFO placement.requestlog [None req-94a0f29f-45e3-4b26-b9f4-3b57318ed753 61f15cecba5e442291f585a85806989e 1c4d63e324b345b2ab0764a4ffbe2678 - - afde3ae68ec94335bd11fe4c0b6e179e afde3ae68ec94335bd11fe4c0b6e179e] 10.0.0.99 "GET /resource_providers/e31f0aa4-7fc5-44ab-a721-007e6b04ce9e/aggregates" status: 404 len: 235 microversion: 1.1 [pid: 8|app: 0|req: 470/937] 10.0.0.99 () {32 vars in 813 bytes} [Tue Jul 21 22:11:38 2026] GET /resource_providers/e31f0aa4-7fc5-44ab-a721-007e6b04ce9e/aggregates => generated 235 bytes in 10 msecs (HTTP/1.1 404) 5 headers in 202 bytes (1 switches on core 0)
2026-07-21 22:11:38.609 7 INFO placement.requestlog [None req-10d4989e-4230-4f66-934d-e00ebd085861 61f15cecba5e442291f585a85806989e 1c4d63e324b345b2ab0764a4ffbe2678 - - afde3ae68ec94335bd11fe4c0b6e179e afde3ae68ec94335bd11fe4c0b6e179e] 10.0.0.99 "GET /resource_providers/e31f0aa4-7fc5-44ab-a721-007e6b04ce9e/aggregates" status: 404 len: 235 microversion: 1.1 [pid: 7|app: 0|req: 468/938] 10.0.0.99 () {32 vars in 813 bytes} [Tue Jul 21 22:11:38 2026] GET /resource_providers/e31f0aa4-7fc5-44ab-a721-007e6b04ce9e/aggregates => generated 235 bytes in 14 msecs (HTTP/1.1 404) 5 headers in 202 bytes (1 switches on core 0)
2026-07-21 22:11:38.626 8 INFO placement.requestlog [None req-be1d67d2-a048-455e-9b51-2aa75510bf11 61f15cecba5e442291f585a85806989e 1c4d63e324b345b2ab0764a4ffbe2678 - - afde3ae68ec94335bd11fe4c0b6e179e afde3ae68ec94335bd11fe4c0b6e179e] 10.0.0.99 "DELETE /resource_providers/e31f0aa4-7fc5-44ab-a721-007e6b04ce9e" status: 404 len: 246 microversion: 1.1 [pid: 8|app: 0|req: 471/939] 10.0.0.99 () {34 vars in 813 bytes} [Tue Jul 21 22:11:38 2026] DELETE /resource_providers/e31f0aa4-7fc5-44ab-a721-007e6b04ce9e => generated 246 bytes in 9 msecs (HTTP/1.1 404) 6 headers in 231 bytes (1 switches on core 0)
2026-07-21 22:11:38.634 7 INFO placement.requestlog [None req-f37247c8-a9d7-48b6-94f2-3c6f40512aa4 61f15cecba5e442291f585a85806989e 1c4d63e324b345b2ab0764a4ffbe2678 - - afde3ae68ec94335bd11fe4c0b6e179e afde3ae68ec94335bd11fe4c0b6e179e] 10.0.0.99 "DELETE /resource_providers/e31f0aa4-7fc5-44ab-a721-007e6b04ce9e" status: 404 len: 246 microversion: 1.1 [pid: 7|app: 0|req: 469/940] 10.0.0.99 () {34 vars in 813 bytes} [Tue Jul 21 22:11:38 2026] DELETE /resource_providers/e31f0aa4-7fc5-44ab-a721-007e6b04ce9e => generated 246 bytes in 11 msecs (HTTP/1.1 404) 6 headers in 231 bytes (1 switches on core 0)
2026-07-21 22:11:38.677 8 INFO placement.requestlog [req-5e96571a-fff6-4eb1-8ef8-c913d6ba4e68 req-48a14fdc-294d-4810-9c11-66c51ddc9a2e 308569e790cc4a47b95ba7942668277e 1c4d63e324b345b2ab0764a4ffbe2678 - - afde3ae68ec94335bd11fe4c0b6e179e afde3ae68ec94335bd11fe4c0b6e179e] 199.204.45.129 "GET /allocations/3aea73a7-bf39-45d2-a9e3-70055c84570d" status: 200 len: 257 microversion: 1.28 [pid: 8|app: 0|req: 472/941] 199.204.45.129 () {34 vars in 861 bytes} [Tue Jul 21 22:11:38 2026] GET /allocations/3aea73a7-bf39-45d2-a9e3-70055c84570d => generated 257 bytes in 18 msecs (HTTP/1.1 200) 8 headers in 296 bytes (1 switches on core 0)
2026-07-21 22:11:39.719 7 INFO placement.requestlog [req-5e96571a-fff6-4eb1-8ef8-c913d6ba4e68 req-34bb9edc-044f-412c-8c46-3a01c731be33 308569e790cc4a47b95ba7942668277e 1c4d63e324b345b2ab0764a4ffbe2678 - - afde3ae68ec94335bd11fe4c0b6e179e afde3ae68ec94335bd11fe4c0b6e179e] 199.204.45.129 "GET /resource_providers/cc4fc6d8-7d21-48b6-9de8-8132546bd391/allocations" status: 200 len: 152 microversion: 1.0 [pid: 7|app: 0|req: 470/942] 199.204.45.129 () {32 vars in 855 bytes} [Tue Jul 21 22:11:39 2026] GET /resource_providers/cc4fc6d8-7d21-48b6-9de8-8132546bd391/allocations => generated 152 bytes in 20 msecs (HTTP/1.1 200) 6 headers in 224 bytes (1 switches on core 0)
2026-07-21 22:11:39.740 8 INFO placement.requestlog [req-5e96571a-fff6-4eb1-8ef8-c913d6ba4e68 req-dacb35a4-7f5f-4930-b020-e09361071bd5 308569e790cc4a47b95ba7942668277e 1c4d63e324b345b2ab0764a4ffbe2678 - - afde3ae68ec94335bd11fe4c0b6e179e afde3ae68ec94335bd11fe4c0b6e179e] 199.204.45.129 "GET /allocations/3aea73a7-bf39-45d2-a9e3-70055c84570d" status: 200 len: 257 microversion: 1.28 [pid: 8|app: 0|req: 473/943] 199.204.45.129 () {34 vars in 861 bytes} [Tue Jul 21 22:11:39 2026] GET /allocations/3aea73a7-bf39-45d2-a9e3-70055c84570d => generated 257 bytes in 14 msecs (HTTP/1.1 200) 8 headers in 296 bytes (1 switches on core 0)
2026-07-21 22:11:40.647 7 INFO placement.requestlog [None req-87cd08ac-636b-4c56-9203-e45524b525f9 61f15cecba5e442291f585a85806989e 1c4d63e324b345b2ab0764a4ffbe2678 - - afde3ae68ec94335bd11fe4c0b6e179e afde3ae68ec94335bd11fe4c0b6e179e] 10.0.0.99 "GET /resource_providers/30da595b-c59e-4824-8246-f3ea6b12ea31/aggregates" status: 404 len: 235 microversion: 1.1 [pid: 7|app: 0|req: 471/944] 10.0.0.99 () {32 vars in 813 bytes} [Tue Jul 21 22:11:40 2026] GET /resource_providers/30da595b-c59e-4824-8246-f3ea6b12ea31/aggregates => generated 235 bytes in 10 msecs (HTTP/1.1 404) 5 headers in 202 bytes (1 switches on core 0)
2026-07-21 22:11:40.655 8 INFO placement.requestlog [None req-fd9c0236-b262-4718-8bc3-8717bfcbbe72 61f15cecba5e442291f585a85806989e 1c4d63e324b345b2ab0764a4ffbe2678 - - afde3ae68ec94335bd11fe4c0b6e179e afde3ae68ec94335bd11fe4c0b6e179e] 10.0.0.99 "GET /resource_providers/30da595b-c59e-4824-8246-f3ea6b12ea31/aggregates" status: 404 len: 235 microversion: 1.1 [pid: 8|app: 0|req: 474/945] 10.0.0.99 () {32 vars in 813 bytes} [Tue Jul 21 22:11:40 2026] GET /resource_providers/30da595b-c59e-4824-8246-f3ea6b12ea31/aggregates => generated 235 bytes in 9 msecs (HTTP/1.1 404) 5 headers in 202 bytes (1 switches on core 0)
2026-07-21 22:11:40.663 7 INFO placement.requestlog [None req-11b1bb75-2f08-4c48-b5e2-d5aa46f7ad26 61f15cecba5e442291f585a85806989e 1c4d63e324b345b2ab0764a4ffbe2678 - - afde3ae68ec94335bd11fe4c0b6e179e afde3ae68ec94335bd11fe4c0b6e179e] 10.0.0.99 "DELETE /resource_providers/30da595b-c59e-4824-8246-f3ea6b12ea31" status: 404 len: 246 microversion: 1.1 [pid: 7|app: 0|req: 472/946] 10.0.0.99 () {34 vars in 813 bytes} [Tue Jul 21 22:11:40 2026] DELETE /resource_providers/30da595b-c59e-4824-8246-f3ea6b12ea31 => generated 246 bytes in 9 msecs (HTTP/1.1 404) 6 headers in 231 bytes (1 switches on core 0)
2026-07-21 22:11:40.674 8 INFO placement.requestlog [None req-f6a65fde-9e52-468d-943c-e3de14cf3bd3 61f15cecba5e442291f585a85806989e 1c4d63e324b345b2ab0764a4ffbe2678 - - afde3ae68ec94335bd11fe4c0b6e179e afde3ae68ec94335bd11fe4c0b6e179e] 10.0.0.99 "DELETE /resource_providers/30da595b-c59e-4824-8246-f3ea6b12ea31" status: 404 len: 246 microversion: 1.1 [pid: 8|app: 0|req: 475/947] 10.0.0.99 () {34 vars in 813 bytes} [Tue Jul 21 22:11:40 2026] DELETE /resource_providers/30da595b-c59e-4824-8246-f3ea6b12ea31 => generated 246 bytes in 9 msecs (HTTP/1.1 404) 6 headers in 231 bytes (1 switches on core 0)
2026-07-21 22:11:40.682 7 INFO placement.requestlog [None req-15c15d7f-9989-4f94-92a3-bfaed266d418 61f15cecba5e442291f585a85806989e 1c4d63e324b345b2ab0764a4ffbe2678 - - afde3ae68ec94335bd11fe4c0b6e179e afde3ae68ec94335bd11fe4c0b6e179e] 10.0.0.99 "GET /resource_providers/277cb812-38e4-44a4-8750-5fcf565f938b/aggregates" status: 404 len: 235 microversion: 1.1 [pid: 7|app: 0|req: 473/948] 10.0.0.99 () {32 vars in 813 bytes} [Tue Jul 21 22:11:40 2026] GET /resource_providers/277cb812-38e4-44a4-8750-5fcf565f938b/aggregates => generated 235 bytes in 11 msecs (HTTP/1.1 404) 5 headers in 202 bytes (1 switches on core 0)
