Jul 23 05:29:51.198926 np0000186252 systemd[1]: Starting devstack@n-api-meta.service - Devstack devstack@n-api-meta.service...
Jul 23 05:29:51.208013 np0000186252 devstack@n-api-meta.service[107015]: [uWSGI] getting INI configuration from /etc/nova/nova-metadata-uwsgi.ini
Jul 23 05:29:51.211457 np0000186252 devstack@n-api-meta.service[107015]: *** Starting uWSGI 2.0.24-debian (64bit) on [Thu Jul 23 05:29:51 2026] ***
Jul 23 05:29:51.211457 np0000186252 devstack@n-api-meta.service[107015]: compiled with version: 13.2.0 on 17 April 2024 16:23:48
Jul 23 05:29:51.211457 np0000186252 devstack@n-api-meta.service[107015]: os: Linux-6.8.0-134-generic #134-Ubuntu SMP PREEMPT_DYNAMIC Fri Jun 26 18:43:11 UTC 2026
Jul 23 05:29:51.211457 np0000186252 devstack@n-api-meta.service[107015]: nodename: np0000186252
Jul 23 05:29:51.211457 np0000186252 devstack@n-api-meta.service[107015]: machine: x86_64
Jul 23 05:29:51.211457 np0000186252 devstack@n-api-meta.service[107015]: clock source: unix
Jul 23 05:29:51.211457 np0000186252 devstack@n-api-meta.service[107015]: pcre jit disabled
Jul 23 05:29:51.211457 np0000186252 devstack@n-api-meta.service[107015]: detected number of CPU cores: 16
Jul 23 05:29:51.211457 np0000186252 devstack@n-api-meta.service[107015]: current working directory: /
Jul 23 05:29:51.211457 np0000186252 devstack@n-api-meta.service[107015]: detected binary path: /usr/bin/uwsgi-core
Jul 23 05:29:51.211457 np0000186252 devstack@n-api-meta.service[107015]: your processes number limit is 256916
Jul 23 05:29:51.211457 np0000186252 devstack@n-api-meta.service[107015]: your memory page size is 4096 bytes
Jul 23 05:29:51.211457 np0000186252 devstack@n-api-meta.service[107015]: detected max file descriptor number: 2048
Jul 23 05:29:51.211457 np0000186252 devstack@n-api-meta.service[107015]: lock engine: pthread robust mutexes
Jul 23 05:29:51.212122 np0000186252 devstack@n-api-meta.service[107015]: thunder lock: enabled
Jul 23 05:29:51.212122 np0000186252 devstack@n-api-meta.service[107015]: uWSGI http bound on 0.0.0.0:8775 fd 5
Jul 23 05:29:51.212122 np0000186252 devstack@n-api-meta.service[107015]: uwsgi socket 0 bound to TCP address 127.0.0.1:42857 (port auto-assigned) fd 4
Jul 23 05:29:51.212122 np0000186252 devstack@n-api-meta.service[107015]: Python version: 3.12.3 (main, Jun 19 2026, 12:46:00) [GCC 13.3.0]
Jul 23 05:29:51.212122 np0000186252 devstack@n-api-meta.service[107015]: PEP 405 virtualenv detected: /opt/stack/data/venv
Jul 23 05:29:51.212122 np0000186252 devstack@n-api-meta.service[107015]: Set PythonHome to /opt/stack/data/venv
Jul 23 05:29:51.249874 np0000186252 devstack@n-api-meta.service[107015]: Python main interpreter initialized at 0x7d7923ea4668
Jul 23 05:29:51.249874 np0000186252 devstack@n-api-meta.service[107015]: python threads support enabled
Jul 23 05:29:51.249874 np0000186252 devstack@n-api-meta.service[107015]: your server socket listen backlog is limited to 100 connections
Jul 23 05:29:51.249874 np0000186252 devstack@n-api-meta.service[107015]: your mercy for graceful operations on workers is 80 seconds
Jul 23 05:29:51.250452 np0000186252 devstack@n-api-meta.service[107015]: mapped 671795 bytes (656 KB) for 4 cores
Jul 23 05:29:51.250608 np0000186252 devstack@n-api-meta.service[107015]: *** Operational MODE: preforking ***
Jul 23 05:29:51.250770 np0000186252 devstack@n-api-meta.service[107015]: *** uWSGI is running in multiple interpreter mode ***
Jul 23 05:29:51.250770 np0000186252 devstack@n-api-meta.service[107015]: spawned uWSGI master process (pid: 107015)
Jul 23 05:29:51.250955 np0000186252 systemd[1]: Started devstack@n-api-meta.service - Devstack devstack@n-api-meta.service.
Jul 23 05:29:51.251570 np0000186252 devstack@n-api-meta.service[107015]: spawned uWSGI worker 1 (pid: 107016, cores: 1)
Jul 23 05:29:51.252263 np0000186252 devstack@n-api-meta.service[107015]: spawned uWSGI worker 2 (pid: 107017, cores: 1)
Jul 23 05:29:51.252909 np0000186252 devstack@n-api-meta.service[107015]: spawned uWSGI worker 3 (pid: 107018, cores: 1)
Jul 23 05:29:51.253486 np0000186252 devstack@n-api-meta.service[107015]: spawned uWSGI worker 4 (pid: 107019, cores: 1)
Jul 23 05:29:51.254067 np0000186252 devstack@n-api-meta.service[107015]: spawned uWSGI http 1 (pid: 107020)
Jul 23 05:29:51.254067 np0000186252 devstack@n-api-meta.service[107015]: running "unix_signal:15 gracefully_kill_them_all" (master-start)...
Jul 23 05:29:52.947575 np0000186252 devstack@n-api-meta.service[107019]: INFO dbcounter [None req-27c0bb9d-4a19-4962-8efb-468f75393b6f None None] Registered counter for database nova_api
Jul 23 05:29:52.994054 np0000186252 devstack@n-api-meta.service[107019]: DEBUG oslo_db.sqlalchemy.engines [None req-27c0bb9d-4a19-4962-8efb-468f75393b6f None None] MySQL server mode set to STRICT_TRANS_TABLES,STRICT_ALL_TABLES,NO_ZERO_IN_DATE,NO_ZERO_DATE,ERROR_FOR_DIVISION_BY_ZERO,TRADITIONAL,NO_ENGINE_SUBSTITUTION {{(pid=107019) _check_effective_sql_mode /opt/stack/data/venv/lib/python3.12/site-packages/oslo_db/sqlalchemy/engines.py:325}}
Jul 23 05:29:53.024831 np0000186252 devstack@n-api-meta.service[107018]: INFO dbcounter [None req-b493a4d6-e8ab-456f-8ae0-80e5be976601 None None] Registered counter for database nova_api
Jul 23 05:29:53.030330 np0000186252 devstack@n-api-meta.service[107019]: DEBUG dbcounter [-] [107019] Writer thread running {{(pid=107019) stat_writer /opt/stack/data/venv/lib/python3.12/site-packages/dbcounter.py:102}}
Jul 23 05:29:53.033086 np0000186252 devstack@n-api-meta.service[107019]: DEBUG nova.context [None req-27c0bb9d-4a19-4962-8efb-468f75393b6f None None] Found 2 cells: 00000000-0000-0000-0000-000000000000(cell0),b0d4628b-f2a8-4665-9811-86d1ada0061f(cell1) {{(pid=107019) load_cells /opt/stack/nova/nova/context.py:509}}
Jul 23 05:29:53.033334 np0000186252 devstack@n-api-meta.service[107019]: INFO nova.utils [None req-27c0bb9d-4a19-4962-8efb-468f75393b6f None None] The cell worker thread pool MainProcess.cell_worker is initialized
Jul 23 05:29:53.035281 np0000186252 devstack@n-api-meta.service[107019]: DEBUG oslo_concurrency.lockutils [None req-27c0bb9d-4a19-4962-8efb-468f75393b6f None None] Acquiring lock "00000000-0000-0000-0000-000000000000" by "nova.context.set_target_cell..get_or_set_cached_cell_and_set_connections" {{(pid=107019) inner /opt/stack/data/venv/lib/python3.12/site-packages/oslo_concurrency/lockutils.py:512}}
Jul 23 05:29:53.035458 np0000186252 devstack@n-api-meta.service[107019]: DEBUG oslo_concurrency.lockutils [None req-27c0bb9d-4a19-4962-8efb-468f75393b6f None None] Lock "00000000-0000-0000-0000-000000000000" acquired by "nova.context.set_target_cell..get_or_set_cached_cell_and_set_connections" :: waited 0.000s {{(pid=107019) inner /opt/stack/data/venv/lib/python3.12/site-packages/oslo_concurrency/lockutils.py:525}}
Jul 23 05:29:53.035868 np0000186252 devstack@n-api-meta.service[107019]: DEBUG oslo_concurrency.lockutils [None req-27c0bb9d-4a19-4962-8efb-468f75393b6f None None] Lock "00000000-0000-0000-0000-000000000000" "released" by "nova.context.set_target_cell..get_or_set_cached_cell_and_set_connections" :: held 0.000s {{(pid=107019) inner /opt/stack/data/venv/lib/python3.12/site-packages/oslo_concurrency/lockutils.py:544}}
Jul 23 05:29:53.036516 np0000186252 devstack@n-api-meta.service[107019]: DEBUG oslo_concurrency.lockutils [None req-27c0bb9d-4a19-4962-8efb-468f75393b6f None None] Acquiring lock "b0d4628b-f2a8-4665-9811-86d1ada0061f" by "nova.context.set_target_cell..get_or_set_cached_cell_and_set_connections" {{(pid=107019) inner /opt/stack/data/venv/lib/python3.12/site-packages/oslo_concurrency/lockutils.py:512}}
Jul 23 05:29:53.036654 np0000186252 devstack@n-api-meta.service[107019]: DEBUG oslo_concurrency.lockutils [None req-27c0bb9d-4a19-4962-8efb-468f75393b6f None None] Lock "b0d4628b-f2a8-4665-9811-86d1ada0061f" acquired by "nova.context.set_target_cell..get_or_set_cached_cell_and_set_connections" :: waited 0.000s {{(pid=107019) inner /opt/stack/data/venv/lib/python3.12/site-packages/oslo_concurrency/lockutils.py:525}}
Jul 23 05:29:53.037429 np0000186252 devstack@n-api-meta.service[107017]: INFO dbcounter [None req-346eb4a1-b43c-4898-b1bd-63e6a5cb3223 None None] Registered counter for database nova_api
Jul 23 05:29:53.038087 np0000186252 devstack@n-api-meta.service[107019]: DEBUG oslo_concurrency.lockutils [None req-27c0bb9d-4a19-4962-8efb-468f75393b6f None None] Lock "b0d4628b-f2a8-4665-9811-86d1ada0061f" "released" by "nova.context.set_target_cell..get_or_set_cached_cell_and_set_connections" :: held 0.001s {{(pid=107019) inner /opt/stack/data/venv/lib/python3.12/site-packages/oslo_concurrency/lockutils.py:544}}
Jul 23 05:29:53.039068 np0000186252 devstack@n-api-meta.service[107019]: INFO dbcounter [None req-27c0bb9d-4a19-4962-8efb-468f75393b6f None None] Registered counter for database nova_cell0
Jul 23 05:29:53.043398 np0000186252 devstack@n-api-meta.service[107019]: INFO dbcounter [None req-27c0bb9d-4a19-4962-8efb-468f75393b6f None None] Registered counter for database nova_cell1
Jul 23 05:29:53.043711 np0000186252 devstack@n-api-meta.service[107016]: INFO dbcounter [None req-0bdaca75-94ea-4a8e-a7e2-ca20af3acf89 None None] Registered counter for database nova_api
Jul 23 05:29:53.077569 np0000186252 devstack@n-api-meta.service[107018]: DEBUG oslo_db.sqlalchemy.engines [None req-b493a4d6-e8ab-456f-8ae0-80e5be976601 None None] MySQL server mode set to STRICT_TRANS_TABLES,STRICT_ALL_TABLES,NO_ZERO_IN_DATE,NO_ZERO_DATE,ERROR_FOR_DIVISION_BY_ZERO,TRADITIONAL,NO_ENGINE_SUBSTITUTION {{(pid=107018) _check_effective_sql_mode /opt/stack/data/venv/lib/python3.12/site-packages/oslo_db/sqlalchemy/engines.py:325}}
Jul 23 05:29:53.084717 np0000186252 devstack@n-api-meta.service[107017]: DEBUG oslo_db.sqlalchemy.engines [None req-346eb4a1-b43c-4898-b1bd-63e6a5cb3223 None None] MySQL server mode set to STRICT_TRANS_TABLES,STRICT_ALL_TABLES,NO_ZERO_IN_DATE,NO_ZERO_DATE,ERROR_FOR_DIVISION_BY_ZERO,TRADITIONAL,NO_ENGINE_SUBSTITUTION {{(pid=107017) _check_effective_sql_mode /opt/stack/data/venv/lib/python3.12/site-packages/oslo_db/sqlalchemy/engines.py:325}}
Jul 23 05:29:53.089152 np0000186252 devstack@n-api-meta.service[107016]: DEBUG oslo_db.sqlalchemy.engines [None req-0bdaca75-94ea-4a8e-a7e2-ca20af3acf89 None None] MySQL server mode set to STRICT_TRANS_TABLES,STRICT_ALL_TABLES,NO_ZERO_IN_DATE,NO_ZERO_DATE,ERROR_FOR_DIVISION_BY_ZERO,TRADITIONAL,NO_ENGINE_SUBSTITUTION {{(pid=107016) _check_effective_sql_mode /opt/stack/data/venv/lib/python3.12/site-packages/oslo_db/sqlalchemy/engines.py:325}}
Jul 23 05:29:53.110801 np0000186252 devstack@n-api-meta.service[107019]: DEBUG oslo_db.sqlalchemy.engines [None req-27c0bb9d-4a19-4962-8efb-468f75393b6f None None] MySQL server mode set to STRICT_TRANS_TABLES,STRICT_ALL_TABLES,NO_ZERO_IN_DATE,NO_ZERO_DATE,ERROR_FOR_DIVISION_BY_ZERO,TRADITIONAL,NO_ENGINE_SUBSTITUTION {{(pid=107019) _check_effective_sql_mode /opt/stack/data/venv/lib/python3.12/site-packages/oslo_db/sqlalchemy/engines.py:325}}
Jul 23 05:29:53.112113 np0000186252 devstack@n-api-meta.service[107018]: DEBUG dbcounter [-] [107018] Writer thread running {{(pid=107018) stat_writer /opt/stack/data/venv/lib/python3.12/site-packages/dbcounter.py:102}}
Jul 23 05:29:53.114626 np0000186252 devstack@n-api-meta.service[107018]: DEBUG nova.context [None req-b493a4d6-e8ab-456f-8ae0-80e5be976601 None None] Found 2 cells: 00000000-0000-0000-0000-000000000000(cell0),b0d4628b-f2a8-4665-9811-86d1ada0061f(cell1) {{(pid=107018) load_cells /opt/stack/nova/nova/context.py:509}}
Jul 23 05:29:53.114887 np0000186252 devstack@n-api-meta.service[107018]: INFO nova.utils [None req-b493a4d6-e8ab-456f-8ae0-80e5be976601 None None] The cell worker thread pool MainProcess.cell_worker is initialized
Jul 23 05:29:53.117030 np0000186252 devstack@n-api-meta.service[107018]: DEBUG oslo_concurrency.lockutils [None req-b493a4d6-e8ab-456f-8ae0-80e5be976601 None None] Acquiring lock "00000000-0000-0000-0000-000000000000" by "nova.context.set_target_cell..get_or_set_cached_cell_and_set_connections" {{(pid=107018) inner /opt/stack/data/venv/lib/python3.12/site-packages/oslo_concurrency/lockutils.py:512}}
Jul 23 05:29:53.117300 np0000186252 devstack@n-api-meta.service[107018]: DEBUG oslo_concurrency.lockutils [None req-b493a4d6-e8ab-456f-8ae0-80e5be976601 None None] Lock "00000000-0000-0000-0000-000000000000" acquired by "nova.context.set_target_cell..get_or_set_cached_cell_and_set_connections" :: waited 0.000s {{(pid=107018) inner /opt/stack/data/venv/lib/python3.12/site-packages/oslo_concurrency/lockutils.py:525}}
Jul 23 05:29:53.117644 np0000186252 devstack@n-api-meta.service[107018]: DEBUG oslo_concurrency.lockutils [None req-b493a4d6-e8ab-456f-8ae0-80e5be976601 None None] Lock "00000000-0000-0000-0000-000000000000" "released" by "nova.context.set_target_cell..get_or_set_cached_cell_and_set_connections" :: held 0.000s {{(pid=107018) inner /opt/stack/data/venv/lib/python3.12/site-packages/oslo_concurrency/lockutils.py:544}}
Jul 23 05:29:53.118548 np0000186252 devstack@n-api-meta.service[107018]: DEBUG oslo_concurrency.lockutils [None req-b493a4d6-e8ab-456f-8ae0-80e5be976601 None None] Acquiring lock "b0d4628b-f2a8-4665-9811-86d1ada0061f" by "nova.context.set_target_cell..get_or_set_cached_cell_and_set_connections" {{(pid=107018) inner /opt/stack/data/venv/lib/python3.12/site-packages/oslo_concurrency/lockutils.py:512}}
Jul 23 05:29:53.118699 np0000186252 devstack@n-api-meta.service[107018]: DEBUG oslo_concurrency.lockutils [None req-b493a4d6-e8ab-456f-8ae0-80e5be976601 None None] Lock "b0d4628b-f2a8-4665-9811-86d1ada0061f" acquired by "nova.context.set_target_cell..get_or_set_cached_cell_and_set_connections" :: waited 0.000s {{(pid=107018) inner /opt/stack/data/venv/lib/python3.12/site-packages/oslo_concurrency/lockutils.py:525}}
Jul 23 05:29:53.119637 np0000186252 devstack@n-api-meta.service[107018]: DEBUG oslo_concurrency.lockutils [None req-b493a4d6-e8ab-456f-8ae0-80e5be976601 None None] Lock "b0d4628b-f2a8-4665-9811-86d1ada0061f" "released" by "nova.context.set_target_cell..get_or_set_cached_cell_and_set_connections" :: held 0.001s {{(pid=107018) inner /opt/stack/data/venv/lib/python3.12/site-packages/oslo_concurrency/lockutils.py:544}}
Jul 23 05:29:53.119755 np0000186252 devstack@n-api-meta.service[107016]: DEBUG dbcounter [-] [107016] Writer thread running {{(pid=107016) stat_writer /opt/stack/data/venv/lib/python3.12/site-packages/dbcounter.py:102}}
Jul 23 05:29:53.121377 np0000186252 devstack@n-api-meta.service[107017]: DEBUG dbcounter [-] [107017] Writer thread running {{(pid=107017) stat_writer /opt/stack/data/venv/lib/python3.12/site-packages/dbcounter.py:102}}
Jul 23 05:29:53.121995 np0000186252 devstack@n-api-meta.service[107016]: DEBUG nova.context [None req-0bdaca75-94ea-4a8e-a7e2-ca20af3acf89 None None] Found 2 cells: 00000000-0000-0000-0000-000000000000(cell0),b0d4628b-f2a8-4665-9811-86d1ada0061f(cell1) {{(pid=107016) load_cells /opt/stack/nova/nova/context.py:509}}
Jul 23 05:29:53.122154 np0000186252 devstack@n-api-meta.service[107019]: DEBUG oslo_db.sqlalchemy.engines [None req-27c0bb9d-4a19-4962-8efb-468f75393b6f None None] MySQL server mode set to STRICT_TRANS_TABLES,STRICT_ALL_TABLES,NO_ZERO_IN_DATE,NO_ZERO_DATE,ERROR_FOR_DIVISION_BY_ZERO,TRADITIONAL,NO_ENGINE_SUBSTITUTION {{(pid=107019) _check_effective_sql_mode /opt/stack/data/venv/lib/python3.12/site-packages/oslo_db/sqlalchemy/engines.py:325}}
Jul 23 05:29:53.122231 np0000186252 devstack@n-api-meta.service[107016]: INFO nova.utils [None req-0bdaca75-94ea-4a8e-a7e2-ca20af3acf89 None None] The cell worker thread pool MainProcess.cell_worker is initialized
Jul 23 05:29:53.123917 np0000186252 devstack@n-api-meta.service[107017]: DEBUG nova.context [None req-346eb4a1-b43c-4898-b1bd-63e6a5cb3223 None None] Found 2 cells: 00000000-0000-0000-0000-000000000000(cell0),b0d4628b-f2a8-4665-9811-86d1ada0061f(cell1) {{(pid=107017) load_cells /opt/stack/nova/nova/context.py:509}}
Jul 23 05:29:53.124123 np0000186252 devstack@n-api-meta.service[107016]: DEBUG oslo_concurrency.lockutils [None req-0bdaca75-94ea-4a8e-a7e2-ca20af3acf89 None None] Acquiring lock "00000000-0000-0000-0000-000000000000" by "nova.context.set_target_cell..get_or_set_cached_cell_and_set_connections" {{(pid=107016) inner /opt/stack/data/venv/lib/python3.12/site-packages/oslo_concurrency/lockutils.py:512}}
Jul 23 05:29:53.124182 np0000186252 devstack@n-api-meta.service[107017]: INFO nova.utils [None req-346eb4a1-b43c-4898-b1bd-63e6a5cb3223 None None] The cell worker thread pool MainProcess.cell_worker is initialized
Jul 23 05:29:53.124259 np0000186252 devstack@n-api-meta.service[107018]: INFO dbcounter [None req-b493a4d6-e8ab-456f-8ae0-80e5be976601 None None] Registered counter for database nova_cell0
Jul 23 05:29:53.124310 np0000186252 devstack@n-api-meta.service[107016]: DEBUG oslo_concurrency.lockutils [None req-0bdaca75-94ea-4a8e-a7e2-ca20af3acf89 None None] Lock "00000000-0000-0000-0000-000000000000" acquired by "nova.context.set_target_cell..get_or_set_cached_cell_and_set_connections" :: waited 0.000s {{(pid=107016) inner /opt/stack/data/venv/lib/python3.12/site-packages/oslo_concurrency/lockutils.py:525}}
Jul 23 05:29:53.124661 np0000186252 devstack@n-api-meta.service[107016]: DEBUG oslo_concurrency.lockutils [None req-0bdaca75-94ea-4a8e-a7e2-ca20af3acf89 None None] Lock "00000000-0000-0000-0000-000000000000" "released" by "nova.context.set_target_cell..get_or_set_cached_cell_and_set_connections" :: held 0.000s {{(pid=107016) inner /opt/stack/data/venv/lib/python3.12/site-packages/oslo_concurrency/lockutils.py:544}}
Jul 23 05:29:53.125643 np0000186252 devstack@n-api-meta.service[107016]: DEBUG oslo_concurrency.lockutils [None req-0bdaca75-94ea-4a8e-a7e2-ca20af3acf89 None None] Acquiring lock "b0d4628b-f2a8-4665-9811-86d1ada0061f" by "nova.context.set_target_cell..get_or_set_cached_cell_and_set_connections" {{(pid=107016) inner /opt/stack/data/venv/lib/python3.12/site-packages/oslo_concurrency/lockutils.py:512}}
Jul 23 05:29:53.125772 np0000186252 devstack@n-api-meta.service[107016]: DEBUG oslo_concurrency.lockutils [None req-0bdaca75-94ea-4a8e-a7e2-ca20af3acf89 None None] Lock "b0d4628b-f2a8-4665-9811-86d1ada0061f" acquired by "nova.context.set_target_cell..get_or_set_cached_cell_and_set_connections" :: waited 0.000s {{(pid=107016) inner /opt/stack/data/venv/lib/python3.12/site-packages/oslo_concurrency/lockutils.py:525}}
Jul 23 05:29:53.126381 np0000186252 devstack@n-api-meta.service[107017]: DEBUG oslo_concurrency.lockutils [None req-346eb4a1-b43c-4898-b1bd-63e6a5cb3223 None None] Acquiring lock "00000000-0000-0000-0000-000000000000" by "nova.context.set_target_cell..get_or_set_cached_cell_and_set_connections" {{(pid=107017) inner /opt/stack/data/venv/lib/python3.12/site-packages/oslo_concurrency/lockutils.py:512}}
Jul 23 05:29:53.126553 np0000186252 devstack@n-api-meta.service[107017]: DEBUG oslo_concurrency.lockutils [None req-346eb4a1-b43c-4898-b1bd-63e6a5cb3223 None None] Lock "00000000-0000-0000-0000-000000000000" acquired by "nova.context.set_target_cell..get_or_set_cached_cell_and_set_connections" :: waited 0.000s {{(pid=107017) inner /opt/stack/data/venv/lib/python3.12/site-packages/oslo_concurrency/lockutils.py:525}}
Jul 23 05:29:53.126616 np0000186252 devstack@n-api-meta.service[107016]: DEBUG oslo_concurrency.lockutils [None req-0bdaca75-94ea-4a8e-a7e2-ca20af3acf89 None None] Lock "b0d4628b-f2a8-4665-9811-86d1ada0061f" "released" by "nova.context.set_target_cell..get_or_set_cached_cell_and_set_connections" :: held 0.001s {{(pid=107016) inner /opt/stack/data/venv/lib/python3.12/site-packages/oslo_concurrency/lockutils.py:544}}
Jul 23 05:29:53.126936 np0000186252 devstack@n-api-meta.service[107017]: DEBUG oslo_concurrency.lockutils [None req-346eb4a1-b43c-4898-b1bd-63e6a5cb3223 None None] Lock "00000000-0000-0000-0000-000000000000" "released" by "nova.context.set_target_cell..get_or_set_cached_cell_and_set_connections" :: held 0.000s {{(pid=107017) inner /opt/stack/data/venv/lib/python3.12/site-packages/oslo_concurrency/lockutils.py:544}}
Jul 23 05:29:53.127731 np0000186252 devstack@n-api-meta.service[107017]: DEBUG oslo_concurrency.lockutils [None req-346eb4a1-b43c-4898-b1bd-63e6a5cb3223 None None] Acquiring lock "b0d4628b-f2a8-4665-9811-86d1ada0061f" by "nova.context.set_target_cell..get_or_set_cached_cell_and_set_connections" {{(pid=107017) inner /opt/stack/data/venv/lib/python3.12/site-packages/oslo_concurrency/lockutils.py:512}}
Jul 23 05:29:53.127862 np0000186252 devstack@n-api-meta.service[107017]: DEBUG oslo_concurrency.lockutils [None req-346eb4a1-b43c-4898-b1bd-63e6a5cb3223 None None] Lock "b0d4628b-f2a8-4665-9811-86d1ada0061f" acquired by "nova.context.set_target_cell..get_or_set_cached_cell_and_set_connections" :: waited 0.000s {{(pid=107017) inner /opt/stack/data/venv/lib/python3.12/site-packages/oslo_concurrency/lockutils.py:525}}
Jul 23 05:29:53.128837 np0000186252 devstack@n-api-meta.service[107017]: DEBUG oslo_concurrency.lockutils [None req-346eb4a1-b43c-4898-b1bd-63e6a5cb3223 None None] Lock "b0d4628b-f2a8-4665-9811-86d1ada0061f" "released" by "nova.context.set_target_cell..get_or_set_cached_cell_and_set_connections" :: held 0.001s {{(pid=107017) inner /opt/stack/data/venv/lib/python3.12/site-packages/oslo_concurrency/lockutils.py:544}}
Jul 23 05:29:53.130327 np0000186252 devstack@n-api-meta.service[107016]: INFO dbcounter [None req-0bdaca75-94ea-4a8e-a7e2-ca20af3acf89 None None] Registered counter for database nova_cell0
Jul 23 05:29:53.130793 np0000186252 devstack@n-api-meta.service[107018]: INFO dbcounter [None req-b493a4d6-e8ab-456f-8ae0-80e5be976601 None None] Registered counter for database nova_cell1
Jul 23 05:29:53.132281 np0000186252 devstack@n-api-meta.service[107017]: INFO dbcounter [None req-346eb4a1-b43c-4898-b1bd-63e6a5cb3223 None None] Registered counter for database nova_cell0
Jul 23 05:29:53.135767 np0000186252 devstack@n-api-meta.service[107016]: INFO dbcounter [None req-0bdaca75-94ea-4a8e-a7e2-ca20af3acf89 None None] Registered counter for database nova_cell1
Jul 23 05:29:53.139338 np0000186252 devstack@n-api-meta.service[107017]: INFO dbcounter [None req-346eb4a1-b43c-4898-b1bd-63e6a5cb3223 None None] Registered counter for database nova_cell1
Jul 23 05:29:53.196244 np0000186252 devstack@n-api-meta.service[107018]: DEBUG oslo_db.sqlalchemy.engines [None req-b493a4d6-e8ab-456f-8ae0-80e5be976601 None None] MySQL server mode set to STRICT_TRANS_TABLES,STRICT_ALL_TABLES,NO_ZERO_IN_DATE,NO_ZERO_DATE,ERROR_FOR_DIVISION_BY_ZERO,TRADITIONAL,NO_ENGINE_SUBSTITUTION {{(pid=107018) _check_effective_sql_mode /opt/stack/data/venv/lib/python3.12/site-packages/oslo_db/sqlalchemy/engines.py:325}}
Jul 23 05:29:53.200119 np0000186252 devstack@n-api-meta.service[107018]: DEBUG oslo_db.sqlalchemy.engines [None req-b493a4d6-e8ab-456f-8ae0-80e5be976601 None None] MySQL server mode set to STRICT_TRANS_TABLES,STRICT_ALL_TABLES,NO_ZERO_IN_DATE,NO_ZERO_DATE,ERROR_FOR_DIVISION_BY_ZERO,TRADITIONAL,NO_ENGINE_SUBSTITUTION {{(pid=107018) _check_effective_sql_mode /opt/stack/data/venv/lib/python3.12/site-packages/oslo_db/sqlalchemy/engines.py:325}}
Jul 23 05:29:53.208444 np0000186252 devstack@n-api-meta.service[107017]: DEBUG oslo_db.sqlalchemy.engines [None req-346eb4a1-b43c-4898-b1bd-63e6a5cb3223 None None] MySQL server mode set to STRICT_TRANS_TABLES,STRICT_ALL_TABLES,NO_ZERO_IN_DATE,NO_ZERO_DATE,ERROR_FOR_DIVISION_BY_ZERO,TRADITIONAL,NO_ENGINE_SUBSTITUTION {{(pid=107017) _check_effective_sql_mode /opt/stack/data/venv/lib/python3.12/site-packages/oslo_db/sqlalchemy/engines.py:325}}
Jul 23 05:29:53.209878 np0000186252 devstack@n-api-meta.service[107016]: DEBUG oslo_db.sqlalchemy.engines [None req-0bdaca75-94ea-4a8e-a7e2-ca20af3acf89 None None] MySQL server mode set to STRICT_TRANS_TABLES,STRICT_ALL_TABLES,NO_ZERO_IN_DATE,NO_ZERO_DATE,ERROR_FOR_DIVISION_BY_ZERO,TRADITIONAL,NO_ENGINE_SUBSTITUTION {{(pid=107016) _check_effective_sql_mode /opt/stack/data/venv/lib/python3.12/site-packages/oslo_db/sqlalchemy/engines.py:325}}
Jul 23 05:29:53.218676 np0000186252 devstack@n-api-meta.service[107019]: DEBUG dbcounter [-] [107019] Writer thread running {{(pid=107019) stat_writer /opt/stack/data/venv/lib/python3.12/site-packages/dbcounter.py:102}}
Jul 23 05:29:53.221426 np0000186252 devstack@n-api-meta.service[107017]: DEBUG oslo_db.sqlalchemy.engines [None req-346eb4a1-b43c-4898-b1bd-63e6a5cb3223 None None] MySQL server mode set to STRICT_TRANS_TABLES,STRICT_ALL_TABLES,NO_ZERO_IN_DATE,NO_ZERO_DATE,ERROR_FOR_DIVISION_BY_ZERO,TRADITIONAL,NO_ENGINE_SUBSTITUTION {{(pid=107017) _check_effective_sql_mode /opt/stack/data/venv/lib/python3.12/site-packages/oslo_db/sqlalchemy/engines.py:325}}
Jul 23 05:29:53.226571 np0000186252 devstack@n-api-meta.service[107019]: DEBUG dbcounter [-] [107019] Writer thread running {{(pid=107019) stat_writer /opt/stack/data/venv/lib/python3.12/site-packages/dbcounter.py:102}}
Jul 23 05:29:53.229874 np0000186252 devstack@n-api-meta.service[107019]: INFO dbcounter [None req-27c0bb9d-4a19-4962-8efb-468f75393b6f None None] Registered counter for database nova_cell0
Jul 23 05:29:53.230112 np0000186252 devstack@n-api-meta.service[107016]: DEBUG oslo_db.sqlalchemy.engines [None req-0bdaca75-94ea-4a8e-a7e2-ca20af3acf89 None None] MySQL server mode set to STRICT_TRANS_TABLES,STRICT_ALL_TABLES,NO_ZERO_IN_DATE,NO_ZERO_DATE,ERROR_FOR_DIVISION_BY_ZERO,TRADITIONAL,NO_ENGINE_SUBSTITUTION {{(pid=107016) _check_effective_sql_mode /opt/stack/data/venv/lib/python3.12/site-packages/oslo_db/sqlalchemy/engines.py:325}}
Jul 23 05:29:53.264785 np0000186252 devstack@n-api-meta.service[107019]: DEBUG oslo_db.sqlalchemy.engines [None req-27c0bb9d-4a19-4962-8efb-468f75393b6f None None] MySQL server mode set to STRICT_TRANS_TABLES,STRICT_ALL_TABLES,NO_ZERO_IN_DATE,NO_ZERO_DATE,ERROR_FOR_DIVISION_BY_ZERO,TRADITIONAL,NO_ENGINE_SUBSTITUTION {{(pid=107019) _check_effective_sql_mode /opt/stack/data/venv/lib/python3.12/site-packages/oslo_db/sqlalchemy/engines.py:325}}
Jul 23 05:29:53.277244 np0000186252 devstack@n-api-meta.service[107019]: DEBUG dbcounter [-] [107019] Writer thread running {{(pid=107019) stat_writer /opt/stack/data/venv/lib/python3.12/site-packages/dbcounter.py:102}}
Jul 23 05:29:53.306978 np0000186252 devstack@n-api-meta.service[107017]: DEBUG dbcounter [-] [107017] Writer thread running {{(pid=107017) stat_writer /opt/stack/data/venv/lib/python3.12/site-packages/dbcounter.py:102}}
Jul 23 05:29:53.313736 np0000186252 devstack@n-api-meta.service[107016]: DEBUG dbcounter [-] [107016] Writer thread running {{(pid=107016) stat_writer /opt/stack/data/venv/lib/python3.12/site-packages/dbcounter.py:102}}
Jul 23 05:29:53.314455 np0000186252 devstack@n-api-meta.service[107017]: DEBUG dbcounter [-] [107017] Writer thread running {{(pid=107017) stat_writer /opt/stack/data/venv/lib/python3.12/site-packages/dbcounter.py:102}}
Jul 23 05:29:53.317887 np0000186252 devstack@n-api-meta.service[107017]: INFO dbcounter [None req-346eb4a1-b43c-4898-b1bd-63e6a5cb3223 None None] Registered counter for database nova_cell0
Jul 23 05:29:53.320720 np0000186252 devstack@n-api-meta.service[107018]: DEBUG dbcounter [-] [107018] Writer thread running {{(pid=107018) stat_writer /opt/stack/data/venv/lib/python3.12/site-packages/dbcounter.py:102}}
Jul 23 05:29:53.321530 np0000186252 devstack@n-api-meta.service[107016]: DEBUG dbcounter [-] [107016] Writer thread running {{(pid=107016) stat_writer /opt/stack/data/venv/lib/python3.12/site-packages/dbcounter.py:102}}
Jul 23 05:29:53.321583 np0000186252 devstack@n-api-meta.service[107019]: WARNING nova.api.metadata.handler [None req-27c0bb9d-4a19-4962-8efb-468f75393b6f None None] metadata_proxy_shared_secret is not configured, the metadata information returned by the proxy cannot be trusted
Jul 23 05:29:53.322249 np0000186252 devstack@n-api-meta.service[107018]: DEBUG dbcounter [-] [107018] Writer thread running {{(pid=107018) stat_writer /opt/stack/data/venv/lib/python3.12/site-packages/dbcounter.py:102}}
Jul 23 05:29:53.324381 np0000186252 devstack@n-api-meta.service[107019]: DEBUG nova.api.openstack.wsgi_app [None req-27c0bb9d-4a19-4962-8efb-468f75393b6f None None] ******************************************************************************** {{(pid=107019) log_opt_values /opt/stack/data/venv/lib/python3.12/site-packages/oslo_config/cfg.py:3226}}
Jul 23 05:29:53.324505 np0000186252 devstack@n-api-meta.service[107019]: DEBUG nova.api.openstack.wsgi_app [None req-27c0bb9d-4a19-4962-8efb-468f75393b6f None None] Configuration options gathered from: {{(pid=107019) log_opt_values /opt/stack/data/venv/lib/python3.12/site-packages/oslo_config/cfg.py:3227}}
Jul 23 05:29:53.324621 np0000186252 devstack@n-api-meta.service[107019]: DEBUG nova.api.openstack.wsgi_app [None req-27c0bb9d-4a19-4962-8efb-468f75393b6f None None] command line args: [] {{(pid=107019) log_opt_values /opt/stack/data/venv/lib/python3.12/site-packages/oslo_config/cfg.py:3228}}
Jul 23 05:29:53.324794 np0000186252 devstack@n-api-meta.service[107019]: DEBUG nova.api.openstack.wsgi_app [None req-27c0bb9d-4a19-4962-8efb-468f75393b6f None None] config files: ['/etc/nova/api-paste.ini', '/etc/nova/nova.conf'] {{(pid=107019) log_opt_values /opt/stack/data/venv/lib/python3.12/site-packages/oslo_config/cfg.py:3229}}
Jul 23 05:29:53.324897 np0000186252 devstack@n-api-meta.service[107019]: DEBUG nova.api.openstack.wsgi_app [None req-27c0bb9d-4a19-4962-8efb-468f75393b6f None None] ================================================================================ {{(pid=107019) log_opt_values /opt/stack/data/venv/lib/python3.12/site-packages/oslo_config/cfg.py:3234}}
Jul 23 05:29:53.325078 np0000186252 devstack@n-api-meta.service[107019]: DEBUG nova.api.openstack.wsgi_app [None req-27c0bb9d-4a19-4962-8efb-468f75393b6f None None] allow_resize_to_same_host = True {{(pid=107019) log_opt_values /opt/stack/data/venv/lib/python3.12/site-packages/oslo_config/cfg.py:3242}}
Jul 23 05:29:53.325211 np0000186252 devstack@n-api-meta.service[107019]: DEBUG nova.api.openstack.wsgi_app [None req-27c0bb9d-4a19-4962-8efb-468f75393b6f None None] arq_binding_timeout = 300 {{(pid=107019) log_opt_values /opt/stack/data/venv/lib/python3.12/site-packages/oslo_config/cfg.py:3242}}
Jul 23 05:29:53.325357 np0000186252 devstack@n-api-meta.service[107019]: DEBUG nova.api.openstack.wsgi_app [None req-27c0bb9d-4a19-4962-8efb-468f75393b6f None None] block_device_allocate_retries = 60 {{(pid=107019) log_opt_values /opt/stack/data/venv/lib/python3.12/site-packages/oslo_config/cfg.py:3242}}
Jul 23 05:29:53.325496 np0000186252 devstack@n-api-meta.service[107019]: DEBUG nova.api.openstack.wsgi_app [None req-27c0bb9d-4a19-4962-8efb-468f75393b6f None None] block_device_allocate_retries_interval = 3 {{(pid=107019) log_opt_values /opt/stack/data/venv/lib/python3.12/site-packages/oslo_config/cfg.py:3242}}
Jul 23 05:29:53.325629 np0000186252 devstack@n-api-meta.service[107019]: DEBUG nova.api.openstack.wsgi_app [None req-27c0bb9d-4a19-4962-8efb-468f75393b6f None None] cell_worker_thread_pool_size = 5 {{(pid=107019) log_opt_values /opt/stack/data/venv/lib/python3.12/site-packages/oslo_config/cfg.py:3242}}
Jul 23 05:29:53.325812 np0000186252 devstack@n-api-meta.service[107019]: DEBUG nova.api.openstack.wsgi_app [None req-27c0bb9d-4a19-4962-8efb-468f75393b6f None None] cert = self.pem {{(pid=107019) log_opt_values /opt/stack/data/venv/lib/python3.12/site-packages/oslo_config/cfg.py:3242}}
Jul 23 05:29:53.325971 np0000186252 devstack@n-api-meta.service[107019]: DEBUG nova.api.openstack.wsgi_app [None req-27c0bb9d-4a19-4962-8efb-468f75393b6f None None] compute_driver = libvirt.LibvirtDriver {{(pid=107019) log_opt_values /opt/stack/data/venv/lib/python3.12/site-packages/oslo_config/cfg.py:3242}}
Jul 23 05:29:53.326140 np0000186252 devstack@n-api-meta.service[107019]: DEBUG nova.api.openstack.wsgi_app [None req-27c0bb9d-4a19-4962-8efb-468f75393b6f None None] compute_monitors = [] {{(pid=107019) log_opt_values /opt/stack/data/venv/lib/python3.12/site-packages/oslo_config/cfg.py:3242}}
Jul 23 05:29:53.326287 np0000186252 devstack@n-api-meta.service[107019]: DEBUG nova.api.openstack.wsgi_app [None req-27c0bb9d-4a19-4962-8efb-468f75393b6f None None] concurrency_backend = auto {{(pid=107019) log_opt_values /opt/stack/data/venv/lib/python3.12/site-packages/oslo_config/cfg.py:3242}}
Jul 23 05:29:53.326447 np0000186252 devstack@n-api-meta.service[107019]: DEBUG nova.api.openstack.wsgi_app [None req-27c0bb9d-4a19-4962-8efb-468f75393b6f None None] config_dir = [] {{(pid=107019) log_opt_values /opt/stack/data/venv/lib/python3.12/site-packages/oslo_config/cfg.py:3242}}
Jul 23 05:29:53.326586 np0000186252 devstack@n-api-meta.service[107019]: DEBUG nova.api.openstack.wsgi_app [None req-27c0bb9d-4a19-4962-8efb-468f75393b6f None None] config_drive_format = iso9660 {{(pid=107019) log_opt_values /opt/stack/data/venv/lib/python3.12/site-packages/oslo_config/cfg.py:3242}}
Jul 23 05:29:53.326694 np0000186252 devstack@n-api-meta.service[107019]: DEBUG nova.api.openstack.wsgi_app [None req-27c0bb9d-4a19-4962-8efb-468f75393b6f None None] config_file = ['/etc/nova/api-paste.ini', '/etc/nova/nova.conf'] {{(pid=107019) log_opt_values /opt/stack/data/venv/lib/python3.12/site-packages/oslo_config/cfg.py:3242}}
Jul 23 05:29:53.326832 np0000186252 devstack@n-api-meta.service[107019]: DEBUG nova.api.openstack.wsgi_app [None req-27c0bb9d-4a19-4962-8efb-468f75393b6f None None] config_source = [] {{(pid=107019) log_opt_values /opt/stack/data/venv/lib/python3.12/site-packages/oslo_config/cfg.py:3242}}
Jul 23 05:29:53.326968 np0000186252 devstack@n-api-meta.service[107019]: DEBUG nova.api.openstack.wsgi_app [None req-27c0bb9d-4a19-4962-8efb-468f75393b6f None None] console_host = np0000186252 {{(pid=107019) log_opt_values /opt/stack/data/venv/lib/python3.12/site-packages/oslo_config/cfg.py:3242}}
Jul 23 05:29:53.327105 np0000186252 devstack@n-api-meta.service[107019]: DEBUG nova.api.openstack.wsgi_app [None req-27c0bb9d-4a19-4962-8efb-468f75393b6f None None] control_exchange = nova {{(pid=107019) log_opt_values /opt/stack/data/venv/lib/python3.12/site-packages/oslo_config/cfg.py:3242}}
Jul 23 05:29:53.327236 np0000186252 devstack@n-api-meta.service[107019]: DEBUG nova.api.openstack.wsgi_app [None req-27c0bb9d-4a19-4962-8efb-468f75393b6f None None] cpu_allocation_ratio = None {{(pid=107019) log_opt_values /opt/stack/data/venv/lib/python3.12/site-packages/oslo_config/cfg.py:3242}}
Jul 23 05:29:53.327385 np0000186252 devstack@n-api-meta.service[107019]: DEBUG nova.api.openstack.wsgi_app [None req-27c0bb9d-4a19-4962-8efb-468f75393b6f None None] daemon = False {{(pid=107019) log_opt_values /opt/stack/data/venv/lib/python3.12/site-packages/oslo_config/cfg.py:3242}}
Jul 23 05:29:53.327522 np0000186252 devstack@n-api-meta.service[107019]: DEBUG nova.api.openstack.wsgi_app [None req-27c0bb9d-4a19-4962-8efb-468f75393b6f None None] debug = True {{(pid=107019) log_opt_values /opt/stack/data/venv/lib/python3.12/site-packages/oslo_config/cfg.py:3242}}
Jul 23 05:29:53.327651 np0000186252 devstack@n-api-meta.service[107019]: DEBUG nova.api.openstack.wsgi_app [None req-27c0bb9d-4a19-4962-8efb-468f75393b6f None None] default_access_ip_network_name = None {{(pid=107019) log_opt_values /opt/stack/data/venv/lib/python3.12/site-packages/oslo_config/cfg.py:3242}}
Jul 23 05:29:53.327711 np0000186252 devstack@n-api-meta.service[107016]: INFO dbcounter [None req-0bdaca75-94ea-4a8e-a7e2-ca20af3acf89 None None] Registered counter for database nova_cell0
Jul 23 05:29:53.327787 np0000186252 devstack@n-api-meta.service[107019]: DEBUG nova.api.openstack.wsgi_app [None req-27c0bb9d-4a19-4962-8efb-468f75393b6f None None] default_availability_zone = nova {{(pid=107019) log_opt_values /opt/stack/data/venv/lib/python3.12/site-packages/oslo_config/cfg.py:3242}}
Jul 23 05:29:53.327920 np0000186252 devstack@n-api-meta.service[107019]: DEBUG nova.api.openstack.wsgi_app [None req-27c0bb9d-4a19-4962-8efb-468f75393b6f None None] default_ephemeral_format = ext4 {{(pid=107019) log_opt_values /opt/stack/data/venv/lib/python3.12/site-packages/oslo_config/cfg.py:3242}}
Jul 23 05:29:53.328044 np0000186252 devstack@n-api-meta.service[107018]: INFO dbcounter [None req-b493a4d6-e8ab-456f-8ae0-80e5be976601 None None] Registered counter for database nova_cell0
Jul 23 05:29:53.328096 np0000186252 devstack@n-api-meta.service[107019]: DEBUG nova.api.openstack.wsgi_app [None req-27c0bb9d-4a19-4962-8efb-468f75393b6f None None] default_green_pool_size = 1000 {{(pid=107019) log_opt_values /opt/stack/data/venv/lib/python3.12/site-packages/oslo_config/cfg.py:3242}}
Jul 23 05:29:53.328260 np0000186252 devstack@n-api-meta.service[107019]: DEBUG nova.api.openstack.wsgi_app [None req-27c0bb9d-4a19-4962-8efb-468f75393b6f None None] default_log_levels = ['amqp=WARN', 'boto=WARN', 'sqlalchemy=WARN', 'suds=INFO', 'oslo.messaging=INFO', 'oslo_messaging=INFO', 'iso8601=WARN', 'requests.packages.urllib3.connectionpool=WARN', 'urllib3.connectionpool=WARN', 'websocket=WARN', 'requests.packages.urllib3.util.retry=WARN', 'urllib3.util.retry=WARN', 'keystonemiddleware=WARN', 'routes.middleware=WARN', 'stevedore=WARN', 'taskflow=WARN', 'keystoneauth=WARN', 'oslo.cache=INFO', 'oslo_policy=INFO', 'dogpile.core.dogpile=INFO', 'glanceclient=WARN', 'oslo.privsep.daemon=INFO'] {{(pid=107019) log_opt_values /opt/stack/data/venv/lib/python3.12/site-packages/oslo_config/cfg.py:3242}}
Jul 23 05:29:53.328429 np0000186252 devstack@n-api-meta.service[107019]: DEBUG nova.api.openstack.wsgi_app [None req-27c0bb9d-4a19-4962-8efb-468f75393b6f None None] default_schedule_zone = None {{(pid=107019) log_opt_values /opt/stack/data/venv/lib/python3.12/site-packages/oslo_config/cfg.py:3242}}
Jul 23 05:29:53.328561 np0000186252 devstack@n-api-meta.service[107019]: DEBUG nova.api.openstack.wsgi_app [None req-27c0bb9d-4a19-4962-8efb-468f75393b6f None None] default_thread_pool_size = 10 {{(pid=107019) log_opt_values /opt/stack/data/venv/lib/python3.12/site-packages/oslo_config/cfg.py:3242}}
Jul 23 05:29:53.328686 np0000186252 devstack@n-api-meta.service[107019]: DEBUG nova.api.openstack.wsgi_app [None req-27c0bb9d-4a19-4962-8efb-468f75393b6f None None] disk_allocation_ratio = None {{(pid=107019) log_opt_values /opt/stack/data/venv/lib/python3.12/site-packages/oslo_config/cfg.py:3242}}
Jul 23 05:29:53.328816 np0000186252 devstack@n-api-meta.service[107019]: DEBUG nova.api.openstack.wsgi_app [None req-27c0bb9d-4a19-4962-8efb-468f75393b6f None None] enable_new_services = True {{(pid=107019) log_opt_values /opt/stack/data/venv/lib/python3.12/site-packages/oslo_config/cfg.py:3242}}
Jul 23 05:29:53.328948 np0000186252 devstack@n-api-meta.service[107019]: DEBUG nova.api.openstack.wsgi_app [None req-27c0bb9d-4a19-4962-8efb-468f75393b6f None None] flat_injected = False {{(pid=107019) log_opt_values /opt/stack/data/venv/lib/python3.12/site-packages/oslo_config/cfg.py:3242}}
Jul 23 05:29:53.329082 np0000186252 devstack@n-api-meta.service[107019]: DEBUG nova.api.openstack.wsgi_app [None req-27c0bb9d-4a19-4962-8efb-468f75393b6f None None] force_config_drive = False {{(pid=107019) log_opt_values /opt/stack/data/venv/lib/python3.12/site-packages/oslo_config/cfg.py:3242}}
Jul 23 05:29:53.329210 np0000186252 devstack@n-api-meta.service[107019]: DEBUG nova.api.openstack.wsgi_app [None req-27c0bb9d-4a19-4962-8efb-468f75393b6f None None] force_raw_images = True {{(pid=107019) log_opt_values /opt/stack/data/venv/lib/python3.12/site-packages/oslo_config/cfg.py:3242}}
Jul 23 05:29:53.329379 np0000186252 devstack@n-api-meta.service[107019]: DEBUG nova.api.openstack.wsgi_app [None req-27c0bb9d-4a19-4962-8efb-468f75393b6f None None] graceful_shutdown_timeout = 5 {{(pid=107019) log_opt_values /opt/stack/data/venv/lib/python3.12/site-packages/oslo_config/cfg.py:3242}}
Jul 23 05:29:53.329511 np0000186252 devstack@n-api-meta.service[107019]: DEBUG nova.api.openstack.wsgi_app [None req-27c0bb9d-4a19-4962-8efb-468f75393b6f None None] heal_instance_info_cache_interval = -1 {{(pid=107019) log_opt_values /opt/stack/data/venv/lib/python3.12/site-packages/oslo_config/cfg.py:3242}}
Jul 23 05:29:53.329718 np0000186252 devstack@n-api-meta.service[107019]: DEBUG nova.api.openstack.wsgi_app [None req-27c0bb9d-4a19-4962-8efb-468f75393b6f None None] host = np0000186252 {{(pid=107019) log_opt_values /opt/stack/data/venv/lib/python3.12/site-packages/oslo_config/cfg.py:3242}}
Jul 23 05:29:53.329882 np0000186252 devstack@n-api-meta.service[107019]: DEBUG nova.api.openstack.wsgi_app [None req-27c0bb9d-4a19-4962-8efb-468f75393b6f None None] initial_cpu_allocation_ratio = 4.0 {{(pid=107019) log_opt_values /opt/stack/data/venv/lib/python3.12/site-packages/oslo_config/cfg.py:3242}}
Jul 23 05:29:53.330038 np0000186252 devstack@n-api-meta.service[107019]: DEBUG nova.api.openstack.wsgi_app [None req-27c0bb9d-4a19-4962-8efb-468f75393b6f None None] initial_disk_allocation_ratio = 1.0 {{(pid=107019) log_opt_values /opt/stack/data/venv/lib/python3.12/site-packages/oslo_config/cfg.py:3242}}
Jul 23 05:29:53.330162 np0000186252 devstack@n-api-meta.service[107019]: DEBUG nova.api.openstack.wsgi_app [None req-27c0bb9d-4a19-4962-8efb-468f75393b6f None None] initial_ram_allocation_ratio = 1.0 {{(pid=107019) log_opt_values /opt/stack/data/venv/lib/python3.12/site-packages/oslo_config/cfg.py:3242}}
Jul 23 05:29:53.330365 np0000186252 devstack@n-api-meta.service[107019]: DEBUG nova.api.openstack.wsgi_app [None req-27c0bb9d-4a19-4962-8efb-468f75393b6f None None] injected_network_template = /opt/stack/nova/nova/virt/interfaces.template {{(pid=107019) log_opt_values /opt/stack/data/venv/lib/python3.12/site-packages/oslo_config/cfg.py:3242}}
Jul 23 05:29:53.330528 np0000186252 devstack@n-api-meta.service[107019]: DEBUG nova.api.openstack.wsgi_app [None req-27c0bb9d-4a19-4962-8efb-468f75393b6f None None] instance_build_timeout = 0 {{(pid=107019) log_opt_values /opt/stack/data/venv/lib/python3.12/site-packages/oslo_config/cfg.py:3242}}
Jul 23 05:29:53.330651 np0000186252 devstack@n-api-meta.service[107019]: DEBUG nova.api.openstack.wsgi_app [None req-27c0bb9d-4a19-4962-8efb-468f75393b6f None None] instance_delete_interval = 300 {{(pid=107019) log_opt_values /opt/stack/data/venv/lib/python3.12/site-packages/oslo_config/cfg.py:3242}}
Jul 23 05:29:53.330790 np0000186252 devstack@n-api-meta.service[107019]: DEBUG nova.api.openstack.wsgi_app [None req-27c0bb9d-4a19-4962-8efb-468f75393b6f None None] instance_format = [instance: %(uuid)s] {{(pid=107019) log_opt_values /opt/stack/data/venv/lib/python3.12/site-packages/oslo_config/cfg.py:3242}}
Jul 23 05:29:53.330891 np0000186252 devstack@n-api-meta.service[107019]: DEBUG nova.api.openstack.wsgi_app [None req-27c0bb9d-4a19-4962-8efb-468f75393b6f None None] instance_name_template = instance-%08x {{(pid=107019) log_opt_values /opt/stack/data/venv/lib/python3.12/site-packages/oslo_config/cfg.py:3242}}
Jul 23 05:29:53.331009 np0000186252 devstack@n-api-meta.service[107019]: DEBUG nova.api.openstack.wsgi_app [None req-27c0bb9d-4a19-4962-8efb-468f75393b6f None None] instance_usage_audit = False {{(pid=107019) log_opt_values /opt/stack/data/venv/lib/python3.12/site-packages/oslo_config/cfg.py:3242}}
Jul 23 05:29:53.331155 np0000186252 devstack@n-api-meta.service[107019]: DEBUG nova.api.openstack.wsgi_app [None req-27c0bb9d-4a19-4962-8efb-468f75393b6f None None] instance_usage_audit_period = month {{(pid=107019) log_opt_values /opt/stack/data/venv/lib/python3.12/site-packages/oslo_config/cfg.py:3242}}
Jul 23 05:29:53.331290 np0000186252 devstack@n-api-meta.service[107019]: DEBUG nova.api.openstack.wsgi_app [None req-27c0bb9d-4a19-4962-8efb-468f75393b6f None None] instance_uuid_format = [instance: %(uuid)s] {{(pid=107019) log_opt_values /opt/stack/data/venv/lib/python3.12/site-packages/oslo_config/cfg.py:3242}}
Jul 23 05:29:53.331440 np0000186252 devstack@n-api-meta.service[107019]: DEBUG nova.api.openstack.wsgi_app [None req-27c0bb9d-4a19-4962-8efb-468f75393b6f None None] instances_path = /opt/stack/data/nova/instances {{(pid=107019) log_opt_values /opt/stack/data/venv/lib/python3.12/site-packages/oslo_config/cfg.py:3242}}
Jul 23 05:29:53.331574 np0000186252 devstack@n-api-meta.service[107019]: DEBUG nova.api.openstack.wsgi_app [None req-27c0bb9d-4a19-4962-8efb-468f75393b6f None None] internal_service_availability_zone = internal {{(pid=107019) log_opt_values /opt/stack/data/venv/lib/python3.12/site-packages/oslo_config/cfg.py:3242}}
Jul 23 05:29:53.331707 np0000186252 devstack@n-api-meta.service[107019]: DEBUG nova.api.openstack.wsgi_app [None req-27c0bb9d-4a19-4962-8efb-468f75393b6f None None] key = None {{(pid=107019) log_opt_values /opt/stack/data/venv/lib/python3.12/site-packages/oslo_config/cfg.py:3242}}
Jul 23 05:29:53.331992 np0000186252 devstack@n-api-meta.service[107019]: DEBUG nova.api.openstack.wsgi_app [None req-27c0bb9d-4a19-4962-8efb-468f75393b6f None None] live_migration_retry_count = 30 {{(pid=107019) log_opt_values /opt/stack/data/venv/lib/python3.12/site-packages/oslo_config/cfg.py:3242}}
Jul 23 05:29:53.332141 np0000186252 devstack@n-api-meta.service[107019]: DEBUG nova.api.openstack.wsgi_app [None req-27c0bb9d-4a19-4962-8efb-468f75393b6f None None] log_color = False {{(pid=107019) log_opt_values /opt/stack/data/venv/lib/python3.12/site-packages/oslo_config/cfg.py:3242}}
Jul 23 05:29:53.332250 np0000186252 devstack@n-api-meta.service[107019]: DEBUG nova.api.openstack.wsgi_app [None req-27c0bb9d-4a19-4962-8efb-468f75393b6f None None] log_config_append = None {{(pid=107019) log_opt_values /opt/stack/data/venv/lib/python3.12/site-packages/oslo_config/cfg.py:3242}}
Jul 23 05:29:53.332394 np0000186252 devstack@n-api-meta.service[107019]: DEBUG nova.api.openstack.wsgi_app [None req-27c0bb9d-4a19-4962-8efb-468f75393b6f None None] log_date_format = %Y-%m-%d %H:%M:%S {{(pid=107019) log_opt_values /opt/stack/data/venv/lib/python3.12/site-packages/oslo_config/cfg.py:3242}}
Jul 23 05:29:53.332524 np0000186252 devstack@n-api-meta.service[107019]: DEBUG nova.api.openstack.wsgi_app [None req-27c0bb9d-4a19-4962-8efb-468f75393b6f None None] log_dir = None {{(pid=107019) log_opt_values /opt/stack/data/venv/lib/python3.12/site-packages/oslo_config/cfg.py:3242}}
Jul 23 05:29:53.332652 np0000186252 devstack@n-api-meta.service[107019]: DEBUG nova.api.openstack.wsgi_app [None req-27c0bb9d-4a19-4962-8efb-468f75393b6f None None] log_file = None {{(pid=107019) log_opt_values /opt/stack/data/venv/lib/python3.12/site-packages/oslo_config/cfg.py:3242}}
Jul 23 05:29:53.332752 np0000186252 devstack@n-api-meta.service[107019]: DEBUG nova.api.openstack.wsgi_app [None req-27c0bb9d-4a19-4962-8efb-468f75393b6f None None] log_options = True {{(pid=107019) log_opt_values /opt/stack/data/venv/lib/python3.12/site-packages/oslo_config/cfg.py:3242}}
Jul 23 05:29:53.332900 np0000186252 devstack@n-api-meta.service[107019]: DEBUG nova.api.openstack.wsgi_app [None req-27c0bb9d-4a19-4962-8efb-468f75393b6f None None] log_rotate_interval = 1 {{(pid=107019) log_opt_values /opt/stack/data/venv/lib/python3.12/site-packages/oslo_config/cfg.py:3242}}
Jul 23 05:29:53.333022 np0000186252 devstack@n-api-meta.service[107019]: DEBUG nova.api.openstack.wsgi_app [None req-27c0bb9d-4a19-4962-8efb-468f75393b6f None None] log_rotate_interval_type = days {{(pid=107019) log_opt_values /opt/stack/data/venv/lib/python3.12/site-packages/oslo_config/cfg.py:3242}}
Jul 23 05:29:53.333156 np0000186252 devstack@n-api-meta.service[107019]: DEBUG nova.api.openstack.wsgi_app [None req-27c0bb9d-4a19-4962-8efb-468f75393b6f None None] log_rotation_type = none {{(pid=107019) log_opt_values /opt/stack/data/venv/lib/python3.12/site-packages/oslo_config/cfg.py:3242}}
Jul 23 05:29:53.333260 np0000186252 devstack@n-api-meta.service[107019]: DEBUG nova.api.openstack.wsgi_app [None req-27c0bb9d-4a19-4962-8efb-468f75393b6f None None] logging_context_format_string = %(color)s%(levelname)s %(name)s [%(global_request_id)s %(request_id)s %(project_name)s %(user_name)s%(color)s] %(instance)s%(color)s%(message)s {{(pid=107019) log_opt_values /opt/stack/data/venv/lib/python3.12/site-packages/oslo_config/cfg.py:3242}}
Jul 23 05:29:53.333378 np0000186252 devstack@n-api-meta.service[107019]: DEBUG nova.api.openstack.wsgi_app [None req-27c0bb9d-4a19-4962-8efb-468f75393b6f None None] logging_debug_format_suffix = {{(pid=%(process)d) %(funcName)s %(pathname)s:%(lineno)d}} {{(pid=107019) log_opt_values /opt/stack/data/venv/lib/python3.12/site-packages/oslo_config/cfg.py:3242}}
Jul 23 05:29:53.333515 np0000186252 devstack@n-api-meta.service[107019]: DEBUG nova.api.openstack.wsgi_app [None req-27c0bb9d-4a19-4962-8efb-468f75393b6f None None] logging_default_format_string = %(color)s%(levelname)s %(name)s [-%(color)s] %(instance)s%(color)s%(message)s {{(pid=107019) log_opt_values /opt/stack/data/venv/lib/python3.12/site-packages/oslo_config/cfg.py:3242}}
Jul 23 05:29:53.333732 np0000186252 devstack@n-api-meta.service[107019]: DEBUG nova.api.openstack.wsgi_app [None req-27c0bb9d-4a19-4962-8efb-468f75393b6f None None] logging_exception_prefix = ERROR %(name)s %(instance)s {{(pid=107019) log_opt_values /opt/stack/data/venv/lib/python3.12/site-packages/oslo_config/cfg.py:3242}}
Jul 23 05:29:53.333996 np0000186252 devstack@n-api-meta.service[107019]: DEBUG nova.api.openstack.wsgi_app [None req-27c0bb9d-4a19-4962-8efb-468f75393b6f None None] logging_user_identity_format = %(user)s %(project)s %(domain)s %(system_scope)s %(user_domain)s %(project_domain)s {{(pid=107019) log_opt_values /opt/stack/data/venv/lib/python3.12/site-packages/oslo_config/cfg.py:3242}}
Jul 23 05:29:53.333996 np0000186252 devstack@n-api-meta.service[107019]: DEBUG nova.api.openstack.wsgi_app [None req-27c0bb9d-4a19-4962-8efb-468f75393b6f None None] long_rpc_timeout = 1800 {{(pid=107019) log_opt_values /opt/stack/data/venv/lib/python3.12/site-packages/oslo_config/cfg.py:3242}}
