Jul 23 05:33:51.219965 np0000186252 devstack@o-api.service[120243]: DEBUG ovn_octavia_provider.helper [-] Updating status to octavia: {'listeners': [{'id': 'd54bdc20-2c50-457d-9259-95e7f34a3318', 'provisioning_status': 'ACTIVE', 'operating_status': 'ONLINE'}], 'loadbalancers': [{'id': '94b4328a-f9d9-41f1-979f-93adae0bdc84', 'provisioning_status': 'ACTIVE'}]} {{(pid=120243) _update_status_to_octavia /opt/stack/ovn-octavia-provider/ovn_octavia_provider/helper.py:450}}
Jul 23 05:33:51.235497 np0000186252 devstack@o-api.service[120243]: [pid: 120243|app: 0|req: 3/9] 172.18.0.2 () {58 vars in 1201 bytes} [Thu Jul 23 05:33:51 2026] POST /load-balancer/v2.0/lbaas/listeners => generated 1065 bytes in 156 msecs (HTTP/1.1 201) 4 headers in 163 bytes (1 switches on core 0)
Jul 23 05:33:51.263051 np0000186252 devstack@o-api.service[120241]: [pid: 120241|app: 0|req: 3/10] 172.18.0.2 () {54 vars in 1270 bytes} [Thu Jul 23 05:33:51 2026] GET /load-balancer/v2.0/lbaas/loadbalancers/94b4328a-f9d9-41f1-979f-93adae0bdc84 => generated 942 bytes in 25 msecs (HTTP/1.1 200) 4 headers in 157 bytes (1 switches on core 0)
Jul 23 05:33:52.344181 np0000186252 devstack@o-api.service[120242]: DEBUG oslo_db.sqlalchemy.engines [None req-43b9bdd4-f5ee-498c-a5db-6d962d22a7e1 demo demo] MySQL server mode set to STRICT_TRANS_TABLES,STRICT_ALL_TABLES,NO_ZERO_IN_DATE,NO_ZERO_DATE,ERROR_FOR_DIVISION_BY_ZERO,TRADITIONAL,NO_ENGINE_SUBSTITUTION {{(pid=120242) _check_effective_sql_mode /opt/stack/data/venv/lib/python3.12/site-packages/oslo_db/sqlalchemy/engines.py:325}}
Jul 23 05:33:52.451037 np0000186252 devstack@o-api.service[120242]: [pid: 120242|app: 0|req: 3/11] 172.18.0.2 () {54 vars in 1270 bytes} [Thu Jul 23 05:33:52 2026] GET /load-balancer/v2.0/lbaas/loadbalancers/94b4328a-f9d9-41f1-979f-93adae0bdc84 => generated 934 bytes in 171 msecs (HTTP/1.1 200) 4 headers in 157 bytes (1 switches on core 0)
Jul 23 05:33:52.505040 np0000186252 devstack@o-api.service[120240]: [pid: 120240|app: 0|req: 3/12] 172.18.0.2 () {54 vars in 1258 bytes} [Thu Jul 23 05:33:52 2026] GET /load-balancer/v2.0/lbaas/listeners/d54bdc20-2c50-457d-9259-95e7f34a3318 => generated 1073 bytes in 32 msecs (HTTP/1.1 200) 4 headers in 158 bytes (1 switches on core 0)
Jul 23 05:33:52.530925 np0000186252 devstack@o-api.service[120243]: [pid: 120243|app: 0|req: 4/13] 172.18.0.2 () {54 vars in 1266 bytes} [Thu Jul 23 05:33:52 2026] GET /load-balancer/v2.0/lbaas/pools?name=k8s-clusterapi-cluster-magnum-system-kube-okpsu-kubeapi-6443 => generated 32 bytes in 24 msecs (HTTP/1.1 200) 4 headers in 156 bytes (1 switches on core 0)
Jul 23 05:33:52.598369 np0000186252 devstack@o-api.service[120241]: DEBUG ovsdbapp.backend.ovs_idl [None req-7cd20398-d81d-4f52-a9aa-4cda08bbacbd demo demo] Connection already started, not creating indices {{(pid=120241) __init__ /opt/stack/data/venv/lib/python3.12/site-packages/ovsdbapp/backend/ovs_idl/__init__.py:36}}
Jul 23 05:33:52.598849 np0000186252 devstack@o-api.service[120241]: DEBUG octavia.db.repositories [None req-7cd20398-d81d-4f52-a9aa-4cda08bbacbd demo demo] Checking quota for project: 8139e5745a0b4dc0a1da67f398e36a59 object: {{(pid=120241) check_quota_met /opt/stack/octavia/octavia/db/repositories.py:451}}
Jul 23 05:33:52.701169 np0000186252 devstack@o-api.service[120241]: /opt/stack/octavia/octavia/db/repositories.py:1089: SAWarning: Coercing Subquery object into a select() for use in IN(); please pass a select() construct explicitly
Jul 23 05:33:52.701169 np0000186252 devstack@o-api.service[120241]: filter(models.LoadBalancer.id.in_(lb_subquery)).first())
Jul 23 05:33:52.703392 np0000186252 devstack@o-api.service[120241]: /opt/stack/octavia/octavia/db/repositories.py:1089: SAWarning: SELECT statement has a cartesian product between FROM element(s) "pool" and FROM element "load_balancer". Apply join condition(s) between each element to resolve.
Jul 23 05:33:52.703392 np0000186252 devstack@o-api.service[120241]: filter(models.LoadBalancer.id.in_(lb_subquery)).first())
Jul 23 05:33:52.848814 np0000186252 devstack@o-api.service[120241]: INFO octavia.api.v2.controllers.pool [None req-7cd20398-d81d-4f52-a9aa-4cda08bbacbd demo demo] Sending create Pool 32c42c98-2c9b-4208-ab5b-8c0a58ee4af3 to provider ovn
Jul 23 05:33:52.849850 np0000186252 devstack@o-api.service[120241]: DEBUG ovn_octavia_provider.helper [-] Handling request pool_create with info {'id': '32c42c98-2c9b-4208-ab5b-8c0a58ee4af3', 'loadbalancer_id': '94b4328a-f9d9-41f1-979f-93adae0bdc84', 'protocol': 'TCP', 'lb_algorithm': 'SOURCE_IP_PORT', 'listener_id': 'd54bdc20-2c50-457d-9259-95e7f34a3318', 'admin_state_up': True, 'session_persistence': None} {{(pid=120241) request_handler /opt/stack/ovn-octavia-provider/ovn_octavia_provider/helper.py:423}}
Jul 23 05:33:52.852217 np0000186252 devstack@o-api.service[120241]: DEBUG ovsdbapp.backend.ovs_idl.transaction [-] Running txn n=1 command(idx=0): DbSetCommand(_result=None, table=Load_Balancer, record=e41899ab-d74b-4b64-a606-d1fb10f2e427, col_values=(('external_ids', {'enabled': 'True', 'neutron:vip': '192.168.24.15', 'neutron:vip_port_id': '63e02646-f5e4-4623-a64a-0f236afdd234', 'lr_ref': 'neutron-47a37472-87c5-448f-996b-b568ad296496', 'ls_refs': '{"neutron-ba533971-d7b1-4ca6-83b5-187136f8ad84": 1}', 'neutron:vip_fip': '172.24.5.20', 'listener_d54bdc20-2c50-457d-9259-95e7f34a3318': '6443:pool_32c42c98-2c9b-4208-ab5b-8c0a58ee4af3', 'pool_32c42c98-2c9b-4208-ab5b-8c0a58ee4af3': ''}),), if_exists=True) {{(pid=120241) do_commit /opt/stack/data/venv/lib/python3.12/site-packages/ovsdbapp/backend/ovs_idl/transaction.py:89}}
Jul 23 05:33:52.864261 np0000186252 devstack@o-api.service[120241]: DEBUG ovn_octavia_provider.helper [-] Updating status to octavia: {'pools': [{'id': '32c42c98-2c9b-4208-ab5b-8c0a58ee4af3', 'provisioning_status': 'ACTIVE', 'operating_status': 'ONLINE'}], 'loadbalancers': [{'id': '94b4328a-f9d9-41f1-979f-93adae0bdc84', 'provisioning_status': 'ACTIVE'}], 'listeners': [{'id': 'd54bdc20-2c50-457d-9259-95e7f34a3318', 'provisioning_status': 'ACTIVE'}]} {{(pid=120241) _update_status_to_octavia /opt/stack/ovn-octavia-provider/ovn_octavia_provider/helper.py:450}}
Jul 23 05:33:52.881984 np0000186252 devstack@o-api.service[120241]: [pid: 120241|app: 0|req: 4/14] 172.18.0.2 () {58 vars in 1189 bytes} [Thu Jul 23 05:33:52 2026] POST /load-balancer/v2.0/lbaas/pools => generated 811 bytes in 349 msecs (HTTP/1.1 201) 4 headers in 162 bytes (1 switches on core 0)
Jul 23 05:33:52.913801 np0000186252 devstack@o-api.service[120242]: [pid: 120242|app: 0|req: 4/15] 172.18.0.2 () {54 vars in 1270 bytes} [Thu Jul 23 05:33:52 2026] GET /load-balancer/v2.0/lbaas/loadbalancers/94b4328a-f9d9-41f1-979f-93adae0bdc84 => generated 988 bytes in 29 msecs (HTTP/1.1 200) 4 headers in 157 bytes (1 switches on core 0)
Jul 23 05:33:53.998518 np0000186252 devstack@o-api.service[120240]: [pid: 120240|app: 0|req: 4/16] 172.18.0.2 () {54 vars in 1270 bytes} [Thu Jul 23 05:33:53 2026] GET /load-balancer/v2.0/lbaas/loadbalancers/94b4328a-f9d9-41f1-979f-93adae0bdc84 => generated 980 bytes in 29 msecs (HTTP/1.1 200) 4 headers in 157 bytes (1 switches on core 0)
Jul 23 05:33:54.020071 np0000186252 devstack@o-api.service[120243]: [pid: 120243|app: 0|req: 5/17] 172.18.0.2 () {54 vars in 1293 bytes} [Thu Jul 23 05:33:54 2026] GET /load-balancer/v2.0/lbaas/healthmonitors?name=k8s-clusterapi-cluster-magnum-system-kube-okpsu-kubeapi-6443 => generated 50 bytes in 19 msecs (HTTP/1.1 200) 4 headers in 156 bytes (1 switches on core 0)
Jul 23 05:33:54.077520 np0000186252 devstack@o-api.service[120241]: DEBUG ovsdbapp.backend.ovs_idl [None req-9c2639da-fc40-4d8a-a413-82274554afaf demo demo] Connection already started, not creating indices {{(pid=120241) __init__ /opt/stack/data/venv/lib/python3.12/site-packages/ovsdbapp/backend/ovs_idl/__init__.py:36}}
Jul 23 05:33:54.078193 np0000186252 devstack@o-api.service[120241]: DEBUG octavia.db.repositories [None req-9c2639da-fc40-4d8a-a413-82274554afaf demo demo] Checking quota for project: 8139e5745a0b4dc0a1da67f398e36a59 object: {{(pid=120241) check_quota_met /opt/stack/octavia/octavia/db/repositories.py:451}}
Jul 23 05:33:54.111241 np0000186252 devstack@o-api.service[120241]: INFO octavia.api.v2.controllers.health_monitor [None req-9c2639da-fc40-4d8a-a413-82274554afaf demo demo] Sending create Health Monitor ed967a26-3b9f-4292-9e76-a444f360a3af to provider ovn
Jul 23 05:33:54.112175 np0000186252 devstack@o-api.service[120241]: DEBUG ovn_octavia_provider.helper [-] Handling request hm_create with info {'id': 'ed967a26-3b9f-4292-9e76-a444f360a3af', 'pool_id': '32c42c98-2c9b-4208-ab5b-8c0a58ee4af3', 'type': 'TCP', 'interval': 10, 'timeout': 5, 'failure_count': 3, 'success_count': 5, 'admin_state_up': True} {{(pid=120241) request_handler /opt/stack/ovn-octavia-provider/ovn_octavia_provider/helper.py:423}}
Jul 23 05:33:54.116116 np0000186252 devstack@o-api.service[120241]: DEBUG ovsdbapp.backend.ovs_idl.transaction [-] Running txn n=1 command(idx=0): DbCreateCommand(_result=None, table=Load_Balancer_Health_Check, columns={'vip': '192.168.24.15:6443', 'options': {'interval': '10', 'timeout': '5', 'success_count': '5', 'failure_count': '3'}, 'external_ids': {'octavia:healthmonitor': 'ed967a26-3b9f-4292-9e76-a444f360a3af', 'octavia:pool_id': '32c42c98-2c9b-4208-ab5b-8c0a58ee4af3', 'octavia:vip': '192.168.24.15'}}, row=False) {{(pid=120241) do_commit /opt/stack/data/venv/lib/python3.12/site-packages/ovsdbapp/backend/ovs_idl/transaction.py:89}}
Jul 23 05:33:54.117250 np0000186252 devstack@o-api.service[120241]: DEBUG ovsdbapp.backend.ovs_idl.transaction [-] Running txn n=1 command(idx=1): DbAddCommand(_result=None, table=Load_Balancer, record=e41899ab-d74b-4b64-a606-d1fb10f2e427, column=health_check, values=(DbCreateCommand(_result=Load_Balancer_Health_Check(uuid=3b65ca2d-e4e0-4947-9ad5-53fc789e8fe7, external_ids={'octavia:healthmonitor': 'ed967a26-3b9f-4292-9e76-a444f360a3af', 'octavia:pool_id': '32c42c98-2c9b-4208-ab5b-8c0a58ee4af3', 'octavia:vip': '192.168.24.15'}, options={'interval': '10', 'timeout': '5', 'success_count': '5', 'failure_count': '3'}, vip=192.168.24.15:6443), table=Load_Balancer_Health_Check, columns={'vip': '192.168.24.15:6443', 'options': {'interval': '10', 'timeout': '5', 'success_count': '5', 'failure_count': '3'}, 'external_ids': {'octavia:healthmonitor': 'ed967a26-3b9f-4292-9e76-a444f360a3af', 'octavia:pool_id': '32c42c98-2c9b-4208-ab5b-8c0a58ee4af3', 'octavia:vip': '192.168.24.15'}}, row=False),)) {{(pid=120241) do_commit /opt/stack/data/venv/lib/python3.12/site-packages/ovsdbapp/backend/ovs_idl/transaction.py:89}}
Jul 23 05:33:54.118269 np0000186252 devstack@o-api.service[120241]: DEBUG ovsdbapp.backend.ovs_idl.transaction [-] Running txn n=1 command(idx=2): DbSetCommand(_result=None, table=Load_Balancer, record=e41899ab-d74b-4b64-a606-d1fb10f2e427, col_values=(('external_ids', {'octavia:healthmonitors': '["ed967a26-3b9f-4292-9e76-a444f360a3af"]'}),), if_exists=True) {{(pid=120241) do_commit /opt/stack/data/venv/lib/python3.12/site-packages/ovsdbapp/backend/ovs_idl/transaction.py:89}}
Jul 23 05:33:54.119061 np0000186252 devstack@o-api.service[120241]: DEBUG ovsdbapp.backend.ovs_idl.transaction [-] Running txn n=1 command(idx=3): DbCreateCommand(_result=None, table=Load_Balancer_Health_Check, columns={'vip': '172.24.5.20:6443', 'options': {'interval': '10', 'timeout': '5', 'success_count': '5', 'failure_count': '3'}, 'external_ids': {'octavia:healthmonitor': 'ed967a26-3b9f-4292-9e76-a444f360a3af', 'octavia:pool_id': '32c42c98-2c9b-4208-ab5b-8c0a58ee4af3', 'octavia:vip': '172.24.5.20'}}, row=False) {{(pid=120241) do_commit /opt/stack/data/venv/lib/python3.12/site-packages/ovsdbapp/backend/ovs_idl/transaction.py:89}}
Jul 23 05:33:54.119820 np0000186252 devstack@o-api.service[120241]: DEBUG ovsdbapp.backend.ovs_idl.transaction [-] Running txn n=1 command(idx=4): DbAddCommand(_result=None, table=Load_Balancer, record=e41899ab-d74b-4b64-a606-d1fb10f2e427, column=health_check, values=(DbCreateCommand(_result=Load_Balancer_Health_Check(uuid=ac14077b-8d93-4afc-ac16-4bfdd52298d0, external_ids={'octavia:healthmonitor': 'ed967a26-3b9f-4292-9e76-a444f360a3af', 'octavia:pool_id': '32c42c98-2c9b-4208-ab5b-8c0a58ee4af3', 'octavia:vip': '172.24.5.20'}, options={'interval': '10', 'timeout': '5', 'success_count': '5', 'failure_count': '3'}, vip=172.24.5.20:6443), table=Load_Balancer_Health_Check, columns={'vip': '172.24.5.20:6443', 'options': {'interval': '10', 'timeout': '5', 'success_count': '5', 'failure_count': '3'}, 'external_ids': {'octavia:healthmonitor': 'ed967a26-3b9f-4292-9e76-a444f360a3af', 'octavia:pool_id': '32c42c98-2c9b-4208-ab5b-8c0a58ee4af3', 'octavia:vip': '172.24.5.20'}}, row=False),)) {{(pid=120241) do_commit /opt/stack/data/venv/lib/python3.12/site-packages/ovsdbapp/backend/ovs_idl/transaction.py:89}}
Jul 23 05:33:54.136175 np0000186252 devstack@o-api.service[120241]: DEBUG ovn_octavia_provider.helper [-] no member status on external_ids: None {{(pid=120241) _get_current_operating_statuses /opt/stack/ovn-octavia-provider/ovn_octavia_provider/helper.py:4234}}
Jul 23 05:33:54.138483 np0000186252 devstack@o-api.service[120241]: [pid: 120241|app: 0|req: 5/18] 172.18.0.2 () {58 vars in 1216 bytes} [Thu Jul 23 05:33:54 2026] POST /load-balancer/v2.0/lbaas/healthmonitors => generated 649 bytes in 116 msecs (HTTP/1.1 201) 4 headers in 162 bytes (1 switches on core 0)
Jul 23 05:33:54.165496 np0000186252 devstack@o-api.service[120242]: [pid: 120242|app: 0|req: 5/19] 172.18.0.2 () {54 vars in 1270 bytes} [Thu Jul 23 05:33:54 2026] GET /load-balancer/v2.0/lbaas/loadbalancers/94b4328a-f9d9-41f1-979f-93adae0bdc84 => generated 988 bytes in 22 msecs (HTTP/1.1 200) 4 headers in 157 bytes (2 switches on core 0)
Jul 23 05:33:54.377755 np0000186252 devstack@o-api.service[120241]: DEBUG ovn_octavia_provider.helper [-] Updating status to octavia: {'loadbalancers': [{'id': '94b4328a-f9d9-41f1-979f-93adae0bdc84', 'provisioning_status': 'ACTIVE', 'operating_status': 'ONLINE'}], 'listeners': [{'id': 'd54bdc20-2c50-457d-9259-95e7f34a3318', 'provisioning_status': 'ACTIVE', 'operating_status': 'ONLINE'}], 'pools': [{'id': '32c42c98-2c9b-4208-ab5b-8c0a58ee4af3', 'provisioning_status': 'ACTIVE', 'operating_status': 'OFFLINE'}], 'members': [], 'healthmonitors': [{'id': 'ed967a26-3b9f-4292-9e76-a444f360a3af', 'provisioning_status': 'ACTIVE', 'operating_status': 'ONLINE'}]} {{(pid=120241) _update_status_to_octavia /opt/stack/ovn-octavia-provider/ovn_octavia_provider/helper.py:450}}
Jul 23 05:33:55.227609 np0000186252 devstack@o-api.service[120240]: [pid: 120240|app: 0|req: 5/20] 172.18.0.2 () {54 vars in 1270 bytes} [Thu Jul 23 05:33:55 2026] GET /load-balancer/v2.0/lbaas/loadbalancers/94b4328a-f9d9-41f1-979f-93adae0bdc84 => generated 980 bytes in 25 msecs (HTTP/1.1 200) 4 headers in 157 bytes (1 switches on core 0)
Jul 23 05:33:55.894202 np0000186252 devstack@o-api.service[120243]: [pid: 120243|app: 0|req: 6/21] 172.18.0.2 () {54 vars in 1088 bytes} [Thu Jul 23 05:33:55 2026] GET /load-balancer/ => generated 4776 bytes in 5 msecs (HTTP/1.1 200) 4 headers in 158 bytes (1 switches on core 0)
Jul 23 05:33:55.950352 np0000186252 devstack@o-api.service[120241]: [pid: 120241|app: 0|req: 6/22] 172.18.0.2 () {54 vars in 1280 bytes} [Thu Jul 23 05:33:55 2026] GET /load-balancer/v2.0/lbaas/loadbalancers?name=k8s-clusterapi-cluster-magnum-system-kube-okpsu-kubeapi => generated 1010 bytes in 43 msecs (HTTP/1.1 200) 4 headers in 158 bytes (1 switches on core 0)
Jul 23 05:33:56.027676 np0000186252 devstack@o-api.service[120242]: [pid: 120242|app: 0|req: 6/23] 172.18.0.2 () {54 vars in 1088 bytes} [Thu Jul 23 05:33:56 2026] GET /load-balancer/ => generated 4776 bytes in 6 msecs (HTTP/1.1 200) 4 headers in 158 bytes (1 switches on core 0)
Jul 23 05:33:56.071678 np0000186252 devstack@o-api.service[120240]: [pid: 120240|app: 0|req: 6/24] 172.18.0.2 () {54 vars in 1278 bytes} [Thu Jul 23 05:33:56 2026] GET /load-balancer/v2.0/lbaas/listeners?name=k8s-clusterapi-cluster-magnum-system-kube-okpsu-kubeapi-6443 => generated 1133 bytes in 41 msecs (HTTP/1.1 200) 4 headers in 158 bytes (1 switches on core 0)
Jul 23 05:33:56.312378 np0000186252 devstack@o-api.service[120243]: [pid: 120243|app: 0|req: 7/25] 172.18.0.2 () {54 vars in 1266 bytes} [Thu Jul 23 05:33:56 2026] GET /load-balancer/v2.0/lbaas/pools?name=k8s-clusterapi-cluster-magnum-system-kube-okpsu-kubeapi-6443 => generated 902 bytes in 239 msecs (HTTP/1.1 200) 4 headers in 157 bytes (1 switches on core 0)
Jul 23 05:33:56.339933 np0000186252 devstack@o-api.service[120241]: [pid: 120241|app: 0|req: 7/26] 172.18.0.2 () {54 vars in 1293 bytes} [Thu Jul 23 05:33:56 2026] GET /load-balancer/v2.0/lbaas/healthmonitors?name=k8s-clusterapi-cluster-magnum-system-kube-okpsu-kubeapi-6443 => generated 688 bytes in 25 msecs (HTTP/1.1 200) 4 headers in 157 bytes (1 switches on core 0)
Jul 23 05:33:56.841381 np0000186252 devstack@o-api.service[120242]: [pid: 120242|app: 0|req: 7/27] 172.18.0.2 () {54 vars in 1088 bytes} [Thu Jul 23 05:33:56 2026] GET /load-balancer/ => generated 4776 bytes in 3 msecs (HTTP/1.1 200) 4 headers in 158 bytes (1 switches on core 0)
Jul 23 05:33:56.907135 np0000186252 devstack@o-api.service[120240]: [pid: 120240|app: 0|req: 7/28] 172.18.0.2 () {54 vars in 1280 bytes} [Thu Jul 23 05:33:56 2026] GET /load-balancer/v2.0/lbaas/loadbalancers?name=k8s-clusterapi-cluster-magnum-system-kube-okpsu-kubeapi => generated 1010 bytes in 53 msecs (HTTP/1.1 200) 4 headers in 158 bytes (1 switches on core 0)
Jul 23 05:33:56.954936 np0000186252 devstack@o-api.service[120243]: [pid: 120243|app: 0|req: 8/29] 172.18.0.2 () {54 vars in 1088 bytes} [Thu Jul 23 05:33:56 2026] GET /load-balancer/ => generated 4776 bytes in 4 msecs (HTTP/1.1 200) 4 headers in 158 bytes (1 switches on core 0)
Jul 23 05:33:56.994116 np0000186252 devstack@o-api.service[120241]: [pid: 120241|app: 0|req: 8/30] 172.18.0.2 () {54 vars in 1278 bytes} [Thu Jul 23 05:33:56 2026] GET /load-balancer/v2.0/lbaas/listeners?name=k8s-clusterapi-cluster-magnum-system-kube-okpsu-kubeapi-6443 => generated 1133 bytes in 37 msecs (HTTP/1.1 200) 4 headers in 158 bytes (1 switches on core 0)
Jul 23 05:33:57.054067 np0000186252 devstack@o-api.service[120242]: [pid: 120242|app: 0|req: 8/31] 172.18.0.2 () {54 vars in 1266 bytes} [Thu Jul 23 05:33:56 2026] GET /load-balancer/v2.0/lbaas/pools?name=k8s-clusterapi-cluster-magnum-system-kube-okpsu-kubeapi-6443 => generated 902 bytes in 57 msecs (HTTP/1.1 200) 4 headers in 157 bytes (1 switches on core 0)
Jul 23 05:33:57.087189 np0000186252 devstack@o-api.service[120240]: [pid: 120240|app: 0|req: 8/32] 172.18.0.2 () {54 vars in 1293 bytes} [Thu Jul 23 05:33:57 2026] GET /load-balancer/v2.0/lbaas/healthmonitors?name=k8s-clusterapi-cluster-magnum-system-kube-okpsu-kubeapi-6443 => generated 688 bytes in 30 msecs (HTTP/1.1 200) 4 headers in 157 bytes (1 switches on core 0)
Jul 23 05:34:46.344492 np0000186252 devstack@o-api.service[120243]: [pid: 120243|app: 0|req: 9/33] 172.18.0.2 () {54 vars in 1088 bytes} [Thu Jul 23 05:34:46 2026] GET /load-balancer/ => generated 4776 bytes in 5 msecs (HTTP/1.1 200) 4 headers in 158 bytes (1 switches on core 0)
Jul 23 05:34:46.406169 np0000186252 devstack@o-api.service[120241]: [pid: 120241|app: 0|req: 9/34] 172.18.0.2 () {54 vars in 1266 bytes} [Thu Jul 23 05:34:46 2026] GET /load-balancer/v2.0/lbaas/pools?name=k8s-clusterapi-cluster-magnum-system-kube-okpsu-kubeapi-6443 => generated 902 bytes in 50 msecs (HTTP/1.1 200) 4 headers in 157 bytes (1 switches on core 0)
Jul 23 05:34:46.436971 np0000186252 devstack@o-api.service[120242]: [pid: 120242|app: 0|req: 9/35] 172.18.0.2 () {54 vars in 1447 bytes} [Thu Jul 23 05:34:46 2026] GET /load-balancer/v2.0/lbaas/pools/32c42c98-2c9b-4208-ab5b-8c0a58ee4af3/members?name=k8s-clusterapi-cluster-magnum-system-kube-okpsu-kubeapi-6443-kube-okpsu-657mx-plkgl => generated 36 bytes in 28 msecs (HTTP/1.1 200) 4 headers in 156 bytes (1 switches on core 0)
Jul 23 05:34:46.462509 np0000186252 devstack@o-api.service[120240]: [pid: 120240|app: 0|req: 9/36] 172.18.0.2 () {54 vars in 1270 bytes} [Thu Jul 23 05:34:46 2026] GET /load-balancer/v2.0/lbaas/loadbalancers/94b4328a-f9d9-41f1-979f-93adae0bdc84 => generated 980 bytes in 23 msecs (HTTP/1.1 200) 4 headers in 157 bytes (1 switches on core 0)
Jul 23 05:34:46.524056 np0000186252 devstack@o-api.service[120243]: DEBUG ovsdbapp.backend.ovs_idl [None req-85a11785-5e07-49cf-98fd-8a5080f52492 demo demo] Connection already started, not creating indices {{(pid=120243) __init__ /opt/stack/data/venv/lib/python3.12/site-packages/ovsdbapp/backend/ovs_idl/__init__.py:36}}
Jul 23 05:34:46.524639 np0000186252 devstack@o-api.service[120243]: DEBUG octavia.db.repositories [None req-85a11785-5e07-49cf-98fd-8a5080f52492 demo demo] Checking quota for project: 8139e5745a0b4dc0a1da67f398e36a59 object: {{(pid=120243) check_quota_met /opt/stack/octavia/octavia/db/repositories.py:451}}
Jul 23 05:34:46.560138 np0000186252 devstack@o-api.service[120243]: INFO octavia.api.v2.controllers.member [None req-85a11785-5e07-49cf-98fd-8a5080f52492 demo demo] Sending create Member 307a9b87-a709-4cd0-8879-21949cd5355f to provider ovn
Jul 23 05:34:47.238427 np0000186252 devstack@o-api.service[120243]: DEBUG ovn_octavia_provider.helper [-] Handling request member_create with info [{'id': '307a9b87-a709-4cd0-8879-21949cd5355f', 'address': '192.168.24.32', 'protocol_port': 6443, 'pool_id': '32c42c98-2c9b-4208-ab5b-8c0a58ee4af3', 'subnet_id': '1d45586a-9473-4d24-a78a-2cee73281a33', 'admin_state_up': True}] {{(pid=120243) request_handler /opt/stack/ovn-octavia-provider/ovn_octavia_provider/helper.py:423}}
Jul 23 05:34:47.239662 np0000186252 devstack@o-api.service[120243]: DEBUG ovn_octavia_provider.helper [-] no member status on external_ids: None {{(pid=120243) _find_member_status /opt/stack/ovn-octavia-provider/ovn_octavia_provider/helper.py:2552}}
Jul 23 05:34:47.240900 np0000186252 devstack@o-api.service[120243]: DEBUG ovsdbapp.backend.ovs_idl.transaction [-] Running txn n=1 command(idx=0): DbSetCommand(_result=None, table=Load_Balancer, record=e41899ab-d74b-4b64-a606-d1fb10f2e427, col_values=(('external_ids', {'pool_32c42c98-2c9b-4208-ab5b-8c0a58ee4af3': 'member_307a9b87-a709-4cd0-8879-21949cd5355f_192.168.24.32:6443_1d45586a-9473-4d24-a78a-2cee73281a33'}),), if_exists=True) {{(pid=120243) do_commit /opt/stack/data/venv/lib/python3.12/site-packages/ovsdbapp/backend/ovs_idl/transaction.py:89}}
Jul 23 05:34:47.241953 np0000186252 devstack@o-api.service[120243]: DEBUG ovsdbapp.backend.ovs_idl.transaction [-] Running txn n=1 command(idx=1): DbClearCommand(_result=None, table=Load_Balancer, record=e41899ab-d74b-4b64-a606-d1fb10f2e427, column=vips) {{(pid=120243) do_commit /opt/stack/data/venv/lib/python3.12/site-packages/ovsdbapp/backend/ovs_idl/transaction.py:89}}
Jul 23 05:34:47.242400 np0000186252 devstack@o-api.service[120243]: DEBUG ovsdbapp.backend.ovs_idl.transaction [-] Running txn n=1 command(idx=2): DbSetCommand(_result=None, table=Load_Balancer, record=e41899ab-d74b-4b64-a606-d1fb10f2e427, col_values=(('vips', {'192.168.24.15:6443': '192.168.24.32:6443', '172.24.5.20:6443': '192.168.24.32:6443'}),), if_exists=True) {{(pid=120243) do_commit /opt/stack/data/venv/lib/python3.12/site-packages/ovsdbapp/backend/ovs_idl/transaction.py:89}}
Jul 23 05:34:47.268296 np0000186252 devstack@o-api.service[120243]: [pid: 120243|app: 0|req: 10/37] 172.18.0.2 () {58 vars in 1324 bytes} [Thu Jul 23 05:34:46 2026] POST /load-balancer/v2.0/lbaas/pools/32c42c98-2c9b-4208-ab5b-8c0a58ee4af3/members => generated 587 bytes in 804 msecs (HTTP/1.1 201) 4 headers in 162 bytes (1 switches on core 0)
Jul 23 05:34:47.311249 np0000186252 devstack@o-api.service[120243]: DEBUG ovsdbapp.backend.ovs_idl.transaction [-] Running txn n=1 command(idx=0): DbSetCommand(_result=None, table=Load_Balancer, record=e41899ab-d74b-4b64-a606-d1fb10f2e427, col_values=(('external_ids', {'ls_refs': '{"neutron-ba533971-d7b1-4ca6-83b5-187136f8ad84": 2}'}),), if_exists=True) {{(pid=120243) do_commit /opt/stack/data/venv/lib/python3.12/site-packages/ovsdbapp/backend/ovs_idl/transaction.py:89}}
Jul 23 05:34:47.311901 np0000186252 devstack@o-api.service[120241]: [pid: 120241|app: 0|req: 10/38] 172.18.0.2 () {54 vars in 1381 bytes} [Thu Jul 23 05:34:47 2026] GET /load-balancer/v2.0/lbaas/pools/32c42c98-2c9b-4208-ab5b-8c0a58ee4af3/members/307a9b87-a709-4cd0-8879-21949cd5355f => generated 587 bytes in 41 msecs (HTTP/1.1 200) 4 headers in 157 bytes (1 switches on core 0)
Jul 23 05:34:47.369993 np0000186252 devstack@o-api.service[120243]: DEBUG ovsdbapp.backend.ovs_idl.transaction [-] Running txn n=1 command(idx=0): LrLbAddCommand(_result=None, router=5e31cc22-8b9a-4900-ad40-9469cdacfe0f, lb=e41899ab-d74b-4b64-a606-d1fb10f2e427, may_exist=True) {{(pid=120243) do_commit /opt/stack/data/venv/lib/python3.12/site-packages/ovsdbapp/backend/ovs_idl/transaction.py:89}}
Jul 23 05:34:47.370810 np0000186252 devstack@o-api.service[120243]: DEBUG ovsdbapp.backend.ovs_idl.transaction [-] Running txn n=1 command(idx=1): LsLbAddCommand(_result=None, switch=neutron-ba533971-d7b1-4ca6-83b5-187136f8ad84, lb=e41899ab-d74b-4b64-a606-d1fb10f2e427, may_exist=True) {{(pid=120243) do_commit /opt/stack/data/venv/lib/python3.12/site-packages/ovsdbapp/backend/ovs_idl/transaction.py:89}}
Jul 23 05:34:47.371175 np0000186252 devstack@o-api.service[120243]: DEBUG ovsdbapp.backend.ovs_idl.transaction [-] Transaction caused no change {{(pid=120243) do_commit /opt/stack/data/venv/lib/python3.12/site-packages/ovsdbapp/backend/ovs_idl/transaction.py:129}}
Jul 23 05:34:47.990055 np0000186252 devstack@o-api.service[120243]: DEBUG ovsdbapp.backend.ovs_idl.transaction [-] Running txn n=1 command(idx=0): AddBackendToIPPortMapping(_result=None, lb=e41899ab-d74b-4b64-a606-d1fb10f2e427, backend_ip=192.168.24.32, port_name=8324818b-2d56-48fb-8591-98944d817a5e, src_ip=192.168.24.74) {{(pid=120243) do_commit /opt/stack/data/venv/lib/python3.12/site-packages/ovsdbapp/backend/ovs_idl/transaction.py:89}}
Jul 23 05:34:47.997083 np0000186252 devstack@o-api.service[120243]: DEBUG ovn_octavia_provider.helper [-] no member status on external_ids: None {{(pid=120243) _update_external_ids_member_status /opt/stack/ovn-octavia-provider/ovn_octavia_provider/helper.py:2584}}
Jul 23 05:34:47.999877 np0000186252 devstack@o-api.service[120243]: DEBUG ovsdbapp.backend.ovs_idl.transaction [-] Running txn n=1 command(idx=0): DbSetCommand(_result=None, table=Load_Balancer, record=e41899ab-d74b-4b64-a606-d1fb10f2e427, col_values=(('external_ids', {'neutron:member_status': '{"307a9b87-a709-4cd0-8879-21949cd5355f": "ONLINE"}'}),), if_exists=True) {{(pid=120243) do_commit /opt/stack/data/venv/lib/python3.12/site-packages/ovsdbapp/backend/ovs_idl/transaction.py:89}}
Jul 23 05:34:48.240739 np0000186252 devstack@o-api.service[120243]: DEBUG ovn_octavia_provider.helper [-] Updating status to octavia: {'loadbalancers': [{'id': '94b4328a-f9d9-41f1-979f-93adae0bdc84', 'provisioning_status': 'ACTIVE', 'operating_status': 'ONLINE'}], 'listeners': [{'id': 'd54bdc20-2c50-457d-9259-95e7f34a3318', 'provisioning_status': 'ACTIVE', 'operating_status': 'ONLINE'}], 'pools': [{'id': '32c42c98-2c9b-4208-ab5b-8c0a58ee4af3', 'provisioning_status': 'ACTIVE', 'operating_status': 'ONLINE'}], 'members': [{'id': '307a9b87-a709-4cd0-8879-21949cd5355f', 'provisioning_status': 'ACTIVE', 'operating_status': 'ONLINE'}]} {{(pid=120243) _update_status_to_octavia /opt/stack/ovn-octavia-provider/ovn_octavia_provider/helper.py:450}}
Jul 23 05:34:48.427833 np0000186252 devstack@o-api.service[120242]: [pid: 120242|app: 0|req: 10/39] 172.18.0.2 () {54 vars in 1381 bytes} [Thu Jul 23 05:34:48 2026] GET /load-balancer/v2.0/lbaas/pools/32c42c98-2c9b-4208-ab5b-8c0a58ee4af3/members/307a9b87-a709-4cd0-8879-21949cd5355f => generated 595 bytes in 22 msecs (HTTP/1.1 200) 4 headers in 157 bytes (1 switches on core 0)
Jul 23 05:34:48.445283 np0000186252 devstack@o-api.service[120243]: DEBUG ovn_octavia_provider.helper [-] Handling request handle_member_dvr with info [{'id': '307a9b87-a709-4cd0-8879-21949cd5355f', 'address': '192.168.24.32', 'pool_id': '32c42c98-2c9b-4208-ab5b-8c0a58ee4af3', 'subnet_id': '1d45586a-9473-4d24-a78a-2cee73281a33', 'action': 'member_added'}] {{(pid=120243) request_handler /opt/stack/ovn-octavia-provider/ovn_octavia_provider/helper.py:423}}
Jul 23 05:34:48.453488 np0000186252 devstack@o-api.service[120240]: [pid: 120240|app: 0|req: 10/40] 172.18.0.2 () {54 vars in 1270 bytes} [Thu Jul 23 05:34:48 2026] GET /load-balancer/v2.0/lbaas/loadbalancers/94b4328a-f9d9-41f1-979f-93adae0bdc84 => generated 980 bytes in 23 msecs (HTTP/1.1 200) 4 headers in 157 bytes (1 switches on core 0)
Jul 23 05:34:48.491356 np0000186252 devstack@o-api.service[120243]: DEBUG ovn_octavia_provider.helper [-] Member 307a9b87-a709-4cd0-8879-21949cd5355f has no FIP assigned. There is no need to modify its NAT. {{(pid=120243) handle_member_dvr /opt/stack/ovn-octavia-provider/ovn_octavia_provider/helper.py:3299}}
Jul 23 05:34:48.776636 np0000186252 devstack@o-api.service[120243]: [pid: 120243|app: 0|req: 11/41] 172.18.0.2 () {54 vars in 1088 bytes} [Thu Jul 23 05:34:48 2026] GET /load-balancer/ => generated 4776 bytes in 8 msecs (HTTP/1.1 200) 4 headers in 158 bytes (1 switches on core 0)
Jul 23 05:34:48.818606 np0000186252 devstack@o-api.service[120241]: [pid: 120241|app: 0|req: 11/42] 172.18.0.2 () {54 vars in 1266 bytes} [Thu Jul 23 05:34:48 2026] GET /load-balancer/v2.0/lbaas/pools?name=k8s-clusterapi-cluster-magnum-system-kube-okpsu-kubeapi-6443 => generated 947 bytes in 33 msecs (HTTP/1.1 200) 4 headers in 157 bytes (1 switches on core 0)
Jul 23 05:34:48.847691 np0000186252 devstack@o-api.service[120242]: [pid: 120242|app: 0|req: 11/43] 172.18.0.2 () {54 vars in 1447 bytes} [Thu Jul 23 05:34:48 2026] GET /load-balancer/v2.0/lbaas/pools/32c42c98-2c9b-4208-ab5b-8c0a58ee4af3/members?name=k8s-clusterapi-cluster-magnum-system-kube-okpsu-kubeapi-6443-kube-okpsu-657mx-plkgl => generated 619 bytes in 27 msecs (HTTP/1.1 200) 4 headers in 157 bytes (1 switches on core 0)
Jul 23 05:34:49.078174 np0000186252 devstack@o-api.service[120240]: [pid: 120240|app: 0|req: 11/44] 172.18.0.2 () {54 vars in 1088 bytes} [Thu Jul 23 05:34:49 2026] GET /load-balancer/ => generated 4776 bytes in 6 msecs (HTTP/1.1 200) 4 headers in 158 bytes (1 switches on core 0)
Jul 23 05:34:49.124501 np0000186252 devstack@o-api.service[120243]: [pid: 120243|app: 0|req: 12/45] 172.18.0.2 () {54 vars in 1266 bytes} [Thu Jul 23 05:34:49 2026] GET /load-balancer/v2.0/lbaas/pools?name=k8s-clusterapi-cluster-magnum-system-kube-okpsu-kubeapi-6443 => generated 947 bytes in 35 msecs (HTTP/1.1 200) 4 headers in 157 bytes (1 switches on core 0)
Jul 23 05:34:49.157628 np0000186252 devstack@o-api.service[120241]: [pid: 120241|app: 0|req: 12/46] 172.18.0.2 () {54 vars in 1447 bytes} [Thu Jul 23 05:34:49 2026] GET /load-balancer/v2.0/lbaas/pools/32c42c98-2c9b-4208-ab5b-8c0a58ee4af3/members?name=k8s-clusterapi-cluster-magnum-system-kube-okpsu-kubeapi-6443-kube-okpsu-657mx-plkgl => generated 619 bytes in 31 msecs (HTTP/1.1 200) 4 headers in 157 bytes (1 switches on core 0)
Jul 23 05:34:49.753892 np0000186252 devstack@o-api.service[120242]: [pid: 120242|app: 0|req: 12/47] 172.18.0.2 () {54 vars in 1088 bytes} [Thu Jul 23 05:34:49 2026] GET /load-balancer/ => generated 4776 bytes in 3 msecs (HTTP/1.1 200) 4 headers in 158 bytes (1 switches on core 0)
Jul 23 05:34:49.816600 np0000186252 devstack@o-api.service[120240]: [pid: 120240|app: 0|req: 12/48] 172.18.0.2 () {54 vars in 1266 bytes} [Thu Jul 23 05:34:49 2026] GET /load-balancer/v2.0/lbaas/pools?name=k8s-clusterapi-cluster-magnum-system-kube-okpsu-kubeapi-6443 => generated 947 bytes in 52 msecs (HTTP/1.1 200) 4 headers in 157 bytes (1 switches on core 0)
Jul 23 05:34:49.855462 np0000186252 devstack@o-api.service[120243]: [pid: 120243|app: 0|req: 13/49] 172.18.0.2 () {54 vars in 1447 bytes} [Thu Jul 23 05:34:49 2026] GET /load-balancer/v2.0/lbaas/pools/32c42c98-2c9b-4208-ab5b-8c0a58ee4af3/members?name=k8s-clusterapi-cluster-magnum-system-kube-okpsu-kubeapi-6443-kube-okpsu-657mx-plkgl => generated 619 bytes in 37 msecs (HTTP/1.1 200) 4 headers in 157 bytes (1 switches on core 0)
Jul 23 05:34:50.113515 np0000186252 devstack@o-api.service[120241]: [pid: 120241|app: 0|req: 13/50] 172.18.0.2 () {54 vars in 1088 bytes} [Thu Jul 23 05:34:50 2026] GET /load-balancer/ => generated 4776 bytes in 4 msecs (HTTP/1.1 200) 4 headers in 158 bytes (1 switches on core 0)
Jul 23 05:34:50.267410 np0000186252 devstack@o-api.service[120242]: [pid: 120242|app: 0|req: 13/51] 172.18.0.2 () {54 vars in 1266 bytes} [Thu Jul 23 05:34:50 2026] GET /load-balancer/v2.0/lbaas/pools?name=k8s-clusterapi-cluster-magnum-system-kube-okpsu-kubeapi-6443 => generated 947 bytes in 141 msecs (HTTP/1.1 200) 4 headers in 157 bytes (1 switches on core 0)
Jul 23 05:34:50.312391 np0000186252 devstack@o-api.service[120240]: [pid: 120240|app: 0|req: 13/52] 172.18.0.2 () {54 vars in 1447 bytes} [Thu Jul 23 05:34:50 2026] GET /load-balancer/v2.0/lbaas/pools/32c42c98-2c9b-4208-ab5b-8c0a58ee4af3/members?name=k8s-clusterapi-cluster-magnum-system-kube-okpsu-kubeapi-6443-kube-okpsu-657mx-plkgl => generated 619 bytes in 42 msecs (HTTP/1.1 200) 4 headers in 157 bytes (1 switches on core 0)
Jul 23 05:34:50.745616 np0000186252 devstack@o-api.service[120243]: [pid: 120243|app: 0|req: 14/53] 172.18.0.2 () {54 vars in 1088 bytes} [Thu Jul 23 05:34:50 2026] GET /load-balancer/ => generated 4776 bytes in 3 msecs (HTTP/1.1 200) 4 headers in 158 bytes (1 switches on core 0)
Jul 23 05:34:50.791353 np0000186252 devstack@o-api.service[120241]: [pid: 120241|app: 0|req: 14/54] 172.18.0.2 () {54 vars in 1266 bytes} [Thu Jul 23 05:34:50 2026] GET /load-balancer/v2.0/lbaas/pools?name=k8s-clusterapi-cluster-magnum-system-kube-okpsu-kubeapi-6443 => generated 947 bytes in 32 msecs (HTTP/1.1 200) 4 headers in 157 bytes (1 switches on core 0)
Jul 23 05:34:50.833241 np0000186252 devstack@o-api.service[120242]: [pid: 120242|app: 0|req: 14/55] 172.18.0.2 () {54 vars in 1447 bytes} [Thu Jul 23 05:34:50 2026] GET /load-balancer/v2.0/lbaas/pools/32c42c98-2c9b-4208-ab5b-8c0a58ee4af3/members?name=k8s-clusterapi-cluster-magnum-system-kube-okpsu-kubeapi-6443-kube-okpsu-657mx-plkgl => generated 619 bytes in 40 msecs (HTTP/1.1 200) 4 headers in 157 bytes (1 switches on core 0)
Jul 23 05:35:29.116596 np0000186252 devstack@o-api.service[120240]: [pid: 120240|app: 0|req: 14/56] 172.18.0.2 () {54 vars in 1088 bytes} [Thu Jul 23 05:35:29 2026] GET /load-balancer/ => generated 4776 bytes in 4 msecs (HTTP/1.1 200) 4 headers in 158 bytes (1 switches on core 0)
Jul 23 05:35:29.174430 np0000186252 devstack@o-api.service[120243]: [pid: 120243|app: 0|req: 15/57] 172.18.0.2 () {54 vars in 1280 bytes} [Thu Jul 23 05:35:29 2026] GET /load-balancer/v2.0/lbaas/loadbalancers?name=k8s-clusterapi-cluster-magnum-system-kube-okpsu-kubeapi => generated 1009 bytes in 45 msecs (HTTP/1.1 200) 4 headers in 158 bytes (1 switches on core 0)
Jul 23 05:35:29.262012 np0000186252 devstack@o-api.service[120241]: [pid: 120241|app: 0|req: 15/58] 172.18.0.2 () {54 vars in 1088 bytes} [Thu Jul 23 05:35:29 2026] GET /load-balancer/ => generated 4776 bytes in 6 msecs (HTTP/1.1 200) 4 headers in 158 bytes (1 switches on core 0)
Jul 23 05:35:29.300665 np0000186252 devstack@o-api.service[120242]: [pid: 120242|app: 0|req: 15/59] 172.18.0.2 () {54 vars in 1278 bytes} [Thu Jul 23 05:35:29 2026] GET /load-balancer/v2.0/lbaas/listeners?name=k8s-clusterapi-cluster-magnum-system-kube-okpsu-kubeapi-6443 => generated 1132 bytes in 36 msecs (HTTP/1.1 200) 4 headers in 158 bytes (1 switches on core 0)
Jul 23 05:35:29.346396 np0000186252 devstack@o-api.service[120240]: [pid: 120240|app: 0|req: 15/60] 172.18.0.2 () {54 vars in 1266 bytes} [Thu Jul 23 05:35:29 2026] GET /load-balancer/v2.0/lbaas/pools?name=k8s-clusterapi-cluster-magnum-system-kube-okpsu-kubeapi-6443 => generated 946 bytes in 43 msecs (HTTP/1.1 200) 4 headers in 157 bytes (1 switches on core 0)
Jul 23 05:35:29.373147 np0000186252 devstack@o-api.service[120243]: [pid: 120243|app: 0|req: 16/61] 172.18.0.2 () {54 vars in 1293 bytes} [Thu Jul 23 05:35:29 2026] GET /load-balancer/v2.0/lbaas/healthmonitors?name=k8s-clusterapi-cluster-magnum-system-kube-okpsu-kubeapi-6443 => generated 688 bytes in 24 msecs (HTTP/1.1 200) 4 headers in 157 bytes (1 switches on core 0)
Jul 23 05:36:06.644366 np0000186252 devstack@o-api.service[120241]: [pid: 120241|app: 0|req: 16/62] 172.18.0.2 () {54 vars in 1088 bytes} [Thu Jul 23 05:36:06 2026] GET /load-balancer/ => generated 4776 bytes in 3 msecs (HTTP/1.1 200) 4 headers in 158 bytes (2 switches on core 0)
Jul 23 05:36:06.686728 np0000186252 devstack@o-api.service[120242]: [pid: 120242|app: 0|req: 16/63] 172.18.0.2 () {54 vars in 1266 bytes} [Thu Jul 23 05:36:06 2026] GET /load-balancer/v2.0/lbaas/pools?name=k8s-clusterapi-cluster-magnum-system-kube-okpsu-kubeapi-6443 => generated 946 bytes in 33 msecs (HTTP/1.1 200) 4 headers in 157 bytes (1 switches on core 0)
Jul 23 05:36:06.720576 np0000186252 devstack@o-api.service[120240]: [pid: 120240|app: 0|req: 16/64] 172.18.0.2 () {54 vars in 1447 bytes} [Thu Jul 23 05:36:06 2026] GET /load-balancer/v2.0/lbaas/pools/32c42c98-2c9b-4208-ab5b-8c0a58ee4af3/members?name=k8s-clusterapi-cluster-magnum-system-kube-okpsu-kubeapi-6443-kube-okpsu-657mx-plkgl => generated 618 bytes in 32 msecs (HTTP/1.1 200) 4 headers in 157 bytes (1 switches on core 0)
Jul 23 05:36:49.060485 np0000186252 devstack@o-api.service[120243]: [pid: 120243|app: 0|req: 17/65] 172.18.0.2 () {54 vars in 1088 bytes} [Thu Jul 23 05:36:49 2026] GET /load-balancer/ => generated 4776 bytes in 3 msecs (HTTP/1.1 200) 4 headers in 158 bytes (2 switches on core 0)
Jul 23 05:36:49.116106 np0000186252 devstack@o-api.service[120241]: [pid: 120241|app: 0|req: 17/66] 172.18.0.2 () {54 vars in 1266 bytes} [Thu Jul 23 05:36:49 2026] GET /load-balancer/v2.0/lbaas/pools?name=k8s-clusterapi-cluster-magnum-system-kube-okpsu-kubeapi-6443 => generated 947 bytes in 39 msecs (HTTP/1.1 200) 4 headers in 157 bytes (1 switches on core 0)
Jul 23 05:36:49.144008 np0000186252 devstack@o-api.service[120242]: [pid: 120242|app: 0|req: 17/67] 172.18.0.2 () {54 vars in 1447 bytes} [Thu Jul 23 05:36:49 2026] GET /load-balancer/v2.0/lbaas/pools/32c42c98-2c9b-4208-ab5b-8c0a58ee4af3/members?name=k8s-clusterapi-cluster-magnum-system-kube-okpsu-kubeapi-6443-kube-okpsu-657mx-plkgl => generated 619 bytes in 26 msecs (HTTP/1.1 200) 4 headers in 157 bytes (1 switches on core 0)
Jul 23 05:36:49.449673 np0000186252 devstack@o-api.service[120240]: [pid: 120240|app: 0|req: 17/68] 172.18.0.2 () {54 vars in 1088 bytes} [Thu Jul 23 05:36:49 2026] GET /load-balancer/ => generated 4776 bytes in 3 msecs (HTTP/1.1 200) 4 headers in 158 bytes (1 switches on core 0)
Jul 23 05:36:49.504434 np0000186252 devstack@o-api.service[120243]: [pid: 120243|app: 0|req: 18/69] 172.18.0.2 () {54 vars in 1266 bytes} [Thu Jul 23 05:36:49 2026] GET /load-balancer/v2.0/lbaas/pools?name=k8s-clusterapi-cluster-magnum-system-kube-okpsu-kubeapi-6443 => generated 947 bytes in 42 msecs (HTTP/1.1 200) 4 headers in 157 bytes (1 switches on core 0)
Jul 23 05:36:49.532052 np0000186252 devstack@o-api.service[120241]: [pid: 120241|app: 0|req: 18/70] 172.18.0.2 () {54 vars in 1447 bytes} [Thu Jul 23 05:36:49 2026] GET /load-balancer/v2.0/lbaas/pools/32c42c98-2c9b-4208-ab5b-8c0a58ee4af3/members?name=k8s-clusterapi-cluster-magnum-system-kube-okpsu-kubeapi-6443-kube-okpsu-657mx-plkgl => generated 619 bytes in 26 msecs (HTTP/1.1 200) 4 headers in 157 bytes (1 switches on core 0)
Jul 23 05:36:49.958154 np0000186252 devstack@o-api.service[120242]: [pid: 120242|app: 0|req: 18/71] 172.18.0.2 () {54 vars in 1088 bytes} [Thu Jul 23 05:36:49 2026] GET /load-balancer/ => generated 4776 bytes in 4 msecs (HTTP/1.1 200) 4 headers in 158 bytes (1 switches on core 0)
Jul 23 05:36:50.018922 np0000186252 devstack@o-api.service[120240]: [pid: 120240|app: 0|req: 18/72] 172.18.0.2 () {54 vars in 1266 bytes} [Thu Jul 23 05:36:49 2026] GET /load-balancer/v2.0/lbaas/pools?name=k8s-clusterapi-cluster-magnum-system-kube-okpsu-kubeapi-6443 => generated 947 bytes in 43 msecs (HTTP/1.1 200) 4 headers in 157 bytes (1 switches on core 0)
Jul 23 05:36:50.046847 np0000186252 devstack@o-api.service[120243]: [pid: 120243|app: 0|req: 19/73] 172.18.0.2 () {54 vars in 1447 bytes} [Thu Jul 23 05:36:50 2026] GET /load-balancer/v2.0/lbaas/pools/32c42c98-2c9b-4208-ab5b-8c0a58ee4af3/members?name=k8s-clusterapi-cluster-magnum-system-kube-okpsu-kubeapi-6443-kube-okpsu-657mx-plkgl => generated 619 bytes in 23 msecs (HTTP/1.1 200) 4 headers in 157 bytes (1 switches on core 0)
Jul 23 05:36:50.289450 np0000186252 devstack@o-api.service[120241]: [pid: 120241|app: 0|req: 19/74] 172.18.0.2 () {54 vars in 1088 bytes} [Thu Jul 23 05:36:50 2026] GET /load-balancer/ => generated 4776 bytes in 4 msecs (HTTP/1.1 200) 4 headers in 158 bytes (1 switches on core 0)
Jul 23 05:36:50.335354 np0000186252 devstack@o-api.service[120242]: [pid: 120242|app: 0|req: 19/75] 172.18.0.2 () {54 vars in 1266 bytes} [Thu Jul 23 05:36:50 2026] GET /load-balancer/v2.0/lbaas/pools?name=k8s-clusterapi-cluster-magnum-system-kube-okpsu-kubeapi-6443 => generated 947 bytes in 35 msecs (HTTP/1.1 200) 4 headers in 157 bytes (1 switches on core 0)
Jul 23 05:36:50.366299 np0000186252 devstack@o-api.service[120240]: [pid: 120240|app: 0|req: 19/76] 172.18.0.2 () {54 vars in 1447 bytes} [Thu Jul 23 05:36:50 2026] GET /load-balancer/v2.0/lbaas/pools/32c42c98-2c9b-4208-ab5b-8c0a58ee4af3/members?name=k8s-clusterapi-cluster-magnum-system-kube-okpsu-kubeapi-6443-kube-okpsu-657mx-plkgl => generated 619 bytes in 28 msecs (HTTP/1.1 200) 4 headers in 157 bytes (1 switches on core 0)
Jul 23 05:36:51.023327 np0000186252 devstack@o-api.service[120243]: [pid: 120243|app: 0|req: 20/77] 172.18.0.2 () {54 vars in 1088 bytes} [Thu Jul 23 05:36:51 2026] GET /load-balancer/ => generated 4776 bytes in 3 msecs (HTTP/1.1 200) 4 headers in 158 bytes (1 switches on core 0)
Jul 23 05:36:51.088855 np0000186252 devstack@o-api.service[120241]: [pid: 120241|app: 0|req: 20/78] 172.18.0.2 () {54 vars in 1266 bytes} [Thu Jul 23 05:36:51 2026] GET /load-balancer/v2.0/lbaas/pools?name=k8s-clusterapi-cluster-magnum-system-kube-okpsu-kubeapi-6443 => generated 947 bytes in 45 msecs (HTTP/1.1 200) 4 headers in 157 bytes (1 switches on core 0)
Jul 23 05:36:51.127045 np0000186252 devstack@o-api.service[120242]: [pid: 120242|app: 0|req: 20/79] 172.18.0.2 () {54 vars in 1447 bytes} [Thu Jul 23 05:36:51 2026] GET /load-balancer/v2.0/lbaas/pools/32c42c98-2c9b-4208-ab5b-8c0a58ee4af3/members?name=k8s-clusterapi-cluster-magnum-system-kube-okpsu-kubeapi-6443-kube-okpsu-657mx-plkgl => generated 619 bytes in 36 msecs (HTTP/1.1 200) 4 headers in 157 bytes (1 switches on core 0)
Jul 23 05:37:44.508035 np0000186252 devstack@o-api.service[120240]: [pid: 120240|app: 0|req: 20/80] 172.24.5.82 () {54 vars in 1092 bytes} [Thu Jul 23 05:37:44 2026] GET /load-balancer/ => generated 4776 bytes in 163 msecs (HTTP/1.1 200) 4 headers in 158 bytes (1 switches on core 0)
Jul 23 05:37:45.786425 np0000186252 devstack@o-api.service[120243]: [pid: 120243|app: 0|req: 21/81] 172.18.0.2 () {54 vars in 1088 bytes} [Thu Jul 23 05:37:45 2026] GET /load-balancer/ => generated 4776 bytes in 3 msecs (HTTP/1.1 200) 4 headers in 158 bytes (1 switches on core 0)
Jul 23 05:37:45.844970 np0000186252 devstack@o-api.service[120241]: [pid: 120241|app: 0|req: 21/82] 172.18.0.2 () {54 vars in 1266 bytes} [Thu Jul 23 05:37:45 2026] GET /load-balancer/v2.0/lbaas/pools?name=k8s-clusterapi-cluster-magnum-system-kube-okpsu-kubeapi-6443 => generated 947 bytes in 47 msecs (HTTP/1.1 200) 4 headers in 157 bytes (1 switches on core 0)
Jul 23 05:37:45.889148 np0000186252 devstack@o-api.service[120242]: [pid: 120242|app: 0|req: 21/83] 172.18.0.2 () {54 vars in 1447 bytes} [Thu Jul 23 05:37:45 2026] GET /load-balancer/v2.0/lbaas/pools/32c42c98-2c9b-4208-ab5b-8c0a58ee4af3/members?name=k8s-clusterapi-cluster-magnum-system-kube-okpsu-kubeapi-6443-kube-okpsu-657mx-plkgl => generated 619 bytes in 39 msecs (HTTP/1.1 200) 4 headers in 157 bytes (1 switches on core 0)
Jul 23 05:37:46.163285 np0000186252 devstack@o-api.service[120240]: [pid: 120240|app: 0|req: 21/84] 172.18.0.2 () {54 vars in 1088 bytes} [Thu Jul 23 05:37:46 2026] GET /load-balancer/ => generated 4776 bytes in 5 msecs (HTTP/1.1 200) 4 headers in 158 bytes (1 switches on core 0)
Jul 23 05:37:46.216091 np0000186252 devstack@o-api.service[120243]: [pid: 120243|app: 0|req: 22/85] 172.18.0.2 () {54 vars in 1266 bytes} [Thu Jul 23 05:37:46 2026] GET /load-balancer/v2.0/lbaas/pools?name=k8s-clusterapi-cluster-magnum-system-kube-okpsu-kubeapi-6443 => generated 947 bytes in 39 msecs (HTTP/1.1 200) 4 headers in 157 bytes (1 switches on core 0)
Jul 23 05:37:46.284772 np0000186252 devstack@o-api.service[120241]: [pid: 120241|app: 0|req: 22/86] 172.18.0.2 () {54 vars in 1447 bytes} [Thu Jul 23 05:37:46 2026] GET /load-balancer/v2.0/lbaas/pools/32c42c98-2c9b-4208-ab5b-8c0a58ee4af3/members?name=k8s-clusterapi-cluster-magnum-system-kube-okpsu-kubeapi-6443-kube-okpsu-657mx-plkgl => generated 619 bytes in 65 msecs (HTTP/1.1 200) 4 headers in 157 bytes (1 switches on core 0)
Jul 23 05:37:46.822814 np0000186252 devstack@o-api.service[120242]: [pid: 120242|app: 0|req: 22/87] 172.18.0.2 () {54 vars in 1088 bytes} [Thu Jul 23 05:37:46 2026] GET /load-balancer/ => generated 4776 bytes in 6 msecs (HTTP/1.1 200) 4 headers in 158 bytes (1 switches on core 0)
Jul 23 05:37:46.868329 np0000186252 devstack@o-api.service[120240]: [pid: 120240|app: 0|req: 22/88] 172.18.0.2 () {54 vars in 1266 bytes} [Thu Jul 23 05:37:46 2026] GET /load-balancer/v2.0/lbaas/pools?name=k8s-clusterapi-cluster-magnum-system-kube-okpsu-kubeapi-6443 => generated 947 bytes in 35 msecs (HTTP/1.1 200) 4 headers in 157 bytes (1 switches on core 0)
Jul 23 05:37:46.905384 np0000186252 devstack@o-api.service[120243]: [pid: 120243|app: 0|req: 23/89] 172.18.0.2 () {54 vars in 1447 bytes} [Thu Jul 23 05:37:46 2026] GET /load-balancer/v2.0/lbaas/pools/32c42c98-2c9b-4208-ab5b-8c0a58ee4af3/members?name=k8s-clusterapi-cluster-magnum-system-kube-okpsu-kubeapi-6443-kube-okpsu-657mx-plkgl => generated 619 bytes in 33 msecs (HTTP/1.1 200) 4 headers in 157 bytes (1 switches on core 0)
Jul 23 05:37:47.174141 np0000186252 devstack@o-api.service[120241]: [pid: 120241|app: 0|req: 23/90] 172.18.0.2 () {54 vars in 1088 bytes} [Thu Jul 23 05:37:47 2026] GET /load-balancer/ => generated 4776 bytes in 5 msecs (HTTP/1.1 200) 4 headers in 158 bytes (1 switches on core 0)
Jul 23 05:37:47.237783 np0000186252 devstack@o-api.service[120242]: [pid: 120242|app: 0|req: 23/91] 172.18.0.2 () {54 vars in 1266 bytes} [Thu Jul 23 05:37:47 2026] GET /load-balancer/v2.0/lbaas/pools?name=k8s-clusterapi-cluster-magnum-system-kube-okpsu-kubeapi-6443 => generated 947 bytes in 43 msecs (HTTP/1.1 200) 4 headers in 157 bytes (1 switches on core 0)
Jul 23 05:37:47.272487 np0000186252 devstack@o-api.service[120240]: [pid: 120240|app: 0|req: 23/92] 172.18.0.2 () {54 vars in 1447 bytes} [Thu Jul 23 05:37:47 2026] GET /load-balancer/v2.0/lbaas/pools/32c42c98-2c9b-4208-ab5b-8c0a58ee4af3/members?name=k8s-clusterapi-cluster-magnum-system-kube-okpsu-kubeapi-6443-kube-okpsu-657mx-plkgl => generated 619 bytes in 32 msecs (HTTP/1.1 200) 4 headers in 157 bytes (1 switches on core 0)
Jul 23 05:38:00.819947 np0000186252 devstack@o-api.service[120243]: [pid: 120243|app: 0|req: 24/93] 172.18.0.2 () {54 vars in 1088 bytes} [Thu Jul 23 05:38:00 2026] GET /load-balancer/ => generated 4776 bytes in 4 msecs (HTTP/1.1 200) 4 headers in 158 bytes (1 switches on core 0)
Jul 23 05:38:00.866885 np0000186252 devstack@o-api.service[120241]: [pid: 120241|app: 0|req: 24/94] 172.18.0.2 () {54 vars in 1266 bytes} [Thu Jul 23 05:38:00 2026] GET /load-balancer/v2.0/lbaas/pools?name=k8s-clusterapi-cluster-magnum-system-kube-okpsu-kubeapi-6443 => generated 947 bytes in 36 msecs (HTTP/1.1 200) 4 headers in 157 bytes (1 switches on core 0)
Jul 23 05:38:00.898881 np0000186252 devstack@o-api.service[120242]: [pid: 120242|app: 0|req: 24/95] 172.18.0.2 () {54 vars in 1447 bytes} [Thu Jul 23 05:38:00 2026] GET /load-balancer/v2.0/lbaas/pools/32c42c98-2c9b-4208-ab5b-8c0a58ee4af3/members?name=k8s-clusterapi-cluster-magnum-system-kube-okpsu-kubeapi-6443-kube-okpsu-657mx-plkgl => generated 619 bytes in 29 msecs (HTTP/1.1 200) 4 headers in 157 bytes (1 switches on core 0)
Jul 23 05:43:18.991078 np0000186252 devstack@o-api.service[120240]: [pid: 120240|app: 0|req: 24/96] 172.18.0.2 () {54 vars in 1088 bytes} [Thu Jul 23 05:43:18 2026] GET /load-balancer/ => generated 4776 bytes in 5 msecs (HTTP/1.1 200) 4 headers in 158 bytes (1 switches on core 0)
Jul 23 05:43:19.040380 np0000186252 devstack@o-api.service[120243]: [pid: 120243|app: 0|req: 25/97] 172.18.0.2 () {54 vars in 1266 bytes} [Thu Jul 23 05:43:19 2026] GET /load-balancer/v2.0/lbaas/pools?name=k8s-clusterapi-cluster-magnum-system-kube-okpsu-kubeapi-6443 => generated 947 bytes in 36 msecs (HTTP/1.1 200) 4 headers in 157 bytes (1 switches on core 0)
Jul 23 05:43:19.074755 np0000186252 devstack@o-api.service[120241]: [pid: 120241|app: 0|req: 25/98] 172.18.0.2 () {54 vars in 1447 bytes} [Thu Jul 23 05:43:19 2026] GET /load-balancer/v2.0/lbaas/pools/32c42c98-2c9b-4208-ab5b-8c0a58ee4af3/members?name=k8s-clusterapi-cluster-magnum-system-kube-okpsu-kubeapi-6443-kube-okpsu-657mx-plkgl => generated 619 bytes in 32 msecs (HTTP/1.1 200) 4 headers in 157 bytes (1 switches on core 0)
Jul 23 05:45:37.809168 np0000186252 devstack@o-api.service[120242]: [pid: 120242|app: 0|req: 25/99] 172.18.0.2 () {54 vars in 1088 bytes} [Thu Jul 23 05:45:37 2026] GET /load-balancer/ => generated 4776 bytes in 9 msecs (HTTP/1.1 200) 4 headers in 158 bytes (1 switches on core 0)
