2026-07-17 04:54:40.472 7 INFO placement.requestlog [req-854a6088-44a5-4860-9f01-a24379461c7c req-ed54b19a-9498-4bc6-9648-13057e1a3b67 ce7a0f19dc804ed999ffc002c07503e3 160b06acfdd147c683cf8b77c5182385 - - 2f30581407ab4def9913b5db80c6c13f 2f30581407ab4def9913b5db80c6c13f] 199.204.45.157 "GET /resource_providers/ab55067d-53ae-4050-9399-54be9e58cbb2/allocations" status: 200 len: 54 microversion: 1.0 [pid: 7|app: 0|req: 288/578] 199.204.45.157 () {32 vars in 857 bytes} [Fri Jul 17 04:54:40 2026] GET /resource_providers/ab55067d-53ae-4050-9399-54be9e58cbb2/allocations => generated 54 bytes in 135 msecs (HTTP/1.1 200) 6 headers in 223 bytes (1 switches on core 0)
2026-07-17 04:54:40.500 8 INFO placement.requestlog [req-854a6088-44a5-4860-9f01-a24379461c7c req-5a9131e5-3d78-46d4-a93e-0d80ebf8038a ce7a0f19dc804ed999ffc002c07503e3 160b06acfdd147c683cf8b77c5182385 - - 2f30581407ab4def9913b5db80c6c13f 2f30581407ab4def9913b5db80c6c13f] 199.204.45.157 "GET /resource_providers?in_tree=ab55067d-53ae-4050-9399-54be9e58cbb2" status: 200 len: 797 microversion: 1.14 [pid: 8|app: 0|req: 291/579] 199.204.45.157 () {34 vars in 892 bytes} [Fri Jul 17 04:54:40 2026] GET /resource_providers?in_tree=ab55067d-53ae-4050-9399-54be9e58cbb2 => generated 797 bytes in 20 msecs (HTTP/1.1 200) 6 headers in 225 bytes (1 switches on core 0)
2026-07-17 04:54:40.524 7 INFO placement.requestlog [req-854a6088-44a5-4860-9f01-a24379461c7c req-8bb5392b-23e9-4762-812b-85dac6b62e70 ce7a0f19dc804ed999ffc002c07503e3 160b06acfdd147c683cf8b77c5182385 - - 2f30581407ab4def9913b5db80c6c13f 2f30581407ab4def9913b5db80c6c13f] 199.204.45.157 "GET /resource_providers/ab55067d-53ae-4050-9399-54be9e58cbb2/inventories" status: 200 len: 400 microversion: 1.0 [pid: 7|app: 0|req: 289/580] 199.204.45.157 () {32 vars in 857 bytes} [Fri Jul 17 04:54:40 2026] GET /resource_providers/ab55067d-53ae-4050-9399-54be9e58cbb2/inventories => generated 400 bytes in 17 msecs (HTTP/1.1 200) 6 headers in 224 bytes (1 switches on core 0)
2026-07-17 04:54:40.543 8 INFO placement.requestlog [req-854a6088-44a5-4860-9f01-a24379461c7c req-e5f3607b-0ad0-4da0-81f1-dc0efad5595e ce7a0f19dc804ed999ffc002c07503e3 160b06acfdd147c683cf8b77c5182385 - - 2f30581407ab4def9913b5db80c6c13f 2f30581407ab4def9913b5db80c6c13f] 199.204.45.157 "GET /resource_providers/ab55067d-53ae-4050-9399-54be9e58cbb2/aggregates" status: 200 len: 53 microversion: 1.19 [pid: 8|app: 0|req: 292/581] 199.204.45.157 () {34 vars in 899 bytes} [Fri Jul 17 04:54:40 2026] GET /resource_providers/ab55067d-53ae-4050-9399-54be9e58cbb2/aggregates => generated 53 bytes in 12 msecs (HTTP/1.1 200) 8 headers in 295 bytes (1 switches on core 0)
2026-07-17 04:54:40.568 7 INFO placement.requestlog [req-854a6088-44a5-4860-9f01-a24379461c7c req-908e22f5-7f52-48f9-9ee3-cf825a14bd94 ce7a0f19dc804ed999ffc002c07503e3 160b06acfdd147c683cf8b77c5182385 - - 2f30581407ab4def9913b5db80c6c13f 2f30581407ab4def9913b5db80c6c13f] 199.204.45.157 "GET /resource_providers/ab55067d-53ae-4050-9399-54be9e58cbb2/traits" status: 200 len: 2175 microversion: 1.6 [pid: 7|app: 0|req: 290/582] 199.204.45.157 () {34 vars in 890 bytes} [Fri Jul 17 04:54:40 2026] GET /resource_providers/ab55067d-53ae-4050-9399-54be9e58cbb2/traits => generated 2175 bytes in 20 msecs (HTTP/1.1 200) 6 headers in 225 bytes (1 switches on core 0)
2026-07-17 04:54:40.587 8 INFO placement.requestlog [req-854a6088-44a5-4860-9f01-a24379461c7c req-1dace3f2-1e00-4739-99b4-84894871bab0 ce7a0f19dc804ed999ffc002c07503e3 160b06acfdd147c683cf8b77c5182385 - - 2f30581407ab4def9913b5db80c6c13f 2f30581407ab4def9913b5db80c6c13f] 199.204.45.157 "GET /resource_providers/ab55067d-53ae-4050-9399-54be9e58cbb2/allocations" status: 200 len: 54 microversion: 1.0 [pid: 8|app: 0|req: 293/583] 199.204.45.157 () {32 vars in 857 bytes} [Fri Jul 17 04:54:40 2026] GET /resource_providers/ab55067d-53ae-4050-9399-54be9e58cbb2/allocations => generated 54 bytes in 14 msecs (HTTP/1.1 200) 6 headers in 223 bytes (1 switches on core 0)
2026-07-17 04:54:46.803 7 INFO placement.requestlog [None req-397051b1-310e-4761-a842-1ef3980b3774 - - - - - -] 10.0.0.147 "GET /" status: 200 len: 136 microversion: 1.0
2026-07-17 04:54:46.804 8 INFO placement.requestlog [None req-4d1ba954-c7af-40f3-961f-6006624ff881 - - - - - -] 10.0.0.147 "GET /" status: 200 len: 136 microversion: 1.0
2026-07-17 04:54:56.803 8 INFO placement.requestlog [None req-f855747d-5ef9-4d60-8aa3-191673d3b575 - - - - - -] 10.0.0.147 "GET /" status: 200 len: 136 microversion: 1.0
2026-07-17 04:54:56.803 7 INFO placement.requestlog [None req-7a0bf2b6-572a-45d4-9421-aedc6a831e94 - - - - - -] 10.0.0.147 "GET /" status: 200 len: 136 microversion: 1.0
2026-07-17 04:55:06.803 7 INFO placement.requestlog [None req-a2e1eea5-5f59-4472-92c1-09f8f0581f05 - - - - - -] 10.0.0.147 "GET /" status: 200 len: 136 microversion: 1.0
2026-07-17 04:55:06.803 8 INFO placement.requestlog [None req-be0768f9-8449-40bf-9610-a30d734bdac7 - - - - - -] 10.0.0.147 "GET /" status: 200 len: 136 microversion: 1.0
2026-07-17 04:55:16.804 8 INFO placement.requestlog [None req-3b4f69ea-7fcc-4b86-8535-5d56877fc5ec - - - - - -] 10.0.0.147 "GET /" status: 200 len: 136 microversion: 1.0
2026-07-17 04:55:16.804 7 INFO placement.requestlog [None req-7531a870-3baa-429c-a8f4-1c39c6964445 - - - - - -] 10.0.0.147 "GET /" status: 200 len: 136 microversion: 1.0
2026-07-17 04:55:26.804 8 INFO placement.requestlog [None req-b7d8cd85-41f5-48ee-8b01-d39745cf7ecb - - - - - -] 10.0.0.147 "GET /" status: 200 len: 136 microversion: 1.0
2026-07-17 04:55:26.805 7 INFO placement.requestlog [None req-49aa78d7-bb39-4dae-b258-fa06fad4dacd - - - - - -] 10.0.0.147 "GET /" status: 200 len: 136 microversion: 1.0
2026-07-17 04:55:36.804 7 INFO placement.requestlog [None req-c1cbd2e0-894c-446a-8069-81cdbb06b7ff - - - - - -] 10.0.0.147 "GET /" status: 200 len: 136 microversion: 1.0
2026-07-17 04:55:36.804 8 INFO placement.requestlog [None req-ed60adc3-5fe5-4999-a62a-b61f4d879173 - - - - - -] 10.0.0.147 "GET /" status: 200 len: 136 microversion: 1.0
2026-07-17 04:55:39.714 7 INFO placement.requestlog [req-66f0daa2-d046-489d-916a-fde804d7924e req-e8862267-7143-4148-b9e4-f1bdda74c873 ce7a0f19dc804ed999ffc002c07503e3 160b06acfdd147c683cf8b77c5182385 - - 2f30581407ab4def9913b5db80c6c13f 2f30581407ab4def9913b5db80c6c13f] 199.204.45.157 "GET /resource_providers/ab55067d-53ae-4050-9399-54be9e58cbb2/allocations" status: 200 len: 54 microversion: 1.0 [pid: 7|app: 0|req: 297/596] 199.204.45.157 () {32 vars in 857 bytes} [Fri Jul 17 04:55:39 2026] GET /resource_providers/ab55067d-53ae-4050-9399-54be9e58cbb2/allocations => generated 54 bytes in 12 msecs (HTTP/1.1 200) 6 headers in 223 bytes (1 switches on core 0)
2026-07-17 04:55:39.730 8 INFO placement.requestlog [req-66f0daa2-d046-489d-916a-fde804d7924e req-da6e841d-a818-4228-bc5e-f2f2fbd350a7 ce7a0f19dc804ed999ffc002c07503e3 160b06acfdd147c683cf8b77c5182385 - - 2f30581407ab4def9913b5db80c6c13f 2f30581407ab4def9913b5db80c6c13f] 199.204.45.157 "GET /resource_providers/ab55067d-53ae-4050-9399-54be9e58cbb2/allocations" status: 200 len: 54 microversion: 1.0 [pid: 8|app: 0|req: 300/597] 199.204.45.157 () {32 vars in 857 bytes} [Fri Jul 17 04:55:39 2026] GET /resource_providers/ab55067d-53ae-4050-9399-54be9e58cbb2/allocations => generated 54 bytes in 12 msecs (HTTP/1.1 200) 6 headers in 223 bytes (1 switches on core 0)
2026-07-17 04:55:46.803 7 INFO placement.requestlog [None req-ad5646ba-aff8-4a5a-8019-4f1cbb7d27b9 - - - - - -] 10.0.0.147 "GET /" status: 200 len: 136 microversion: 1.0
2026-07-17 04:55:46.804 8 INFO placement.requestlog [None req-bb20f344-88ea-498d-9605-ad4b74b1cfb7 - - - - - -] 10.0.0.147 "GET /" status: 200 len: 136 microversion: 1.0
2026-07-17 04:55:56.803 7 INFO placement.requestlog [None req-07d4d794-e838-45c9-ad94-fa199ef400b0 - - - - - -] 10.0.0.147 "GET /" status: 200 len: 136 microversion: 1.0
2026-07-17 04:55:56.804 8 INFO placement.requestlog [None req-75f62365-9caa-4006-aad1-4d6e09111755 - - - - - -] 10.0.0.147 "GET /" status: 200 len: 136 microversion: 1.0
2026-07-17 04:56:06.804 8 INFO placement.requestlog [None req-f0c25e35-8b0f-478e-8527-b6210e6e39f6 - - - - - -] 10.0.0.147 "GET /" status: 200 len: 136 microversion: 1.0
2026-07-17 04:56:06.805 7 INFO placement.requestlog [None req-56bbc557-d622-4937-91f1-6856596871db - - - - - -] 10.0.0.147 "GET /" status: 200 len: 136 microversion: 1.0
2026-07-17 04:56:16.804 8 INFO placement.requestlog [None req-dfd14894-bd08-473a-a96e-6a1a361aea57 - - - - - -] 10.0.0.147 "GET /" status: 200 len: 136 microversion: 1.0
2026-07-17 04:56:16.804 7 INFO placement.requestlog [None req-ff7f53d6-1c6c-429c-b88c-de8ad916f94f - - - - - -] 10.0.0.147 "GET /" status: 200 len: 136 microversion: 1.0
2026-07-17 04:56:26.803 7 INFO placement.requestlog [None req-7e8d6cff-2a87-42e9-b1c2-9cff0e178197 - - - - - -] 10.0.0.147 "GET /" status: 200 len: 136 microversion: 1.0
2026-07-17 04:56:26.803 8 INFO placement.requestlog [None req-67739d10-2537-43ac-8e26-71108c9c0236 - - - - - -] 10.0.0.147 "GET /" status: 200 len: 136 microversion: 1.0
2026-07-17 04:56:36.804 8 INFO placement.requestlog [None req-f333461e-ca15-4fbb-8e05-70eb05ba3522 - - - - - -] 10.0.0.147 "GET /" status: 200 len: 136 microversion: 1.0
2026-07-17 04:56:36.804 7 INFO placement.requestlog [None req-ca06a50f-62be-46ec-9767-5417e77440ad - - - - - -] 10.0.0.147 "GET /" status: 200 len: 136 microversion: 1.0
2026-07-17 04:56:39.778 8 INFO placement.requestlog [req-447b6be1-b724-4333-90ca-906a812f4272 req-26f2ddea-5ba3-48a4-ae0a-0c963140c9fe ce7a0f19dc804ed999ffc002c07503e3 160b06acfdd147c683cf8b77c5182385 - - 2f30581407ab4def9913b5db80c6c13f 2f30581407ab4def9913b5db80c6c13f] 199.204.45.157 "GET /resource_providers/ab55067d-53ae-4050-9399-54be9e58cbb2/allocations" status: 200 len: 54 microversion: 1.0 [pid: 8|app: 0|req: 307/610] 199.204.45.157 () {32 vars in 857 bytes} [Fri Jul 17 04:56:39 2026] GET /resource_providers/ab55067d-53ae-4050-9399-54be9e58cbb2/allocations => generated 54 bytes in 20 msecs (HTTP/1.1 200) 6 headers in 223 bytes (1 switches on core 0)
2026-07-17 04:56:39.806 7 INFO placement.requestlog [req-447b6be1-b724-4333-90ca-906a812f4272 req-c5b092fe-0c1a-4565-863e-b92698cb99f2 ce7a0f19dc804ed999ffc002c07503e3 160b06acfdd147c683cf8b77c5182385 - - 2f30581407ab4def9913b5db80c6c13f 2f30581407ab4def9913b5db80c6c13f] 199.204.45.157 "GET /resource_providers/ab55067d-53ae-4050-9399-54be9e58cbb2/allocations" status: 200 len: 54 microversion: 1.0 [pid: 7|app: 0|req: 304/611] 199.204.45.157 () {32 vars in 857 bytes} [Fri Jul 17 04:56:39 2026] GET /resource_providers/ab55067d-53ae-4050-9399-54be9e58cbb2/allocations => generated 54 bytes in 17 msecs (HTTP/1.1 200) 6 headers in 223 bytes (1 switches on core 0)
2026-07-17 04:56:46.803 7 INFO placement.requestlog [None req-aff08077-2cf5-4d3a-945d-8566bd26b84d - - - - - -] 10.0.0.147 "GET /" status: 200 len: 136 microversion: 1.0
2026-07-17 04:56:46.804 8 INFO placement.requestlog [None req-10e103d4-3b03-4834-b1d2-36584d378783 - - - - - -] 10.0.0.147 "GET /" status: 200 len: 136 microversion: 1.0
2026-07-17 04:56:56.804 7 INFO placement.requestlog [None req-f0f28b85-646d-4789-be7d-fe953fc40bb6 - - - - - -] 10.0.0.147 "GET /" status: 200 len: 136 microversion: 1.0
2026-07-17 04:56:56.804 8 INFO placement.requestlog [None req-6f2522be-acc0-4014-afda-5a46b3916851 - - - - - -] 10.0.0.147 "GET /" status: 200 len: 136 microversion: 1.0
2026-07-17 04:57:06.803 7 INFO placement.requestlog [None req-6bd487bf-7f36-4b2d-9089-6fce527a2c31 - - - - - -] 10.0.0.147 "GET /" status: 200 len: 136 microversion: 1.0
2026-07-17 04:57:06.804 8 INFO placement.requestlog [None req-11937079-7650-4e7f-956b-f32b38020fe9 - - - - - -] 10.0.0.147 "GET /" status: 200 len: 136 microversion: 1.0
2026-07-17 04:57:16.804 8 INFO placement.requestlog [None req-f0928504-1b19-4cdf-b91c-231885e11d9d - - - - - -] 10.0.0.147 "GET /" status: 200 len: 136 microversion: 1.0
2026-07-17 04:57:16.804 7 INFO placement.requestlog [None req-d7de0f80-f017-495b-a297-288827b834d9 - - - - - -] 10.0.0.147 "GET /" status: 200 len: 136 microversion: 1.0
2026-07-17 04:57:26.803 8 INFO placement.requestlog [None req-35652439-ff97-4872-a06d-a02baf31694b - - - - - -] 10.0.0.147 "GET /" status: 200 len: 136 microversion: 1.0
2026-07-17 04:57:26.803 7 INFO placement.requestlog [None req-b70c3ce5-e1e0-49df-8b79-a317f21dcd6b - - - - - -] 10.0.0.147 "GET /" status: 200 len: 136 microversion: 1.0
2026-07-17 04:57:36.803 8 INFO placement.requestlog [None req-ccf90bc4-d7de-4d10-9e82-a302992e8b2a - - - - - -] 10.0.0.147 "GET /" status: 200 len: 136 microversion: 1.0
2026-07-17 04:57:36.803 7 INFO placement.requestlog [None req-e02eceb3-6af8-4468-be62-1d0a0e147a14 - - - - - -] 10.0.0.147 "GET /" status: 200 len: 136 microversion: 1.0
2026-07-17 04:57:39.735 8 INFO placement.requestlog [req-ca0da86c-b730-4c55-8b5c-c8663951cd63 req-5f669b94-14bc-439b-971b-cbf121270116 ce7a0f19dc804ed999ffc002c07503e3 160b06acfdd147c683cf8b77c5182385 - - 2f30581407ab4def9913b5db80c6c13f 2f30581407ab4def9913b5db80c6c13f] 199.204.45.157 "GET /resource_providers/ab55067d-53ae-4050-9399-54be9e58cbb2/allocations" status: 200 len: 54 microversion: 1.0 [pid: 8|app: 0|req: 314/624] 199.204.45.157 () {32 vars in 857 bytes} [Fri Jul 17 04:57:39 2026] GET /resource_providers/ab55067d-53ae-4050-9399-54be9e58cbb2/allocations => generated 54 bytes in 14 msecs (HTTP/1.1 200) 6 headers in 223 bytes (1 switches on core 0)
2026-07-17 04:57:39.757 7 INFO placement.requestlog [req-ca0da86c-b730-4c55-8b5c-c8663951cd63 req-d86f42b7-24de-42c8-8e1b-21d87a1bc71a ce7a0f19dc804ed999ffc002c07503e3 160b06acfdd147c683cf8b77c5182385 - - 2f30581407ab4def9913b5db80c6c13f 2f30581407ab4def9913b5db80c6c13f] 199.204.45.157 "GET /resource_providers/ab55067d-53ae-4050-9399-54be9e58cbb2/allocations" status: 200 len: 54 microversion: 1.0 [pid: 7|app: 0|req: 311/625] 199.204.45.157 () {32 vars in 857 bytes} [Fri Jul 17 04:57:39 2026] GET /resource_providers/ab55067d-53ae-4050-9399-54be9e58cbb2/allocations => generated 54 bytes in 15 msecs (HTTP/1.1 200) 6 headers in 223 bytes (1 switches on core 0)
2026-07-17 04:57:46.805 8 INFO placement.requestlog [None req-d955dac1-49f0-4121-ab23-5fdbcead99a9 - - - - - -] 10.0.0.147 "GET /" status: 200 len: 136 microversion: 1.0
2026-07-17 04:57:46.805 7 INFO placement.requestlog [None req-c3cae292-1eac-4117-bcc8-58625ecc2e9c - - - - - -] 10.0.0.147 "GET /" status: 200 len: 136 microversion: 1.0
2026-07-17 04:57:56.805 8 INFO placement.requestlog [None req-8014c238-8360-4615-b975-52724631a03c - - - - - -] 10.0.0.147 "GET /" status: 200 len: 136 microversion: 1.0
2026-07-17 04:57:56.805 7 INFO placement.requestlog [None req-376fa030-85b4-440a-a587-7d7007eb6d83 - - - - - -] 10.0.0.147 "GET /" status: 200 len: 136 microversion: 1.0
2026-07-17 04:57:57.976 8 INFO placement.requestlog [req-0dce92c6-ecd9-4fe3-a65f-535b5dbe7ac9 req-fd3b2baf-7549-41d3-8c4c-18dcd10504ca ce7a0f19dc804ed999ffc002c07503e3 160b06acfdd147c683cf8b77c5182385 - - 2f30581407ab4def9913b5db80c6c13f 2f30581407ab4def9913b5db80c6c13f] 10.0.0.165 "GET /allocation_candidates?limit=1000&resources=DISK_GB%3A1%2CMEMORY_MB%3A512%2CVCPU%3A1&root_required=%21COMPUTE_STATUS_DISABLED" status: 200 len: 2640 microversion: 1.36 [pid: 8|app: 0|req: 317/630] 10.0.0.165 () {34 vars in 1012 bytes} [Fri Jul 17 04:57:57 2026] GET /allocation_candidates?limit=1000&resources=DISK_GB%3A1%2CMEMORY_MB%3A512%2CVCPU%3A1&root_required=%21COMPUTE_STATUS_DISABLED => generated 2640 bytes in 206 msecs (HTTP/1.1 200) 8 headers in 297 bytes (1 switches on core 0)
2026-07-17 04:57:58.012 7 INFO placement.requestlog [req-0dce92c6-ecd9-4fe3-a65f-535b5dbe7ac9 req-6b40e2b0-dd17-44c8-ae75-b6faf5c1b523 ce7a0f19dc804ed999ffc002c07503e3 160b06acfdd147c683cf8b77c5182385 - - 2f30581407ab4def9913b5db80c6c13f 2f30581407ab4def9913b5db80c6c13f] 10.0.0.165 "GET /allocations/30cc252a-16a4-45db-bb03-ba90732865c7" status: 200 len: 19 microversion: 1.28 [pid: 7|app: 0|req: 314/631] 10.0.0.165 () {34 vars in 861 bytes} [Fri Jul 17 04:57:58 2026] GET /allocations/30cc252a-16a4-45db-bb03-ba90732865c7 => generated 19 bytes in 12 msecs (HTTP/1.1 200) 8 headers in 295 bytes (1 switches on core 0)
2026-07-17 04:57:58.087 8 INFO placement.requestlog [req-0dce92c6-ecd9-4fe3-a65f-535b5dbe7ac9 req-0e247e5e-ae09-4ccf-b396-02c56e207024 ce7a0f19dc804ed999ffc002c07503e3 160b06acfdd147c683cf8b77c5182385 - - 2f30581407ab4def9913b5db80c6c13f 2f30581407ab4def9913b5db80c6c13f] 10.0.0.165 "PUT /allocations/30cc252a-16a4-45db-bb03-ba90732865c7" status: 204 len: 0 microversion: 1.36 [pid: 8|app: 0|req: 318/632] 10.0.0.165 () {38 vars in 914 bytes} [Fri Jul 17 04:57:58 2026] PUT /allocations/30cc252a-16a4-45db-bb03-ba90732865c7 => generated 0 bytes in 71 msecs (HTTP/1.1 204) 5 headers in 199 bytes (1 switches on core 0)
2026-07-17 04:57:59.583 7 INFO placement.requestlog [req-0dce92c6-ecd9-4fe3-a65f-535b5dbe7ac9 req-be5dbffc-cb3d-4eb3-adaf-4c21849901ab ce7a0f19dc804ed999ffc002c07503e3 160b06acfdd147c683cf8b77c5182385 - - 2f30581407ab4def9913b5db80c6c13f 2f30581407ab4def9913b5db80c6c13f] 199.204.45.157 "GET /allocations/30cc252a-16a4-45db-bb03-ba90732865c7" status: 200 len: 257 microversion: 1.28 [pid: 7|app: 0|req: 315/633] 199.204.45.157 () {34 vars in 863 bytes} [Fri Jul 17 04:57:59 2026] GET /allocations/30cc252a-16a4-45db-bb03-ba90732865c7 => generated 257 bytes in 12 msecs (HTTP/1.1 200) 8 headers in 296 bytes (1 switches on core 0)
2026-07-17 04:58:00.620 8 INFO placement.requestlog [req-0dce92c6-ecd9-4fe3-a65f-535b5dbe7ac9 req-1f22b62e-2929-4ed5-879d-b188095ce164 ce7a0f19dc804ed999ffc002c07503e3 160b06acfdd147c683cf8b77c5182385 - - 2f30581407ab4def9913b5db80c6c13f 2f30581407ab4def9913b5db80c6c13f] 199.204.45.157 "GET /resource_providers/ab55067d-53ae-4050-9399-54be9e58cbb2/allocations" status: 200 len: 152 microversion: 1.0 [pid: 8|app: 0|req: 319/634] 199.204.45.157 () {32 vars in 857 bytes} [Fri Jul 17 04:58:00 2026] GET /resource_providers/ab55067d-53ae-4050-9399-54be9e58cbb2/allocations => generated 152 bytes in 15 msecs (HTTP/1.1 200) 6 headers in 224 bytes (1 switches on core 0)
2026-07-17 04:58:00.640 7 INFO placement.requestlog [req-0dce92c6-ecd9-4fe3-a65f-535b5dbe7ac9 req-659ce7ec-e175-43cf-b79b-c10168f2ea05 ce7a0f19dc804ed999ffc002c07503e3 160b06acfdd147c683cf8b77c5182385 - - 2f30581407ab4def9913b5db80c6c13f 2f30581407ab4def9913b5db80c6c13f] 199.204.45.157 "GET /allocations/30cc252a-16a4-45db-bb03-ba90732865c7" status: 200 len: 257 microversion: 1.28 [pid: 7|app: 0|req: 316/635] 199.204.45.157 () {34 vars in 863 bytes} [Fri Jul 17 04:58:00 2026] GET /allocations/30cc252a-16a4-45db-bb03-ba90732865c7 => generated 257 bytes in 16 msecs (HTTP/1.1 200) 8 headers in 296 bytes (1 switches on core 0)
2026-07-17 04:58:03.326 8 INFO placement.requestlog [None req-c37223a6-8d81-4b2e-b754-1737902d9b2b 0a829c4ed6804cc5a0730e13e53b0ff2 160b06acfdd147c683cf8b77c5182385 - - 2f30581407ab4def9913b5db80c6c13f 2f30581407ab4def9913b5db80c6c13f] 10.0.0.121 "GET /resource_providers/5a2162d1-143f-4918-8ce6-66e69b9eb029/aggregates" status: 404 len: 235 microversion: 1.1 [pid: 8|app: 0|req: 320/636] 10.0.0.121 () {32 vars in 816 bytes} [Fri Jul 17 04:58:03 2026] GET /resource_providers/5a2162d1-143f-4918-8ce6-66e69b9eb029/aggregates => generated 235 bytes in 116 msecs (HTTP/1.1 404) 5 headers in 202 bytes (1 switches on core 0)
2026-07-17 04:58:03.329 7 INFO placement.requestlog [None req-25b442b2-d576-4056-ad1e-1051a098c705 0a829c4ed6804cc5a0730e13e53b0ff2 160b06acfdd147c683cf8b77c5182385 - - 2f30581407ab4def9913b5db80c6c13f 2f30581407ab4def9913b5db80c6c13f] 10.0.0.121 "GET /resource_providers/5a2162d1-143f-4918-8ce6-66e69b9eb029/aggregates" status: 404 len: 235 microversion: 1.1 [pid: 7|app: 0|req: 317/637] 10.0.0.121 () {32 vars in 816 bytes} [Fri Jul 17 04:58:03 2026] GET /resource_providers/5a2162d1-143f-4918-8ce6-66e69b9eb029/aggregates => generated 235 bytes in 112 msecs (HTTP/1.1 404) 5 headers in 202 bytes (1 switches on core 0)
2026-07-17 04:58:03.351 8 INFO placement.requestlog [None req-c638cd95-7727-4d0c-b499-2d23d3ead0d1 0a829c4ed6804cc5a0730e13e53b0ff2 160b06acfdd147c683cf8b77c5182385 - - 2f30581407ab4def9913b5db80c6c13f 2f30581407ab4def9913b5db80c6c13f] 10.0.0.121 "DELETE /resource_providers/5a2162d1-143f-4918-8ce6-66e69b9eb029" status: 404 len: 246 microversion: 1.1 [pid: 8|app: 0|req: 321/638] 10.0.0.121 () {34 vars in 816 bytes} [Fri Jul 17 04:58:03 2026] DELETE /resource_providers/5a2162d1-143f-4918-8ce6-66e69b9eb029 => generated 246 bytes in 9 msecs (HTTP/1.1 404) 6 headers in 231 bytes (1 switches on core 0)
2026-07-17 04:58:03.353 7 INFO placement.requestlog [None req-28afb27d-0ff2-4309-9639-0a94305e63a8 0a829c4ed6804cc5a0730e13e53b0ff2 160b06acfdd147c683cf8b77c5182385 - - 2f30581407ab4def9913b5db80c6c13f 2f30581407ab4def9913b5db80c6c13f] 10.0.0.121 "DELETE /resource_providers/5a2162d1-143f-4918-8ce6-66e69b9eb029" status: 404 len: 246 microversion: 1.1 [pid: 7|app: 0|req: 318/639] 10.0.0.121 () {34 vars in 816 bytes} [Fri Jul 17 04:58:03 2026] DELETE /resource_providers/5a2162d1-143f-4918-8ce6-66e69b9eb029 => generated 246 bytes in 8 msecs (HTTP/1.1 404) 6 headers in 231 bytes (1 switches on core 0)
2026-07-17 04:58:05.109 8 INFO placement.requestlog [req-bbe90be9-88f0-41eb-a73c-8e98bc00c6bb req-461451d0-c4fa-43fb-a2fe-154e3c0984bf ce7a0f19dc804ed999ffc002c07503e3 160b06acfdd147c683cf8b77c5182385 - - 2f30581407ab4def9913b5db80c6c13f 2f30581407ab4def9913b5db80c6c13f] 10.0.0.165 "GET /allocation_candidates?limit=1000&resources=MEMORY_MB%3A512%2CVCPU%3A1&root_required=%21COMPUTE_STATUS_DISABLED" status: 200 len: 2628 microversion: 1.36 [pid: 8|app: 0|req: 322/640] 10.0.0.165 () {34 vars in 984 bytes} [Fri Jul 17 04:58:05 2026] GET /allocation_candidates?limit=1000&resources=MEMORY_MB%3A512%2CVCPU%3A1&root_required=%21COMPUTE_STATUS_DISABLED => generated 2628 bytes in 44 msecs (HTTP/1.1 200) 8 headers in 297 bytes (1 switches on core 0)
2026-07-17 04:58:05.149 7 INFO placement.requestlog [req-bbe90be9-88f0-41eb-a73c-8e98bc00c6bb req-74122cda-7aad-4a14-bcfb-81c8ccc9e77f ce7a0f19dc804ed999ffc002c07503e3 160b06acfdd147c683cf8b77c5182385 - - 2f30581407ab4def9913b5db80c6c13f 2f30581407ab4def9913b5db80c6c13f] 10.0.0.165 "GET /allocations/5a78f4cc-4c6d-4b99-be25-5827335c5731" status: 200 len: 19 microversion: 1.28 [pid: 7|app: 0|req: 319/641] 10.0.0.165 () {34 vars in 861 bytes} [Fri Jul 17 04:58:05 2026] GET /allocations/5a78f4cc-4c6d-4b99-be25-5827335c5731 => generated 19 bytes in 10 msecs (HTTP/1.1 200) 8 headers in 295 bytes (1 switches on core 0)
2026-07-17 04:58:05.216 8 INFO placement.requestlog [req-bbe90be9-88f0-41eb-a73c-8e98bc00c6bb req-56e4d973-c74d-4bc6-892a-df78d34c4070 ce7a0f19dc804ed999ffc002c07503e3 160b06acfdd147c683cf8b77c5182385 - - 2f30581407ab4def9913b5db80c6c13f 2f30581407ab4def9913b5db80c6c13f] 10.0.0.165 "PUT /allocations/5a78f4cc-4c6d-4b99-be25-5827335c5731" status: 204 len: 0 microversion: 1.36 [pid: 8|app: 0|req: 323/642] 10.0.0.165 () {38 vars in 914 bytes} [Fri Jul 17 04:58:05 2026] PUT /allocations/5a78f4cc-4c6d-4b99-be25-5827335c5731 => generated 0 bytes in 61 msecs (HTTP/1.1 204) 5 headers in 199 bytes (1 switches on core 0)
2026-07-17 04:58:06.538 7 INFO placement.requestlog [None req-5d1d857b-4bc5-4f28-adc7-4a17be10d55a 0a829c4ed6804cc5a0730e13e53b0ff2 160b06acfdd147c683cf8b77c5182385 - - 2f30581407ab4def9913b5db80c6c13f 2f30581407ab4def9913b5db80c6c13f] 10.0.0.121 "GET /resource_providers/3031d45c-8439-4bd0-ba8d-6347449dbcb9/aggregates" status: 404 len: 235 microversion: 1.1 [pid: 7|app: 0|req: 320/643] 10.0.0.121 () {32 vars in 816 bytes} [Fri Jul 17 04:58:06 2026] GET /resource_providers/3031d45c-8439-4bd0-ba8d-6347449dbcb9/aggregates => generated 235 bytes in 124 msecs (HTTP/1.1 404) 5 headers in 202 bytes (1 switches on core 0)
2026-07-17 04:58:06.546 8 INFO placement.requestlog [None req-3bd25a7b-ea7a-4373-ad1b-40b33c5046d5 0a829c4ed6804cc5a0730e13e53b0ff2 160b06acfdd147c683cf8b77c5182385 - - 2f30581407ab4def9913b5db80c6c13f 2f30581407ab4def9913b5db80c6c13f] 10.0.0.121 "GET /resource_providers/3031d45c-8439-4bd0-ba8d-6347449dbcb9/aggregates" status: 404 len: 235 microversion: 1.1 [pid: 8|app: 0|req: 324/644] 10.0.0.121 () {32 vars in 816 bytes} [Fri Jul 17 04:58:06 2026] GET /resource_providers/3031d45c-8439-4bd0-ba8d-6347449dbcb9/aggregates => generated 235 bytes in 106 msecs (HTTP/1.1 404) 5 headers in 202 bytes (1 switches on core 0)
2026-07-17 04:58:06.563 7 INFO placement.requestlog [None req-12c57f34-a6d3-4659-bcb3-f87b5adcfee4 0a829c4ed6804cc5a0730e13e53b0ff2 160b06acfdd147c683cf8b77c5182385 - - 2f30581407ab4def9913b5db80c6c13f 2f30581407ab4def9913b5db80c6c13f] 10.0.0.121 "DELETE /resource_providers/3031d45c-8439-4bd0-ba8d-6347449dbcb9" status: 404 len: 246 microversion: 1.1 [pid: 7|app: 0|req: 321/645] 10.0.0.121 () {34 vars in 816 bytes} [Fri Jul 17 04:58:06 2026] DELETE /resource_providers/3031d45c-8439-4bd0-ba8d-6347449dbcb9 => generated 246 bytes in 10 msecs (HTTP/1.1 404) 6 headers in 231 bytes (1 switches on core 0)
2026-07-17 04:58:06.568 8 INFO placement.requestlog [None req-18b33591-7cbb-44a4-bcec-355e1a5fbb0a 0a829c4ed6804cc5a0730e13e53b0ff2 160b06acfdd147c683cf8b77c5182385 - - 2f30581407ab4def9913b5db80c6c13f 2f30581407ab4def9913b5db80c6c13f] 10.0.0.121 "DELETE /resource_providers/3031d45c-8439-4bd0-ba8d-6347449dbcb9" status: 404 len: 246 microversion: 1.1 [pid: 8|app: 0|req: 325/646] 10.0.0.121 () {34 vars in 816 bytes} [Fri Jul 17 04:58:06 2026] DELETE /resource_providers/3031d45c-8439-4bd0-ba8d-6347449dbcb9 => generated 246 bytes in 12 msecs (HTTP/1.1 404) 6 headers in 231 bytes (1 switches on core 0)
2026-07-17 04:58:06.708 7 INFO placement.requestlog [req-bbe90be9-88f0-41eb-a73c-8e98bc00c6bb req-1e8eed58-1e4b-43ae-b4e4-95f17369549c ce7a0f19dc804ed999ffc002c07503e3 160b06acfdd147c683cf8b77c5182385 - - 2f30581407ab4def9913b5db80c6c13f 2f30581407ab4def9913b5db80c6c13f] 199.204.45.157 "GET /allocations/5a78f4cc-4c6d-4b99-be25-5827335c5731" status: 200 len: 243 microversion: 1.28 [pid: 7|app: 0|req: 322/647] 199.204.45.157 () {34 vars in 863 bytes} [Fri Jul 17 04:58:06 2026] GET /allocations/5a78f4cc-4c6d-4b99-be25-5827335c5731 => generated 243 bytes in 10 msecs (HTTP/1.1 200) 8 headers in 296 bytes (1 switches on core 0)
2026-07-17 04:58:06.804 8 INFO placement.requestlog [None req-8fbd1e95-55d2-41bc-bb9d-6af630ebb472 - - - - - -] 10.0.0.147 "GET /" status: 200 len: 136 microversion: 1.0
2026-07-17 04:58:06.805 7 INFO placement.requestlog [None req-58553ccc-f69b-4ce3-87e2-805b3d0b7fda - - - - - -] 10.0.0.147 "GET /" status: 200 len: 136 microversion: 1.0
2026-07-17 04:58:07.891 8 INFO placement.requestlog [req-bbe90be9-88f0-41eb-a73c-8e98bc00c6bb req-df62ba3d-eb48-433c-8586-43ba3273a3e9 ce7a0f19dc804ed999ffc002c07503e3 160b06acfdd147c683cf8b77c5182385 - - 2f30581407ab4def9913b5db80c6c13f 2f30581407ab4def9913b5db80c6c13f] 199.204.45.157 "GET /resource_providers/ab55067d-53ae-4050-9399-54be9e58cbb2/allocations" status: 200 len: 238 microversion: 1.0 [pid: 8|app: 0|req: 327/650] 199.204.45.157 () {32 vars in 857 bytes} [Fri Jul 17 04:58:07 2026] GET /resource_providers/ab55067d-53ae-4050-9399-54be9e58cbb2/allocations => generated 238 bytes in 23 msecs (HTTP/1.1 200) 6 headers in 224 bytes (1 switches on core 0)
2026-07-17 04:58:07.914 7 INFO placement.requestlog [req-bbe90be9-88f0-41eb-a73c-8e98bc00c6bb req-93b8a2ee-1102-42dd-bbc9-47afe4a90d2b ce7a0f19dc804ed999ffc002c07503e3 160b06acfdd147c683cf8b77c5182385 - - 2f30581407ab4def9913b5db80c6c13f 2f30581407ab4def9913b5db80c6c13f] 199.204.45.157 "GET /allocations/5a78f4cc-4c6d-4b99-be25-5827335c5731" status: 200 len: 243 microversion: 1.28 [pid: 7|app: 0|req: 324/651] 199.204.45.157 () {34 vars in 863 bytes} [Fri Jul 17 04:58:07 2026] GET /allocations/5a78f4cc-4c6d-4b99-be25-5827335c5731 => generated 243 bytes in 18 msecs (HTTP/1.1 200) 8 headers in 296 bytes (1 switches on core 0)
2026-07-17 04:58:07.958 8 INFO placement.requestlog [req-bbe90be9-88f0-41eb-a73c-8e98bc00c6bb req-4150129c-2345-4e45-a8f5-08d38f0abd42 ce7a0f19dc804ed999ffc002c07503e3 160b06acfdd147c683cf8b77c5182385 - - 2f30581407ab4def9913b5db80c6c13f 2f30581407ab4def9913b5db80c6c13f] 199.204.45.157 "GET /allocations/30cc252a-16a4-45db-bb03-ba90732865c7" status: 200 len: 257 microversion: 1.28 [pid: 8|app: 0|req: 328/652] 199.204.45.157 () {34 vars in 863 bytes} [Fri Jul 17 04:58:07 2026] GET /allocations/30cc252a-16a4-45db-bb03-ba90732865c7 => generated 257 bytes in 19 msecs (HTTP/1.1 200) 8 headers in 296 bytes (1 switches on core 0)
2026-07-17 04:58:14.905 7 INFO placement.requestlog [req-44a6d47d-74a7-4c31-a8a4-e35114bf1a52 req-39d58217-a17d-4c3d-b38f-2c15b7b1d5fc ce7a0f19dc804ed999ffc002c07503e3 160b06acfdd147c683cf8b77c5182385 - - 2f30581407ab4def9913b5db80c6c13f 2f30581407ab4def9913b5db80c6c13f] 10.0.0.165 "GET /allocation_candidates?limit=1000&resources=DISK_GB%3A1%2CMEMORY_MB%3A512%2CVCPU%3A1&root_required=%21COMPUTE_STATUS_DISABLED" status: 200 len: 2643 microversion: 1.36 [pid: 7|app: 0|req: 325/653] 10.0.0.165 () {34 vars in 1012 bytes} [Fri Jul 17 04:58:14 2026] GET /allocation_candidates?limit=1000&resources=DISK_GB%3A1%2CMEMORY_MB%3A512%2CVCPU%3A1&root_required=%21COMPUTE_STATUS_DISABLED => generated 2643 bytes in 53 msecs (HTTP/1.1 200) 8 headers in 297 bytes (1 switches on core 0)
2026-07-17 04:58:14.928 8 INFO placement.requestlog [req-44a6d47d-74a7-4c31-a8a4-e35114bf1a52 req-69951782-ef7d-4129-994c-8e3d4618baab ce7a0f19dc804ed999ffc002c07503e3 160b06acfdd147c683cf8b77c5182385 - - 2f30581407ab4def9913b5db80c6c13f 2f30581407ab4def9913b5db80c6c13f] 10.0.0.165 "GET /allocations/4b3281bd-0b3f-495f-909f-bc173f266160" status: 200 len: 19 microversion: 1.28 [pid: 8|app: 0|req: 329/654] 10.0.0.165 () {34 vars in 861 bytes} [Fri Jul 17 04:58:14 2026] GET /allocations/4b3281bd-0b3f-495f-909f-bc173f266160 => generated 19 bytes in 7 msecs (HTTP/1.1 200) 8 headers in 295 bytes (1 switches on core 0)
2026-07-17 04:58:15.009 7 INFO placement.requestlog [req-44a6d47d-74a7-4c31-a8a4-e35114bf1a52 req-fdea9fef-f43d-497a-aa81-6218b6474b97 ce7a0f19dc804ed999ffc002c07503e3 160b06acfdd147c683cf8b77c5182385 - - 2f30581407ab4def9913b5db80c6c13f 2f30581407ab4def9913b5db80c6c13f] 10.0.0.165 "PUT /allocations/4b3281bd-0b3f-495f-909f-bc173f266160" status: 204 len: 0 microversion: 1.36 [pid: 7|app: 0|req: 326/655] 10.0.0.165 () {38 vars in 914 bytes} [Fri Jul 17 04:58:14 2026] PUT /allocations/4b3281bd-0b3f-495f-909f-bc173f266160 => generated 0 bytes in 77 msecs (HTTP/1.1 204) 5 headers in 199 bytes (1 switches on core 0)
2026-07-17 04:58:16.659 8 INFO placement.requestlog [req-44a6d47d-74a7-4c31-a8a4-e35114bf1a52 req-0053e1d9-af36-4679-9a9f-7869f40fcde2 ce7a0f19dc804ed999ffc002c07503e3 160b06acfdd147c683cf8b77c5182385 - - 2f30581407ab4def9913b5db80c6c13f 2f30581407ab4def9913b5db80c6c13f] 199.204.45.157 "GET /allocations/4b3281bd-0b3f-495f-909f-bc173f266160" status: 200 len: 257 microversion: 1.28 [pid: 8|app: 0|req: 330/656] 199.204.45.157 () {34 vars in 863 bytes} [Fri Jul 17 04:58:16 2026] GET /allocations/4b3281bd-0b3f-495f-909f-bc173f266160 => generated 257 bytes in 13 msecs (HTTP/1.1 200) 8 headers in 296 bytes (1 switches on core 0)
2026-07-17 04:58:16.804 7 INFO placement.requestlog [None req-281312c2-7114-469c-850a-ea99855bc6f9 - - - - - -] 10.0.0.147 "GET /" status: 200 len: 136 microversion: 1.0
2026-07-17 04:58:16.804 8 INFO placement.requestlog [None req-86b147f3-1447-4fdb-a93b-9d538ba6fee8 - - - - - -] 10.0.0.147 "GET /" status: 200 len: 136 microversion: 1.0
2026-07-17 04:58:17.712 7 INFO placement.requestlog [req-44a6d47d-74a7-4c31-a8a4-e35114bf1a52 req-6215fdb2-bbd3-45ee-be9c-d86193734a61 ce7a0f19dc804ed999ffc002c07503e3 160b06acfdd147c683cf8b77c5182385 - - 2f30581407ab4def9913b5db80c6c13f 2f30581407ab4def9913b5db80c6c13f] 199.204.45.157 "GET /resource_providers/ab55067d-53ae-4050-9399-54be9e58cbb2/allocations" status: 200 len: 338 microversion: 1.0 [pid: 7|app: 0|req: 328/659] 199.204.45.157 () {32 vars in 857 bytes} [Fri Jul 17 04:58:17 2026] GET /resource_providers/ab55067d-53ae-4050-9399-54be9e58cbb2/allocations => generated 338 bytes in 21 msecs (HTTP/1.1 200) 6 headers in 224 bytes (1 switches on core 0)
2026-07-17 04:58:17.737 8 INFO placement.requestlog [req-44a6d47d-74a7-4c31-a8a4-e35114bf1a52 req-fa90f3cd-efb2-41e7-af4d-9df3914e5c44 ce7a0f19dc804ed999ffc002c07503e3 160b06acfdd147c683cf8b77c5182385 - - 2f30581407ab4def9913b5db80c6c13f 2f30581407ab4def9913b5db80c6c13f] 199.204.45.157 "GET /allocations/5a78f4cc-4c6d-4b99-be25-5827335c5731" status: 200 len: 243 microversion: 1.28 [pid: 8|app: 0|req: 332/660] 199.204.45.157 () {34 vars in 863 bytes} [Fri Jul 17 04:58:17 2026] GET /allocations/5a78f4cc-4c6d-4b99-be25-5827335c5731 => generated 243 bytes in 17 msecs (HTTP/1.1 200) 8 headers in 296 bytes (1 switches on core 0)
2026-07-17 04:58:17.771 7 INFO placement.requestlog [req-44a6d47d-74a7-4c31-a8a4-e35114bf1a52 req-cdd64a44-5118-43b7-a5d1-3cd0eadd9f3c ce7a0f19dc804ed999ffc002c07503e3 160b06acfdd147c683cf8b77c5182385 - - 2f30581407ab4def9913b5db80c6c13f 2f30581407ab4def9913b5db80c6c13f] 199.204.45.157 "GET /allocations/4b3281bd-0b3f-495f-909f-bc173f266160" status: 200 len: 257 microversion: 1.28 [pid: 7|app: 0|req: 329/661] 199.204.45.157 () {34 vars in 863 bytes} [Fri Jul 17 04:58:17 2026] GET /allocations/4b3281bd-0b3f-495f-909f-bc173f266160 => generated 257 bytes in 26 msecs (HTTP/1.1 200) 8 headers in 296 bytes (1 switches on core 0)
2026-07-17 04:58:17.794 8 INFO placement.requestlog [req-44a6d47d-74a7-4c31-a8a4-e35114bf1a52 req-4cc3ffd8-7dd1-4d2e-ad1b-c078ccefb6ec ce7a0f19dc804ed999ffc002c07503e3 160b06acfdd147c683cf8b77c5182385 - - 2f30581407ab4def9913b5db80c6c13f 2f30581407ab4def9913b5db80c6c13f] 199.204.45.157 "GET /allocations/30cc252a-16a4-45db-bb03-ba90732865c7" status: 200 len: 257 microversion: 1.28 [pid: 8|app: 0|req: 333/662] 199.204.45.157 () {34 vars in 863 bytes} [Fri Jul 17 04:58:17 2026] GET /allocations/30cc252a-16a4-45db-bb03-ba90732865c7 => generated 257 bytes in 17 msecs (HTTP/1.1 200) 8 headers in 296 bytes (1 switches on core 0)
2026-07-17 04:58:18.537 7 INFO placement.requestlog [req-ac035b82-84ff-4bb8-8022-ddfe600bf0d1 req-19f00349-0309-4e11-9ab5-2da10e9b5f6b ce7a0f19dc804ed999ffc002c07503e3 160b06acfdd147c683cf8b77c5182385 - - 2f30581407ab4def9913b5db80c6c13f 2f30581407ab4def9913b5db80c6c13f] 10.0.0.165 "GET /allocation_candidates?limit=1000&resources=DISK_GB%3A1%2CMEMORY_MB%3A512%2CVCPU%3A1&root_required=%21COMPUTE_STATUS_DISABLED" status: 200 len: 2643 microversion: 1.36 [pid: 7|app: 0|req: 330/663] 10.0.0.165 () {34 vars in 1012 bytes} [Fri Jul 17 04:58:18 2026] GET /allocation_candidates?limit=1000&resources=DISK_GB%3A1%2CMEMORY_MB%3A512%2CVCPU%3A1&root_required=%21COMPUTE_STATUS_DISABLED => generated 2643 bytes in 45 msecs (HTTP/1.1 200) 8 headers in 297 bytes (1 switches on core 0)
2026-07-17 04:58:18.574 8 INFO placement.requestlog [req-ac035b82-84ff-4bb8-8022-ddfe600bf0d1 req-957209d1-9fba-4ffa-8e5f-96173ccb9ec1 ce7a0f19dc804ed999ffc002c07503e3 160b06acfdd147c683cf8b77c5182385 - - 2f30581407ab4def9913b5db80c6c13f 2f30581407ab4def9913b5db80c6c13f] 10.0.0.165 "GET /allocations/852dab51-35da-4e80-a1e1-25ce6da7ccb5" status: 200 len: 19 microversion: 1.28 [pid: 8|app: 0|req: 334/664] 10.0.0.165 () {34 vars in 861 bytes} [Fri Jul 17 04:58:18 2026] GET /allocations/852dab51-35da-4e80-a1e1-25ce6da7ccb5 => generated 19 bytes in 18 msecs (HTTP/1.1 200) 8 headers in 295 bytes (1 switches on core 0)
2026-07-17 04:58:18.639 7 INFO placement.requestlog [req-ac035b82-84ff-4bb8-8022-ddfe600bf0d1 req-208282b8-ffcc-45d1-b844-e62cc54b4ba1 ce7a0f19dc804ed999ffc002c07503e3 160b06acfdd147c683cf8b77c5182385 - - 2f30581407ab4def9913b5db80c6c13f 2f30581407ab4def9913b5db80c6c13f] 10.0.0.165 "PUT /allocations/852dab51-35da-4e80-a1e1-25ce6da7ccb5" status: 204 len: 0 microversion: 1.36 [pid: 7|app: 0|req: 331/665] 10.0.0.165 () {38 vars in 914 bytes} [Fri Jul 17 04:58:18 2026] PUT /allocations/852dab51-35da-4e80-a1e1-25ce6da7ccb5 => generated 0 bytes in 63 msecs (HTTP/1.1 204) 5 headers in 199 bytes (1 switches on core 0)
2026-07-17 04:58:20.178 8 INFO placement.requestlog [req-ac035b82-84ff-4bb8-8022-ddfe600bf0d1 req-a1877e2e-abf6-453b-8f85-7617f608a552 ce7a0f19dc804ed999ffc002c07503e3 160b06acfdd147c683cf8b77c5182385 - - 2f30581407ab4def9913b5db80c6c13f 2f30581407ab4def9913b5db80c6c13f] 199.204.45.157 "GET /allocations/852dab51-35da-4e80-a1e1-25ce6da7ccb5" status: 200 len: 257 microversion: 1.28 [pid: 8|app: 0|req: 335/666] 199.204.45.157 () {34 vars in 863 bytes} [Fri Jul 17 04:58:20 2026] GET /allocations/852dab51-35da-4e80-a1e1-25ce6da7ccb5 => generated 257 bytes in 17 msecs (HTTP/1.1 200) 8 headers in 296 bytes (1 switches on core 0)
2026-07-17 04:58:21.230 7 INFO placement.requestlog [req-ac035b82-84ff-4bb8-8022-ddfe600bf0d1 req-d89aba66-8abf-46e3-a612-10da33810798 ce7a0f19dc804ed999ffc002c07503e3 160b06acfdd147c683cf8b77c5182385 - - 2f30581407ab4def9913b5db80c6c13f 2f30581407ab4def9913b5db80c6c13f] 199.204.45.157 "GET /resource_providers/ab55067d-53ae-4050-9399-54be9e58cbb2/allocations" status: 200 len: 438 microversion: 1.0 [pid: 7|app: 0|req: 332/667] 199.204.45.157 () {32 vars in 857 bytes} [Fri Jul 17 04:58:21 2026] GET /resource_providers/ab55067d-53ae-4050-9399-54be9e58cbb2/allocations => generated 438 bytes in 21 msecs (HTTP/1.1 200) 6 headers in 224 bytes (1 switches on core 0)
2026-07-17 04:58:21.246 8 INFO placement.requestlog [req-ac035b82-84ff-4bb8-8022-ddfe600bf0d1 req-fb92c8ce-e18f-4dac-b169-d0b3b379db11 ce7a0f19dc804ed999ffc002c07503e3 160b06acfdd147c683cf8b77c5182385 - - 2f30581407ab4def9913b5db80c6c13f 2f30581407ab4def9913b5db80c6c13f] 199.204.45.157 "GET /allocations/5a78f4cc-4c6d-4b99-be25-5827335c5731" status: 200 len: 243 microversion: 1.28 [pid: 8|app: 0|req: 336/668] 199.204.45.157 () {34 vars in 863 bytes} [Fri Jul 17 04:58:21 2026] GET /allocations/5a78f4cc-4c6d-4b99-be25-5827335c5731 => generated 243 bytes in 12 msecs (HTTP/1.1 200) 8 headers in 296 bytes (1 switches on core 0)
2026-07-17 04:58:21.266 7 INFO placement.requestlog [req-ac035b82-84ff-4bb8-8022-ddfe600bf0d1 req-7775a0d2-e29d-4ef9-8c46-08b5327ef70a ce7a0f19dc804ed999ffc002c07503e3 160b06acfdd147c683cf8b77c5182385 - - 2f30581407ab4def9913b5db80c6c13f 2f30581407ab4def9913b5db80c6c13f] 199.204.45.157 "GET /allocations/4b3281bd-0b3f-495f-909f-bc173f266160" status: 200 len: 257 microversion: 1.28 [pid: 7|app: 0|req: 333/669] 199.204.45.157 () {34 vars in 863 bytes} [Fri Jul 17 04:58:21 2026] GET /allocations/4b3281bd-0b3f-495f-909f-bc173f266160 => generated 257 bytes in 15 msecs (HTTP/1.1 200) 8 headers in 296 bytes (1 switches on core 0)
2026-07-17 04:58:21.284 8 INFO placement.requestlog [req-ac035b82-84ff-4bb8-8022-ddfe600bf0d1 req-3f35d689-b2b7-4df4-87bb-6ef7dbda056a ce7a0f19dc804ed999ffc002c07503e3 160b06acfdd147c683cf8b77c5182385 - - 2f30581407ab4def9913b5db80c6c13f 2f30581407ab4def9913b5db80c6c13f] 199.204.45.157 "GET /allocations/30cc252a-16a4-45db-bb03-ba90732865c7" status: 200 len: 257 microversion: 1.28 [pid: 8|app: 0|req: 337/670] 199.204.45.157 () {34 vars in 863 bytes} [Fri Jul 17 04:58:21 2026] GET /allocations/30cc252a-16a4-45db-bb03-ba90732865c7 => generated 257 bytes in 15 msecs (HTTP/1.1 200) 8 headers in 296 bytes (1 switches on core 0)
2026-07-17 04:58:21.312 7 INFO placement.requestlog [req-ac035b82-84ff-4bb8-8022-ddfe600bf0d1 req-feb32135-ca49-4f16-ad5a-fa85918e6e54 ce7a0f19dc804ed999ffc002c07503e3 160b06acfdd147c683cf8b77c5182385 - - 2f30581407ab4def9913b5db80c6c13f 2f30581407ab4def9913b5db80c6c13f] 199.204.45.157 "GET /allocations/852dab51-35da-4e80-a1e1-25ce6da7ccb5" status: 200 len: 257 microversion: 1.28 [pid: 7|app: 0|req: 334/671] 199.204.45.157 () {34 vars in 863 bytes} [Fri Jul 17 04:58:21 2026] GET /allocations/852dab51-35da-4e80-a1e1-25ce6da7ccb5 => generated 257 bytes in 22 msecs (HTTP/1.1 200) 8 headers in 296 bytes (1 switches on core 0)
2026-07-17 04:58:23.899 8 INFO placement.requestlog [req-fc5472de-021a-48cd-abde-b2a1d413787f req-6cf8f18c-ee91-463a-a9d7-480564eee543 ce7a0f19dc804ed999ffc002c07503e3 160b06acfdd147c683cf8b77c5182385 - - 2f30581407ab4def9913b5db80c6c13f 2f30581407ab4def9913b5db80c6c13f] 199.204.45.157 "GET /resource_providers/ab55067d-53ae-4050-9399-54be9e58cbb2/allocations" status: 200 len: 438 microversion: 1.0 [pid: 8|app: 0|req: 338/672] 199.204.45.157 () {32 vars in 857 bytes} [Fri Jul 17 04:58:23 2026] GET /resource_providers/ab55067d-53ae-4050-9399-54be9e58cbb2/allocations => generated 438 bytes in 25 msecs (HTTP/1.1 200) 6 headers in 224 bytes (1 switches on core 0)
2026-07-17 04:58:23.931 7 INFO placement.requestlog [req-fc5472de-021a-48cd-abde-b2a1d413787f req-ba2fb39a-8ed7-43a0-bb34-73040bba4031 ce7a0f19dc804ed999ffc002c07503e3 160b06acfdd147c683cf8b77c5182385 - - 2f30581407ab4def9913b5db80c6c13f 2f30581407ab4def9913b5db80c6c13f] 199.204.45.157 "GET /allocations/5a78f4cc-4c6d-4b99-be25-5827335c5731" status: 200 len: 243 microversion: 1.28 [pid: 7|app: 0|req: 335/673] 199.204.45.157 () {34 vars in 863 bytes} [Fri Jul 17 04:58:23 2026] GET /allocations/5a78f4cc-4c6d-4b99-be25-5827335c5731 => generated 243 bytes in 23 msecs (HTTP/1.1 200) 8 headers in 296 bytes (1 switches on core 0)
2026-07-17 04:58:23.950 8 INFO placement.requestlog [req-fc5472de-021a-48cd-abde-b2a1d413787f req-a86b82a9-f4fa-4ac9-bfb2-f181b387a201 ce7a0f19dc804ed999ffc002c07503e3 160b06acfdd147c683cf8b77c5182385 - - 2f30581407ab4def9913b5db80c6c13f 2f30581407ab4def9913b5db80c6c13f] 199.204.45.157 "GET /allocations/4b3281bd-0b3f-495f-909f-bc173f266160" status: 200 len: 257 microversion: 1.28 [pid: 8|app: 0|req: 339/674] 199.204.45.157 () {34 vars in 863 bytes} [Fri Jul 17 04:58:23 2026] GET /allocations/4b3281bd-0b3f-495f-909f-bc173f266160 => generated 257 bytes in 13 msecs (HTTP/1.1 200) 8 headers in 296 bytes (1 switches on core 0)
2026-07-17 04:58:23.967 7 INFO placement.requestlog [req-fc5472de-021a-48cd-abde-b2a1d413787f req-a09d84c2-c9b1-4cb8-9fe1-ee2890fca21f ce7a0f19dc804ed999ffc002c07503e3 160b06acfdd147c683cf8b77c5182385 - - 2f30581407ab4def9913b5db80c6c13f 2f30581407ab4def9913b5db80c6c13f] 199.204.45.157 "GET /allocations/30cc252a-16a4-45db-bb03-ba90732865c7" status: 200 len: 257 microversion: 1.28 [pid: 7|app: 0|req: 336/675] 199.204.45.157 () {34 vars in 863 bytes} [Fri Jul 17 04:58:23 2026] GET /allocations/30cc252a-16a4-45db-bb03-ba90732865c7 => generated 257 bytes in 12 msecs (HTTP/1.1 200) 8 headers in 296 bytes (1 switches on core 0)
2026-07-17 04:58:23.985 8 INFO placement.requestlog [req-fc5472de-021a-48cd-abde-b2a1d413787f req-3a060bbe-28e2-4918-9e7d-206747c372ee ce7a0f19dc804ed999ffc002c07503e3 160b06acfdd147c683cf8b77c5182385 - - 2f30581407ab4def9913b5db80c6c13f 2f30581407ab4def9913b5db80c6c13f] 199.204.45.157 "GET /allocations/852dab51-35da-4e80-a1e1-25ce6da7ccb5" status: 200 len: 257 microversion: 1.28 [pid: 8|app: 0|req: 340/676] 199.204.45.157 () {34 vars in 863 bytes} [Fri Jul 17 04:58:23 2026] GET /allocations/852dab51-35da-4e80-a1e1-25ce6da7ccb5 => generated 257 bytes in 14 msecs (HTTP/1.1 200) 8 headers in 296 bytes (1 switches on core 0)
2026-07-17 04:58:25.051 7 INFO placement.requestlog [req-fc5472de-021a-48cd-abde-b2a1d413787f req-fa551939-44bd-49f4-a303-a413589f9c13 ce7a0f19dc804ed999ffc002c07503e3 160b06acfdd147c683cf8b77c5182385 - - 2f30581407ab4def9913b5db80c6c13f 2f30581407ab4def9913b5db80c6c13f] 199.204.45.157 "DELETE /allocations/30cc252a-16a4-45db-bb03-ba90732865c7" status: 204 len: 0 microversion: 1.0 [pid: 7|app: 0|req: 337/677] 199.204.45.157 () {34 vars in 841 bytes} [Fri Jul 17 04:58:25 2026] DELETE /allocations/30cc252a-16a4-45db-bb03-ba90732865c7 => generated 0 bytes in 39 msecs (HTTP/1.1 204) 5 headers in 198 bytes (1 switches on core 0)
2026-07-17 04:58:26.805 8 INFO placement.requestlog [None req-dcad9d25-2d3e-4370-bafa-7ee95b219175 - - - - - -] 10.0.0.147 "GET /" status: 200 len: 136 microversion: 1.0
2026-07-17 04:58:26.806 7 INFO placement.requestlog [None req-9a9804ae-d65d-47ea-adc0-efd3fdff6f10 - - - - - -] 10.0.0.147 "GET /" status: 200 len: 136 microversion: 1.0
2026-07-17 04:58:29.200 8 INFO placement.requestlog [None req-01d21f2b-6ea8-41df-887f-b5d159cb37cc 0a829c4ed6804cc5a0730e13e53b0ff2 160b06acfdd147c683cf8b77c5182385 - - 2f30581407ab4def9913b5db80c6c13f 2f30581407ab4def9913b5db80c6c13f] 10.0.0.121 "GET /resource_providers/5eacad4f-7319-4d8d-9c01-9ab933fb7ccf/aggregates" status: 404 len: 235 microversion: 1.1 [pid: 8|app: 0|req: 342/680] 10.0.0.121 () {32 vars in 816 bytes} [Fri Jul 17 04:58:29 2026] GET /resource_providers/5eacad4f-7319-4d8d-9c01-9ab933fb7ccf/aggregates => generated 235 bytes in 8 msecs (HTTP/1.1 404) 5 headers in 202 bytes (1 switches on core 0)
2026-07-17 04:58:29.207 7 INFO placement.requestlog [None req-3ca910f9-15b3-4e1d-a670-e889e7b39b11 0a829c4ed6804cc5a0730e13e53b0ff2 160b06acfdd147c683cf8b77c5182385 - - 2f30581407ab4def9913b5db80c6c13f 2f30581407ab4def9913b5db80c6c13f] 10.0.0.121 "GET /resource_providers/5eacad4f-7319-4d8d-9c01-9ab933fb7ccf/aggregates" status: 404 len: 235 microversion: 1.1 [pid: 7|app: 0|req: 339/681] 10.0.0.121 () {32 vars in 816 bytes} [Fri Jul 17 04:58:29 2026] GET /resource_providers/5eacad4f-7319-4d8d-9c01-9ab933fb7ccf/aggregates => generated 235 bytes in 14 msecs (HTTP/1.1 404) 5 headers in 202 bytes (1 switches on core 0)
2026-07-17 04:58:29.226 8 INFO placement.requestlog [None req-8e8c1754-7dbc-456f-8663-e3585df6e69f 0a829c4ed6804cc5a0730e13e53b0ff2 160b06acfdd147c683cf8b77c5182385 - - 2f30581407ab4def9913b5db80c6c13f 2f30581407ab4def9913b5db80c6c13f] 10.0.0.121 "DELETE /resource_providers/5eacad4f-7319-4d8d-9c01-9ab933fb7ccf" status: 404 len: 246 microversion: 1.1 [pid: 8|app: 0|req: 343/682] 10.0.0.121 () {34 vars in 816 bytes} [Fri Jul 17 04:58:29 2026] DELETE /resource_providers/5eacad4f-7319-4d8d-9c01-9ab933fb7ccf => generated 246 bytes in 9 msecs (HTTP/1.1 404) 6 headers in 231 bytes (1 switches on core 0)
2026-07-17 04:58:29.228 7 INFO placement.requestlog [None req-8ac1cba6-f20b-4954-88cd-24916edebce6 0a829c4ed6804cc5a0730e13e53b0ff2 160b06acfdd147c683cf8b77c5182385 - - 2f30581407ab4def9913b5db80c6c13f 2f30581407ab4def9913b5db80c6c13f] 10.0.0.121 "DELETE /resource_providers/5eacad4f-7319-4d8d-9c01-9ab933fb7ccf" status: 404 len: 246 microversion: 1.1 [pid: 7|app: 0|req: 340/683] 10.0.0.121 () {34 vars in 816 bytes} [Fri Jul 17 04:58:29 2026] DELETE /resource_providers/5eacad4f-7319-4d8d-9c01-9ab933fb7ccf => generated 246 bytes in 10 msecs (HTTP/1.1 404) 6 headers in 231 bytes (1 switches on core 0)
2026-07-17 04:58:29.649 8 INFO placement.requestlog [req-de176277-810c-4997-8a8e-3d618830dbe8 req-23471c8f-ee64-4ed6-af67-07d7872d36bc ce7a0f19dc804ed999ffc002c07503e3 160b06acfdd147c683cf8b77c5182385 - - 2f30581407ab4def9913b5db80c6c13f 2f30581407ab4def9913b5db80c6c13f] 199.204.45.157 "GET /resource_providers/ab55067d-53ae-4050-9399-54be9e58cbb2/allocations" status: 200 len: 338 microversion: 1.0 [pid: 8|app: 0|req: 344/684] 199.204.45.157 () {32 vars in 857 bytes} [Fri Jul 17 04:58:29 2026] GET /resource_providers/ab55067d-53ae-4050-9399-54be9e58cbb2/allocations => generated 338 bytes in 19 msecs (HTTP/1.1 200) 6 headers in 224 bytes (1 switches on core 0)
2026-07-17 04:58:29.671 7 INFO placement.requestlog [req-de176277-810c-4997-8a8e-3d618830dbe8 req-6a1f2339-ec7c-42ea-a706-fdf911295363 ce7a0f19dc804ed999ffc002c07503e3 160b06acfdd147c683cf8b77c5182385 - - 2f30581407ab4def9913b5db80c6c13f 2f30581407ab4def9913b5db80c6c13f] 199.204.45.157 "GET /allocations/5a78f4cc-4c6d-4b99-be25-5827335c5731" status: 200 len: 243 microversion: 1.28 [pid: 7|app: 0|req: 341/685] 199.204.45.157 () {34 vars in 863 bytes} [Fri Jul 17 04:58:29 2026] GET /allocations/5a78f4cc-4c6d-4b99-be25-5827335c5731 => generated 243 bytes in 17 msecs (HTTP/1.1 200) 8 headers in 296 bytes (1 switches on core 0)
2026-07-17 04:58:29.690 8 INFO placement.requestlog [req-de176277-810c-4997-8a8e-3d618830dbe8 req-a3f80355-d3c6-4b73-aa0f-2329668c3b7a ce7a0f19dc804ed999ffc002c07503e3 160b06acfdd147c683cf8b77c5182385 - - 2f30581407ab4def9913b5db80c6c13f 2f30581407ab4def9913b5db80c6c13f] 199.204.45.157 "GET /allocations/4b3281bd-0b3f-495f-909f-bc173f266160" status: 200 len: 257 microversion: 1.28 [pid: 8|app: 0|req: 345/686] 199.204.45.157 () {34 vars in 863 bytes} [Fri Jul 17 04:58:29 2026] GET /allocations/4b3281bd-0b3f-495f-909f-bc173f266160 => generated 257 bytes in 12 msecs (HTTP/1.1 200) 8 headers in 296 bytes (1 switches on core 0)
2026-07-17 04:58:29.723 7 INFO placement.requestlog [req-de176277-810c-4997-8a8e-3d618830dbe8 req-bcf18c64-180b-464a-a6e9-5dc920645cbd ce7a0f19dc804ed999ffc002c07503e3 160b06acfdd147c683cf8b77c5182385 - - 2f30581407ab4def9913b5db80c6c13f 2f30581407ab4def9913b5db80c6c13f] 199.204.45.157 "GET /allocations/852dab51-35da-4e80-a1e1-25ce6da7ccb5" status: 200 len: 257 microversion: 1.28 [pid: 7|app: 0|req: 342/687] 199.204.45.157 () {34 vars in 863 bytes} [Fri Jul 17 04:58:29 2026] GET /allocations/852dab51-35da-4e80-a1e1-25ce6da7ccb5 => generated 257 bytes in 25 msecs (HTTP/1.1 200) 8 headers in 296 bytes (1 switches on core 0)
2026-07-17 04:58:30.791 8 INFO placement.requestlog [req-de176277-810c-4997-8a8e-3d618830dbe8 req-870d807d-f206-4aaf-a94a-6b5a78a80725 ce7a0f19dc804ed999ffc002c07503e3 160b06acfdd147c683cf8b77c5182385 - - 2f30581407ab4def9913b5db80c6c13f 2f30581407ab4def9913b5db80c6c13f] 199.204.45.157 "DELETE /allocations/5a78f4cc-4c6d-4b99-be25-5827335c5731" status: 204 len: 0 microversion: 1.0 [pid: 8|app: 0|req: 346/688] 199.204.45.157 () {34 vars in 841 bytes} [Fri Jul 17 04:58:30 2026] DELETE /allocations/5a78f4cc-4c6d-4b99-be25-5827335c5731 => generated 0 bytes in 42 msecs (HTTP/1.1 204) 5 headers in 198 bytes (1 switches on core 0)
