2026-07-17 05:03:24.637 7 INFO placement.requestlog [None req-f2d0c419-b64a-4850-a626-5769ee6223c4 0a829c4ed6804cc5a0730e13e53b0ff2 160b06acfdd147c683cf8b77c5182385 - - 2f30581407ab4def9913b5db80c6c13f 2f30581407ab4def9913b5db80c6c13f] 10.0.0.121 "GET /resource_providers/e445f10d-b7ad-4db8-aba7-a35139c882b4/aggregates" status: 404 len: 235 microversion: 1.1 [pid: 7|app: 0|req: 566/1131] 10.0.0.121 () {32 vars in 816 bytes} [Fri Jul 17 05:03:24 2026] GET /resource_providers/e445f10d-b7ad-4db8-aba7-a35139c882b4/aggregates => generated 235 bytes in 13 msecs (HTTP/1.1 404) 5 headers in 202 bytes (1 switches on core 0)
2026-07-17 05:03:24.654 8 INFO placement.requestlog [None req-d0ac5f82-2e17-4c46-9542-5a6cf1952998 0a829c4ed6804cc5a0730e13e53b0ff2 160b06acfdd147c683cf8b77c5182385 - - 2f30581407ab4def9913b5db80c6c13f 2f30581407ab4def9913b5db80c6c13f] 10.0.0.121 "DELETE /resource_providers/e445f10d-b7ad-4db8-aba7-a35139c882b4" status: 404 len: 246 microversion: 1.1 [pid: 8|app: 0|req: 566/1132] 10.0.0.121 () {34 vars in 816 bytes} [Fri Jul 17 05:03:24 2026] DELETE /resource_providers/e445f10d-b7ad-4db8-aba7-a35139c882b4 => generated 246 bytes in 8 msecs (HTTP/1.1 404) 6 headers in 231 bytes (1 switches on core 0)
2026-07-17 05:03:24.658 7 INFO placement.requestlog [None req-23a81cc7-f7d6-4930-a0dd-ef977f24cc10 0a829c4ed6804cc5a0730e13e53b0ff2 160b06acfdd147c683cf8b77c5182385 - - 2f30581407ab4def9913b5db80c6c13f 2f30581407ab4def9913b5db80c6c13f] 10.0.0.121 "DELETE /resource_providers/e445f10d-b7ad-4db8-aba7-a35139c882b4" status: 404 len: 246 microversion: 1.1 [pid: 7|app: 0|req: 567/1133] 10.0.0.121 () {34 vars in 816 bytes} [Fri Jul 17 05:03:24 2026] DELETE /resource_providers/e445f10d-b7ad-4db8-aba7-a35139c882b4 => generated 246 bytes in 10 msecs (HTTP/1.1 404) 6 headers in 231 bytes (1 switches on core 0)
2026-07-17 05:03:26.804 7 INFO placement.requestlog [None req-8dcdc872-6b48-4ed8-adbf-00745d96f702 - - - - - -] 10.0.0.147 "GET /" status: 200 len: 136 microversion: 1.0
2026-07-17 05:03:26.805 8 INFO placement.requestlog [None req-cec4adac-b3bc-43a4-8def-1c7fe1af790d - - - - - -] 10.0.0.147 "GET /" status: 200 len: 136 microversion: 1.0
2026-07-17 05:03:28.144 7 INFO placement.requestlog [None req-5afec226-238a-4b79-87d2-17b3033a6ab2 0a829c4ed6804cc5a0730e13e53b0ff2 160b06acfdd147c683cf8b77c5182385 - - 2f30581407ab4def9913b5db80c6c13f 2f30581407ab4def9913b5db80c6c13f] 10.0.0.121 "GET /resource_providers/4d40d787-21e0-4806-b472-f2496874ebee/aggregates" status: 404 len: 235 microversion: 1.1 [pid: 7|app: 0|req: 569/1136] 10.0.0.121 () {32 vars in 816 bytes} [Fri Jul 17 05:03:28 2026] GET /resource_providers/4d40d787-21e0-4806-b472-f2496874ebee/aggregates => generated 235 bytes in 8 msecs (HTTP/1.1 404) 5 headers in 202 bytes (1 switches on core 0)
2026-07-17 05:03:28.154 8 INFO placement.requestlog [None req-62e800d3-b0a9-4472-baec-8498ba9996b2 0a829c4ed6804cc5a0730e13e53b0ff2 160b06acfdd147c683cf8b77c5182385 - - 2f30581407ab4def9913b5db80c6c13f 2f30581407ab4def9913b5db80c6c13f] 10.0.0.121 "GET /resource_providers/4d40d787-21e0-4806-b472-f2496874ebee/aggregates" status: 404 len: 235 microversion: 1.1 [pid: 8|app: 0|req: 568/1137] 10.0.0.121 () {32 vars in 816 bytes} [Fri Jul 17 05:03:28 2026] GET /resource_providers/4d40d787-21e0-4806-b472-f2496874ebee/aggregates => generated 235 bytes in 12 msecs (HTTP/1.1 404) 5 headers in 202 bytes (1 switches on core 0)
2026-07-17 05:03:28.169 8 INFO placement.requestlog [None req-55ad2fe3-cd95-4e8a-8164-347ae13c5f26 0a829c4ed6804cc5a0730e13e53b0ff2 160b06acfdd147c683cf8b77c5182385 - - 2f30581407ab4def9913b5db80c6c13f 2f30581407ab4def9913b5db80c6c13f] 10.0.0.121 "DELETE /resource_providers/4d40d787-21e0-4806-b472-f2496874ebee" status: 404 len: 246 microversion: 1.1
2026-07-17 05:03:28.169 7 INFO placement.requestlog [None req-711d293d-1ffd-4c6a-80cd-af6342b2822e 0a829c4ed6804cc5a0730e13e53b0ff2 160b06acfdd147c683cf8b77c5182385 - - 2f30581407ab4def9913b5db80c6c13f 2f30581407ab4def9913b5db80c6c13f] 10.0.0.121 "DELETE /resource_providers/4d40d787-21e0-4806-b472-f2496874ebee" status: 404 len: 246 microversion: 1.1 [pid: 8|app: 0|req: 569/1138] 10.0.0.121 () {34 vars in 816 bytes} [Fri Jul 17 05:03:28 2026] DELETE /resource_providers/4d40d787-21e0-4806-b472-f2496874ebee => generated 246 bytes in 9 msecs (HTTP/1.1 404) 6 headers in 231 bytes (1 switches on core 0) [pid: 7|app: 0|req: 570/1139] 10.0.0.121 () {34 vars in 816 bytes} [Fri Jul 17 05:03:28 2026] DELETE /resource_providers/4d40d787-21e0-4806-b472-f2496874ebee => generated 246 bytes in 10 msecs (HTTP/1.1 404) 6 headers in 231 bytes (1 switches on core 0)
2026-07-17 05:03:28.508 7 INFO placement.requestlog [None req-1d2b68fb-4c2b-4925-a9f4-43317c2d3706 0a829c4ed6804cc5a0730e13e53b0ff2 160b06acfdd147c683cf8b77c5182385 - - 2f30581407ab4def9913b5db80c6c13f 2f30581407ab4def9913b5db80c6c13f] 10.0.0.121 "GET /resource_providers/817152bc-5a9e-4bc2-965c-9ff4ce6ec81e/aggregates" status: 404 len: 235 microversion: 1.1 [pid: 7|app: 0|req: 571/1140] 10.0.0.121 () {32 vars in 816 bytes} [Fri Jul 17 05:03:28 2026] GET /resource_providers/817152bc-5a9e-4bc2-965c-9ff4ce6ec81e/aggregates => generated 235 bytes in 10 msecs (HTTP/1.1 404) 5 headers in 202 bytes (1 switches on core 0)
2026-07-17 05:03:28.511 8 INFO placement.requestlog [None req-e65e1f17-32a9-47ac-9a18-9b5c47e62188 0a829c4ed6804cc5a0730e13e53b0ff2 160b06acfdd147c683cf8b77c5182385 - - 2f30581407ab4def9913b5db80c6c13f 2f30581407ab4def9913b5db80c6c13f] 10.0.0.121 "GET /resource_providers/817152bc-5a9e-4bc2-965c-9ff4ce6ec81e/aggregates" status: 404 len: 235 microversion: 1.1 [pid: 8|app: 0|req: 570/1141] 10.0.0.121 () {32 vars in 816 bytes} [Fri Jul 17 05:03:28 2026] GET /resource_providers/817152bc-5a9e-4bc2-965c-9ff4ce6ec81e/aggregates => generated 235 bytes in 14 msecs (HTTP/1.1 404) 5 headers in 202 bytes (1 switches on core 0)
2026-07-17 05:03:28.532 7 INFO placement.requestlog [None req-3fcd3155-c565-46e5-8d96-c40a95bc41d0 0a829c4ed6804cc5a0730e13e53b0ff2 160b06acfdd147c683cf8b77c5182385 - - 2f30581407ab4def9913b5db80c6c13f 2f30581407ab4def9913b5db80c6c13f] 10.0.0.121 "DELETE /resource_providers/817152bc-5a9e-4bc2-965c-9ff4ce6ec81e" status: 404 len: 246 microversion: 1.1 [pid: 7|app: 0|req: 572/1142] 10.0.0.121 () {34 vars in 816 bytes} [Fri Jul 17 05:03:28 2026] DELETE /resource_providers/817152bc-5a9e-4bc2-965c-9ff4ce6ec81e => generated 246 bytes in 12 msecs (HTTP/1.1 404) 6 headers in 231 bytes (1 switches on core 0)
2026-07-17 05:03:28.537 8 INFO placement.requestlog [None req-6bf8ef70-afae-44b7-af35-5221604ee650 0a829c4ed6804cc5a0730e13e53b0ff2 160b06acfdd147c683cf8b77c5182385 - - 2f30581407ab4def9913b5db80c6c13f 2f30581407ab4def9913b5db80c6c13f] 10.0.0.121 "DELETE /resource_providers/817152bc-5a9e-4bc2-965c-9ff4ce6ec81e" status: 404 len: 246 microversion: 1.1 [pid: 8|app: 0|req: 571/1143] 10.0.0.121 () {34 vars in 816 bytes} [Fri Jul 17 05:03:28 2026] DELETE /resource_providers/817152bc-5a9e-4bc2-965c-9ff4ce6ec81e => generated 246 bytes in 11 msecs (HTTP/1.1 404) 6 headers in 231 bytes (1 switches on core 0)
2026-07-17 05:03:30.191 8 INFO placement.requestlog [None req-f220c0ea-77cf-4d32-ac2e-e6a29aede4fb 0a829c4ed6804cc5a0730e13e53b0ff2 160b06acfdd147c683cf8b77c5182385 - - 2f30581407ab4def9913b5db80c6c13f 2f30581407ab4def9913b5db80c6c13f] 10.0.0.121 "GET /resource_providers/0835a717-4e23-42da-9eef-ca10e642080f/aggregates" status: 404 len: 235 microversion: 1.1
2026-07-17 05:03:30.192 7 INFO placement.requestlog [None req-8dc68109-d9d9-4b25-9c0e-9902763480d8 0a829c4ed6804cc5a0730e13e53b0ff2 160b06acfdd147c683cf8b77c5182385 - - 2f30581407ab4def9913b5db80c6c13f 2f30581407ab4def9913b5db80c6c13f] 10.0.0.121 "GET /resource_providers/0835a717-4e23-42da-9eef-ca10e642080f/aggregates" status: 404 len: 235 microversion: 1.1 [pid: 8|app: 0|req: 572/1145] 10.0.0.121 () {32 vars in 816 bytes} [Fri Jul 17 05:03:30 2026] GET /resource_providers/0835a717-4e23-42da-9eef-ca10e642080f/aggregates => generated 235 bytes in 9 msecs (HTTP/1.1 404) 5 headers in 202 bytes (1 switches on core 0) [pid: 7|app: 0|req: 573/1145] 10.0.0.121 () {32 vars in 816 bytes} [Fri Jul 17 05:03:30 2026] GET /resource_providers/0835a717-4e23-42da-9eef-ca10e642080f/aggregates => generated 235 bytes in 10 msecs (HTTP/1.1 404) 5 headers in 202 bytes (1 switches on core 0)
2026-07-17 05:03:30.215 7 INFO placement.requestlog [None req-04f5ac6e-47b5-4361-9551-235306cecce1 0a829c4ed6804cc5a0730e13e53b0ff2 160b06acfdd147c683cf8b77c5182385 - - 2f30581407ab4def9913b5db80c6c13f 2f30581407ab4def9913b5db80c6c13f] 10.0.0.121 "DELETE /resource_providers/0835a717-4e23-42da-9eef-ca10e642080f" status: 404 len: 246 microversion: 1.1 [pid: 7|app: 0|req: 574/1146] 10.0.0.121 () {34 vars in 816 bytes} [Fri Jul 17 05:03:30 2026] DELETE /resource_providers/0835a717-4e23-42da-9eef-ca10e642080f => generated 246 bytes in 10 msecs (HTTP/1.1 404) 6 headers in 231 bytes (1 switches on core 0)
2026-07-17 05:03:30.216 8 INFO placement.requestlog [None req-0f9e1836-ca1f-4704-87b5-aefb37ad50c0 0a829c4ed6804cc5a0730e13e53b0ff2 160b06acfdd147c683cf8b77c5182385 - - 2f30581407ab4def9913b5db80c6c13f 2f30581407ab4def9913b5db80c6c13f] 10.0.0.121 "DELETE /resource_providers/0835a717-4e23-42da-9eef-ca10e642080f" status: 404 len: 246 microversion: 1.1 [pid: 8|app: 0|req: 573/1147] 10.0.0.121 () {34 vars in 816 bytes} [Fri Jul 17 05:03:30 2026] DELETE /resource_providers/0835a717-4e23-42da-9eef-ca10e642080f => generated 246 bytes in 10 msecs (HTTP/1.1 404) 6 headers in 231 bytes (1 switches on core 0)
2026-07-17 05:03:36.804 7 INFO placement.requestlog [None req-84816477-97a9-47eb-b78e-6b4158fb7201 - - - - - -] 10.0.0.147 "GET /" status: 200 len: 136 microversion: 1.0
2026-07-17 05:03:36.805 8 INFO placement.requestlog [None req-b7017038-05cb-47e5-bcc8-0bf43b95a181 - - - - - -] 10.0.0.147 "GET /" status: 200 len: 136 microversion: 1.0
2026-07-17 05:03:44.806 7 INFO placement.requestlog [req-d6401343-b6e0-4a61-b287-5e48b302682a req-897d6fa3-34e8-4768-88a0-df0ef69cb99f ce7a0f19dc804ed999ffc002c07503e3 160b06acfdd147c683cf8b77c5182385 - - 2f30581407ab4def9913b5db80c6c13f 2f30581407ab4def9913b5db80c6c13f] 199.204.45.157 "GET /resource_providers/ab55067d-53ae-4050-9399-54be9e58cbb2/allocations" status: 200 len: 55 microversion: 1.0 [pid: 7|app: 0|req: 576/1150] 199.204.45.157 () {32 vars in 857 bytes} [Fri Jul 17 05:03:44 2026] GET /resource_providers/ab55067d-53ae-4050-9399-54be9e58cbb2/allocations => generated 55 bytes in 18 msecs (HTTP/1.1 200) 6 headers in 223 bytes (1 switches on core 0)
2026-07-17 05:03:44.827 8 INFO placement.requestlog [req-d6401343-b6e0-4a61-b287-5e48b302682a req-7adf499b-b35e-4599-9fdc-1409d8129b00 ce7a0f19dc804ed999ffc002c07503e3 160b06acfdd147c683cf8b77c5182385 - - 2f30581407ab4def9913b5db80c6c13f 2f30581407ab4def9913b5db80c6c13f] 199.204.45.157 "GET /resource_providers/ab55067d-53ae-4050-9399-54be9e58cbb2/allocations" status: 200 len: 55 microversion: 1.0 [pid: 8|app: 0|req: 575/1151] 199.204.45.157 () {32 vars in 857 bytes} [Fri Jul 17 05:03:44 2026] GET /resource_providers/ab55067d-53ae-4050-9399-54be9e58cbb2/allocations => generated 55 bytes in 15 msecs (HTTP/1.1 200) 6 headers in 223 bytes (1 switches on core 0)
2026-07-17 05:03:46.804 7 INFO placement.requestlog [None req-b395f175-6692-408c-8254-59089c8816b4 - - - - - -] 10.0.0.147 "GET /" status: 200 len: 136 microversion: 1.0
2026-07-17 05:03:46.804 8 INFO placement.requestlog [None req-1763daa2-aea5-4cad-be8d-89e2862c5951 - - - - - -] 10.0.0.147 "GET /" status: 200 len: 136 microversion: 1.0
2026-07-17 05:03:56.804 8 INFO placement.requestlog [None req-8aed71c8-5761-466f-bc53-c5871f79b3f2 - - - - - -] 10.0.0.147 "GET /" status: 200 len: 136 microversion: 1.0
2026-07-17 05:03:56.804 7 INFO placement.requestlog [None req-ef20de07-8ec5-47da-9ba1-f683304060bb - - - - - -] 10.0.0.147 "GET /" status: 200 len: 136 microversion: 1.0
2026-07-17 05:03:57.401 7 INFO placement.requestlog [req-15f90e6f-ed14-444b-b6cd-21b3a9efe52a req-a075777f-a0dc-450b-8898-cfdb22eb3090 ce7a0f19dc804ed999ffc002c07503e3 160b06acfdd147c683cf8b77c5182385 - - 2f30581407ab4def9913b5db80c6c13f 2f30581407ab4def9913b5db80c6c13f] 10.0.0.165 "GET /allocation_candidates?limit=1000&resources=DISK_GB%3A1%2CMEMORY_MB%3A512%2CVCPU%3A1&root_required=%21COMPUTE_STATUS_DISABLED" status: 200 len: 2640 microversion: 1.36 [pid: 7|app: 0|req: 579/1156] 10.0.0.165 () {34 vars in 1012 bytes} [Fri Jul 17 05:03:57 2026] GET /allocation_candidates?limit=1000&resources=DISK_GB%3A1%2CMEMORY_MB%3A512%2CVCPU%3A1&root_required=%21COMPUTE_STATUS_DISABLED => generated 2640 bytes in 152 msecs (HTTP/1.1 200) 8 headers in 297 bytes (1 switches on core 0)
2026-07-17 05:03:57.427 8 INFO placement.requestlog [req-15f90e6f-ed14-444b-b6cd-21b3a9efe52a req-a577b6c1-23a8-474e-a427-f858dbb997d0 ce7a0f19dc804ed999ffc002c07503e3 160b06acfdd147c683cf8b77c5182385 - - 2f30581407ab4def9913b5db80c6c13f 2f30581407ab4def9913b5db80c6c13f] 10.0.0.165 "GET /allocations/5836cb60-28a1-4c4c-b992-304d06e88ba8" status: 200 len: 19 microversion: 1.28 [pid: 8|app: 0|req: 578/1157] 10.0.0.165 () {34 vars in 861 bytes} [Fri Jul 17 05:03:57 2026] GET /allocations/5836cb60-28a1-4c4c-b992-304d06e88ba8 => generated 19 bytes in 11 msecs (HTTP/1.1 200) 8 headers in 295 bytes (1 switches on core 0)
2026-07-17 05:03:57.494 7 INFO placement.requestlog [req-15f90e6f-ed14-444b-b6cd-21b3a9efe52a req-4b45c031-6a34-434d-a4f0-d06512e9f40a ce7a0f19dc804ed999ffc002c07503e3 160b06acfdd147c683cf8b77c5182385 - - 2f30581407ab4def9913b5db80c6c13f 2f30581407ab4def9913b5db80c6c13f] 10.0.0.165 "PUT /allocations/5836cb60-28a1-4c4c-b992-304d06e88ba8" status: 204 len: 0 microversion: 1.36 [pid: 7|app: 0|req: 580/1158] 10.0.0.165 () {38 vars in 914 bytes} [Fri Jul 17 05:03:57 2026] PUT /allocations/5836cb60-28a1-4c4c-b992-304d06e88ba8 => generated 0 bytes in 62 msecs (HTTP/1.1 204) 5 headers in 199 bytes (1 switches on core 0)
2026-07-17 05:03:58.919 8 INFO placement.requestlog [req-15f90e6f-ed14-444b-b6cd-21b3a9efe52a req-31e1d7e1-fe8c-46f2-b279-22b15018eeac ce7a0f19dc804ed999ffc002c07503e3 160b06acfdd147c683cf8b77c5182385 - - 2f30581407ab4def9913b5db80c6c13f 2f30581407ab4def9913b5db80c6c13f] 199.204.45.157 "GET /allocations/5836cb60-28a1-4c4c-b992-304d06e88ba8" status: 200 len: 258 microversion: 1.28 [pid: 8|app: 0|req: 579/1159] 199.204.45.157 () {34 vars in 863 bytes} [Fri Jul 17 05:03:58 2026] GET /allocations/5836cb60-28a1-4c4c-b992-304d06e88ba8 => generated 258 bytes in 11 msecs (HTTP/1.1 200) 8 headers in 296 bytes (1 switches on core 0)
2026-07-17 05:03:59.966 7 INFO placement.requestlog [req-15f90e6f-ed14-444b-b6cd-21b3a9efe52a req-0b1023d3-d001-4d40-b3e1-b8068a511a80 ce7a0f19dc804ed999ffc002c07503e3 160b06acfdd147c683cf8b77c5182385 - - 2f30581407ab4def9913b5db80c6c13f 2f30581407ab4def9913b5db80c6c13f] 199.204.45.157 "GET /resource_providers/ab55067d-53ae-4050-9399-54be9e58cbb2/allocations" status: 200 len: 153 microversion: 1.0 [pid: 7|app: 0|req: 581/1160] 199.204.45.157 () {32 vars in 857 bytes} [Fri Jul 17 05:03:59 2026] GET /resource_providers/ab55067d-53ae-4050-9399-54be9e58cbb2/allocations => generated 153 bytes in 19 msecs (HTTP/1.1 200) 6 headers in 224 bytes (1 switches on core 0)
2026-07-17 05:03:59.985 8 INFO placement.requestlog [req-15f90e6f-ed14-444b-b6cd-21b3a9efe52a req-41e87085-3572-4ed4-9f58-d27e497bf600 ce7a0f19dc804ed999ffc002c07503e3 160b06acfdd147c683cf8b77c5182385 - - 2f30581407ab4def9913b5db80c6c13f 2f30581407ab4def9913b5db80c6c13f] 199.204.45.157 "GET /allocations/5836cb60-28a1-4c4c-b992-304d06e88ba8" status: 200 len: 258 microversion: 1.28 [pid: 8|app: 0|req: 580/1161] 199.204.45.157 () {34 vars in 863 bytes} [Fri Jul 17 05:03:59 2026] GET /allocations/5836cb60-28a1-4c4c-b992-304d06e88ba8 => generated 258 bytes in 13 msecs (HTTP/1.1 200) 8 headers in 296 bytes (1 switches on core 0)
2026-07-17 05:04:06.803 7 INFO placement.requestlog [None req-6a094c1a-bb39-4f74-996c-a8a82f0ca3c1 - - - - - -] 10.0.0.147 "GET /" status: 200 len: 136 microversion: 1.0
2026-07-17 05:04:06.804 8 INFO placement.requestlog [None req-6cf5d451-d7a4-458c-b354-60b1952d1dab - - - - - -] 10.0.0.147 "GET /" status: 200 len: 136 microversion: 1.0
2026-07-17 05:04:14.933 7 INFO placement.requestlog [req-375fa75b-d110-4789-beed-98373a850cc1 req-0a159e9f-fc62-44f8-a8f6-cc1c8e66acc2 ce7a0f19dc804ed999ffc002c07503e3 160b06acfdd147c683cf8b77c5182385 - - 2f30581407ab4def9913b5db80c6c13f 2f30581407ab4def9913b5db80c6c13f] 10.0.0.165 "GET /allocation_candidates?limit=1000&resources=DISK_GB%3A1%2CMEMORY_MB%3A512%2CVCPU%3A1&root_required=%21COMPUTE_STATUS_DISABLED" status: 200 len: 2642 microversion: 1.36 [pid: 7|app: 0|req: 583/1164] 10.0.0.165 () {34 vars in 1012 bytes} [Fri Jul 17 05:04:14 2026] GET /allocation_candidates?limit=1000&resources=DISK_GB%3A1%2CMEMORY_MB%3A512%2CVCPU%3A1&root_required=%21COMPUTE_STATUS_DISABLED => generated 2642 bytes in 47 msecs (HTTP/1.1 200) 8 headers in 297 bytes (1 switches on core 0)
2026-07-17 05:04:14.962 8 INFO placement.requestlog [req-375fa75b-d110-4789-beed-98373a850cc1 req-0f6552f2-64a2-4538-ad00-010c0bfb890d ce7a0f19dc804ed999ffc002c07503e3 160b06acfdd147c683cf8b77c5182385 - - 2f30581407ab4def9913b5db80c6c13f 2f30581407ab4def9913b5db80c6c13f] 10.0.0.165 "GET /allocations/0bf79ea7-9fd2-40d0-a5f1-f4d5db7440be" status: 200 len: 19 microversion: 1.28 [pid: 8|app: 0|req: 582/1165] 10.0.0.165 () {34 vars in 861 bytes} [Fri Jul 17 05:04:14 2026] GET /allocations/0bf79ea7-9fd2-40d0-a5f1-f4d5db7440be => generated 19 bytes in 8 msecs (HTTP/1.1 200) 8 headers in 295 bytes (1 switches on core 0)
2026-07-17 05:04:15.018 7 INFO placement.requestlog [req-375fa75b-d110-4789-beed-98373a850cc1 req-402d3447-997d-4383-bb1a-e53531786f4d ce7a0f19dc804ed999ffc002c07503e3 160b06acfdd147c683cf8b77c5182385 - - 2f30581407ab4def9913b5db80c6c13f 2f30581407ab4def9913b5db80c6c13f] 10.0.0.165 "PUT /allocations/0bf79ea7-9fd2-40d0-a5f1-f4d5db7440be" status: 204 len: 0 microversion: 1.36 [pid: 7|app: 0|req: 584/1166] 10.0.0.165 () {38 vars in 914 bytes} [Fri Jul 17 05:04:14 2026] PUT /allocations/0bf79ea7-9fd2-40d0-a5f1-f4d5db7440be => generated 0 bytes in 52 msecs (HTTP/1.1 204) 5 headers in 199 bytes (1 switches on core 0)
2026-07-17 05:04:16.538 8 INFO placement.requestlog [req-375fa75b-d110-4789-beed-98373a850cc1 req-e4261e2e-808e-4edf-8336-e85f44d8f90c ce7a0f19dc804ed999ffc002c07503e3 160b06acfdd147c683cf8b77c5182385 - - 2f30581407ab4def9913b5db80c6c13f 2f30581407ab4def9913b5db80c6c13f] 199.204.45.157 "GET /allocations/0bf79ea7-9fd2-40d0-a5f1-f4d5db7440be" status: 200 len: 258 microversion: 1.28 [pid: 8|app: 0|req: 583/1167] 199.204.45.157 () {34 vars in 863 bytes} [Fri Jul 17 05:04:16 2026] GET /allocations/0bf79ea7-9fd2-40d0-a5f1-f4d5db7440be => generated 258 bytes in 13 msecs (HTTP/1.1 200) 8 headers in 296 bytes (1 switches on core 0)
2026-07-17 05:04:16.804 8 INFO placement.requestlog [None req-78e0b58c-b5d1-4ccf-b473-4817a692de90 - - - - - -] 10.0.0.147 "GET /" status: 200 len: 136 microversion: 1.0
2026-07-17 05:04:16.804 7 INFO placement.requestlog [None req-3867b1ec-9cd6-468c-af07-42ce425b1e17 - - - - - -] 10.0.0.147 "GET /" status: 200 len: 136 microversion: 1.0
2026-07-17 05:04:17.580 7 INFO placement.requestlog [req-375fa75b-d110-4789-beed-98373a850cc1 req-54530d2c-b237-4fc9-866a-a058589c9ed4 ce7a0f19dc804ed999ffc002c07503e3 160b06acfdd147c683cf8b77c5182385 - - 2f30581407ab4def9913b5db80c6c13f 2f30581407ab4def9913b5db80c6c13f] 199.204.45.157 "GET /resource_providers/ab55067d-53ae-4050-9399-54be9e58cbb2/allocations" status: 200 len: 253 microversion: 1.0 [pid: 7|app: 0|req: 586/1170] 199.204.45.157 () {32 vars in 857 bytes} [Fri Jul 17 05:04:17 2026] GET /resource_providers/ab55067d-53ae-4050-9399-54be9e58cbb2/allocations => generated 253 bytes in 20 msecs (HTTP/1.1 200) 6 headers in 224 bytes (1 switches on core 0)
2026-07-17 05:04:17.604 8 INFO placement.requestlog [req-375fa75b-d110-4789-beed-98373a850cc1 req-a406348c-7ed2-4fec-af21-8c3dec9cf062 ce7a0f19dc804ed999ffc002c07503e3 160b06acfdd147c683cf8b77c5182385 - - 2f30581407ab4def9913b5db80c6c13f 2f30581407ab4def9913b5db80c6c13f] 199.204.45.157 "GET /allocations/0bf79ea7-9fd2-40d0-a5f1-f4d5db7440be" status: 200 len: 258 microversion: 1.28 [pid: 8|app: 0|req: 585/1171] 199.204.45.157 () {34 vars in 863 bytes} [Fri Jul 17 05:04:17 2026] GET /allocations/0bf79ea7-9fd2-40d0-a5f1-f4d5db7440be => generated 258 bytes in 17 msecs (HTTP/1.1 200) 8 headers in 296 bytes (1 switches on core 0)
2026-07-17 05:04:17.624 7 INFO placement.requestlog [req-375fa75b-d110-4789-beed-98373a850cc1 req-b0c9a192-0df4-406a-a7bb-8cc53ba46d8c ce7a0f19dc804ed999ffc002c07503e3 160b06acfdd147c683cf8b77c5182385 - - 2f30581407ab4def9913b5db80c6c13f 2f30581407ab4def9913b5db80c6c13f] 199.204.45.157 "GET /allocations/5836cb60-28a1-4c4c-b992-304d06e88ba8" status: 200 len: 258 microversion: 1.28 [pid: 7|app: 0|req: 587/1172] 199.204.45.157 () {34 vars in 863 bytes} [Fri Jul 17 05:04:17 2026] GET /allocations/5836cb60-28a1-4c4c-b992-304d06e88ba8 => generated 258 bytes in 12 msecs (HTTP/1.1 200) 8 headers in 296 bytes (1 switches on core 0)
2026-07-17 05:04:26.804 7 INFO placement.requestlog [None req-cb52dee5-bd06-49ae-8a24-f5039e6895d4 - - - - - -] 10.0.0.147 "GET /" status: 200 len: 136 microversion: 1.0
2026-07-17 05:04:26.804 8 INFO placement.requestlog [None req-09cb26c6-b2e2-48ec-b90a-6149114096b3 - - - - - -] 10.0.0.147 "GET /" status: 200 len: 136 microversion: 1.0
2026-07-17 05:04:36.804 7 INFO placement.requestlog [None req-11b63782-a053-4994-91a8-db05c2f85b83 - - - - - -] 10.0.0.147 "GET /" status: 200 len: 136 microversion: 1.0
2026-07-17 05:04:36.805 8 INFO placement.requestlog [None req-9276f908-dc49-4301-a301-4ce1b3d93ffd - - - - - -] 10.0.0.147 "GET /" status: 200 len: 136 microversion: 1.0
2026-07-17 05:04:46.647 7 INFO placement.requestlog [req-5ebd3498-373c-4e8a-aa96-db253b828cc2 req-ac5a64ac-f527-4c2e-b066-d7d3fb762f03 ce7a0f19dc804ed999ffc002c07503e3 160b06acfdd147c683cf8b77c5182385 - - 2f30581407ab4def9913b5db80c6c13f 2f30581407ab4def9913b5db80c6c13f] 199.204.45.157 "GET /resource_providers/ab55067d-53ae-4050-9399-54be9e58cbb2/allocations" status: 200 len: 253 microversion: 1.0 [pid: 7|app: 0|req: 590/1177] 199.204.45.157 () {32 vars in 857 bytes} [Fri Jul 17 05:04:46 2026] GET /resource_providers/ab55067d-53ae-4050-9399-54be9e58cbb2/allocations => generated 253 bytes in 92 msecs (HTTP/1.1 200) 6 headers in 224 bytes (1 switches on core 0)
2026-07-17 05:04:46.675 8 INFO placement.requestlog [req-5ebd3498-373c-4e8a-aa96-db253b828cc2 req-1e6600fe-5ae9-4940-9629-50762004510f ce7a0f19dc804ed999ffc002c07503e3 160b06acfdd147c683cf8b77c5182385 - - 2f30581407ab4def9913b5db80c6c13f 2f30581407ab4def9913b5db80c6c13f] 199.204.45.157 "GET /resource_providers?in_tree=ab55067d-53ae-4050-9399-54be9e58cbb2" status: 200 len: 798 microversion: 1.14 [pid: 8|app: 0|req: 588/1178] 199.204.45.157 () {34 vars in 892 bytes} [Fri Jul 17 05:04:46 2026] GET /resource_providers?in_tree=ab55067d-53ae-4050-9399-54be9e58cbb2 => generated 798 bytes in 18 msecs (HTTP/1.1 200) 6 headers in 225 bytes (1 switches on core 0)
2026-07-17 05:04:46.705 7 INFO placement.requestlog [req-5ebd3498-373c-4e8a-aa96-db253b828cc2 req-8d6789c5-b381-4d61-b307-f364f5d00b40 ce7a0f19dc804ed999ffc002c07503e3 160b06acfdd147c683cf8b77c5182385 - - 2f30581407ab4def9913b5db80c6c13f 2f30581407ab4def9913b5db80c6c13f] 199.204.45.157 "GET /resource_providers/ab55067d-53ae-4050-9399-54be9e58cbb2/inventories" status: 200 len: 401 microversion: 1.0 [pid: 7|app: 0|req: 591/1179] 199.204.45.157 () {32 vars in 857 bytes} [Fri Jul 17 05:04:46 2026] GET /resource_providers/ab55067d-53ae-4050-9399-54be9e58cbb2/inventories => generated 401 bytes in 21 msecs (HTTP/1.1 200) 6 headers in 224 bytes (1 switches on core 0)
2026-07-17 05:04:46.724 8 INFO placement.requestlog [req-5ebd3498-373c-4e8a-aa96-db253b828cc2 req-231bad45-1bb8-4ee0-9fbd-094364b12222 ce7a0f19dc804ed999ffc002c07503e3 160b06acfdd147c683cf8b77c5182385 - - 2f30581407ab4def9913b5db80c6c13f 2f30581407ab4def9913b5db80c6c13f] 199.204.45.157 "GET /resource_providers/ab55067d-53ae-4050-9399-54be9e58cbb2/aggregates" status: 200 len: 54 microversion: 1.19 [pid: 8|app: 0|req: 589/1180] 199.204.45.157 () {34 vars in 899 bytes} [Fri Jul 17 05:04:46 2026] GET /resource_providers/ab55067d-53ae-4050-9399-54be9e58cbb2/aggregates => generated 54 bytes in 10 msecs (HTTP/1.1 200) 8 headers in 295 bytes (1 switches on core 0)
2026-07-17 05:04:46.754 7 INFO placement.requestlog [req-5ebd3498-373c-4e8a-aa96-db253b828cc2 req-649abbcd-b672-47bb-82a4-ac676f72379b ce7a0f19dc804ed999ffc002c07503e3 160b06acfdd147c683cf8b77c5182385 - - 2f30581407ab4def9913b5db80c6c13f 2f30581407ab4def9913b5db80c6c13f] 199.204.45.157 "GET /resource_providers/ab55067d-53ae-4050-9399-54be9e58cbb2/traits" status: 200 len: 2176 microversion: 1.6 [pid: 7|app: 0|req: 592/1181] 199.204.45.157 () {34 vars in 890 bytes} [Fri Jul 17 05:04:46 2026] GET /resource_providers/ab55067d-53ae-4050-9399-54be9e58cbb2/traits => generated 2176 bytes in 25 msecs (HTTP/1.1 200) 6 headers in 225 bytes (1 switches on core 0)
2026-07-17 05:04:46.779 8 INFO placement.requestlog [req-5ebd3498-373c-4e8a-aa96-db253b828cc2 req-43d278a7-f503-4b1d-951a-4041f212e6a8 ce7a0f19dc804ed999ffc002c07503e3 160b06acfdd147c683cf8b77c5182385 - - 2f30581407ab4def9913b5db80c6c13f 2f30581407ab4def9913b5db80c6c13f] 199.204.45.157 "GET /resource_providers/ab55067d-53ae-4050-9399-54be9e58cbb2/allocations" status: 200 len: 253 microversion: 1.0 [pid: 8|app: 0|req: 590/1182] 199.204.45.157 () {32 vars in 857 bytes} [Fri Jul 17 05:04:46 2026] GET /resource_providers/ab55067d-53ae-4050-9399-54be9e58cbb2/allocations => generated 253 bytes in 17 msecs (HTTP/1.1 200) 6 headers in 224 bytes (1 switches on core 0)
2026-07-17 05:04:46.803 8 INFO placement.requestlog [None req-d99affd1-bff5-4630-b690-3ac30071e9ee - - - - - -] 10.0.0.147 "GET /" status: 200 len: 136 microversion: 1.0
2026-07-17 05:04:46.805 8 INFO placement.requestlog [None req-0c9ba819-032b-4a73-ae44-dfc8f4808993 - - - - - -] 10.0.0.147 "GET /" status: 200 len: 136 microversion: 1.0
2026-07-17 05:04:46.809 7 INFO placement.requestlog [req-5ebd3498-373c-4e8a-aa96-db253b828cc2 req-8b2f010a-0938-4fe2-87e8-448107a896ef ce7a0f19dc804ed999ffc002c07503e3 160b06acfdd147c683cf8b77c5182385 - - 2f30581407ab4def9913b5db80c6c13f 2f30581407ab4def9913b5db80c6c13f] 199.204.45.157 "GET /allocations/0bf79ea7-9fd2-40d0-a5f1-f4d5db7440be" status: 200 len: 258 microversion: 1.28 [pid: 7|app: 0|req: 593/1185] 199.204.45.157 () {34 vars in 863 bytes} [Fri Jul 17 05:04:46 2026] GET /allocations/0bf79ea7-9fd2-40d0-a5f1-f4d5db7440be => generated 258 bytes in 23 msecs (HTTP/1.1 200) 8 headers in 296 bytes (1 switches on core 0)
2026-07-17 05:04:46.835 8 INFO placement.requestlog [req-5ebd3498-373c-4e8a-aa96-db253b828cc2 req-a075f1f0-3b32-462a-bf2f-5ba1dcd1bcf7 ce7a0f19dc804ed999ffc002c07503e3 160b06acfdd147c683cf8b77c5182385 - - 2f30581407ab4def9913b5db80c6c13f 2f30581407ab4def9913b5db80c6c13f] 199.204.45.157 "GET /allocations/5836cb60-28a1-4c4c-b992-304d06e88ba8" status: 200 len: 258 microversion: 1.28 [pid: 8|app: 0|req: 593/1186] 199.204.45.157 () {34 vars in 863 bytes} [Fri Jul 17 05:04:46 2026] GET /allocations/5836cb60-28a1-4c4c-b992-304d06e88ba8 => generated 258 bytes in 18 msecs (HTTP/1.1 200) 8 headers in 296 bytes (1 switches on core 0)
2026-07-17 05:04:56.176 7 INFO placement.requestlog [req-49bfba42-47a4-4ec5-ac09-34cbd655d3fe req-0727d4e0-4990-4122-b9e2-614590b30e83 ce7a0f19dc804ed999ffc002c07503e3 160b06acfdd147c683cf8b77c5182385 - - 2f30581407ab4def9913b5db80c6c13f 2f30581407ab4def9913b5db80c6c13f] 10.0.0.165 "GET /allocation_candidates?limit=1000&resources=MEMORY_MB%3A2048%2CVCPU%3A2&root_required=%21COMPUTE_STATUS_DISABLED" status: 200 len: 2630 microversion: 1.36 [pid: 7|app: 0|req: 594/1187] 10.0.0.165 () {34 vars in 986 bytes} [Fri Jul 17 05:04:56 2026] GET /allocation_candidates?limit=1000&resources=MEMORY_MB%3A2048%2CVCPU%3A2&root_required=%21COMPUTE_STATUS_DISABLED => generated 2630 bytes in 39 msecs (HTTP/1.1 200) 8 headers in 297 bytes (1 switches on core 0)
2026-07-17 05:04:56.204 8 INFO placement.requestlog [req-49bfba42-47a4-4ec5-ac09-34cbd655d3fe req-99c5c768-afd1-408d-add8-ba642432d0d6 ce7a0f19dc804ed999ffc002c07503e3 160b06acfdd147c683cf8b77c5182385 - - 2f30581407ab4def9913b5db80c6c13f 2f30581407ab4def9913b5db80c6c13f] 10.0.0.165 "GET /allocations/53f2a852-951c-466f-bb50-97391693e81c" status: 200 len: 19 microversion: 1.28 [pid: 8|app: 0|req: 594/1188] 10.0.0.165 () {34 vars in 861 bytes} [Fri Jul 17 05:04:56 2026] GET /allocations/53f2a852-951c-466f-bb50-97391693e81c => generated 19 bytes in 10 msecs (HTTP/1.1 200) 8 headers in 295 bytes (1 switches on core 0)
2026-07-17 05:04:56.296 7 INFO placement.requestlog [req-49bfba42-47a4-4ec5-ac09-34cbd655d3fe req-bd577331-13ee-4e74-9f8f-0ae66af521be ce7a0f19dc804ed999ffc002c07503e3 160b06acfdd147c683cf8b77c5182385 - - 2f30581407ab4def9913b5db80c6c13f 2f30581407ab4def9913b5db80c6c13f] 10.0.0.165 "PUT /allocations/53f2a852-951c-466f-bb50-97391693e81c" status: 204 len: 0 microversion: 1.36 [pid: 7|app: 0|req: 595/1189] 10.0.0.165 () {38 vars in 914 bytes} [Fri Jul 17 05:04:56 2026] PUT /allocations/53f2a852-951c-466f-bb50-97391693e81c => generated 0 bytes in 87 msecs (HTTP/1.1 204) 5 headers in 199 bytes (1 switches on core 0)
2026-07-17 05:04:56.804 7 INFO placement.requestlog [None req-7e7291ed-ac51-4416-86d5-c15838d10f2b - - - - - -] 10.0.0.147 "GET /" status: 200 len: 136 microversion: 1.0
2026-07-17 05:04:56.804 8 INFO placement.requestlog [None req-b45c314b-4ea5-4b7b-b150-7035f8e33926 - - - - - -] 10.0.0.147 "GET /" status: 200 len: 136 microversion: 1.0
2026-07-17 05:04:57.771 7 INFO placement.requestlog [req-49bfba42-47a4-4ec5-ac09-34cbd655d3fe req-f1b44cee-bbd3-40a1-b81e-254a50ee30f2 ce7a0f19dc804ed999ffc002c07503e3 160b06acfdd147c683cf8b77c5182385 - - 2f30581407ab4def9913b5db80c6c13f 2f30581407ab4def9913b5db80c6c13f] 199.204.45.157 "GET /allocations/53f2a852-951c-466f-bb50-97391693e81c" status: 200 len: 245 microversion: 1.28 [pid: 7|app: 0|req: 597/1192] 199.204.45.157 () {34 vars in 863 bytes} [Fri Jul 17 05:04:57 2026] GET /allocations/53f2a852-951c-466f-bb50-97391693e81c => generated 245 bytes in 12 msecs (HTTP/1.1 200) 8 headers in 296 bytes (1 switches on core 0)
2026-07-17 05:04:58.815 8 INFO placement.requestlog [req-49bfba42-47a4-4ec5-ac09-34cbd655d3fe req-1ff2f55a-a8fa-4574-a1c2-e411b61c2de9 ce7a0f19dc804ed999ffc002c07503e3 160b06acfdd147c683cf8b77c5182385 - - 2f30581407ab4def9913b5db80c6c13f 2f30581407ab4def9913b5db80c6c13f] 199.204.45.157 "GET /resource_providers/ab55067d-53ae-4050-9399-54be9e58cbb2/allocations" status: 200 len: 340 microversion: 1.0 [pid: 8|app: 0|req: 596/1193] 199.204.45.157 () {32 vars in 857 bytes} [Fri Jul 17 05:04:58 2026] GET /resource_providers/ab55067d-53ae-4050-9399-54be9e58cbb2/allocations => generated 340 bytes in 18 msecs (HTTP/1.1 200) 6 headers in 224 bytes (1 switches on core 0)
2026-07-17 05:04:58.835 7 INFO placement.requestlog [req-49bfba42-47a4-4ec5-ac09-34cbd655d3fe req-08e8d6de-be47-4bb9-8680-61fb6b3d16e4 ce7a0f19dc804ed999ffc002c07503e3 160b06acfdd147c683cf8b77c5182385 - - 2f30581407ab4def9913b5db80c6c13f 2f30581407ab4def9913b5db80c6c13f] 199.204.45.157 "GET /allocations/0bf79ea7-9fd2-40d0-a5f1-f4d5db7440be" status: 200 len: 258 microversion: 1.28 [pid: 7|app: 0|req: 598/1194] 199.204.45.157 () {34 vars in 863 bytes} [Fri Jul 17 05:04:58 2026] GET /allocations/0bf79ea7-9fd2-40d0-a5f1-f4d5db7440be => generated 258 bytes in 15 msecs (HTTP/1.1 200) 8 headers in 296 bytes (1 switches on core 0)
2026-07-17 05:04:58.857 8 INFO placement.requestlog [req-49bfba42-47a4-4ec5-ac09-34cbd655d3fe req-011e3027-b646-4d94-845b-fa5a8ff315b0 ce7a0f19dc804ed999ffc002c07503e3 160b06acfdd147c683cf8b77c5182385 - - 2f30581407ab4def9913b5db80c6c13f 2f30581407ab4def9913b5db80c6c13f] 199.204.45.157 "GET /allocations/53f2a852-951c-466f-bb50-97391693e81c" status: 200 len: 245 microversion: 1.28 [pid: 8|app: 0|req: 597/1195] 199.204.45.157 () {34 vars in 863 bytes} [Fri Jul 17 05:04:58 2026] GET /allocations/53f2a852-951c-466f-bb50-97391693e81c => generated 245 bytes in 17 msecs (HTTP/1.1 200) 8 headers in 296 bytes (1 switches on core 0)
2026-07-17 05:04:58.875 7 INFO placement.requestlog [req-49bfba42-47a4-4ec5-ac09-34cbd655d3fe req-aae9558b-98d3-4b14-9965-2b9108d7fc47 ce7a0f19dc804ed999ffc002c07503e3 160b06acfdd147c683cf8b77c5182385 - - 2f30581407ab4def9913b5db80c6c13f 2f30581407ab4def9913b5db80c6c13f] 199.204.45.157 "GET /allocations/5836cb60-28a1-4c4c-b992-304d06e88ba8" status: 200 len: 258 microversion: 1.28 [pid: 7|app: 0|req: 599/1196] 199.204.45.157 () {34 vars in 863 bytes} [Fri Jul 17 05:04:58 2026] GET /allocations/5836cb60-28a1-4c4c-b992-304d06e88ba8 => generated 258 bytes in 10 msecs (HTTP/1.1 200) 8 headers in 296 bytes (1 switches on core 0)
2026-07-17 05:05:06.805 7 INFO placement.requestlog [None req-f9be6f70-209a-4f7a-a813-60334de25ba7 - - - - - -] 10.0.0.147 "GET /" status: 200 len: 136 microversion: 1.0
2026-07-17 05:05:06.806 8 INFO placement.requestlog [None req-84b90761-5425-40ec-85fd-0ba7cc7d65ea - - - - - -] 10.0.0.147 "GET /" status: 200 len: 136 microversion: 1.0
2026-07-17 05:05:16.805 7 INFO placement.requestlog [None req-fe46b41c-16cd-44be-9f08-d45666bfacd5 - - - - - -] 10.0.0.147 "GET /" status: 200 len: 136 microversion: 1.0
2026-07-17 05:05:16.805 8 INFO placement.requestlog [None req-5b31828a-5c1b-4743-9749-3be5b6179113 - - - - - -] 10.0.0.147 "GET /" status: 200 len: 136 microversion: 1.0
2026-07-17 05:05:26.804 8 INFO placement.requestlog [None req-decbf5dd-975d-4c48-9f82-2fa3cc8dcc4b - - - - - -] 10.0.0.147 "GET /" status: 200 len: 136 microversion: 1.0
2026-07-17 05:05:26.804 7 INFO placement.requestlog [None req-40145f30-77a9-4e74-a905-cf6354576df6 - - - - - -] 10.0.0.147 "GET /" status: 200 len: 136 microversion: 1.0
2026-07-17 05:05:36.804 8 INFO placement.requestlog [None req-228f4186-47c9-4226-9498-f0fa6d5ce15f - - - - - -] 10.0.0.147 "GET /" status: 200 len: 136 microversion: 1.0
2026-07-17 05:05:36.804 7 INFO placement.requestlog [None req-afaf5ac8-4189-4769-9e79-54a10e05f355 - - - - - -] 10.0.0.147 "GET /" status: 200 len: 136 microversion: 1.0
2026-07-17 05:05:46.104 8 INFO placement.requestlog [req-f8afa79f-d28d-43c9-a4c5-a7669bc9afac req-1c9029a7-5714-4ac3-8e34-7027955edceb ce7a0f19dc804ed999ffc002c07503e3 160b06acfdd147c683cf8b77c5182385 - - 2f30581407ab4def9913b5db80c6c13f 2f30581407ab4def9913b5db80c6c13f] 199.204.45.157 "GET /resource_providers/ab55067d-53ae-4050-9399-54be9e58cbb2/allocations" status: 200 len: 340 microversion: 1.0 [pid: 8|app: 0|req: 602/1205] 199.204.45.157 () {32 vars in 857 bytes} [Fri Jul 17 05:05:46 2026] GET /resource_providers/ab55067d-53ae-4050-9399-54be9e58cbb2/allocations => generated 340 bytes in 27 msecs (HTTP/1.1 200) 6 headers in 224 bytes (1 switches on core 0)
2026-07-17 05:05:46.128 7 INFO placement.requestlog [req-f8afa79f-d28d-43c9-a4c5-a7669bc9afac req-29b3790c-a192-4ec4-ab7a-cd6fb76ef869 ce7a0f19dc804ed999ffc002c07503e3 160b06acfdd147c683cf8b77c5182385 - - 2f30581407ab4def9913b5db80c6c13f 2f30581407ab4def9913b5db80c6c13f] 199.204.45.157 "GET /resource_providers/ab55067d-53ae-4050-9399-54be9e58cbb2/allocations" status: 200 len: 340 microversion: 1.0 [pid: 7|app: 0|req: 604/1206] 199.204.45.157 () {32 vars in 857 bytes} [Fri Jul 17 05:05:46 2026] GET /resource_providers/ab55067d-53ae-4050-9399-54be9e58cbb2/allocations => generated 340 bytes in 15 msecs (HTTP/1.1 200) 6 headers in 224 bytes (1 switches on core 0)
2026-07-17 05:05:46.146 8 INFO placement.requestlog [req-f8afa79f-d28d-43c9-a4c5-a7669bc9afac req-91b050f5-bf3d-422d-8455-aea045c476fb ce7a0f19dc804ed999ffc002c07503e3 160b06acfdd147c683cf8b77c5182385 - - 2f30581407ab4def9913b5db80c6c13f 2f30581407ab4def9913b5db80c6c13f] 199.204.45.157 "GET /allocations/0bf79ea7-9fd2-40d0-a5f1-f4d5db7440be" status: 200 len: 258 microversion: 1.28 [pid: 8|app: 0|req: 603/1207] 199.204.45.157 () {34 vars in 863 bytes} [Fri Jul 17 05:05:46 2026] GET /allocations/0bf79ea7-9fd2-40d0-a5f1-f4d5db7440be => generated 258 bytes in 10 msecs (HTTP/1.1 200) 8 headers in 296 bytes (1 switches on core 0)
2026-07-17 05:05:46.166 7 INFO placement.requestlog [req-f8afa79f-d28d-43c9-a4c5-a7669bc9afac req-64a32941-05c3-435e-8c1e-ce35786732a0 ce7a0f19dc804ed999ffc002c07503e3 160b06acfdd147c683cf8b77c5182385 - - 2f30581407ab4def9913b5db80c6c13f 2f30581407ab4def9913b5db80c6c13f] 199.204.45.157 "GET /allocations/53f2a852-951c-466f-bb50-97391693e81c" status: 200 len: 245 microversion: 1.28 [pid: 7|app: 0|req: 605/1208] 199.204.45.157 () {34 vars in 863 bytes} [Fri Jul 17 05:05:46 2026] GET /allocations/53f2a852-951c-466f-bb50-97391693e81c => generated 245 bytes in 15 msecs (HTTP/1.1 200) 8 headers in 296 bytes (1 switches on core 0)
2026-07-17 05:05:46.185 8 INFO placement.requestlog [req-f8afa79f-d28d-43c9-a4c5-a7669bc9afac req-dba3e662-d554-4019-b6e6-6500d6d61cb8 ce7a0f19dc804ed999ffc002c07503e3 160b06acfdd147c683cf8b77c5182385 - - 2f30581407ab4def9913b5db80c6c13f 2f30581407ab4def9913b5db80c6c13f] 199.204.45.157 "GET /allocations/5836cb60-28a1-4c4c-b992-304d06e88ba8" status: 200 len: 258 microversion: 1.28 [pid: 8|app: 0|req: 604/1209] 199.204.45.157 () {34 vars in 863 bytes} [Fri Jul 17 05:05:46 2026] GET /allocations/5836cb60-28a1-4c4c-b992-304d06e88ba8 => generated 258 bytes in 13 msecs (HTTP/1.1 200) 8 headers in 296 bytes (1 switches on core 0)
2026-07-17 05:05:46.805 7 INFO placement.requestlog [None req-9def06ed-eb56-4892-9d6e-d77130041d50 - - - - - -] 10.0.0.147 "GET /" status: 200 len: 136 microversion: 1.0
2026-07-17 05:05:46.805 8 INFO placement.requestlog [None req-41205b17-0450-43c8-9f0f-18a7f02e4301 - - - - - -] 10.0.0.147 "GET /" status: 200 len: 136 microversion: 1.0
2026-07-17 05:05:56.804 7 INFO placement.requestlog [None req-5132ac53-7369-4fd2-852e-954d7017a324 - - - - - -] 10.0.0.147 "GET /" status: 200 len: 136 microversion: 1.0
2026-07-17 05:05:56.804 8 INFO placement.requestlog [None req-14cf4d85-59b7-42ed-addc-2642420fe505 - - - - - -] 10.0.0.147 "GET /" status: 200 len: 136 microversion: 1.0
2026-07-17 05:06:06.804 7 INFO placement.requestlog [None req-4b5d3f03-0505-4702-a957-db900f3c69ab - - - - - -] 10.0.0.147 "GET /" status: 200 len: 136 microversion: 1.0
2026-07-17 05:06:06.804 8 INFO placement.requestlog [None req-20a5502f-ade6-4dd5-8a9f-801791e1b3dd - - - - - -] 10.0.0.147 "GET /" status: 200 len: 136 microversion: 1.0
2026-07-17 05:06:16.803 8 INFO placement.requestlog [None req-ee99b847-2c4d-487f-9147-e57e274838f1 - - - - - -] 10.0.0.147 "GET /" status: 200 len: 136 microversion: 1.0
2026-07-17 05:06:16.804 7 INFO placement.requestlog [None req-31f8d1d8-d03d-4acd-b482-8b583b24c692 - - - - - -] 10.0.0.147 "GET /" status: 200 len: 136 microversion: 1.0
2026-07-17 05:06:26.804 8 INFO placement.requestlog [None req-0c70cd62-7329-4577-86fa-86c9ec16e361 - - - - - -] 10.0.0.147 "GET /" status: 200 len: 136 microversion: 1.0
2026-07-17 05:06:26.805 7 INFO placement.requestlog [None req-de9abf84-91a9-4229-9004-4aff9c699105 - - - - - -] 10.0.0.147 "GET /" status: 200 len: 136 microversion: 1.0
2026-07-17 05:06:36.803 7 INFO placement.requestlog [None req-51f50703-aa54-41fb-b871-9285aaad22b3 - - - - - -] 10.0.0.147 "GET /" status: 200 len: 136 microversion: 1.0
2026-07-17 05:06:36.803 8 INFO placement.requestlog [None req-e930e103-2089-4d2d-857f-45c08befcaad - - - - - -] 10.0.0.147 "GET /" status: 200 len: 136 microversion: 1.0
2026-07-17 05:06:46.141 7 INFO placement.requestlog [req-d05112b4-adcb-470c-ba86-9d789a6118ab req-9a11741c-71f8-4e28-929e-163c817c1378 ce7a0f19dc804ed999ffc002c07503e3 160b06acfdd147c683cf8b77c5182385 - - 2f30581407ab4def9913b5db80c6c13f 2f30581407ab4def9913b5db80c6c13f] 199.204.45.157 "GET /resource_providers/ab55067d-53ae-4050-9399-54be9e58cbb2/allocations" status: 200 len: 340 microversion: 1.0 [pid: 7|app: 0|req: 612/1222] 199.204.45.157 () {32 vars in 857 bytes} [Fri Jul 17 05:06:46 2026] GET /resource_providers/ab55067d-53ae-4050-9399-54be9e58cbb2/allocations => generated 340 bytes in 16 msecs (HTTP/1.1 200) 6 headers in 224 bytes (1 switches on core 0)
2026-07-17 05:06:46.171 8 INFO placement.requestlog [req-d05112b4-adcb-470c-ba86-9d789a6118ab req-f474f77e-9080-4371-9281-19164619a322 ce7a0f19dc804ed999ffc002c07503e3 160b06acfdd147c683cf8b77c5182385 - - 2f30581407ab4def9913b5db80c6c13f 2f30581407ab4def9913b5db80c6c13f] 199.204.45.157 "GET /resource_providers/ab55067d-53ae-4050-9399-54be9e58cbb2/allocations" status: 200 len: 340 microversion: 1.0 [pid: 8|app: 0|req: 611/1223] 199.204.45.157 () {32 vars in 857 bytes} [Fri Jul 17 05:06:46 2026] GET /resource_providers/ab55067d-53ae-4050-9399-54be9e58cbb2/allocations => generated 340 bytes in 23 msecs (HTTP/1.1 200) 6 headers in 224 bytes (1 switches on core 0)
2026-07-17 05:06:46.192 7 INFO placement.requestlog [req-d05112b4-adcb-470c-ba86-9d789a6118ab req-e716199a-800b-4648-a6fd-8a185a60c64c ce7a0f19dc804ed999ffc002c07503e3 160b06acfdd147c683cf8b77c5182385 - - 2f30581407ab4def9913b5db80c6c13f 2f30581407ab4def9913b5db80c6c13f] 199.204.45.157 "GET /allocations/0bf79ea7-9fd2-40d0-a5f1-f4d5db7440be" status: 200 len: 258 microversion: 1.28 [pid: 7|app: 0|req: 613/1224] 199.204.45.157 () {34 vars in 863 bytes} [Fri Jul 17 05:06:46 2026] GET /allocations/0bf79ea7-9fd2-40d0-a5f1-f4d5db7440be => generated 258 bytes in 13 msecs (HTTP/1.1 200) 8 headers in 296 bytes (1 switches on core 0)
2026-07-17 05:06:46.210 8 INFO placement.requestlog [req-d05112b4-adcb-470c-ba86-9d789a6118ab req-f4d7a6ef-1ed8-4c46-b539-e49892882f58 ce7a0f19dc804ed999ffc002c07503e3 160b06acfdd147c683cf8b77c5182385 - - 2f30581407ab4def9913b5db80c6c13f 2f30581407ab4def9913b5db80c6c13f] 199.204.45.157 "GET /allocations/53f2a852-951c-466f-bb50-97391693e81c" status: 200 len: 245 microversion: 1.28 [pid: 8|app: 0|req: 612/1225] 199.204.45.157 () {34 vars in 863 bytes} [Fri Jul 17 05:06:46 2026] GET /allocations/53f2a852-951c-466f-bb50-97391693e81c => generated 245 bytes in 14 msecs (HTTP/1.1 200) 8 headers in 296 bytes (1 switches on core 0)
2026-07-17 05:06:46.226 7 INFO placement.requestlog [req-d05112b4-adcb-470c-ba86-9d789a6118ab req-cdb858e3-9ffb-4c4f-b637-6addacec9272 ce7a0f19dc804ed999ffc002c07503e3 160b06acfdd147c683cf8b77c5182385 - - 2f30581407ab4def9913b5db80c6c13f 2f30581407ab4def9913b5db80c6c13f] 199.204.45.157 "GET /allocations/5836cb60-28a1-4c4c-b992-304d06e88ba8" status: 200 len: 258 microversion: 1.28 [pid: 7|app: 0|req: 614/1226] 199.204.45.157 () {34 vars in 863 bytes} [Fri Jul 17 05:06:46 2026] GET /allocations/5836cb60-28a1-4c4c-b992-304d06e88ba8 => generated 258 bytes in 12 msecs (HTTP/1.1 200) 8 headers in 296 bytes (1 switches on core 0)
2026-07-17 05:06:46.803 8 INFO placement.requestlog [None req-193d4509-c47e-46e4-94c9-6438793fadd9 - - - - - -] 10.0.0.147 "GET /" status: 200 len: 136 microversion: 1.0
2026-07-17 05:06:46.803 7 INFO placement.requestlog [None req-1f788b0a-8bfc-4d37-b47d-e60f2cc42010 - - - - - -] 10.0.0.147 "GET /" status: 200 len: 136 microversion: 1.0
2026-07-17 05:06:56.803 8 INFO placement.requestlog [None req-7ecbc975-cd39-40d1-b3fe-69ede2173c1f - - - - - -] 10.0.0.147 "GET /" status: 200 len: 136 microversion: 1.0
2026-07-17 05:06:56.804 7 INFO placement.requestlog [None req-18b78cce-058e-4be7-becd-b5ccfaedae88 - - - - - -] 10.0.0.147 "GET /" status: 200 len: 136 microversion: 1.0
2026-07-17 05:07:06.803 8 INFO placement.requestlog [None req-c47dc15b-e510-44f4-8532-c788fd2f2234 - - - - - -] 10.0.0.147 "GET /" status: 200 len: 136 microversion: 1.0
2026-07-17 05:07:06.803 7 INFO placement.requestlog [None req-5a04b71a-7063-4a8e-a0d1-15cdf68fa40c - - - - - -] 10.0.0.147 "GET /" status: 200 len: 136 microversion: 1.0
2026-07-17 05:07:16.803 8 INFO placement.requestlog [None req-a29e5cf3-8ea1-4164-ba7f-91b3a9091470 - - - - - -] 10.0.0.147 "GET /" status: 200 len: 136 microversion: 1.0
2026-07-17 05:07:16.804 7 INFO placement.requestlog [None req-9667812b-4a78-427c-960e-1180ad460f62 - - - - - -] 10.0.0.147 "GET /" status: 200 len: 136 microversion: 1.0
2026-07-17 05:07:26.803 8 INFO placement.requestlog [None req-d560c5d5-842b-4bf3-b35d-10773f56033f - - - - - -] 10.0.0.147 "GET /" status: 200 len: 136 microversion: 1.0
2026-07-17 05:07:26.805 7 INFO placement.requestlog [None req-a481366f-e56e-47e6-a76e-8fe3aeba630e - - - - - -] 10.0.0.147 "GET /" status: 200 len: 136 microversion: 1.0
2026-07-17 05:07:36.804 8 INFO placement.requestlog [None req-d2a88c19-f68f-48c2-98c6-230dc4c6e2a3 - - - - - -] 10.0.0.147 "GET /" status: 200 len: 136 microversion: 1.0
2026-07-17 05:07:36.805 7 INFO placement.requestlog [None req-d13b65ce-5e18-4ce2-b4ef-a27b187cbddf - - - - - -] 10.0.0.147 "GET /" status: 200 len: 136 microversion: 1.0
2026-07-17 05:07:44.382 8 INFO placement.requestlog [req-49bf3609-5125-4a53-a9cf-597f22aecb86 req-eb4fe873-fde8-4fc9-b129-e3a894f66e15 ce7a0f19dc804ed999ffc002c07503e3 160b06acfdd147c683cf8b77c5182385 - - 2f30581407ab4def9913b5db80c6c13f 2f30581407ab4def9913b5db80c6c13f] 199.204.45.157 "GET /resource_providers/ab55067d-53ae-4050-9399-54be9e58cbb2/allocations" status: 200 len: 340 microversion: 1.0 [pid: 8|app: 0|req: 619/1239] 199.204.45.157 () {32 vars in 857 bytes} [Fri Jul 17 05:07:44 2026] GET /resource_providers/ab55067d-53ae-4050-9399-54be9e58cbb2/allocations => generated 340 bytes in 24 msecs (HTTP/1.1 200) 6 headers in 224 bytes (1 switches on core 0)
2026-07-17 05:07:44.402 7 INFO placement.requestlog [req-49bf3609-5125-4a53-a9cf-597f22aecb86 req-6128cbc3-6439-45c9-91d9-420a9e819a18 ce7a0f19dc804ed999ffc002c07503e3 160b06acfdd147c683cf8b77c5182385 - - 2f30581407ab4def9913b5db80c6c13f 2f30581407ab4def9913b5db80c6c13f] 199.204.45.157 "GET /allocations/0bf79ea7-9fd2-40d0-a5f1-f4d5db7440be" status: 200 len: 258 microversion: 1.28 [pid: 7|app: 0|req: 621/1240] 199.204.45.157 () {34 vars in 863 bytes} [Fri Jul 17 05:07:44 2026] GET /allocations/0bf79ea7-9fd2-40d0-a5f1-f4d5db7440be => generated 258 bytes in 13 msecs (HTTP/1.1 200) 8 headers in 296 bytes (1 switches on core 0)
2026-07-17 05:07:44.419 8 INFO placement.requestlog [req-49bf3609-5125-4a53-a9cf-597f22aecb86 req-04a0be77-b43b-487e-a72e-94e6a181d5fc ce7a0f19dc804ed999ffc002c07503e3 160b06acfdd147c683cf8b77c5182385 - - 2f30581407ab4def9913b5db80c6c13f 2f30581407ab4def9913b5db80c6c13f] 199.204.45.157 "GET /allocations/53f2a852-951c-466f-bb50-97391693e81c" status: 200 len: 245 microversion: 1.28 [pid: 8|app: 0|req: 620/1241] 199.204.45.157 () {34 vars in 863 bytes} [Fri Jul 17 05:07:44 2026] GET /allocations/53f2a852-951c-466f-bb50-97391693e81c => generated 245 bytes in 12 msecs (HTTP/1.1 200) 8 headers in 296 bytes (1 switches on core 0)
2026-07-17 05:07:44.440 7 INFO placement.requestlog [req-49bf3609-5125-4a53-a9cf-597f22aecb86 req-b06a0516-486f-496a-8ff4-3683e34c9ecb ce7a0f19dc804ed999ffc002c07503e3 160b06acfdd147c683cf8b77c5182385 - - 2f30581407ab4def9913b5db80c6c13f 2f30581407ab4def9913b5db80c6c13f] 199.204.45.157 "GET /allocations/5836cb60-28a1-4c4c-b992-304d06e88ba8" status: 200 len: 258 microversion: 1.28 [pid: 7|app: 0|req: 622/1242] 199.204.45.157 () {34 vars in 863 bytes} [Fri Jul 17 05:07:44 2026] GET /allocations/5836cb60-28a1-4c4c-b992-304d06e88ba8 => generated 258 bytes in 15 msecs (HTTP/1.1 200) 8 headers in 296 bytes (1 switches on core 0)
2026-07-17 05:07:45.493 8 INFO placement.requestlog [req-49bf3609-5125-4a53-a9cf-597f22aecb86 req-de6c8d0d-e634-4808-ab7f-b2c568e0bfb3 ce7a0f19dc804ed999ffc002c07503e3 160b06acfdd147c683cf8b77c5182385 - - 2f30581407ab4def9913b5db80c6c13f 2f30581407ab4def9913b5db80c6c13f] 199.204.45.157 "DELETE /allocations/53f2a852-951c-466f-bb50-97391693e81c" status: 204 len: 0 microversion: 1.0 [pid: 8|app: 0|req: 621/1243] 199.204.45.157 () {34 vars in 841 bytes} [Fri Jul 17 05:07:45 2026] DELETE /allocations/53f2a852-951c-466f-bb50-97391693e81c => generated 0 bytes in 28 msecs (HTTP/1.1 204) 5 headers in 198 bytes (1 switches on core 0)
2026-07-17 05:07:46.803 8 INFO placement.requestlog [None req-e02a60ee-9e2c-43d5-8033-379514446386 - - - - - -] 10.0.0.147 "GET /" status: 200 len: 136 microversion: 1.0
2026-07-17 05:07:46.804 7 INFO placement.requestlog [None req-310ea593-2d62-44ac-9c43-3cd713bcf620 - - - - - -] 10.0.0.147 "GET /" status: 200 len: 136 microversion: 1.0
2026-07-17 05:07:47.093 8 INFO placement.requestlog [req-397ebd54-f3d6-4c60-ab49-abbe61c7c441 req-bfcb183d-036b-4aaf-9ed5-160a49efb77a ce7a0f19dc804ed999ffc002c07503e3 160b06acfdd147c683cf8b77c5182385 - - 2f30581407ab4def9913b5db80c6c13f 2f30581407ab4def9913b5db80c6c13f] 199.204.45.157 "GET /resource_providers/ab55067d-53ae-4050-9399-54be9e58cbb2/allocations" status: 200 len: 253 microversion: 1.0 [pid: 8|app: 0|req: 623/1246] 199.204.45.157 () {32 vars in 857 bytes} [Fri Jul 17 05:07:47 2026] GET /resource_providers/ab55067d-53ae-4050-9399-54be9e58cbb2/allocations => generated 253 bytes in 16 msecs (HTTP/1.1 200) 6 headers in 224 bytes (1 switches on core 0)
2026-07-17 05:07:47.116 7 INFO placement.requestlog [req-397ebd54-f3d6-4c60-ab49-abbe61c7c441 req-316f9b08-a030-4e8a-8059-293bbfdeff55 ce7a0f19dc804ed999ffc002c07503e3 160b06acfdd147c683cf8b77c5182385 - - 2f30581407ab4def9913b5db80c6c13f 2f30581407ab4def9913b5db80c6c13f] 199.204.45.157 "GET /resource_providers/ab55067d-53ae-4050-9399-54be9e58cbb2/allocations" status: 200 len: 253 microversion: 1.0 [pid: 7|app: 0|req: 624/1247] 199.204.45.157 () {32 vars in 857 bytes} [Fri Jul 17 05:07:47 2026] GET /resource_providers/ab55067d-53ae-4050-9399-54be9e58cbb2/allocations => generated 253 bytes in 15 msecs (HTTP/1.1 200) 6 headers in 224 bytes (1 switches on core 0)
