2026-07-17 04:58:34.798 7 INFO placement.requestlog [None req-a720f48d-46d3-4c0b-9358-233a44c53922 0a829c4ed6804cc5a0730e13e53b0ff2 160b06acfdd147c683cf8b77c5182385 - - 2f30581407ab4def9913b5db80c6c13f 2f30581407ab4def9913b5db80c6c13f] 10.0.0.121 "GET /resource_providers/95e940c3-3fc5-4b68-bbb9-67a9709e1326/aggregates" status: 404 len: 235 microversion: 1.1 [pid: 7|app: 0|req: 343/689] 10.0.0.121 () {32 vars in 816 bytes} [Fri Jul 17 04:58:34 2026] GET /resource_providers/95e940c3-3fc5-4b68-bbb9-67a9709e1326/aggregates => generated 235 bytes in 11 msecs (HTTP/1.1 404) 5 headers in 202 bytes (1 switches on core 0)
2026-07-17 04:58:34.802 8 INFO placement.requestlog [None req-d492a296-4811-4c59-991b-03830b91f0fd 0a829c4ed6804cc5a0730e13e53b0ff2 160b06acfdd147c683cf8b77c5182385 - - 2f30581407ab4def9913b5db80c6c13f 2f30581407ab4def9913b5db80c6c13f] 10.0.0.121 "GET /resource_providers/95e940c3-3fc5-4b68-bbb9-67a9709e1326/aggregates" status: 404 len: 235 microversion: 1.1 [pid: 8|app: 0|req: 347/690] 10.0.0.121 () {32 vars in 816 bytes} [Fri Jul 17 04:58:34 2026] GET /resource_providers/95e940c3-3fc5-4b68-bbb9-67a9709e1326/aggregates => generated 235 bytes in 8 msecs (HTTP/1.1 404) 5 headers in 202 bytes (1 switches on core 0)
2026-07-17 04:58:34.826 7 INFO placement.requestlog [None req-d5b33375-0127-48a1-a3e6-0c011c57367f 0a829c4ed6804cc5a0730e13e53b0ff2 160b06acfdd147c683cf8b77c5182385 - - 2f30581407ab4def9913b5db80c6c13f 2f30581407ab4def9913b5db80c6c13f] 10.0.0.121 "DELETE /resource_providers/95e940c3-3fc5-4b68-bbb9-67a9709e1326" status: 404 len: 246 microversion: 1.1 [pid: 7|app: 0|req: 344/691] 10.0.0.121 () {34 vars in 816 bytes} [Fri Jul 17 04:58:34 2026] DELETE /resource_providers/95e940c3-3fc5-4b68-bbb9-67a9709e1326 => generated 246 bytes in 13 msecs (HTTP/1.1 404) 6 headers in 231 bytes (1 switches on core 0)
2026-07-17 04:58:34.827 8 INFO placement.requestlog [None req-583d6adf-376e-4d00-be17-3a4a4b72a5f9 0a829c4ed6804cc5a0730e13e53b0ff2 160b06acfdd147c683cf8b77c5182385 - - 2f30581407ab4def9913b5db80c6c13f 2f30581407ab4def9913b5db80c6c13f] 10.0.0.121 "DELETE /resource_providers/95e940c3-3fc5-4b68-bbb9-67a9709e1326" status: 404 len: 246 microversion: 1.1 [pid: 8|app: 0|req: 348/692] 10.0.0.121 () {34 vars in 816 bytes} [Fri Jul 17 04:58:34 2026] DELETE /resource_providers/95e940c3-3fc5-4b68-bbb9-67a9709e1326 => generated 246 bytes in 12 msecs (HTTP/1.1 404) 6 headers in 231 bytes (1 switches on core 0)
2026-07-17 04:58:36.804 8 INFO placement.requestlog [None req-942fb561-fc9f-4002-b7c6-1c432598d4e4 - - - - - -] 10.0.0.147 "GET /" status: 200 len: 136 microversion: 1.0
2026-07-17 04:58:36.804 7 INFO placement.requestlog [None req-39226607-7d72-426d-b0be-d31ef0570e4f - - - - - -] 10.0.0.147 "GET /" status: 200 len: 136 microversion: 1.0
2026-07-17 04:58:41.163 7 INFO placement.requestlog [req-b8e076e6-11eb-469d-86f5-62879618c628 req-8a018ace-14d4-4ed0-a62a-d27aa89d63d0 ce7a0f19dc804ed999ffc002c07503e3 160b06acfdd147c683cf8b77c5182385 - - 2f30581407ab4def9913b5db80c6c13f 2f30581407ab4def9913b5db80c6c13f] 199.204.45.157 "GET /resource_providers/ab55067d-53ae-4050-9399-54be9e58cbb2/allocations" status: 200 len: 252 microversion: 1.0 [pid: 7|app: 0|req: 346/695] 199.204.45.157 () {32 vars in 857 bytes} [Fri Jul 17 04:58:41 2026] GET /resource_providers/ab55067d-53ae-4050-9399-54be9e58cbb2/allocations => generated 252 bytes in 20 msecs (HTTP/1.1 200) 6 headers in 224 bytes (1 switches on core 0)
2026-07-17 04:58:41.182 8 INFO placement.requestlog [req-b8e076e6-11eb-469d-86f5-62879618c628 req-e6af87a7-1021-4294-bad6-eb5f2a20b3d3 ce7a0f19dc804ed999ffc002c07503e3 160b06acfdd147c683cf8b77c5182385 - - 2f30581407ab4def9913b5db80c6c13f 2f30581407ab4def9913b5db80c6c13f] 199.204.45.157 "GET /resource_providers/ab55067d-53ae-4050-9399-54be9e58cbb2/allocations" status: 200 len: 252 microversion: 1.0 [pid: 8|app: 0|req: 350/696] 199.204.45.157 () {32 vars in 857 bytes} [Fri Jul 17 04:58:41 2026] GET /resource_providers/ab55067d-53ae-4050-9399-54be9e58cbb2/allocations => generated 252 bytes in 14 msecs (HTTP/1.1 200) 6 headers in 224 bytes (1 switches on core 0)
2026-07-17 04:58:41.199 7 INFO placement.requestlog [req-b8e076e6-11eb-469d-86f5-62879618c628 req-fa2f5b8c-4a51-4534-99e9-52e1d42e6874 ce7a0f19dc804ed999ffc002c07503e3 160b06acfdd147c683cf8b77c5182385 - - 2f30581407ab4def9913b5db80c6c13f 2f30581407ab4def9913b5db80c6c13f] 199.204.45.157 "GET /allocations/4b3281bd-0b3f-495f-909f-bc173f266160" status: 200 len: 257 microversion: 1.28 [pid: 7|app: 0|req: 347/697] 199.204.45.157 () {34 vars in 863 bytes} [Fri Jul 17 04:58:41 2026] GET /allocations/4b3281bd-0b3f-495f-909f-bc173f266160 => generated 257 bytes in 11 msecs (HTTP/1.1 200) 8 headers in 296 bytes (1 switches on core 0)
2026-07-17 04:58:41.213 8 INFO placement.requestlog [req-b8e076e6-11eb-469d-86f5-62879618c628 req-d321399f-2e55-416b-a4e9-923c5871707e ce7a0f19dc804ed999ffc002c07503e3 160b06acfdd147c683cf8b77c5182385 - - 2f30581407ab4def9913b5db80c6c13f 2f30581407ab4def9913b5db80c6c13f] 199.204.45.157 "GET /allocations/852dab51-35da-4e80-a1e1-25ce6da7ccb5" status: 200 len: 257 microversion: 1.28 [pid: 8|app: 0|req: 351/698] 199.204.45.157 () {34 vars in 863 bytes} [Fri Jul 17 04:58:41 2026] GET /allocations/852dab51-35da-4e80-a1e1-25ce6da7ccb5 => generated 257 bytes in 10 msecs (HTTP/1.1 200) 8 headers in 296 bytes (1 switches on core 0)
2026-07-17 04:58:44.495 7 INFO placement.requestlog [req-e2307fad-6e37-4593-973a-9f0ecda24042 req-ad49f85c-1243-4811-8ef1-c79b654ac992 ce7a0f19dc804ed999ffc002c07503e3 160b06acfdd147c683cf8b77c5182385 - - 2f30581407ab4def9913b5db80c6c13f 2f30581407ab4def9913b5db80c6c13f] 10.0.0.165 "GET /allocation_candidates?limit=1000&resources=DISK_GB%3A1%2CMEMORY_MB%3A512%2CVCPU%3A1&root_required=%21COMPUTE_STATUS_DISABLED" status: 200 len: 2643 microversion: 1.36 [pid: 7|app: 0|req: 348/699] 10.0.0.165 () {34 vars in 1012 bytes} [Fri Jul 17 04:58:44 2026] GET /allocation_candidates?limit=1000&resources=DISK_GB%3A1%2CMEMORY_MB%3A512%2CVCPU%3A1&root_required=%21COMPUTE_STATUS_DISABLED => generated 2643 bytes in 46 msecs (HTTP/1.1 200) 8 headers in 297 bytes (1 switches on core 0)
2026-07-17 04:58:44.522 8 INFO placement.requestlog [req-e2307fad-6e37-4593-973a-9f0ecda24042 req-b247dcc8-c3f9-48d1-9c9a-9623b3dc07df ce7a0f19dc804ed999ffc002c07503e3 160b06acfdd147c683cf8b77c5182385 - - 2f30581407ab4def9913b5db80c6c13f 2f30581407ab4def9913b5db80c6c13f] 10.0.0.165 "GET /allocations/4932632d-401c-4114-bb18-bf71e375dcb6" status: 200 len: 19 microversion: 1.28 [pid: 8|app: 0|req: 352/700] 10.0.0.165 () {34 vars in 861 bytes} [Fri Jul 17 04:58:44 2026] GET /allocations/4932632d-401c-4114-bb18-bf71e375dcb6 => generated 19 bytes in 7 msecs (HTTP/1.1 200) 8 headers in 295 bytes (1 switches on core 0)
2026-07-17 04:58:44.584 7 INFO placement.requestlog [req-e2307fad-6e37-4593-973a-9f0ecda24042 req-4abccc62-f62e-48ed-a4b1-a371f001982b ce7a0f19dc804ed999ffc002c07503e3 160b06acfdd147c683cf8b77c5182385 - - 2f30581407ab4def9913b5db80c6c13f 2f30581407ab4def9913b5db80c6c13f] 10.0.0.165 "PUT /allocations/4932632d-401c-4114-bb18-bf71e375dcb6" status: 204 len: 0 microversion: 1.36 [pid: 7|app: 0|req: 349/701] 10.0.0.165 () {38 vars in 914 bytes} [Fri Jul 17 04:58:44 2026] PUT /allocations/4932632d-401c-4114-bb18-bf71e375dcb6 => generated 0 bytes in 60 msecs (HTTP/1.1 204) 5 headers in 199 bytes (1 switches on core 0)
2026-07-17 04:58:46.060 8 INFO placement.requestlog [req-e2307fad-6e37-4593-973a-9f0ecda24042 req-c987306a-9dbc-4d81-a83c-4a24e97f5f61 ce7a0f19dc804ed999ffc002c07503e3 160b06acfdd147c683cf8b77c5182385 - - 2f30581407ab4def9913b5db80c6c13f 2f30581407ab4def9913b5db80c6c13f] 199.204.45.157 "GET /allocations/4932632d-401c-4114-bb18-bf71e375dcb6" status: 200 len: 257 microversion: 1.28 [pid: 8|app: 0|req: 353/702] 199.204.45.157 () {34 vars in 863 bytes} [Fri Jul 17 04:58:46 2026] GET /allocations/4932632d-401c-4114-bb18-bf71e375dcb6 => generated 257 bytes in 14 msecs (HTTP/1.1 200) 8 headers in 296 bytes (1 switches on core 0)
2026-07-17 04:58:46.804 8 INFO placement.requestlog [None req-f9ba36c3-38a0-475f-93b5-4cf96e0f7c86 - - - - - -] 10.0.0.147 "GET /" status: 200 len: 136 microversion: 1.0
2026-07-17 04:58:46.804 7 INFO placement.requestlog [None req-1e604abb-8e3a-40ed-bdde-1b953e3ef33d - - - - - -] 10.0.0.147 "GET /" status: 200 len: 136 microversion: 1.0
2026-07-17 04:58:47.110 8 INFO placement.requestlog [req-e2307fad-6e37-4593-973a-9f0ecda24042 req-fcf179ca-65f4-4a2e-9755-db35a31e89f9 ce7a0f19dc804ed999ffc002c07503e3 160b06acfdd147c683cf8b77c5182385 - - 2f30581407ab4def9913b5db80c6c13f 2f30581407ab4def9913b5db80c6c13f] 199.204.45.157 "GET /resource_providers/ab55067d-53ae-4050-9399-54be9e58cbb2/allocations" status: 200 len: 352 microversion: 1.0 [pid: 8|app: 0|req: 355/705] 199.204.45.157 () {32 vars in 857 bytes} [Fri Jul 17 04:58:47 2026] GET /resource_providers/ab55067d-53ae-4050-9399-54be9e58cbb2/allocations => generated 352 bytes in 13 msecs (HTTP/1.1 200) 6 headers in 224 bytes (1 switches on core 0)
2026-07-17 04:58:47.129 7 INFO placement.requestlog [req-e2307fad-6e37-4593-973a-9f0ecda24042 req-664bac2a-62e9-4ede-a013-30d7d089647f ce7a0f19dc804ed999ffc002c07503e3 160b06acfdd147c683cf8b77c5182385 - - 2f30581407ab4def9913b5db80c6c13f 2f30581407ab4def9913b5db80c6c13f] 199.204.45.157 "GET /allocations/4b3281bd-0b3f-495f-909f-bc173f266160" status: 200 len: 257 microversion: 1.28 [pid: 7|app: 0|req: 351/706] 199.204.45.157 () {34 vars in 863 bytes} [Fri Jul 17 04:58:47 2026] GET /allocations/4b3281bd-0b3f-495f-909f-bc173f266160 => generated 257 bytes in 13 msecs (HTTP/1.1 200) 8 headers in 296 bytes (1 switches on core 0)
2026-07-17 04:58:47.148 8 INFO placement.requestlog [req-e2307fad-6e37-4593-973a-9f0ecda24042 req-7fea12f1-bbde-4dec-bf93-b84f662a484b ce7a0f19dc804ed999ffc002c07503e3 160b06acfdd147c683cf8b77c5182385 - - 2f30581407ab4def9913b5db80c6c13f 2f30581407ab4def9913b5db80c6c13f] 199.204.45.157 "GET /allocations/4932632d-401c-4114-bb18-bf71e375dcb6" status: 200 len: 257 microversion: 1.28 [pid: 8|app: 0|req: 356/707] 199.204.45.157 () {34 vars in 863 bytes} [Fri Jul 17 04:58:47 2026] GET /allocations/4932632d-401c-4114-bb18-bf71e375dcb6 => generated 257 bytes in 14 msecs (HTTP/1.1 200) 8 headers in 296 bytes (1 switches on core 0)
2026-07-17 04:58:47.175 7 INFO placement.requestlog [req-e2307fad-6e37-4593-973a-9f0ecda24042 req-12e7a2ad-294c-4e48-9add-13c61e3c7df9 ce7a0f19dc804ed999ffc002c07503e3 160b06acfdd147c683cf8b77c5182385 - - 2f30581407ab4def9913b5db80c6c13f 2f30581407ab4def9913b5db80c6c13f] 199.204.45.157 "GET /allocations/852dab51-35da-4e80-a1e1-25ce6da7ccb5" status: 200 len: 257 microversion: 1.28 [pid: 7|app: 0|req: 352/708] 199.204.45.157 () {34 vars in 863 bytes} [Fri Jul 17 04:58:47 2026] GET /allocations/852dab51-35da-4e80-a1e1-25ce6da7ccb5 => generated 257 bytes in 22 msecs (HTTP/1.1 200) 8 headers in 296 bytes (1 switches on core 0)
2026-07-17 04:58:56.804 8 INFO placement.requestlog [None req-fe6ae153-cbc4-4a21-8380-cba2249c5a50 - - - - - -] 10.0.0.147 "GET /" status: 200 len: 136 microversion: 1.0
2026-07-17 04:58:56.805 7 INFO placement.requestlog [None req-6ca17ca4-3c6d-4de3-9f25-2448de4d2414 - - - - - -] 10.0.0.147 "GET /" status: 200 len: 136 microversion: 1.0
2026-07-17 04:58:59.191 8 INFO placement.requestlog [req-8e474039-3557-4c5f-bf97-5e2be8505d1a req-97293090-e240-4aec-8f88-efdd6a991e22 ce7a0f19dc804ed999ffc002c07503e3 160b06acfdd147c683cf8b77c5182385 - - 2f30581407ab4def9913b5db80c6c13f 2f30581407ab4def9913b5db80c6c13f] 199.204.45.157 "GET /resource_providers/ab55067d-53ae-4050-9399-54be9e58cbb2/allocations" status: 200 len: 352 microversion: 1.0 [pid: 8|app: 0|req: 358/711] 199.204.45.157 () {32 vars in 857 bytes} [Fri Jul 17 04:58:59 2026] GET /resource_providers/ab55067d-53ae-4050-9399-54be9e58cbb2/allocations => generated 352 bytes in 31 msecs (HTTP/1.1 200) 6 headers in 224 bytes (1 switches on core 0)
2026-07-17 04:58:59.211 7 INFO placement.requestlog [req-8e474039-3557-4c5f-bf97-5e2be8505d1a req-5c09c8cc-e2c9-43db-9782-3f09972f8abb ce7a0f19dc804ed999ffc002c07503e3 160b06acfdd147c683cf8b77c5182385 - - 2f30581407ab4def9913b5db80c6c13f 2f30581407ab4def9913b5db80c6c13f] 199.204.45.157 "GET /allocations/4b3281bd-0b3f-495f-909f-bc173f266160" status: 200 len: 257 microversion: 1.28 [pid: 7|app: 0|req: 354/712] 199.204.45.157 () {34 vars in 863 bytes} [Fri Jul 17 04:58:59 2026] GET /allocations/4b3281bd-0b3f-495f-909f-bc173f266160 => generated 257 bytes in 12 msecs (HTTP/1.1 200) 8 headers in 296 bytes (1 switches on core 0)
2026-07-17 04:58:59.230 8 INFO placement.requestlog [req-8e474039-3557-4c5f-bf97-5e2be8505d1a req-36e97f57-957f-452c-a621-08546f426b06 ce7a0f19dc804ed999ffc002c07503e3 160b06acfdd147c683cf8b77c5182385 - - 2f30581407ab4def9913b5db80c6c13f 2f30581407ab4def9913b5db80c6c13f] 199.204.45.157 "GET /allocations/4932632d-401c-4114-bb18-bf71e375dcb6" status: 200 len: 257 microversion: 1.28 [pid: 8|app: 0|req: 359/713] 199.204.45.157 () {34 vars in 863 bytes} [Fri Jul 17 04:58:59 2026] GET /allocations/4932632d-401c-4114-bb18-bf71e375dcb6 => generated 257 bytes in 12 msecs (HTTP/1.1 200) 8 headers in 296 bytes (1 switches on core 0)
2026-07-17 04:58:59.247 7 INFO placement.requestlog [req-8e474039-3557-4c5f-bf97-5e2be8505d1a req-01c73e92-da17-459c-8014-2a5c17b22797 ce7a0f19dc804ed999ffc002c07503e3 160b06acfdd147c683cf8b77c5182385 - - 2f30581407ab4def9913b5db80c6c13f 2f30581407ab4def9913b5db80c6c13f] 199.204.45.157 "GET /allocations/852dab51-35da-4e80-a1e1-25ce6da7ccb5" status: 200 len: 257 microversion: 1.28 [pid: 7|app: 0|req: 355/714] 199.204.45.157 () {34 vars in 863 bytes} [Fri Jul 17 04:58:59 2026] GET /allocations/852dab51-35da-4e80-a1e1-25ce6da7ccb5 => generated 257 bytes in 11 msecs (HTTP/1.1 200) 8 headers in 296 bytes (1 switches on core 0)
2026-07-17 04:59:00.315 8 INFO placement.requestlog [req-8e474039-3557-4c5f-bf97-5e2be8505d1a req-e8c1915b-a79c-4990-a3ca-bbe91320b5ab ce7a0f19dc804ed999ffc002c07503e3 160b06acfdd147c683cf8b77c5182385 - - 2f30581407ab4def9913b5db80c6c13f 2f30581407ab4def9913b5db80c6c13f] 199.204.45.157 "DELETE /allocations/852dab51-35da-4e80-a1e1-25ce6da7ccb5" status: 204 len: 0 microversion: 1.0 [pid: 8|app: 0|req: 360/715] 199.204.45.157 () {34 vars in 841 bytes} [Fri Jul 17 04:59:00 2026] DELETE /allocations/852dab51-35da-4e80-a1e1-25ce6da7ccb5 => generated 0 bytes in 25 msecs (HTTP/1.1 204) 5 headers in 198 bytes (1 switches on core 0)
2026-07-17 04:59:03.295 7 INFO placement.requestlog [req-56c3991d-a996-4206-a4aa-eb2b68f5a7e1 req-3fbf45bd-76be-476f-8fc8-4b2a7c0d4810 ce7a0f19dc804ed999ffc002c07503e3 160b06acfdd147c683cf8b77c5182385 - - 2f30581407ab4def9913b5db80c6c13f 2f30581407ab4def9913b5db80c6c13f] 199.204.45.157 "GET /resource_providers/ab55067d-53ae-4050-9399-54be9e58cbb2/allocations" status: 200 len: 252 microversion: 1.0 [pid: 7|app: 0|req: 356/716] 199.204.45.157 () {32 vars in 857 bytes} [Fri Jul 17 04:59:03 2026] GET /resource_providers/ab55067d-53ae-4050-9399-54be9e58cbb2/allocations => generated 252 bytes in 17 msecs (HTTP/1.1 200) 6 headers in 224 bytes (1 switches on core 0)
2026-07-17 04:59:03.312 8 INFO placement.requestlog [req-56c3991d-a996-4206-a4aa-eb2b68f5a7e1 req-56050b70-6be0-4d75-8882-63f8d3b1d757 ce7a0f19dc804ed999ffc002c07503e3 160b06acfdd147c683cf8b77c5182385 - - 2f30581407ab4def9913b5db80c6c13f 2f30581407ab4def9913b5db80c6c13f] 199.204.45.157 "GET /allocations/4b3281bd-0b3f-495f-909f-bc173f266160" status: 200 len: 257 microversion: 1.28 [pid: 8|app: 0|req: 361/717] 199.204.45.157 () {34 vars in 863 bytes} [Fri Jul 17 04:59:03 2026] GET /allocations/4b3281bd-0b3f-495f-909f-bc173f266160 => generated 257 bytes in 10 msecs (HTTP/1.1 200) 8 headers in 296 bytes (1 switches on core 0)
2026-07-17 04:59:03.328 7 INFO placement.requestlog [req-56c3991d-a996-4206-a4aa-eb2b68f5a7e1 req-15ee8216-944d-44d4-903c-c47cc89bbde4 ce7a0f19dc804ed999ffc002c07503e3 160b06acfdd147c683cf8b77c5182385 - - 2f30581407ab4def9913b5db80c6c13f 2f30581407ab4def9913b5db80c6c13f] 199.204.45.157 "GET /allocations/4932632d-401c-4114-bb18-bf71e375dcb6" status: 200 len: 257 microversion: 1.28 [pid: 7|app: 0|req: 357/718] 199.204.45.157 () {34 vars in 863 bytes} [Fri Jul 17 04:59:03 2026] GET /allocations/4932632d-401c-4114-bb18-bf71e375dcb6 => generated 257 bytes in 12 msecs (HTTP/1.1 200) 8 headers in 296 bytes (1 switches on core 0)
2026-07-17 04:59:03.826 7 INFO placement.requestlog [None req-7581771d-5495-4042-8dd2-93a117f144ca 0a829c4ed6804cc5a0730e13e53b0ff2 160b06acfdd147c683cf8b77c5182385 - - 2f30581407ab4def9913b5db80c6c13f 2f30581407ab4def9913b5db80c6c13f] 10.0.0.121 "GET /resource_providers/1e723064-511c-4059-9b85-9d7c72e72b47/aggregates" status: 404 len: 235 microversion: 1.1
2026-07-17 04:59:03.826 8 INFO placement.requestlog [None req-b2e3c136-7e9b-4fe6-be6c-2d5a3abbfb29 0a829c4ed6804cc5a0730e13e53b0ff2 160b06acfdd147c683cf8b77c5182385 - - 2f30581407ab4def9913b5db80c6c13f 2f30581407ab4def9913b5db80c6c13f] 10.0.0.121 "GET /resource_providers/1e723064-511c-4059-9b85-9d7c72e72b47/aggregates" status: 404 len: 235 microversion: 1.1 [pid: 7|app: 0|req: 358/719] 10.0.0.121 () {32 vars in 816 bytes} [Fri Jul 17 04:59:03 2026] GET /resource_providers/1e723064-511c-4059-9b85-9d7c72e72b47/aggregates => generated 235 bytes in 10 msecs (HTTP/1.1 404) 5 headers in 202 bytes (1 switches on core 0) [pid: 8|app: 0|req: 362/720] 10.0.0.121 () {32 vars in 816 bytes} [Fri Jul 17 04:59:03 2026] GET /resource_providers/1e723064-511c-4059-9b85-9d7c72e72b47/aggregates => generated 235 bytes in 10 msecs (HTTP/1.1 404) 5 headers in 202 bytes (1 switches on core 0)
2026-07-17 04:59:03.854 7 INFO placement.requestlog [None req-55b8c1d3-83a7-48c1-ab21-9a41c7d0c4d7 0a829c4ed6804cc5a0730e13e53b0ff2 160b06acfdd147c683cf8b77c5182385 - - 2f30581407ab4def9913b5db80c6c13f 2f30581407ab4def9913b5db80c6c13f] 10.0.0.121 "DELETE /resource_providers/1e723064-511c-4059-9b85-9d7c72e72b47" status: 404 len: 246 microversion: 1.1 [pid: 7|app: 0|req: 359/721] 10.0.0.121 () {34 vars in 816 bytes} [Fri Jul 17 04:59:03 2026] DELETE /resource_providers/1e723064-511c-4059-9b85-9d7c72e72b47 => generated 246 bytes in 15 msecs (HTTP/1.1 404) 6 headers in 231 bytes (1 switches on core 0)
2026-07-17 04:59:03.859 8 INFO placement.requestlog [None req-87877777-138e-46f4-971e-099d78e2064a 0a829c4ed6804cc5a0730e13e53b0ff2 160b06acfdd147c683cf8b77c5182385 - - 2f30581407ab4def9913b5db80c6c13f 2f30581407ab4def9913b5db80c6c13f] 10.0.0.121 "DELETE /resource_providers/1e723064-511c-4059-9b85-9d7c72e72b47" status: 404 len: 246 microversion: 1.1 [pid: 8|app: 0|req: 363/722] 10.0.0.121 () {34 vars in 816 bytes} [Fri Jul 17 04:59:03 2026] DELETE /resource_providers/1e723064-511c-4059-9b85-9d7c72e72b47 => generated 246 bytes in 10 msecs (HTTP/1.1 404) 6 headers in 231 bytes (1 switches on core 0)
2026-07-17 04:59:04.382 7 INFO placement.requestlog [req-56c3991d-a996-4206-a4aa-eb2b68f5a7e1 req-a9c68843-6d8d-48e7-b76a-72bae10fcc5e ce7a0f19dc804ed999ffc002c07503e3 160b06acfdd147c683cf8b77c5182385 - - 2f30581407ab4def9913b5db80c6c13f 2f30581407ab4def9913b5db80c6c13f] 199.204.45.157 "DELETE /allocations/4932632d-401c-4114-bb18-bf71e375dcb6" status: 204 len: 0 microversion: 1.0 [pid: 7|app: 0|req: 360/723] 199.204.45.157 () {34 vars in 841 bytes} [Fri Jul 17 04:59:04 2026] DELETE /allocations/4932632d-401c-4114-bb18-bf71e375dcb6 => generated 0 bytes in 27 msecs (HTTP/1.1 204) 5 headers in 198 bytes (1 switches on core 0)
2026-07-17 04:59:04.881 8 INFO placement.requestlog [None req-d8f68be6-b206-42dd-b030-56db2c8b62e9 0a829c4ed6804cc5a0730e13e53b0ff2 160b06acfdd147c683cf8b77c5182385 - - 2f30581407ab4def9913b5db80c6c13f 2f30581407ab4def9913b5db80c6c13f] 10.0.0.121 "GET /resource_providers/41dfcdea-3358-4b5b-a6ed-49140945a0f0/aggregates" status: 404 len: 235 microversion: 1.1 [pid: 8|app: 0|req: 364/724] 10.0.0.121 () {32 vars in 816 bytes} [Fri Jul 17 04:59:04 2026] GET /resource_providers/41dfcdea-3358-4b5b-a6ed-49140945a0f0/aggregates => generated 235 bytes in 18 msecs (HTTP/1.1 404) 5 headers in 202 bytes (1 switches on core 0)
2026-07-17 04:59:04.885 7 INFO placement.requestlog [None req-8d8a62b6-5540-435b-865a-cd123cb14a5a 0a829c4ed6804cc5a0730e13e53b0ff2 160b06acfdd147c683cf8b77c5182385 - - 2f30581407ab4def9913b5db80c6c13f 2f30581407ab4def9913b5db80c6c13f] 10.0.0.121 "GET /resource_providers/41dfcdea-3358-4b5b-a6ed-49140945a0f0/aggregates" status: 404 len: 235 microversion: 1.1 [pid: 7|app: 0|req: 361/725] 10.0.0.121 () {32 vars in 816 bytes} [Fri Jul 17 04:59:04 2026] GET /resource_providers/41dfcdea-3358-4b5b-a6ed-49140945a0f0/aggregates => generated 235 bytes in 12 msecs (HTTP/1.1 404) 5 headers in 202 bytes (1 switches on core 0)
2026-07-17 04:59:04.906 7 INFO placement.requestlog [None req-8ad41a62-60df-41a9-9072-8b1e85fa656f 0a829c4ed6804cc5a0730e13e53b0ff2 160b06acfdd147c683cf8b77c5182385 - - 2f30581407ab4def9913b5db80c6c13f 2f30581407ab4def9913b5db80c6c13f] 10.0.0.121 "DELETE /resource_providers/41dfcdea-3358-4b5b-a6ed-49140945a0f0" status: 404 len: 246 microversion: 1.1 [pid: 7|app: 0|req: 362/726] 10.0.0.121 () {34 vars in 816 bytes} [Fri Jul 17 04:59:04 2026] DELETE /resource_providers/41dfcdea-3358-4b5b-a6ed-49140945a0f0 => generated 246 bytes in 10 msecs (HTTP/1.1 404) 6 headers in 231 bytes (1 switches on core 0)
2026-07-17 04:59:04.909 8 INFO placement.requestlog [None req-bdfa4162-df80-427c-8995-74fabf190744 0a829c4ed6804cc5a0730e13e53b0ff2 160b06acfdd147c683cf8b77c5182385 - - 2f30581407ab4def9913b5db80c6c13f 2f30581407ab4def9913b5db80c6c13f] 10.0.0.121 "DELETE /resource_providers/41dfcdea-3358-4b5b-a6ed-49140945a0f0" status: 404 len: 246 microversion: 1.1 [pid: 8|app: 0|req: 365/727] 10.0.0.121 () {34 vars in 816 bytes} [Fri Jul 17 04:59:04 2026] DELETE /resource_providers/41dfcdea-3358-4b5b-a6ed-49140945a0f0 => generated 246 bytes in 15 msecs (HTTP/1.1 404) 6 headers in 231 bytes (1 switches on core 0)
2026-07-17 04:59:05.883 8 INFO placement.requestlog [None req-728327b9-af8f-40e2-aba7-f01a647540d4 0a829c4ed6804cc5a0730e13e53b0ff2 160b06acfdd147c683cf8b77c5182385 - - 2f30581407ab4def9913b5db80c6c13f 2f30581407ab4def9913b5db80c6c13f] 10.0.0.121 "GET /resource_providers/9b7bc7a1-7607-40c1-8d44-01ba1769c331/aggregates" status: 404 len: 235 microversion: 1.1
2026-07-17 04:59:05.883 7 INFO placement.requestlog [None req-ad12d540-5f0d-4be4-8e1c-5e499df0ea5b 0a829c4ed6804cc5a0730e13e53b0ff2 160b06acfdd147c683cf8b77c5182385 - - 2f30581407ab4def9913b5db80c6c13f 2f30581407ab4def9913b5db80c6c13f] 10.0.0.121 "GET /resource_providers/9b7bc7a1-7607-40c1-8d44-01ba1769c331/aggregates" status: 404 len: 235 microversion: 1.1 [pid: 8|app: 0|req: 366/728] 10.0.0.121 () {32 vars in 816 bytes} [Fri Jul 17 04:59:05 2026] GET /resource_providers/9b7bc7a1-7607-40c1-8d44-01ba1769c331/aggregates => generated 235 bytes in 9 msecs (HTTP/1.1 404) 5 headers in 202 bytes (1 switches on core 0) [pid: 7|app: 0|req: 363/729] 10.0.0.121 () {32 vars in 816 bytes} [Fri Jul 17 04:59:05 2026] GET /resource_providers/9b7bc7a1-7607-40c1-8d44-01ba1769c331/aggregates => generated 235 bytes in 9 msecs (HTTP/1.1 404) 5 headers in 202 bytes (1 switches on core 0)
2026-07-17 04:59:05.905 8 INFO placement.requestlog [None req-55368aa3-d627-40bf-95dc-cf0808947830 0a829c4ed6804cc5a0730e13e53b0ff2 160b06acfdd147c683cf8b77c5182385 - - 2f30581407ab4def9913b5db80c6c13f 2f30581407ab4def9913b5db80c6c13f] 10.0.0.121 "DELETE /resource_providers/9b7bc7a1-7607-40c1-8d44-01ba1769c331" status: 404 len: 246 microversion: 1.1 [pid: 8|app: 0|req: 367/730] 10.0.0.121 () {34 vars in 816 bytes} [Fri Jul 17 04:59:05 2026] DELETE /resource_providers/9b7bc7a1-7607-40c1-8d44-01ba1769c331 => generated 246 bytes in 12 msecs (HTTP/1.1 404) 6 headers in 231 bytes (1 switches on core 0)
2026-07-17 04:59:05.906 7 INFO placement.requestlog [None req-d9c03cad-c5f2-4ba2-8ece-fa456170888c 0a829c4ed6804cc5a0730e13e53b0ff2 160b06acfdd147c683cf8b77c5182385 - - 2f30581407ab4def9913b5db80c6c13f 2f30581407ab4def9913b5db80c6c13f] 10.0.0.121 "DELETE /resource_providers/9b7bc7a1-7607-40c1-8d44-01ba1769c331" status: 404 len: 246 microversion: 1.1 [pid: 7|app: 0|req: 364/731] 10.0.0.121 () {34 vars in 816 bytes} [Fri Jul 17 04:59:05 2026] DELETE /resource_providers/9b7bc7a1-7607-40c1-8d44-01ba1769c331 => generated 246 bytes in 8 msecs (HTTP/1.1 404) 6 headers in 231 bytes (1 switches on core 0)
2026-07-17 04:59:06.803 8 INFO placement.requestlog [None req-0261f9c1-9bae-408c-8c1b-6c95599e5194 - - - - - -] 10.0.0.147 "GET /" status: 200 len: 136 microversion: 1.0
2026-07-17 04:59:06.804 7 INFO placement.requestlog [None req-ab9c2d91-dce9-4923-b9ad-2cc6a37ffbfa - - - - - -] 10.0.0.147 "GET /" status: 200 len: 136 microversion: 1.0
2026-07-17 04:59:09.073 8 INFO placement.requestlog [None req-df513198-8607-4d87-8b23-678ff243372d 0a829c4ed6804cc5a0730e13e53b0ff2 160b06acfdd147c683cf8b77c5182385 - - 2f30581407ab4def9913b5db80c6c13f 2f30581407ab4def9913b5db80c6c13f] 10.0.0.121 "GET /resource_providers/6ba54f52-085e-4ef4-9453-71a663e6d2fc/aggregates" status: 404 len: 235 microversion: 1.1 [pid: 8|app: 0|req: 369/734] 10.0.0.121 () {32 vars in 816 bytes} [Fri Jul 17 04:59:09 2026] GET /resource_providers/6ba54f52-085e-4ef4-9453-71a663e6d2fc/aggregates => generated 235 bytes in 9 msecs (HTTP/1.1 404) 5 headers in 202 bytes (1 switches on core 0)
2026-07-17 04:59:09.079 7 INFO placement.requestlog [None req-ced4ca5b-ab5e-4791-a8af-c03b6f05ec1d 0a829c4ed6804cc5a0730e13e53b0ff2 160b06acfdd147c683cf8b77c5182385 - - 2f30581407ab4def9913b5db80c6c13f 2f30581407ab4def9913b5db80c6c13f] 10.0.0.121 "GET /resource_providers/6ba54f52-085e-4ef4-9453-71a663e6d2fc/aggregates" status: 404 len: 235 microversion: 1.1 [pid: 7|app: 0|req: 366/735] 10.0.0.121 () {32 vars in 816 bytes} [Fri Jul 17 04:59:09 2026] GET /resource_providers/6ba54f52-085e-4ef4-9453-71a663e6d2fc/aggregates => generated 235 bytes in 11 msecs (HTTP/1.1 404) 5 headers in 202 bytes (1 switches on core 0)
2026-07-17 04:59:09.099 8 INFO placement.requestlog [None req-19891864-57d4-42f1-bdfc-0722e263a31d 0a829c4ed6804cc5a0730e13e53b0ff2 160b06acfdd147c683cf8b77c5182385 - - 2f30581407ab4def9913b5db80c6c13f 2f30581407ab4def9913b5db80c6c13f] 10.0.0.121 "DELETE /resource_providers/6ba54f52-085e-4ef4-9453-71a663e6d2fc" status: 404 len: 246 microversion: 1.1 [pid: 8|app: 0|req: 370/736] 10.0.0.121 () {34 vars in 816 bytes} [Fri Jul 17 04:59:09 2026] DELETE /resource_providers/6ba54f52-085e-4ef4-9453-71a663e6d2fc => generated 246 bytes in 8 msecs (HTTP/1.1 404) 6 headers in 231 bytes (1 switches on core 0)
2026-07-17 04:59:09.102 7 INFO placement.requestlog [None req-d83ef5be-e927-48df-b4b1-ec0d69da81c1 0a829c4ed6804cc5a0730e13e53b0ff2 160b06acfdd147c683cf8b77c5182385 - - 2f30581407ab4def9913b5db80c6c13f 2f30581407ab4def9913b5db80c6c13f] 10.0.0.121 "DELETE /resource_providers/6ba54f52-085e-4ef4-9453-71a663e6d2fc" status: 404 len: 246 microversion: 1.1 [pid: 7|app: 0|req: 367/737] 10.0.0.121 () {34 vars in 816 bytes} [Fri Jul 17 04:59:09 2026] DELETE /resource_providers/6ba54f52-085e-4ef4-9453-71a663e6d2fc => generated 246 bytes in 10 msecs (HTTP/1.1 404) 6 headers in 231 bytes (1 switches on core 0)
2026-07-17 04:59:10.170 8 INFO placement.requestlog [None req-433b7bf3-8433-49f3-85c4-33a46f41ad05 0a829c4ed6804cc5a0730e13e53b0ff2 160b06acfdd147c683cf8b77c5182385 - - 2f30581407ab4def9913b5db80c6c13f 2f30581407ab4def9913b5db80c6c13f] 10.0.0.121 "GET /resource_providers/21cf3785-6fd8-4c30-9659-03470e5b2e81/aggregates" status: 404 len: 235 microversion: 1.1 [pid: 8|app: 0|req: 371/738] 10.0.0.121 () {32 vars in 816 bytes} [Fri Jul 17 04:59:10 2026] GET /resource_providers/21cf3785-6fd8-4c30-9659-03470e5b2e81/aggregates => generated 235 bytes in 10 msecs (HTTP/1.1 404) 5 headers in 202 bytes (1 switches on core 0)
2026-07-17 04:59:10.170 7 INFO placement.requestlog [None req-1c8f30ca-6eb5-41f5-8e27-fb788259b3a7 0a829c4ed6804cc5a0730e13e53b0ff2 160b06acfdd147c683cf8b77c5182385 - - 2f30581407ab4def9913b5db80c6c13f 2f30581407ab4def9913b5db80c6c13f] 10.0.0.121 "GET /resource_providers/21cf3785-6fd8-4c30-9659-03470e5b2e81/aggregates" status: 404 len: 235 microversion: 1.1 [pid: 7|app: 0|req: 368/739] 10.0.0.121 () {32 vars in 816 bytes} [Fri Jul 17 04:59:10 2026] GET /resource_providers/21cf3785-6fd8-4c30-9659-03470e5b2e81/aggregates => generated 235 bytes in 10 msecs (HTTP/1.1 404) 5 headers in 202 bytes (1 switches on core 0)
2026-07-17 04:59:10.189 7 INFO placement.requestlog [None req-8df3a858-782f-47f0-b4a7-e33c16ab3c77 0a829c4ed6804cc5a0730e13e53b0ff2 160b06acfdd147c683cf8b77c5182385 - - 2f30581407ab4def9913b5db80c6c13f 2f30581407ab4def9913b5db80c6c13f] 10.0.0.121 "DELETE /resource_providers/21cf3785-6fd8-4c30-9659-03470e5b2e81" status: 404 len: 246 microversion: 1.1 [pid: 7|app: 0|req: 369/740] 10.0.0.121 () {34 vars in 816 bytes} [Fri Jul 17 04:59:10 2026] DELETE /resource_providers/21cf3785-6fd8-4c30-9659-03470e5b2e81 => generated 246 bytes in 7 msecs (HTTP/1.1 404) 6 headers in 231 bytes (1 switches on core 0)
2026-07-17 04:59:10.190 8 INFO placement.requestlog [None req-2795b280-4889-44ad-af59-45272400d78d 0a829c4ed6804cc5a0730e13e53b0ff2 160b06acfdd147c683cf8b77c5182385 - - 2f30581407ab4def9913b5db80c6c13f 2f30581407ab4def9913b5db80c6c13f] 10.0.0.121 "DELETE /resource_providers/21cf3785-6fd8-4c30-9659-03470e5b2e81" status: 404 len: 246 microversion: 1.1 [pid: 8|app: 0|req: 372/741] 10.0.0.121 () {34 vars in 816 bytes} [Fri Jul 17 04:59:10 2026] DELETE /resource_providers/21cf3785-6fd8-4c30-9659-03470e5b2e81 => generated 246 bytes in 9 msecs (HTTP/1.1 404) 6 headers in 231 bytes (1 switches on core 0)
2026-07-17 04:59:16.675 7 INFO placement.requestlog [req-4d77e165-276b-40ce-b959-076818b7f8e2 req-d650c480-d02a-4c98-b6b4-3f6645f823da ce7a0f19dc804ed999ffc002c07503e3 160b06acfdd147c683cf8b77c5182385 - - 2f30581407ab4def9913b5db80c6c13f 2f30581407ab4def9913b5db80c6c13f] 10.0.0.165 "GET /allocation_candidates?limit=1000&resources=DISK_GB%3A1%2CMEMORY_MB%3A512%2CVCPU%3A1&root_required=%21COMPUTE_STATUS_DISABLED" status: 200 len: 2642 microversion: 1.36 [pid: 7|app: 0|req: 370/742] 10.0.0.165 () {34 vars in 1012 bytes} [Fri Jul 17 04:59:16 2026] GET /allocation_candidates?limit=1000&resources=DISK_GB%3A1%2CMEMORY_MB%3A512%2CVCPU%3A1&root_required=%21COMPUTE_STATUS_DISABLED => generated 2642 bytes in 37 msecs (HTTP/1.1 200) 8 headers in 297 bytes (1 switches on core 0)
2026-07-17 04:59:16.707 8 INFO placement.requestlog [req-4d77e165-276b-40ce-b959-076818b7f8e2 req-99d5b8d3-b6ec-4239-8970-78985311c23f ce7a0f19dc804ed999ffc002c07503e3 160b06acfdd147c683cf8b77c5182385 - - 2f30581407ab4def9913b5db80c6c13f 2f30581407ab4def9913b5db80c6c13f] 10.0.0.165 "GET /allocations/671886d5-526e-4f87-8717-1dd6941c78b6" status: 200 len: 19 microversion: 1.28 [pid: 8|app: 0|req: 373/743] 10.0.0.165 () {34 vars in 861 bytes} [Fri Jul 17 04:59:16 2026] GET /allocations/671886d5-526e-4f87-8717-1dd6941c78b6 => generated 19 bytes in 8 msecs (HTTP/1.1 200) 8 headers in 295 bytes (1 switches on core 0)
2026-07-17 04:59:16.775 7 INFO placement.requestlog [req-4d77e165-276b-40ce-b959-076818b7f8e2 req-90b58c67-ff05-412f-b416-42c6f13503f2 ce7a0f19dc804ed999ffc002c07503e3 160b06acfdd147c683cf8b77c5182385 - - 2f30581407ab4def9913b5db80c6c13f 2f30581407ab4def9913b5db80c6c13f] 10.0.0.165 "PUT /allocations/671886d5-526e-4f87-8717-1dd6941c78b6" status: 204 len: 0 microversion: 1.36 [pid: 7|app: 0|req: 371/744] 10.0.0.165 () {38 vars in 914 bytes} [Fri Jul 17 04:59:16 2026] PUT /allocations/671886d5-526e-4f87-8717-1dd6941c78b6 => generated 0 bytes in 64 msecs (HTTP/1.1 204) 5 headers in 199 bytes (1 switches on core 0)
2026-07-17 04:59:16.803 8 INFO placement.requestlog [None req-98e3bedd-a70c-498c-907b-111784d9b0fa - - - - - -] 10.0.0.147 "GET /" status: 200 len: 136 microversion: 1.0
2026-07-17 04:59:16.804 7 INFO placement.requestlog [None req-e9fb1795-e076-4f88-a1b2-32b3fe07ff58 - - - - - -] 10.0.0.147 "GET /" status: 200 len: 136 microversion: 1.0
2026-07-17 04:59:18.261 8 INFO placement.requestlog [req-c5a1a76d-1b6e-4eed-9279-3e30c0cc5f85 req-3707c4f0-1135-42fd-aa16-4eb6160f39d8 ce7a0f19dc804ed999ffc002c07503e3 160b06acfdd147c683cf8b77c5182385 - - 2f30581407ab4def9913b5db80c6c13f 2f30581407ab4def9913b5db80c6c13f] 199.204.45.157 "GET /resource_providers/ab55067d-53ae-4050-9399-54be9e58cbb2/allocations" status: 200 len: 252 microversion: 1.0 [pid: 8|app: 0|req: 375/747] 199.204.45.157 () {32 vars in 857 bytes} [Fri Jul 17 04:59:18 2026] GET /resource_providers/ab55067d-53ae-4050-9399-54be9e58cbb2/allocations => generated 252 bytes in 13 msecs (HTTP/1.1 200) 6 headers in 224 bytes (1 switches on core 0)
2026-07-17 04:59:18.272 8 INFO placement.requestlog [req-c5a1a76d-1b6e-4eed-9279-3e30c0cc5f85 req-e0fd6fcc-e51f-488d-9acf-974248582d19 ce7a0f19dc804ed999ffc002c07503e3 160b06acfdd147c683cf8b77c5182385 - - 2f30581407ab4def9913b5db80c6c13f 2f30581407ab4def9913b5db80c6c13f] 199.204.45.157 "GET /allocations/4b3281bd-0b3f-495f-909f-bc173f266160" status: 200 len: 257 microversion: 1.28 [pid: 8|app: 0|req: 376/748] 199.204.45.157 () {34 vars in 863 bytes} [Fri Jul 17 04:59:18 2026] GET /allocations/4b3281bd-0b3f-495f-909f-bc173f266160 => generated 257 bytes in 7 msecs (HTTP/1.1 200) 8 headers in 296 bytes (1 switches on core 0)
2026-07-17 04:59:18.273 7 INFO placement.requestlog [req-4d77e165-276b-40ce-b959-076818b7f8e2 req-7bc30c4d-dc38-4f64-8c99-b6be6443e7e6 ce7a0f19dc804ed999ffc002c07503e3 160b06acfdd147c683cf8b77c5182385 - - 2f30581407ab4def9913b5db80c6c13f 2f30581407ab4def9913b5db80c6c13f] 199.204.45.157 "GET /allocations/671886d5-526e-4f87-8717-1dd6941c78b6" status: 200 len: 257 microversion: 1.28 [pid: 7|app: 0|req: 373/749] 199.204.45.157 () {34 vars in 863 bytes} [Fri Jul 17 04:59:18 2026] GET /allocations/671886d5-526e-4f87-8717-1dd6941c78b6 => generated 257 bytes in 16 msecs (HTTP/1.1 200) 8 headers in 296 bytes (1 switches on core 0)
2026-07-17 04:59:18.285 8 INFO placement.requestlog [req-c5a1a76d-1b6e-4eed-9279-3e30c0cc5f85 req-2c960f1e-ee3e-4092-8d1f-d43b69eab588 ce7a0f19dc804ed999ffc002c07503e3 160b06acfdd147c683cf8b77c5182385 - - 2f30581407ab4def9913b5db80c6c13f 2f30581407ab4def9913b5db80c6c13f] 199.204.45.157 "GET /allocations/671886d5-526e-4f87-8717-1dd6941c78b6" status: 200 len: 257 microversion: 1.28 [pid: 8|app: 0|req: 377/750] 199.204.45.157 () {34 vars in 863 bytes} [Fri Jul 17 04:59:18 2026] GET /allocations/671886d5-526e-4f87-8717-1dd6941c78b6 => generated 257 bytes in 9 msecs (HTTP/1.1 200) 8 headers in 296 bytes (1 switches on core 0)
2026-07-17 04:59:19.341 7 INFO placement.requestlog [req-c5a1a76d-1b6e-4eed-9279-3e30c0cc5f85 req-42df39f5-2cc0-4bbf-bc4c-d15dc51206e2 ce7a0f19dc804ed999ffc002c07503e3 160b06acfdd147c683cf8b77c5182385 - - 2f30581407ab4def9913b5db80c6c13f 2f30581407ab4def9913b5db80c6c13f] 199.204.45.157 "DELETE /allocations/4b3281bd-0b3f-495f-909f-bc173f266160" status: 204 len: 0 microversion: 1.0 [pid: 7|app: 0|req: 374/751] 199.204.45.157 () {34 vars in 841 bytes} [Fri Jul 17 04:59:19 2026] DELETE /allocations/4b3281bd-0b3f-495f-909f-bc173f266160 => generated 0 bytes in 28 msecs (HTTP/1.1 204) 5 headers in 198 bytes (1 switches on core 0)
2026-07-17 04:59:20.357 8 INFO placement.requestlog [req-4d77e165-276b-40ce-b959-076818b7f8e2 req-ce66e725-aca8-4da9-84dc-bb31ddcee0ca ce7a0f19dc804ed999ffc002c07503e3 160b06acfdd147c683cf8b77c5182385 - - 2f30581407ab4def9913b5db80c6c13f 2f30581407ab4def9913b5db80c6c13f] 199.204.45.157 "GET /resource_providers/ab55067d-53ae-4050-9399-54be9e58cbb2/allocations" status: 200 len: 152 microversion: 1.0 [pid: 8|app: 0|req: 378/752] 199.204.45.157 () {32 vars in 857 bytes} [Fri Jul 17 04:59:20 2026] GET /resource_providers/ab55067d-53ae-4050-9399-54be9e58cbb2/allocations => generated 152 bytes in 20 msecs (HTTP/1.1 200) 6 headers in 224 bytes (1 switches on core 0)
2026-07-17 04:59:20.390 7 INFO placement.requestlog [req-4d77e165-276b-40ce-b959-076818b7f8e2 req-74f6082e-9be7-43ab-9509-7b1ee06f48ad ce7a0f19dc804ed999ffc002c07503e3 160b06acfdd147c683cf8b77c5182385 - - 2f30581407ab4def9913b5db80c6c13f 2f30581407ab4def9913b5db80c6c13f] 199.204.45.157 "GET /allocations/671886d5-526e-4f87-8717-1dd6941c78b6" status: 200 len: 257 microversion: 1.28 [pid: 7|app: 0|req: 375/753] 199.204.45.157 () {34 vars in 863 bytes} [Fri Jul 17 04:59:20 2026] GET /allocations/671886d5-526e-4f87-8717-1dd6941c78b6 => generated 257 bytes in 26 msecs (HTTP/1.1 200) 8 headers in 296 bytes (1 switches on core 0)
2026-07-17 04:59:21.147 7 INFO placement.requestlog [None req-353947f1-0258-4118-97f5-0006057ef7df 0a829c4ed6804cc5a0730e13e53b0ff2 160b06acfdd147c683cf8b77c5182385 - - 2f30581407ab4def9913b5db80c6c13f 2f30581407ab4def9913b5db80c6c13f] 10.0.0.121 "GET /resource_providers/07fe58c4-1d36-41bf-b1f8-4315adccd345/aggregates" status: 404 len: 235 microversion: 1.1 [pid: 7|app: 0|req: 376/754] 10.0.0.121 () {32 vars in 816 bytes} [Fri Jul 17 04:59:21 2026] GET /resource_providers/07fe58c4-1d36-41bf-b1f8-4315adccd345/aggregates => generated 235 bytes in 15 msecs (HTTP/1.1 404) 5 headers in 202 bytes (1 switches on core 0)
2026-07-17 04:59:21.148 8 INFO placement.requestlog [None req-93fcf6b8-b869-41ac-b68a-9df65a038495 0a829c4ed6804cc5a0730e13e53b0ff2 160b06acfdd147c683cf8b77c5182385 - - 2f30581407ab4def9913b5db80c6c13f 2f30581407ab4def9913b5db80c6c13f] 10.0.0.121 "GET /resource_providers/07fe58c4-1d36-41bf-b1f8-4315adccd345/aggregates" status: 404 len: 235 microversion: 1.1 [pid: 8|app: 0|req: 379/755] 10.0.0.121 () {32 vars in 816 bytes} [Fri Jul 17 04:59:21 2026] GET /resource_providers/07fe58c4-1d36-41bf-b1f8-4315adccd345/aggregates => generated 235 bytes in 16 msecs (HTTP/1.1 404) 5 headers in 202 bytes (1 switches on core 0)
2026-07-17 04:59:21.169 7 INFO placement.requestlog [None req-a01b062c-cd7e-4914-9cf7-5108da13b253 0a829c4ed6804cc5a0730e13e53b0ff2 160b06acfdd147c683cf8b77c5182385 - - 2f30581407ab4def9913b5db80c6c13f 2f30581407ab4def9913b5db80c6c13f] 10.0.0.121 "DELETE /resource_providers/07fe58c4-1d36-41bf-b1f8-4315adccd345" status: 404 len: 246 microversion: 1.1 [pid: 7|app: 0|req: 377/756] 10.0.0.121 () {34 vars in 816 bytes} [Fri Jul 17 04:59:21 2026] DELETE /resource_providers/07fe58c4-1d36-41bf-b1f8-4315adccd345 => generated 246 bytes in 8 msecs (HTTP/1.1 404) 6 headers in 231 bytes (1 switches on core 0)
2026-07-17 04:59:21.170 8 INFO placement.requestlog [None req-01fe7082-012a-4349-8976-0ba3e369810f 0a829c4ed6804cc5a0730e13e53b0ff2 160b06acfdd147c683cf8b77c5182385 - - 2f30581407ab4def9913b5db80c6c13f 2f30581407ab4def9913b5db80c6c13f] 10.0.0.121 "DELETE /resource_providers/07fe58c4-1d36-41bf-b1f8-4315adccd345" status: 404 len: 246 microversion: 1.1 [pid: 8|app: 0|req: 380/757] 10.0.0.121 () {34 vars in 816 bytes} [Fri Jul 17 04:59:21 2026] DELETE /resource_providers/07fe58c4-1d36-41bf-b1f8-4315adccd345 => generated 246 bytes in 9 msecs (HTTP/1.1 404) 6 headers in 231 bytes (1 switches on core 0)
2026-07-17 04:59:24.140 7 INFO placement.requestlog [None req-0832a229-c2f1-48e4-90b0-84a599c0a101 0a829c4ed6804cc5a0730e13e53b0ff2 160b06acfdd147c683cf8b77c5182385 - - 2f30581407ab4def9913b5db80c6c13f 2f30581407ab4def9913b5db80c6c13f] 10.0.0.121 "GET /resource_providers/f6b08bf0-d45c-41af-8b72-c0de7b3cb3e2/aggregates" status: 404 len: 235 microversion: 1.1 [pid: 7|app: 0|req: 378/758] 10.0.0.121 () {32 vars in 816 bytes} [Fri Jul 17 04:59:24 2026] GET /resource_providers/f6b08bf0-d45c-41af-8b72-c0de7b3cb3e2/aggregates => generated 235 bytes in 10 msecs (HTTP/1.1 404) 5 headers in 202 bytes (1 switches on core 0)
2026-07-17 04:59:24.144 8 INFO placement.requestlog [None req-f374dec1-f78b-48a6-878a-506cada75eb9 0a829c4ed6804cc5a0730e13e53b0ff2 160b06acfdd147c683cf8b77c5182385 - - 2f30581407ab4def9913b5db80c6c13f 2f30581407ab4def9913b5db80c6c13f] 10.0.0.121 "GET /resource_providers/f6b08bf0-d45c-41af-8b72-c0de7b3cb3e2/aggregates" status: 404 len: 235 microversion: 1.1 [pid: 8|app: 0|req: 381/759] 10.0.0.121 () {32 vars in 816 bytes} [Fri Jul 17 04:59:24 2026] GET /resource_providers/f6b08bf0-d45c-41af-8b72-c0de7b3cb3e2/aggregates => generated 235 bytes in 8 msecs (HTTP/1.1 404) 5 headers in 202 bytes (1 switches on core 0)
2026-07-17 04:59:24.162 8 INFO placement.requestlog [None req-ee39815f-f2b1-401a-bcfd-06a5483cfeec 0a829c4ed6804cc5a0730e13e53b0ff2 160b06acfdd147c683cf8b77c5182385 - - 2f30581407ab4def9913b5db80c6c13f 2f30581407ab4def9913b5db80c6c13f] 10.0.0.121 "DELETE /resource_providers/f6b08bf0-d45c-41af-8b72-c0de7b3cb3e2" status: 404 len: 246 microversion: 1.1 [pid: 8|app: 0|req: 382/760] 10.0.0.121 () {34 vars in 816 bytes} [Fri Jul 17 04:59:24 2026] DELETE /resource_providers/f6b08bf0-d45c-41af-8b72-c0de7b3cb3e2 => generated 246 bytes in 5 msecs (HTTP/1.1 404) 6 headers in 231 bytes (1 switches on core 0)
2026-07-17 04:59:24.165 7 INFO placement.requestlog [None req-3ffd6c93-aaee-40ce-be77-b4189c161f49 0a829c4ed6804cc5a0730e13e53b0ff2 160b06acfdd147c683cf8b77c5182385 - - 2f30581407ab4def9913b5db80c6c13f 2f30581407ab4def9913b5db80c6c13f] 10.0.0.121 "DELETE /resource_providers/f6b08bf0-d45c-41af-8b72-c0de7b3cb3e2" status: 404 len: 246 microversion: 1.1 [pid: 7|app: 0|req: 379/761] 10.0.0.121 () {34 vars in 816 bytes} [Fri Jul 17 04:59:24 2026] DELETE /resource_providers/f6b08bf0-d45c-41af-8b72-c0de7b3cb3e2 => generated 246 bytes in 9 msecs (HTTP/1.1 404) 6 headers in 231 bytes (1 switches on core 0)
2026-07-17 04:59:26.804 7 INFO placement.requestlog [None req-609ba8ef-fef8-4535-b412-8f2a07c7a88e - - - - - -] 10.0.0.147 "GET /" status: 200 len: 136 microversion: 1.0
2026-07-17 04:59:26.805 8 INFO placement.requestlog [None req-8d30119b-340f-4ad6-b4c8-880a3c7179c2 - - - - - -] 10.0.0.147 "GET /" status: 200 len: 136 microversion: 1.0
2026-07-17 04:59:36.804 8 INFO placement.requestlog [None req-cd704d4b-246e-4445-bd5c-d31e2177e8a1 - - - - - -] 10.0.0.147 "GET /" status: 200 len: 136 microversion: 1.0
2026-07-17 04:59:36.805 7 INFO placement.requestlog [None req-73e879f5-dafb-474a-8174-75f0c4ad9db2 - - - - - -] 10.0.0.147 "GET /" status: 200 len: 136 microversion: 1.0
2026-07-17 04:59:39.164 8 INFO placement.requestlog [req-769f2a86-b453-406b-8ade-ca939248ca73 req-93f6431a-1605-4930-962b-ba9a2084388b ce7a0f19dc804ed999ffc002c07503e3 160b06acfdd147c683cf8b77c5182385 - - 2f30581407ab4def9913b5db80c6c13f 2f30581407ab4def9913b5db80c6c13f] 199.204.45.157 "GET /resource_providers/ab55067d-53ae-4050-9399-54be9e58cbb2/allocations" status: 200 len: 152 microversion: 1.0 [pid: 8|app: 0|req: 385/766] 199.204.45.157 () {32 vars in 857 bytes} [Fri Jul 17 04:59:38 2026] GET /resource_providers/ab55067d-53ae-4050-9399-54be9e58cbb2/allocations => generated 152 bytes in 178 msecs (HTTP/1.1 200) 6 headers in 224 bytes (1 switches on core 0)
2026-07-17 04:59:39.183 7 INFO placement.requestlog [req-769f2a86-b453-406b-8ade-ca939248ca73 req-408f8e3f-fdec-454e-b318-9208198b2e1d ce7a0f19dc804ed999ffc002c07503e3 160b06acfdd147c683cf8b77c5182385 - - 2f30581407ab4def9913b5db80c6c13f 2f30581407ab4def9913b5db80c6c13f] 199.204.45.157 "GET /allocations/671886d5-526e-4f87-8717-1dd6941c78b6" status: 200 len: 257 microversion: 1.28 [pid: 7|app: 0|req: 382/767] 199.204.45.157 () {34 vars in 863 bytes} [Fri Jul 17 04:59:39 2026] GET /allocations/671886d5-526e-4f87-8717-1dd6941c78b6 => generated 257 bytes in 11 msecs (HTTP/1.1 200) 8 headers in 296 bytes (1 switches on core 0)
2026-07-17 04:59:40.231 8 INFO placement.requestlog [req-769f2a86-b453-406b-8ade-ca939248ca73 req-db6cafdf-e7ba-42f3-9fa6-52b5ef30f7c2 ce7a0f19dc804ed999ffc002c07503e3 160b06acfdd147c683cf8b77c5182385 - - 2f30581407ab4def9913b5db80c6c13f 2f30581407ab4def9913b5db80c6c13f] 199.204.45.157 "DELETE /allocations/671886d5-526e-4f87-8717-1dd6941c78b6" status: 204 len: 0 microversion: 1.0 [pid: 8|app: 0|req: 386/768] 199.204.45.157 () {34 vars in 841 bytes} [Fri Jul 17 04:59:40 2026] DELETE /allocations/671886d5-526e-4f87-8717-1dd6941c78b6 => generated 0 bytes in 26 msecs (HTTP/1.1 204) 5 headers in 198 bytes (1 switches on core 0)
2026-07-17 04:59:40.329 7 INFO placement.requestlog [None req-ab9952d0-aed9-4572-bc2e-9be59d324afa 0a829c4ed6804cc5a0730e13e53b0ff2 160b06acfdd147c683cf8b77c5182385 - - 2f30581407ab4def9913b5db80c6c13f 2f30581407ab4def9913b5db80c6c13f] 10.0.0.121 "GET /resource_providers/ff2bfee2-1579-4a47-9dc3-a49e1ecf0818/aggregates" status: 404 len: 235 microversion: 1.1 [pid: 7|app: 0|req: 383/769] 10.0.0.121 () {32 vars in 816 bytes} [Fri Jul 17 04:59:40 2026] GET /resource_providers/ff2bfee2-1579-4a47-9dc3-a49e1ecf0818/aggregates => generated 235 bytes in 9 msecs (HTTP/1.1 404) 5 headers in 202 bytes (1 switches on core 0)
2026-07-17 04:59:40.333 8 INFO placement.requestlog [None req-d0b925bd-b11c-4036-96ac-514ab6fac622 0a829c4ed6804cc5a0730e13e53b0ff2 160b06acfdd147c683cf8b77c5182385 - - 2f30581407ab4def9913b5db80c6c13f 2f30581407ab4def9913b5db80c6c13f] 10.0.0.121 "GET /resource_providers/ff2bfee2-1579-4a47-9dc3-a49e1ecf0818/aggregates" status: 404 len: 235 microversion: 1.1 [pid: 8|app: 0|req: 387/770] 10.0.0.121 () {32 vars in 816 bytes} [Fri Jul 17 04:59:40 2026] GET /resource_providers/ff2bfee2-1579-4a47-9dc3-a49e1ecf0818/aggregates => generated 235 bytes in 11 msecs (HTTP/1.1 404) 5 headers in 202 bytes (1 switches on core 0)
2026-07-17 04:59:40.352 7 INFO placement.requestlog [None req-4aff2292-f903-46cb-b8fd-49406dd0e492 0a829c4ed6804cc5a0730e13e53b0ff2 160b06acfdd147c683cf8b77c5182385 - - 2f30581407ab4def9913b5db80c6c13f 2f30581407ab4def9913b5db80c6c13f] 10.0.0.121 "DELETE /resource_providers/ff2bfee2-1579-4a47-9dc3-a49e1ecf0818" status: 404 len: 246 microversion: 1.1 [pid: 7|app: 0|req: 384/771] 10.0.0.121 () {34 vars in 816 bytes} [Fri Jul 17 04:59:40 2026] DELETE /resource_providers/ff2bfee2-1579-4a47-9dc3-a49e1ecf0818 => generated 246 bytes in 6 msecs (HTTP/1.1 404) 6 headers in 231 bytes (1 switches on core 0)
2026-07-17 04:59:40.363 8 INFO placement.requestlog [None req-e7026f5b-66b3-4206-9066-f7fcab4bd7fb 0a829c4ed6804cc5a0730e13e53b0ff2 160b06acfdd147c683cf8b77c5182385 - - 2f30581407ab4def9913b5db80c6c13f 2f30581407ab4def9913b5db80c6c13f] 10.0.0.121 "DELETE /resource_providers/ff2bfee2-1579-4a47-9dc3-a49e1ecf0818" status: 404 len: 246 microversion: 1.1 [pid: 8|app: 0|req: 388/772] 10.0.0.121 () {34 vars in 816 bytes} [Fri Jul 17 04:59:40 2026] DELETE /resource_providers/ff2bfee2-1579-4a47-9dc3-a49e1ecf0818 => generated 246 bytes in 13 msecs (HTTP/1.1 404) 6 headers in 231 bytes (1 switches on core 0)
2026-07-17 04:59:42.101 7 INFO placement.requestlog [req-ca5821f9-5d92-4e2a-8c34-a1dc52176612 req-a901b747-44b7-417d-a89d-060a8e53c5f8 ce7a0f19dc804ed999ffc002c07503e3 160b06acfdd147c683cf8b77c5182385 - - 2f30581407ab4def9913b5db80c6c13f 2f30581407ab4def9913b5db80c6c13f] 199.204.45.157 "GET /resource_providers/ab55067d-53ae-4050-9399-54be9e58cbb2/allocations" status: 200 len: 54 microversion: 1.0 [pid: 7|app: 0|req: 385/773] 199.204.45.157 () {32 vars in 857 bytes} [Fri Jul 17 04:59:42 2026] GET /resource_providers/ab55067d-53ae-4050-9399-54be9e58cbb2/allocations => generated 54 bytes in 12 msecs (HTTP/1.1 200) 6 headers in 223 bytes (1 switches on core 0)
2026-07-17 04:59:42.127 8 INFO placement.requestlog [req-ca5821f9-5d92-4e2a-8c34-a1dc52176612 req-401239d8-fc82-43e6-8540-d59a7d4d4f00 ce7a0f19dc804ed999ffc002c07503e3 160b06acfdd147c683cf8b77c5182385 - - 2f30581407ab4def9913b5db80c6c13f 2f30581407ab4def9913b5db80c6c13f] 199.204.45.157 "GET /resource_providers?in_tree=ab55067d-53ae-4050-9399-54be9e58cbb2" status: 200 len: 797 microversion: 1.14 [pid: 8|app: 0|req: 389/774] 199.204.45.157 () {34 vars in 892 bytes} [Fri Jul 17 04:59:42 2026] GET /resource_providers?in_tree=ab55067d-53ae-4050-9399-54be9e58cbb2 => generated 797 bytes in 21 msecs (HTTP/1.1 200) 6 headers in 225 bytes (1 switches on core 0)
2026-07-17 04:59:42.149 7 INFO placement.requestlog [req-ca5821f9-5d92-4e2a-8c34-a1dc52176612 req-7374351f-d2f3-4957-b3e1-c0b04d687be0 ce7a0f19dc804ed999ffc002c07503e3 160b06acfdd147c683cf8b77c5182385 - - 2f30581407ab4def9913b5db80c6c13f 2f30581407ab4def9913b5db80c6c13f] 199.204.45.157 "GET /resource_providers/ab55067d-53ae-4050-9399-54be9e58cbb2/inventories" status: 200 len: 400 microversion: 1.0 [pid: 7|app: 0|req: 386/775] 199.204.45.157 () {32 vars in 857 bytes} [Fri Jul 17 04:59:42 2026] GET /resource_providers/ab55067d-53ae-4050-9399-54be9e58cbb2/inventories => generated 400 bytes in 16 msecs (HTTP/1.1 200) 6 headers in 224 bytes (1 switches on core 0)
2026-07-17 04:59:42.175 8 INFO placement.requestlog [req-ca5821f9-5d92-4e2a-8c34-a1dc52176612 req-ea60dc94-7d9b-41f4-be3f-8640e7b4dc3c ce7a0f19dc804ed999ffc002c07503e3 160b06acfdd147c683cf8b77c5182385 - - 2f30581407ab4def9913b5db80c6c13f 2f30581407ab4def9913b5db80c6c13f] 199.204.45.157 "GET /resource_providers/ab55067d-53ae-4050-9399-54be9e58cbb2/aggregates" status: 200 len: 53 microversion: 1.19 [pid: 8|app: 0|req: 390/776] 199.204.45.157 () {34 vars in 899 bytes} [Fri Jul 17 04:59:42 2026] GET /resource_providers/ab55067d-53ae-4050-9399-54be9e58cbb2/aggregates => generated 53 bytes in 13 msecs (HTTP/1.1 200) 8 headers in 295 bytes (1 switches on core 0)
2026-07-17 04:59:42.200 7 INFO placement.requestlog [req-ca5821f9-5d92-4e2a-8c34-a1dc52176612 req-b4fb1204-beca-4624-a1f9-47f54227b132 ce7a0f19dc804ed999ffc002c07503e3 160b06acfdd147c683cf8b77c5182385 - - 2f30581407ab4def9913b5db80c6c13f 2f30581407ab4def9913b5db80c6c13f] 199.204.45.157 "GET /resource_providers/ab55067d-53ae-4050-9399-54be9e58cbb2/traits" status: 200 len: 2175 microversion: 1.6 [pid: 7|app: 0|req: 387/777] 199.204.45.157 () {34 vars in 890 bytes} [Fri Jul 17 04:59:42 2026] GET /resource_providers/ab55067d-53ae-4050-9399-54be9e58cbb2/traits => generated 2175 bytes in 18 msecs (HTTP/1.1 200) 6 headers in 225 bytes (1 switches on core 0)
