2026-07-25 20:47:37.300 7 INFO cinder.api.openstack.wsgi [req-1ef9fdab-7d8d-4f9f-84e9-f29d3b254ba5 req-2a798413-6fc1-47b1-a9e4-2e4efcbc2e8c 5f3ab3ae37d34a51875b6c7ff0c87c30 637c80ee87e6462e83ce1b4a769b1af2 - - default default] http://cinder-api.openstack.svc.cluster.local:8776/v3/637c80ee87e6462e83ce1b4a769b1af2/volumes/8483f223-32cc-4680-a49e-ff3e7867a6a8 returned with HTTP 200 [pid: 7|app: 0|req: 266/524] 10.0.0.110 () {34 vars in 1027 bytes} [Sat Jul 25 20:47:37 2026] GET /v3/637c80ee87e6462e83ce1b4a769b1af2/volumes/8483f223-32cc-4680-a49e-ff3e7867a6a8 => generated 1483 bytes in 51 msecs (HTTP/1.1 200) 7 headers in 286 bytes (1 switches on core 0) /var/lib/openstack/lib/python3.12/site-packages/pycadf/identifier.py:70: UserWarning: Invalid uuid: cinderv3. To ensure interoperability, identifiers should be a valid uuid. warnings.warn(('Invalid uuid: %s. To ensure interoperability, '
2026-07-25 20:47:38.579 8 INFO cinder.api.openstack.wsgi [req-1ef9fdab-7d8d-4f9f-84e9-f29d3b254ba5 req-abc19926-0611-4386-86c4-b1b2d989bc3e 5f3ab3ae37d34a51875b6c7ff0c87c30 637c80ee87e6462e83ce1b4a769b1af2 - - default default] GET http://cinder-api.openstack.svc.cluster.local:8776/v3/637c80ee87e6462e83ce1b4a769b1af2/volumes/8483f223-32cc-4680-a49e-ff3e7867a6a8 /var/lib/openstack/lib/python3.12/site-packages/oslo_context/context.py:101: DeprecationWarning: Policy enforcement is depending on the value of is_admin. This key is deprecated. Please update your policy file to use the standard policy values. warnings.warn(
2026-07-25 20:47:38.591 8 INFO cinder.volume.api [req-1ef9fdab-7d8d-4f9f-84e9-f29d3b254ba5 req-abc19926-0611-4386-86c4-b1b2d989bc3e 5f3ab3ae37d34a51875b6c7ff0c87c30 637c80ee87e6462e83ce1b4a769b1af2 - - default default] Volume info retrieved successfully.
2026-07-25 20:47:38.596 8 INFO cinder.api.openstack.wsgi [req-1ef9fdab-7d8d-4f9f-84e9-f29d3b254ba5 req-abc19926-0611-4386-86c4-b1b2d989bc3e 5f3ab3ae37d34a51875b6c7ff0c87c30 637c80ee87e6462e83ce1b4a769b1af2 - - default default] http://cinder-api.openstack.svc.cluster.local:8776/v3/637c80ee87e6462e83ce1b4a769b1af2/volumes/8483f223-32cc-4680-a49e-ff3e7867a6a8 returned with HTTP 200 [pid: 8|app: 0|req: 259/525] 10.0.0.110 () {34 vars in 1027 bytes} [Sat Jul 25 20:47:38 2026] GET /v3/637c80ee87e6462e83ce1b4a769b1af2/volumes/8483f223-32cc-4680-a49e-ff3e7867a6a8 => generated 1483 bytes in 21 msecs (HTTP/1.1 200) 7 headers in 286 bytes (1 switches on core 0)
2026-07-25 20:47:38.606 7 INFO cinder.api.openstack.wsgi [req-1ef9fdab-7d8d-4f9f-84e9-f29d3b254ba5 req-2a798413-6fc1-47b1-a9e4-2e4efcbc2e8c 5f3ab3ae37d34a51875b6c7ff0c87c30 637c80ee87e6462e83ce1b4a769b1af2 - - default default] GET http://cinder-api.openstack.svc.cluster.local:8776/
2026-07-25 20:47:38.606 7 INFO cinder.api.openstack.wsgi [req-1ef9fdab-7d8d-4f9f-84e9-f29d3b254ba5 req-2a798413-6fc1-47b1-a9e4-2e4efcbc2e8c 5f3ab3ae37d34a51875b6c7ff0c87c30 637c80ee87e6462e83ce1b4a769b1af2 - - default default] http://cinder-api.openstack.svc.cluster.local:8776/ returned with HTTP 300 [pid: 7|app: 0|req: 267/526] 10.0.0.110 () {32 vars in 828 bytes} [Sat Jul 25 20:47:38 2026] GET / => generated 411 bytes in 1 msecs (HTTP/1.1 300) 5 headers in 169 bytes (1 switches on core 0) /var/lib/openstack/lib/python3.12/site-packages/pycadf/identifier.py:70: UserWarning: Invalid uuid: cinderv3. To ensure interoperability, identifiers should be a valid uuid. warnings.warn(('Invalid uuid: %s. To ensure interoperability, '
2026-07-25 20:47:38.622 8 INFO cinder.api.openstack.wsgi [req-1ef9fdab-7d8d-4f9f-84e9-f29d3b254ba5 req-861f4500-5201-44ec-a4ef-68d1e21fc381 5f3ab3ae37d34a51875b6c7ff0c87c30 637c80ee87e6462e83ce1b4a769b1af2 - - default default] POST http://cinder-api.openstack.svc.cluster.local:8776/v3/637c80ee87e6462e83ce1b4a769b1af2/attachments /var/lib/openstack/lib/python3.12/site-packages/oslo_context/context.py:101: DeprecationWarning: Policy enforcement is depending on the value of is_admin. This key is deprecated. Please update your policy file to use the standard policy values. warnings.warn(
2026-07-25 20:47:38.676 8 INFO cinder.api.openstack.wsgi [req-1ef9fdab-7d8d-4f9f-84e9-f29d3b254ba5 req-861f4500-5201-44ec-a4ef-68d1e21fc381 5f3ab3ae37d34a51875b6c7ff0c87c30 637c80ee87e6462e83ce1b4a769b1af2 - - default default] http://cinder-api.openstack.svc.cluster.local:8776/v3/637c80ee87e6462e83ce1b4a769b1af2/attachments returned with HTTP 200 [pid: 8|app: 0|req: 260/527] 10.0.0.110 () {40 vars in 1056 bytes} [Sat Jul 25 20:47:38 2026] POST /v3/637c80ee87e6462e83ce1b4a769b1af2/attachments => generated 273 bytes in 63 msecs (HTTP/1.1 200) 7 headers in 286 bytes (1 switches on core 0)
2026-07-25 20:47:42.503 7 INFO cinder.api.openstack.wsgi [req-1ef9fdab-7d8d-4f9f-84e9-f29d3b254ba5 req-2a798413-6fc1-47b1-a9e4-2e4efcbc2e8c 5f3ab3ae37d34a51875b6c7ff0c87c30 637c80ee87e6462e83ce1b4a769b1af2 - - default default] GET http://cinder-api.openstack.svc.cluster.local:8776/
2026-07-25 20:47:42.506 7 INFO cinder.api.openstack.wsgi [req-1ef9fdab-7d8d-4f9f-84e9-f29d3b254ba5 req-2a798413-6fc1-47b1-a9e4-2e4efcbc2e8c 5f3ab3ae37d34a51875b6c7ff0c87c30 637c80ee87e6462e83ce1b4a769b1af2 - - default default] http://cinder-api.openstack.svc.cluster.local:8776/ returned with HTTP 300 [pid: 7|app: 0|req: 268/528] 10.0.0.199 () {30 vars in 410 bytes} [Sat Jul 25 20:47:42 2026] GET / => generated 411 bytes in 4 msecs (HTTP/1.1 300) 5 headers in 169 bytes (1 switches on core 0)
2026-07-25 20:47:44.747 8 INFO cinder.api.openstack.wsgi [req-1ef9fdab-7d8d-4f9f-84e9-f29d3b254ba5 req-861f4500-5201-44ec-a4ef-68d1e21fc381 5f3ab3ae37d34a51875b6c7ff0c87c30 637c80ee87e6462e83ce1b4a769b1af2 - - default default] GET http://cinder-api.openstack.svc.cluster.local:8776/
2026-07-25 20:47:44.748 8 INFO cinder.api.openstack.wsgi [req-1ef9fdab-7d8d-4f9f-84e9-f29d3b254ba5 req-861f4500-5201-44ec-a4ef-68d1e21fc381 5f3ab3ae37d34a51875b6c7ff0c87c30 637c80ee87e6462e83ce1b4a769b1af2 - - default default] http://cinder-api.openstack.svc.cluster.local:8776/ returned with HTTP 300 [pid: 8|app: 0|req: 261/529] 199.19.213.78 () {32 vars in 838 bytes} [Sat Jul 25 20:47:44 2026] GET / => generated 411 bytes in 2 msecs (HTTP/1.1 300) 5 headers in 169 bytes (1 switches on core 0) /var/lib/openstack/lib/python3.12/site-packages/pycadf/identifier.py:70: UserWarning: Invalid uuid: cinderv3. To ensure interoperability, identifiers should be a valid uuid. warnings.warn(('Invalid uuid: %s. To ensure interoperability, '
2026-07-25 20:47:44.795 7 INFO cinder.api.openstack.wsgi [req-1ef9fdab-7d8d-4f9f-84e9-f29d3b254ba5 req-fe88e5fe-27a1-4037-b26d-36d6116d5e68 5f3ab3ae37d34a51875b6c7ff0c87c30 637c80ee87e6462e83ce1b4a769b1af2 - - default default] GET http://cinder-api.openstack.svc.cluster.local:8776/v3/637c80ee87e6462e83ce1b4a769b1af2/volumes/8483f223-32cc-4680-a49e-ff3e7867a6a8 /var/lib/openstack/lib/python3.12/site-packages/oslo_context/context.py:101: DeprecationWarning: Policy enforcement is depending on the value of is_admin. This key is deprecated. Please update your policy file to use the standard policy values. warnings.warn(
2026-07-25 20:47:44.810 7 INFO cinder.volume.api [req-1ef9fdab-7d8d-4f9f-84e9-f29d3b254ba5 req-fe88e5fe-27a1-4037-b26d-36d6116d5e68 5f3ab3ae37d34a51875b6c7ff0c87c30 637c80ee87e6462e83ce1b4a769b1af2 - - default default] Volume info retrieved successfully.
2026-07-25 20:47:44.815 7 INFO cinder.api.openstack.wsgi [req-1ef9fdab-7d8d-4f9f-84e9-f29d3b254ba5 req-fe88e5fe-27a1-4037-b26d-36d6116d5e68 5f3ab3ae37d34a51875b6c7ff0c87c30 637c80ee87e6462e83ce1b4a769b1af2 - - default default] http://cinder-api.openstack.svc.cluster.local:8776/v3/637c80ee87e6462e83ce1b4a769b1af2/volumes/8483f223-32cc-4680-a49e-ff3e7867a6a8 returned with HTTP 200 [pid: 7|app: 0|req: 269/530] 199.19.213.78 () {36 vars in 1071 bytes} [Sat Jul 25 20:47:44 2026] GET /v3/637c80ee87e6462e83ce1b4a769b1af2/volumes/8483f223-32cc-4680-a49e-ff3e7867a6a8 => generated 1663 bytes in 26 msecs (HTTP/1.1 200) 7 headers in 287 bytes (1 switches on core 0)
2026-07-25 20:47:45.048 8 INFO cinder.api.openstack.wsgi [req-1ef9fdab-7d8d-4f9f-84e9-f29d3b254ba5 req-861f4500-5201-44ec-a4ef-68d1e21fc381 5f3ab3ae37d34a51875b6c7ff0c87c30 637c80ee87e6462e83ce1b4a769b1af2 - - default default] GET http://10.0.0.84:8776/
2026-07-25 20:47:45.048 7 INFO cinder.api.openstack.wsgi [req-1ef9fdab-7d8d-4f9f-84e9-f29d3b254ba5 req-fe88e5fe-27a1-4037-b26d-36d6116d5e68 5f3ab3ae37d34a51875b6c7ff0c87c30 637c80ee87e6462e83ce1b4a769b1af2 - - default default] GET http://10.0.0.84:8776/
2026-07-25 20:47:45.049 8 INFO cinder.api.openstack.wsgi [req-1ef9fdab-7d8d-4f9f-84e9-f29d3b254ba5 req-861f4500-5201-44ec-a4ef-68d1e21fc381 5f3ab3ae37d34a51875b6c7ff0c87c30 637c80ee87e6462e83ce1b4a769b1af2 - - default default] http://10.0.0.84:8776/ returned with HTTP 300
2026-07-25 20:47:45.049 7 INFO cinder.api.openstack.wsgi [req-1ef9fdab-7d8d-4f9f-84e9-f29d3b254ba5 req-fe88e5fe-27a1-4037-b26d-36d6116d5e68 5f3ab3ae37d34a51875b6c7ff0c87c30 637c80ee87e6462e83ce1b4a769b1af2 - - default default] http://10.0.0.84:8776/ returned with HTTP 300 /var/lib/openstack/lib/python3.12/site-packages/pycadf/identifier.py:70: UserWarning: Invalid uuid: cinderv3. To ensure interoperability, identifiers should be a valid uuid. warnings.warn(('Invalid uuid: %s. To ensure interoperability, '
2026-07-25 20:47:46.947 8 INFO cinder.api.openstack.wsgi [req-1ef9fdab-7d8d-4f9f-84e9-f29d3b254ba5 req-0b5b8d41-2463-4b3d-8e33-3f852acc3836 5f3ab3ae37d34a51875b6c7ff0c87c30 637c80ee87e6462e83ce1b4a769b1af2 - - default default] PUT http://cinder-api.openstack.svc.cluster.local:8776/v3/637c80ee87e6462e83ce1b4a769b1af2/attachments/a3e06612-a215-41a0-9210-4f8721586f80 /var/lib/openstack/lib/python3.12/site-packages/oslo_context/context.py:101: DeprecationWarning: Policy enforcement is depending on the value of is_admin. This key is deprecated. Please update your policy file to use the standard policy values. warnings.warn(
2026-07-25 20:47:47.249 7 INFO cinder.api.openstack.wsgi [req-1ef9fdab-7d8d-4f9f-84e9-f29d3b254ba5 req-fe88e5fe-27a1-4037-b26d-36d6116d5e68 5f3ab3ae37d34a51875b6c7ff0c87c30 637c80ee87e6462e83ce1b4a769b1af2 - - default default] GET http://cinder-api.openstack.svc.cluster.local:8776/
2026-07-25 20:47:47.249 7 INFO cinder.api.openstack.wsgi [req-1ef9fdab-7d8d-4f9f-84e9-f29d3b254ba5 req-fe88e5fe-27a1-4037-b26d-36d6116d5e68 5f3ab3ae37d34a51875b6c7ff0c87c30 637c80ee87e6462e83ce1b4a769b1af2 - - default default] http://cinder-api.openstack.svc.cluster.local:8776/ returned with HTTP 300 [pid: 7|app: 0|req: 271/533] 10.0.0.63 () {28 vars in 374 bytes} [Sat Jul 25 20:47:47 2026] GET / => generated 411 bytes in 2 msecs (HTTP/1.1 300) 5 headers in 169 bytes (1 switches on core 0) /var/lib/openstack/lib/python3.12/site-packages/pycadf/identifier.py:70: UserWarning: Invalid uuid: cinderv3. To ensure interoperability, identifiers should be a valid uuid. warnings.warn(('Invalid uuid: %s. To ensure interoperability, '
2026-07-25 20:47:47.261 7 INFO cinder.api.openstack.wsgi [None req-bb7c7cab-70c1-47ec-8909-8c57bf4a13ed 3f9c9fc628aa43d4b226c4e78a0b5ea3 d7b53e5cdc3e4ad7a8fe78afe292e1c5 - - default default] GET http://cinder-api.openstack.svc.cluster.local:8776/v3/d7b53e5cdc3e4ad7a8fe78afe292e1c5/limits?tenant_id=d7b53e5cdc3e4ad7a8fe78afe292e1c5
2026-07-25 20:47:47.305 7 INFO cinder.api.openstack.wsgi [None req-bb7c7cab-70c1-47ec-8909-8c57bf4a13ed 3f9c9fc628aa43d4b226c4e78a0b5ea3 d7b53e5cdc3e4ad7a8fe78afe292e1c5 - - default default] http://cinder-api.openstack.svc.cluster.local:8776/v3/d7b53e5cdc3e4ad7a8fe78afe292e1c5/limits?tenant_id=d7b53e5cdc3e4ad7a8fe78afe292e1c5 returned with HTTP 200 [pid: 7|app: 0|req: 272/534] 10.0.0.63 () {34 vars in 877 bytes} [Sat Jul 25 20:47:47 2026] GET /v3/d7b53e5cdc3e4ad7a8fe78afe292e1c5/limits?tenant_id=d7b53e5cdc3e4ad7a8fe78afe292e1c5 => generated 302 bytes in 50 msecs (HTTP/1.1 200) 7 headers in 286 bytes (1 switches on core 0)
2026-07-25 20:47:47.984 8 INFO cinder.api.openstack.wsgi [req-1ef9fdab-7d8d-4f9f-84e9-f29d3b254ba5 req-0b5b8d41-2463-4b3d-8e33-3f852acc3836 5f3ab3ae37d34a51875b6c7ff0c87c30 637c80ee87e6462e83ce1b4a769b1af2 - - default default] http://cinder-api.openstack.svc.cluster.local:8776/v3/637c80ee87e6462e83ce1b4a769b1af2/attachments/a3e06612-a215-41a0-9210-4f8721586f80 returned with HTTP 200 [pid: 8|app: 0|req: 263/535] 199.19.213.78 () {40 vars in 1133 bytes} [Sat Jul 25 20:47:46 2026] PUT /v3/637c80ee87e6462e83ce1b4a769b1af2/attachments/a3e06612-a215-41a0-9210-4f8721586f80 => generated 802 bytes in 1046 msecs (HTTP/1.1 200) 7 headers in 286 bytes (1 switches on core 0)
2026-07-25 20:47:48.499 7 INFO cinder.api.openstack.wsgi [req-1ef9fdab-7d8d-4f9f-84e9-f29d3b254ba5 req-0494c218-6406-487e-9196-6dffa485a349 5f3ab3ae37d34a51875b6c7ff0c87c30 637c80ee87e6462e83ce1b4a769b1af2 - - default default] POST http://cinder-api.openstack.svc.cluster.local:8776/v3/637c80ee87e6462e83ce1b4a769b1af2/attachments/a3e06612-a215-41a0-9210-4f8721586f80/action /var/lib/openstack/lib/python3.12/site-packages/oslo_context/context.py:101: DeprecationWarning: Policy enforcement is depending on the value of is_admin. This key is deprecated. Please update your policy file to use the standard policy values. warnings.warn(
2026-07-25 20:47:48.559 7 INFO cinder.api.openstack.wsgi [req-1ef9fdab-7d8d-4f9f-84e9-f29d3b254ba5 req-0494c218-6406-487e-9196-6dffa485a349 5f3ab3ae37d34a51875b6c7ff0c87c30 637c80ee87e6462e83ce1b4a769b1af2 - - default default] http://cinder-api.openstack.svc.cluster.local:8776/v3/637c80ee87e6462e83ce1b4a769b1af2/attachments/a3e06612-a215-41a0-9210-4f8721586f80/action returned with HTTP 204 [pid: 7|app: 0|req: 273/536] 199.19.213.78 () {40 vars in 1146 bytes} [Sat Jul 25 20:47:48 2026] POST /v3/637c80ee87e6462e83ce1b4a769b1af2/attachments/a3e06612-a215-41a0-9210-4f8721586f80/action => generated 0 bytes in 66 msecs (HTTP/1.1 204) 7 headers in 292 bytes (1 switches on core 0)
2026-07-25 20:47:49.928 8 INFO cinder.api.openstack.wsgi [req-1ef9fdab-7d8d-4f9f-84e9-f29d3b254ba5 req-0b5b8d41-2463-4b3d-8e33-3f852acc3836 5f3ab3ae37d34a51875b6c7ff0c87c30 637c80ee87e6462e83ce1b4a769b1af2 - - default default] GET http://cinder-api.openstack.svc.cluster.local:8776/
2026-07-25 20:47:49.930 8 INFO cinder.api.openstack.wsgi [req-1ef9fdab-7d8d-4f9f-84e9-f29d3b254ba5 req-0b5b8d41-2463-4b3d-8e33-3f852acc3836 5f3ab3ae37d34a51875b6c7ff0c87c30 637c80ee87e6462e83ce1b4a769b1af2 - - default default] http://cinder-api.openstack.svc.cluster.local:8776/ returned with HTTP 300 [pid: 8|app: 0|req: 264/537] 10.0.0.63 () {28 vars in 374 bytes} [Sat Jul 25 20:47:49 2026] GET / => generated 411 bytes in 3 msecs (HTTP/1.1 300) 5 headers in 169 bytes (1 switches on core 0)
2026-07-25 20:47:49.938 7 INFO cinder.api.openstack.wsgi [req-1ef9fdab-7d8d-4f9f-84e9-f29d3b254ba5 req-0494c218-6406-487e-9196-6dffa485a349 5f3ab3ae37d34a51875b6c7ff0c87c30 637c80ee87e6462e83ce1b4a769b1af2 - - default default] GET http://cinder-api.openstack.svc.cluster.local:8776/
2026-07-25 20:47:49.939 7 INFO cinder.api.openstack.wsgi [req-1ef9fdab-7d8d-4f9f-84e9-f29d3b254ba5 req-0494c218-6406-487e-9196-6dffa485a349 5f3ab3ae37d34a51875b6c7ff0c87c30 637c80ee87e6462e83ce1b4a769b1af2 - - default default] http://cinder-api.openstack.svc.cluster.local:8776/ returned with HTTP 300 [pid: 7|app: 0|req: 274/538] 10.0.0.63 () {28 vars in 374 bytes} [Sat Jul 25 20:47:49 2026] GET / => generated 411 bytes in 2 msecs (HTTP/1.1 300) 5 headers in 169 bytes (1 switches on core 0)
2026-07-25 20:47:50.509 8 INFO cinder.api.openstack.wsgi [req-1ef9fdab-7d8d-4f9f-84e9-f29d3b254ba5 req-0b5b8d41-2463-4b3d-8e33-3f852acc3836 5f3ab3ae37d34a51875b6c7ff0c87c30 637c80ee87e6462e83ce1b4a769b1af2 - - default default] GET http://cinder-api.openstack.svc.cluster.local:8776/
2026-07-25 20:47:50.510 8 INFO cinder.api.openstack.wsgi [req-1ef9fdab-7d8d-4f9f-84e9-f29d3b254ba5 req-0b5b8d41-2463-4b3d-8e33-3f852acc3836 5f3ab3ae37d34a51875b6c7ff0c87c30 637c80ee87e6462e83ce1b4a769b1af2 - - default default] http://cinder-api.openstack.svc.cluster.local:8776/ returned with HTTP 300 [pid: 8|app: 0|req: 265/539] 10.0.0.63 () {28 vars in 374 bytes} [Sat Jul 25 20:47:50 2026] GET / => generated 411 bytes in 2 msecs (HTTP/1.1 300) 5 headers in 169 bytes (1 switches on core 0) /var/lib/openstack/lib/python3.12/site-packages/pycadf/identifier.py:70: UserWarning: Invalid uuid: cinderv3. To ensure interoperability, identifiers should be a valid uuid. warnings.warn(('Invalid uuid: %s. To ensure interoperability, '
2026-07-25 20:47:50.521 7 INFO cinder.api.openstack.wsgi [None req-82c10c44-f64b-486e-9149-55b36ba361c0 3f9c9fc628aa43d4b226c4e78a0b5ea3 d7b53e5cdc3e4ad7a8fe78afe292e1c5 - - default default] GET http://cinder-api.openstack.svc.cluster.local:8776/v3/d7b53e5cdc3e4ad7a8fe78afe292e1c5/limits?tenant_id=d7b53e5cdc3e4ad7a8fe78afe292e1c5
2026-07-25 20:47:50.551 7 INFO cinder.api.openstack.wsgi [None req-82c10c44-f64b-486e-9149-55b36ba361c0 3f9c9fc628aa43d4b226c4e78a0b5ea3 d7b53e5cdc3e4ad7a8fe78afe292e1c5 - - default default] http://cinder-api.openstack.svc.cluster.local:8776/v3/d7b53e5cdc3e4ad7a8fe78afe292e1c5/limits?tenant_id=d7b53e5cdc3e4ad7a8fe78afe292e1c5 returned with HTTP 200 [pid: 7|app: 0|req: 275/540] 10.0.0.63 () {34 vars in 877 bytes} [Sat Jul 25 20:47:50 2026] GET /v3/d7b53e5cdc3e4ad7a8fe78afe292e1c5/limits?tenant_id=d7b53e5cdc3e4ad7a8fe78afe292e1c5 => generated 302 bytes in 37 msecs (HTTP/1.1 200) 7 headers in 286 bytes (1 switches on core 0)
2026-07-25 20:47:53.204 8 INFO cinder.api.openstack.wsgi [req-1ef9fdab-7d8d-4f9f-84e9-f29d3b254ba5 req-0b5b8d41-2463-4b3d-8e33-3f852acc3836 5f3ab3ae37d34a51875b6c7ff0c87c30 637c80ee87e6462e83ce1b4a769b1af2 - - default default] GET http://cinder-api.openstack.svc.cluster.local:8776/
2026-07-25 20:47:53.205 8 INFO cinder.api.openstack.wsgi [req-1ef9fdab-7d8d-4f9f-84e9-f29d3b254ba5 req-0b5b8d41-2463-4b3d-8e33-3f852acc3836 5f3ab3ae37d34a51875b6c7ff0c87c30 637c80ee87e6462e83ce1b4a769b1af2 - - default default] http://cinder-api.openstack.svc.cluster.local:8776/ returned with HTTP 300 [pid: 8|app: 0|req: 266/541] 10.0.0.63 () {28 vars in 374 bytes} [Sat Jul 25 20:47:53 2026] GET / => generated 411 bytes in 1 msecs (HTTP/1.1 300) 5 headers in 169 bytes (1 switches on core 0)
2026-07-25 20:47:53.212 7 INFO cinder.api.openstack.wsgi [None req-82c10c44-f64b-486e-9149-55b36ba361c0 3f9c9fc628aa43d4b226c4e78a0b5ea3 d7b53e5cdc3e4ad7a8fe78afe292e1c5 - - default default] GET http://cinder-api.openstack.svc.cluster.local:8776/
2026-07-25 20:47:53.213 7 INFO cinder.api.openstack.wsgi [None req-82c10c44-f64b-486e-9149-55b36ba361c0 3f9c9fc628aa43d4b226c4e78a0b5ea3 d7b53e5cdc3e4ad7a8fe78afe292e1c5 - - default default] http://cinder-api.openstack.svc.cluster.local:8776/ returned with HTTP 300 [pid: 7|app: 0|req: 276/542] 10.0.0.63 () {28 vars in 374 bytes} [Sat Jul 25 20:47:53 2026] GET / => generated 411 bytes in 4 msecs (HTTP/1.1 300) 5 headers in 169 bytes (1 switches on core 0)
2026-07-25 20:47:55.047 8 INFO cinder.api.openstack.wsgi [req-1ef9fdab-7d8d-4f9f-84e9-f29d3b254ba5 req-0b5b8d41-2463-4b3d-8e33-3f852acc3836 5f3ab3ae37d34a51875b6c7ff0c87c30 637c80ee87e6462e83ce1b4a769b1af2 - - default default] GET http://10.0.0.84:8776/
2026-07-25 20:47:55.048 8 INFO cinder.api.openstack.wsgi [req-1ef9fdab-7d8d-4f9f-84e9-f29d3b254ba5 req-0b5b8d41-2463-4b3d-8e33-3f852acc3836 5f3ab3ae37d34a51875b6c7ff0c87c30 637c80ee87e6462e83ce1b4a769b1af2 - - default default] http://10.0.0.84:8776/ returned with HTTP 300
2026-07-25 20:47:55.048 7 INFO cinder.api.openstack.wsgi [None req-82c10c44-f64b-486e-9149-55b36ba361c0 3f9c9fc628aa43d4b226c4e78a0b5ea3 d7b53e5cdc3e4ad7a8fe78afe292e1c5 - - default default] GET http://10.0.0.84:8776/
2026-07-25 20:47:55.056 7 INFO cinder.api.openstack.wsgi [None req-82c10c44-f64b-486e-9149-55b36ba361c0 3f9c9fc628aa43d4b226c4e78a0b5ea3 d7b53e5cdc3e4ad7a8fe78afe292e1c5 - - default default] http://10.0.0.84:8776/ returned with HTTP 300 /var/lib/openstack/lib/python3.12/site-packages/pycadf/identifier.py:70: UserWarning: Invalid uuid: cinderv3. To ensure interoperability, identifiers should be a valid uuid. warnings.warn(('Invalid uuid: %s. To ensure interoperability, '
2026-07-25 20:48:00.452 8 INFO cinder.api.openstack.wsgi [req-4353c86b-b678-41b9-9e5b-5b8e9262f330 req-9100f445-a4ef-4380-b042-039541369e2e 5f3ab3ae37d34a51875b6c7ff0c87c30 637c80ee87e6462e83ce1b4a769b1af2 - - default default] DELETE http://cinder-api.openstack.svc.cluster.local:8776/v3/637c80ee87e6462e83ce1b4a769b1af2/attachments/a3e06612-a215-41a0-9210-4f8721586f80 /var/lib/openstack/lib/python3.12/site-packages/oslo_context/context.py:101: DeprecationWarning: Policy enforcement is depending on the value of is_admin. This key is deprecated. Please update your policy file to use the standard policy values. warnings.warn(
2026-07-25 20:48:01.021 8 INFO cinder.api.openstack.wsgi [req-4353c86b-b678-41b9-9e5b-5b8e9262f330 req-9100f445-a4ef-4380-b042-039541369e2e 5f3ab3ae37d34a51875b6c7ff0c87c30 637c80ee87e6462e83ce1b4a769b1af2 - - default default] http://cinder-api.openstack.svc.cluster.local:8776/v3/637c80ee87e6462e83ce1b4a769b1af2/attachments/a3e06612-a215-41a0-9210-4f8721586f80 returned with HTTP 200 [pid: 8|app: 0|req: 268/545] 199.19.213.78 () {38 vars in 1101 bytes} [Sat Jul 25 20:48:00 2026] DELETE /v3/637c80ee87e6462e83ce1b4a769b1af2/attachments/a3e06612-a215-41a0-9210-4f8721586f80 => generated 19 bytes in 581 msecs (HTTP/1.1 200) 7 headers in 285 bytes (1 switches on core 0)
2026-07-25 20:48:01.036 7 INFO cinder.api.openstack.wsgi [req-4353c86b-b678-41b9-9e5b-5b8e9262f330 req-aebbd893-7e88-4b65-8781-d093f9fc242e 5f3ab3ae37d34a51875b6c7ff0c87c30 637c80ee87e6462e83ce1b4a769b1af2 - - default default] DELETE http://cinder-api.openstack.svc.cluster.local:8776/v3/637c80ee87e6462e83ce1b4a769b1af2/volumes/8483f223-32cc-4680-a49e-ff3e7867a6a8
2026-07-25 20:48:01.037 7 INFO cinder.api.v3.volumes [req-4353c86b-b678-41b9-9e5b-5b8e9262f330 req-aebbd893-7e88-4b65-8781-d093f9fc242e 5f3ab3ae37d34a51875b6c7ff0c87c30 637c80ee87e6462e83ce1b4a769b1af2 - - default default] Delete volume with id: 8483f223-32cc-4680-a49e-ff3e7867a6a8 /var/lib/openstack/lib/python3.12/site-packages/oslo_context/context.py:101: DeprecationWarning: Policy enforcement is depending on the value of is_admin. This key is deprecated. Please update your policy file to use the standard policy values. warnings.warn(
2026-07-25 20:48:01.050 7 INFO cinder.volume.api [req-4353c86b-b678-41b9-9e5b-5b8e9262f330 req-aebbd893-7e88-4b65-8781-d093f9fc242e 5f3ab3ae37d34a51875b6c7ff0c87c30 637c80ee87e6462e83ce1b4a769b1af2 - - default default] Volume info retrieved successfully.
2026-07-25 20:48:01.089 7 INFO cinder.volume.api [req-4353c86b-b678-41b9-9e5b-5b8e9262f330 req-aebbd893-7e88-4b65-8781-d093f9fc242e 5f3ab3ae37d34a51875b6c7ff0c87c30 637c80ee87e6462e83ce1b4a769b1af2 - - default default] Delete volume request issued successfully.
2026-07-25 20:48:01.089 7 INFO cinder.api.openstack.wsgi [req-4353c86b-b678-41b9-9e5b-5b8e9262f330 req-aebbd893-7e88-4b65-8781-d093f9fc242e 5f3ab3ae37d34a51875b6c7ff0c87c30 637c80ee87e6462e83ce1b4a769b1af2 - - default default] http://cinder-api.openstack.svc.cluster.local:8776/v3/637c80ee87e6462e83ce1b4a769b1af2/volumes/8483f223-32cc-4680-a49e-ff3e7867a6a8 returned with HTTP 202 [pid: 7|app: 0|req: 278/546] 199.19.213.78 () {36 vars in 1052 bytes} [Sat Jul 25 20:48:01 2026] DELETE /v3/637c80ee87e6462e83ce1b4a769b1af2/volumes/8483f223-32cc-4680-a49e-ff3e7867a6a8 => generated 0 bytes in 60 msecs (HTTP/1.1 202) 6 headers in 233 bytes (1 switches on core 0)
2026-07-25 20:48:05.049 8 INFO cinder.api.openstack.wsgi [req-4353c86b-b678-41b9-9e5b-5b8e9262f330 req-9100f445-a4ef-4380-b042-039541369e2e 5f3ab3ae37d34a51875b6c7ff0c87c30 637c80ee87e6462e83ce1b4a769b1af2 - - default default] GET http://10.0.0.84:8776/
2026-07-25 20:48:05.050 7 INFO cinder.api.openstack.wsgi [req-4353c86b-b678-41b9-9e5b-5b8e9262f330 req-aebbd893-7e88-4b65-8781-d093f9fc242e 5f3ab3ae37d34a51875b6c7ff0c87c30 637c80ee87e6462e83ce1b4a769b1af2 - - default default] GET http://10.0.0.84:8776/
2026-07-25 20:48:05.050 8 INFO cinder.api.openstack.wsgi [req-4353c86b-b678-41b9-9e5b-5b8e9262f330 req-9100f445-a4ef-4380-b042-039541369e2e 5f3ab3ae37d34a51875b6c7ff0c87c30 637c80ee87e6462e83ce1b4a769b1af2 - - default default] http://10.0.0.84:8776/ returned with HTTP 300
2026-07-25 20:48:05.051 7 INFO cinder.api.openstack.wsgi [req-4353c86b-b678-41b9-9e5b-5b8e9262f330 req-aebbd893-7e88-4b65-8781-d093f9fc242e 5f3ab3ae37d34a51875b6c7ff0c87c30 637c80ee87e6462e83ce1b4a769b1af2 - - default default] http://10.0.0.84:8776/ returned with HTTP 300
2026-07-25 20:48:15.049 7 INFO cinder.api.openstack.wsgi [req-4353c86b-b678-41b9-9e5b-5b8e9262f330 req-aebbd893-7e88-4b65-8781-d093f9fc242e 5f3ab3ae37d34a51875b6c7ff0c87c30 637c80ee87e6462e83ce1b4a769b1af2 - - default default] GET http://10.0.0.84:8776/
2026-07-25 20:48:15.049 8 INFO cinder.api.openstack.wsgi [req-4353c86b-b678-41b9-9e5b-5b8e9262f330 req-9100f445-a4ef-4380-b042-039541369e2e 5f3ab3ae37d34a51875b6c7ff0c87c30 637c80ee87e6462e83ce1b4a769b1af2 - - default default] GET http://10.0.0.84:8776/
2026-07-25 20:48:15.049 7 INFO cinder.api.openstack.wsgi [req-4353c86b-b678-41b9-9e5b-5b8e9262f330 req-aebbd893-7e88-4b65-8781-d093f9fc242e 5f3ab3ae37d34a51875b6c7ff0c87c30 637c80ee87e6462e83ce1b4a769b1af2 - - default default] http://10.0.0.84:8776/ returned with HTTP 300
2026-07-25 20:48:15.050 8 INFO cinder.api.openstack.wsgi [req-4353c86b-b678-41b9-9e5b-5b8e9262f330 req-9100f445-a4ef-4380-b042-039541369e2e 5f3ab3ae37d34a51875b6c7ff0c87c30 637c80ee87e6462e83ce1b4a769b1af2 - - default default] http://10.0.0.84:8776/ returned with HTTP 300 /var/lib/openstack/lib/python3.12/site-packages/pycadf/identifier.py:70: UserWarning: Invalid uuid: cinderv3. To ensure interoperability, identifiers should be a valid uuid. warnings.warn(('Invalid uuid: %s. To ensure interoperability, '
2026-07-25 20:48:22.094 7 INFO cinder.api.openstack.wsgi [None req-921137c3-e87e-4dd0-9198-972534dc63e8 6d60fb7d4fc647908b15cfe2cd5f3909 fc009f2a8e2041d58653e14b3749c064 - - default default] GET http://cinder-api.openstack.svc.cluster.local:8776/v3/fc009f2a8e2041d58653e14b3749c064/volumes/detail?all_tenants=true
2026-07-25 20:48:22.106 7 INFO cinder.volume.api [None req-921137c3-e87e-4dd0-9198-972534dc63e8 6d60fb7d4fc647908b15cfe2cd5f3909 fc009f2a8e2041d58653e14b3749c064 - - default default] Get all volumes completed successfully.
2026-07-25 20:48:22.107 7 INFO cinder.api.openstack.wsgi [None req-921137c3-e87e-4dd0-9198-972534dc63e8 6d60fb7d4fc647908b15cfe2cd5f3909 fc009f2a8e2041d58653e14b3749c064 - - default default] http://cinder-api.openstack.svc.cluster.local:8776/v3/fc009f2a8e2041d58653e14b3749c064/volumes/detail?all_tenants=true returned with HTTP 200 [pid: 7|app: 0|req: 281/551] 10.0.0.191 () {28 vars in 683 bytes} [Sat Jul 25 20:48:21 2026] GET /v3/fc009f2a8e2041d58653e14b3749c064/volumes/detail?all_tenants=true => generated 15 bytes in 117 msecs (HTTP/1.1 200) 7 headers in 284 bytes (1 switches on core 0) /var/lib/openstack/lib/python3.12/site-packages/pycadf/identifier.py:70: UserWarning: Invalid uuid: cinderv3. To ensure interoperability, identifiers should be a valid uuid. warnings.warn(('Invalid uuid: %s. To ensure interoperability, '
2026-07-25 20:48:22.119 8 INFO cinder.api.openstack.wsgi [None req-a4f95715-2ebf-4728-b831-afbcceda0820 6d60fb7d4fc647908b15cfe2cd5f3909 fc009f2a8e2041d58653e14b3749c064 - - default default] GET http://cinder-api.openstack.svc.cluster.local:8776/v3/fc009f2a8e2041d58653e14b3749c064/volumes/detail?all_tenants=true /var/lib/openstack/lib/python3.12/site-packages/oslo_context/context.py:101: DeprecationWarning: Policy enforcement is depending on the value of is_admin. This key is deprecated. Please update your policy file to use the standard policy values. warnings.warn(
2026-07-25 20:48:22.129 8 INFO cinder.volume.api [None req-a4f95715-2ebf-4728-b831-afbcceda0820 6d60fb7d4fc647908b15cfe2cd5f3909 fc009f2a8e2041d58653e14b3749c064 - - default default] Get all volumes completed successfully.
2026-07-25 20:48:22.131 8 INFO cinder.api.openstack.wsgi [None req-a4f95715-2ebf-4728-b831-afbcceda0820 6d60fb7d4fc647908b15cfe2cd5f3909 fc009f2a8e2041d58653e14b3749c064 - - default default] http://cinder-api.openstack.svc.cluster.local:8776/v3/fc009f2a8e2041d58653e14b3749c064/volumes/detail?all_tenants=true returned with HTTP 200 [pid: 8|app: 0|req: 271/552] 10.0.0.191 () {28 vars in 683 bytes} [Sat Jul 25 20:48:22 2026] GET /v3/fc009f2a8e2041d58653e14b3749c064/volumes/detail?all_tenants=true => generated 15 bytes in 20 msecs (HTTP/1.1 200) 7 headers in 284 bytes (1 switches on core 0)
2026-07-25 20:48:22.189 7 INFO cinder.api.openstack.wsgi [None req-446a1b9c-2729-4376-b8f1-ddfdab7cee0b 6d60fb7d4fc647908b15cfe2cd5f3909 fc009f2a8e2041d58653e14b3749c064 - - default default] GET http://cinder-api.openstack.svc.cluster.local:8776/v3/fc009f2a8e2041d58653e14b3749c064/os-quota-sets/50d3865a48c448c491ce842f44c0b148?usage=true
2026-07-25 20:48:22.218 7 INFO cinder.api.openstack.wsgi [None req-446a1b9c-2729-4376-b8f1-ddfdab7cee0b 6d60fb7d4fc647908b15cfe2cd5f3909 fc009f2a8e2041d58653e14b3749c064 - - default default] http://cinder-api.openstack.svc.cluster.local:8776/v3/fc009f2a8e2041d58653e14b3749c064/os-quota-sets/50d3865a48c448c491ce842f44c0b148?usage=true returned with HTTP 200 [pid: 7|app: 0|req: 282/553] 10.0.0.191 () {28 vars in 735 bytes} [Sat Jul 25 20:48:22 2026] GET /v3/fc009f2a8e2041d58653e14b3749c064/os-quota-sets/50d3865a48c448c491ce842f44c0b148?usage=true => generated 845 bytes in 36 msecs (HTTP/1.1 200) 7 headers in 285 bytes (1 switches on core 0)
2026-07-25 20:48:22.228 8 INFO cinder.api.openstack.wsgi [None req-69132c0d-a281-4fd6-be46-be43ba4f4b17 6d60fb7d4fc647908b15cfe2cd5f3909 fc009f2a8e2041d58653e14b3749c064 - - default default] GET http://cinder-api.openstack.svc.cluster.local:8776/v3/fc009f2a8e2041d58653e14b3749c064/os-quota-sets/620c7dd8646848269ad52185184bf812?usage=true
2026-07-25 20:48:22.258 8 INFO cinder.api.openstack.wsgi [None req-69132c0d-a281-4fd6-be46-be43ba4f4b17 6d60fb7d4fc647908b15cfe2cd5f3909 fc009f2a8e2041d58653e14b3749c064 - - default default] http://cinder-api.openstack.svc.cluster.local:8776/v3/fc009f2a8e2041d58653e14b3749c064/os-quota-sets/620c7dd8646848269ad52185184bf812?usage=true returned with HTTP 200 [pid: 8|app: 0|req: 272/554] 10.0.0.191 () {28 vars in 735 bytes} [Sat Jul 25 20:48:22 2026] GET /v3/fc009f2a8e2041d58653e14b3749c064/os-quota-sets/620c7dd8646848269ad52185184bf812?usage=true => generated 847 bytes in 37 msecs (HTTP/1.1 200) 7 headers in 285 bytes (1 switches on core 0)
2026-07-25 20:48:22.268 7 INFO cinder.api.openstack.wsgi [None req-0d310559-c6b0-4e93-a188-a04cca6d3071 6d60fb7d4fc647908b15cfe2cd5f3909 fc009f2a8e2041d58653e14b3749c064 - - default default] GET http://cinder-api.openstack.svc.cluster.local:8776/v3/fc009f2a8e2041d58653e14b3749c064/os-quota-sets/7f1ab73f56014e7ab2623b160e5c207a?usage=true
2026-07-25 20:48:22.293 7 INFO cinder.api.openstack.wsgi [None req-0d310559-c6b0-4e93-a188-a04cca6d3071 6d60fb7d4fc647908b15cfe2cd5f3909 fc009f2a8e2041d58653e14b3749c064 - - default default] http://cinder-api.openstack.svc.cluster.local:8776/v3/fc009f2a8e2041d58653e14b3749c064/os-quota-sets/7f1ab73f56014e7ab2623b160e5c207a?usage=true returned with HTTP 200 [pid: 7|app: 0|req: 283/555] 10.0.0.191 () {28 vars in 735 bytes} [Sat Jul 25 20:48:22 2026] GET /v3/fc009f2a8e2041d58653e14b3749c064/os-quota-sets/7f1ab73f56014e7ab2623b160e5c207a?usage=true => generated 847 bytes in 31 msecs (HTTP/1.1 200) 7 headers in 285 bytes (1 switches on core 0)
2026-07-25 20:48:22.309 8 INFO cinder.api.openstack.wsgi [None req-cfb44d2e-04df-470d-bace-b3c1efe88f20 6d60fb7d4fc647908b15cfe2cd5f3909 fc009f2a8e2041d58653e14b3749c064 - - default default] GET http://cinder-api.openstack.svc.cluster.local:8776/v3/fc009f2a8e2041d58653e14b3749c064/os-quota-sets/9b02417ff1ce47a7a57d6a137dda03d9?usage=true
2026-07-25 20:48:22.332 8 INFO cinder.api.openstack.wsgi [None req-cfb44d2e-04df-470d-bace-b3c1efe88f20 6d60fb7d4fc647908b15cfe2cd5f3909 fc009f2a8e2041d58653e14b3749c064 - - default default] http://cinder-api.openstack.svc.cluster.local:8776/v3/fc009f2a8e2041d58653e14b3749c064/os-quota-sets/9b02417ff1ce47a7a57d6a137dda03d9?usage=true returned with HTTP 200 [pid: 8|app: 0|req: 273/556] 10.0.0.191 () {28 vars in 735 bytes} [Sat Jul 25 20:48:22 2026] GET /v3/fc009f2a8e2041d58653e14b3749c064/os-quota-sets/9b02417ff1ce47a7a57d6a137dda03d9?usage=true => generated 847 bytes in 33 msecs (HTTP/1.1 200) 7 headers in 285 bytes (1 switches on core 0)
2026-07-25 20:48:22.343 7 INFO cinder.api.openstack.wsgi [None req-a4b1cc6e-5e50-4b0c-b797-7a8c9bba8298 6d60fb7d4fc647908b15cfe2cd5f3909 fc009f2a8e2041d58653e14b3749c064 - - default default] GET http://cinder-api.openstack.svc.cluster.local:8776/v3/fc009f2a8e2041d58653e14b3749c064/os-quota-sets/f4329c48a5564cd9a485b99dd37fc5ae?usage=true
2026-07-25 20:48:22.361 7 INFO cinder.api.openstack.wsgi [None req-a4b1cc6e-5e50-4b0c-b797-7a8c9bba8298 6d60fb7d4fc647908b15cfe2cd5f3909 fc009f2a8e2041d58653e14b3749c064 - - default default] http://cinder-api.openstack.svc.cluster.local:8776/v3/fc009f2a8e2041d58653e14b3749c064/os-quota-sets/f4329c48a5564cd9a485b99dd37fc5ae?usage=true returned with HTTP 200 [pid: 7|app: 0|req: 284/557] 10.0.0.191 () {28 vars in 735 bytes} [Sat Jul 25 20:48:22 2026] GET /v3/fc009f2a8e2041d58653e14b3749c064/os-quota-sets/f4329c48a5564cd9a485b99dd37fc5ae?usage=true => generated 847 bytes in 24 msecs (HTTP/1.1 200) 7 headers in 285 bytes (1 switches on core 0)
2026-07-25 20:48:22.368 8 INFO cinder.api.openstack.wsgi [None req-319f4a23-3baa-4ced-ab8b-135a6df05c95 6d60fb7d4fc647908b15cfe2cd5f3909 fc009f2a8e2041d58653e14b3749c064 - - default default] GET http://cinder-api.openstack.svc.cluster.local:8776/v3/fc009f2a8e2041d58653e14b3749c064/os-quota-sets/fa489601bf634b79b1eb361c3fd5dc18?usage=true
2026-07-25 20:48:22.399 8 INFO cinder.api.openstack.wsgi [None req-319f4a23-3baa-4ced-ab8b-135a6df05c95 6d60fb7d4fc647908b15cfe2cd5f3909 fc009f2a8e2041d58653e14b3749c064 - - default default] http://cinder-api.openstack.svc.cluster.local:8776/v3/fc009f2a8e2041d58653e14b3749c064/os-quota-sets/fa489601bf634b79b1eb361c3fd5dc18?usage=true returned with HTTP 200 [pid: 8|app: 0|req: 274/558] 10.0.0.191 () {28 vars in 735 bytes} [Sat Jul 25 20:48:22 2026] GET /v3/fc009f2a8e2041d58653e14b3749c064/os-quota-sets/fa489601bf634b79b1eb361c3fd5dc18?usage=true => generated 847 bytes in 37 msecs (HTTP/1.1 200) 7 headers in 285 bytes (1 switches on core 0)
2026-07-25 20:48:22.410 7 INFO cinder.api.openstack.wsgi [None req-ae55cee2-b4b1-4599-ab4a-1da41fd34c56 6d60fb7d4fc647908b15cfe2cd5f3909 fc009f2a8e2041d58653e14b3749c064 - - default default] GET http://cinder-api.openstack.svc.cluster.local:8776/v3/fc009f2a8e2041d58653e14b3749c064/os-quota-sets/fc009f2a8e2041d58653e14b3749c064?usage=true
2026-07-25 20:48:22.427 7 INFO cinder.api.openstack.wsgi [None req-ae55cee2-b4b1-4599-ab4a-1da41fd34c56 6d60fb7d4fc647908b15cfe2cd5f3909 fc009f2a8e2041d58653e14b3749c064 - - default default] http://cinder-api.openstack.svc.cluster.local:8776/v3/fc009f2a8e2041d58653e14b3749c064/os-quota-sets/fc009f2a8e2041d58653e14b3749c064?usage=true returned with HTTP 200 [pid: 7|app: 0|req: 285/559] 10.0.0.191 () {28 vars in 735 bytes} [Sat Jul 25 20:48:22 2026] GET /v3/fc009f2a8e2041d58653e14b3749c064/os-quota-sets/fc009f2a8e2041d58653e14b3749c064?usage=true => generated 845 bytes in 25 msecs (HTTP/1.1 200) 7 headers in 285 bytes (1 switches on core 0)
2026-07-25 20:48:22.439 8 INFO cinder.api.openstack.wsgi [None req-b14eda25-63d9-49fe-8f28-bdbfd053487a 6d60fb7d4fc647908b15cfe2cd5f3909 fc009f2a8e2041d58653e14b3749c064 - - default default] GET http://cinder-api.openstack.svc.cluster.local:8776/v3/fc009f2a8e2041d58653e14b3749c064/os-quota-sets/fd8d3e7ada9b428397da12befc4c8039?usage=true
2026-07-25 20:48:22.460 8 INFO cinder.api.openstack.wsgi [None req-b14eda25-63d9-49fe-8f28-bdbfd053487a 6d60fb7d4fc647908b15cfe2cd5f3909 fc009f2a8e2041d58653e14b3749c064 - - default default] http://cinder-api.openstack.svc.cluster.local:8776/v3/fc009f2a8e2041d58653e14b3749c064/os-quota-sets/fd8d3e7ada9b428397da12befc4c8039?usage=true returned with HTTP 200 [pid: 8|app: 0|req: 275/560] 10.0.0.191 () {28 vars in 735 bytes} [Sat Jul 25 20:48:22 2026] GET /v3/fc009f2a8e2041d58653e14b3749c064/os-quota-sets/fd8d3e7ada9b428397da12befc4c8039?usage=true => generated 847 bytes in 30 msecs (HTTP/1.1 200) 7 headers in 285 bytes (1 switches on core 0)
2026-07-25 20:48:22.470 7 INFO cinder.api.openstack.wsgi [None req-6a8f7b12-3702-4252-86a0-4c0901ee0e06 6d60fb7d4fc647908b15cfe2cd5f3909 fc009f2a8e2041d58653e14b3749c064 - - default default] GET http://cinder-api.openstack.svc.cluster.local:8776/v3/fc009f2a8e2041d58653e14b3749c064/scheduler-stats/get_pools?detail=true
2026-07-25 20:48:22.974 7 INFO cinder.api.openstack.wsgi [None req-6a8f7b12-3702-4252-86a0-4c0901ee0e06 6d60fb7d4fc647908b15cfe2cd5f3909 fc009f2a8e2041d58653e14b3749c064 - - default default] http://cinder-api.openstack.svc.cluster.local:8776/v3/fc009f2a8e2041d58653e14b3749c064/scheduler-stats/get_pools?detail=true returned with HTTP 200 [pid: 7|app: 0|req: 286/561] 10.0.0.191 () {28 vars in 695 bytes} [Sat Jul 25 20:48:22 2026] GET /v3/fc009f2a8e2041d58653e14b3749c064/scheduler-stats/get_pools?detail=true => generated 670 bytes in 514 msecs (HTTP/1.1 200) 7 headers in 285 bytes (1 switches on core 0)
2026-07-25 20:48:22.985 8 INFO cinder.api.openstack.wsgi [None req-31a4a91e-fcfd-4617-97c3-a3803847c198 6d60fb7d4fc647908b15cfe2cd5f3909 fc009f2a8e2041d58653e14b3749c064 - - default default] GET http://cinder-api.openstack.svc.cluster.local:8776/v3/fc009f2a8e2041d58653e14b3749c064/os-services
2026-07-25 20:48:22.991 8 INFO cinder.api.openstack.wsgi [None req-31a4a91e-fcfd-4617-97c3-a3803847c198 6d60fb7d4fc647908b15cfe2cd5f3909 fc009f2a8e2041d58653e14b3749c064 - - default default] http://cinder-api.openstack.svc.cluster.local:8776/v3/fc009f2a8e2041d58653e14b3749c064/os-services returned with HTTP 200 [pid: 8|app: 0|req: 276/562] 10.0.0.191 () {28 vars in 644 bytes} [Sat Jul 25 20:48:22 2026] GET /v3/fc009f2a8e2041d58653e14b3749c064/os-services => generated 646 bytes in 11 msecs (HTTP/1.1 200) 7 headers in 285 bytes (1 switches on core 0)
2026-07-25 20:48:23.001 7 INFO cinder.api.openstack.wsgi [None req-9a890b0c-01a4-4d89-941b-c708d11d5b9a 6d60fb7d4fc647908b15cfe2cd5f3909 fc009f2a8e2041d58653e14b3749c064 - - default default] GET http://cinder-api.openstack.svc.cluster.local:8776/v3/fc009f2a8e2041d58653e14b3749c064/snapshots?all_tenants=true
2026-07-25 20:48:23.012 7 INFO cinder.volume.api [None req-9a890b0c-01a4-4d89-941b-c708d11d5b9a 6d60fb7d4fc647908b15cfe2cd5f3909 fc009f2a8e2041d58653e14b3749c064 - - default default] Get all snapshots completed successfully.
2026-07-25 20:48:23.013 7 INFO cinder.api.openstack.wsgi [None req-9a890b0c-01a4-4d89-941b-c708d11d5b9a 6d60fb7d4fc647908b15cfe2cd5f3909 fc009f2a8e2041d58653e14b3749c064 - - default default] http://cinder-api.openstack.svc.cluster.local:8776/v3/fc009f2a8e2041d58653e14b3749c064/snapshots?all_tenants=true returned with HTTP 200 [pid: 7|app: 0|req: 287/563] 10.0.0.191 () {28 vars in 673 bytes} [Sat Jul 25 20:48:22 2026] GET /v3/fc009f2a8e2041d58653e14b3749c064/snapshots?all_tenants=true => generated 17 bytes in 19 msecs (HTTP/1.1 200) 7 headers in 284 bytes (1 switches on core 0)
2026-07-25 20:48:25.048 8 INFO cinder.api.openstack.wsgi [None req-31a4a91e-fcfd-4617-97c3-a3803847c198 6d60fb7d4fc647908b15cfe2cd5f3909 fc009f2a8e2041d58653e14b3749c064 - - default default] GET http://10.0.0.84:8776/
2026-07-25 20:48:25.048 7 INFO cinder.api.openstack.wsgi [None req-9a890b0c-01a4-4d89-941b-c708d11d5b9a 6d60fb7d4fc647908b15cfe2cd5f3909 fc009f2a8e2041d58653e14b3749c064 - - default default] GET http://10.0.0.84:8776/
2026-07-25 20:48:25.049 8 INFO cinder.api.openstack.wsgi [None req-31a4a91e-fcfd-4617-97c3-a3803847c198 6d60fb7d4fc647908b15cfe2cd5f3909 fc009f2a8e2041d58653e14b3749c064 - - default default] http://10.0.0.84:8776/ returned with HTTP 300
2026-07-25 20:48:25.050 7 INFO cinder.api.openstack.wsgi [None req-9a890b0c-01a4-4d89-941b-c708d11d5b9a 6d60fb7d4fc647908b15cfe2cd5f3909 fc009f2a8e2041d58653e14b3749c064 - - default default] http://10.0.0.84:8776/ returned with HTTP 300
2026-07-25 20:48:35.048 7 INFO cinder.api.openstack.wsgi [None req-9a890b0c-01a4-4d89-941b-c708d11d5b9a 6d60fb7d4fc647908b15cfe2cd5f3909 fc009f2a8e2041d58653e14b3749c064 - - default default] GET http://10.0.0.84:8776/
2026-07-25 20:48:35.049 7 INFO cinder.api.openstack.wsgi [None req-9a890b0c-01a4-4d89-941b-c708d11d5b9a 6d60fb7d4fc647908b15cfe2cd5f3909 fc009f2a8e2041d58653e14b3749c064 - - default default] http://10.0.0.84:8776/ returned with HTTP 300
2026-07-25 20:48:35.049 8 INFO cinder.api.openstack.wsgi [None req-31a4a91e-fcfd-4617-97c3-a3803847c198 6d60fb7d4fc647908b15cfe2cd5f3909 fc009f2a8e2041d58653e14b3749c064 - - default default] GET http://10.0.0.84:8776/
2026-07-25 20:48:35.050 8 INFO cinder.api.openstack.wsgi [None req-31a4a91e-fcfd-4617-97c3-a3803847c198 6d60fb7d4fc647908b15cfe2cd5f3909 fc009f2a8e2041d58653e14b3749c064 - - default default] http://10.0.0.84:8776/ returned with HTTP 300
2026-07-25 20:48:45.048 7 INFO cinder.api.openstack.wsgi [None req-9a890b0c-01a4-4d89-941b-c708d11d5b9a 6d60fb7d4fc647908b15cfe2cd5f3909 fc009f2a8e2041d58653e14b3749c064 - - default default] GET http://10.0.0.84:8776/
2026-07-25 20:48:45.048 7 INFO cinder.api.openstack.wsgi [None req-9a890b0c-01a4-4d89-941b-c708d11d5b9a 6d60fb7d4fc647908b15cfe2cd5f3909 fc009f2a8e2041d58653e14b3749c064 - - default default] http://10.0.0.84:8776/ returned with HTTP 300
2026-07-25 20:48:45.049 8 INFO cinder.api.openstack.wsgi [None req-31a4a91e-fcfd-4617-97c3-a3803847c198 6d60fb7d4fc647908b15cfe2cd5f3909 fc009f2a8e2041d58653e14b3749c064 - - default default] GET http://10.0.0.84:8776/
2026-07-25 20:48:45.059 8 INFO cinder.api.openstack.wsgi [None req-31a4a91e-fcfd-4617-97c3-a3803847c198 6d60fb7d4fc647908b15cfe2cd5f3909 fc009f2a8e2041d58653e14b3749c064 - - default default] http://10.0.0.84:8776/ returned with HTTP 300
2026-07-25 20:48:55.052 7 INFO cinder.api.openstack.wsgi [None req-9a890b0c-01a4-4d89-941b-c708d11d5b9a 6d60fb7d4fc647908b15cfe2cd5f3909 fc009f2a8e2041d58653e14b3749c064 - - default default] GET http://10.0.0.84:8776/
2026-07-25 20:48:55.053 8 INFO cinder.api.openstack.wsgi [None req-31a4a91e-fcfd-4617-97c3-a3803847c198 6d60fb7d4fc647908b15cfe2cd5f3909 fc009f2a8e2041d58653e14b3749c064 - - default default] GET http://10.0.0.84:8776/
2026-07-25 20:48:55.053 7 INFO cinder.api.openstack.wsgi [None req-9a890b0c-01a4-4d89-941b-c708d11d5b9a 6d60fb7d4fc647908b15cfe2cd5f3909 fc009f2a8e2041d58653e14b3749c064 - - default default] http://10.0.0.84:8776/ returned with HTTP 300
2026-07-25 20:48:55.053 8 INFO cinder.api.openstack.wsgi [None req-31a4a91e-fcfd-4617-97c3-a3803847c198 6d60fb7d4fc647908b15cfe2cd5f3909 fc009f2a8e2041d58653e14b3749c064 - - default default] http://10.0.0.84:8776/ returned with HTTP 300
2026-07-25 20:49:01.841 7 INFO cinder.api.openstack.wsgi [None req-bfbeeada-0173-4cbd-b0fa-054d0cffa7d5 a19eebb08b6d4177927c4415a660f586 b1fbfff1548a4d649962bc3d8b7b92fd - - default default] POST http://cinder-api.openstack.svc.cluster.local:8776/v3/b1fbfff1548a4d649962bc3d8b7b92fd/volumes
2026-07-25 20:49:01.843 7 INFO cinder.api.v3.volumes [None req-bfbeeada-0173-4cbd-b0fa-054d0cffa7d5 a19eebb08b6d4177927c4415a660f586 b1fbfff1548a4d649962bc3d8b7b92fd - - default default] Create volume of 1 GB
2026-07-25 20:49:01.851 7 INFO cinder.volume.api [None req-bfbeeada-0173-4cbd-b0fa-054d0cffa7d5 a19eebb08b6d4177927c4415a660f586 b1fbfff1548a4d649962bc3d8b7b92fd - - default default] Availability Zones retrieved successfully.
2026-07-25 20:49:02.050 7 INFO cinder.volume.api [None req-bfbeeada-0173-4cbd-b0fa-054d0cffa7d5 a19eebb08b6d4177927c4415a660f586 b1fbfff1548a4d649962bc3d8b7b92fd - - default default] Create volume request issued successfully.
2026-07-25 20:49:02.051 7 INFO cinder.api.openstack.wsgi [None req-bfbeeada-0173-4cbd-b0fa-054d0cffa7d5 a19eebb08b6d4177927c4415a660f586 b1fbfff1548a4d649962bc3d8b7b92fd - - default default] http://cinder-api.openstack.svc.cluster.local:8776/v3/b1fbfff1548a4d649962bc3d8b7b92fd/volumes returned with HTTP 202 [pid: 7|app: 0|req: 292/572] 10.0.0.199 () {34 vars in 721 bytes} [Sat Jul 25 20:49:01 2026] POST /v3/b1fbfff1548a4d649962bc3d8b7b92fd/volumes => generated 860 bytes in 305 msecs (HTTP/1.1 202) 7 headers in 291 bytes (1 switches on core 0)
2026-07-25 20:49:02.072 8 INFO cinder.api.openstack.wsgi [None req-55102ff2-7115-4f1f-9c53-46de957499d8 a19eebb08b6d4177927c4415a660f586 b1fbfff1548a4d649962bc3d8b7b92fd - - default default] GET http://cinder-api.openstack.svc.cluster.local:8776/v3/b1fbfff1548a4d649962bc3d8b7b92fd/volumes/9d604e99-c814-4cc7-8528-a0ec4dd0c328 /var/lib/openstack/lib/python3.12/site-packages/oslo_context/context.py:101: DeprecationWarning: Policy enforcement is depending on the value of is_admin. This key is deprecated. Please update your policy file to use the standard policy values. warnings.warn(
2026-07-25 20:49:02.086 8 INFO cinder.volume.api [None req-55102ff2-7115-4f1f-9c53-46de957499d8 a19eebb08b6d4177927c4415a660f586 b1fbfff1548a4d649962bc3d8b7b92fd - - default default] Volume info retrieved successfully.
2026-07-25 20:49:02.093 8 INFO cinder.api.openstack.wsgi [None req-55102ff2-7115-4f1f-9c53-46de957499d8 a19eebb08b6d4177927c4415a660f586 b1fbfff1548a4d649962bc3d8b7b92fd - - default default] http://cinder-api.openstack.svc.cluster.local:8776/v3/b1fbfff1548a4d649962bc3d8b7b92fd/volumes/9d604e99-c814-4cc7-8528-a0ec4dd0c328 returned with HTTP 200 [pid: 8|app: 0|req: 281/573] 10.0.0.199 () {32 vars in 774 bytes} [Sat Jul 25 20:49:02 2026] GET /v3/b1fbfff1548a4d649962bc3d8b7b92fd/volumes/9d604e99-c814-4cc7-8528-a0ec4dd0c328 => generated 928 bytes in 28 msecs (HTTP/1.1 200) 7 headers in 285 bytes (1 switches on core 0) /var/lib/openstack/lib/python3.12/site-packages/pycadf/identifier.py:70: UserWarning: Invalid uuid: cinderv3. To ensure interoperability, identifiers should be a valid uuid. warnings.warn(('Invalid uuid: %s. To ensure interoperability, '
2026-07-25 20:49:03.111 7 INFO cinder.api.openstack.wsgi [None req-e1a175aa-1e7d-4c60-a621-441339b8616d a19eebb08b6d4177927c4415a660f586 b1fbfff1548a4d649962bc3d8b7b92fd - - default default] GET http://cinder-api.openstack.svc.cluster.local:8776/v3/b1fbfff1548a4d649962bc3d8b7b92fd/volumes/9d604e99-c814-4cc7-8528-a0ec4dd0c328 /var/lib/openstack/lib/python3.12/site-packages/oslo_context/context.py:101: DeprecationWarning: Policy enforcement is depending on the value of is_admin. This key is deprecated. Please update your policy file to use the standard policy values. warnings.warn(
2026-07-25 20:49:03.139 7 INFO cinder.volume.api [None req-e1a175aa-1e7d-4c60-a621-441339b8616d a19eebb08b6d4177927c4415a660f586 b1fbfff1548a4d649962bc3d8b7b92fd - - default default] Volume info retrieved successfully.
2026-07-25 20:49:03.148 7 INFO cinder.api.openstack.wsgi [None req-e1a175aa-1e7d-4c60-a621-441339b8616d a19eebb08b6d4177927c4415a660f586 b1fbfff1548a4d649962bc3d8b7b92fd - - default default] http://cinder-api.openstack.svc.cluster.local:8776/v3/b1fbfff1548a4d649962bc3d8b7b92fd/volumes/9d604e99-c814-4cc7-8528-a0ec4dd0c328 returned with HTTP 200 [pid: 7|app: 0|req: 293/574] 10.0.0.199 () {32 vars in 774 bytes} [Sat Jul 25 20:49:03 2026] GET /v3/b1fbfff1548a4d649962bc3d8b7b92fd/volumes/9d604e99-c814-4cc7-8528-a0ec4dd0c328 => generated 953 bytes in 42 msecs (HTTP/1.1 200) 7 headers in 285 bytes (1 switches on core 0)
2026-07-25 20:49:05.048 7 INFO cinder.api.openstack.wsgi [None req-e1a175aa-1e7d-4c60-a621-441339b8616d a19eebb08b6d4177927c4415a660f586 b1fbfff1548a4d649962bc3d8b7b92fd - - default default] GET http://10.0.0.84:8776/
2026-07-25 20:49:05.048 8 INFO cinder.api.openstack.wsgi [None req-55102ff2-7115-4f1f-9c53-46de957499d8 a19eebb08b6d4177927c4415a660f586 b1fbfff1548a4d649962bc3d8b7b92fd - - default default] GET http://10.0.0.84:8776/
2026-07-25 20:49:05.049 7 INFO cinder.api.openstack.wsgi [None req-e1a175aa-1e7d-4c60-a621-441339b8616d a19eebb08b6d4177927c4415a660f586 b1fbfff1548a4d649962bc3d8b7b92fd - - default default] http://10.0.0.84:8776/ returned with HTTP 300
2026-07-25 20:49:05.049 8 INFO cinder.api.openstack.wsgi [None req-55102ff2-7115-4f1f-9c53-46de957499d8 a19eebb08b6d4177927c4415a660f586 b1fbfff1548a4d649962bc3d8b7b92fd - - default default] http://10.0.0.84:8776/ returned with HTTP 300
2026-07-25 20:49:15.048 7 INFO cinder.api.openstack.wsgi [None req-e1a175aa-1e7d-4c60-a621-441339b8616d a19eebb08b6d4177927c4415a660f586 b1fbfff1548a4d649962bc3d8b7b92fd - - default default] GET http://10.0.0.84:8776/
2026-07-25 20:49:15.049 8 INFO cinder.api.openstack.wsgi [None req-55102ff2-7115-4f1f-9c53-46de957499d8 a19eebb08b6d4177927c4415a660f586 b1fbfff1548a4d649962bc3d8b7b92fd - - default default] GET http://10.0.0.84:8776/
2026-07-25 20:49:15.049 7 INFO cinder.api.openstack.wsgi [None req-e1a175aa-1e7d-4c60-a621-441339b8616d a19eebb08b6d4177927c4415a660f586 b1fbfff1548a4d649962bc3d8b7b92fd - - default default] http://10.0.0.84:8776/ returned with HTTP 300
2026-07-25 20:49:15.051 8 INFO cinder.api.openstack.wsgi [None req-55102ff2-7115-4f1f-9c53-46de957499d8 a19eebb08b6d4177927c4415a660f586 b1fbfff1548a4d649962bc3d8b7b92fd - - default default] http://10.0.0.84:8776/ returned with HTTP 300 /var/lib/openstack/lib/python3.12/site-packages/pycadf/identifier.py:70: UserWarning: Invalid uuid: cinderv3. To ensure interoperability, identifiers should be a valid uuid. warnings.warn(('Invalid uuid: %s. To ensure interoperability, '
