2026-07-25 20:52:23.224 7 INFO cinder.api.openstack.wsgi [None req-923a4e7e-e72c-486c-aa8f-1f069da124ad 6d60fb7d4fc647908b15cfe2cd5f3909 fc009f2a8e2041d58653e14b3749c064 - - default default] GET http://cinder-api.openstack.svc.cluster.local:8776/v3/fc009f2a8e2041d58653e14b3749c064/os-services
2026-07-25 20:52:23.229 7 INFO cinder.api.openstack.wsgi [None req-923a4e7e-e72c-486c-aa8f-1f069da124ad 6d60fb7d4fc647908b15cfe2cd5f3909 fc009f2a8e2041d58653e14b3749c064 - - default default] http://cinder-api.openstack.svc.cluster.local:8776/v3/fc009f2a8e2041d58653e14b3749c064/os-services returned with HTTP 200 [pid: 7|app: 0|req: 381/749] 10.0.0.191 () {28 vars in 644 bytes} [Sat Jul 25 20:52:23 2026] GET /v3/fc009f2a8e2041d58653e14b3749c064/os-services => generated 646 bytes in 9 msecs (HTTP/1.1 200) 7 headers in 285 bytes (1 switches on core 0)
2026-07-25 20:52:25.049 8 INFO cinder.api.openstack.wsgi [None req-4f5aa321-0d44-443e-80c9-ae7c03b1c652 6d60fb7d4fc647908b15cfe2cd5f3909 fc009f2a8e2041d58653e14b3749c064 - - default default] GET http://10.0.0.84:8776/
2026-07-25 20:52:25.049 8 INFO cinder.api.openstack.wsgi [None req-4f5aa321-0d44-443e-80c9-ae7c03b1c652 6d60fb7d4fc647908b15cfe2cd5f3909 fc009f2a8e2041d58653e14b3749c064 - - default default] http://10.0.0.84:8776/ returned with HTTP 300
2026-07-25 20:52:25.049 7 INFO cinder.api.openstack.wsgi [None req-923a4e7e-e72c-486c-aa8f-1f069da124ad 6d60fb7d4fc647908b15cfe2cd5f3909 fc009f2a8e2041d58653e14b3749c064 - - default default] GET http://10.0.0.84:8776/
2026-07-25 20:52:25.051 7 INFO cinder.api.openstack.wsgi [None req-923a4e7e-e72c-486c-aa8f-1f069da124ad 6d60fb7d4fc647908b15cfe2cd5f3909 fc009f2a8e2041d58653e14b3749c064 - - default default] http://10.0.0.84:8776/ returned with HTTP 300
2026-07-25 20:52:35.049 7 INFO cinder.api.openstack.wsgi [None req-923a4e7e-e72c-486c-aa8f-1f069da124ad 6d60fb7d4fc647908b15cfe2cd5f3909 fc009f2a8e2041d58653e14b3749c064 - - default default] GET http://10.0.0.84:8776/
2026-07-25 20:52:35.049 8 INFO cinder.api.openstack.wsgi [None req-4f5aa321-0d44-443e-80c9-ae7c03b1c652 6d60fb7d4fc647908b15cfe2cd5f3909 fc009f2a8e2041d58653e14b3749c064 - - default default] GET http://10.0.0.84:8776/
2026-07-25 20:52:35.050 8 INFO cinder.api.openstack.wsgi [None req-4f5aa321-0d44-443e-80c9-ae7c03b1c652 6d60fb7d4fc647908b15cfe2cd5f3909 fc009f2a8e2041d58653e14b3749c064 - - default default] http://10.0.0.84:8776/ returned with HTTP 300
2026-07-25 20:52:35.050 7 INFO cinder.api.openstack.wsgi [None req-923a4e7e-e72c-486c-aa8f-1f069da124ad 6d60fb7d4fc647908b15cfe2cd5f3909 fc009f2a8e2041d58653e14b3749c064 - - default default] http://10.0.0.84:8776/ returned with HTTP 300
2026-07-25 20:52:45.048 8 INFO cinder.api.openstack.wsgi [None req-4f5aa321-0d44-443e-80c9-ae7c03b1c652 6d60fb7d4fc647908b15cfe2cd5f3909 fc009f2a8e2041d58653e14b3749c064 - - default default] GET http://10.0.0.84:8776/
2026-07-25 20:52:45.049 8 INFO cinder.api.openstack.wsgi [None req-4f5aa321-0d44-443e-80c9-ae7c03b1c652 6d60fb7d4fc647908b15cfe2cd5f3909 fc009f2a8e2041d58653e14b3749c064 - - default default] http://10.0.0.84:8776/ returned with HTTP 300
2026-07-25 20:52:45.051 7 INFO cinder.api.openstack.wsgi [None req-923a4e7e-e72c-486c-aa8f-1f069da124ad 6d60fb7d4fc647908b15cfe2cd5f3909 fc009f2a8e2041d58653e14b3749c064 - - default default] GET http://10.0.0.84:8776/
2026-07-25 20:52:45.051 7 INFO cinder.api.openstack.wsgi [None req-923a4e7e-e72c-486c-aa8f-1f069da124ad 6d60fb7d4fc647908b15cfe2cd5f3909 fc009f2a8e2041d58653e14b3749c064 - - default default] http://10.0.0.84:8776/ returned with HTTP 300
2026-07-25 20:52:55.048 7 INFO cinder.api.openstack.wsgi [None req-923a4e7e-e72c-486c-aa8f-1f069da124ad 6d60fb7d4fc647908b15cfe2cd5f3909 fc009f2a8e2041d58653e14b3749c064 - - default default] GET http://10.0.0.84:8776/
2026-07-25 20:52:55.048 8 INFO cinder.api.openstack.wsgi [None req-4f5aa321-0d44-443e-80c9-ae7c03b1c652 6d60fb7d4fc647908b15cfe2cd5f3909 fc009f2a8e2041d58653e14b3749c064 - - default default] GET http://10.0.0.84:8776/
2026-07-25 20:52:55.049 7 INFO cinder.api.openstack.wsgi [None req-923a4e7e-e72c-486c-aa8f-1f069da124ad 6d60fb7d4fc647908b15cfe2cd5f3909 fc009f2a8e2041d58653e14b3749c064 - - default default] http://10.0.0.84:8776/ returned with HTTP 300
2026-07-25 20:52:55.049 8 INFO cinder.api.openstack.wsgi [None req-4f5aa321-0d44-443e-80c9-ae7c03b1c652 6d60fb7d4fc647908b15cfe2cd5f3909 fc009f2a8e2041d58653e14b3749c064 - - default default] http://10.0.0.84:8776/ returned with HTTP 300
2026-07-25 20:53:05.049 7 INFO cinder.api.openstack.wsgi [None req-923a4e7e-e72c-486c-aa8f-1f069da124ad 6d60fb7d4fc647908b15cfe2cd5f3909 fc009f2a8e2041d58653e14b3749c064 - - default default] GET http://10.0.0.84:8776/
2026-07-25 20:53:05.049 8 INFO cinder.api.openstack.wsgi [None req-4f5aa321-0d44-443e-80c9-ae7c03b1c652 6d60fb7d4fc647908b15cfe2cd5f3909 fc009f2a8e2041d58653e14b3749c064 - - default default] GET http://10.0.0.84:8776/
2026-07-25 20:53:05.050 8 INFO cinder.api.openstack.wsgi [None req-4f5aa321-0d44-443e-80c9-ae7c03b1c652 6d60fb7d4fc647908b15cfe2cd5f3909 fc009f2a8e2041d58653e14b3749c064 - - default default] http://10.0.0.84:8776/ returned with HTTP 300
2026-07-25 20:53:05.050 7 INFO cinder.api.openstack.wsgi [None req-923a4e7e-e72c-486c-aa8f-1f069da124ad 6d60fb7d4fc647908b15cfe2cd5f3909 fc009f2a8e2041d58653e14b3749c064 - - default default] http://10.0.0.84:8776/ returned with HTTP 300
2026-07-25 20:53:15.049 8 INFO cinder.api.openstack.wsgi [None req-4f5aa321-0d44-443e-80c9-ae7c03b1c652 6d60fb7d4fc647908b15cfe2cd5f3909 fc009f2a8e2041d58653e14b3749c064 - - default default] GET http://10.0.0.84:8776/
2026-07-25 20:53:15.049 7 INFO cinder.api.openstack.wsgi [None req-923a4e7e-e72c-486c-aa8f-1f069da124ad 6d60fb7d4fc647908b15cfe2cd5f3909 fc009f2a8e2041d58653e14b3749c064 - - default default] GET http://10.0.0.84:8776/
2026-07-25 20:53:15.050 8 INFO cinder.api.openstack.wsgi [None req-4f5aa321-0d44-443e-80c9-ae7c03b1c652 6d60fb7d4fc647908b15cfe2cd5f3909 fc009f2a8e2041d58653e14b3749c064 - - default default] http://10.0.0.84:8776/ returned with HTTP 300
2026-07-25 20:53:15.050 7 INFO cinder.api.openstack.wsgi [None req-923a4e7e-e72c-486c-aa8f-1f069da124ad 6d60fb7d4fc647908b15cfe2cd5f3909 fc009f2a8e2041d58653e14b3749c064 - - default default] http://10.0.0.84:8776/ returned with HTTP 300
2026-07-25 20:53:21.066 8 INFO cinder.api.openstack.wsgi [None req-3024ad73-bfd3-44d0-88ed-0a64ce85c6fc 6d60fb7d4fc647908b15cfe2cd5f3909 fc009f2a8e2041d58653e14b3749c064 - - default default] POST http://cinder-api.openstack.svc.cluster.local:8776/v3/fc009f2a8e2041d58653e14b3749c064/volumes
2026-07-25 20:53:21.190 8 INFO cinder.api.v3.volumes [None req-3024ad73-bfd3-44d0-88ed-0a64ce85c6fc 6d60fb7d4fc647908b15cfe2cd5f3909 fc009f2a8e2041d58653e14b3749c064 - - default default] Create volume of 16 GB
2026-07-25 20:53:21.196 8 INFO cinder.volume.api [None req-3024ad73-bfd3-44d0-88ed-0a64ce85c6fc 6d60fb7d4fc647908b15cfe2cd5f3909 fc009f2a8e2041d58653e14b3749c064 - - default default] Availability Zones retrieved successfully.
2026-07-25 20:53:21.403 8 INFO cinder.volume.api [None req-3024ad73-bfd3-44d0-88ed-0a64ce85c6fc 6d60fb7d4fc647908b15cfe2cd5f3909 fc009f2a8e2041d58653e14b3749c064 - - default default] Create volume request issued successfully.
2026-07-25 20:53:21.404 8 INFO cinder.api.openstack.wsgi [None req-3024ad73-bfd3-44d0-88ed-0a64ce85c6fc 6d60fb7d4fc647908b15cfe2cd5f3909 fc009f2a8e2041d58653e14b3749c064 - - default default] http://cinder-api.openstack.svc.cluster.local:8776/v3/fc009f2a8e2041d58653e14b3749c064/volumes returned with HTTP 202 [pid: 8|app: 0|req: 375/762] 199.19.213.78 () {34 vars in 732 bytes} [Sat Jul 25 20:53:20 2026] POST /v3/fc009f2a8e2041d58653e14b3749c064/volumes => generated 846 bytes in 441 msecs (HTTP/1.1 202) 7 headers in 291 bytes (1 switches on core 0)
2026-07-25 20:53:21.417 7 INFO cinder.api.openstack.wsgi [req-3024ad73-bfd3-44d0-88ed-0a64ce85c6fc req-bcab0140-2f67-4685-955f-6d120ca4c66c 6d60fb7d4fc647908b15cfe2cd5f3909 fc009f2a8e2041d58653e14b3749c064 - - default default] GET http://cinder-api.openstack.svc.cluster.local:8776/v3/fc009f2a8e2041d58653e14b3749c064/volumes/0459a672-3344-4443-b242-2b1846b21592 /var/lib/openstack/lib/python3.12/site-packages/oslo_context/context.py:101: DeprecationWarning: Policy enforcement is depending on the value of is_admin. This key is deprecated. Please update your policy file to use the standard policy values. warnings.warn(
2026-07-25 20:53:21.459 7 INFO cinder.volume.api [req-3024ad73-bfd3-44d0-88ed-0a64ce85c6fc req-bcab0140-2f67-4685-955f-6d120ca4c66c 6d60fb7d4fc647908b15cfe2cd5f3909 fc009f2a8e2041d58653e14b3749c064 - - default default] Volume info retrieved successfully.
2026-07-25 20:53:21.464 7 INFO cinder.api.openstack.wsgi [req-3024ad73-bfd3-44d0-88ed-0a64ce85c6fc req-bcab0140-2f67-4685-955f-6d120ca4c66c 6d60fb7d4fc647908b15cfe2cd5f3909 fc009f2a8e2041d58653e14b3749c064 - - default default] http://cinder-api.openstack.svc.cluster.local:8776/v3/fc009f2a8e2041d58653e14b3749c064/volumes/0459a672-3344-4443-b242-2b1846b21592 returned with HTTP 200 [pid: 7|app: 0|req: 388/763] 199.19.213.78 () {32 vars in 823 bytes} [Sat Jul 25 20:53:21 2026] GET /v3/fc009f2a8e2041d58653e14b3749c064/volumes/0459a672-3344-4443-b242-2b1846b21592 => generated 1025 bytes in 51 msecs (HTTP/1.1 200) 7 headers in 286 bytes (1 switches on core 0) /var/lib/openstack/lib/python3.12/site-packages/pycadf/identifier.py:70: UserWarning: Invalid uuid: cinderv3. To ensure interoperability, identifiers should be a valid uuid. warnings.warn(('Invalid uuid: %s. To ensure interoperability, '
2026-07-25 20:53:22.019 8 INFO cinder.api.openstack.wsgi [None req-f8445a89-c6da-41d0-9db8-25acae377540 6d60fb7d4fc647908b15cfe2cd5f3909 fc009f2a8e2041d58653e14b3749c064 - - default default] GET http://cinder-api.openstack.svc.cluster.local:8776/v3/fc009f2a8e2041d58653e14b3749c064/volumes/detail?all_tenants=true /var/lib/openstack/lib/python3.12/site-packages/oslo_context/context.py:101: DeprecationWarning: Policy enforcement is depending on the value of is_admin. This key is deprecated. Please update your policy file to use the standard policy values. warnings.warn(
2026-07-25 20:53:22.030 8 INFO cinder.volume.api [None req-f8445a89-c6da-41d0-9db8-25acae377540 6d60fb7d4fc647908b15cfe2cd5f3909 fc009f2a8e2041d58653e14b3749c064 - - default default] Get all volumes completed successfully. /var/lib/openstack/lib/python3.12/site-packages/oslo_context/context.py:101: DeprecationWarning: Policy enforcement is depending on the value of is_admin. This key is deprecated. Please update your policy file to use the standard policy values. warnings.warn(
2026-07-25 20:53:22.037 8 INFO cinder.api.openstack.wsgi [None req-f8445a89-c6da-41d0-9db8-25acae377540 6d60fb7d4fc647908b15cfe2cd5f3909 fc009f2a8e2041d58653e14b3749c064 - - default default] http://cinder-api.openstack.svc.cluster.local:8776/v3/fc009f2a8e2041d58653e14b3749c064/volumes/detail?all_tenants=true returned with HTTP 200 [pid: 8|app: 0|req: 376/764] 10.0.0.191 () {28 vars in 683 bytes} [Sat Jul 25 20:53:21 2026] GET /v3/fc009f2a8e2041d58653e14b3749c064/volumes/detail?all_tenants=true => generated 1678 bytes in 55 msecs (HTTP/1.1 200) 7 headers in 286 bytes (1 switches on core 0) /var/lib/openstack/lib/python3.12/site-packages/pycadf/identifier.py:70: UserWarning: Invalid uuid: cinderv3. To ensure interoperability, identifiers should be a valid uuid. warnings.warn(('Invalid uuid: %s. To ensure interoperability, '
2026-07-25 20:53:22.050 7 INFO cinder.api.openstack.wsgi [None req-0e15ae25-9f06-4f1a-a862-2c9398f45906 6d60fb7d4fc647908b15cfe2cd5f3909 fc009f2a8e2041d58653e14b3749c064 - - default default] GET http://cinder-api.openstack.svc.cluster.local:8776/v3/fc009f2a8e2041d58653e14b3749c064/scheduler-stats/get_pools?detail=true
2026-07-25 20:53:22.553 7 INFO cinder.api.openstack.wsgi [None req-0e15ae25-9f06-4f1a-a862-2c9398f45906 6d60fb7d4fc647908b15cfe2cd5f3909 fc009f2a8e2041d58653e14b3749c064 - - default default] http://cinder-api.openstack.svc.cluster.local:8776/v3/fc009f2a8e2041d58653e14b3749c064/scheduler-stats/get_pools?detail=true returned with HTTP 200 [pid: 7|app: 0|req: 389/765] 10.0.0.191 () {28 vars in 695 bytes} [Sat Jul 25 20:53:22 2026] GET /v3/fc009f2a8e2041d58653e14b3749c064/scheduler-stats/get_pools?detail=true => generated 670 bytes in 512 msecs (HTTP/1.1 200) 7 headers in 285 bytes (1 switches on core 0) /var/lib/openstack/lib/python3.12/site-packages/pycadf/identifier.py:70: UserWarning: Invalid uuid: cinderv3. To ensure interoperability, identifiers should be a valid uuid. warnings.warn(('Invalid uuid: %s. To ensure interoperability, '
2026-07-25 20:53:22.599 8 INFO cinder.api.openstack.wsgi [None req-7179b992-9d25-42e2-b44e-7484fe19d936 6d60fb7d4fc647908b15cfe2cd5f3909 fc009f2a8e2041d58653e14b3749c064 - - default default] GET http://cinder-api.openstack.svc.cluster.local:8776/v3/fc009f2a8e2041d58653e14b3749c064/os-quota-sets/03aabd5a41e84fcfaafb171f271b114a?usage=true
2026-07-25 20:53:22.623 8 INFO cinder.api.openstack.wsgi [None req-7179b992-9d25-42e2-b44e-7484fe19d936 6d60fb7d4fc647908b15cfe2cd5f3909 fc009f2a8e2041d58653e14b3749c064 - - default default] http://cinder-api.openstack.svc.cluster.local:8776/v3/fc009f2a8e2041d58653e14b3749c064/os-quota-sets/03aabd5a41e84fcfaafb171f271b114a?usage=true returned with HTTP 200 [pid: 8|app: 0|req: 377/766] 10.0.0.191 () {28 vars in 735 bytes} [Sat Jul 25 20:53:22 2026] GET /v3/fc009f2a8e2041d58653e14b3749c064/os-quota-sets/03aabd5a41e84fcfaafb171f271b114a?usage=true => generated 847 bytes in 32 msecs (HTTP/1.1 200) 7 headers in 285 bytes (1 switches on core 0)
2026-07-25 20:53:22.632 7 INFO cinder.api.openstack.wsgi [None req-b4a64a9b-571f-4ba3-bd7d-1df9d4adfa21 6d60fb7d4fc647908b15cfe2cd5f3909 fc009f2a8e2041d58653e14b3749c064 - - default default] GET http://cinder-api.openstack.svc.cluster.local:8776/v3/fc009f2a8e2041d58653e14b3749c064/os-quota-sets/1d857a82394244379fd393f11491fd54?usage=true
2026-07-25 20:53:22.655 7 INFO cinder.api.openstack.wsgi [None req-b4a64a9b-571f-4ba3-bd7d-1df9d4adfa21 6d60fb7d4fc647908b15cfe2cd5f3909 fc009f2a8e2041d58653e14b3749c064 - - default default] http://cinder-api.openstack.svc.cluster.local:8776/v3/fc009f2a8e2041d58653e14b3749c064/os-quota-sets/1d857a82394244379fd393f11491fd54?usage=true returned with HTTP 200 [pid: 7|app: 0|req: 390/767] 10.0.0.191 () {28 vars in 735 bytes} [Sat Jul 25 20:53:22 2026] GET /v3/fc009f2a8e2041d58653e14b3749c064/os-quota-sets/1d857a82394244379fd393f11491fd54?usage=true => generated 847 bytes in 29 msecs (HTTP/1.1 200) 7 headers in 285 bytes (1 switches on core 0)
2026-07-25 20:53:22.668 8 INFO cinder.api.openstack.wsgi [None req-f4b55917-a743-42d0-83c4-d1ee91ca4688 6d60fb7d4fc647908b15cfe2cd5f3909 fc009f2a8e2041d58653e14b3749c064 - - default default] GET http://cinder-api.openstack.svc.cluster.local:8776/v3/fc009f2a8e2041d58653e14b3749c064/os-quota-sets/50d3865a48c448c491ce842f44c0b148?usage=true
2026-07-25 20:53:22.692 8 INFO cinder.api.openstack.wsgi [None req-f4b55917-a743-42d0-83c4-d1ee91ca4688 6d60fb7d4fc647908b15cfe2cd5f3909 fc009f2a8e2041d58653e14b3749c064 - - default default] http://cinder-api.openstack.svc.cluster.local:8776/v3/fc009f2a8e2041d58653e14b3749c064/os-quota-sets/50d3865a48c448c491ce842f44c0b148?usage=true returned with HTTP 200 [pid: 8|app: 0|req: 378/768] 10.0.0.191 () {28 vars in 735 bytes} [Sat Jul 25 20:53:22 2026] GET /v3/fc009f2a8e2041d58653e14b3749c064/os-quota-sets/50d3865a48c448c491ce842f44c0b148?usage=true => generated 845 bytes in 32 msecs (HTTP/1.1 200) 7 headers in 285 bytes (1 switches on core 0)
2026-07-25 20:53:22.700 7 INFO cinder.api.openstack.wsgi [None req-e61d6d61-62c9-41f7-8ae3-3a2f4e939b6b 6d60fb7d4fc647908b15cfe2cd5f3909 fc009f2a8e2041d58653e14b3749c064 - - default default] GET http://cinder-api.openstack.svc.cluster.local:8776/v3/fc009f2a8e2041d58653e14b3749c064/os-quota-sets/6cd5b4f1e7b8414a8b877a04ce4385c5?usage=true
2026-07-25 20:53:22.717 7 INFO cinder.api.openstack.wsgi [None req-e61d6d61-62c9-41f7-8ae3-3a2f4e939b6b 6d60fb7d4fc647908b15cfe2cd5f3909 fc009f2a8e2041d58653e14b3749c064 - - default default] http://cinder-api.openstack.svc.cluster.local:8776/v3/fc009f2a8e2041d58653e14b3749c064/os-quota-sets/6cd5b4f1e7b8414a8b877a04ce4385c5?usage=true returned with HTTP 200 [pid: 7|app: 0|req: 391/769] 10.0.0.191 () {28 vars in 735 bytes} [Sat Jul 25 20:53:22 2026] GET /v3/fc009f2a8e2041d58653e14b3749c064/os-quota-sets/6cd5b4f1e7b8414a8b877a04ce4385c5?usage=true => generated 847 bytes in 21 msecs (HTTP/1.1 200) 7 headers in 285 bytes (1 switches on core 0)
2026-07-25 20:53:22.724 8 INFO cinder.api.openstack.wsgi [None req-988ecf37-eece-49b5-8315-0e0ed9d3e175 6d60fb7d4fc647908b15cfe2cd5f3909 fc009f2a8e2041d58653e14b3749c064 - - default default] GET http://cinder-api.openstack.svc.cluster.local:8776/v3/fc009f2a8e2041d58653e14b3749c064/os-quota-sets/7d90b9cbdf5b48d797994b158007fb7f?usage=true
2026-07-25 20:53:22.747 8 INFO cinder.api.openstack.wsgi [None req-988ecf37-eece-49b5-8315-0e0ed9d3e175 6d60fb7d4fc647908b15cfe2cd5f3909 fc009f2a8e2041d58653e14b3749c064 - - default default] http://cinder-api.openstack.svc.cluster.local:8776/v3/fc009f2a8e2041d58653e14b3749c064/os-quota-sets/7d90b9cbdf5b48d797994b158007fb7f?usage=true returned with HTTP 200 [pid: 8|app: 0|req: 379/770] 10.0.0.191 () {28 vars in 735 bytes} [Sat Jul 25 20:53:22 2026] GET /v3/fc009f2a8e2041d58653e14b3749c064/os-quota-sets/7d90b9cbdf5b48d797994b158007fb7f?usage=true => generated 847 bytes in 28 msecs (HTTP/1.1 200) 7 headers in 285 bytes (1 switches on core 0)
2026-07-25 20:53:22.757 7 INFO cinder.api.openstack.wsgi [None req-6f5320fa-2744-46fe-a3c4-4c499ca7bff8 6d60fb7d4fc647908b15cfe2cd5f3909 fc009f2a8e2041d58653e14b3749c064 - - default default] GET http://cinder-api.openstack.svc.cluster.local:8776/v3/fc009f2a8e2041d58653e14b3749c064/os-quota-sets/9b02417ff1ce47a7a57d6a137dda03d9?usage=true
2026-07-25 20:53:22.777 7 INFO cinder.api.openstack.wsgi [None req-6f5320fa-2744-46fe-a3c4-4c499ca7bff8 6d60fb7d4fc647908b15cfe2cd5f3909 fc009f2a8e2041d58653e14b3749c064 - - default default] http://cinder-api.openstack.svc.cluster.local:8776/v3/fc009f2a8e2041d58653e14b3749c064/os-quota-sets/9b02417ff1ce47a7a57d6a137dda03d9?usage=true returned with HTTP 200 [pid: 7|app: 0|req: 392/771] 10.0.0.191 () {28 vars in 735 bytes} [Sat Jul 25 20:53:22 2026] GET /v3/fc009f2a8e2041d58653e14b3749c064/os-quota-sets/9b02417ff1ce47a7a57d6a137dda03d9?usage=true => generated 847 bytes in 27 msecs (HTTP/1.1 200) 7 headers in 285 bytes (1 switches on core 0)
2026-07-25 20:53:22.788 8 INFO cinder.api.openstack.wsgi [None req-c778caf5-15d9-4d7c-a437-5e1440ad63e5 6d60fb7d4fc647908b15cfe2cd5f3909 fc009f2a8e2041d58653e14b3749c064 - - default default] GET http://cinder-api.openstack.svc.cluster.local:8776/v3/fc009f2a8e2041d58653e14b3749c064/os-quota-sets/a61d2817bd2049a3916fdd72383543ed?usage=true
2026-07-25 20:53:22.808 8 INFO cinder.api.openstack.wsgi [None req-c778caf5-15d9-4d7c-a437-5e1440ad63e5 6d60fb7d4fc647908b15cfe2cd5f3909 fc009f2a8e2041d58653e14b3749c064 - - default default] http://cinder-api.openstack.svc.cluster.local:8776/v3/fc009f2a8e2041d58653e14b3749c064/os-quota-sets/a61d2817bd2049a3916fdd72383543ed?usage=true returned with HTTP 200 [pid: 8|app: 0|req: 380/772] 10.0.0.191 () {28 vars in 735 bytes} [Sat Jul 25 20:53:22 2026] GET /v3/fc009f2a8e2041d58653e14b3749c064/os-quota-sets/a61d2817bd2049a3916fdd72383543ed?usage=true => generated 847 bytes in 27 msecs (HTTP/1.1 200) 7 headers in 285 bytes (1 switches on core 0)
2026-07-25 20:53:22.818 7 INFO cinder.api.openstack.wsgi [None req-b9612237-8699-4505-a25c-e4cd53332767 6d60fb7d4fc647908b15cfe2cd5f3909 fc009f2a8e2041d58653e14b3749c064 - - default default] GET http://cinder-api.openstack.svc.cluster.local:8776/v3/fc009f2a8e2041d58653e14b3749c064/os-quota-sets/b4ea09fe50494ad7a7c867ebeade82eb?usage=true
2026-07-25 20:53:22.840 7 INFO cinder.api.openstack.wsgi [None req-b9612237-8699-4505-a25c-e4cd53332767 6d60fb7d4fc647908b15cfe2cd5f3909 fc009f2a8e2041d58653e14b3749c064 - - default default] http://cinder-api.openstack.svc.cluster.local:8776/v3/fc009f2a8e2041d58653e14b3749c064/os-quota-sets/b4ea09fe50494ad7a7c867ebeade82eb?usage=true returned with HTTP 200 [pid: 7|app: 0|req: 393/773] 10.0.0.191 () {28 vars in 735 bytes} [Sat Jul 25 20:53:22 2026] GET /v3/fc009f2a8e2041d58653e14b3749c064/os-quota-sets/b4ea09fe50494ad7a7c867ebeade82eb?usage=true => generated 847 bytes in 30 msecs (HTTP/1.1 200) 7 headers in 285 bytes (1 switches on core 0)
2026-07-25 20:53:22.853 8 INFO cinder.api.openstack.wsgi [None req-0b0aacf1-b0ff-4453-b330-0c0126a25b93 6d60fb7d4fc647908b15cfe2cd5f3909 fc009f2a8e2041d58653e14b3749c064 - - default default] GET http://cinder-api.openstack.svc.cluster.local:8776/v3/fc009f2a8e2041d58653e14b3749c064/os-quota-sets/d2645c1d866b481080697687d746cbda?usage=true
2026-07-25 20:53:22.869 8 INFO cinder.api.openstack.wsgi [None req-0b0aacf1-b0ff-4453-b330-0c0126a25b93 6d60fb7d4fc647908b15cfe2cd5f3909 fc009f2a8e2041d58653e14b3749c064 - - default default] http://cinder-api.openstack.svc.cluster.local:8776/v3/fc009f2a8e2041d58653e14b3749c064/os-quota-sets/d2645c1d866b481080697687d746cbda?usage=true returned with HTTP 200 [pid: 8|app: 0|req: 381/774] 10.0.0.191 () {28 vars in 735 bytes} [Sat Jul 25 20:53:22 2026] GET /v3/fc009f2a8e2041d58653e14b3749c064/os-quota-sets/d2645c1d866b481080697687d746cbda?usage=true => generated 847 bytes in 23 msecs (HTTP/1.1 200) 7 headers in 285 bytes (1 switches on core 0)
2026-07-25 20:53:22.878 7 INFO cinder.api.openstack.wsgi [None req-ee380c5f-89e6-46ff-ba08-64cbf1195597 6d60fb7d4fc647908b15cfe2cd5f3909 fc009f2a8e2041d58653e14b3749c064 - - default default] GET http://cinder-api.openstack.svc.cluster.local:8776/v3/fc009f2a8e2041d58653e14b3749c064/os-quota-sets/dcf0fe0b12a643e5b84e3e797176f6eb?usage=true
2026-07-25 20:53:22.894 7 INFO cinder.api.openstack.wsgi [None req-ee380c5f-89e6-46ff-ba08-64cbf1195597 6d60fb7d4fc647908b15cfe2cd5f3909 fc009f2a8e2041d58653e14b3749c064 - - default default] http://cinder-api.openstack.svc.cluster.local:8776/v3/fc009f2a8e2041d58653e14b3749c064/os-quota-sets/dcf0fe0b12a643e5b84e3e797176f6eb?usage=true returned with HTTP 200 [pid: 7|app: 0|req: 394/775] 10.0.0.191 () {28 vars in 735 bytes} [Sat Jul 25 20:53:22 2026] GET /v3/fc009f2a8e2041d58653e14b3749c064/os-quota-sets/dcf0fe0b12a643e5b84e3e797176f6eb?usage=true => generated 847 bytes in 22 msecs (HTTP/1.1 200) 7 headers in 285 bytes (1 switches on core 0)
2026-07-25 20:53:22.904 8 INFO cinder.api.openstack.wsgi [None req-98af94ff-a5c5-4bc2-a53a-961dfa13c1cb 6d60fb7d4fc647908b15cfe2cd5f3909 fc009f2a8e2041d58653e14b3749c064 - - default default] GET http://cinder-api.openstack.svc.cluster.local:8776/v3/fc009f2a8e2041d58653e14b3749c064/os-quota-sets/fc009f2a8e2041d58653e14b3749c064?usage=true
2026-07-25 20:53:22.918 8 INFO cinder.api.openstack.wsgi [None req-98af94ff-a5c5-4bc2-a53a-961dfa13c1cb 6d60fb7d4fc647908b15cfe2cd5f3909 fc009f2a8e2041d58653e14b3749c064 - - default default] http://cinder-api.openstack.svc.cluster.local:8776/v3/fc009f2a8e2041d58653e14b3749c064/os-quota-sets/fc009f2a8e2041d58653e14b3749c064?usage=true returned with HTTP 200 [pid: 8|app: 0|req: 382/776] 10.0.0.191 () {28 vars in 735 bytes} [Sat Jul 25 20:53:22 2026] GET /v3/fc009f2a8e2041d58653e14b3749c064/os-quota-sets/fc009f2a8e2041d58653e14b3749c064?usage=true => generated 847 bytes in 20 msecs (HTTP/1.1 200) 7 headers in 285 bytes (1 switches on core 0)
2026-07-25 20:53:22.926 7 INFO cinder.api.openstack.wsgi [None req-a4953d74-b7f7-4a1c-ad14-7a824e0d900c 6d60fb7d4fc647908b15cfe2cd5f3909 fc009f2a8e2041d58653e14b3749c064 - - default default] GET http://cinder-api.openstack.svc.cluster.local:8776/v3/fc009f2a8e2041d58653e14b3749c064/os-services
2026-07-25 20:53:22.930 7 INFO cinder.api.openstack.wsgi [None req-a4953d74-b7f7-4a1c-ad14-7a824e0d900c 6d60fb7d4fc647908b15cfe2cd5f3909 fc009f2a8e2041d58653e14b3749c064 - - default default] http://cinder-api.openstack.svc.cluster.local:8776/v3/fc009f2a8e2041d58653e14b3749c064/os-services returned with HTTP 200 [pid: 7|app: 0|req: 395/777] 10.0.0.191 () {28 vars in 644 bytes} [Sat Jul 25 20:53:22 2026] GET /v3/fc009f2a8e2041d58653e14b3749c064/os-services => generated 646 bytes in 9 msecs (HTTP/1.1 200) 7 headers in 285 bytes (1 switches on core 0)
2026-07-25 20:53:22.939 8 INFO cinder.api.openstack.wsgi [None req-b7399c92-b839-49e6-9958-90904be654c6 6d60fb7d4fc647908b15cfe2cd5f3909 fc009f2a8e2041d58653e14b3749c064 - - default default] GET http://cinder-api.openstack.svc.cluster.local:8776/v3/fc009f2a8e2041d58653e14b3749c064/volumes/detail?all_tenants=true
2026-07-25 20:53:22.946 8 INFO cinder.volume.api [None req-b7399c92-b839-49e6-9958-90904be654c6 6d60fb7d4fc647908b15cfe2cd5f3909 fc009f2a8e2041d58653e14b3749c064 - - default default] Get all volumes completed successfully. /var/lib/openstack/lib/python3.12/site-packages/oslo_context/context.py:101: DeprecationWarning: Policy enforcement is depending on the value of is_admin. This key is deprecated. Please update your policy file to use the standard policy values. warnings.warn(
2026-07-25 20:53:22.950 8 INFO cinder.api.openstack.wsgi [None req-b7399c92-b839-49e6-9958-90904be654c6 6d60fb7d4fc647908b15cfe2cd5f3909 fc009f2a8e2041d58653e14b3749c064 - - default default] http://cinder-api.openstack.svc.cluster.local:8776/v3/fc009f2a8e2041d58653e14b3749c064/volumes/detail?all_tenants=true returned with HTTP 200 [pid: 8|app: 0|req: 383/778] 10.0.0.191 () {28 vars in 683 bytes} [Sat Jul 25 20:53:22 2026] GET /v3/fc009f2a8e2041d58653e14b3749c064/volumes/detail?all_tenants=true => generated 1678 bytes in 17 msecs (HTTP/1.1 200) 7 headers in 286 bytes (1 switches on core 0)
2026-07-25 20:53:22.958 7 INFO cinder.api.openstack.wsgi [None req-b99405c5-363a-47a4-9ce6-0ed7318f89ce 6d60fb7d4fc647908b15cfe2cd5f3909 fc009f2a8e2041d58653e14b3749c064 - - default default] GET http://cinder-api.openstack.svc.cluster.local:8776/v3/fc009f2a8e2041d58653e14b3749c064/snapshots?all_tenants=true
2026-07-25 20:53:22.962 7 INFO cinder.volume.api [None req-b99405c5-363a-47a4-9ce6-0ed7318f89ce 6d60fb7d4fc647908b15cfe2cd5f3909 fc009f2a8e2041d58653e14b3749c064 - - default default] Get all snapshots completed successfully.
2026-07-25 20:53:22.963 7 INFO cinder.api.openstack.wsgi [None req-b99405c5-363a-47a4-9ce6-0ed7318f89ce 6d60fb7d4fc647908b15cfe2cd5f3909 fc009f2a8e2041d58653e14b3749c064 - - default default] http://cinder-api.openstack.svc.cluster.local:8776/v3/fc009f2a8e2041d58653e14b3749c064/snapshots?all_tenants=true returned with HTTP 200 [pid: 7|app: 0|req: 396/779] 10.0.0.191 () {28 vars in 673 bytes} [Sat Jul 25 20:53:22 2026] GET /v3/fc009f2a8e2041d58653e14b3749c064/snapshots?all_tenants=true => generated 17 bytes in 9 msecs (HTTP/1.1 200) 7 headers in 284 bytes (1 switches on core 0)
2026-07-25 20:53:25.049 7 INFO cinder.api.openstack.wsgi [None req-b99405c5-363a-47a4-9ce6-0ed7318f89ce 6d60fb7d4fc647908b15cfe2cd5f3909 fc009f2a8e2041d58653e14b3749c064 - - default default] GET http://10.0.0.84:8776/
2026-07-25 20:53:25.049 8 INFO cinder.api.openstack.wsgi [None req-b7399c92-b839-49e6-9958-90904be654c6 6d60fb7d4fc647908b15cfe2cd5f3909 fc009f2a8e2041d58653e14b3749c064 - - default default] GET http://10.0.0.84:8776/
2026-07-25 20:53:25.050 7 INFO cinder.api.openstack.wsgi [None req-b99405c5-363a-47a4-9ce6-0ed7318f89ce 6d60fb7d4fc647908b15cfe2cd5f3909 fc009f2a8e2041d58653e14b3749c064 - - default default] http://10.0.0.84:8776/ returned with HTTP 300
2026-07-25 20:53:25.050 8 INFO cinder.api.openstack.wsgi [None req-b7399c92-b839-49e6-9958-90904be654c6 6d60fb7d4fc647908b15cfe2cd5f3909 fc009f2a8e2041d58653e14b3749c064 - - default default] http://10.0.0.84:8776/ returned with HTTP 300 /var/lib/openstack/lib/python3.12/site-packages/pycadf/identifier.py:70: UserWarning: Invalid uuid: cinderv3. To ensure interoperability, identifiers should be a valid uuid. warnings.warn(('Invalid uuid: %s. To ensure interoperability, '
2026-07-25 20:53:26.480 8 INFO cinder.api.openstack.wsgi [req-3024ad73-bfd3-44d0-88ed-0a64ce85c6fc req-9361f8f2-e475-4baf-8439-c57e755dbba4 6d60fb7d4fc647908b15cfe2cd5f3909 fc009f2a8e2041d58653e14b3749c064 - - default default] GET http://cinder-api.openstack.svc.cluster.local:8776/v3/fc009f2a8e2041d58653e14b3749c064/volumes/0459a672-3344-4443-b242-2b1846b21592 /var/lib/openstack/lib/python3.12/site-packages/oslo_context/context.py:101: DeprecationWarning: Policy enforcement is depending on the value of is_admin. This key is deprecated. Please update your policy file to use the standard policy values. warnings.warn(
2026-07-25 20:53:26.496 8 INFO cinder.volume.api [req-3024ad73-bfd3-44d0-88ed-0a64ce85c6fc req-9361f8f2-e475-4baf-8439-c57e755dbba4 6d60fb7d4fc647908b15cfe2cd5f3909 fc009f2a8e2041d58653e14b3749c064 - - default default] Volume info retrieved successfully.
2026-07-25 20:53:26.505 8 INFO cinder.api.openstack.wsgi [req-3024ad73-bfd3-44d0-88ed-0a64ce85c6fc req-9361f8f2-e475-4baf-8439-c57e755dbba4 6d60fb7d4fc647908b15cfe2cd5f3909 fc009f2a8e2041d58653e14b3749c064 - - default default] http://cinder-api.openstack.svc.cluster.local:8776/v3/fc009f2a8e2041d58653e14b3749c064/volumes/0459a672-3344-4443-b242-2b1846b21592 returned with HTTP 200 [pid: 8|app: 0|req: 385/782] 199.19.213.78 () {32 vars in 823 bytes} [Sat Jul 25 20:53:26 2026] GET /v3/fc009f2a8e2041d58653e14b3749c064/volumes/0459a672-3344-4443-b242-2b1846b21592 => generated 1675 bytes in 33 msecs (HTTP/1.1 200) 7 headers in 286 bytes (1 switches on core 0)
2026-07-25 20:53:26.898 7 INFO cinder.api.openstack.wsgi [req-fa29ce38-70e6-4598-aabd-614a4a9bf94e req-b7a36208-bc4c-4579-9261-d2dd043188a0 6d60fb7d4fc647908b15cfe2cd5f3909 fc009f2a8e2041d58653e14b3749c064 - - default default] GET http://cinder-api.openstack.svc.cluster.local:8776/v3/fc009f2a8e2041d58653e14b3749c064/volumes/0459a672-3344-4443-b242-2b1846b21592 /var/lib/openstack/lib/python3.12/site-packages/oslo_context/context.py:101: DeprecationWarning: Policy enforcement is depending on the value of is_admin. This key is deprecated. Please update your policy file to use the standard policy values. warnings.warn(
2026-07-25 20:53:26.909 7 INFO cinder.volume.api [req-fa29ce38-70e6-4598-aabd-614a4a9bf94e req-b7a36208-bc4c-4579-9261-d2dd043188a0 6d60fb7d4fc647908b15cfe2cd5f3909 fc009f2a8e2041d58653e14b3749c064 - - default default] Volume info retrieved successfully.
2026-07-25 20:53:26.913 7 INFO cinder.api.openstack.wsgi [req-fa29ce38-70e6-4598-aabd-614a4a9bf94e req-b7a36208-bc4c-4579-9261-d2dd043188a0 6d60fb7d4fc647908b15cfe2cd5f3909 fc009f2a8e2041d58653e14b3749c064 - - default default] http://cinder-api.openstack.svc.cluster.local:8776/v3/fc009f2a8e2041d58653e14b3749c064/volumes/0459a672-3344-4443-b242-2b1846b21592 returned with HTTP 200 [pid: 7|app: 0|req: 398/783] 10.0.0.110 () {34 vars in 1027 bytes} [Sat Jul 25 20:53:26 2026] GET /v3/fc009f2a8e2041d58653e14b3749c064/volumes/0459a672-3344-4443-b242-2b1846b21592 => generated 1675 bytes in 22 msecs (HTTP/1.1 200) 7 headers in 286 bytes (1 switches on core 0) /var/lib/openstack/lib/python3.12/site-packages/pycadf/identifier.py:70: UserWarning: Invalid uuid: cinderv3. To ensure interoperability, identifiers should be a valid uuid. warnings.warn(('Invalid uuid: %s. To ensure interoperability, '
2026-07-25 20:53:27.308 8 INFO cinder.api.openstack.wsgi [req-fa29ce38-70e6-4598-aabd-614a4a9bf94e req-7bc4b45f-c45a-47b8-9d72-f32bf9fe6441 6d60fb7d4fc647908b15cfe2cd5f3909 fc009f2a8e2041d58653e14b3749c064 - - default default] GET http://cinder-api.openstack.svc.cluster.local:8776/v3/fc009f2a8e2041d58653e14b3749c064/volumes/0459a672-3344-4443-b242-2b1846b21592 /var/lib/openstack/lib/python3.12/site-packages/oslo_context/context.py:101: DeprecationWarning: Policy enforcement is depending on the value of is_admin. This key is deprecated. Please update your policy file to use the standard policy values. warnings.warn(
2026-07-25 20:53:27.322 8 INFO cinder.volume.api [req-fa29ce38-70e6-4598-aabd-614a4a9bf94e req-7bc4b45f-c45a-47b8-9d72-f32bf9fe6441 6d60fb7d4fc647908b15cfe2cd5f3909 fc009f2a8e2041d58653e14b3749c064 - - default default] Volume info retrieved successfully.
2026-07-25 20:53:27.326 8 INFO cinder.api.openstack.wsgi [req-fa29ce38-70e6-4598-aabd-614a4a9bf94e req-7bc4b45f-c45a-47b8-9d72-f32bf9fe6441 6d60fb7d4fc647908b15cfe2cd5f3909 fc009f2a8e2041d58653e14b3749c064 - - default default] http://cinder-api.openstack.svc.cluster.local:8776/v3/fc009f2a8e2041d58653e14b3749c064/volumes/0459a672-3344-4443-b242-2b1846b21592 returned with HTTP 200 [pid: 8|app: 0|req: 386/784] 10.0.0.110 () {34 vars in 1027 bytes} [Sat Jul 25 20:53:27 2026] GET /v3/fc009f2a8e2041d58653e14b3749c064/volumes/0459a672-3344-4443-b242-2b1846b21592 => generated 1675 bytes in 25 msecs (HTTP/1.1 200) 7 headers in 286 bytes (1 switches on core 0)
2026-07-25 20:53:27.332 7 INFO cinder.api.openstack.wsgi [req-fa29ce38-70e6-4598-aabd-614a4a9bf94e req-b7a36208-bc4c-4579-9261-d2dd043188a0 6d60fb7d4fc647908b15cfe2cd5f3909 fc009f2a8e2041d58653e14b3749c064 - - default default] GET http://cinder-api.openstack.svc.cluster.local:8776/
2026-07-25 20:53:27.333 7 INFO cinder.api.openstack.wsgi [req-fa29ce38-70e6-4598-aabd-614a4a9bf94e req-b7a36208-bc4c-4579-9261-d2dd043188a0 6d60fb7d4fc647908b15cfe2cd5f3909 fc009f2a8e2041d58653e14b3749c064 - - default default] http://cinder-api.openstack.svc.cluster.local:8776/ returned with HTTP 300 [pid: 7|app: 0|req: 399/785] 10.0.0.110 () {32 vars in 828 bytes} [Sat Jul 25 20:53:27 2026] GET / => generated 411 bytes in 1 msecs (HTTP/1.1 300) 5 headers in 169 bytes (1 switches on core 0) /var/lib/openstack/lib/python3.12/site-packages/pycadf/identifier.py:70: UserWarning: Invalid uuid: cinderv3. To ensure interoperability, identifiers should be a valid uuid. warnings.warn(('Invalid uuid: %s. To ensure interoperability, '
2026-07-25 20:53:27.347 8 INFO cinder.api.openstack.wsgi [req-fa29ce38-70e6-4598-aabd-614a4a9bf94e req-2d4d9812-8c56-4543-a7da-08ed425fd315 6d60fb7d4fc647908b15cfe2cd5f3909 fc009f2a8e2041d58653e14b3749c064 - - default default] POST http://cinder-api.openstack.svc.cluster.local:8776/v3/fc009f2a8e2041d58653e14b3749c064/attachments /var/lib/openstack/lib/python3.12/site-packages/oslo_context/context.py:101: DeprecationWarning: Policy enforcement is depending on the value of is_admin. This key is deprecated. Please update your policy file to use the standard policy values. warnings.warn(
2026-07-25 20:53:27.384 8 INFO cinder.api.openstack.wsgi [req-fa29ce38-70e6-4598-aabd-614a4a9bf94e req-2d4d9812-8c56-4543-a7da-08ed425fd315 6d60fb7d4fc647908b15cfe2cd5f3909 fc009f2a8e2041d58653e14b3749c064 - - default default] http://cinder-api.openstack.svc.cluster.local:8776/v3/fc009f2a8e2041d58653e14b3749c064/attachments returned with HTTP 200 [pid: 8|app: 0|req: 387/786] 10.0.0.110 () {40 vars in 1056 bytes} [Sat Jul 25 20:53:27 2026] POST /v3/fc009f2a8e2041d58653e14b3749c064/attachments => generated 273 bytes in 48 msecs (HTTP/1.1 200) 7 headers in 286 bytes (1 switches on core 0) /var/lib/openstack/lib/python3.12/site-packages/pycadf/identifier.py:70: UserWarning: Invalid uuid: cinderv3. To ensure interoperability, identifiers should be a valid uuid. warnings.warn(('Invalid uuid: %s. To ensure interoperability, '
2026-07-25 20:53:30.742 7 INFO cinder.api.openstack.wsgi [req-3024ad73-bfd3-44d0-88ed-0a64ce85c6fc req-36fa4f2a-f59f-436b-a69a-d40f47eb6163 6d60fb7d4fc647908b15cfe2cd5f3909 fc009f2a8e2041d58653e14b3749c064 - - default default] GET http://cinder-api.openstack.svc.cluster.local:8776/v3/fc009f2a8e2041d58653e14b3749c064/volumes/0459a672-3344-4443-b242-2b1846b21592 /var/lib/openstack/lib/python3.12/site-packages/oslo_context/context.py:101: DeprecationWarning: Policy enforcement is depending on the value of is_admin. This key is deprecated. Please update your policy file to use the standard policy values. warnings.warn(
2026-07-25 20:53:30.761 7 INFO cinder.volume.api [req-3024ad73-bfd3-44d0-88ed-0a64ce85c6fc req-36fa4f2a-f59f-436b-a69a-d40f47eb6163 6d60fb7d4fc647908b15cfe2cd5f3909 fc009f2a8e2041d58653e14b3749c064 - - default default] Volume info retrieved successfully.
2026-07-25 20:53:30.767 7 INFO cinder.api.openstack.wsgi [req-3024ad73-bfd3-44d0-88ed-0a64ce85c6fc req-36fa4f2a-f59f-436b-a69a-d40f47eb6163 6d60fb7d4fc647908b15cfe2cd5f3909 fc009f2a8e2041d58653e14b3749c064 - - default default] http://cinder-api.openstack.svc.cluster.local:8776/v3/fc009f2a8e2041d58653e14b3749c064/volumes/0459a672-3344-4443-b242-2b1846b21592 returned with HTTP 200 [pid: 7|app: 0|req: 400/787] 199.19.213.78 () {32 vars in 823 bytes} [Sat Jul 25 20:53:30 2026] GET /v3/fc009f2a8e2041d58653e14b3749c064/volumes/0459a672-3344-4443-b242-2b1846b21592 => generated 1674 bytes in 30 msecs (HTTP/1.1 200) 7 headers in 286 bytes (1 switches on core 0)
2026-07-25 20:53:32.768 8 INFO cinder.api.openstack.wsgi [req-fa29ce38-70e6-4598-aabd-614a4a9bf94e req-2d4d9812-8c56-4543-a7da-08ed425fd315 6d60fb7d4fc647908b15cfe2cd5f3909 fc009f2a8e2041d58653e14b3749c064 - - default default] GET http://cinder-api.openstack.svc.cluster.local:8776/
2026-07-25 20:53:32.769 8 INFO cinder.api.openstack.wsgi [req-fa29ce38-70e6-4598-aabd-614a4a9bf94e req-2d4d9812-8c56-4543-a7da-08ed425fd315 6d60fb7d4fc647908b15cfe2cd5f3909 fc009f2a8e2041d58653e14b3749c064 - - default default] http://cinder-api.openstack.svc.cluster.local:8776/ returned with HTTP 300 [pid: 8|app: 0|req: 388/788] 199.19.213.78 () {32 vars in 838 bytes} [Sat Jul 25 20:53:32 2026] GET / => generated 411 bytes in 3 msecs (HTTP/1.1 300) 5 headers in 169 bytes (1 switches on core 0) /var/lib/openstack/lib/python3.12/site-packages/pycadf/identifier.py:70: UserWarning: Invalid uuid: cinderv3. To ensure interoperability, identifiers should be a valid uuid. warnings.warn(('Invalid uuid: %s. To ensure interoperability, '
2026-07-25 20:53:32.780 7 INFO cinder.api.openstack.wsgi [req-fa29ce38-70e6-4598-aabd-614a4a9bf94e req-360714ca-440b-496d-8a12-e703594c89c8 6d60fb7d4fc647908b15cfe2cd5f3909 fc009f2a8e2041d58653e14b3749c064 - - default default] GET http://cinder-api.openstack.svc.cluster.local:8776/v3/fc009f2a8e2041d58653e14b3749c064/volumes/0459a672-3344-4443-b242-2b1846b21592 /var/lib/openstack/lib/python3.12/site-packages/oslo_context/context.py:101: DeprecationWarning: Policy enforcement is depending on the value of is_admin. This key is deprecated. Please update your policy file to use the standard policy values. warnings.warn(
2026-07-25 20:53:33.050 7 INFO cinder.volume.api [req-fa29ce38-70e6-4598-aabd-614a4a9bf94e req-360714ca-440b-496d-8a12-e703594c89c8 6d60fb7d4fc647908b15cfe2cd5f3909 fc009f2a8e2041d58653e14b3749c064 - - default default] Volume info retrieved successfully.
2026-07-25 20:53:33.056 7 INFO cinder.api.openstack.wsgi [req-fa29ce38-70e6-4598-aabd-614a4a9bf94e req-360714ca-440b-496d-8a12-e703594c89c8 6d60fb7d4fc647908b15cfe2cd5f3909 fc009f2a8e2041d58653e14b3749c064 - - default default] http://cinder-api.openstack.svc.cluster.local:8776/v3/fc009f2a8e2041d58653e14b3749c064/volumes/0459a672-3344-4443-b242-2b1846b21592 returned with HTTP 200 [pid: 7|app: 0|req: 401/789] 199.19.213.78 () {36 vars in 1071 bytes} [Sat Jul 25 20:53:32 2026] GET /v3/fc009f2a8e2041d58653e14b3749c064/volumes/0459a672-3344-4443-b242-2b1846b21592 => generated 1898 bytes in 284 msecs (HTTP/1.1 200) 7 headers in 287 bytes (1 switches on core 0) /var/lib/openstack/lib/python3.12/site-packages/pycadf/identifier.py:70: UserWarning: Invalid uuid: cinderv3. To ensure interoperability, identifiers should be a valid uuid. warnings.warn(('Invalid uuid: %s. To ensure interoperability, '
2026-07-25 20:53:33.131 8 INFO cinder.api.openstack.wsgi [req-fa29ce38-70e6-4598-aabd-614a4a9bf94e req-b20d3702-1715-43a2-b692-ee63c2113bab 6d60fb7d4fc647908b15cfe2cd5f3909 fc009f2a8e2041d58653e14b3749c064 - - default default] PUT http://cinder-api.openstack.svc.cluster.local:8776/v3/fc009f2a8e2041d58653e14b3749c064/attachments/5d075388-115e-4510-aa23-30c7b6d16dd5 /var/lib/openstack/lib/python3.12/site-packages/oslo_context/context.py:101: DeprecationWarning: Policy enforcement is depending on the value of is_admin. This key is deprecated. Please update your policy file to use the standard policy values. warnings.warn( /var/lib/openstack/lib/python3.12/site-packages/pycadf/identifier.py:70: UserWarning: Invalid uuid: cinderv3. To ensure interoperability, identifiers should be a valid uuid. warnings.warn(('Invalid uuid: %s. To ensure interoperability, '
2026-07-25 20:53:33.893 7 INFO cinder.api.openstack.wsgi [req-3024ad73-bfd3-44d0-88ed-0a64ce85c6fc req-e109e0b4-9e2a-40ce-853d-8e6426963a2e 6d60fb7d4fc647908b15cfe2cd5f3909 fc009f2a8e2041d58653e14b3749c064 - - default default] GET http://cinder-api.openstack.svc.cluster.local:8776/v3/fc009f2a8e2041d58653e14b3749c064/volumes/0459a672-3344-4443-b242-2b1846b21592 /var/lib/openstack/lib/python3.12/site-packages/oslo_context/context.py:101: DeprecationWarning: Policy enforcement is depending on the value of is_admin. This key is deprecated. Please update your policy file to use the standard policy values. warnings.warn(
2026-07-25 20:53:33.912 7 INFO cinder.volume.api [req-3024ad73-bfd3-44d0-88ed-0a64ce85c6fc req-e109e0b4-9e2a-40ce-853d-8e6426963a2e 6d60fb7d4fc647908b15cfe2cd5f3909 fc009f2a8e2041d58653e14b3749c064 - - default default] Volume info retrieved successfully.
2026-07-25 20:53:33.917 7 INFO cinder.api.openstack.wsgi [req-3024ad73-bfd3-44d0-88ed-0a64ce85c6fc req-e109e0b4-9e2a-40ce-853d-8e6426963a2e 6d60fb7d4fc647908b15cfe2cd5f3909 fc009f2a8e2041d58653e14b3749c064 - - default default] http://cinder-api.openstack.svc.cluster.local:8776/v3/fc009f2a8e2041d58653e14b3749c064/volumes/0459a672-3344-4443-b242-2b1846b21592 returned with HTTP 200 [pid: 7|app: 0|req: 402/790] 199.19.213.78 () {32 vars in 823 bytes} [Sat Jul 25 20:53:33 2026] GET /v3/fc009f2a8e2041d58653e14b3749c064/volumes/0459a672-3344-4443-b242-2b1846b21592 => generated 1675 bytes in 31 msecs (HTTP/1.1 200) 7 headers in 286 bytes (1 switches on core 0)
2026-07-25 20:53:34.173 8 INFO cinder.api.openstack.wsgi [req-fa29ce38-70e6-4598-aabd-614a4a9bf94e req-b20d3702-1715-43a2-b692-ee63c2113bab 6d60fb7d4fc647908b15cfe2cd5f3909 fc009f2a8e2041d58653e14b3749c064 - - default default] http://cinder-api.openstack.svc.cluster.local:8776/v3/fc009f2a8e2041d58653e14b3749c064/attachments/5d075388-115e-4510-aa23-30c7b6d16dd5 returned with HTTP 200 [pid: 8|app: 0|req: 389/791] 199.19.213.78 () {40 vars in 1133 bytes} [Sat Jul 25 20:53:33 2026] PUT /v3/fc009f2a8e2041d58653e14b3749c064/attachments/5d075388-115e-4510-aa23-30c7b6d16dd5 => generated 802 bytes in 1053 msecs (HTTP/1.1 200) 7 headers in 286 bytes (1 switches on core 0) /var/lib/openstack/lib/python3.12/site-packages/pycadf/identifier.py:70: UserWarning: Invalid uuid: cinderv3. To ensure interoperability, identifiers should be a valid uuid. warnings.warn(('Invalid uuid: %s. To ensure interoperability, '
2026-07-25 20:53:34.692 7 INFO cinder.api.openstack.wsgi [req-fa29ce38-70e6-4598-aabd-614a4a9bf94e req-7380a403-9a2d-48b3-a422-c190d5784dcc 6d60fb7d4fc647908b15cfe2cd5f3909 fc009f2a8e2041d58653e14b3749c064 - - default default] POST http://cinder-api.openstack.svc.cluster.local:8776/v3/fc009f2a8e2041d58653e14b3749c064/attachments/5d075388-115e-4510-aa23-30c7b6d16dd5/action /var/lib/openstack/lib/python3.12/site-packages/oslo_context/context.py:101: DeprecationWarning: Policy enforcement is depending on the value of is_admin. This key is deprecated. Please update your policy file to use the standard policy values. warnings.warn(
2026-07-25 20:53:34.726 7 INFO cinder.api.openstack.wsgi [req-fa29ce38-70e6-4598-aabd-614a4a9bf94e req-7380a403-9a2d-48b3-a422-c190d5784dcc 6d60fb7d4fc647908b15cfe2cd5f3909 fc009f2a8e2041d58653e14b3749c064 - - default default] http://cinder-api.openstack.svc.cluster.local:8776/v3/fc009f2a8e2041d58653e14b3749c064/attachments/5d075388-115e-4510-aa23-30c7b6d16dd5/action returned with HTTP 204 [pid: 7|app: 0|req: 403/792] 199.19.213.78 () {40 vars in 1146 bytes} [Sat Jul 25 20:53:34 2026] POST /v3/fc009f2a8e2041d58653e14b3749c064/attachments/5d075388-115e-4510-aa23-30c7b6d16dd5/action => generated 0 bytes in 41 msecs (HTTP/1.1 204) 7 headers in 292 bytes (1 switches on core 0)
2026-07-25 20:53:35.048 8 INFO cinder.api.openstack.wsgi [req-fa29ce38-70e6-4598-aabd-614a4a9bf94e req-b20d3702-1715-43a2-b692-ee63c2113bab 6d60fb7d4fc647908b15cfe2cd5f3909 fc009f2a8e2041d58653e14b3749c064 - - default default] GET http://10.0.0.84:8776/
2026-07-25 20:53:35.048 7 INFO cinder.api.openstack.wsgi [req-fa29ce38-70e6-4598-aabd-614a4a9bf94e req-7380a403-9a2d-48b3-a422-c190d5784dcc 6d60fb7d4fc647908b15cfe2cd5f3909 fc009f2a8e2041d58653e14b3749c064 - - default default] GET http://10.0.0.84:8776/
2026-07-25 20:53:35.048 7 INFO cinder.api.openstack.wsgi [req-fa29ce38-70e6-4598-aabd-614a4a9bf94e req-7380a403-9a2d-48b3-a422-c190d5784dcc 6d60fb7d4fc647908b15cfe2cd5f3909 fc009f2a8e2041d58653e14b3749c064 - - default default] http://10.0.0.84:8776/ returned with HTTP 300
2026-07-25 20:53:35.048 8 INFO cinder.api.openstack.wsgi [req-fa29ce38-70e6-4598-aabd-614a4a9bf94e req-b20d3702-1715-43a2-b692-ee63c2113bab 6d60fb7d4fc647908b15cfe2cd5f3909 fc009f2a8e2041d58653e14b3749c064 - - default default] http://10.0.0.84:8776/ returned with HTTP 300 /var/lib/openstack/lib/python3.12/site-packages/pycadf/identifier.py:70: UserWarning: Invalid uuid: cinderv3. To ensure interoperability, identifiers should be a valid uuid. warnings.warn(('Invalid uuid: %s. To ensure interoperability, '
2026-07-25 20:53:36.658 7 INFO cinder.api.openstack.wsgi [req-3024ad73-bfd3-44d0-88ed-0a64ce85c6fc req-c8c8b486-7862-4a4f-ab79-ab577d5f73a0 6d60fb7d4fc647908b15cfe2cd5f3909 fc009f2a8e2041d58653e14b3749c064 - - default default] GET http://cinder-api.openstack.svc.cluster.local:8776/v3/fc009f2a8e2041d58653e14b3749c064/volumes/0459a672-3344-4443-b242-2b1846b21592 /var/lib/openstack/lib/python3.12/site-packages/oslo_context/context.py:101: DeprecationWarning: Policy enforcement is depending on the value of is_admin. This key is deprecated. Please update your policy file to use the standard policy values. warnings.warn(
2026-07-25 20:53:36.674 7 INFO cinder.volume.api [req-3024ad73-bfd3-44d0-88ed-0a64ce85c6fc req-c8c8b486-7862-4a4f-ab79-ab577d5f73a0 6d60fb7d4fc647908b15cfe2cd5f3909 fc009f2a8e2041d58653e14b3749c064 - - default default] Volume info retrieved successfully.
2026-07-25 20:53:36.679 7 INFO cinder.api.openstack.wsgi [req-3024ad73-bfd3-44d0-88ed-0a64ce85c6fc req-c8c8b486-7862-4a4f-ab79-ab577d5f73a0 6d60fb7d4fc647908b15cfe2cd5f3909 fc009f2a8e2041d58653e14b3749c064 - - default default] http://cinder-api.openstack.svc.cluster.local:8776/v3/fc009f2a8e2041d58653e14b3749c064/volumes/0459a672-3344-4443-b242-2b1846b21592 returned with HTTP 200 [pid: 7|app: 0|req: 405/795] 199.19.213.78 () {32 vars in 823 bytes} [Sat Jul 25 20:53:36 2026] GET /v3/fc009f2a8e2041d58653e14b3749c064/volumes/0459a672-3344-4443-b242-2b1846b21592 => generated 1973 bytes in 26 msecs (HTTP/1.1 200) 7 headers in 286 bytes (1 switches on core 0) /var/lib/openstack/lib/python3.12/site-packages/pycadf/identifier.py:70: UserWarning: Invalid uuid: cinderv3. To ensure interoperability, identifiers should be a valid uuid. warnings.warn(('Invalid uuid: %s. To ensure interoperability, '
2026-07-25 20:53:39.779 8 INFO cinder.api.openstack.wsgi [req-3024ad73-bfd3-44d0-88ed-0a64ce85c6fc req-89ba3b5f-ddcd-48b4-a4e0-5c4cbf485719 6d60fb7d4fc647908b15cfe2cd5f3909 fc009f2a8e2041d58653e14b3749c064 - - default default] GET http://cinder-api.openstack.svc.cluster.local:8776/v3/fc009f2a8e2041d58653e14b3749c064/volumes/0459a672-3344-4443-b242-2b1846b21592 /var/lib/openstack/lib/python3.12/site-packages/oslo_context/context.py:101: DeprecationWarning: Policy enforcement is depending on the value of is_admin. This key is deprecated. Please update your policy file to use the standard policy values. warnings.warn(
2026-07-25 20:53:39.795 8 INFO cinder.volume.api [req-3024ad73-bfd3-44d0-88ed-0a64ce85c6fc req-89ba3b5f-ddcd-48b4-a4e0-5c4cbf485719 6d60fb7d4fc647908b15cfe2cd5f3909 fc009f2a8e2041d58653e14b3749c064 - - default default] Volume info retrieved successfully.
2026-07-25 20:53:39.800 8 INFO cinder.api.openstack.wsgi [req-3024ad73-bfd3-44d0-88ed-0a64ce85c6fc req-89ba3b5f-ddcd-48b4-a4e0-5c4cbf485719 6d60fb7d4fc647908b15cfe2cd5f3909 fc009f2a8e2041d58653e14b3749c064 - - default default] http://cinder-api.openstack.svc.cluster.local:8776/v3/fc009f2a8e2041d58653e14b3749c064/volumes/0459a672-3344-4443-b242-2b1846b21592 returned with HTTP 200 [pid: 8|app: 0|req: 391/796] 199.19.213.78 () {32 vars in 823 bytes} [Sat Jul 25 20:53:39 2026] GET /v3/fc009f2a8e2041d58653e14b3749c064/volumes/0459a672-3344-4443-b242-2b1846b21592 => generated 1973 bytes in 25 msecs (HTTP/1.1 200) 7 headers in 286 bytes (1 switches on core 0) /var/lib/openstack/lib/python3.12/site-packages/pycadf/identifier.py:70: UserWarning: Invalid uuid: cinderv3. To ensure interoperability, identifiers should be a valid uuid. warnings.warn(('Invalid uuid: %s. To ensure interoperability, '
2026-07-25 20:53:42.584 7 INFO cinder.api.openstack.wsgi [req-3024ad73-bfd3-44d0-88ed-0a64ce85c6fc req-d1403f92-18bd-48f4-9a22-c5a885e0ed0f 6d60fb7d4fc647908b15cfe2cd5f3909 fc009f2a8e2041d58653e14b3749c064 - - default default] GET http://cinder-api.openstack.svc.cluster.local:8776/v3/fc009f2a8e2041d58653e14b3749c064/volumes/0459a672-3344-4443-b242-2b1846b21592 /var/lib/openstack/lib/python3.12/site-packages/oslo_context/context.py:101: DeprecationWarning: Policy enforcement is depending on the value of is_admin. This key is deprecated. Please update your policy file to use the standard policy values. warnings.warn(
2026-07-25 20:53:42.601 7 INFO cinder.volume.api [req-3024ad73-bfd3-44d0-88ed-0a64ce85c6fc req-d1403f92-18bd-48f4-9a22-c5a885e0ed0f 6d60fb7d4fc647908b15cfe2cd5f3909 fc009f2a8e2041d58653e14b3749c064 - - default default] Volume info retrieved successfully.
