2026-07-25 20:48:06.710 7 INFO placement.requestlog [None req-90030f68-ca32-411b-ba6a-edc841e7e535 e33029903b1f47f887ceff04cfad5bc2 50d3865a48c448c491ce842f44c0b148 - - cf3eec43d18f4219b5259bb3be8901ec cf3eec43d18f4219b5259bb3be8901ec] 10.0.0.193 "GET /resource_providers/015637f0-413f-4ed3-8b48-f370b5e20026/aggregates" status: 404 len: 235 microversion: 1.1 [pid: 7|app: 0|req: 245/490] 10.0.0.193 () {32 vars in 816 bytes} [Sat Jul 25 20:48:06 2026] GET /resource_providers/015637f0-413f-4ed3-8b48-f370b5e20026/aggregates => generated 235 bytes in 10 msecs (HTTP/1.1 404) 5 headers in 202 bytes (1 switches on core 0)
2026-07-25 20:48:06.726 7 INFO placement.requestlog [None req-caf33458-e70d-4429-8b58-634a52f2ba5a e33029903b1f47f887ceff04cfad5bc2 50d3865a48c448c491ce842f44c0b148 - - cf3eec43d18f4219b5259bb3be8901ec cf3eec43d18f4219b5259bb3be8901ec] 10.0.0.193 "DELETE /resource_providers/015637f0-413f-4ed3-8b48-f370b5e20026" status: 404 len: 246 microversion: 1.1 [pid: 7|app: 0|req: 246/491] 10.0.0.193 () {34 vars in 816 bytes} [Sat Jul 25 20:48:06 2026] DELETE /resource_providers/015637f0-413f-4ed3-8b48-f370b5e20026 => generated 246 bytes in 6 msecs (HTTP/1.1 404) 6 headers in 231 bytes (1 switches on core 0)
2026-07-25 20:48:06.729 8 INFO placement.requestlog [None req-d07c46ec-c409-4784-8cb9-83c0cd8ca16f e33029903b1f47f887ceff04cfad5bc2 50d3865a48c448c491ce842f44c0b148 - - cf3eec43d18f4219b5259bb3be8901ec cf3eec43d18f4219b5259bb3be8901ec] 10.0.0.193 "DELETE /resource_providers/015637f0-413f-4ed3-8b48-f370b5e20026" status: 404 len: 246 microversion: 1.1 [pid: 8|app: 0|req: 246/492] 10.0.0.193 () {34 vars in 816 bytes} [Sat Jul 25 20:48:06 2026] DELETE /resource_providers/015637f0-413f-4ed3-8b48-f370b5e20026 => generated 246 bytes in 10 msecs (HTTP/1.1 404) 6 headers in 231 bytes (1 switches on core 0)
2026-07-25 20:48:10.980 7 INFO placement.requestlog [None req-d3328fa0-9af9-4045-8b16-c52c4c8fedd4 - - - - - -] 10.0.0.146 "GET /" status: 200 len: 136 microversion: 1.0
2026-07-25 20:48:10.981 8 INFO placement.requestlog [None req-21edded8-9636-486f-a029-28976537fc5d - - - - - -] 10.0.0.146 "GET /" status: 200 len: 136 microversion: 1.0
2026-07-25 20:48:18.640 7 INFO placement.requestlog [req-75e5e378-4513-4f36-956e-53eea3ea2089 req-62e56e87-0e0e-4c66-91ea-45961cf14c34 12d7d0912b364d75bf94e12ea87850f0 50d3865a48c448c491ce842f44c0b148 - - cf3eec43d18f4219b5259bb3be8901ec cf3eec43d18f4219b5259bb3be8901ec] 10.0.0.181 "GET /allocation_candidates?limit=1000&resources=DISK_GB%3A1%2CMEMORY_MB%3A512%2CVCPU%3A1&root_required=%21COMPUTE_STATUS_DISABLED" status: 200 len: 2783 microversion: 1.36 [pid: 7|app: 0|req: 248/495] 10.0.0.181 () {34 vars in 1012 bytes} [Sat Jul 25 20:48:18 2026] GET /allocation_candidates?limit=1000&resources=DISK_GB%3A1%2CMEMORY_MB%3A512%2CVCPU%3A1&root_required=%21COMPUTE_STATUS_DISABLED => generated 2783 bytes in 46 msecs (HTTP/1.1 200) 8 headers in 297 bytes (1 switches on core 0)
2026-07-25 20:48:18.678 8 INFO placement.requestlog [req-75e5e378-4513-4f36-956e-53eea3ea2089 req-97423346-fbd9-4a8d-a627-c5c99d34965b 12d7d0912b364d75bf94e12ea87850f0 50d3865a48c448c491ce842f44c0b148 - - cf3eec43d18f4219b5259bb3be8901ec cf3eec43d18f4219b5259bb3be8901ec] 10.0.0.181 "GET /allocations/93ffa23e-fb19-4770-91a4-533a39b47e86" status: 200 len: 19 microversion: 1.28 [pid: 8|app: 0|req: 248/496] 10.0.0.181 () {34 vars in 861 bytes} [Sat Jul 25 20:48:18 2026] GET /allocations/93ffa23e-fb19-4770-91a4-533a39b47e86 => generated 19 bytes in 15 msecs (HTTP/1.1 200) 8 headers in 295 bytes (1 switches on core 0)
2026-07-25 20:48:18.754 7 INFO placement.requestlog [req-75e5e378-4513-4f36-956e-53eea3ea2089 req-2db76e2a-bbcf-4136-925d-0c67b1084d58 12d7d0912b364d75bf94e12ea87850f0 50d3865a48c448c491ce842f44c0b148 - - cf3eec43d18f4219b5259bb3be8901ec cf3eec43d18f4219b5259bb3be8901ec] 10.0.0.181 "PUT /allocations/93ffa23e-fb19-4770-91a4-533a39b47e86" status: 204 len: 0 microversion: 1.36 [pid: 7|app: 0|req: 249/497] 10.0.0.181 () {38 vars in 914 bytes} [Sat Jul 25 20:48:18 2026] PUT /allocations/93ffa23e-fb19-4770-91a4-533a39b47e86 => generated 0 bytes in 71 msecs (HTTP/1.1 204) 5 headers in 199 bytes (1 switches on core 0)
2026-07-25 20:48:18.807 8 INFO placement.requestlog [req-30ddb213-ec35-4a32-bccd-1fd8686ceba5 req-b8d72ecd-75d2-46a2-879d-be5ed1367d70 12d7d0912b364d75bf94e12ea87850f0 50d3865a48c448c491ce842f44c0b148 - - cf3eec43d18f4219b5259bb3be8901ec cf3eec43d18f4219b5259bb3be8901ec] 10.0.0.181 "GET /allocation_candidates?limit=1000&resources=DISK_GB%3A1%2CMEMORY_MB%3A512%2CVCPU%3A1&root_required=%21COMPUTE_STATUS_DISABLED" status: 200 len: 2784 microversion: 1.36 [pid: 8|app: 0|req: 249/498] 10.0.0.181 () {34 vars in 1012 bytes} [Sat Jul 25 20:48:18 2026] GET /allocation_candidates?limit=1000&resources=DISK_GB%3A1%2CMEMORY_MB%3A512%2CVCPU%3A1&root_required=%21COMPUTE_STATUS_DISABLED => generated 2784 bytes in 54 msecs (HTTP/1.1 200) 8 headers in 297 bytes (1 switches on core 0)
2026-07-25 20:48:18.853 7 INFO placement.requestlog [req-30ddb213-ec35-4a32-bccd-1fd8686ceba5 req-90c0ee68-c4a1-4200-9130-3b7e5a25dfd5 12d7d0912b364d75bf94e12ea87850f0 50d3865a48c448c491ce842f44c0b148 - - cf3eec43d18f4219b5259bb3be8901ec cf3eec43d18f4219b5259bb3be8901ec] 10.0.0.181 "GET /allocations/a14bbdd5-d455-45c4-b3c8-af2e651ab837" status: 200 len: 19 microversion: 1.28 [pid: 7|app: 0|req: 250/499] 10.0.0.181 () {34 vars in 861 bytes} [Sat Jul 25 20:48:18 2026] GET /allocations/a14bbdd5-d455-45c4-b3c8-af2e651ab837 => generated 19 bytes in 14 msecs (HTTP/1.1 200) 8 headers in 295 bytes (1 switches on core 0)
2026-07-25 20:48:18.937 8 INFO placement.requestlog [req-30ddb213-ec35-4a32-bccd-1fd8686ceba5 req-00d7f236-bd46-43e4-a5e6-4b7e0ea154fc 12d7d0912b364d75bf94e12ea87850f0 50d3865a48c448c491ce842f44c0b148 - - cf3eec43d18f4219b5259bb3be8901ec cf3eec43d18f4219b5259bb3be8901ec] 10.0.0.181 "PUT /allocations/a14bbdd5-d455-45c4-b3c8-af2e651ab837" status: 204 len: 0 microversion: 1.36 [pid: 8|app: 0|req: 250/500] 10.0.0.181 () {38 vars in 914 bytes} [Sat Jul 25 20:48:18 2026] PUT /allocations/a14bbdd5-d455-45c4-b3c8-af2e651ab837 => generated 0 bytes in 78 msecs (HTTP/1.1 204) 5 headers in 199 bytes (1 switches on core 0)
2026-07-25 20:48:20.273 7 INFO placement.requestlog [req-75e5e378-4513-4f36-956e-53eea3ea2089 req-85334e40-f113-4a4f-b128-f97a24822fab 12d7d0912b364d75bf94e12ea87850f0 50d3865a48c448c491ce842f44c0b148 - - cf3eec43d18f4219b5259bb3be8901ec cf3eec43d18f4219b5259bb3be8901ec] 199.19.213.78 "GET /allocations/93ffa23e-fb19-4770-91a4-533a39b47e86" status: 200 len: 257 microversion: 1.28 [pid: 7|app: 0|req: 251/501] 199.19.213.78 () {34 vars in 862 bytes} [Sat Jul 25 20:48:20 2026] GET /allocations/93ffa23e-fb19-4770-91a4-533a39b47e86 => generated 257 bytes in 9 msecs (HTTP/1.1 200) 8 headers in 296 bytes (1 switches on core 0)
2026-07-25 20:48:20.527 8 INFO placement.requestlog [req-30ddb213-ec35-4a32-bccd-1fd8686ceba5 req-0bdbc423-9abd-4c3f-8f9e-5e3cc79d0c1b 12d7d0912b364d75bf94e12ea87850f0 50d3865a48c448c491ce842f44c0b148 - - cf3eec43d18f4219b5259bb3be8901ec cf3eec43d18f4219b5259bb3be8901ec] 199.19.213.78 "GET /allocations/a14bbdd5-d455-45c4-b3c8-af2e651ab837" status: 200 len: 257 microversion: 1.28 [pid: 8|app: 0|req: 251/502] 199.19.213.78 () {34 vars in 862 bytes} [Sat Jul 25 20:48:20 2026] GET /allocations/a14bbdd5-d455-45c4-b3c8-af2e651ab837 => generated 257 bytes in 10 msecs (HTTP/1.1 200) 8 headers in 296 bytes (1 switches on core 0)
2026-07-25 20:48:20.984 7 INFO placement.requestlog [None req-2061e2ce-af44-4b8a-adee-27376320e324 - - - - - -] 10.0.0.146 "GET /" status: 200 len: 136 microversion: 1.0
2026-07-25 20:48:20.985 8 INFO placement.requestlog [None req-60c2fab3-1c6a-4743-b727-b350a6339bc6 - - - - - -] 10.0.0.146 "GET /" status: 200 len: 136 microversion: 1.0
2026-07-25 20:48:21.313 7 INFO placement.requestlog [req-75e5e378-4513-4f36-956e-53eea3ea2089 req-7c8981bc-c0f9-47e5-aa65-1df8d672df53 12d7d0912b364d75bf94e12ea87850f0 50d3865a48c448c491ce842f44c0b148 - - cf3eec43d18f4219b5259bb3be8901ec cf3eec43d18f4219b5259bb3be8901ec] 199.19.213.78 "GET /resource_providers/3122a1b7-4fdd-4101-a520-c71fa9a7dfce/allocations" status: 200 len: 352 microversion: 1.0 [pid: 7|app: 0|req: 253/505] 199.19.213.78 () {32 vars in 856 bytes} [Sat Jul 25 20:48:21 2026] GET /resource_providers/3122a1b7-4fdd-4101-a520-c71fa9a7dfce/allocations => generated 352 bytes in 16 msecs (HTTP/1.1 200) 6 headers in 224 bytes (1 switches on core 0)
2026-07-25 20:48:21.332 8 INFO placement.requestlog [req-75e5e378-4513-4f36-956e-53eea3ea2089 req-2479020d-abbd-4b21-9321-68e465cbbb9d 12d7d0912b364d75bf94e12ea87850f0 50d3865a48c448c491ce842f44c0b148 - - cf3eec43d18f4219b5259bb3be8901ec cf3eec43d18f4219b5259bb3be8901ec] 199.19.213.78 "GET /allocations/93ffa23e-fb19-4770-91a4-533a39b47e86" status: 200 len: 257 microversion: 1.28 [pid: 8|app: 0|req: 253/506] 199.19.213.78 () {34 vars in 862 bytes} [Sat Jul 25 20:48:21 2026] GET /allocations/93ffa23e-fb19-4770-91a4-533a39b47e86 => generated 257 bytes in 10 msecs (HTTP/1.1 200) 8 headers in 296 bytes (1 switches on core 0)
2026-07-25 20:48:21.351 7 INFO placement.requestlog [req-75e5e378-4513-4f36-956e-53eea3ea2089 req-9bc09419-50c5-4506-b7b5-2db5a5a21cb0 12d7d0912b364d75bf94e12ea87850f0 50d3865a48c448c491ce842f44c0b148 - - cf3eec43d18f4219b5259bb3be8901ec cf3eec43d18f4219b5259bb3be8901ec] 199.19.213.78 "GET /allocations/0f72672f-7625-4545-b166-39986dbb1255" status: 200 len: 257 microversion: 1.28 [pid: 7|app: 0|req: 254/507] 199.19.213.78 () {34 vars in 862 bytes} [Sat Jul 25 20:48:21 2026] GET /allocations/0f72672f-7625-4545-b166-39986dbb1255 => generated 257 bytes in 9 msecs (HTTP/1.1 200) 8 headers in 296 bytes (1 switches on core 0)
2026-07-25 20:48:21.374 8 INFO placement.requestlog [req-75e5e378-4513-4f36-956e-53eea3ea2089 req-2b4630af-78d8-462b-9d51-92ae0bd44de0 12d7d0912b364d75bf94e12ea87850f0 50d3865a48c448c491ce842f44c0b148 - - cf3eec43d18f4219b5259bb3be8901ec cf3eec43d18f4219b5259bb3be8901ec] 199.19.213.78 "GET /allocations/a14bbdd5-d455-45c4-b3c8-af2e651ab837" status: 200 len: 257 microversion: 1.28 [pid: 8|app: 0|req: 254/508] 199.19.213.78 () {34 vars in 862 bytes} [Sat Jul 25 20:48:21 2026] GET /allocations/a14bbdd5-d455-45c4-b3c8-af2e651ab837 => generated 257 bytes in 17 msecs (HTTP/1.1 200) 8 headers in 296 bytes (1 switches on core 0)
2026-07-25 20:48:22.638 7 INFO placement.requestlog [None req-ef314480-c536-409b-9702-4f3ad2233306 e33029903b1f47f887ceff04cfad5bc2 50d3865a48c448c491ce842f44c0b148 - - cf3eec43d18f4219b5259bb3be8901ec cf3eec43d18f4219b5259bb3be8901ec] 10.0.0.193 "GET /resource_providers/dce0fbab-6e46-4c4a-b958-a4b5cc7b6569/aggregates" status: 404 len: 235 microversion: 1.1 [pid: 7|app: 0|req: 255/509] 10.0.0.193 () {32 vars in 816 bytes} [Sat Jul 25 20:48:22 2026] GET /resource_providers/dce0fbab-6e46-4c4a-b958-a4b5cc7b6569/aggregates => generated 235 bytes in 11 msecs (HTTP/1.1 404) 5 headers in 202 bytes (1 switches on core 0)
2026-07-25 20:48:22.641 8 INFO placement.requestlog [None req-2435753a-9df9-456a-a44a-8dfc49aa10f9 e33029903b1f47f887ceff04cfad5bc2 50d3865a48c448c491ce842f44c0b148 - - cf3eec43d18f4219b5259bb3be8901ec cf3eec43d18f4219b5259bb3be8901ec] 10.0.0.193 "GET /resource_providers/dce0fbab-6e46-4c4a-b958-a4b5cc7b6569/aggregates" status: 404 len: 235 microversion: 1.1 [pid: 8|app: 0|req: 255/510] 10.0.0.193 () {32 vars in 816 bytes} [Sat Jul 25 20:48:22 2026] GET /resource_providers/dce0fbab-6e46-4c4a-b958-a4b5cc7b6569/aggregates => generated 235 bytes in 11 msecs (HTTP/1.1 404) 5 headers in 202 bytes (1 switches on core 0)
2026-07-25 20:48:22.658 7 INFO placement.requestlog [None req-beefca2e-3ec9-44da-8b6b-0eba23bb1049 e33029903b1f47f887ceff04cfad5bc2 50d3865a48c448c491ce842f44c0b148 - - cf3eec43d18f4219b5259bb3be8901ec cf3eec43d18f4219b5259bb3be8901ec] 10.0.0.193 "DELETE /resource_providers/dce0fbab-6e46-4c4a-b958-a4b5cc7b6569" status: 404 len: 246 microversion: 1.1 [pid: 7|app: 0|req: 256/511] 10.0.0.193 () {34 vars in 816 bytes} [Sat Jul 25 20:48:22 2026] DELETE /resource_providers/dce0fbab-6e46-4c4a-b958-a4b5cc7b6569 => generated 246 bytes in 5 msecs (HTTP/1.1 404) 6 headers in 231 bytes (1 switches on core 0)
2026-07-25 20:48:22.663 8 INFO placement.requestlog [None req-9f61d3bb-a55c-4556-94a2-b1c6834f5fda e33029903b1f47f887ceff04cfad5bc2 50d3865a48c448c491ce842f44c0b148 - - cf3eec43d18f4219b5259bb3be8901ec cf3eec43d18f4219b5259bb3be8901ec] 10.0.0.193 "DELETE /resource_providers/dce0fbab-6e46-4c4a-b958-a4b5cc7b6569" status: 404 len: 246 microversion: 1.1 [pid: 8|app: 0|req: 256/512] 10.0.0.193 () {34 vars in 816 bytes} [Sat Jul 25 20:48:22 2026] DELETE /resource_providers/dce0fbab-6e46-4c4a-b958-a4b5cc7b6569 => generated 246 bytes in 7 msecs (HTTP/1.1 404) 6 headers in 231 bytes (1 switches on core 0)
2026-07-25 20:48:22.966 7 INFO placement.requestlog [None req-9272db3a-6112-4f32-b973-f32a86485727 e33029903b1f47f887ceff04cfad5bc2 50d3865a48c448c491ce842f44c0b148 - - cf3eec43d18f4219b5259bb3be8901ec cf3eec43d18f4219b5259bb3be8901ec] 10.0.0.193 "GET /resource_providers/03a1dd85-eb0e-4f0e-a92f-fccbd7d12930/aggregates" status: 404 len: 235 microversion: 1.1 [pid: 7|app: 0|req: 257/513] 10.0.0.193 () {32 vars in 816 bytes} [Sat Jul 25 20:48:22 2026] GET /resource_providers/03a1dd85-eb0e-4f0e-a92f-fccbd7d12930/aggregates => generated 235 bytes in 6 msecs (HTTP/1.1 404) 5 headers in 202 bytes (1 switches on core 0)
2026-07-25 20:48:22.969 8 INFO placement.requestlog [None req-4e914dfa-786f-4414-bc52-63a54df9db3d e33029903b1f47f887ceff04cfad5bc2 50d3865a48c448c491ce842f44c0b148 - - cf3eec43d18f4219b5259bb3be8901ec cf3eec43d18f4219b5259bb3be8901ec] 10.0.0.193 "GET /resource_providers/03a1dd85-eb0e-4f0e-a92f-fccbd7d12930/aggregates" status: 404 len: 235 microversion: 1.1 [pid: 8|app: 0|req: 257/514] 10.0.0.193 () {32 vars in 816 bytes} [Sat Jul 25 20:48:22 2026] GET /resource_providers/03a1dd85-eb0e-4f0e-a92f-fccbd7d12930/aggregates => generated 235 bytes in 8 msecs (HTTP/1.1 404) 5 headers in 202 bytes (1 switches on core 0)
2026-07-25 20:48:22.988 8 INFO placement.requestlog [None req-12f46dc9-8efe-4844-bbf8-fce0d1c2f332 e33029903b1f47f887ceff04cfad5bc2 50d3865a48c448c491ce842f44c0b148 - - cf3eec43d18f4219b5259bb3be8901ec cf3eec43d18f4219b5259bb3be8901ec] 10.0.0.193 "DELETE /resource_providers/03a1dd85-eb0e-4f0e-a92f-fccbd7d12930" status: 404 len: 246 microversion: 1.1 [pid: 8|app: 0|req: 258/515] 10.0.0.193 () {34 vars in 816 bytes} [Sat Jul 25 20:48:22 2026] DELETE /resource_providers/03a1dd85-eb0e-4f0e-a92f-fccbd7d12930 => generated 246 bytes in 9 msecs (HTTP/1.1 404) 6 headers in 231 bytes (1 switches on core 0)
2026-07-25 20:48:22.992 7 INFO placement.requestlog [None req-7797b641-eda6-4484-8f4d-a8271e5f816e e33029903b1f47f887ceff04cfad5bc2 50d3865a48c448c491ce842f44c0b148 - - cf3eec43d18f4219b5259bb3be8901ec cf3eec43d18f4219b5259bb3be8901ec] 10.0.0.193 "DELETE /resource_providers/03a1dd85-eb0e-4f0e-a92f-fccbd7d12930" status: 404 len: 246 microversion: 1.1 [pid: 7|app: 0|req: 258/516] 10.0.0.193 () {34 vars in 816 bytes} [Sat Jul 25 20:48:22 2026] DELETE /resource_providers/03a1dd85-eb0e-4f0e-a92f-fccbd7d12930 => generated 246 bytes in 16 msecs (HTTP/1.1 404) 6 headers in 231 bytes (1 switches on core 0)
2026-07-25 20:48:23.442 8 INFO placement.requestlog [req-30ddb213-ec35-4a32-bccd-1fd8686ceba5 req-28dad2f4-b67e-43ef-aab3-10aeca2e866a 12d7d0912b364d75bf94e12ea87850f0 50d3865a48c448c491ce842f44c0b148 - - cf3eec43d18f4219b5259bb3be8901ec cf3eec43d18f4219b5259bb3be8901ec] 199.19.213.78 "GET /resource_providers/3122a1b7-4fdd-4101-a520-c71fa9a7dfce/allocations" status: 200 len: 352 microversion: 1.0 [pid: 8|app: 0|req: 259/517] 199.19.213.78 () {32 vars in 856 bytes} [Sat Jul 25 20:48:23 2026] GET /resource_providers/3122a1b7-4fdd-4101-a520-c71fa9a7dfce/allocations => generated 352 bytes in 12 msecs (HTTP/1.1 200) 6 headers in 224 bytes (1 switches on core 0)
2026-07-25 20:48:23.462 7 INFO placement.requestlog [req-30ddb213-ec35-4a32-bccd-1fd8686ceba5 req-c3ec2568-ecaf-4654-bd55-3f557a8ad6e4 12d7d0912b364d75bf94e12ea87850f0 50d3865a48c448c491ce842f44c0b148 - - cf3eec43d18f4219b5259bb3be8901ec cf3eec43d18f4219b5259bb3be8901ec] 199.19.213.78 "GET /allocations/93ffa23e-fb19-4770-91a4-533a39b47e86" status: 200 len: 257 microversion: 1.28 [pid: 7|app: 0|req: 259/518] 199.19.213.78 () {34 vars in 862 bytes} [Sat Jul 25 20:48:23 2026] GET /allocations/93ffa23e-fb19-4770-91a4-533a39b47e86 => generated 257 bytes in 14 msecs (HTTP/1.1 200) 8 headers in 296 bytes (1 switches on core 0)
2026-07-25 20:48:23.479 8 INFO placement.requestlog [req-30ddb213-ec35-4a32-bccd-1fd8686ceba5 req-4c015403-a05c-4acc-afd8-a67b787caa26 12d7d0912b364d75bf94e12ea87850f0 50d3865a48c448c491ce842f44c0b148 - - cf3eec43d18f4219b5259bb3be8901ec cf3eec43d18f4219b5259bb3be8901ec] 199.19.213.78 "GET /allocations/0f72672f-7625-4545-b166-39986dbb1255" status: 200 len: 257 microversion: 1.28 [pid: 8|app: 0|req: 260/519] 199.19.213.78 () {34 vars in 862 bytes} [Sat Jul 25 20:48:23 2026] GET /allocations/0f72672f-7625-4545-b166-39986dbb1255 => generated 257 bytes in 10 msecs (HTTP/1.1 200) 8 headers in 296 bytes (1 switches on core 0)
2026-07-25 20:48:23.495 7 INFO placement.requestlog [req-30ddb213-ec35-4a32-bccd-1fd8686ceba5 req-7073f72c-cce1-48f1-888c-f281df02c4fc 12d7d0912b364d75bf94e12ea87850f0 50d3865a48c448c491ce842f44c0b148 - - cf3eec43d18f4219b5259bb3be8901ec cf3eec43d18f4219b5259bb3be8901ec] 199.19.213.78 "GET /allocations/a14bbdd5-d455-45c4-b3c8-af2e651ab837" status: 200 len: 257 microversion: 1.28 [pid: 7|app: 0|req: 260/520] 199.19.213.78 () {34 vars in 862 bytes} [Sat Jul 25 20:48:23 2026] GET /allocations/a14bbdd5-d455-45c4-b3c8-af2e651ab837 => generated 257 bytes in 11 msecs (HTTP/1.1 200) 8 headers in 296 bytes (1 switches on core 0)
2026-07-25 20:48:25.848 8 INFO placement.requestlog [req-03810401-1bcf-441e-9bce-75b060dec212 req-ea2e849b-e976-48c3-8b79-db7200747492 12d7d0912b364d75bf94e12ea87850f0 50d3865a48c448c491ce842f44c0b148 - - cf3eec43d18f4219b5259bb3be8901ec cf3eec43d18f4219b5259bb3be8901ec] 199.19.213.78 "GET /resource_providers/3122a1b7-4fdd-4101-a520-c71fa9a7dfce/allocations" status: 200 len: 352 microversion: 1.0 [pid: 8|app: 0|req: 261/521] 199.19.213.78 () {32 vars in 856 bytes} [Sat Jul 25 20:48:25 2026] GET /resource_providers/3122a1b7-4fdd-4101-a520-c71fa9a7dfce/allocations => generated 352 bytes in 17 msecs (HTTP/1.1 200) 6 headers in 224 bytes (1 switches on core 0)
2026-07-25 20:48:25.865 7 INFO placement.requestlog [req-03810401-1bcf-441e-9bce-75b060dec212 req-8faa7d35-2510-440d-82c5-cb5cd64518ad 12d7d0912b364d75bf94e12ea87850f0 50d3865a48c448c491ce842f44c0b148 - - cf3eec43d18f4219b5259bb3be8901ec cf3eec43d18f4219b5259bb3be8901ec] 199.19.213.78 "GET /allocations/93ffa23e-fb19-4770-91a4-533a39b47e86" status: 200 len: 257 microversion: 1.28 [pid: 7|app: 0|req: 261/522] 199.19.213.78 () {34 vars in 862 bytes} [Sat Jul 25 20:48:25 2026] GET /allocations/93ffa23e-fb19-4770-91a4-533a39b47e86 => generated 257 bytes in 11 msecs (HTTP/1.1 200) 8 headers in 296 bytes (1 switches on core 0)
2026-07-25 20:48:25.884 8 INFO placement.requestlog [req-03810401-1bcf-441e-9bce-75b060dec212 req-950b58af-967d-40c7-8dbe-cdd0c5f268fa 12d7d0912b364d75bf94e12ea87850f0 50d3865a48c448c491ce842f44c0b148 - - cf3eec43d18f4219b5259bb3be8901ec cf3eec43d18f4219b5259bb3be8901ec] 199.19.213.78 "GET /allocations/0f72672f-7625-4545-b166-39986dbb1255" status: 200 len: 257 microversion: 1.28 [pid: 8|app: 0|req: 262/523] 199.19.213.78 () {34 vars in 862 bytes} [Sat Jul 25 20:48:25 2026] GET /allocations/0f72672f-7625-4545-b166-39986dbb1255 => generated 257 bytes in 13 msecs (HTTP/1.1 200) 8 headers in 296 bytes (1 switches on core 0)
2026-07-25 20:48:25.906 7 INFO placement.requestlog [req-03810401-1bcf-441e-9bce-75b060dec212 req-4ae7b6ec-402e-40a8-aa4d-d61130efbea9 12d7d0912b364d75bf94e12ea87850f0 50d3865a48c448c491ce842f44c0b148 - - cf3eec43d18f4219b5259bb3be8901ec cf3eec43d18f4219b5259bb3be8901ec] 199.19.213.78 "GET /allocations/a14bbdd5-d455-45c4-b3c8-af2e651ab837" status: 200 len: 257 microversion: 1.28 [pid: 7|app: 0|req: 262/524] 199.19.213.78 () {34 vars in 862 bytes} [Sat Jul 25 20:48:25 2026] GET /allocations/a14bbdd5-d455-45c4-b3c8-af2e651ab837 => generated 257 bytes in 15 msecs (HTTP/1.1 200) 8 headers in 296 bytes (1 switches on core 0)
2026-07-25 20:48:26.953 8 INFO placement.requestlog [req-03810401-1bcf-441e-9bce-75b060dec212 req-b2fdfb88-114c-48fa-a10c-3e8607062e65 12d7d0912b364d75bf94e12ea87850f0 50d3865a48c448c491ce842f44c0b148 - - cf3eec43d18f4219b5259bb3be8901ec cf3eec43d18f4219b5259bb3be8901ec] 199.19.213.78 "DELETE /allocations/0f72672f-7625-4545-b166-39986dbb1255" status: 204 len: 0 microversion: 1.0 [pid: 8|app: 0|req: 263/525] 199.19.213.78 () {34 vars in 840 bytes} [Sat Jul 25 20:48:26 2026] DELETE /allocations/0f72672f-7625-4545-b166-39986dbb1255 => generated 0 bytes in 22 msecs (HTTP/1.1 204) 5 headers in 198 bytes (1 switches on core 0)
2026-07-25 20:48:28.790 7 INFO placement.requestlog [None req-e85d953a-0727-43c5-929c-37adedceb492 e33029903b1f47f887ceff04cfad5bc2 50d3865a48c448c491ce842f44c0b148 - - cf3eec43d18f4219b5259bb3be8901ec cf3eec43d18f4219b5259bb3be8901ec] 10.0.0.193 "GET /resource_providers/eeff01fb-2105-4bac-b9b6-367565e8ccea/aggregates" status: 404 len: 235 microversion: 1.1 [pid: 7|app: 0|req: 263/526] 10.0.0.193 () {32 vars in 816 bytes} [Sat Jul 25 20:48:28 2026] GET /resource_providers/eeff01fb-2105-4bac-b9b6-367565e8ccea/aggregates => generated 235 bytes in 9 msecs (HTTP/1.1 404) 5 headers in 202 bytes (1 switches on core 0)
2026-07-25 20:48:28.796 8 INFO placement.requestlog [None req-d6a38fd3-07e9-4b63-90df-c9365e6e6548 e33029903b1f47f887ceff04cfad5bc2 50d3865a48c448c491ce842f44c0b148 - - cf3eec43d18f4219b5259bb3be8901ec cf3eec43d18f4219b5259bb3be8901ec] 10.0.0.193 "GET /resource_providers/eeff01fb-2105-4bac-b9b6-367565e8ccea/aggregates" status: 404 len: 235 microversion: 1.1 [pid: 8|app: 0|req: 264/527] 10.0.0.193 () {32 vars in 816 bytes} [Sat Jul 25 20:48:28 2026] GET /resource_providers/eeff01fb-2105-4bac-b9b6-367565e8ccea/aggregates => generated 235 bytes in 8 msecs (HTTP/1.1 404) 5 headers in 202 bytes (1 switches on core 0)
2026-07-25 20:48:28.816 7 INFO placement.requestlog [None req-73302a4c-b655-4f00-b07f-dba1eace46ec e33029903b1f47f887ceff04cfad5bc2 50d3865a48c448c491ce842f44c0b148 - - cf3eec43d18f4219b5259bb3be8901ec cf3eec43d18f4219b5259bb3be8901ec] 10.0.0.193 "DELETE /resource_providers/eeff01fb-2105-4bac-b9b6-367565e8ccea" status: 404 len: 246 microversion: 1.1 [pid: 7|app: 0|req: 264/528] 10.0.0.193 () {34 vars in 816 bytes} [Sat Jul 25 20:48:28 2026] DELETE /resource_providers/eeff01fb-2105-4bac-b9b6-367565e8ccea => generated 246 bytes in 10 msecs (HTTP/1.1 404) 6 headers in 231 bytes (1 switches on core 0)
2026-07-25 20:48:28.819 8 INFO placement.requestlog [None req-586441f7-6b03-4814-a817-0f3ed93d415b e33029903b1f47f887ceff04cfad5bc2 50d3865a48c448c491ce842f44c0b148 - - cf3eec43d18f4219b5259bb3be8901ec cf3eec43d18f4219b5259bb3be8901ec] 10.0.0.193 "DELETE /resource_providers/eeff01fb-2105-4bac-b9b6-367565e8ccea" status: 404 len: 246 microversion: 1.1 [pid: 8|app: 0|req: 265/529] 10.0.0.193 () {34 vars in 816 bytes} [Sat Jul 25 20:48:28 2026] DELETE /resource_providers/eeff01fb-2105-4bac-b9b6-367565e8ccea => generated 246 bytes in 12 msecs (HTTP/1.1 404) 6 headers in 231 bytes (1 switches on core 0)
2026-07-25 20:48:30.980 7 INFO placement.requestlog [None req-c649c99a-40b7-48c9-9122-3b75e01998b5 - - - - - -] 10.0.0.146 "GET /" status: 200 len: 136 microversion: 1.0
2026-07-25 20:48:30.980 8 INFO placement.requestlog [None req-b9531ad5-81b7-4903-9605-9acfe5efbf5d - - - - - -] 10.0.0.146 "GET /" status: 200 len: 136 microversion: 1.0
2026-07-25 20:48:31.937 8 INFO placement.requestlog [None req-0b05c5b3-434b-4700-a304-0fb6dfb72218 e33029903b1f47f887ceff04cfad5bc2 50d3865a48c448c491ce842f44c0b148 - - cf3eec43d18f4219b5259bb3be8901ec cf3eec43d18f4219b5259bb3be8901ec] 10.0.0.193 "GET /resource_providers/5f74ba1e-3e59-4f8b-990f-2fc736f28ba9/aggregates" status: 404 len: 235 microversion: 1.1 [pid: 8|app: 0|req: 267/532] 10.0.0.193 () {32 vars in 816 bytes} [Sat Jul 25 20:48:31 2026] GET /resource_providers/5f74ba1e-3e59-4f8b-990f-2fc736f28ba9/aggregates => generated 235 bytes in 8 msecs (HTTP/1.1 404) 5 headers in 202 bytes (1 switches on core 0)
2026-07-25 20:48:31.943 7 INFO placement.requestlog [None req-c074db8d-86bf-4f5a-9d82-5172fdd74bdc e33029903b1f47f887ceff04cfad5bc2 50d3865a48c448c491ce842f44c0b148 - - cf3eec43d18f4219b5259bb3be8901ec cf3eec43d18f4219b5259bb3be8901ec] 10.0.0.193 "GET /resource_providers/5f74ba1e-3e59-4f8b-990f-2fc736f28ba9/aggregates" status: 404 len: 235 microversion: 1.1 [pid: 7|app: 0|req: 266/533] 10.0.0.193 () {32 vars in 816 bytes} [Sat Jul 25 20:48:31 2026] GET /resource_providers/5f74ba1e-3e59-4f8b-990f-2fc736f28ba9/aggregates => generated 235 bytes in 10 msecs (HTTP/1.1 404) 5 headers in 202 bytes (1 switches on core 0)
2026-07-25 20:48:31.962 8 INFO placement.requestlog [None req-76446d2a-278e-47b4-a6c0-6200da89a1d2 e33029903b1f47f887ceff04cfad5bc2 50d3865a48c448c491ce842f44c0b148 - - cf3eec43d18f4219b5259bb3be8901ec cf3eec43d18f4219b5259bb3be8901ec] 10.0.0.193 "DELETE /resource_providers/5f74ba1e-3e59-4f8b-990f-2fc736f28ba9" status: 404 len: 246 microversion: 1.1 [pid: 8|app: 0|req: 268/534] 10.0.0.193 () {34 vars in 816 bytes} [Sat Jul 25 20:48:31 2026] DELETE /resource_providers/5f74ba1e-3e59-4f8b-990f-2fc736f28ba9 => generated 246 bytes in 10 msecs (HTTP/1.1 404) 6 headers in 231 bytes (1 switches on core 0)
2026-07-25 20:48:31.966 7 INFO placement.requestlog [None req-0f08dd67-c4fb-4cb8-8079-a4a1f67a5f0f e33029903b1f47f887ceff04cfad5bc2 50d3865a48c448c491ce842f44c0b148 - - cf3eec43d18f4219b5259bb3be8901ec cf3eec43d18f4219b5259bb3be8901ec] 10.0.0.193 "DELETE /resource_providers/5f74ba1e-3e59-4f8b-990f-2fc736f28ba9" status: 404 len: 246 microversion: 1.1 [pid: 7|app: 0|req: 267/535] 10.0.0.193 () {34 vars in 816 bytes} [Sat Jul 25 20:48:31 2026] DELETE /resource_providers/5f74ba1e-3e59-4f8b-990f-2fc736f28ba9 => generated 246 bytes in 6 msecs (HTTP/1.1 404) 6 headers in 231 bytes (1 switches on core 0)
2026-07-25 20:48:33.991 8 INFO placement.requestlog [None req-be2e9374-a486-4b38-a3f9-e4a4213bf023 e33029903b1f47f887ceff04cfad5bc2 50d3865a48c448c491ce842f44c0b148 - - cf3eec43d18f4219b5259bb3be8901ec cf3eec43d18f4219b5259bb3be8901ec] 10.0.0.193 "GET /resource_providers/9b01a7f4-b52c-48cb-98b1-d73b72dd1bcf/aggregates" status: 404 len: 235 microversion: 1.1 [pid: 8|app: 0|req: 269/536] 10.0.0.193 () {32 vars in 816 bytes} [Sat Jul 25 20:48:33 2026] GET /resource_providers/9b01a7f4-b52c-48cb-98b1-d73b72dd1bcf/aggregates => generated 235 bytes in 11 msecs (HTTP/1.1 404) 5 headers in 202 bytes (1 switches on core 0)
2026-07-25 20:48:34.026 7 INFO placement.requestlog [None req-4c8d5f40-ece2-4741-86d9-ab3beac90a24 e33029903b1f47f887ceff04cfad5bc2 50d3865a48c448c491ce842f44c0b148 - - cf3eec43d18f4219b5259bb3be8901ec cf3eec43d18f4219b5259bb3be8901ec] 10.0.0.193 "GET /resource_providers/9b01a7f4-b52c-48cb-98b1-d73b72dd1bcf/aggregates" status: 404 len: 235 microversion: 1.1 [pid: 7|app: 0|req: 268/537] 10.0.0.193 () {32 vars in 816 bytes} [Sat Jul 25 20:48:33 2026] GET /resource_providers/9b01a7f4-b52c-48cb-98b1-d73b72dd1bcf/aggregates => generated 235 bytes in 46 msecs (HTTP/1.1 404) 5 headers in 202 bytes (1 switches on core 0)
2026-07-25 20:48:34.032 8 INFO placement.requestlog [None req-860948b3-43db-47dc-973c-9b70affb0e3e e33029903b1f47f887ceff04cfad5bc2 50d3865a48c448c491ce842f44c0b148 - - cf3eec43d18f4219b5259bb3be8901ec cf3eec43d18f4219b5259bb3be8901ec] 10.0.0.193 "DELETE /resource_providers/9b01a7f4-b52c-48cb-98b1-d73b72dd1bcf" status: 404 len: 246 microversion: 1.1 [pid: 8|app: 0|req: 270/538] 10.0.0.193 () {34 vars in 816 bytes} [Sat Jul 25 20:48:34 2026] DELETE /resource_providers/9b01a7f4-b52c-48cb-98b1-d73b72dd1bcf => generated 246 bytes in 11 msecs (HTTP/1.1 404) 6 headers in 231 bytes (1 switches on core 0)
2026-07-25 20:48:34.054 7 INFO placement.requestlog [None req-47385c25-50ee-491c-82e4-9019989f48f8 e33029903b1f47f887ceff04cfad5bc2 50d3865a48c448c491ce842f44c0b148 - - cf3eec43d18f4219b5259bb3be8901ec cf3eec43d18f4219b5259bb3be8901ec] 10.0.0.193 "DELETE /resource_providers/9b01a7f4-b52c-48cb-98b1-d73b72dd1bcf" status: 404 len: 246 microversion: 1.1 [pid: 7|app: 0|req: 269/539] 10.0.0.193 () {34 vars in 816 bytes} [Sat Jul 25 20:48:34 2026] DELETE /resource_providers/9b01a7f4-b52c-48cb-98b1-d73b72dd1bcf => generated 246 bytes in 12 msecs (HTTP/1.1 404) 6 headers in 231 bytes (1 switches on core 0)
2026-07-25 20:48:37.977 8 INFO placement.requestlog [req-c0ed4f1f-8607-4bc2-a99d-5a6d60c2ac81 req-538364ed-0532-4506-b869-578b6bd87603 12d7d0912b364d75bf94e12ea87850f0 50d3865a48c448c491ce842f44c0b148 - - cf3eec43d18f4219b5259bb3be8901ec cf3eec43d18f4219b5259bb3be8901ec] 199.19.213.78 "GET /resource_providers/3122a1b7-4fdd-4101-a520-c71fa9a7dfce/allocations" status: 200 len: 252 microversion: 1.0 [pid: 8|app: 0|req: 271/540] 199.19.213.78 () {32 vars in 856 bytes} [Sat Jul 25 20:48:37 2026] GET /resource_providers/3122a1b7-4fdd-4101-a520-c71fa9a7dfce/allocations => generated 252 bytes in 21 msecs (HTTP/1.1 200) 6 headers in 224 bytes (1 switches on core 0)
2026-07-25 20:48:38.006 7 INFO placement.requestlog [req-c0ed4f1f-8607-4bc2-a99d-5a6d60c2ac81 req-7cd74779-d867-41a5-a56c-fd03c53e46fc 12d7d0912b364d75bf94e12ea87850f0 50d3865a48c448c491ce842f44c0b148 - - cf3eec43d18f4219b5259bb3be8901ec cf3eec43d18f4219b5259bb3be8901ec] 199.19.213.78 "GET /resource_providers/3122a1b7-4fdd-4101-a520-c71fa9a7dfce/allocations" status: 200 len: 252 microversion: 1.0 [pid: 7|app: 0|req: 270/541] 199.19.213.78 () {32 vars in 856 bytes} [Sat Jul 25 20:48:37 2026] GET /resource_providers/3122a1b7-4fdd-4101-a520-c71fa9a7dfce/allocations => generated 252 bytes in 20 msecs (HTTP/1.1 200) 6 headers in 224 bytes (1 switches on core 0)
2026-07-25 20:48:38.027 8 INFO placement.requestlog [req-c0ed4f1f-8607-4bc2-a99d-5a6d60c2ac81 req-fb17b1bc-874e-477b-8a37-ef69bb5234c9 12d7d0912b364d75bf94e12ea87850f0 50d3865a48c448c491ce842f44c0b148 - - cf3eec43d18f4219b5259bb3be8901ec cf3eec43d18f4219b5259bb3be8901ec] 199.19.213.78 "GET /allocations/93ffa23e-fb19-4770-91a4-533a39b47e86" status: 200 len: 257 microversion: 1.28 [pid: 8|app: 0|req: 272/542] 199.19.213.78 () {34 vars in 862 bytes} [Sat Jul 25 20:48:38 2026] GET /allocations/93ffa23e-fb19-4770-91a4-533a39b47e86 => generated 257 bytes in 14 msecs (HTTP/1.1 200) 8 headers in 296 bytes (1 switches on core 0)
2026-07-25 20:48:38.046 7 INFO placement.requestlog [req-c0ed4f1f-8607-4bc2-a99d-5a6d60c2ac81 req-3d9276b3-79d4-4cb5-ab69-0a0268f9af04 12d7d0912b364d75bf94e12ea87850f0 50d3865a48c448c491ce842f44c0b148 - - cf3eec43d18f4219b5259bb3be8901ec cf3eec43d18f4219b5259bb3be8901ec] 199.19.213.78 "GET /allocations/a14bbdd5-d455-45c4-b3c8-af2e651ab837" status: 200 len: 257 microversion: 1.28 [pid: 7|app: 0|req: 271/543] 199.19.213.78 () {34 vars in 862 bytes} [Sat Jul 25 20:48:38 2026] GET /allocations/a14bbdd5-d455-45c4-b3c8-af2e651ab837 => generated 257 bytes in 11 msecs (HTTP/1.1 200) 8 headers in 296 bytes (1 switches on core 0)
2026-07-25 20:48:40.981 7 INFO placement.requestlog [None req-131caca6-efef-414c-b881-50204ea569b6 - - - - - -] 10.0.0.146 "GET /" status: 200 len: 136 microversion: 1.0
2026-07-25 20:48:40.982 8 INFO placement.requestlog [None req-b1688ee2-8ead-466b-b160-ae6c7431a44e - - - - - -] 10.0.0.146 "GET /" status: 200 len: 136 microversion: 1.0
2026-07-25 20:48:45.002 7 INFO placement.requestlog [req-bdd66109-9136-4352-84eb-b7c65908c3d9 req-8f1b3bc9-7afd-4175-a34c-0b3ad447f9df 12d7d0912b364d75bf94e12ea87850f0 50d3865a48c448c491ce842f44c0b148 - - cf3eec43d18f4219b5259bb3be8901ec cf3eec43d18f4219b5259bb3be8901ec] 10.0.0.181 "GET /allocation_candidates?limit=1000&resources=DISK_GB%3A1%2CMEMORY_MB%3A512%2CVCPU%3A1&root_required=%21COMPUTE_STATUS_DISABLED" status: 200 len: 2784 microversion: 1.36 [pid: 7|app: 0|req: 273/546] 10.0.0.181 () {34 vars in 1012 bytes} [Sat Jul 25 20:48:44 2026] GET /allocation_candidates?limit=1000&resources=DISK_GB%3A1%2CMEMORY_MB%3A512%2CVCPU%3A1&root_required=%21COMPUTE_STATUS_DISABLED => generated 2784 bytes in 38 msecs (HTTP/1.1 200) 8 headers in 297 bytes (1 switches on core 0)
2026-07-25 20:48:45.035 8 INFO placement.requestlog [req-bdd66109-9136-4352-84eb-b7c65908c3d9 req-ef398721-3839-4e0e-b589-ca3537256244 12d7d0912b364d75bf94e12ea87850f0 50d3865a48c448c491ce842f44c0b148 - - cf3eec43d18f4219b5259bb3be8901ec cf3eec43d18f4219b5259bb3be8901ec] 10.0.0.181 "GET /allocations/e338d8bc-6c4e-4fe5-bfb8-805ba54c9f39" status: 200 len: 19 microversion: 1.28 [pid: 8|app: 0|req: 274/547] 10.0.0.181 () {34 vars in 861 bytes} [Sat Jul 25 20:48:45 2026] GET /allocations/e338d8bc-6c4e-4fe5-bfb8-805ba54c9f39 => generated 19 bytes in 11 msecs (HTTP/1.1 200) 8 headers in 295 bytes (1 switches on core 0)
2026-07-25 20:48:45.098 7 INFO placement.requestlog [req-bdd66109-9136-4352-84eb-b7c65908c3d9 req-b524b108-716b-4cba-be5d-c1f6a682d63a 12d7d0912b364d75bf94e12ea87850f0 50d3865a48c448c491ce842f44c0b148 - - cf3eec43d18f4219b5259bb3be8901ec cf3eec43d18f4219b5259bb3be8901ec] 10.0.0.181 "PUT /allocations/e338d8bc-6c4e-4fe5-bfb8-805ba54c9f39" status: 204 len: 0 microversion: 1.36 [pid: 7|app: 0|req: 274/548] 10.0.0.181 () {38 vars in 914 bytes} [Sat Jul 25 20:48:45 2026] PUT /allocations/e338d8bc-6c4e-4fe5-bfb8-805ba54c9f39 => generated 0 bytes in 52 msecs (HTTP/1.1 204) 5 headers in 199 bytes (1 switches on core 0)
2026-07-25 20:48:45.412 8 INFO placement.requestlog [req-bcb4c898-76e2-4ad2-a538-c098f088d360 req-ddf0db89-5eb5-49d6-8cb9-597a9e1d24d4 12d7d0912b364d75bf94e12ea87850f0 50d3865a48c448c491ce842f44c0b148 - - cf3eec43d18f4219b5259bb3be8901ec cf3eec43d18f4219b5259bb3be8901ec] 199.19.213.78 "GET /resource_providers/3122a1b7-4fdd-4101-a520-c71fa9a7dfce/allocations" status: 200 len: 352 microversion: 1.0 [pid: 8|app: 0|req: 275/549] 199.19.213.78 () {32 vars in 856 bytes} [Sat Jul 25 20:48:45 2026] GET /resource_providers/3122a1b7-4fdd-4101-a520-c71fa9a7dfce/allocations => generated 352 bytes in 19 msecs (HTTP/1.1 200) 6 headers in 224 bytes (1 switches on core 0)
2026-07-25 20:48:45.432 7 INFO placement.requestlog [req-bcb4c898-76e2-4ad2-a538-c098f088d360 req-221932de-031f-436c-ab7a-33cc2d8f287d 12d7d0912b364d75bf94e12ea87850f0 50d3865a48c448c491ce842f44c0b148 - - cf3eec43d18f4219b5259bb3be8901ec cf3eec43d18f4219b5259bb3be8901ec] 199.19.213.78 "GET /allocations/93ffa23e-fb19-4770-91a4-533a39b47e86" status: 200 len: 257 microversion: 1.28 [pid: 7|app: 0|req: 275/550] 199.19.213.78 () {34 vars in 862 bytes} [Sat Jul 25 20:48:45 2026] GET /allocations/93ffa23e-fb19-4770-91a4-533a39b47e86 => generated 257 bytes in 13 msecs (HTTP/1.1 200) 8 headers in 296 bytes (1 switches on core 0)
2026-07-25 20:48:45.451 8 INFO placement.requestlog [req-bcb4c898-76e2-4ad2-a538-c098f088d360 req-0d46b62c-4097-48b6-91e5-885efbc0f7fe 12d7d0912b364d75bf94e12ea87850f0 50d3865a48c448c491ce842f44c0b148 - - cf3eec43d18f4219b5259bb3be8901ec cf3eec43d18f4219b5259bb3be8901ec] 199.19.213.78 "GET /allocations/a14bbdd5-d455-45c4-b3c8-af2e651ab837" status: 200 len: 257 microversion: 1.28 [pid: 8|app: 0|req: 276/551] 199.19.213.78 () {34 vars in 862 bytes} [Sat Jul 25 20:48:45 2026] GET /allocations/a14bbdd5-d455-45c4-b3c8-af2e651ab837 => generated 257 bytes in 13 msecs (HTTP/1.1 200) 8 headers in 296 bytes (1 switches on core 0)
2026-07-25 20:48:45.471 7 INFO placement.requestlog [req-bcb4c898-76e2-4ad2-a538-c098f088d360 req-fd732d6a-6f43-41ce-ba4e-2760d7473533 12d7d0912b364d75bf94e12ea87850f0 50d3865a48c448c491ce842f44c0b148 - - cf3eec43d18f4219b5259bb3be8901ec cf3eec43d18f4219b5259bb3be8901ec] 199.19.213.78 "GET /allocations/e338d8bc-6c4e-4fe5-bfb8-805ba54c9f39" status: 200 len: 257 microversion: 1.28 [pid: 7|app: 0|req: 276/552] 199.19.213.78 () {34 vars in 862 bytes} [Sat Jul 25 20:48:45 2026] GET /allocations/e338d8bc-6c4e-4fe5-bfb8-805ba54c9f39 => generated 257 bytes in 13 msecs (HTTP/1.1 200) 8 headers in 296 bytes (1 switches on core 0)
2026-07-25 20:48:46.527 8 INFO placement.requestlog [req-bcb4c898-76e2-4ad2-a538-c098f088d360 req-561d19a7-e653-40a8-acf8-bd932b109374 12d7d0912b364d75bf94e12ea87850f0 50d3865a48c448c491ce842f44c0b148 - - cf3eec43d18f4219b5259bb3be8901ec cf3eec43d18f4219b5259bb3be8901ec] 199.19.213.78 "DELETE /allocations/a14bbdd5-d455-45c4-b3c8-af2e651ab837" status: 204 len: 0 microversion: 1.0 [pid: 8|app: 0|req: 277/553] 199.19.213.78 () {34 vars in 840 bytes} [Sat Jul 25 20:48:46 2026] DELETE /allocations/a14bbdd5-d455-45c4-b3c8-af2e651ab837 => generated 0 bytes in 29 msecs (HTTP/1.1 204) 5 headers in 198 bytes (1 switches on core 0)
2026-07-25 20:48:46.618 7 INFO placement.requestlog [req-bdd66109-9136-4352-84eb-b7c65908c3d9 req-89de3f5c-dccc-48ad-849c-680d46f7e46a 12d7d0912b364d75bf94e12ea87850f0 50d3865a48c448c491ce842f44c0b148 - - cf3eec43d18f4219b5259bb3be8901ec cf3eec43d18f4219b5259bb3be8901ec] 199.19.213.78 "GET /allocations/e338d8bc-6c4e-4fe5-bfb8-805ba54c9f39" status: 200 len: 257 microversion: 1.28 [pid: 7|app: 0|req: 277/554] 199.19.213.78 () {34 vars in 862 bytes} [Sat Jul 25 20:48:46 2026] GET /allocations/e338d8bc-6c4e-4fe5-bfb8-805ba54c9f39 => generated 257 bytes in 11 msecs (HTTP/1.1 200) 8 headers in 296 bytes (1 switches on core 0)
2026-07-25 20:48:47.663 8 INFO placement.requestlog [req-bdd66109-9136-4352-84eb-b7c65908c3d9 req-5dcffcb8-703a-4ad7-b783-f74efc39d39b 12d7d0912b364d75bf94e12ea87850f0 50d3865a48c448c491ce842f44c0b148 - - cf3eec43d18f4219b5259bb3be8901ec cf3eec43d18f4219b5259bb3be8901ec] 199.19.213.78 "GET /resource_providers/3122a1b7-4fdd-4101-a520-c71fa9a7dfce/allocations" status: 200 len: 252 microversion: 1.0 [pid: 8|app: 0|req: 278/555] 199.19.213.78 () {32 vars in 856 bytes} [Sat Jul 25 20:48:47 2026] GET /resource_providers/3122a1b7-4fdd-4101-a520-c71fa9a7dfce/allocations => generated 252 bytes in 14 msecs (HTTP/1.1 200) 6 headers in 224 bytes (1 switches on core 0)
2026-07-25 20:48:47.698 7 INFO placement.requestlog [req-bdd66109-9136-4352-84eb-b7c65908c3d9 req-5f0bf1bc-ea55-4153-9226-0500a80099bc 12d7d0912b364d75bf94e12ea87850f0 50d3865a48c448c491ce842f44c0b148 - - cf3eec43d18f4219b5259bb3be8901ec cf3eec43d18f4219b5259bb3be8901ec] 199.19.213.78 "GET /allocations/93ffa23e-fb19-4770-91a4-533a39b47e86" status: 200 len: 257 microversion: 1.28 [pid: 7|app: 0|req: 278/556] 199.19.213.78 () {34 vars in 862 bytes} [Sat Jul 25 20:48:47 2026] GET /allocations/93ffa23e-fb19-4770-91a4-533a39b47e86 => generated 257 bytes in 26 msecs (HTTP/1.1 200) 8 headers in 296 bytes (1 switches on core 0)
2026-07-25 20:48:47.720 8 INFO placement.requestlog [req-bdd66109-9136-4352-84eb-b7c65908c3d9 req-2f8438b3-675d-4f16-a5df-836b9fa386a9 12d7d0912b364d75bf94e12ea87850f0 50d3865a48c448c491ce842f44c0b148 - - cf3eec43d18f4219b5259bb3be8901ec cf3eec43d18f4219b5259bb3be8901ec] 199.19.213.78 "GET /allocations/e338d8bc-6c4e-4fe5-bfb8-805ba54c9f39" status: 200 len: 257 microversion: 1.28 [pid: 8|app: 0|req: 279/557] 199.19.213.78 () {34 vars in 862 bytes} [Sat Jul 25 20:48:47 2026] GET /allocations/e338d8bc-6c4e-4fe5-bfb8-805ba54c9f39 => generated 257 bytes in 17 msecs (HTTP/1.1 200) 8 headers in 296 bytes (1 switches on core 0)
2026-07-25 20:48:49.930 7 INFO placement.requestlog [None req-c0f1853b-7c5e-48c4-bb89-423a8435ada9 e33029903b1f47f887ceff04cfad5bc2 50d3865a48c448c491ce842f44c0b148 - - cf3eec43d18f4219b5259bb3be8901ec cf3eec43d18f4219b5259bb3be8901ec] 10.0.0.193 "GET /resource_providers/6b0292d4-b2b5-48dd-9b40-49eb4fa3cbeb/aggregates" status: 404 len: 235 microversion: 1.1 [pid: 7|app: 0|req: 279/558] 10.0.0.193 () {32 vars in 816 bytes} [Sat Jul 25 20:48:49 2026] GET /resource_providers/6b0292d4-b2b5-48dd-9b40-49eb4fa3cbeb/aggregates => generated 235 bytes in 9 msecs (HTTP/1.1 404) 5 headers in 202 bytes (1 switches on core 0)
2026-07-25 20:48:49.933 8 INFO placement.requestlog [None req-5c24363f-3eb5-4229-aaf3-f9054b4ef5b3 e33029903b1f47f887ceff04cfad5bc2 50d3865a48c448c491ce842f44c0b148 - - cf3eec43d18f4219b5259bb3be8901ec cf3eec43d18f4219b5259bb3be8901ec] 10.0.0.193 "GET /resource_providers/6b0292d4-b2b5-48dd-9b40-49eb4fa3cbeb/aggregates" status: 404 len: 235 microversion: 1.1 [pid: 8|app: 0|req: 280/559] 10.0.0.193 () {32 vars in 816 bytes} [Sat Jul 25 20:48:49 2026] GET /resource_providers/6b0292d4-b2b5-48dd-9b40-49eb4fa3cbeb/aggregates => generated 235 bytes in 11 msecs (HTTP/1.1 404) 5 headers in 202 bytes (1 switches on core 0)
2026-07-25 20:48:49.957 8 INFO placement.requestlog [None req-981a0808-b60a-45d7-96aa-30a874eed76f e33029903b1f47f887ceff04cfad5bc2 50d3865a48c448c491ce842f44c0b148 - - cf3eec43d18f4219b5259bb3be8901ec cf3eec43d18f4219b5259bb3be8901ec] 10.0.0.193 "DELETE /resource_providers/6b0292d4-b2b5-48dd-9b40-49eb4fa3cbeb" status: 404 len: 246 microversion: 1.1 [pid: 8|app: 0|req: 281/560] 10.0.0.193 () {34 vars in 816 bytes} [Sat Jul 25 20:48:49 2026] DELETE /resource_providers/6b0292d4-b2b5-48dd-9b40-49eb4fa3cbeb => generated 246 bytes in 8 msecs (HTTP/1.1 404) 6 headers in 231 bytes (1 switches on core 0)
2026-07-25 20:48:49.977 7 INFO placement.requestlog [None req-39d3fe11-1b15-4901-9d05-b45a6695725b e33029903b1f47f887ceff04cfad5bc2 50d3865a48c448c491ce842f44c0b148 - - cf3eec43d18f4219b5259bb3be8901ec cf3eec43d18f4219b5259bb3be8901ec] 10.0.0.193 "DELETE /resource_providers/6b0292d4-b2b5-48dd-9b40-49eb4fa3cbeb" status: 404 len: 246 microversion: 1.1 [pid: 7|app: 0|req: 280/561] 10.0.0.193 () {34 vars in 816 bytes} [Sat Jul 25 20:48:49 2026] DELETE /resource_providers/6b0292d4-b2b5-48dd-9b40-49eb4fa3cbeb => generated 246 bytes in 30 msecs (HTTP/1.1 404) 6 headers in 231 bytes (1 switches on core 0)
2026-07-25 20:48:50.981 8 INFO placement.requestlog [None req-be3ea888-22e5-4396-b4b7-7b35e823c74d - - - - - -] 10.0.0.146 "GET /" status: 200 len: 136 microversion: 1.0
2026-07-25 20:48:50.981 7 INFO placement.requestlog [None req-11e649a8-2195-4836-a396-f2496e62026c - - - - - -] 10.0.0.146 "GET /" status: 200 len: 136 microversion: 1.0
2026-07-25 20:49:00.522 8 INFO placement.requestlog [req-2b6fa210-c37a-48ad-89d3-6b43ca2a3eb6 req-ef5d876f-4660-4da7-a14a-84855cb97edc 12d7d0912b364d75bf94e12ea87850f0 50d3865a48c448c491ce842f44c0b148 - - cf3eec43d18f4219b5259bb3be8901ec cf3eec43d18f4219b5259bb3be8901ec] 199.19.213.78 "GET /resource_providers/3122a1b7-4fdd-4101-a520-c71fa9a7dfce/allocations" status: 200 len: 252 microversion: 1.0 [pid: 8|app: 0|req: 283/564] 199.19.213.78 () {32 vars in 856 bytes} [Sat Jul 25 20:49:00 2026] GET /resource_providers/3122a1b7-4fdd-4101-a520-c71fa9a7dfce/allocations => generated 252 bytes in 15 msecs (HTTP/1.1 200) 6 headers in 224 bytes (1 switches on core 0)
2026-07-25 20:49:00.540 7 INFO placement.requestlog [req-2b6fa210-c37a-48ad-89d3-6b43ca2a3eb6 req-bea3c87a-0464-466a-9426-844031d23c88 12d7d0912b364d75bf94e12ea87850f0 50d3865a48c448c491ce842f44c0b148 - - cf3eec43d18f4219b5259bb3be8901ec cf3eec43d18f4219b5259bb3be8901ec] 199.19.213.78 "GET /allocations/93ffa23e-fb19-4770-91a4-533a39b47e86" status: 200 len: 257 microversion: 1.28 [pid: 7|app: 0|req: 282/565] 199.19.213.78 () {34 vars in 862 bytes} [Sat Jul 25 20:49:00 2026] GET /allocations/93ffa23e-fb19-4770-91a4-533a39b47e86 => generated 257 bytes in 11 msecs (HTTP/1.1 200) 8 headers in 296 bytes (1 switches on core 0)
2026-07-25 20:49:00.562 8 INFO placement.requestlog [req-2b6fa210-c37a-48ad-89d3-6b43ca2a3eb6 req-213a2164-aa3c-4f0f-a913-918764fd5edb 12d7d0912b364d75bf94e12ea87850f0 50d3865a48c448c491ce842f44c0b148 - - cf3eec43d18f4219b5259bb3be8901ec cf3eec43d18f4219b5259bb3be8901ec] 199.19.213.78 "GET /allocations/e338d8bc-6c4e-4fe5-bfb8-805ba54c9f39" status: 200 len: 257 microversion: 1.28 [pid: 8|app: 0|req: 284/566] 199.19.213.78 () {34 vars in 862 bytes} [Sat Jul 25 20:49:00 2026] GET /allocations/e338d8bc-6c4e-4fe5-bfb8-805ba54c9f39 => generated 257 bytes in 17 msecs (HTTP/1.1 200) 8 headers in 296 bytes (1 switches on core 0)
2026-07-25 20:49:00.981 7 INFO placement.requestlog [None req-4a556424-d859-4c30-b231-8907c3c62e0d - - - - - -] 10.0.0.146 "GET /" status: 200 len: 136 microversion: 1.0
2026-07-25 20:49:00.981 8 INFO placement.requestlog [None req-fa51742a-578e-4b69-b985-00ac0cef61a4 - - - - - -] 10.0.0.146 "GET /" status: 200 len: 136 microversion: 1.0
2026-07-25 20:49:01.609 8 INFO placement.requestlog [req-2b6fa210-c37a-48ad-89d3-6b43ca2a3eb6 req-32c69a0f-03d3-4297-889e-f541fbfefbab 12d7d0912b364d75bf94e12ea87850f0 50d3865a48c448c491ce842f44c0b148 - - cf3eec43d18f4219b5259bb3be8901ec cf3eec43d18f4219b5259bb3be8901ec] 199.19.213.78 "DELETE /allocations/93ffa23e-fb19-4770-91a4-533a39b47e86" status: 204 len: 0 microversion: 1.0 [pid: 8|app: 0|req: 286/569] 199.19.213.78 () {34 vars in 840 bytes} [Sat Jul 25 20:49:01 2026] DELETE /allocations/93ffa23e-fb19-4770-91a4-533a39b47e86 => generated 0 bytes in 22 msecs (HTTP/1.1 204) 5 headers in 198 bytes (1 switches on core 0)
2026-07-25 20:49:01.862 7 INFO placement.requestlog [req-9a4f0458-b9e5-4dd8-9bc3-e423730dadb4 req-cc1977ae-eb92-4eea-af32-fb61b505e971 12d7d0912b364d75bf94e12ea87850f0 50d3865a48c448c491ce842f44c0b148 - - cf3eec43d18f4219b5259bb3be8901ec cf3eec43d18f4219b5259bb3be8901ec] 10.0.0.181 "GET /allocation_candidates?limit=1000&resources=DISK_GB%3A1%2CMEMORY_MB%3A512%2CVCPU%3A1&root_required=%21COMPUTE_STATUS_DISABLED" status: 200 len: 2783 microversion: 1.36 [pid: 7|app: 0|req: 284/570] 10.0.0.181 () {34 vars in 1012 bytes} [Sat Jul 25 20:49:01 2026] GET /allocation_candidates?limit=1000&resources=DISK_GB%3A1%2CMEMORY_MB%3A512%2CVCPU%3A1&root_required=%21COMPUTE_STATUS_DISABLED => generated 2783 bytes in 37 msecs (HTTP/1.1 200) 8 headers in 297 bytes (1 switches on core 0)
2026-07-25 20:49:01.906 8 INFO placement.requestlog [req-9a4f0458-b9e5-4dd8-9bc3-e423730dadb4 req-0fe5a3d9-5ac4-471a-864e-cb7ce68a06cb 12d7d0912b364d75bf94e12ea87850f0 50d3865a48c448c491ce842f44c0b148 - - cf3eec43d18f4219b5259bb3be8901ec cf3eec43d18f4219b5259bb3be8901ec] 10.0.0.181 "GET /allocations/dc33c64c-50fe-4ab6-ab64-08ac996411bb" status: 200 len: 19 microversion: 1.28 [pid: 8|app: 0|req: 287/571] 10.0.0.181 () {34 vars in 861 bytes} [Sat Jul 25 20:49:01 2026] GET /allocations/dc33c64c-50fe-4ab6-ab64-08ac996411bb => generated 19 bytes in 22 msecs (HTTP/1.1 200) 8 headers in 295 bytes (1 switches on core 0)
2026-07-25 20:49:01.973 7 INFO placement.requestlog [req-9a4f0458-b9e5-4dd8-9bc3-e423730dadb4 req-f639b8dd-7323-4bf4-baff-b6ff4eb117ca 12d7d0912b364d75bf94e12ea87850f0 50d3865a48c448c491ce842f44c0b148 - - cf3eec43d18f4219b5259bb3be8901ec cf3eec43d18f4219b5259bb3be8901ec] 10.0.0.181 "PUT /allocations/dc33c64c-50fe-4ab6-ab64-08ac996411bb" status: 204 len: 0 microversion: 1.36 [pid: 7|app: 0|req: 285/572] 10.0.0.181 () {38 vars in 914 bytes} [Sat Jul 25 20:49:01 2026] PUT /allocations/dc33c64c-50fe-4ab6-ab64-08ac996411bb => generated 0 bytes in 61 msecs (HTTP/1.1 204) 5 headers in 199 bytes (1 switches on core 0)
2026-07-25 20:49:03.447 8 INFO placement.requestlog [req-9a4f0458-b9e5-4dd8-9bc3-e423730dadb4 req-efccc5da-8dcd-4768-a4b7-cf783e90d06e 12d7d0912b364d75bf94e12ea87850f0 50d3865a48c448c491ce842f44c0b148 - - cf3eec43d18f4219b5259bb3be8901ec cf3eec43d18f4219b5259bb3be8901ec] 199.19.213.78 "GET /allocations/dc33c64c-50fe-4ab6-ab64-08ac996411bb" status: 200 len: 257 microversion: 1.28 [pid: 8|app: 0|req: 288/573] 199.19.213.78 () {34 vars in 862 bytes} [Sat Jul 25 20:49:03 2026] GET /allocations/dc33c64c-50fe-4ab6-ab64-08ac996411bb => generated 257 bytes in 11 msecs (HTTP/1.1 200) 8 headers in 296 bytes (1 switches on core 0)
2026-07-25 20:49:04.138 7 INFO placement.requestlog [req-fa50a675-0c70-4fbc-97a1-c26952851f25 req-703a2003-b6dd-48a8-9723-57cbb84b090f 12d7d0912b364d75bf94e12ea87850f0 50d3865a48c448c491ce842f44c0b148 - - cf3eec43d18f4219b5259bb3be8901ec cf3eec43d18f4219b5259bb3be8901ec] 10.0.0.181 "GET /allocation_candidates?limit=1000&resources=DISK_GB%3A1%2CMEMORY_MB%3A512%2CVCPU%3A1&root_required=%21COMPUTE_STATUS_DISABLED" status: 200 len: 2784 microversion: 1.36 [pid: 7|app: 0|req: 286/574] 10.0.0.181 () {34 vars in 1012 bytes} [Sat Jul 25 20:49:04 2026] GET /allocation_candidates?limit=1000&resources=DISK_GB%3A1%2CMEMORY_MB%3A512%2CVCPU%3A1&root_required=%21COMPUTE_STATUS_DISABLED => generated 2784 bytes in 46 msecs (HTTP/1.1 200) 8 headers in 297 bytes (1 switches on core 0)
2026-07-25 20:49:04.187 8 INFO placement.requestlog [req-fa50a675-0c70-4fbc-97a1-c26952851f25 req-b567b505-cbec-480a-9933-945541208437 12d7d0912b364d75bf94e12ea87850f0 50d3865a48c448c491ce842f44c0b148 - - cf3eec43d18f4219b5259bb3be8901ec cf3eec43d18f4219b5259bb3be8901ec] 10.0.0.181 "GET /allocations/9221bf92-18aa-4455-9998-a5d797a6e255" status: 200 len: 19 microversion: 1.28 [pid: 8|app: 0|req: 289/575] 10.0.0.181 () {34 vars in 861 bytes} [Sat Jul 25 20:49:04 2026] GET /allocations/9221bf92-18aa-4455-9998-a5d797a6e255 => generated 19 bytes in 17 msecs (HTTP/1.1 200) 8 headers in 295 bytes (1 switches on core 0)
2026-07-25 20:49:04.243 7 INFO placement.requestlog [req-fa50a675-0c70-4fbc-97a1-c26952851f25 req-b2268816-df80-4122-a216-19f58d0b688e 12d7d0912b364d75bf94e12ea87850f0 50d3865a48c448c491ce842f44c0b148 - - cf3eec43d18f4219b5259bb3be8901ec cf3eec43d18f4219b5259bb3be8901ec] 10.0.0.181 "PUT /allocations/9221bf92-18aa-4455-9998-a5d797a6e255" status: 204 len: 0 microversion: 1.36 [pid: 7|app: 0|req: 287/576] 10.0.0.181 () {38 vars in 914 bytes} [Sat Jul 25 20:49:04 2026] PUT /allocations/9221bf92-18aa-4455-9998-a5d797a6e255 => generated 0 bytes in 49 msecs (HTTP/1.1 204) 5 headers in 199 bytes (1 switches on core 0)
