2026-07-25 20:52:31.593 7 INFO placement.requestlog [req-0d38f5f4-8227-4930-ba47-34815a7d3038 req-42b666ce-6ee7-4ff1-9831-28164fc87941 12d7d0912b364d75bf94e12ea87850f0 50d3865a48c448c491ce842f44c0b148 - - cf3eec43d18f4219b5259bb3be8901ec cf3eec43d18f4219b5259bb3be8901ec] 199.19.213.78 "GET /allocations/d7387f67-03ed-4077-b2dc-4e59ec4bbea2" status: 200 len: 258 microversion: 1.28 [pid: 7|app: 0|req: 463/929] 199.19.213.78 () {34 vars in 862 bytes} [Sat Jul 25 20:52:31 2026] GET /allocations/d7387f67-03ed-4077-b2dc-4e59ec4bbea2 => generated 258 bytes in 14 msecs (HTTP/1.1 200) 8 headers in 296 bytes (1 switches on core 0)
2026-07-25 20:52:33.543 8 INFO placement.requestlog [None req-445b93e3-3b1e-40c0-b1df-7bc15da42708 e33029903b1f47f887ceff04cfad5bc2 50d3865a48c448c491ce842f44c0b148 - - cf3eec43d18f4219b5259bb3be8901ec cf3eec43d18f4219b5259bb3be8901ec] 10.0.0.193 "GET /resource_providers/37baf7a9-969a-4fbc-8103-5865daa3ba9a/aggregates" status: 404 len: 235 microversion: 1.1 [pid: 8|app: 0|req: 467/930] 10.0.0.193 () {32 vars in 816 bytes} [Sat Jul 25 20:52:33 2026] GET /resource_providers/37baf7a9-969a-4fbc-8103-5865daa3ba9a/aggregates => generated 235 bytes in 130 msecs (HTTP/1.1 404) 5 headers in 202 bytes (1 switches on core 0)
2026-07-25 20:52:33.551 7 INFO placement.requestlog [None req-c31ce2f2-5bac-40d0-8714-2aa48fd3fc29 e33029903b1f47f887ceff04cfad5bc2 50d3865a48c448c491ce842f44c0b148 - - cf3eec43d18f4219b5259bb3be8901ec cf3eec43d18f4219b5259bb3be8901ec] 10.0.0.193 "GET /resource_providers/37baf7a9-969a-4fbc-8103-5865daa3ba9a/aggregates" status: 404 len: 235 microversion: 1.1 [pid: 7|app: 0|req: 464/931] 10.0.0.193 () {32 vars in 816 bytes} [Sat Jul 25 20:52:33 2026] GET /resource_providers/37baf7a9-969a-4fbc-8103-5865daa3ba9a/aggregates => generated 235 bytes in 137 msecs (HTTP/1.1 404) 5 headers in 202 bytes (1 switches on core 0)
2026-07-25 20:52:33.561 8 INFO placement.requestlog [None req-ebb4737f-e336-4804-8f8f-4d0d9020d7d6 e33029903b1f47f887ceff04cfad5bc2 50d3865a48c448c491ce842f44c0b148 - - cf3eec43d18f4219b5259bb3be8901ec cf3eec43d18f4219b5259bb3be8901ec] 10.0.0.193 "DELETE /resource_providers/37baf7a9-969a-4fbc-8103-5865daa3ba9a" status: 404 len: 246 microversion: 1.1 [pid: 8|app: 0|req: 468/932] 10.0.0.193 () {34 vars in 816 bytes} [Sat Jul 25 20:52:33 2026] DELETE /resource_providers/37baf7a9-969a-4fbc-8103-5865daa3ba9a => generated 246 bytes in 9 msecs (HTTP/1.1 404) 6 headers in 231 bytes (1 switches on core 0)
2026-07-25 20:52:33.571 7 INFO placement.requestlog [None req-d1b923b9-8b17-4197-9a71-541e7042c8dc e33029903b1f47f887ceff04cfad5bc2 50d3865a48c448c491ce842f44c0b148 - - cf3eec43d18f4219b5259bb3be8901ec cf3eec43d18f4219b5259bb3be8901ec] 10.0.0.193 "DELETE /resource_providers/37baf7a9-969a-4fbc-8103-5865daa3ba9a" status: 404 len: 246 microversion: 1.1 [pid: 7|app: 0|req: 465/933] 10.0.0.193 () {34 vars in 816 bytes} [Sat Jul 25 20:52:33 2026] DELETE /resource_providers/37baf7a9-969a-4fbc-8103-5865daa3ba9a => generated 246 bytes in 10 msecs (HTTP/1.1 404) 6 headers in 231 bytes (1 switches on core 0)
2026-07-25 20:52:38.544 8 INFO placement.requestlog [req-21d3b1ea-59a5-4f15-8ad7-8dc2ed61504a req-908ed930-c9fa-40e5-b19a-f99dcd580cd3 12d7d0912b364d75bf94e12ea87850f0 50d3865a48c448c491ce842f44c0b148 - - cf3eec43d18f4219b5259bb3be8901ec cf3eec43d18f4219b5259bb3be8901ec] 199.19.213.78 "GET /resource_providers/3122a1b7-4fdd-4101-a520-c71fa9a7dfce/allocations" status: 200 len: 153 microversion: 1.0 [pid: 8|app: 0|req: 469/934] 199.19.213.78 () {32 vars in 856 bytes} [Sat Jul 25 20:52:38 2026] GET /resource_providers/3122a1b7-4fdd-4101-a520-c71fa9a7dfce/allocations => generated 153 bytes in 15 msecs (HTTP/1.1 200) 6 headers in 224 bytes (1 switches on core 0)
2026-07-25 20:52:38.566 7 INFO placement.requestlog [req-21d3b1ea-59a5-4f15-8ad7-8dc2ed61504a req-8298bcbc-e277-4f9e-b422-8ebd417f235e 12d7d0912b364d75bf94e12ea87850f0 50d3865a48c448c491ce842f44c0b148 - - cf3eec43d18f4219b5259bb3be8901ec cf3eec43d18f4219b5259bb3be8901ec] 199.19.213.78 "GET /resource_providers/3122a1b7-4fdd-4101-a520-c71fa9a7dfce/allocations" status: 200 len: 153 microversion: 1.0 [pid: 7|app: 0|req: 466/935] 199.19.213.78 () {32 vars in 856 bytes} [Sat Jul 25 20:52:38 2026] GET /resource_providers/3122a1b7-4fdd-4101-a520-c71fa9a7dfce/allocations => generated 153 bytes in 17 msecs (HTTP/1.1 200) 6 headers in 224 bytes (1 switches on core 0)
2026-07-25 20:52:38.585 8 INFO placement.requestlog [req-21d3b1ea-59a5-4f15-8ad7-8dc2ed61504a req-7e91ec00-f421-416d-bf97-a6c0058033ee 12d7d0912b364d75bf94e12ea87850f0 50d3865a48c448c491ce842f44c0b148 - - cf3eec43d18f4219b5259bb3be8901ec cf3eec43d18f4219b5259bb3be8901ec] 199.19.213.78 "GET /allocations/d7387f67-03ed-4077-b2dc-4e59ec4bbea2" status: 200 len: 258 microversion: 1.28 [pid: 8|app: 0|req: 470/936] 199.19.213.78 () {34 vars in 862 bytes} [Sat Jul 25 20:52:38 2026] GET /allocations/d7387f67-03ed-4077-b2dc-4e59ec4bbea2 => generated 258 bytes in 13 msecs (HTTP/1.1 200) 8 headers in 296 bytes (1 switches on core 0)
2026-07-25 20:52:40.981 8 INFO placement.requestlog [None req-d2bcdedb-b10b-4da6-b956-e6cf84d22383 - - - - - -] 10.0.0.146 "GET /" status: 200 len: 136 microversion: 1.0
2026-07-25 20:52:40.981 7 INFO placement.requestlog [None req-745d131a-d8b1-4022-b922-38a4fdb1900e - - - - - -] 10.0.0.146 "GET /" status: 200 len: 136 microversion: 1.0
2026-07-25 20:52:47.178 8 INFO placement.requestlog [req-eabad354-a2ad-4350-a17f-21bacf59c3df req-cce6ed57-4dda-4bfd-bcbc-a513f9b5ab86 12d7d0912b364d75bf94e12ea87850f0 50d3865a48c448c491ce842f44c0b148 - - cf3eec43d18f4219b5259bb3be8901ec cf3eec43d18f4219b5259bb3be8901ec] 10.0.0.181 "GET /allocation_candidates?limit=1000&resources=DISK_GB%3A1%2CMEMORY_MB%3A512%2CVCPU%3A1&root_required=%21COMPUTE_STATUS_DISABLED" status: 200 len: 2783 microversion: 1.36 [pid: 8|app: 0|req: 472/939] 10.0.0.181 () {34 vars in 1012 bytes} [Sat Jul 25 20:52:47 2026] GET /allocation_candidates?limit=1000&resources=DISK_GB%3A1%2CMEMORY_MB%3A512%2CVCPU%3A1&root_required=%21COMPUTE_STATUS_DISABLED => generated 2783 bytes in 158 msecs (HTTP/1.1 200) 8 headers in 297 bytes (1 switches on core 0)
2026-07-25 20:52:47.208 7 INFO placement.requestlog [req-eabad354-a2ad-4350-a17f-21bacf59c3df req-16cd4988-6366-47a6-86cc-cb5449dce30a 12d7d0912b364d75bf94e12ea87850f0 50d3865a48c448c491ce842f44c0b148 - - cf3eec43d18f4219b5259bb3be8901ec cf3eec43d18f4219b5259bb3be8901ec] 10.0.0.181 "GET /allocations/b59223ea-318d-47d6-b2d1-7a0f74df6626" status: 200 len: 19 microversion: 1.28 [pid: 7|app: 0|req: 468/940] 10.0.0.181 () {34 vars in 861 bytes} [Sat Jul 25 20:52:47 2026] GET /allocations/b59223ea-318d-47d6-b2d1-7a0f74df6626 => generated 19 bytes in 10 msecs (HTTP/1.1 200) 8 headers in 295 bytes (1 switches on core 0)
2026-07-25 20:52:47.269 8 INFO placement.requestlog [req-eabad354-a2ad-4350-a17f-21bacf59c3df req-08cf72a3-9925-4b0a-bfd0-4c596f6bc27c 12d7d0912b364d75bf94e12ea87850f0 50d3865a48c448c491ce842f44c0b148 - - cf3eec43d18f4219b5259bb3be8901ec cf3eec43d18f4219b5259bb3be8901ec] 10.0.0.181 "PUT /allocations/b59223ea-318d-47d6-b2d1-7a0f74df6626" status: 204 len: 0 microversion: 1.36 [pid: 8|app: 0|req: 473/941] 10.0.0.181 () {38 vars in 914 bytes} [Sat Jul 25 20:52:47 2026] PUT /allocations/b59223ea-318d-47d6-b2d1-7a0f74df6626 => generated 0 bytes in 56 msecs (HTTP/1.1 204) 5 headers in 199 bytes (1 switches on core 0)
2026-07-25 20:52:48.652 7 INFO placement.requestlog [req-eabad354-a2ad-4350-a17f-21bacf59c3df req-f97fcf88-199f-4db2-a03a-b9c3f7b2f1b3 12d7d0912b364d75bf94e12ea87850f0 50d3865a48c448c491ce842f44c0b148 - - cf3eec43d18f4219b5259bb3be8901ec cf3eec43d18f4219b5259bb3be8901ec] 199.19.213.78 "GET /allocations/b59223ea-318d-47d6-b2d1-7a0f74df6626" status: 200 len: 258 microversion: 1.28 [pid: 7|app: 0|req: 469/942] 199.19.213.78 () {34 vars in 862 bytes} [Sat Jul 25 20:52:48 2026] GET /allocations/b59223ea-318d-47d6-b2d1-7a0f74df6626 => generated 258 bytes in 15 msecs (HTTP/1.1 200) 8 headers in 296 bytes (1 switches on core 0)
2026-07-25 20:52:49.697 8 INFO placement.requestlog [req-eabad354-a2ad-4350-a17f-21bacf59c3df req-e4c836b7-b718-4939-9264-30c60beac17b 12d7d0912b364d75bf94e12ea87850f0 50d3865a48c448c491ce842f44c0b148 - - cf3eec43d18f4219b5259bb3be8901ec cf3eec43d18f4219b5259bb3be8901ec] 199.19.213.78 "GET /resource_providers/3122a1b7-4fdd-4101-a520-c71fa9a7dfce/allocations" status: 200 len: 253 microversion: 1.0 [pid: 8|app: 0|req: 474/943] 199.19.213.78 () {32 vars in 856 bytes} [Sat Jul 25 20:52:49 2026] GET /resource_providers/3122a1b7-4fdd-4101-a520-c71fa9a7dfce/allocations => generated 253 bytes in 22 msecs (HTTP/1.1 200) 6 headers in 224 bytes (1 switches on core 0)
2026-07-25 20:52:49.718 7 INFO placement.requestlog [req-eabad354-a2ad-4350-a17f-21bacf59c3df req-5c6a3ca2-018a-48a4-96a0-db656ee6bfcd 12d7d0912b364d75bf94e12ea87850f0 50d3865a48c448c491ce842f44c0b148 - - cf3eec43d18f4219b5259bb3be8901ec cf3eec43d18f4219b5259bb3be8901ec] 199.19.213.78 "GET /allocations/d7387f67-03ed-4077-b2dc-4e59ec4bbea2" status: 200 len: 258 microversion: 1.28 [pid: 7|app: 0|req: 470/944] 199.19.213.78 () {34 vars in 862 bytes} [Sat Jul 25 20:52:49 2026] GET /allocations/d7387f67-03ed-4077-b2dc-4e59ec4bbea2 => generated 258 bytes in 15 msecs (HTTP/1.1 200) 8 headers in 296 bytes (1 switches on core 0)
2026-07-25 20:52:49.735 8 INFO placement.requestlog [req-eabad354-a2ad-4350-a17f-21bacf59c3df req-37a034f6-33c1-4733-b979-695c70280154 12d7d0912b364d75bf94e12ea87850f0 50d3865a48c448c491ce842f44c0b148 - - cf3eec43d18f4219b5259bb3be8901ec cf3eec43d18f4219b5259bb3be8901ec] 199.19.213.78 "GET /allocations/b59223ea-318d-47d6-b2d1-7a0f74df6626" status: 200 len: 258 microversion: 1.28 [pid: 8|app: 0|req: 475/945] 199.19.213.78 () {34 vars in 862 bytes} [Sat Jul 25 20:52:49 2026] GET /allocations/b59223ea-318d-47d6-b2d1-7a0f74df6626 => generated 258 bytes in 10 msecs (HTTP/1.1 200) 8 headers in 296 bytes (1 switches on core 0)
2026-07-25 20:52:50.981 8 INFO placement.requestlog [None req-f93f888d-3d6c-4e94-acf7-f7b64d015cf6 - - - - - -] 10.0.0.146 "GET /" status: 200 len: 136 microversion: 1.0
2026-07-25 20:52:50.982 7 INFO placement.requestlog [None req-8fb54747-68fc-4bb8-9d2b-e18670eafb76 - - - - - -] 10.0.0.146 "GET /" status: 200 len: 136 microversion: 1.0
2026-07-25 20:53:00.982 7 INFO placement.requestlog [None req-ac6fc52d-920d-4a57-a476-cccff0c6bfb2 - - - - - -] 10.0.0.146 "GET /" status: 200 len: 136 microversion: 1.0
2026-07-25 20:53:00.982 8 INFO placement.requestlog [None req-da891eeb-6644-48d4-b13b-100457eb8ee2 - - - - - -] 10.0.0.146 "GET /" status: 200 len: 136 microversion: 1.0
2026-07-25 20:53:10.981 8 INFO placement.requestlog [None req-bebc0bfe-ca86-4507-8ce8-7fe2841f1915 - - - - - -] 10.0.0.146 "GET /" status: 200 len: 136 microversion: 1.0
2026-07-25 20:53:10.982 7 INFO placement.requestlog [None req-ed32ee5f-81f4-4e76-88b1-c109cb0203fe - - - - - -] 10.0.0.146 "GET /" status: 200 len: 136 microversion: 1.0
2026-07-25 20:53:20.986 7 INFO placement.requestlog [None req-f6ed20dd-9cc6-4da5-bf96-5c909dd3c2e7 - - - - - -] 10.0.0.146 "GET /" status: 200 len: 136 microversion: 1.0
2026-07-25 20:53:20.987 8 INFO placement.requestlog [None req-455fa78e-f82c-4f30-8859-ce5f34c4fff3 - - - - - -] 10.0.0.146 "GET /" status: 200 len: 136 microversion: 1.0
2026-07-25 20:53:27.469 7 INFO placement.requestlog [req-fa29ce38-70e6-4598-aabd-614a4a9bf94e req-81f2e870-b930-4073-ab10-5c1ec9e9e5b9 12d7d0912b364d75bf94e12ea87850f0 50d3865a48c448c491ce842f44c0b148 - - cf3eec43d18f4219b5259bb3be8901ec cf3eec43d18f4219b5259bb3be8901ec] 10.0.0.181 "GET /allocation_candidates?limit=1000&resources=MEMORY_MB%3A2048%2CVCPU%3A2&root_required=%21COMPUTE_STATUS_DISABLED" status: 200 len: 2771 microversion: 1.36 [pid: 7|app: 0|req: 475/954] 10.0.0.181 () {34 vars in 986 bytes} [Sat Jul 25 20:53:27 2026] GET /allocation_candidates?limit=1000&resources=MEMORY_MB%3A2048%2CVCPU%3A2&root_required=%21COMPUTE_STATUS_DISABLED => generated 2771 bytes in 34 msecs (HTTP/1.1 200) 8 headers in 297 bytes (1 switches on core 0)
2026-07-25 20:53:27.495 8 INFO placement.requestlog [req-fa29ce38-70e6-4598-aabd-614a4a9bf94e req-1b74db56-c5a7-4e96-858c-230ee81106dd 12d7d0912b364d75bf94e12ea87850f0 50d3865a48c448c491ce842f44c0b148 - - cf3eec43d18f4219b5259bb3be8901ec cf3eec43d18f4219b5259bb3be8901ec] 10.0.0.181 "GET /allocations/624531fe-a6e2-4a6b-9df5-82a161add9a5" status: 200 len: 19 microversion: 1.28 [pid: 8|app: 0|req: 480/955] 10.0.0.181 () {34 vars in 861 bytes} [Sat Jul 25 20:53:27 2026] GET /allocations/624531fe-a6e2-4a6b-9df5-82a161add9a5 => generated 19 bytes in 11 msecs (HTTP/1.1 200) 8 headers in 295 bytes (1 switches on core 0)
2026-07-25 20:53:27.555 7 INFO placement.requestlog [req-fa29ce38-70e6-4598-aabd-614a4a9bf94e req-403944f6-7375-4271-b968-45c3f3a6a623 12d7d0912b364d75bf94e12ea87850f0 50d3865a48c448c491ce842f44c0b148 - - cf3eec43d18f4219b5259bb3be8901ec cf3eec43d18f4219b5259bb3be8901ec] 10.0.0.181 "PUT /allocations/624531fe-a6e2-4a6b-9df5-82a161add9a5" status: 204 len: 0 microversion: 1.36 [pid: 7|app: 0|req: 476/956] 10.0.0.181 () {38 vars in 914 bytes} [Sat Jul 25 20:53:27 2026] PUT /allocations/624531fe-a6e2-4a6b-9df5-82a161add9a5 => generated 0 bytes in 56 msecs (HTTP/1.1 204) 5 headers in 199 bytes (1 switches on core 0)
2026-07-25 20:53:29.095 8 INFO placement.requestlog [req-fa29ce38-70e6-4598-aabd-614a4a9bf94e req-aacd1b4d-14bb-4785-8b46-668a7d505d6c 12d7d0912b364d75bf94e12ea87850f0 50d3865a48c448c491ce842f44c0b148 - - cf3eec43d18f4219b5259bb3be8901ec cf3eec43d18f4219b5259bb3be8901ec] 199.19.213.78 "GET /allocations/624531fe-a6e2-4a6b-9df5-82a161add9a5" status: 200 len: 245 microversion: 1.28 [pid: 8|app: 0|req: 481/957] 199.19.213.78 () {34 vars in 862 bytes} [Sat Jul 25 20:53:29 2026] GET /allocations/624531fe-a6e2-4a6b-9df5-82a161add9a5 => generated 245 bytes in 8 msecs (HTTP/1.1 200) 8 headers in 296 bytes (1 switches on core 0)
2026-07-25 20:53:30.142 7 INFO placement.requestlog [req-fa29ce38-70e6-4598-aabd-614a4a9bf94e req-80c9220c-7dc2-4486-86f7-1572e3e84f64 12d7d0912b364d75bf94e12ea87850f0 50d3865a48c448c491ce842f44c0b148 - - cf3eec43d18f4219b5259bb3be8901ec cf3eec43d18f4219b5259bb3be8901ec] 199.19.213.78 "GET /resource_providers/3122a1b7-4fdd-4101-a520-c71fa9a7dfce/allocations" status: 200 len: 340 microversion: 1.0 [pid: 7|app: 0|req: 477/958] 199.19.213.78 () {32 vars in 856 bytes} [Sat Jul 25 20:53:30 2026] GET /resource_providers/3122a1b7-4fdd-4101-a520-c71fa9a7dfce/allocations => generated 340 bytes in 22 msecs (HTTP/1.1 200) 6 headers in 224 bytes (1 switches on core 0)
2026-07-25 20:53:30.166 8 INFO placement.requestlog [req-fa29ce38-70e6-4598-aabd-614a4a9bf94e req-6a3c15da-0d50-494d-9e38-b6e7fd441c60 12d7d0912b364d75bf94e12ea87850f0 50d3865a48c448c491ce842f44c0b148 - - cf3eec43d18f4219b5259bb3be8901ec cf3eec43d18f4219b5259bb3be8901ec] 199.19.213.78 "GET /allocations/d7387f67-03ed-4077-b2dc-4e59ec4bbea2" status: 200 len: 258 microversion: 1.28 [pid: 8|app: 0|req: 482/959] 199.19.213.78 () {34 vars in 862 bytes} [Sat Jul 25 20:53:30 2026] GET /allocations/d7387f67-03ed-4077-b2dc-4e59ec4bbea2 => generated 258 bytes in 16 msecs (HTTP/1.1 200) 8 headers in 296 bytes (1 switches on core 0)
2026-07-25 20:53:30.185 7 INFO placement.requestlog [req-fa29ce38-70e6-4598-aabd-614a4a9bf94e req-677992a8-253e-4f56-b2e5-5fca1f34e52f 12d7d0912b364d75bf94e12ea87850f0 50d3865a48c448c491ce842f44c0b148 - - cf3eec43d18f4219b5259bb3be8901ec cf3eec43d18f4219b5259bb3be8901ec] 199.19.213.78 "GET /allocations/624531fe-a6e2-4a6b-9df5-82a161add9a5" status: 200 len: 245 microversion: 1.28 [pid: 7|app: 0|req: 478/960] 199.19.213.78 () {34 vars in 862 bytes} [Sat Jul 25 20:53:30 2026] GET /allocations/624531fe-a6e2-4a6b-9df5-82a161add9a5 => generated 245 bytes in 15 msecs (HTTP/1.1 200) 8 headers in 296 bytes (1 switches on core 0)
2026-07-25 20:53:30.211 8 INFO placement.requestlog [req-fa29ce38-70e6-4598-aabd-614a4a9bf94e req-c802bdfe-8f13-4b90-8375-0358862e896e 12d7d0912b364d75bf94e12ea87850f0 50d3865a48c448c491ce842f44c0b148 - - cf3eec43d18f4219b5259bb3be8901ec cf3eec43d18f4219b5259bb3be8901ec] 199.19.213.78 "GET /allocations/b59223ea-318d-47d6-b2d1-7a0f74df6626" status: 200 len: 258 microversion: 1.28 [pid: 8|app: 0|req: 483/961] 199.19.213.78 () {34 vars in 862 bytes} [Sat Jul 25 20:53:30 2026] GET /allocations/b59223ea-318d-47d6-b2d1-7a0f74df6626 => generated 258 bytes in 21 msecs (HTTP/1.1 200) 8 headers in 296 bytes (1 switches on core 0)
2026-07-25 20:53:30.981 7 INFO placement.requestlog [None req-31109c6f-a703-46ba-acb7-6cf6c417ae64 - - - - - -] 10.0.0.146 "GET /" status: 200 len: 136 microversion: 1.0
2026-07-25 20:53:30.981 8 INFO placement.requestlog [None req-d2f50808-be6d-4131-b99f-83c0a579225d - - - - - -] 10.0.0.146 "GET /" status: 200 len: 136 microversion: 1.0
2026-07-25 20:53:40.981 7 INFO placement.requestlog [None req-57958853-283d-4b33-b69a-aa6a7368dcab - - - - - -] 10.0.0.146 "GET /" status: 200 len: 136 microversion: 1.0
2026-07-25 20:53:40.981 8 INFO placement.requestlog [None req-05add879-72c2-4507-9b56-4ac7ad74b654 - - - - - -] 10.0.0.146 "GET /" status: 200 len: 136 microversion: 1.0
2026-07-25 20:53:41.113 8 INFO placement.requestlog [req-6418da77-6436-4834-a9bb-d408a2e28b8d req-aefd29db-e795-4d5f-b0cb-0bf341150c0d 12d7d0912b364d75bf94e12ea87850f0 50d3865a48c448c491ce842f44c0b148 - - cf3eec43d18f4219b5259bb3be8901ec cf3eec43d18f4219b5259bb3be8901ec] 199.19.213.78 "GET /resource_providers/3122a1b7-4fdd-4101-a520-c71fa9a7dfce/allocations" status: 200 len: 340 microversion: 1.0 [pid: 8|app: 0|req: 486/966] 199.19.213.78 () {32 vars in 856 bytes} [Sat Jul 25 20:53:41 2026] GET /resource_providers/3122a1b7-4fdd-4101-a520-c71fa9a7dfce/allocations => generated 340 bytes in 16 msecs (HTTP/1.1 200) 6 headers in 224 bytes (1 switches on core 0)
2026-07-25 20:53:41.141 7 INFO placement.requestlog [req-6418da77-6436-4834-a9bb-d408a2e28b8d req-aa05edec-38e9-43a0-a089-1578cf037060 12d7d0912b364d75bf94e12ea87850f0 50d3865a48c448c491ce842f44c0b148 - - cf3eec43d18f4219b5259bb3be8901ec cf3eec43d18f4219b5259bb3be8901ec] 199.19.213.78 "GET /resource_providers/3122a1b7-4fdd-4101-a520-c71fa9a7dfce/allocations" status: 200 len: 340 microversion: 1.0 [pid: 7|app: 0|req: 481/967] 199.19.213.78 () {32 vars in 856 bytes} [Sat Jul 25 20:53:41 2026] GET /resource_providers/3122a1b7-4fdd-4101-a520-c71fa9a7dfce/allocations => generated 340 bytes in 20 msecs (HTTP/1.1 200) 6 headers in 224 bytes (1 switches on core 0)
2026-07-25 20:53:41.163 8 INFO placement.requestlog [req-6418da77-6436-4834-a9bb-d408a2e28b8d req-429127a7-5dba-4c88-8a36-905a3b9d961f 12d7d0912b364d75bf94e12ea87850f0 50d3865a48c448c491ce842f44c0b148 - - cf3eec43d18f4219b5259bb3be8901ec cf3eec43d18f4219b5259bb3be8901ec] 199.19.213.78 "GET /allocations/d7387f67-03ed-4077-b2dc-4e59ec4bbea2" status: 200 len: 258 microversion: 1.28 [pid: 8|app: 0|req: 487/968] 199.19.213.78 () {34 vars in 862 bytes} [Sat Jul 25 20:53:41 2026] GET /allocations/d7387f67-03ed-4077-b2dc-4e59ec4bbea2 => generated 258 bytes in 12 msecs (HTTP/1.1 200) 8 headers in 296 bytes (1 switches on core 0)
2026-07-25 20:53:41.181 7 INFO placement.requestlog [req-6418da77-6436-4834-a9bb-d408a2e28b8d req-d99ed854-d79c-42f0-bf34-fa1715e4f2cc 12d7d0912b364d75bf94e12ea87850f0 50d3865a48c448c491ce842f44c0b148 - - cf3eec43d18f4219b5259bb3be8901ec cf3eec43d18f4219b5259bb3be8901ec] 199.19.213.78 "GET /allocations/624531fe-a6e2-4a6b-9df5-82a161add9a5" status: 200 len: 245 microversion: 1.28 [pid: 7|app: 0|req: 482/969] 199.19.213.78 () {34 vars in 862 bytes} [Sat Jul 25 20:53:41 2026] GET /allocations/624531fe-a6e2-4a6b-9df5-82a161add9a5 => generated 245 bytes in 12 msecs (HTTP/1.1 200) 8 headers in 296 bytes (1 switches on core 0)
2026-07-25 20:53:41.198 8 INFO placement.requestlog [req-6418da77-6436-4834-a9bb-d408a2e28b8d req-c9a4fea6-43b6-4c89-a805-91c6b2d442e1 12d7d0912b364d75bf94e12ea87850f0 50d3865a48c448c491ce842f44c0b148 - - cf3eec43d18f4219b5259bb3be8901ec cf3eec43d18f4219b5259bb3be8901ec] 199.19.213.78 "GET /allocations/b59223ea-318d-47d6-b2d1-7a0f74df6626" status: 200 len: 258 microversion: 1.28 [pid: 8|app: 0|req: 488/970] 199.19.213.78 () {34 vars in 862 bytes} [Sat Jul 25 20:53:41 2026] GET /allocations/b59223ea-318d-47d6-b2d1-7a0f74df6626 => generated 258 bytes in 11 msecs (HTTP/1.1 200) 8 headers in 296 bytes (1 switches on core 0)
2026-07-25 20:53:50.981 7 INFO placement.requestlog [None req-836c3ab8-40b9-4ba1-92b1-5d299831477a - - - - - -] 10.0.0.146 "GET /" status: 200 len: 136 microversion: 1.0
2026-07-25 20:53:50.985 8 INFO placement.requestlog [None req-b22d32a3-468a-4a13-9708-e259966e12ad - - - - - -] 10.0.0.146 "GET /" status: 200 len: 136 microversion: 1.0
2026-07-25 20:54:00.982 7 INFO placement.requestlog [None req-7b2c037b-2bfb-4051-8380-5a1a146533a4 - - - - - -] 10.0.0.146 "GET /" status: 200 len: 136 microversion: 1.0
2026-07-25 20:54:00.982 8 INFO placement.requestlog [None req-bca61a25-d444-444c-872d-6c931a5a5595 - - - - - -] 10.0.0.146 "GET /" status: 200 len: 136 microversion: 1.0
2026-07-25 20:54:10.981 7 INFO placement.requestlog [None req-d639977c-6acc-445e-b85f-4e45abce15f3 - - - - - -] 10.0.0.146 "GET /" status: 200 len: 136 microversion: 1.0
2026-07-25 20:54:10.981 8 INFO placement.requestlog [None req-bff0295e-0afe-4fc9-a99f-ab8007e6f7ae - - - - - -] 10.0.0.146 "GET /" status: 200 len: 136 microversion: 1.0
2026-07-25 20:54:20.981 7 INFO placement.requestlog [None req-a52a7eb2-d90a-421f-81c6-3a006f1dfe3b - - - - - -] 10.0.0.146 "GET /" status: 200 len: 136 microversion: 1.0
2026-07-25 20:54:20.982 8 INFO placement.requestlog [None req-411fe77e-cdbf-4cfd-b1a6-e2d62ddbbf8c - - - - - -] 10.0.0.146 "GET /" status: 200 len: 136 microversion: 1.0
2026-07-25 20:54:30.982 8 INFO placement.requestlog [None req-984591ac-522a-49a6-acf1-f4c8835e8429 - - - - - -] 10.0.0.146 "GET /" status: 200 len: 136 microversion: 1.0
2026-07-25 20:54:30.982 7 INFO placement.requestlog [None req-6fa0fbd3-6139-4996-8a5a-d46f764ab9fe - - - - - -] 10.0.0.146 "GET /" status: 200 len: 136 microversion: 1.0
2026-07-25 20:54:40.988 7 INFO placement.requestlog [None req-f4f7cc0b-1d29-4332-93c0-0db839035e53 - - - - - -] 10.0.0.146 "GET /" status: 200 len: 136 microversion: 1.0
2026-07-25 20:54:40.988 8 INFO placement.requestlog [None req-8dad7b50-9c4e-49ab-83b9-335d113b280e - - - - - -] 10.0.0.146 "GET /" status: 200 len: 136 microversion: 1.0
2026-07-25 20:54:43.023 7 INFO placement.requestlog [req-4a1c1099-45ef-4369-bd8b-155ae946a608 req-d5a313ae-1a82-422d-8789-f1a8c4fb9e95 12d7d0912b364d75bf94e12ea87850f0 50d3865a48c448c491ce842f44c0b148 - - cf3eec43d18f4219b5259bb3be8901ec cf3eec43d18f4219b5259bb3be8901ec] 199.19.213.78 "GET /resource_providers/3122a1b7-4fdd-4101-a520-c71fa9a7dfce/allocations" status: 200 len: 340 microversion: 1.0 [pid: 7|app: 0|req: 489/983] 199.19.213.78 () {32 vars in 856 bytes} [Sat Jul 25 20:54:43 2026] GET /resource_providers/3122a1b7-4fdd-4101-a520-c71fa9a7dfce/allocations => generated 340 bytes in 21 msecs (HTTP/1.1 200) 6 headers in 224 bytes (1 switches on core 0)
2026-07-25 20:54:43.051 8 INFO placement.requestlog [req-4a1c1099-45ef-4369-bd8b-155ae946a608 req-69fbb1bd-ef0b-43ba-a9c0-6a569fa7be6e 12d7d0912b364d75bf94e12ea87850f0 50d3865a48c448c491ce842f44c0b148 - - cf3eec43d18f4219b5259bb3be8901ec cf3eec43d18f4219b5259bb3be8901ec] 199.19.213.78 "GET /resource_providers/3122a1b7-4fdd-4101-a520-c71fa9a7dfce/allocations" status: 200 len: 340 microversion: 1.0 [pid: 8|app: 0|req: 495/984] 199.19.213.78 () {32 vars in 856 bytes} [Sat Jul 25 20:54:43 2026] GET /resource_providers/3122a1b7-4fdd-4101-a520-c71fa9a7dfce/allocations => generated 340 bytes in 20 msecs (HTTP/1.1 200) 6 headers in 224 bytes (1 switches on core 0)
2026-07-25 20:54:43.070 7 INFO placement.requestlog [req-4a1c1099-45ef-4369-bd8b-155ae946a608 req-0b076cd3-6cf1-483c-9985-a5eacfbd5007 12d7d0912b364d75bf94e12ea87850f0 50d3865a48c448c491ce842f44c0b148 - - cf3eec43d18f4219b5259bb3be8901ec cf3eec43d18f4219b5259bb3be8901ec] 199.19.213.78 "GET /allocations/d7387f67-03ed-4077-b2dc-4e59ec4bbea2" status: 200 len: 258 microversion: 1.28 [pid: 7|app: 0|req: 490/985] 199.19.213.78 () {34 vars in 862 bytes} [Sat Jul 25 20:54:43 2026] GET /allocations/d7387f67-03ed-4077-b2dc-4e59ec4bbea2 => generated 258 bytes in 12 msecs (HTTP/1.1 200) 8 headers in 296 bytes (1 switches on core 0)
2026-07-25 20:54:43.090 8 INFO placement.requestlog [req-4a1c1099-45ef-4369-bd8b-155ae946a608 req-9c81719b-8ee1-4722-832a-43b54e6933b2 12d7d0912b364d75bf94e12ea87850f0 50d3865a48c448c491ce842f44c0b148 - - cf3eec43d18f4219b5259bb3be8901ec cf3eec43d18f4219b5259bb3be8901ec] 199.19.213.78 "GET /allocations/624531fe-a6e2-4a6b-9df5-82a161add9a5" status: 200 len: 245 microversion: 1.28 [pid: 8|app: 0|req: 496/986] 199.19.213.78 () {34 vars in 862 bytes} [Sat Jul 25 20:54:43 2026] GET /allocations/624531fe-a6e2-4a6b-9df5-82a161add9a5 => generated 245 bytes in 14 msecs (HTTP/1.1 200) 8 headers in 296 bytes (1 switches on core 0)
2026-07-25 20:54:43.107 7 INFO placement.requestlog [req-4a1c1099-45ef-4369-bd8b-155ae946a608 req-fd75f7df-4c83-42bb-9094-243f983a373b 12d7d0912b364d75bf94e12ea87850f0 50d3865a48c448c491ce842f44c0b148 - - cf3eec43d18f4219b5259bb3be8901ec cf3eec43d18f4219b5259bb3be8901ec] 199.19.213.78 "GET /allocations/b59223ea-318d-47d6-b2d1-7a0f74df6626" status: 200 len: 258 microversion: 1.28 [pid: 7|app: 0|req: 491/987] 199.19.213.78 () {34 vars in 862 bytes} [Sat Jul 25 20:54:43 2026] GET /allocations/b59223ea-318d-47d6-b2d1-7a0f74df6626 => generated 258 bytes in 12 msecs (HTTP/1.1 200) 8 headers in 296 bytes (1 switches on core 0)
2026-07-25 20:54:50.981 7 INFO placement.requestlog [None req-31ac80e4-31d1-47d0-bef8-6199b39a9e1f - - - - - -] 10.0.0.146 "GET /" status: 200 len: 136 microversion: 1.0
2026-07-25 20:54:50.981 8 INFO placement.requestlog [None req-183bfbe0-4bd0-469f-9df4-a307181ae824 - - - - - -] 10.0.0.146 "GET /" status: 200 len: 136 microversion: 1.0
2026-07-25 20:55:00.981 7 INFO placement.requestlog [None req-5619b322-d763-4cc7-9b80-8c36c7514077 - - - - - -] 10.0.0.146 "GET /" status: 200 len: 136 microversion: 1.0
2026-07-25 20:55:00.982 8 INFO placement.requestlog [None req-50e31436-1b79-4065-9bb1-ae5f8670b53c - - - - - -] 10.0.0.146 "GET /" status: 200 len: 136 microversion: 1.0
2026-07-25 20:55:10.981 7 INFO placement.requestlog [None req-f82993f2-c2fc-4e02-bc27-3e8bea40cc4b - - - - - -] 10.0.0.146 "GET /" status: 200 len: 136 microversion: 1.0
2026-07-25 20:55:10.981 8 INFO placement.requestlog [None req-56fb0f1e-77d7-4ecd-afeb-229f721dcb80 - - - - - -] 10.0.0.146 "GET /" status: 200 len: 136 microversion: 1.0
2026-07-25 20:55:20.980 7 INFO placement.requestlog [None req-873ab7d3-97f8-47a1-8149-988e66b3ffe4 - - - - - -] 10.0.0.146 "GET /" status: 200 len: 136 microversion: 1.0
2026-07-25 20:55:20.981 8 INFO placement.requestlog [None req-e6345c23-9a2f-4b72-bc53-c10a948e0342 - - - - - -] 10.0.0.146 "GET /" status: 200 len: 136 microversion: 1.0
2026-07-25 20:55:30.981 7 INFO placement.requestlog [None req-d3ada066-641d-4168-a52b-2a5450b2fd67 - - - - - -] 10.0.0.146 "GET /" status: 200 len: 136 microversion: 1.0
2026-07-25 20:55:30.982 8 INFO placement.requestlog [None req-fdbfcf2e-6ddb-4c87-ae57-eef1152d5aa8 - - - - - -] 10.0.0.146 "GET /" status: 200 len: 136 microversion: 1.0
2026-07-25 20:55:40.981 7 INFO placement.requestlog [None req-524997b6-6418-4259-ac99-3db2eb111fbc - - - - - -] 10.0.0.146 "GET /" status: 200 len: 136 microversion: 1.0
2026-07-25 20:55:40.981 8 INFO placement.requestlog [None req-6f72a5b7-bcaf-4c4a-9bf6-37ce8103134e - - - - - -] 10.0.0.146 "GET /" status: 200 len: 136 microversion: 1.0
2026-07-25 20:55:43.493 7 INFO placement.requestlog [req-63d9f87d-7069-4386-a36a-78b2ac2112cb req-1f5db560-02e5-42b1-856e-3f58e3313823 12d7d0912b364d75bf94e12ea87850f0 50d3865a48c448c491ce842f44c0b148 - - cf3eec43d18f4219b5259bb3be8901ec cf3eec43d18f4219b5259bb3be8901ec] 199.19.213.78 "GET /resource_providers/3122a1b7-4fdd-4101-a520-c71fa9a7dfce/allocations" status: 200 len: 340 microversion: 1.0 [pid: 7|app: 0|req: 498/1000] 199.19.213.78 () {32 vars in 856 bytes} [Sat Jul 25 20:55:43 2026] GET /resource_providers/3122a1b7-4fdd-4101-a520-c71fa9a7dfce/allocations => generated 340 bytes in 62 msecs (HTTP/1.1 200) 6 headers in 224 bytes (1 switches on core 0)
2026-07-25 20:55:43.519 8 INFO placement.requestlog [req-63d9f87d-7069-4386-a36a-78b2ac2112cb req-0aafd517-a829-4cd2-b07c-79968bbca730 12d7d0912b364d75bf94e12ea87850f0 50d3865a48c448c491ce842f44c0b148 - - cf3eec43d18f4219b5259bb3be8901ec cf3eec43d18f4219b5259bb3be8901ec] 199.19.213.78 "GET /resource_providers?in_tree=3122a1b7-4fdd-4101-a520-c71fa9a7dfce" status: 200 len: 798 microversion: 1.14 [pid: 8|app: 0|req: 503/1001] 199.19.213.78 () {34 vars in 891 bytes} [Sat Jul 25 20:55:43 2026] GET /resource_providers?in_tree=3122a1b7-4fdd-4101-a520-c71fa9a7dfce => generated 798 bytes in 18 msecs (HTTP/1.1 200) 6 headers in 225 bytes (1 switches on core 0)
2026-07-25 20:55:43.540 7 INFO placement.requestlog [req-63d9f87d-7069-4386-a36a-78b2ac2112cb req-02f95539-5b43-4dec-870e-1fbccbf23ad2 12d7d0912b364d75bf94e12ea87850f0 50d3865a48c448c491ce842f44c0b148 - - cf3eec43d18f4219b5259bb3be8901ec cf3eec43d18f4219b5259bb3be8901ec] 199.19.213.78 "GET /resource_providers/3122a1b7-4fdd-4101-a520-c71fa9a7dfce/inventories" status: 200 len: 401 microversion: 1.0 [pid: 7|app: 0|req: 499/1002] 199.19.213.78 () {32 vars in 856 bytes} [Sat Jul 25 20:55:43 2026] GET /resource_providers/3122a1b7-4fdd-4101-a520-c71fa9a7dfce/inventories => generated 401 bytes in 13 msecs (HTTP/1.1 200) 6 headers in 224 bytes (1 switches on core 0)
2026-07-25 20:55:43.558 8 INFO placement.requestlog [req-63d9f87d-7069-4386-a36a-78b2ac2112cb req-47870599-ca35-408a-9522-77752ef444e4 12d7d0912b364d75bf94e12ea87850f0 50d3865a48c448c491ce842f44c0b148 - - cf3eec43d18f4219b5259bb3be8901ec cf3eec43d18f4219b5259bb3be8901ec] 199.19.213.78 "GET /resource_providers/3122a1b7-4fdd-4101-a520-c71fa9a7dfce/aggregates" status: 200 len: 54 microversion: 1.19 [pid: 8|app: 0|req: 504/1003] 199.19.213.78 () {34 vars in 898 bytes} [Sat Jul 25 20:55:43 2026] GET /resource_providers/3122a1b7-4fdd-4101-a520-c71fa9a7dfce/aggregates => generated 54 bytes in 12 msecs (HTTP/1.1 200) 8 headers in 295 bytes (1 switches on core 0)
2026-07-25 20:55:43.585 7 INFO placement.requestlog [req-63d9f87d-7069-4386-a36a-78b2ac2112cb req-89cea20c-2430-4006-9761-1b67b495f3e9 12d7d0912b364d75bf94e12ea87850f0 50d3865a48c448c491ce842f44c0b148 - - cf3eec43d18f4219b5259bb3be8901ec cf3eec43d18f4219b5259bb3be8901ec] 199.19.213.78 "GET /resource_providers/3122a1b7-4fdd-4101-a520-c71fa9a7dfce/traits" status: 200 len: 2317 microversion: 1.6 [pid: 7|app: 0|req: 500/1004] 199.19.213.78 () {34 vars in 889 bytes} [Sat Jul 25 20:55:43 2026] GET /resource_providers/3122a1b7-4fdd-4101-a520-c71fa9a7dfce/traits => generated 2317 bytes in 20 msecs (HTTP/1.1 200) 6 headers in 225 bytes (1 switches on core 0)
2026-07-25 20:55:43.608 8 INFO placement.requestlog [req-63d9f87d-7069-4386-a36a-78b2ac2112cb req-25d50be9-6cbd-493c-bd52-5963a2a7681d 12d7d0912b364d75bf94e12ea87850f0 50d3865a48c448c491ce842f44c0b148 - - cf3eec43d18f4219b5259bb3be8901ec cf3eec43d18f4219b5259bb3be8901ec] 199.19.213.78 "GET /resource_providers/3122a1b7-4fdd-4101-a520-c71fa9a7dfce/allocations" status: 200 len: 340 microversion: 1.0 [pid: 8|app: 0|req: 505/1005] 199.19.213.78 () {32 vars in 856 bytes} [Sat Jul 25 20:55:43 2026] GET /resource_providers/3122a1b7-4fdd-4101-a520-c71fa9a7dfce/allocations => generated 340 bytes in 15 msecs (HTTP/1.1 200) 6 headers in 224 bytes (1 switches on core 0)
2026-07-25 20:55:43.624 7 INFO placement.requestlog [req-63d9f87d-7069-4386-a36a-78b2ac2112cb req-03c45c52-418f-40d7-8801-15437a8f54d2 12d7d0912b364d75bf94e12ea87850f0 50d3865a48c448c491ce842f44c0b148 - - cf3eec43d18f4219b5259bb3be8901ec cf3eec43d18f4219b5259bb3be8901ec] 199.19.213.78 "GET /allocations/d7387f67-03ed-4077-b2dc-4e59ec4bbea2" status: 200 len: 258 microversion: 1.28 [pid: 7|app: 0|req: 501/1006] 199.19.213.78 () {34 vars in 862 bytes} [Sat Jul 25 20:55:43 2026] GET /allocations/d7387f67-03ed-4077-b2dc-4e59ec4bbea2 => generated 258 bytes in 7 msecs (HTTP/1.1 200) 8 headers in 296 bytes (1 switches on core 0)
2026-07-25 20:55:43.643 8 INFO placement.requestlog [req-63d9f87d-7069-4386-a36a-78b2ac2112cb req-d3aa740a-b711-4c58-a236-b1c41b929a46 12d7d0912b364d75bf94e12ea87850f0 50d3865a48c448c491ce842f44c0b148 - - cf3eec43d18f4219b5259bb3be8901ec cf3eec43d18f4219b5259bb3be8901ec] 199.19.213.78 "GET /allocations/624531fe-a6e2-4a6b-9df5-82a161add9a5" status: 200 len: 245 microversion: 1.28 [pid: 8|app: 0|req: 506/1007] 199.19.213.78 () {34 vars in 862 bytes} [Sat Jul 25 20:55:43 2026] GET /allocations/624531fe-a6e2-4a6b-9df5-82a161add9a5 => generated 245 bytes in 12 msecs (HTTP/1.1 200) 8 headers in 296 bytes (1 switches on core 0)
2026-07-25 20:55:43.658 7 INFO placement.requestlog [req-63d9f87d-7069-4386-a36a-78b2ac2112cb req-0a93222f-9cb5-4451-9942-6d2b3bc288a8 12d7d0912b364d75bf94e12ea87850f0 50d3865a48c448c491ce842f44c0b148 - - cf3eec43d18f4219b5259bb3be8901ec cf3eec43d18f4219b5259bb3be8901ec] 199.19.213.78 "GET /allocations/b59223ea-318d-47d6-b2d1-7a0f74df6626" status: 200 len: 258 microversion: 1.28 [pid: 7|app: 0|req: 502/1008] 199.19.213.78 () {34 vars in 862 bytes} [Sat Jul 25 20:55:43 2026] GET /allocations/b59223ea-318d-47d6-b2d1-7a0f74df6626 => generated 258 bytes in 8 msecs (HTTP/1.1 200) 8 headers in 296 bytes (1 switches on core 0)
2026-07-25 20:55:50.980 7 INFO placement.requestlog [None req-c68c3447-c933-4a81-be12-ddbf41df3c16 - - - - - -] 10.0.0.146 "GET /" status: 200 len: 136 microversion: 1.0
2026-07-25 20:55:50.981 8 INFO placement.requestlog [None req-a1c63c39-8a85-4d66-9a1e-e2b146453740 - - - - - -] 10.0.0.146 "GET /" status: 200 len: 136 microversion: 1.0
2026-07-25 20:56:00.981 7 INFO placement.requestlog [None req-413e9b7c-4cd5-4a1b-8599-0480750125c8 - - - - - -] 10.0.0.146 "GET /" status: 200 len: 136 microversion: 1.0
2026-07-25 20:56:00.981 8 INFO placement.requestlog [None req-f44f6d7a-4758-4441-a0b7-f74793d000ff - - - - - -] 10.0.0.146 "GET /" status: 200 len: 136 microversion: 1.0
2026-07-25 20:56:10.981 7 INFO placement.requestlog [None req-e22cf923-1ff2-491d-90a9-94a4568dbd15 - - - - - -] 10.0.0.146 "GET /" status: 200 len: 136 microversion: 1.0
2026-07-25 20:56:10.981 8 INFO placement.requestlog [None req-1861ea73-9330-46a1-b3fe-be1fb58882b7 - - - - - -] 10.0.0.146 "GET /" status: 200 len: 136 microversion: 1.0
2026-07-25 20:56:16.640 7 INFO placement.requestlog [req-43a6e2c5-d332-4972-875c-015d378f7236 req-2e27cee2-a15d-43b3-8ea0-9a127801b3b3 12d7d0912b364d75bf94e12ea87850f0 50d3865a48c448c491ce842f44c0b148 - - cf3eec43d18f4219b5259bb3be8901ec cf3eec43d18f4219b5259bb3be8901ec] 199.19.213.78 "GET /resource_providers/3122a1b7-4fdd-4101-a520-c71fa9a7dfce/allocations" status: 200 len: 340 microversion: 1.0 [pid: 7|app: 0|req: 506/1015] 199.19.213.78 () {32 vars in 856 bytes} [Sat Jul 25 20:56:16 2026] GET /resource_providers/3122a1b7-4fdd-4101-a520-c71fa9a7dfce/allocations => generated 340 bytes in 19 msecs (HTTP/1.1 200) 6 headers in 224 bytes (1 switches on core 0)
2026-07-25 20:56:16.663 8 INFO placement.requestlog [req-43a6e2c5-d332-4972-875c-015d378f7236 req-b976a8db-e666-4be7-8571-9c7f7fd46422 12d7d0912b364d75bf94e12ea87850f0 50d3865a48c448c491ce842f44c0b148 - - cf3eec43d18f4219b5259bb3be8901ec cf3eec43d18f4219b5259bb3be8901ec] 199.19.213.78 "GET /allocations/d7387f67-03ed-4077-b2dc-4e59ec4bbea2" status: 200 len: 258 microversion: 1.28 [pid: 8|app: 0|req: 510/1016] 199.19.213.78 () {34 vars in 862 bytes} [Sat Jul 25 20:56:16 2026] GET /allocations/d7387f67-03ed-4077-b2dc-4e59ec4bbea2 => generated 258 bytes in 16 msecs (HTTP/1.1 200) 8 headers in 296 bytes (1 switches on core 0)
2026-07-25 20:56:16.678 7 INFO placement.requestlog [req-43a6e2c5-d332-4972-875c-015d378f7236 req-2b7846fb-a1c1-49b3-a964-80c5f08a3f8b 12d7d0912b364d75bf94e12ea87850f0 50d3865a48c448c491ce842f44c0b148 - - cf3eec43d18f4219b5259bb3be8901ec cf3eec43d18f4219b5259bb3be8901ec] 199.19.213.78 "GET /allocations/624531fe-a6e2-4a6b-9df5-82a161add9a5" status: 200 len: 245 microversion: 1.28 [pid: 7|app: 0|req: 507/1017] 199.19.213.78 () {34 vars in 862 bytes} [Sat Jul 25 20:56:16 2026] GET /allocations/624531fe-a6e2-4a6b-9df5-82a161add9a5 => generated 245 bytes in 12 msecs (HTTP/1.1 200) 8 headers in 296 bytes (1 switches on core 0)
2026-07-25 20:56:16.697 8 INFO placement.requestlog [req-43a6e2c5-d332-4972-875c-015d378f7236 req-cfc560bc-a13b-47c3-807c-e8d30b1da99f 12d7d0912b364d75bf94e12ea87850f0 50d3865a48c448c491ce842f44c0b148 - - cf3eec43d18f4219b5259bb3be8901ec cf3eec43d18f4219b5259bb3be8901ec] 199.19.213.78 "GET /allocations/b59223ea-318d-47d6-b2d1-7a0f74df6626" status: 200 len: 258 microversion: 1.28 [pid: 8|app: 0|req: 511/1018] 199.19.213.78 () {34 vars in 862 bytes} [Sat Jul 25 20:56:16 2026] GET /allocations/b59223ea-318d-47d6-b2d1-7a0f74df6626 => generated 258 bytes in 12 msecs (HTTP/1.1 200) 8 headers in 296 bytes (1 switches on core 0)
2026-07-25 20:56:17.757 7 INFO placement.requestlog [req-43a6e2c5-d332-4972-875c-015d378f7236 req-b239c943-ef3c-49fa-9eb0-37464c91c69f 12d7d0912b364d75bf94e12ea87850f0 50d3865a48c448c491ce842f44c0b148 - - cf3eec43d18f4219b5259bb3be8901ec cf3eec43d18f4219b5259bb3be8901ec] 199.19.213.78 "DELETE /allocations/624531fe-a6e2-4a6b-9df5-82a161add9a5" status: 204 len: 0 microversion: 1.0 [pid: 7|app: 0|req: 508/1019] 199.19.213.78 () {34 vars in 840 bytes} [Sat Jul 25 20:56:17 2026] DELETE /allocations/624531fe-a6e2-4a6b-9df5-82a161add9a5 => generated 0 bytes in 26 msecs (HTTP/1.1 204) 5 headers in 198 bytes (1 switches on core 0)
2026-07-25 20:56:20.255 8 INFO placement.requestlog [req-84b9a840-7ea0-4a99-a158-0f9824d908f6 req-a390101d-f12c-409a-b21b-2b5d5cba9b42 12d7d0912b364d75bf94e12ea87850f0 50d3865a48c448c491ce842f44c0b148 - - cf3eec43d18f4219b5259bb3be8901ec cf3eec43d18f4219b5259bb3be8901ec] 199.19.213.78 "GET /resource_providers/3122a1b7-4fdd-4101-a520-c71fa9a7dfce/allocations" status: 200 len: 253 microversion: 1.0 [pid: 8|app: 0|req: 512/1020] 199.19.213.78 () {32 vars in 856 bytes} [Sat Jul 25 20:56:20 2026] GET /resource_providers/3122a1b7-4fdd-4101-a520-c71fa9a7dfce/allocations => generated 253 bytes in 17 msecs (HTTP/1.1 200) 6 headers in 224 bytes (1 switches on core 0)
2026-07-25 20:56:20.273 7 INFO placement.requestlog [req-84b9a840-7ea0-4a99-a158-0f9824d908f6 req-c703b723-c9e3-4b8e-afea-52fc07410360 12d7d0912b364d75bf94e12ea87850f0 50d3865a48c448c491ce842f44c0b148 - - cf3eec43d18f4219b5259bb3be8901ec cf3eec43d18f4219b5259bb3be8901ec] 199.19.213.78 "GET /allocations/d7387f67-03ed-4077-b2dc-4e59ec4bbea2" status: 200 len: 258 microversion: 1.28 [pid: 7|app: 0|req: 509/1021] 199.19.213.78 () {34 vars in 862 bytes} [Sat Jul 25 20:56:20 2026] GET /allocations/d7387f67-03ed-4077-b2dc-4e59ec4bbea2 => generated 258 bytes in 12 msecs (HTTP/1.1 200) 8 headers in 296 bytes (1 switches on core 0)
2026-07-25 20:56:20.290 8 INFO placement.requestlog [req-84b9a840-7ea0-4a99-a158-0f9824d908f6 req-d3533c55-3dcf-4dd8-beb4-2fa81bcbcfdf 12d7d0912b364d75bf94e12ea87850f0 50d3865a48c448c491ce842f44c0b148 - - cf3eec43d18f4219b5259bb3be8901ec cf3eec43d18f4219b5259bb3be8901ec] 199.19.213.78 "GET /allocations/b59223ea-318d-47d6-b2d1-7a0f74df6626" status: 200 len: 258 microversion: 1.28 [pid: 8|app: 0|req: 513/1022] 199.19.213.78 () {34 vars in 862 bytes} [Sat Jul 25 20:56:20 2026] GET /allocations/b59223ea-318d-47d6-b2d1-7a0f74df6626 => generated 258 bytes in 12 msecs (HTTP/1.1 200) 8 headers in 296 bytes (1 switches on core 0)
2026-07-25 20:56:20.981 7 INFO placement.requestlog [None req-7bd5a04a-e09e-4055-acf2-e601d19a6d7b - - - - - -] 10.0.0.146 "GET /" status: 200 len: 136 microversion: 1.0
2026-07-25 20:56:20.981 8 INFO placement.requestlog [None req-b2689400-bd8c-49bd-a24e-e5816b13940d - - - - - -] 10.0.0.146 "GET /" status: 200 len: 136 microversion: 1.0
2026-07-25 20:56:21.342 7 INFO placement.requestlog [req-84b9a840-7ea0-4a99-a158-0f9824d908f6 req-2b86d0cd-e382-4c29-8738-4fd6d00c4b17 12d7d0912b364d75bf94e12ea87850f0 50d3865a48c448c491ce842f44c0b148 - - cf3eec43d18f4219b5259bb3be8901ec cf3eec43d18f4219b5259bb3be8901ec] 199.19.213.78 "DELETE /allocations/b59223ea-318d-47d6-b2d1-7a0f74df6626" status: 204 len: 0 microversion: 1.0 [pid: 7|app: 0|req: 511/1025] 199.19.213.78 () {34 vars in 840 bytes} [Sat Jul 25 20:56:21 2026] DELETE /allocations/b59223ea-318d-47d6-b2d1-7a0f74df6626 => generated 0 bytes in 21 msecs (HTTP/1.1 204) 5 headers in 198 bytes (1 switches on core 0)
2026-07-25 20:56:30.981 7 INFO placement.requestlog [None req-49ce46a3-11fd-4485-b69f-cae06208b05d - - - - - -] 10.0.0.146 "GET /" status: 200 len: 136 microversion: 1.0
2026-07-25 20:56:30.982 8 INFO placement.requestlog [None req-246e648c-058a-4eb9-aee4-fd4a1d6d5ac5 - - - - - -] 10.0.0.146 "GET /" status: 200 len: 136 microversion: 1.0
2026-07-25 20:56:31.046 7 INFO placement.requestlog [req-8a46cbcb-66ce-44ca-9b6a-651e00e3166f req-6a9be713-fe55-477f-8024-0b64e56c635e 12d7d0912b364d75bf94e12ea87850f0 50d3865a48c448c491ce842f44c0b148 - - cf3eec43d18f4219b5259bb3be8901ec cf3eec43d18f4219b5259bb3be8901ec] 199.19.213.78 "GET /resource_providers/3122a1b7-4fdd-4101-a520-c71fa9a7dfce/allocations" status: 200 len: 153 microversion: 1.0 [pid: 7|app: 0|req: 513/1028] 199.19.213.78 () {32 vars in 856 bytes} [Sat Jul 25 20:56:31 2026] GET /resource_providers/3122a1b7-4fdd-4101-a520-c71fa9a7dfce/allocations => generated 153 bytes in 18 msecs (HTTP/1.1 200) 6 headers in 224 bytes (1 switches on core 0)
2026-07-25 20:56:31.067 8 INFO placement.requestlog [req-8a46cbcb-66ce-44ca-9b6a-651e00e3166f req-cdbe1b63-c46d-4da2-b169-c7403e8fa17d 12d7d0912b364d75bf94e12ea87850f0 50d3865a48c448c491ce842f44c0b148 - - cf3eec43d18f4219b5259bb3be8901ec cf3eec43d18f4219b5259bb3be8901ec] 199.19.213.78 "GET /allocations/d7387f67-03ed-4077-b2dc-4e59ec4bbea2" status: 200 len: 258 microversion: 1.28 [pid: 8|app: 0|req: 516/1029] 199.19.213.78 () {34 vars in 862 bytes} [Sat Jul 25 20:56:31 2026] GET /allocations/d7387f67-03ed-4077-b2dc-4e59ec4bbea2 => generated 258 bytes in 17 msecs (HTTP/1.1 200) 8 headers in 296 bytes (1 switches on core 0)
2026-07-25 20:56:32.119 7 INFO placement.requestlog [req-8a46cbcb-66ce-44ca-9b6a-651e00e3166f req-13590bbf-a082-47d9-95ce-386545d1fcfd 12d7d0912b364d75bf94e12ea87850f0 50d3865a48c448c491ce842f44c0b148 - - cf3eec43d18f4219b5259bb3be8901ec cf3eec43d18f4219b5259bb3be8901ec] 199.19.213.78 "DELETE /allocations/d7387f67-03ed-4077-b2dc-4e59ec4bbea2" status: 204 len: 0 microversion: 1.0 [pid: 7|app: 0|req: 514/1030] 199.19.213.78 () {34 vars in 840 bytes} [Sat Jul 25 20:56:32 2026] DELETE /allocations/d7387f67-03ed-4077-b2dc-4e59ec4bbea2 => generated 0 bytes in 24 msecs (HTTP/1.1 204) 5 headers in 198 bytes (1 switches on core 0)
2026-07-25 20:56:40.981 7 INFO placement.requestlog [None req-96984180-dcd7-4a33-bd56-f62f532777f0 - - - - - -] 10.0.0.146 "GET /" status: 200 len: 136 microversion: 1.0
2026-07-25 20:56:40.981 8 INFO placement.requestlog [None req-e8279d0b-55d3-4d8d-827b-87a8ff1f10b9 - - - - - -] 10.0.0.146 "GET /" status: 200 len: 136 microversion: 1.0
2026-07-25 20:56:43.621 7 INFO placement.requestlog [req-9f4faea2-dd36-44b2-8a8e-31561c139f68 req-5a32f09b-f13f-483b-8848-182763a2540b 12d7d0912b364d75bf94e12ea87850f0 50d3865a48c448c491ce842f44c0b148 - - cf3eec43d18f4219b5259bb3be8901ec cf3eec43d18f4219b5259bb3be8901ec] 199.19.213.78 "GET /resource_providers/3122a1b7-4fdd-4101-a520-c71fa9a7dfce/allocations" status: 200 len: 55 microversion: 1.0 [pid: 7|app: 0|req: 516/1033] 199.19.213.78 () {32 vars in 856 bytes} [Sat Jul 25 20:56:43 2026] GET /resource_providers/3122a1b7-4fdd-4101-a520-c71fa9a7dfce/allocations => generated 55 bytes in 9 msecs (HTTP/1.1 200) 6 headers in 223 bytes (1 switches on core 0)
2026-07-25 20:56:43.641 8 INFO placement.requestlog [req-9f4faea2-dd36-44b2-8a8e-31561c139f68 req-1c1f0432-138a-4262-8f45-b788799401a1 12d7d0912b364d75bf94e12ea87850f0 50d3865a48c448c491ce842f44c0b148 - - cf3eec43d18f4219b5259bb3be8901ec cf3eec43d18f4219b5259bb3be8901ec] 199.19.213.78 "GET /resource_providers/3122a1b7-4fdd-4101-a520-c71fa9a7dfce/allocations" status: 200 len: 55 microversion: 1.0 [pid: 8|app: 0|req: 518/1034] 199.19.213.78 () {32 vars in 856 bytes} [Sat Jul 25 20:56:43 2026] GET /resource_providers/3122a1b7-4fdd-4101-a520-c71fa9a7dfce/allocations => generated 55 bytes in 13 msecs (HTTP/1.1 200) 6 headers in 223 bytes (1 switches on core 0)
2026-07-25 20:56:44.076 7 INFO placement.requestlog [None req-05b71d9b-9f00-45a6-ad79-bfb959d5660b e33029903b1f47f887ceff04cfad5bc2 50d3865a48c448c491ce842f44c0b148 - - cf3eec43d18f4219b5259bb3be8901ec cf3eec43d18f4219b5259bb3be8901ec] 10.0.0.193 "GET /resource_providers/7471b2d0-4847-4ca0-8cf7-3b9dab168beb/aggregates" status: 404 len: 235 microversion: 1.1 [pid: 7|app: 0|req: 517/1035] 10.0.0.193 () {32 vars in 816 bytes} [Sat Jul 25 20:56:44 2026] GET /resource_providers/7471b2d0-4847-4ca0-8cf7-3b9dab168beb/aggregates => generated 235 bytes in 64 msecs (HTTP/1.1 404) 5 headers in 202 bytes (1 switches on core 0)
2026-07-25 20:56:44.082 8 INFO placement.requestlog [None req-9c92545e-fc89-4468-adbf-06bbd306af9e e33029903b1f47f887ceff04cfad5bc2 50d3865a48c448c491ce842f44c0b148 - - cf3eec43d18f4219b5259bb3be8901ec cf3eec43d18f4219b5259bb3be8901ec] 10.0.0.193 "GET /resource_providers/7471b2d0-4847-4ca0-8cf7-3b9dab168beb/aggregates" status: 404 len: 235 microversion: 1.1 [pid: 8|app: 0|req: 519/1036] 10.0.0.193 () {32 vars in 816 bytes} [Sat Jul 25 20:56:44 2026] GET /resource_providers/7471b2d0-4847-4ca0-8cf7-3b9dab168beb/aggregates => generated 235 bytes in 66 msecs (HTTP/1.1 404) 5 headers in 202 bytes (1 switches on core 0)
2026-07-25 20:56:44.102 7 INFO placement.requestlog [None req-f19003e0-404f-49a7-8255-e554830b1844 e33029903b1f47f887ceff04cfad5bc2 50d3865a48c448c491ce842f44c0b148 - - cf3eec43d18f4219b5259bb3be8901ec cf3eec43d18f4219b5259bb3be8901ec] 10.0.0.193 "DELETE /resource_providers/7471b2d0-4847-4ca0-8cf7-3b9dab168beb" status: 404 len: 246 microversion: 1.1 [pid: 7|app: 0|req: 518/1037] 10.0.0.193 () {34 vars in 816 bytes} [Sat Jul 25 20:56:44 2026] DELETE /resource_providers/7471b2d0-4847-4ca0-8cf7-3b9dab168beb => generated 246 bytes in 10 msecs (HTTP/1.1 404) 6 headers in 231 bytes (1 switches on core 0)
2026-07-25 20:56:44.112 8 INFO placement.requestlog [None req-3ce22bab-eae1-4018-96e7-ae82dff50e49 e33029903b1f47f887ceff04cfad5bc2 50d3865a48c448c491ce842f44c0b148 - - cf3eec43d18f4219b5259bb3be8901ec cf3eec43d18f4219b5259bb3be8901ec] 10.0.0.193 "DELETE /resource_providers/7471b2d0-4847-4ca0-8cf7-3b9dab168beb" status: 404 len: 246 microversion: 1.1 [pid: 8|app: 0|req: 520/1038] 10.0.0.193 () {34 vars in 816 bytes} [Sat Jul 25 20:56:44 2026] DELETE /resource_providers/7471b2d0-4847-4ca0-8cf7-3b9dab168beb => generated 246 bytes in 9 msecs (HTTP/1.1 404) 6 headers in 231 bytes (1 switches on core 0)
2026-07-25 20:56:46.124 7 INFO placement.requestlog [None req-8a1f312e-03e5-4979-bcc3-1505513f9eef e33029903b1f47f887ceff04cfad5bc2 50d3865a48c448c491ce842f44c0b148 - - cf3eec43d18f4219b5259bb3be8901ec cf3eec43d18f4219b5259bb3be8901ec] 10.0.0.193 "GET /resource_providers/7afdf58b-ae7e-40c1-aa51-3badd59e5c10/aggregates" status: 404 len: 235 microversion: 1.1 [pid: 7|app: 0|req: 519/1039] 10.0.0.193 () {32 vars in 816 bytes} [Sat Jul 25 20:56:46 2026] GET /resource_providers/7afdf58b-ae7e-40c1-aa51-3badd59e5c10/aggregates => generated 235 bytes in 12 msecs (HTTP/1.1 404) 5 headers in 202 bytes (1 switches on core 0)
2026-07-25 20:56:46.134 8 INFO placement.requestlog [None req-840a1c6a-7766-49d8-b56d-e78ed82c28d9 e33029903b1f47f887ceff04cfad5bc2 50d3865a48c448c491ce842f44c0b148 - - cf3eec43d18f4219b5259bb3be8901ec cf3eec43d18f4219b5259bb3be8901ec] 10.0.0.193 "GET /resource_providers/7afdf58b-ae7e-40c1-aa51-3badd59e5c10/aggregates" status: 404 len: 235 microversion: 1.1 [pid: 8|app: 0|req: 521/1040] 10.0.0.193 () {32 vars in 816 bytes} [Sat Jul 25 20:56:46 2026] GET /resource_providers/7afdf58b-ae7e-40c1-aa51-3badd59e5c10/aggregates => generated 235 bytes in 14 msecs (HTTP/1.1 404) 5 headers in 202 bytes (1 switches on core 0)
2026-07-25 20:56:46.142 7 INFO placement.requestlog [None req-eb224d52-2681-4862-8fb9-8a6daeca2a07 e33029903b1f47f887ceff04cfad5bc2 50d3865a48c448c491ce842f44c0b148 - - cf3eec43d18f4219b5259bb3be8901ec cf3eec43d18f4219b5259bb3be8901ec] 10.0.0.193 "DELETE /resource_providers/7afdf58b-ae7e-40c1-aa51-3badd59e5c10" status: 404 len: 246 microversion: 1.1 [pid: 7|app: 0|req: 520/1041] 10.0.0.193 () {34 vars in 816 bytes} [Sat Jul 25 20:56:46 2026] DELETE /resource_providers/7afdf58b-ae7e-40c1-aa51-3badd59e5c10 => generated 246 bytes in 8 msecs (HTTP/1.1 404) 6 headers in 231 bytes (1 switches on core 0)
2026-07-25 20:56:46.152 8 INFO placement.requestlog [None req-dcd8b62f-eab8-458a-a7e2-d091c2186852 e33029903b1f47f887ceff04cfad5bc2 50d3865a48c448c491ce842f44c0b148 - - cf3eec43d18f4219b5259bb3be8901ec cf3eec43d18f4219b5259bb3be8901ec] 10.0.0.193 "DELETE /resource_providers/7afdf58b-ae7e-40c1-aa51-3badd59e5c10" status: 404 len: 246 microversion: 1.1 [pid: 8|app: 0|req: 522/1042] 10.0.0.193 () {34 vars in 816 bytes} [Sat Jul 25 20:56:46 2026] DELETE /resource_providers/7afdf58b-ae7e-40c1-aa51-3badd59e5c10 => generated 246 bytes in 10 msecs (HTTP/1.1 404) 6 headers in 231 bytes (1 switches on core 0)
