+ COMMAND=start + start + for KEYSTONE_WSGI_SCRIPT in keystone-wsgi-public ++ type -p keystone-wsgi-public + cp -a /var/lib/openstack/bin/keystone-wsgi-public /var/www/cgi-bin/keystone/ + '[' -f /etc/apache2/envvars ']' + source /etc/apache2/envvars ++ unset HOME ++ '[' '' '!=' '' ']' ++ SUFFIX= ++ export APACHE_RUN_USER=www-data ++ APACHE_RUN_USER=www-data ++ export APACHE_RUN_GROUP=www-data ++ APACHE_RUN_GROUP=www-data ++ export APACHE_PID_FILE=/var/run/apache2/apache2.pid ++ APACHE_PID_FILE=/var/run/apache2/apache2.pid ++ export APACHE_RUN_DIR=/var/run/apache2 ++ APACHE_RUN_DIR=/var/run/apache2 ++ export APACHE_LOCK_DIR=/var/lock/apache2 ++ APACHE_LOCK_DIR=/var/lock/apache2 ++ export APACHE_LOG_DIR=/var/log/apache2 ++ APACHE_LOG_DIR=/var/log/apache2 ++ export LANG=C ++ LANG=C ++ export LANG + '[' -f /var/run/apache2/apache2.pid ']' + exec apache2 -DFOREGROUND AH00558: apache2: Could not reliably determine the server's fully qualified domain name, using 10.0.0.239. Set the 'ServerName' directive globally to suppress this message AH00558: apache2: Could not reliably determine the server's fully qualified domain name, using 10.0.0.239. Set the 'ServerName' directive globally to suppress this message
[Fri Jul 17 18:20:52.416203 2026] [mpm_event:notice] [pid 1:tid 140080614340480] AH00489: Apache/2.4.58 (Ubuntu) mod_wsgi/5.0.0 Python/3.12 configured -- resuming normal operations
[Fri Jul 17 18:20:52.416345 2026] [core:notice] [pid 1:tid 140080614340480] AH00094: Command line: 'apache2 -D FOREGROUND'
[Fri Jul 17 18:21:45.306553 2026] [wsgi:error] [pid 12:tid 140079977567936] /var/lib/openstack/lib/python3.12/site-packages/oslo_utils/importutils.py:77: EventletDeprecationWarning:
[Fri Jul 17 18:21:45.306601 2026] [wsgi:error] [pid 12:tid 140079977567936] Eventlet is deprecated. It is currently being maintained in bugfix mode, and
[Fri Jul 17 18:21:45.306603 2026] [wsgi:error] [pid 12:tid 140079977567936] we strongly recommend against using it for new projects.
[Fri Jul 17 18:21:45.306605 2026] [wsgi:error] [pid 12:tid 140079977567936]
[Fri Jul 17 18:21:45.306606 2026] [wsgi:error] [pid 12:tid 140079977567936] If you are already using Eventlet, we recommend migrating to a different
[Fri Jul 17 18:21:45.306607 2026] [wsgi:error] [pid 12:tid 140079977567936] framework. For more detail see
[Fri Jul 17 18:21:45.306608 2026] [wsgi:error] [pid 12:tid 140079977567936] https://eventlet.readthedocs.io/en/latest/asyncio/migration.html
[Fri Jul 17 18:21:45.306609 2026] [wsgi:error] [pid 12:tid 140079977567936]
[Fri Jul 17 18:21:45.306611 2026] [wsgi:error] [pid 12:tid 140079977567936] __import__(import_str)
[Fri Jul 17 18:21:45.377398 2026] [wsgi:error] [pid 11:tid 140079977567936] /var/lib/openstack/lib/python3.12/site-packages/oslo_utils/importutils.py:77: EventletDeprecationWarning:
[Fri Jul 17 18:21:45.377446 2026] [wsgi:error] [pid 11:tid 140079977567936] Eventlet is deprecated. It is currently being maintained in bugfix mode, and
[Fri Jul 17 18:21:45.377449 2026] [wsgi:error] [pid 11:tid 140079977567936] we strongly recommend against using it for new projects.
[Fri Jul 17 18:21:45.377451 2026] [wsgi:error] [pid 11:tid 140079977567936]
[Fri Jul 17 18:21:45.377452 2026] [wsgi:error] [pid 11:tid 140079977567936] If you are already using Eventlet, we recommend migrating to a different
[Fri Jul 17 18:21:45.377454 2026] [wsgi:error] [pid 11:tid 140079977567936] framework. For more detail see
[Fri Jul 17 18:21:45.377456 2026] [wsgi:error] [pid 11:tid 140079977567936] https://eventlet.readthedocs.io/en/latest/asyncio/migration.html
[Fri Jul 17 18:21:45.377458 2026] [wsgi:error] [pid 11:tid 140079977567936]
[Fri Jul 17 18:21:45.377459 2026] [wsgi:error] [pid 11:tid 140079977567936] __import__(import_str) 10.0.0.107 - - [17/Jul/2026:18:21:44 +0000] "GET /v3/ HTTP/1.1" 200 250 10.0.0.107 - - [17/Jul/2026:18:21:44 +0000] "GET /v3/ HTTP/1.1" 200 250
[Fri Jul 17 18:21:50.518605 2026] [wsgi:error] [pid 9:tid 140079977567936] /var/lib/openstack/lib/python3.12/site-packages/oslo_utils/importutils.py:77: EventletDeprecationWarning:
[Fri Jul 17 18:21:50.518648 2026] [wsgi:error] [pid 9:tid 140079977567936] Eventlet is deprecated. It is currently being maintained in bugfix mode, and
[Fri Jul 17 18:21:50.518650 2026] [wsgi:error] [pid 9:tid 140079977567936] we strongly recommend against using it for new projects.
[Fri Jul 17 18:21:50.518651 2026] [wsgi:error] [pid 9:tid 140079977567936]
[Fri Jul 17 18:21:50.518652 2026] [wsgi:error] [pid 9:tid 140079977567936] If you are already using Eventlet, we recommend migrating to a different
[Fri Jul 17 18:21:50.518653 2026] [wsgi:error] [pid 9:tid 140079977567936] framework. For more detail see
[Fri Jul 17 18:21:50.518654 2026] [wsgi:error] [pid 9:tid 140079977567936] https://eventlet.readthedocs.io/en/latest/asyncio/migration.html
[Fri Jul 17 18:21:50.518655 2026] [wsgi:error] [pid 9:tid 140079977567936]
[Fri Jul 17 18:21:50.518656 2026] [wsgi:error] [pid 9:tid 140079977567936] __import__(import_str) 10.0.0.107 - - [17/Jul/2026:18:21:49 +0000] "GET /v3/ HTTP/1.1" 200 250
[Fri Jul 17 18:21:58.446383 2026] [wsgi:error] [pid 10:tid 140079977567936] /var/lib/openstack/lib/python3.12/site-packages/oslo_utils/importutils.py:77: EventletDeprecationWarning:
[Fri Jul 17 18:21:58.446426 2026] [wsgi:error] [pid 10:tid 140079977567936] Eventlet is deprecated. It is currently being maintained in bugfix mode, and
[Fri Jul 17 18:21:58.446428 2026] [wsgi:error] [pid 10:tid 140079977567936] we strongly recommend against using it for new projects.
[Fri Jul 17 18:21:58.446429 2026] [wsgi:error] [pid 10:tid 140079977567936]
[Fri Jul 17 18:21:58.446430 2026] [wsgi:error] [pid 10:tid 140079977567936] If you are already using Eventlet, we recommend migrating to a different
[Fri Jul 17 18:21:58.446432 2026] [wsgi:error] [pid 10:tid 140079977567936] framework. For more detail see
[Fri Jul 17 18:21:58.446433 2026] [wsgi:error] [pid 10:tid 140079977567936] https://eventlet.readthedocs.io/en/latest/asyncio/migration.html
[Fri Jul 17 18:21:58.446434 2026] [wsgi:error] [pid 10:tid 140079977567936]
[Fri Jul 17 18:21:58.446435 2026] [wsgi:error] [pid 10:tid 140079977567936] __import__(import_str) 10.0.0.160 - - [17/Jul/2026:18:21:57 +0000] "GET / HTTP/1.1" 300 295
[Fri Jul 17 18:22:02.999805 2026] [wsgi:error] [pid 12:tid 140079977567936] [remote 10.0.0.160:33324] 2026-07-17 18:22:02.996 12 WARNING keystone.identity.core [None req-e3b86cc0-1dcd-474b-bc94-faca0890404d - - - - - -] Invalid domain name (atmosphere) found in config file name: keystone.exception.DomainNotFound: Could not find domain: atmosphere.
[Fri Jul 17 18:22:03.050089 2026] [wsgi:error] [pid 12:tid 140079977567936] [remote 10.0.0.160:33324] 2026-07-17 18:22:03.049 12 WARNING keystone.common.password_hashing [None req-e3b86cc0-1dcd-474b-bc94-faca0890404d - - - - - -] Truncating password to algorithm specific maximum length 72 characters.
[Fri Jul 17 18:22:03.339349 2026] [wsgi:error] [pid 12:tid 140079977567936] [remote 10.0.0.160:33324] 2026-07-17 18:22:03.339 12 WARNING keystone.common.fernet_utils [None req-e3b86cc0-1dcd-474b-bc94-faca0890404d - - - - - -] key_repository is world readable: /etc/keystone/fernet-keys/ 10.0.0.160 - - [17/Jul/2026:18:22:02 +0000] "POST /v3/auth/tokens HTTP/1.1" 201 1360
[Fri Jul 17 18:22:03.686162 2026] [wsgi:error] [pid 11:tid 140079977567936] [remote 10.0.0.160:33324] 2026-07-17 18:22:03.683 11 WARNING keystone.identity.core [None req-4434ce89-6d92-453b-9cd1-793068616384 - - - - - -] Invalid domain name (atmosphere) found in config file name: keystone.exception.DomainNotFound: Could not find domain: atmosphere. 10.0.0.160 - - [17/Jul/2026:18:22:03 +0000] "POST /v3/domains HTTP/1.1" 201 261 10.0.0.194 - - [17/Jul/2026:18:22:14 +0000] "GET / HTTP/1.1" 300 295
[Fri Jul 17 18:22:15.104712 2026] [wsgi:error] [pid 10:tid 140079977567936] [remote 10.0.0.194:57506] 2026-07-17 18:22:15.104 10 WARNING keystone.common.password_hashing [None req-33fc3b6b-ef32-48ae-a060-36efdf8a3246 - - - - - -] Truncating password to algorithm specific maximum length 72 characters.
[Fri Jul 17 18:22:15.381697 2026] [wsgi:error] [pid 10:tid 140079977567936] [remote 10.0.0.194:57506] 2026-07-17 18:22:15.381 10 WARNING keystone.common.fernet_utils [None req-33fc3b6b-ef32-48ae-a060-36efdf8a3246 - - - - - -] key_repository is world readable: /etc/keystone/fernet-keys/ 10.0.0.194 - - [17/Jul/2026:18:22:14 +0000] "POST /v3/auth/tokens HTTP/1.1" 201 1360 10.0.0.194 - - [17/Jul/2026:18:22:15 +0000] "GET /v3/roles/admin HTTP/1.1" 404 83
[Fri Jul 17 18:22:15.628804 2026] [wsgi:error] [pid 11:tid 140079977567936] [remote 10.0.0.194:57506] 2026-07-17 18:22:15.628 11 WARNING keystone.common.rbac_enforcer.enforcer [None req-c4aaa452-f682-44dd-ab5f-3df3b2bae4e1 80beace177bf4c19aabf7a3d3e36fbab 5b2b692a05d74698b98c5215f3390c9c - - default default] Deprecated policy rules found. Use oslopolicy-policy-generator and oslopolicy-policy-upgrade to detect and resolve deprecated policies in your configuration. 10.0.0.194 - - [17/Jul/2026:18:22:15 +0000] "GET /v3/roles?name=admin HTTP/1.1" 200 389
[Fri Jul 17 18:22:16.168289 2026] [wsgi:error] [pid 9:tid 140079977567936] [remote 10.0.0.194:57506] 2026-07-17 18:22:16.168 9 WARNING keystone.common.rbac_enforcer.enforcer [None req-c9a0c44c-37f0-47e8-9ab2-09db741e360d 80beace177bf4c19aabf7a3d3e36fbab 5b2b692a05d74698b98c5215f3390c9c - - default default] Deprecated policy rules found. Use oslopolicy-policy-generator and oslopolicy-policy-upgrade to detect and resolve deprecated policies in your configuration. 10.0.0.194 - - [17/Jul/2026:18:22:15 +0000] "GET /v3/users/admin-RegionOne HTTP/1.1" 404 93
[Fri Jul 17 18:22:16.311940 2026] [wsgi:error] [pid 10:tid 140079977567936] [remote 10.0.0.194:57506] 2026-07-17 18:22:16.311 10 WARNING keystone.common.rbac_enforcer.enforcer [None req-b72cebe4-16b6-4e1c-8d42-3799e085a8de 80beace177bf4c19aabf7a3d3e36fbab 5b2b692a05d74698b98c5215f3390c9c - - default default] Deprecated policy rules found. Use oslopolicy-policy-generator and oslopolicy-policy-upgrade to detect and resolve deprecated policies in your configuration. 10.0.0.194 - - [17/Jul/2026:18:22:16 +0000] "GET /v3/users?name=admin-RegionOne HTTP/1.1" 200 422
[Fri Jul 17 18:22:16.487070 2026] [wsgi:error] [pid 12:tid 140079977567936] [remote 10.0.0.194:57506] 2026-07-17 18:22:16.486 12 WARNING keystone.common.rbac_enforcer.enforcer [None req-2444385c-a505-45f0-b19c-d4786deed3d8 80beace177bf4c19aabf7a3d3e36fbab 5b2b692a05d74698b98c5215f3390c9c - - default default] Deprecated policy rules found. Use oslopolicy-policy-generator and oslopolicy-policy-upgrade to detect and resolve deprecated policies in your configuration. 10.0.0.194 - - [17/Jul/2026:18:22:16 +0000] "GET /v3/domains/default HTTP/1.1" 200 224 10.0.0.194 - - [17/Jul/2026:18:22:16 +0000] "PUT /v3/domains/default/users/80beace177bf4c19aabf7a3d3e36fbab/roles/a1113cc8d39542a993e63673c0912a74 HTTP/1.1" 204 - 10.0.0.107 - - [17/Jul/2026:18:22:26 +0000] "GET / HTTP/1.1" 300 281 10.0.0.107 - - [17/Jul/2026:18:22:28 +0000] "GET /v3 HTTP/1.1" 200 266
[Fri Jul 17 18:22:28.189423 2026] [wsgi:error] [pid 12:tid 140079977567936] [remote 10.0.0.107:40552] 2026-07-17 18:22:28.189 12 WARNING keystone.common.password_hashing [None req-9667bd70-3a22-47fb-97df-0749ce242685 - - - - - -] Truncating password to algorithm specific maximum length 72 characters.
[Fri Jul 17 18:22:28.464186 2026] [wsgi:error] [pid 12:tid 140079977567936] [remote 10.0.0.107:40552] 2026-07-17 18:22:28.464 12 WARNING keystone.common.fernet_utils [None req-9667bd70-3a22-47fb-97df-0749ce242685 - - - - - -] key_repository is world readable: /etc/keystone/fernet-keys/ 10.0.0.107 - - [17/Jul/2026:18:22:28 +0000] "POST /v3/auth/tokens HTTP/1.1" 201 1360 10.0.0.107 - - [17/Jul/2026:18:22:28 +0000] "GET / HTTP/1.1" 300 281 10.0.0.107 - - [17/Jul/2026:18:22:28 +0000] "GET /v3/domains/atmosphere HTTP/1.1" 404 90 10.0.0.107 - - [17/Jul/2026:18:22:28 +0000] "GET /v3/domains?name=atmosphere HTTP/1.1" 200 370 10.0.0.107 - - [17/Jul/2026:18:22:28 +0000] "GET /v3/domains/cf5bb7443b9549b5a32a88e6e9274f44 HTTP/1.1" 200 247 10.0.0.107 - - [17/Jul/2026:18:22:29 +0000] "GET /v3 HTTP/1.1" 200 266
[Fri Jul 17 18:22:29.787019 2026] [wsgi:error] [pid 9:tid 140079977567936] [remote 10.0.0.107:40536] 2026-07-17 18:22:29.786 9 WARNING keystone.common.password_hashing [None req-c9868ee8-220f-4fcf-b3c0-259e93f16e9e - - - - - -] Truncating password to algorithm specific maximum length 72 characters.
[Fri Jul 17 18:22:30.065011 2026] [wsgi:error] [pid 9:tid 140079977567936] [remote 10.0.0.107:40536] 2026-07-17 18:22:30.064 9 WARNING keystone.common.fernet_utils [None req-c9868ee8-220f-4fcf-b3c0-259e93f16e9e - - - - - -] key_repository is world readable: /etc/keystone/fernet-keys/ 10.0.0.107 - - [17/Jul/2026:18:22:29 +0000] "POST /v3/auth/tokens HTTP/1.1" 201 1360 10.0.0.107 - - [17/Jul/2026:18:22:30 +0000] "GET / HTTP/1.1" 300 281 10.0.0.107 - - [17/Jul/2026:18:22:30 +0000] "GET /v3/OS-FEDERATION/identity_providers/atmosphere HTTP/1.1" 404 101 10.0.0.107 - - [17/Jul/2026:18:22:30 +0000] "GET /v3/OS-FEDERATION/identity_providers HTTP/1.1" 200 156 10.0.0.107 - - [17/Jul/2026:18:22:30 +0000] "PUT /v3/OS-FEDERATION/identity_providers/atmosphere HTTP/1.1" 201 342 10.0.0.107 - - [17/Jul/2026:18:22:30 +0000] "GET /v3 HTTP/1.1" 200 266
[Fri Jul 17 18:22:30.889647 2026] [wsgi:error] [pid 12:tid 140079977567936] [remote 10.0.0.107:40536] 2026-07-17 18:22:30.889 12 WARNING keystone.common.password_hashing [None req-be278f87-8dca-43c6-8ae0-169e5636f5ae - - - - - -] Truncating password to algorithm specific maximum length 72 characters.
[Fri Jul 17 18:22:31.166717 2026] [wsgi:error] [pid 12:tid 140079977567936] [remote 10.0.0.107:40536] 2026-07-17 18:22:31.166 12 WARNING keystone.common.fernet_utils [None req-be278f87-8dca-43c6-8ae0-169e5636f5ae - - - - - -] key_repository is world readable: /etc/keystone/fernet-keys/ 10.0.0.107 - - [17/Jul/2026:18:22:30 +0000] "POST /v3/auth/tokens HTTP/1.1" 201 1360 10.0.0.107 - - [17/Jul/2026:18:22:31 +0000] "GET / HTTP/1.1" 300 281 10.0.0.107 - - [17/Jul/2026:18:22:31 +0000] "GET /v3/OS-FEDERATION/mappings/atmosphere-openid HTTP/1.1" 404 98 10.0.0.107 - - [17/Jul/2026:18:22:31 +0000] "GET /v3/OS-FEDERATION/mappings HTTP/1.1" 200 136 10.0.0.107 - - [17/Jul/2026:18:22:31 +0000] "PUT /v3/OS-FEDERATION/mappings/atmosphere-openid HTTP/1.1" 201 357 10.0.0.107 - - [17/Jul/2026:18:22:32 +0000] "GET /v3 HTTP/1.1" 200 266
[Fri Jul 17 18:22:32.043133 2026] [wsgi:error] [pid 9:tid 140079977567936] [remote 10.0.0.107:40552] 2026-07-17 18:22:32.042 9 WARNING keystone.common.password_hashing [None req-9b5d84de-3075-4d12-8139-6dc26a9e6748 - - - - - -] Truncating password to algorithm specific maximum length 72 characters.
[Fri Jul 17 18:22:32.333883 2026] [wsgi:error] [pid 9:tid 140079977567936] [remote 10.0.0.107:40552] 2026-07-17 18:22:32.333 9 WARNING keystone.common.fernet_utils [None req-9b5d84de-3075-4d12-8139-6dc26a9e6748 - - - - - -] key_repository is world readable: /etc/keystone/fernet-keys/ 10.0.0.107 - - [17/Jul/2026:18:22:32 +0000] "POST /v3/auth/tokens HTTP/1.1" 201 1360 10.0.0.107 - - [17/Jul/2026:18:22:32 +0000] "GET / HTTP/1.1" 300 281 10.0.0.107 - - [17/Jul/2026:18:22:32 +0000] "GET /v3/OS-FEDERATION/identity_providers/atmosphere/protocols/openid?idp_id=atmosphere HTTP/1.1" 404 131 10.0.0.107 - - [17/Jul/2026:18:22:32 +0000] "GET /v3/OS-FEDERATION/identity_providers/atmosphere/protocols HTTP/1.1" 200 168 10.0.0.107 - - [17/Jul/2026:18:22:32 +0000] "PUT /v3/OS-FEDERATION/identity_providers/atmosphere/protocols/openid HTTP/1.1" 201 224 10.0.0.107 - - [17/Jul/2026:18:22:44 +0000] "GET /v3/ HTTP/1.1" 200 250 10.0.0.107 - - [17/Jul/2026:18:22:44 +0000] "GET /v3/ HTTP/1.1" 200 250 10.0.0.107 - - [17/Jul/2026:18:23:44 +0000] "GET /v3/ HTTP/1.1" 200 250 10.0.0.107 - - [17/Jul/2026:18:23:44 +0000] "GET /v3/ HTTP/1.1" 200 250 10.0.0.89 - - [17/Jul/2026:18:24:08 +0000] "GET / HTTP/1.1" 300 295
[Fri Jul 17 18:24:08.790223 2026] [wsgi:error] [pid 12:tid 140079977567936] [remote 10.0.0.89:54188] 2026-07-17 18:24:08.789 12 WARNING keystone.common.password_hashing [None req-e805cd3d-456c-4bba-92f9-e5268c503621 - - - - - -] Truncating password to algorithm specific maximum length 72 characters.
[Fri Jul 17 18:24:09.067201 2026] [wsgi:error] [pid 12:tid 140079977567936] [remote 10.0.0.89:54188] 2026-07-17 18:24:09.067 12 WARNING keystone.common.fernet_utils [None req-e805cd3d-456c-4bba-92f9-e5268c503621 - - - - - -] key_repository is world readable: /etc/keystone/fernet-keys/ 10.0.0.89 - - [17/Jul/2026:18:24:08 +0000] "POST /v3/auth/tokens HTTP/1.1" 201 1360 10.0.0.89 - - [17/Jul/2026:18:24:09 +0000] "GET /v3/services HTTP/1.1" 200 355 10.0.0.89 - - [17/Jul/2026:18:24:12 +0000] "GET / HTTP/1.1" 300 295
[Fri Jul 17 18:24:12.784923 2026] [wsgi:error] [pid 10:tid 140079977567936] [remote 10.0.0.89:47592] 2026-07-17 18:24:12.784 10 WARNING keystone.common.password_hashing [None req-830a2090-f6e0-4695-aa94-e0ca1dca1788 - - - - - -] Truncating password to algorithm specific maximum length 72 characters.
[Fri Jul 17 18:24:13.056445 2026] [wsgi:error] [pid 10:tid 140079977567936] [remote 10.0.0.89:47592] 2026-07-17 18:24:13.056 10 WARNING keystone.common.fernet_utils [None req-830a2090-f6e0-4695-aa94-e0ca1dca1788 - - - - - -] key_repository is world readable: /etc/keystone/fernet-keys/ 10.0.0.89 - - [17/Jul/2026:18:24:12 +0000] "POST /v3/auth/tokens HTTP/1.1" 201 1360 10.0.0.89 - - [17/Jul/2026:18:24:13 +0000] "GET /v3/services HTTP/1.1" 200 355 10.0.0.89 - - [17/Jul/2026:18:24:16 +0000] "GET / HTTP/1.1" 300 295
[Fri Jul 17 18:24:16.650938 2026] [wsgi:error] [pid 11:tid 140079977567936] [remote 10.0.0.89:47606] 2026-07-17 18:24:16.650 11 WARNING keystone.common.password_hashing [None req-a4cbf922-1bf3-434e-99d4-259d8b23c878 - - - - - -] Truncating password to algorithm specific maximum length 72 characters.
[Fri Jul 17 18:24:16.918984 2026] [wsgi:error] [pid 11:tid 140079977567936] [remote 10.0.0.89:47606] 2026-07-17 18:24:16.918 11 WARNING keystone.common.fernet_utils [None req-a4cbf922-1bf3-434e-99d4-259d8b23c878 - - - - - -] key_repository is world readable: /etc/keystone/fernet-keys/ 10.0.0.89 - - [17/Jul/2026:18:24:16 +0000] "POST /v3/auth/tokens HTTP/1.1" 201 1360 10.0.0.89 - - [17/Jul/2026:18:24:17 +0000] "GET /v3/services HTTP/1.1" 200 355 10.0.0.89 - - [17/Jul/2026:18:24:20 +0000] "GET / HTTP/1.1" 300 295
[Fri Jul 17 18:24:20.657537 2026] [wsgi:error] [pid 9:tid 140079977567936] [remote 10.0.0.89:47610] 2026-07-17 18:24:20.657 9 WARNING keystone.common.password_hashing [None req-58082ae1-c0db-4777-8715-3c240ffd4abd - - - - - -] Truncating password to algorithm specific maximum length 72 characters.
[Fri Jul 17 18:24:20.934367 2026] [wsgi:error] [pid 9:tid 140079977567936] [remote 10.0.0.89:47610] 2026-07-17 18:24:20.934 9 WARNING keystone.common.fernet_utils [None req-58082ae1-c0db-4777-8715-3c240ffd4abd - - - - - -] key_repository is world readable: /etc/keystone/fernet-keys/ 10.0.0.89 - - [17/Jul/2026:18:24:20 +0000] "POST /v3/auth/tokens HTTP/1.1" 201 1360 10.0.0.89 - - [17/Jul/2026:18:24:21 +0000] "POST /v3/services HTTP/1.1" 201 296 10.0.0.113 - - [17/Jul/2026:18:24:31 +0000] "GET / HTTP/1.1" 300 295 10.0.0.113 - - [17/Jul/2026:18:24:32 +0000] "GET / HTTP/1.1" 300 295
[Fri Jul 17 18:24:32.010269 2026] [wsgi:error] [pid 12:tid 140079977567936] [remote 10.0.0.113:45138] 2026-07-17 18:24:32.010 12 WARNING keystone.common.password_hashing [None req-5fe277fd-67fa-438b-b8f5-474391bdf97d - - - - - -] Truncating password to algorithm specific maximum length 72 characters.
[Fri Jul 17 18:24:32.023088 2026] [wsgi:error] [pid 11:tid 140079977567936] [remote 10.0.0.113:45148] 2026-07-17 18:24:32.022 11 WARNING keystone.common.password_hashing [None req-16afee7c-c917-4fb5-8df1-c4ebb652d0ce - - - - - -] Truncating password to algorithm specific maximum length 72 characters. 10.0.0.113 - - [17/Jul/2026:18:24:32 +0000] "GET / HTTP/1.1" 300 295
[Fri Jul 17 18:24:32.243515 2026] [wsgi:error] [pid 9:tid 140079977567936] [remote 10.0.0.113:45152] 2026-07-17 18:24:32.243 9 WARNING keystone.common.password_hashing [None req-b9176734-2dea-414b-a44a-df9153dcec5a - - - - - -] Truncating password to algorithm specific maximum length 72 characters.
[Fri Jul 17 18:24:32.294464 2026] [wsgi:error] [pid 12:tid 140079977567936] [remote 10.0.0.113:45138] 2026-07-17 18:24:32.294 12 WARNING keystone.common.fernet_utils [None req-5fe277fd-67fa-438b-b8f5-474391bdf97d - - - - - -] key_repository is world readable: /etc/keystone/fernet-keys/
[Fri Jul 17 18:24:32.300339 2026] [wsgi:error] [pid 11:tid 140079977567936] [remote 10.0.0.113:45148] 2026-07-17 18:24:32.300 11 WARNING keystone.common.fernet_utils [None req-16afee7c-c917-4fb5-8df1-c4ebb652d0ce - - - - - -] key_repository is world readable: /etc/keystone/fernet-keys/ 10.0.0.113 - - [17/Jul/2026:18:24:31 +0000] "POST /v3/auth/tokens HTTP/1.1" 201 1464 10.0.0.113 - - [17/Jul/2026:18:24:32 +0000] "POST /v3/auth/tokens HTTP/1.1" 201 1464 10.0.0.113 - - [17/Jul/2026:18:24:32 +0000] "GET /v3/services HTTP/1.1" 200 639 10.0.0.113 - - [17/Jul/2026:18:24:32 +0000] "GET /v3/services HTTP/1.1" 200 639
[Fri Jul 17 18:24:32.515621 2026] [wsgi:error] [pid 9:tid 140079977567936] [remote 10.0.0.113:45152] 2026-07-17 18:24:32.515 9 WARNING keystone.common.fernet_utils [None req-b9176734-2dea-414b-a44a-df9153dcec5a - - - - - -] key_repository is world readable: /etc/keystone/fernet-keys/ 10.0.0.113 - - [17/Jul/2026:18:24:32 +0000] "POST /v3/auth/tokens HTTP/1.1" 201 1464 10.0.0.113 - - [17/Jul/2026:18:24:32 +0000] "GET /v3/services HTTP/1.1" 200 639 10.0.0.113 - - [17/Jul/2026:18:24:33 +0000] "GET / HTTP/1.1" 300 295
[Fri Jul 17 18:24:33.911121 2026] [wsgi:error] [pid 12:tid 140079977567936] [remote 10.0.0.113:45156] 2026-07-17 18:24:33.910 12 WARNING keystone.common.password_hashing [None req-abb63b4d-0f08-4a12-8bb6-d9401462fcd5 - - - - - -] Truncating password to algorithm specific maximum length 72 characters. 10.0.0.113 - - [17/Jul/2026:18:24:34 +0000] "GET / HTTP/1.1" 300 295
[Fri Jul 17 18:24:34.131424 2026] [wsgi:error] [pid 11:tid 140079977567936] [remote 10.0.0.113:45166] 2026-07-17 18:24:34.131 11 WARNING keystone.common.password_hashing [None req-61f1562d-aa22-4924-8956-11415fc6911e - - - - - -] Truncating password to algorithm specific maximum length 72 characters.
[Fri Jul 17 18:24:34.180942 2026] [wsgi:error] [pid 12:tid 140079977567936] [remote 10.0.0.113:45156] 2026-07-17 18:24:34.180 12 WARNING keystone.common.fernet_utils [None req-abb63b4d-0f08-4a12-8bb6-d9401462fcd5 - - - - - -] key_repository is world readable: /etc/keystone/fernet-keys/ 10.0.0.113 - - [17/Jul/2026:18:24:33 +0000] "POST /v3/auth/tokens HTTP/1.1" 201 1464 10.0.0.113 - - [17/Jul/2026:18:24:34 +0000] "GET /v3/endpoints HTTP/1.1" 200 1227 10.0.0.113 - - [17/Jul/2026:18:24:34 +0000] "GET / HTTP/1.1" 300 295 10.0.0.113 - - [17/Jul/2026:18:24:34 +0000] "GET /v3/services/9e3924008fae4419a2836c58a54178b3 HTTP/1.1" 200 233
[Fri Jul 17 18:24:34.347540 2026] [wsgi:error] [pid 10:tid 140079977567936] [remote 10.0.0.113:45174] 2026-07-17 18:24:34.347 10 WARNING keystone.common.password_hashing [None req-b586d0c5-1e53-491f-86a9-63158ce3559d - - - - - -] Truncating password to algorithm specific maximum length 72 characters. 10.0.0.113 - - [17/Jul/2026:18:24:34 +0000] "GET /v3/services/9e3924008fae4419a2836c58a54178b3 HTTP/1.1" 200 233 10.0.0.113 - - [17/Jul/2026:18:24:34 +0000] "GET /v3/services/9e3924008fae4419a2836c58a54178b3 HTTP/1.1" 200 233
[Fri Jul 17 18:24:34.406255 2026] [wsgi:error] [pid 11:tid 140079977567936] [remote 10.0.0.113:45166] 2026-07-17 18:24:34.406 11 WARNING keystone.common.fernet_utils [None req-61f1562d-aa22-4924-8956-11415fc6911e - - - - - -] key_repository is world readable: /etc/keystone/fernet-keys/ 10.0.0.113 - - [17/Jul/2026:18:24:34 +0000] "POST /v3/auth/tokens HTTP/1.1" 201 1464 10.0.0.113 - - [17/Jul/2026:18:24:34 +0000] "GET /v3/endpoints HTTP/1.1" 200 1227 10.0.0.113 - - [17/Jul/2026:18:24:34 +0000] "GET /v3/services/9e3924008fae4419a2836c58a54178b3 HTTP/1.1" 200 233 10.0.0.113 - - [17/Jul/2026:18:24:34 +0000] "GET /v3/services/9e3924008fae4419a2836c58a54178b3 HTTP/1.1" 200 233 10.0.0.113 - - [17/Jul/2026:18:24:34 +0000] "GET /v3/services/9e3924008fae4419a2836c58a54178b3 HTTP/1.1" 200 233
[Fri Jul 17 18:24:34.628656 2026] [wsgi:error] [pid 10:tid 140079977567936] [remote 10.0.0.113:45174] 2026-07-17 18:24:34.628 10 WARNING keystone.common.fernet_utils [None req-b586d0c5-1e53-491f-86a9-63158ce3559d - - - - - -] key_repository is world readable: /etc/keystone/fernet-keys/ 10.0.0.113 - - [17/Jul/2026:18:24:34 +0000] "POST /v3/auth/tokens HTTP/1.1" 201 1464 10.0.0.113 - - [17/Jul/2026:18:24:34 +0000] "GET /v3/endpoints HTTP/1.1" 200 1227 10.0.0.113 - - [17/Jul/2026:18:24:34 +0000] "GET /v3/services/9e3924008fae4419a2836c58a54178b3 HTTP/1.1" 200 233 10.0.0.113 - - [17/Jul/2026:18:24:34 +0000] "GET /v3/services/9e3924008fae4419a2836c58a54178b3 HTTP/1.1" 200 233 10.0.0.113 - - [17/Jul/2026:18:24:34 +0000] "GET /v3/services/9e3924008fae4419a2836c58a54178b3 HTTP/1.1" 200 233 10.0.0.113 - - [17/Jul/2026:18:24:35 +0000] "GET / HTTP/1.1" 300 295
[Fri Jul 17 18:24:35.859236 2026] [wsgi:error] [pid 11:tid 140079977567936] [remote 10.0.0.113:45188] 2026-07-17 18:24:35.859 11 WARNING keystone.common.password_hashing [None req-99ccdc8c-fc77-409e-9bcd-9096fdc646d9 - - - - - -] Truncating password to algorithm specific maximum length 72 characters. 10.0.0.113 - - [17/Jul/2026:18:24:36 +0000] "GET / HTTP/1.1" 300 295
[Fri Jul 17 18:24:36.043679 2026] [wsgi:error] [pid 10:tid 140079977567936] [remote 10.0.0.113:45198] 2026-07-17 18:24:36.043 10 WARNING keystone.common.password_hashing [None req-14d7f2b3-f4ff-4325-8b32-bcb407cd1cf2 - - - - - -] Truncating password to algorithm specific maximum length 72 characters.
[Fri Jul 17 18:24:36.140130 2026] [wsgi:error] [pid 11:tid 140079977567936] [remote 10.0.0.113:45188] 2026-07-17 18:24:36.139 11 WARNING keystone.common.fernet_utils [None req-99ccdc8c-fc77-409e-9bcd-9096fdc646d9 - - - - - -] key_repository is world readable: /etc/keystone/fernet-keys/ 10.0.0.113 - - [17/Jul/2026:18:24:35 +0000] "POST /v3/auth/tokens HTTP/1.1" 201 1464 10.0.0.113 - - [17/Jul/2026:18:24:36 +0000] "GET /v3/services/71834ea8723f47208b57c371715ba4a9 HTTP/1.1" 200 296 10.0.0.113 - - [17/Jul/2026:18:24:36 +0000] "GET /v3/regions/RegionOne HTTP/1.1" 200 173
[Fri Jul 17 18:24:36.316174 2026] [wsgi:error] [pid 10:tid 140079977567936] [remote 10.0.0.113:45198] 2026-07-17 18:24:36.315 10 WARNING keystone.common.fernet_utils [None req-14d7f2b3-f4ff-4325-8b32-bcb407cd1cf2 - - - - - -] key_repository is world readable: /etc/keystone/fernet-keys/ 10.0.0.113 - - [17/Jul/2026:18:24:36 +0000] "POST /v3/auth/tokens HTTP/1.1" 201 1464 10.0.0.113 - - [17/Jul/2026:18:24:36 +0000] "POST /v3/endpoints HTTP/1.1" 201 383 10.0.0.113 - - [17/Jul/2026:18:24:36 +0000] "GET / HTTP/1.1" 300 295
[Fri Jul 17 18:24:36.362266 2026] [wsgi:error] [pid 12:tid 140079977567936] [remote 10.0.0.113:45204] 2026-07-17 18:24:36.362 12 WARNING keystone.common.password_hashing [None req-2480bff5-3d7b-4c82-a0b5-97271b6d6367 - - - - - -] Truncating password to algorithm specific maximum length 72 characters. 10.0.0.113 - - [17/Jul/2026:18:24:36 +0000] "GET /v3/services/71834ea8723f47208b57c371715ba4a9 HTTP/1.1" 200 296 10.0.0.113 - - [17/Jul/2026:18:24:36 +0000] "GET /v3/regions/RegionOne HTTP/1.1" 200 173 10.0.0.113 - - [17/Jul/2026:18:24:36 +0000] "POST /v3/endpoints HTTP/1.1" 201 370
[Fri Jul 17 18:24:36.650733 2026] [wsgi:error] [pid 12:tid 140079977567936] [remote 10.0.0.113:45204] 2026-07-17 18:24:36.650 12 WARNING keystone.common.fernet_utils [None req-2480bff5-3d7b-4c82-a0b5-97271b6d6367 - - - - - -] key_repository is world readable: /etc/keystone/fernet-keys/ 10.0.0.113 - - [17/Jul/2026:18:24:36 +0000] "POST /v3/auth/tokens HTTP/1.1" 201 1813 10.0.0.113 - - [17/Jul/2026:18:24:36 +0000] "GET /v3/services/71834ea8723f47208b57c371715ba4a9 HTTP/1.1" 200 296 10.0.0.113 - - [17/Jul/2026:18:24:36 +0000] "GET /v3/regions/RegionOne HTTP/1.1" 200 173 10.0.0.113 - - [17/Jul/2026:18:24:36 +0000] "POST /v3/endpoints HTTP/1.1" 201 380 10.0.0.113 - - [17/Jul/2026:18:24:37 +0000] "GET / HTTP/1.1" 300 295
[Fri Jul 17 18:24:37.829225 2026] [wsgi:error] [pid 10:tid 140079977567936] [remote 10.0.0.113:45208] 2026-07-17 18:24:37.829 10 WARNING keystone.common.password_hashing [None req-dfc052de-fe1a-4e64-bf3f-3d9ffa683998 - - - - - -] Truncating password to algorithm specific maximum length 72 characters. 10.0.0.113 - - [17/Jul/2026:18:24:38 +0000] "GET / HTTP/1.1" 300 295
[Fri Jul 17 18:24:38.078901 2026] [wsgi:error] [pid 9:tid 140079977567936] [remote 10.0.0.113:45218] 2026-07-17 18:24:38.078 9 WARNING keystone.common.password_hashing [None req-5eaff818-94d7-4f16-9d6a-f60aadec244f - - - - - -] Truncating password to algorithm specific maximum length 72 characters.
[Fri Jul 17 18:24:38.097899 2026] [wsgi:error] [pid 10:tid 140079977567936] [remote 10.0.0.113:45208] 2026-07-17 18:24:38.097 10 WARNING keystone.common.fernet_utils [None req-dfc052de-fe1a-4e64-bf3f-3d9ffa683998 - - - - - -] key_repository is world readable: /etc/keystone/fernet-keys/ 10.0.0.113 - - [17/Jul/2026:18:24:37 +0000] "POST /v3/auth/tokens HTTP/1.1" 201 1992 10.0.0.113 - - [17/Jul/2026:18:24:38 +0000] "GET /v3/endpoints/81e30f8500a4496186e93f0258b72556 HTTP/1.1" 200 383 10.0.0.113 - - [17/Jul/2026:18:24:38 +0000] "GET /v3/services/71834ea8723f47208b57c371715ba4a9 HTTP/1.1" 200 296
[Fri Jul 17 18:24:38.368337 2026] [wsgi:error] [pid 9:tid 140079977567936] [remote 10.0.0.113:45218] 2026-07-17 18:24:38.368 9 WARNING keystone.common.fernet_utils [None req-5eaff818-94d7-4f16-9d6a-f60aadec244f - - - - - -] key_repository is world readable: /etc/keystone/fernet-keys/ 10.0.0.113 - - [17/Jul/2026:18:24:38 +0000] "POST /v3/auth/tokens HTTP/1.1" 201 1992 10.0.0.113 - - [17/Jul/2026:18:24:38 +0000] "GET / HTTP/1.1" 300 295
[Fri Jul 17 18:24:38.424185 2026] [wsgi:error] [pid 12:tid 140079977567936] [remote 10.0.0.113:45232] 2026-07-17 18:24:38.424 12 WARNING keystone.common.password_hashing [None req-7662a40d-b6a7-4fc9-8bae-f222d9f260e6 - - - - - -] Truncating password to algorithm specific maximum length 72 characters. 10.0.0.113 - - [17/Jul/2026:18:24:38 +0000] "GET /v3/endpoints/d3e000d7df64413498b6728b1a3d2300 HTTP/1.1" 200 370 10.0.0.113 - - [17/Jul/2026:18:24:38 +0000] "GET /v3/services/71834ea8723f47208b57c371715ba4a9 HTTP/1.1" 200 296
[Fri Jul 17 18:24:38.712095 2026] [wsgi:error] [pid 12:tid 140079977567936] [remote 10.0.0.113:45232] 2026-07-17 18:24:38.711 12 WARNING keystone.common.fernet_utils [None req-7662a40d-b6a7-4fc9-8bae-f222d9f260e6 - - - - - -] key_repository is world readable: /etc/keystone/fernet-keys/ 10.0.0.113 - - [17/Jul/2026:18:24:38 +0000] "POST /v3/auth/tokens HTTP/1.1" 201 1992 10.0.0.113 - - [17/Jul/2026:18:24:38 +0000] "GET /v3/endpoints/01ac6fef8b0d42bc9e878f2853c48895 HTTP/1.1" 200 380 10.0.0.113 - - [17/Jul/2026:18:24:38 +0000] "GET /v3/services/71834ea8723f47208b57c371715ba4a9 HTTP/1.1" 200 296 10.0.0.107 - - [17/Jul/2026:18:24:44 +0000] "GET /v3/ HTTP/1.1" 200 250 10.0.0.107 - - [17/Jul/2026:18:24:44 +0000] "GET /v3/ HTTP/1.1" 200 250 10.0.0.63 - - [17/Jul/2026:18:24:51 +0000] "GET / HTTP/1.1" 300 295
[Fri Jul 17 18:24:51.172700 2026] [wsgi:error] [pid 11:tid 140079977567936] [remote 10.0.0.63:50080] 2026-07-17 18:24:51.172 11 WARNING keystone.common.password_hashing [None req-44fbce31-3de7-4953-8636-6377e93c7222 - - - - - -] Truncating password to algorithm specific maximum length 72 characters.
[Fri Jul 17 18:24:51.462051 2026] [wsgi:error] [pid 11:tid 140079977567936] [remote 10.0.0.63:50080] 2026-07-17 18:24:51.461 11 WARNING keystone.common.fernet_utils [None req-44fbce31-3de7-4953-8636-6377e93c7222 - - - - - -] key_repository is world readable: /etc/keystone/fernet-keys/ 10.0.0.63 - - [17/Jul/2026:18:24:51 +0000] "POST /v3/auth/tokens HTTP/1.1" 201 1992 10.0.0.63 - - [17/Jul/2026:18:24:51 +0000] "POST /v3/domains HTTP/1.1" 201 284 10.0.0.63 - - [17/Jul/2026:18:24:53 +0000] "GET / HTTP/1.1" 300 295
[Fri Jul 17 18:24:53.220803 2026] [wsgi:error] [pid 10:tid 140079977567936] [remote 10.0.0.63:46210] 2026-07-17 18:24:53.220 10 WARNING keystone.common.password_hashing [None req-5c98b1b6-6abb-4fab-901b-2947912adfa6 - - - - - -] Truncating password to algorithm specific maximum length 72 characters.
[Fri Jul 17 18:24:53.490176 2026] [wsgi:error] [pid 10:tid 140079977567936] [remote 10.0.0.63:46210] 2026-07-17 18:24:53.490 10 WARNING keystone.common.fernet_utils [None req-5c98b1b6-6abb-4fab-901b-2947912adfa6 - - - - - -] key_repository is world readable: /etc/keystone/fernet-keys/ 10.0.0.63 - - [17/Jul/2026:18:24:53 +0000] "POST /v3/auth/tokens HTTP/1.1" 201 1992
[Fri Jul 17 18:24:53.652435 2026] [wsgi:error] [pid 11:tid 140079977567936] [remote 10.0.0.63:46210] 2026-07-17 18:24:53.639 11 ERROR keystone.server.flask.application [None req-04f7eef4-bf62-41af-9037-8ce23eea9a9d 80beace177bf4c19aabf7a3d3e36fbab 5b2b692a05d74698b98c5215f3390c9c - - default default] Conflict occurred attempting to store project - it is not permitted to have two projects acting as domains with the same name: service.: keystone.exception.Conflict: Conflict occurred attempting to store project - it is not permitted to have two projects acting as domains with the same name: service.
[Fri Jul 17 18:24:53.652459 2026] [wsgi:error] [pid 11:tid 140079977567936] [remote 10.0.0.63:46210] 2026-07-17 18:24:53.639 11 ERROR keystone.server.flask.application
Traceback (most recent call last):
[Fri Jul 17 18:24:53.652461 2026] [wsgi:error] [pid 11:tid 140079977567936] [remote 10.0.0.63:46210] 2026-07-17 18:24:53.639 11 ERROR keystone.server.flask.application
File "/var/lib/openstack/lib/python3.12/site-packages/sqlalchemy/engine/base.py", line 1969, in _exec_single_context
[Fri Jul 17 18:24:53.652463 2026] [wsgi:error] [pid 11:tid 140079977567936] [remote 10.0.0.63:46210] 2026-07-17 18:24:53.639 11 ERROR keystone.server.flask.application self.dialect.do_execute(
[Fri Jul 17 18:24:53.652465 2026] [wsgi:error] [pid 11:tid 140079977567936] [remote 10.0.0.63:46210] 2026-07-17 18:24:53.639 11 ERROR keystone.server.flask.application
File "/var/lib/openstack/lib/python3.12/site-packages/sqlalchemy/engine/default.py", line 952, in do_execute
[Fri Jul 17 18:24:53.652466 2026] [wsgi:error] [pid 11:tid 140079977567936] [remote 10.0.0.63:46210] 2026-07-17 18:24:53.639 11 ERROR keystone.server.flask.application cursor.execute(statement, parameters)
[Fri Jul 17 18:24:53.652468 2026] [wsgi:error] [pid 11:tid 140079977567936] [remote 10.0.0.63:46210] 2026-07-17 18:24:53.639 11 ERROR keystone.server.flask.application
File "/var/lib/openstack/lib/python3.12/site-packages/pymysql/cursors.py", line 159, in execute
[Fri Jul 17 18:24:53.652469 2026] [wsgi:error] [pid 11:tid 140079977567936] [remote 10.0.0.63:46210] 2026-07-17 18:24:53.639 11 ERROR keystone.server.flask.application result = self._query(query)
[Fri Jul 17 18:24:53.652471 2026] [wsgi:error] [pid 11:tid 140079977567936] [remote 10.0.0.63:46210] 2026-07-17 18:24:53.639 11 ERROR keystone.server.flask.application ^^^^^^^^^^^^^^^^^^
[Fri Jul 17 18:24:53.652472 2026] [wsgi:error] [pid 11:tid 140079977567936] [remote 10.0.0.63:46210] 2026-07-17 18:24:53.639 11 ERROR keystone.server.flask.application
File "/var/lib/openstack/lib/python3.12/site-packages/pymysql/cursors.py", line 330, in _query
[Fri Jul 17 18:24:53.652473 2026] [wsgi:error] [pid 11:tid 140079977567936] [remote 10.0.0.63:46210] 2026-07-17 18:24:53.639 11 ERROR keystone.server.flask.application conn.query(q)
[Fri Jul 17 18:24:53.652475 2026] [wsgi:error] [pid 11:tid 140079977567936] [remote 10.0.0.63:46210] 2026-07-17 18:24:53.639 11 ERROR keystone.server.flask.application
File "/var/lib/openstack/lib/python3.12/site-packages/pymysql/connections.py", line 582, in query
[Fri Jul 17 18:24:53.652476 2026] [wsgi:error] [pid 11:tid 140079977567936] [remote 10.0.0.63:46210] 2026-07-17 18:24:53.639 11 ERROR keystone.server.flask.application self._affected_rows = self._read_query_result(unbuffered=unbuffered)
[Fri Jul 17 18:24:53.652478 2026] [wsgi:error] [pid 11:tid 140079977567936] [remote 10.0.0.63:46210] 2026-07-17 18:24:53.639 11 ERROR keystone.server.flask.application ^^^^^^^^^^^^^^^^^^^^^^^^^^^^^^^^^^^^^^^^^^^^^^
[Fri Jul 17 18:24:53.652479 2026] [wsgi:error] [pid 11:tid 140079977567936] [remote 10.0.0.63:46210] 2026-07-17 18:24:53.639 11 ERROR keystone.server.flask.application
File "/var/lib/openstack/lib/python3.12/site-packages/pymysql/connections.py", line 847, in _read_query_result
[Fri Jul 17 18:24:53.652481 2026] [wsgi:error] [pid 11:tid 140079977567936] [remote 10.0.0.63:46210] 2026-07-17 18:24:53.639 11 ERROR keystone.server.flask.application result.read()
[Fri Jul 17 18:24:53.652483 2026] [wsgi:error] [pid 11:tid 140079977567936] [remote 10.0.0.63:46210] 2026-07-17 18:24:53.639 11 ERROR keystone.server.flask.application
File "/var/lib/openstack/lib/python3.12/site-packages/pymysql/connections.py", line 1245, in read
[Fri Jul 17 18:24:53.652485 2026] [wsgi:error] [pid 11:tid 140079977567936] [remote 10.0.0.63:46210] 2026-07-17 18:24:53.639 11 ERROR keystone.server.flask.application first_packet = self.connection._read_packet()
[Fri Jul 17 18:24:53.652486 2026] [wsgi:error] [pid 11:tid 140079977567936] [remote 10.0.0.63:46210] 2026-07-17 18:24:53.639 11 ERROR keystone.server.flask.application ^^^^^^^^^^^^^^^^^^^^^^^^^^^^^^
[Fri Jul 17 18:24:53.652488 2026] [wsgi:error] [pid 11:tid 140079977567936] [remote 10.0.0.63:46210] 2026-07-17 18:24:53.639 11 ERROR keystone.server.flask.application
File "/var/lib/openstack/lib/python3.12/site-packages/pymysql/connections.py", line 803, in _read_packet
[Fri Jul 17 18:24:53.652489 2026] [wsgi:error] [pid 11:tid 140079977567936] [remote 10.0.0.63:46210] 2026-07-17 18:24:53.639 11 ERROR keystone.server.flask.application packet.raise_for_error()
[Fri Jul 17 18:24:53.652490 2026] [wsgi:error] [pid 11:tid 140079977567936] [remote 10.0.0.63:46210] 2026-07-17 18:24:53.639 11 ERROR keystone.server.flask.application
File "/var/lib/openstack/lib/python3.12/site-packages/pymysql/protocol.py", line 219, in raise_for_error
[Fri Jul 17 18:24:53.652492 2026] [wsgi:error] [pid 11:tid 140079977567936] [remote 10.0.0.63:46210] 2026-07-17 18:24:53.639 11 ERROR keystone.server.flask.application err.raise_mysql_exception(self._data)
[Fri Jul 17 18:24:53.652493 2026] [wsgi:error] [pid 11:tid 140079977567936] [remote 10.0.0.63:46210] 2026-07-17 18:24:53.639 11 ERROR keystone.server.flask.application
File "/var/lib/openstack/lib/python3.12/site-packages/pymysql/err.py", line 154, in raise_mysql_exception
[Fri Jul 17 18:24:53.652495 2026] [wsgi:error] [pid 11:tid 140079977567936] [remote 10.0.0.63:46210] 2026-07-17 18:24:53.639 11 ERROR keystone.server.flask.application raise errorclass(errno, errval, sqlstate=sqlstate)
[Fri Jul 17 18:24:53.652496 2026] [wsgi:error] [pid 11:tid 140079977567936] [remote 10.0.0.63:46210] 2026-07-17 18:24:53.639 11 ERROR keystone.server.flask.application pymysql.err.IntegrityError: (1062, "Duplicate entry '<>-service' for key 'project.ixu_project_name_domain_id'")
[Fri Jul 17 18:24:53.652497 2026] [wsgi:error] [pid 11:tid 140079977567936] [remote 10.0.0.63:46210] 2026-07-17 18:24:53.639 11 ERROR keystone.server.flask.application
[Fri Jul 17 18:24:53.652499 2026] [wsgi:error] [pid 11:tid 140079977567936] [remote 10.0.0.63:46210] 2026-07-17 18:24:53.639 11 ERROR keystone.server.flask.application The above exception was the direct cause of the following exception:
[Fri Jul 17 18:24:53.652500 2026] [wsgi:error] [pid 11:tid 140079977567936] [remote 10.0.0.63:46210] 2026-07-17 18:24:53.639 11 ERROR keystone.server.flask.application
[Fri Jul 17 18:24:53.652501 2026] [wsgi:error] [pid 11:tid 140079977567936] [remote 10.0.0.63:46210] 2026-07-17 18:24:53.639 11 ERROR keystone.server.flask.application
Traceback (most recent call last):
[Fri Jul 17 18:24:53.652503 2026] [wsgi:error] [pid 11:tid 140079977567936] [remote 10.0.0.63:46210] 2026-07-17 18:24:53.639 11 ERROR keystone.server.flask.application
File "/var/lib/openstack/lib/python3.12/site-packages/keystone/common/sql/core.py", line 575, in wrapper
[Fri Jul 17 18:24:53.652504 2026] [wsgi:error] [pid 11:tid 140079977567936] [remote 10.0.0.63:46210] 2026-07-17 18:24:53.639 11 ERROR keystone.server.flask.application return method(*args, **kwargs)
[Fri Jul 17 18:24:53.652505 2026] [wsgi:error] [pid 11:tid 140079977567936] [remote 10.0.0.63:46210] 2026-07-17 18:24:53.639 11 ERROR keystone.server.flask.application ^^^^^^^^^^^^^^^^^^^^^^^
[Fri Jul 17 18:24:53.652508 2026] [wsgi:error] [pid 11:tid 140079977567936] [remote 10.0.0.63:46210] 2026-07-17 18:24:53.639 11 ERROR keystone.server.flask.application
File "/var/lib/openstack/lib/python3.12/site-packages/keystone/resource/backends/sql.py", line 278, in create_project
[Fri Jul 17 18:24:53.652509 2026] [wsgi:error] [pid 11:tid 140079977567936] [remote 10.0.0.63:46210] 2026-07-17 18:24:53.639 11 ERROR keystone.server.flask.application with sql.session_for_write() as session:
[Fri Jul 17 18:24:53.652510 2026] [wsgi:error] [pid 11:tid 140079977567936] [remote 10.0.0.63:46210] 2026-07-17 18:24:53.639 11 ERROR keystone.server.flask.application
File "/usr/lib/python3.12/contextlib.py", line 144, in __exit__
[Fri Jul 17 18:24:53.652512 2026] [wsgi:error] [pid 11:tid 140079977567936] [remote 10.0.0.63:46210] 2026-07-17 18:24:53.639 11 ERROR keystone.server.flask.application next(self.gen)
[Fri Jul 17 18:24:53.652513 2026] [wsgi:error] [pid 11:tid 140079977567936] [remote 10.0.0.63:46210] 2026-07-17 18:24:53.639 11 ERROR keystone.server.flask.application
File "/var/lib/openstack/lib/python3.12/site-packages/oslo_db/sqlalchemy/enginefacade.py", line 1175, in _transaction_scope
[Fri Jul 17 18:24:53.652515 2026] [wsgi:error] [pid 11:tid 140079977567936] [remote 10.0.0.63:46210] 2026-07-17 18:24:53.639 11 ERROR keystone.server.flask.application with current._produce_block(
[Fri Jul 17 18:24:53.652516 2026] [wsgi:error] [pid 11:tid 140079977567936] [remote 10.0.0.63:46210] 2026-07-17 18:24:53.639 11 ERROR keystone.server.flask.application
File "/usr/lib/python3.12/contextlib.py", line 144, in __exit__
[Fri Jul 17 18:24:53.652517 2026] [wsgi:error] [pid 11:tid 140079977567936] [remote 10.0.0.63:46210] 2026-07-17 18:24:53.639 11 ERROR keystone.server.flask.application next(self.gen)
[Fri Jul 17 18:24:53.652519 2026] [wsgi:error] [pid 11:tid 140079977567936] [remote 10.0.0.63:46210] 2026-07-17 18:24:53.639 11 ERROR keystone.server.flask.application
File "/var/lib/openstack/lib/python3.12/site-packages/oslo_db/sqlalchemy/enginefacade.py", line 837, in _session
[Fri Jul 17 18:24:53.652520 2026] [wsgi:error] [pid 11:tid 140079977567936] [remote 10.0.0.63:46210] 2026-07-17 18:24:53.639 11 ERROR keystone.server.flask.application with excutils.save_and_reraise_exception():
[Fri Jul 17 18:24:53.652521 2026] [wsgi:error] [pid 11:tid 140079977567936] [remote 10.0.0.63:46210] 2026-07-17 18:24:53.639 11 ERROR keystone.server.flask.application
File "/var/lib/openstack/lib/python3.12/site-packages/oslo_utils/excutils.py", line 266, in __exit__
[Fri Jul 17 18:24:53.652523 2026] [wsgi:error] [pid 11:tid 140079977567936] [remote 10.0.0.63:46210] 2026-07-17 18:24:53.639 11 ERROR keystone.server.flask.application self.force_reraise()
[Fri Jul 17 18:24:53.652524 2026] [wsgi:error] [pid 11:tid 140079977567936] [remote 10.0.0.63:46210] 2026-07-17 18:24:53.639 11 ERROR keystone.server.flask.application
File "/var/lib/openstack/lib/python3.12/site-packages/oslo_utils/excutils.py", line 232, in force_reraise
[Fri Jul 17 18:24:53.652526 2026] [wsgi:error] [pid 11:tid 140079977567936] [remote 10.0.0.63:46210] 2026-07-17 18:24:53.639 11 ERROR keystone.server.flask.application raise self.value
[Fri Jul 17 18:24:53.652527 2026] [wsgi:error] [pid 11:tid 140079977567936] [remote 10.0.0.63:46210] 2026-07-17 18:24:53.639 11 ERROR keystone.server.flask.application
File "/var/lib/openstack/lib/python3.12/site-packages/oslo_db/sqlalchemy/enginefacade.py", line 835, in _session
[Fri Jul 17 18:24:53.652528 2026] [wsgi:error] [pid 11:tid 140079977567936] [remote 10.0.0.63:46210] 2026-07-17 18:24:53.639 11 ERROR keystone.server.flask.application self._end_session_transaction(self.session)
[Fri Jul 17 18:24:53.652530 2026] [wsgi:error] [pid 11:tid 140079977567936] [remote 10.0.0.63:46210] 2026-07-17 18:24:53.639 11 ERROR keystone.server.flask.application
File "/var/lib/openstack/lib/python3.12/site-packages/oslo_db/sqlalchemy/enginefacade.py", line 748, in _end_session_transaction
[Fri Jul 17 18:24:53.652532 2026] [wsgi:error] [pid 11:tid 140079977567936] [remote 10.0.0.63:46210] 2026-07-17 18:24:53.639 11 ERROR keystone.server.flask.application session.commit()
[Fri Jul 17 18:24:53.652533 2026] [wsgi:error] [pid 11:tid 140079977567936] [remote 10.0.0.63:46210] 2026-07-17 18:24:53.639 11 ERROR keystone.server.flask.application
File "/var/lib/openstack/lib/python3.12/site-packages/sqlalchemy/orm/session.py", line 2034, in commit
[Fri Jul 17 18:24:53.652534 2026] [wsgi:error] [pid 11:tid 140079977567936] [remote 10.0.0.63:46210] 2026-07-17 18:24:53.639 11 ERROR keystone.server.flask.application trans.commit(_to_root=True)
[Fri Jul 17 18:24:53.652536 2026] [wsgi:error] [pid 11:tid 140079977567936] [remote 10.0.0.63:46210] 2026-07-17 18:24:53.639 11 ERROR keystone.server.flask.application File "", line 2, in commit
[Fri Jul 17 18:24:53.652537 2026] [wsgi:error] [pid 11:tid 140079977567936] [remote 10.0.0.63:46210] 2026-07-17 18:24:53.639 11 ERROR keystone.server.flask.application
File "/var/lib/openstack/lib/python3.12/site-packages/sqlalchemy/orm/state_changes.py", line 137, in _go
[Fri Jul 17 18:24:53.652538 2026] [wsgi:error] [pid 11:tid 140079977567936] [remote 10.0.0.63:46210] 2026-07-17 18:24:53.639 11 ERROR keystone.server.flask.application ret_value = fn(self, *arg, **kw)
[Fri Jul 17 18:24:53.652540 2026] [wsgi:error] [pid 11:tid 140079977567936] [remote 10.0.0.63:46210] 2026-07-17 18:24:53.639 11 ERROR keystone.server.flask.application ^^^^^^^^^^^^^^^^^^^^
[Fri Jul 17 18:24:53.652541 2026] [wsgi:error] [pid 11:tid 140079977567936] [remote 10.0.0.63:46210] 2026-07-17 18:24:53.639 11 ERROR keystone.server.flask.application
File "/var/lib/openstack/lib/python3.12/site-packages/sqlalchemy/orm/session.py", line 1315, in commit
[Fri Jul 17 18:24:53.652543 2026] [wsgi:error] [pid 11:tid 140079977567936] [remote 10.0.0.63:46210] 2026-07-17 18:24:53.639 11 ERROR keystone.server.flask.application self._prepare_impl()
[Fri Jul 17 18:24:53.652544 2026] [wsgi:error] [pid 11:tid 140079977567936] [remote 10.0.0.63:46210] 2026-07-17 18:24:53.639 11 ERROR keystone.server.flask.application File "", line 2, in _prepare_impl
[Fri Jul 17 18:24:53.652546 2026] [wsgi:error] [pid 11:tid 140079977567936] [remote 10.0.0.63:46210] 2026-07-17 18:24:53.639 11 ERROR keystone.server.flask.application
File "/var/lib/openstack/lib/python3.12/site-packages/sqlalchemy/orm/state_changes.py", line 137, in _go
[Fri Jul 17 18:24:53.652547 2026] [wsgi:error] [pid 11:tid 140079977567936] [remote 10.0.0.63:46210] 2026-07-17 18:24:53.639 11 ERROR keystone.server.flask.application ret_value = fn(self, *arg, **kw)
[Fri Jul 17 18:24:53.652548 2026] [wsgi:error] [pid 11:tid 140079977567936] [remote 10.0.0.63:46210] 2026-07-17 18:24:53.639 11 ERROR keystone.server.flask.application ^^^^^^^^^^^^^^^^^^^^
[Fri Jul 17 18:24:53.652550 2026] [wsgi:error] [pid 11:tid 140079977567936] [remote 10.0.0.63:46210] 2026-07-17 18:24:53.639 11 ERROR keystone.server.flask.application
File "/var/lib/openstack/lib/python3.12/site-packages/sqlalchemy/orm/session.py", line 1290, in _prepare_impl
[Fri Jul 17 18:24:53.652551 2026] [wsgi:error] [pid 11:tid 140079977567936] [remote 10.0.0.63:46210] 2026-07-17 18:24:53.639 11 ERROR keystone.server.flask.application self.session.flush()
[Fri Jul 17 18:24:53.652564 2026] [wsgi:error] [pid 11:tid 140079977567936] [remote 10.0.0.63:46210] 2026-07-17 18:24:53.639 11 ERROR keystone.server.flask.application
File "/var/lib/openstack/lib/python3.12/site-packages/sqlalchemy/orm/session.py", line 4352, in flush
[Fri Jul 17 18:24:53.652567 2026] [wsgi:error] [pid 11:tid 140079977567936] [remote 10.0.0.63:46210] 2026-07-17 18:24:53.639 11 ERROR keystone.server.flask.application self._flush(objects)
[Fri Jul 17 18:24:53.652571 2026] [wsgi:error] [pid 11:tid 140079977567936] [remote 10.0.0.63:46210] 2026-07-17 18:24:53.639 11 ERROR keystone.server.flask.application
File "/var/lib/openstack/lib/python3.12/site-packages/sqlalchemy/orm/session.py", line 4487, in _flush
[Fri Jul 17 18:24:53.652642 2026] [wsgi:error] [pid 11:tid 140079977567936] [remote 10.0.0.63:46210] 2026-07-17 18:24:53.639 11 ERROR keystone.server.flask.application with util.safe_reraise():
[Fri Jul 17 18:24:53.652645 2026] [wsgi:error] [pid 11:tid 140079977567936] [remote 10.0.0.63:46210] 2026-07-17 18:24:53.639 11 ERROR keystone.server.flask.application
File "/var/lib/openstack/lib/python3.12/site-packages/sqlalchemy/util/langhelpers.py", line 122, in __exit__
[Fri Jul 17 18:24:53.652647 2026] [wsgi:error] [pid 11:tid 140079977567936] [remote 10.0.0.63:46210] 2026-07-17 18:24:53.639 11 ERROR keystone.server.flask.application raise exc_value.with_traceback(exc_tb)
[Fri Jul 17 18:24:53.652649 2026] [wsgi:error] [pid 11:tid 140079977567936] [remote 10.0.0.63:46210] 2026-07-17 18:24:53.639 11 ERROR keystone.server.flask.application
File "/var/lib/openstack/lib/python3.12/site-packages/sqlalchemy/orm/session.py", line 4448, in _flush
[Fri Jul 17 18:24:53.652651 2026] [wsgi:error] [pid 11:tid 140079977567936] [remote 10.0.0.63:46210] 2026-07-17 18:24:53.639 11 ERROR keystone.server.flask.application flush_context.execute()
