2026-07-17 19:32:56.933 8 INFO placement.requestlog [None req-e83e480d-7bbd-48ee-ab27-4c6e6a6cbd08 722125316856415e8f5a2920f8b419ed 43e457da93fa44dc9c0be48541d5c27b - - 6f09b2f7f3854832a771fc27fc2f5e00 6f09b2f7f3854832a771fc27fc2f5e00] 10.0.0.146 "GET /resource_providers/bf5d888d-68ed-4d0f-8f55-97c7d7681948/aggregates" status: 404 len: 235 microversion: 1.1 [pid: 8|app: 0|req: 503/1007] 10.0.0.146 () {32 vars in 816 bytes} [Fri Jul 17 19:32:56 2026] GET /resource_providers/bf5d888d-68ed-4d0f-8f55-97c7d7681948/aggregates => generated 235 bytes in 20 msecs (HTTP/1.1 404) 5 headers in 202 bytes (1 switches on core 0)
2026-07-17 19:32:56.934 7 INFO placement.requestlog [None req-2aa66a4b-d0bb-4b86-8831-a115c1f50f53 722125316856415e8f5a2920f8b419ed 43e457da93fa44dc9c0be48541d5c27b - - 6f09b2f7f3854832a771fc27fc2f5e00 6f09b2f7f3854832a771fc27fc2f5e00] 10.0.0.146 "GET /resource_providers/bf5d888d-68ed-4d0f-8f55-97c7d7681948/aggregates" status: 404 len: 235 microversion: 1.1 [pid: 7|app: 0|req: 505/1008] 10.0.0.146 () {32 vars in 816 bytes} [Fri Jul 17 19:32:56 2026] GET /resource_providers/bf5d888d-68ed-4d0f-8f55-97c7d7681948/aggregates => generated 235 bytes in 16 msecs (HTTP/1.1 404) 5 headers in 202 bytes (1 switches on core 0)
2026-07-17 19:32:56.955 8 INFO placement.requestlog [None req-36573b95-887c-4f54-8ddc-4e043662fe7e 722125316856415e8f5a2920f8b419ed 43e457da93fa44dc9c0be48541d5c27b - - 6f09b2f7f3854832a771fc27fc2f5e00 6f09b2f7f3854832a771fc27fc2f5e00] 10.0.0.146 "DELETE /resource_providers/bf5d888d-68ed-4d0f-8f55-97c7d7681948" status: 404 len: 246 microversion: 1.1 [pid: 8|app: 0|req: 504/1009] 10.0.0.146 () {34 vars in 816 bytes} [Fri Jul 17 19:32:56 2026] DELETE /resource_providers/bf5d888d-68ed-4d0f-8f55-97c7d7681948 => generated 246 bytes in 12 msecs (HTTP/1.1 404) 6 headers in 231 bytes (1 switches on core 0)
2026-07-17 19:32:56.962 7 INFO placement.requestlog [None req-b2bdf30a-ab9c-4de9-a36b-61fef57fb4ac 722125316856415e8f5a2920f8b419ed 43e457da93fa44dc9c0be48541d5c27b - - 6f09b2f7f3854832a771fc27fc2f5e00 6f09b2f7f3854832a771fc27fc2f5e00] 10.0.0.146 "DELETE /resource_providers/bf5d888d-68ed-4d0f-8f55-97c7d7681948" status: 404 len: 246 microversion: 1.1 [pid: 7|app: 0|req: 506/1010] 10.0.0.146 () {34 vars in 816 bytes} [Fri Jul 17 19:32:56 2026] DELETE /resource_providers/bf5d888d-68ed-4d0f-8f55-97c7d7681948 => generated 246 bytes in 20 msecs (HTTP/1.1 404) 6 headers in 231 bytes (1 switches on core 0)
2026-07-17 19:32:57.528 8 INFO placement.requestlog [req-f8c37e9d-70ae-4a28-8375-9c764f2e12dc req-2ee09403-9134-4540-9c3a-fcc6e3f0c5aa a2296990ef35410398fcb3a314c17e9d 43e457da93fa44dc9c0be48541d5c27b - - 6f09b2f7f3854832a771fc27fc2f5e00 6f09b2f7f3854832a771fc27fc2f5e00] 10.0.0.253 "GET /allocation_candidates?limit=1000&resources=DISK_GB%3A1%2CMEMORY_MB%3A512%2CVCPU%3A1&root_required=%21COMPUTE_STATUS_DISABLED" status: 200 len: 2781 microversion: 1.36 [pid: 8|app: 0|req: 505/1011] 10.0.0.253 () {34 vars in 1012 bytes} [Fri Jul 17 19:32:57 2026] GET /allocation_candidates?limit=1000&resources=DISK_GB%3A1%2CMEMORY_MB%3A512%2CVCPU%3A1&root_required=%21COMPUTE_STATUS_DISABLED => generated 2781 bytes in 51 msecs (HTTP/1.1 200) 8 headers in 297 bytes (1 switches on core 0)
2026-07-17 19:32:57.585 7 INFO placement.requestlog [req-f8c37e9d-70ae-4a28-8375-9c764f2e12dc req-af44fa75-9660-4dbd-bc73-29217704125d a2296990ef35410398fcb3a314c17e9d 43e457da93fa44dc9c0be48541d5c27b - - 6f09b2f7f3854832a771fc27fc2f5e00 6f09b2f7f3854832a771fc27fc2f5e00] 10.0.0.253 "GET /allocations/b75dec03-02ef-4a66-850e-10fe9df9d3f9" status: 200 len: 19 microversion: 1.28 [pid: 7|app: 0|req: 507/1012] 10.0.0.253 () {34 vars in 861 bytes} [Fri Jul 17 19:32:57 2026] GET /allocations/b75dec03-02ef-4a66-850e-10fe9df9d3f9 => generated 19 bytes in 17 msecs (HTTP/1.1 200) 8 headers in 295 bytes (1 switches on core 0)
2026-07-17 19:32:57.684 8 INFO placement.requestlog [req-f8c37e9d-70ae-4a28-8375-9c764f2e12dc req-7ba166c8-1ed4-4acb-a009-dbb16a080435 a2296990ef35410398fcb3a314c17e9d 43e457da93fa44dc9c0be48541d5c27b - - 6f09b2f7f3854832a771fc27fc2f5e00 6f09b2f7f3854832a771fc27fc2f5e00] 10.0.0.253 "PUT /allocations/b75dec03-02ef-4a66-850e-10fe9df9d3f9" status: 204 len: 0 microversion: 1.36 [pid: 8|app: 0|req: 506/1013] 10.0.0.253 () {38 vars in 914 bytes} [Fri Jul 17 19:32:57 2026] PUT /allocations/b75dec03-02ef-4a66-850e-10fe9df9d3f9 => generated 0 bytes in 89 msecs (HTTP/1.1 204) 5 headers in 199 bytes (1 switches on core 0)
2026-07-17 19:32:57.871 8 INFO placement.requestlog [None req-07b721c1-23b6-4cd0-be41-07efe7d7b269 722125316856415e8f5a2920f8b419ed 43e457da93fa44dc9c0be48541d5c27b - - 6f09b2f7f3854832a771fc27fc2f5e00 6f09b2f7f3854832a771fc27fc2f5e00] 10.0.0.146 "GET /resource_providers/bf51868f-6fdf-4c3a-b55c-3bdf51a84435/aggregates" status: 404 len: 235 microversion: 1.1 [pid: 8|app: 0|req: 507/1014] 10.0.0.146 () {32 vars in 816 bytes} [Fri Jul 17 19:32:57 2026] GET /resource_providers/bf51868f-6fdf-4c3a-b55c-3bdf51a84435/aggregates => generated 235 bytes in 9 msecs (HTTP/1.1 404) 5 headers in 202 bytes (1 switches on core 0)
2026-07-17 19:32:57.873 7 INFO placement.requestlog [None req-e087f433-edf9-49c0-a2e0-564c24a7b3a6 722125316856415e8f5a2920f8b419ed 43e457da93fa44dc9c0be48541d5c27b - - 6f09b2f7f3854832a771fc27fc2f5e00 6f09b2f7f3854832a771fc27fc2f5e00] 10.0.0.146 "GET /resource_providers/bf51868f-6fdf-4c3a-b55c-3bdf51a84435/aggregates" status: 404 len: 235 microversion: 1.1 [pid: 7|app: 0|req: 508/1015] 10.0.0.146 () {32 vars in 816 bytes} [Fri Jul 17 19:32:57 2026] GET /resource_providers/bf51868f-6fdf-4c3a-b55c-3bdf51a84435/aggregates => generated 235 bytes in 14 msecs (HTTP/1.1 404) 5 headers in 202 bytes (1 switches on core 0)
2026-07-17 19:32:57.887 8 INFO placement.requestlog [None req-5b658522-5f21-46e1-a21e-545f53659881 722125316856415e8f5a2920f8b419ed 43e457da93fa44dc9c0be48541d5c27b - - 6f09b2f7f3854832a771fc27fc2f5e00 6f09b2f7f3854832a771fc27fc2f5e00] 10.0.0.146 "DELETE /resource_providers/bf51868f-6fdf-4c3a-b55c-3bdf51a84435" status: 404 len: 246 microversion: 1.1 [pid: 8|app: 0|req: 508/1016] 10.0.0.146 () {34 vars in 816 bytes} [Fri Jul 17 19:32:57 2026] DELETE /resource_providers/bf51868f-6fdf-4c3a-b55c-3bdf51a84435 => generated 246 bytes in 6 msecs (HTTP/1.1 404) 6 headers in 231 bytes (1 switches on core 0)
2026-07-17 19:32:57.891 7 INFO placement.requestlog [None req-be168ead-afa7-4736-b7a7-e3339931e2e3 722125316856415e8f5a2920f8b419ed 43e457da93fa44dc9c0be48541d5c27b - - 6f09b2f7f3854832a771fc27fc2f5e00 6f09b2f7f3854832a771fc27fc2f5e00] 10.0.0.146 "DELETE /resource_providers/bf51868f-6fdf-4c3a-b55c-3bdf51a84435" status: 404 len: 246 microversion: 1.1 [pid: 7|app: 0|req: 509/1017] 10.0.0.146 () {34 vars in 816 bytes} [Fri Jul 17 19:32:57 2026] DELETE /resource_providers/bf51868f-6fdf-4c3a-b55c-3bdf51a84435 => generated 246 bytes in 10 msecs (HTTP/1.1 404) 6 headers in 231 bytes (1 switches on core 0)
2026-07-17 19:32:59.150 8 INFO placement.requestlog [req-f8c37e9d-70ae-4a28-8375-9c764f2e12dc req-f5d8a41b-ed91-41a0-944a-486d78a58cad a2296990ef35410398fcb3a314c17e9d 43e457da93fa44dc9c0be48541d5c27b - - 6f09b2f7f3854832a771fc27fc2f5e00 6f09b2f7f3854832a771fc27fc2f5e00] 199.204.45.113 "GET /allocations/b75dec03-02ef-4a66-850e-10fe9df9d3f9" status: 200 len: 257 microversion: 1.28 [pid: 8|app: 0|req: 509/1018] 199.204.45.113 () {34 vars in 863 bytes} [Fri Jul 17 19:32:59 2026] GET /allocations/b75dec03-02ef-4a66-850e-10fe9df9d3f9 => generated 257 bytes in 18 msecs (HTTP/1.1 200) 8 headers in 296 bytes (1 switches on core 0)
2026-07-17 19:33:00.109 7 INFO placement.requestlog [None req-62080217-3af6-4649-b3f3-ff5e66398047 - - - - - -] 10.0.0.107 "GET /" status: 200 len: 136 microversion: 1.0
2026-07-17 19:33:00.109 8 INFO placement.requestlog [None req-4dcdc80c-21d3-4f53-aae6-f1f6ca4a796e - - - - - -] 10.0.0.107 "GET /" status: 200 len: 136 microversion: 1.0
2026-07-17 19:33:00.201 7 INFO placement.requestlog [req-f8c37e9d-70ae-4a28-8375-9c764f2e12dc req-39058539-972a-41e4-8377-fd2ce6a5eba4 a2296990ef35410398fcb3a314c17e9d 43e457da93fa44dc9c0be48541d5c27b - - 6f09b2f7f3854832a771fc27fc2f5e00 6f09b2f7f3854832a771fc27fc2f5e00] 199.204.45.113 "GET /resource_providers/a6aacab5-0465-423c-ada6-bfd243208f59/allocations" status: 200 len: 152 microversion: 1.0 [pid: 7|app: 0|req: 511/1021] 199.204.45.113 () {32 vars in 857 bytes} [Fri Jul 17 19:33:00 2026] GET /resource_providers/a6aacab5-0465-423c-ada6-bfd243208f59/allocations => generated 152 bytes in 25 msecs (HTTP/1.1 200) 6 headers in 224 bytes (1 switches on core 0)
2026-07-17 19:33:00.226 8 INFO placement.requestlog [req-f8c37e9d-70ae-4a28-8375-9c764f2e12dc req-2ed5072c-93c4-4e9e-aa07-ff4cacfd5637 a2296990ef35410398fcb3a314c17e9d 43e457da93fa44dc9c0be48541d5c27b - - 6f09b2f7f3854832a771fc27fc2f5e00 6f09b2f7f3854832a771fc27fc2f5e00] 199.204.45.113 "GET /allocations/b75dec03-02ef-4a66-850e-10fe9df9d3f9" status: 200 len: 257 microversion: 1.28 [pid: 8|app: 0|req: 511/1022] 199.204.45.113 () {34 vars in 863 bytes} [Fri Jul 17 19:33:00 2026] GET /allocations/b75dec03-02ef-4a66-850e-10fe9df9d3f9 => generated 257 bytes in 14 msecs (HTTP/1.1 200) 8 headers in 296 bytes (1 switches on core 0)
2026-07-17 19:33:01.587 7 INFO placement.requestlog [req-ae69b77e-258c-47fe-9ae5-6c5f68bf421b req-ede9c323-8e30-4a4e-bbc0-523de0c053bc a2296990ef35410398fcb3a314c17e9d 43e457da93fa44dc9c0be48541d5c27b - - 6f09b2f7f3854832a771fc27fc2f5e00 6f09b2f7f3854832a771fc27fc2f5e00] 10.0.0.253 "GET /allocation_candidates?limit=1000&resources=DISK_GB%3A1%2CMEMORY_MB%3A512%2CVCPU%3A1&root_required=%21COMPUTE_STATUS_DISABLED" status: 200 len: 2783 microversion: 1.36 [pid: 7|app: 0|req: 512/1023] 10.0.0.253 () {34 vars in 1012 bytes} [Fri Jul 17 19:33:01 2026] GET /allocation_candidates?limit=1000&resources=DISK_GB%3A1%2CMEMORY_MB%3A512%2CVCPU%3A1&root_required=%21COMPUTE_STATUS_DISABLED => generated 2783 bytes in 47 msecs (HTTP/1.1 200) 8 headers in 297 bytes (1 switches on core 0)
2026-07-17 19:33:01.615 8 INFO placement.requestlog [req-ae69b77e-258c-47fe-9ae5-6c5f68bf421b req-b54472eb-dbfb-44dc-9e87-90811ab29a38 a2296990ef35410398fcb3a314c17e9d 43e457da93fa44dc9c0be48541d5c27b - - 6f09b2f7f3854832a771fc27fc2f5e00 6f09b2f7f3854832a771fc27fc2f5e00] 10.0.0.253 "GET /allocations/f7170a8e-9c88-484b-8d98-4192a4d2f47b" status: 200 len: 19 microversion: 1.28 [pid: 8|app: 0|req: 512/1024] 10.0.0.253 () {34 vars in 861 bytes} [Fri Jul 17 19:33:01 2026] GET /allocations/f7170a8e-9c88-484b-8d98-4192a4d2f47b => generated 19 bytes in 8 msecs (HTTP/1.1 200) 8 headers in 295 bytes (1 switches on core 0)
2026-07-17 19:33:01.682 7 INFO placement.requestlog [req-ae69b77e-258c-47fe-9ae5-6c5f68bf421b req-5eb94b06-d371-41ab-8bf0-fc626f59b8c7 a2296990ef35410398fcb3a314c17e9d 43e457da93fa44dc9c0be48541d5c27b - - 6f09b2f7f3854832a771fc27fc2f5e00 6f09b2f7f3854832a771fc27fc2f5e00] 10.0.0.253 "PUT /allocations/f7170a8e-9c88-484b-8d98-4192a4d2f47b" status: 204 len: 0 microversion: 1.36 [pid: 7|app: 0|req: 513/1025] 10.0.0.253 () {38 vars in 914 bytes} [Fri Jul 17 19:33:01 2026] PUT /allocations/f7170a8e-9c88-484b-8d98-4192a4d2f47b => generated 0 bytes in 63 msecs (HTTP/1.1 204) 5 headers in 199 bytes (1 switches on core 0)
2026-07-17 19:33:03.246 8 INFO placement.requestlog [req-ae69b77e-258c-47fe-9ae5-6c5f68bf421b req-25475e19-acef-4624-91a7-d8e44ca08344 a2296990ef35410398fcb3a314c17e9d 43e457da93fa44dc9c0be48541d5c27b - - 6f09b2f7f3854832a771fc27fc2f5e00 6f09b2f7f3854832a771fc27fc2f5e00] 199.204.45.113 "GET /allocations/f7170a8e-9c88-484b-8d98-4192a4d2f47b" status: 200 len: 258 microversion: 1.28 [pid: 8|app: 0|req: 513/1026] 199.204.45.113 () {34 vars in 863 bytes} [Fri Jul 17 19:33:03 2026] GET /allocations/f7170a8e-9c88-484b-8d98-4192a4d2f47b => generated 258 bytes in 16 msecs (HTTP/1.1 200) 8 headers in 296 bytes (1 switches on core 0)
2026-07-17 19:33:04.287 7 INFO placement.requestlog [req-ae69b77e-258c-47fe-9ae5-6c5f68bf421b req-6645bbd2-6fe9-496a-a020-7ba898e0e830 a2296990ef35410398fcb3a314c17e9d 43e457da93fa44dc9c0be48541d5c27b - - 6f09b2f7f3854832a771fc27fc2f5e00 6f09b2f7f3854832a771fc27fc2f5e00] 199.204.45.113 "GET /resource_providers/a6aacab5-0465-423c-ada6-bfd243208f59/allocations" status: 200 len: 253 microversion: 1.0 [pid: 7|app: 0|req: 514/1027] 199.204.45.113 () {32 vars in 857 bytes} [Fri Jul 17 19:33:04 2026] GET /resource_providers/a6aacab5-0465-423c-ada6-bfd243208f59/allocations => generated 253 bytes in 19 msecs (HTTP/1.1 200) 6 headers in 224 bytes (1 switches on core 0)
2026-07-17 19:33:04.314 8 INFO placement.requestlog [req-ae69b77e-258c-47fe-9ae5-6c5f68bf421b req-b1d34cf9-21f2-4aad-9cc6-164159999a51 a2296990ef35410398fcb3a314c17e9d 43e457da93fa44dc9c0be48541d5c27b - - 6f09b2f7f3854832a771fc27fc2f5e00 6f09b2f7f3854832a771fc27fc2f5e00] 199.204.45.113 "GET /allocations/b75dec03-02ef-4a66-850e-10fe9df9d3f9" status: 200 len: 258 microversion: 1.28 [pid: 8|app: 0|req: 514/1028] 199.204.45.113 () {34 vars in 863 bytes} [Fri Jul 17 19:33:04 2026] GET /allocations/b75dec03-02ef-4a66-850e-10fe9df9d3f9 => generated 258 bytes in 17 msecs (HTTP/1.1 200) 8 headers in 296 bytes (1 switches on core 0)
2026-07-17 19:33:04.332 7 INFO placement.requestlog [req-ae69b77e-258c-47fe-9ae5-6c5f68bf421b req-f09f874d-1959-448d-9ed6-11bd919fee35 a2296990ef35410398fcb3a314c17e9d 43e457da93fa44dc9c0be48541d5c27b - - 6f09b2f7f3854832a771fc27fc2f5e00 6f09b2f7f3854832a771fc27fc2f5e00] 199.204.45.113 "GET /allocations/f7170a8e-9c88-484b-8d98-4192a4d2f47b" status: 200 len: 258 microversion: 1.28 [pid: 7|app: 0|req: 515/1029] 199.204.45.113 () {34 vars in 863 bytes} [Fri Jul 17 19:33:04 2026] GET /allocations/f7170a8e-9c88-484b-8d98-4192a4d2f47b => generated 258 bytes in 10 msecs (HTTP/1.1 200) 8 headers in 296 bytes (1 switches on core 0)
2026-07-17 19:33:07.843 8 INFO placement.requestlog [None req-f1caf3e6-1b4d-4fbb-b3c9-eff11c42d306 722125316856415e8f5a2920f8b419ed 43e457da93fa44dc9c0be48541d5c27b - - 6f09b2f7f3854832a771fc27fc2f5e00 6f09b2f7f3854832a771fc27fc2f5e00] 10.0.0.146 "GET /resource_providers/296b01d6-1e7c-44c3-a89f-80f633bb4b59/aggregates" status: 404 len: 235 microversion: 1.1 [pid: 8|app: 0|req: 515/1030] 10.0.0.146 () {32 vars in 816 bytes} [Fri Jul 17 19:33:07 2026] GET /resource_providers/296b01d6-1e7c-44c3-a89f-80f633bb4b59/aggregates => generated 235 bytes in 7 msecs (HTTP/1.1 404) 5 headers in 202 bytes (1 switches on core 0)
2026-07-17 19:33:07.850 7 INFO placement.requestlog [None req-c7244d98-f6e6-46a1-ae30-d36fd4ea6ad5 722125316856415e8f5a2920f8b419ed 43e457da93fa44dc9c0be48541d5c27b - - 6f09b2f7f3854832a771fc27fc2f5e00 6f09b2f7f3854832a771fc27fc2f5e00] 10.0.0.146 "GET /resource_providers/296b01d6-1e7c-44c3-a89f-80f633bb4b59/aggregates" status: 404 len: 235 microversion: 1.1 [pid: 7|app: 0|req: 516/1031] 10.0.0.146 () {32 vars in 816 bytes} [Fri Jul 17 19:33:07 2026] GET /resource_providers/296b01d6-1e7c-44c3-a89f-80f633bb4b59/aggregates => generated 235 bytes in 12 msecs (HTTP/1.1 404) 5 headers in 202 bytes (1 switches on core 0)
2026-07-17 19:33:07.859 8 INFO placement.requestlog [None req-bc0c38b7-22af-463b-a84b-395dab0532db 722125316856415e8f5a2920f8b419ed 43e457da93fa44dc9c0be48541d5c27b - - 6f09b2f7f3854832a771fc27fc2f5e00 6f09b2f7f3854832a771fc27fc2f5e00] 10.0.0.146 "DELETE /resource_providers/296b01d6-1e7c-44c3-a89f-80f633bb4b59" status: 404 len: 246 microversion: 1.1 [pid: 8|app: 0|req: 516/1032] 10.0.0.146 () {34 vars in 816 bytes} [Fri Jul 17 19:33:07 2026] DELETE /resource_providers/296b01d6-1e7c-44c3-a89f-80f633bb4b59 => generated 246 bytes in 9 msecs (HTTP/1.1 404) 6 headers in 231 bytes (1 switches on core 0)
2026-07-17 19:33:07.870 7 INFO placement.requestlog [None req-28a86871-97bc-4999-83a5-c79f6808dd32 722125316856415e8f5a2920f8b419ed 43e457da93fa44dc9c0be48541d5c27b - - 6f09b2f7f3854832a771fc27fc2f5e00 6f09b2f7f3854832a771fc27fc2f5e00] 10.0.0.146 "DELETE /resource_providers/296b01d6-1e7c-44c3-a89f-80f633bb4b59" status: 404 len: 246 microversion: 1.1 [pid: 7|app: 0|req: 517/1033] 10.0.0.146 () {34 vars in 816 bytes} [Fri Jul 17 19:33:07 2026] DELETE /resource_providers/296b01d6-1e7c-44c3-a89f-80f633bb4b59 => generated 246 bytes in 12 msecs (HTTP/1.1 404) 6 headers in 231 bytes (1 switches on core 0)
2026-07-17 19:33:08.039 8 INFO placement.requestlog [req-f8c37e9d-70ae-4a28-8375-9c764f2e12dc req-b9ae5d53-a3ef-4bf6-9a7c-4faa19874e63 a2296990ef35410398fcb3a314c17e9d 43e457da93fa44dc9c0be48541d5c27b - - 6f09b2f7f3854832a771fc27fc2f5e00 6f09b2f7f3854832a771fc27fc2f5e00] 199.204.45.113 "GET /resource_providers/a6aacab5-0465-423c-ada6-bfd243208f59/allocations" status: 200 len: 253 microversion: 1.0 [pid: 8|app: 0|req: 517/1034] 199.204.45.113 () {32 vars in 857 bytes} [Fri Jul 17 19:33:08 2026] GET /resource_providers/a6aacab5-0465-423c-ada6-bfd243208f59/allocations => generated 253 bytes in 35 msecs (HTTP/1.1 200) 6 headers in 224 bytes (1 switches on core 0)
2026-07-17 19:33:08.069 7 INFO placement.requestlog [req-f8c37e9d-70ae-4a28-8375-9c764f2e12dc req-c184b07f-e620-405f-9ce0-8c0086e5fc8b a2296990ef35410398fcb3a314c17e9d 43e457da93fa44dc9c0be48541d5c27b - - 6f09b2f7f3854832a771fc27fc2f5e00 6f09b2f7f3854832a771fc27fc2f5e00] 199.204.45.113 "GET /allocations/b75dec03-02ef-4a66-850e-10fe9df9d3f9" status: 200 len: 258 microversion: 1.28 [pid: 7|app: 0|req: 518/1035] 199.204.45.113 () {34 vars in 863 bytes} [Fri Jul 17 19:33:08 2026] GET /allocations/b75dec03-02ef-4a66-850e-10fe9df9d3f9 => generated 258 bytes in 25 msecs (HTTP/1.1 200) 8 headers in 296 bytes (1 switches on core 0)
2026-07-17 19:33:08.089 8 INFO placement.requestlog [req-f8c37e9d-70ae-4a28-8375-9c764f2e12dc req-ac5879ef-a784-47b5-84cb-71d19b6354d5 a2296990ef35410398fcb3a314c17e9d 43e457da93fa44dc9c0be48541d5c27b - - 6f09b2f7f3854832a771fc27fc2f5e00 6f09b2f7f3854832a771fc27fc2f5e00] 199.204.45.113 "GET /allocations/f7170a8e-9c88-484b-8d98-4192a4d2f47b" status: 200 len: 258 microversion: 1.28 [pid: 8|app: 0|req: 518/1036] 199.204.45.113 () {34 vars in 863 bytes} [Fri Jul 17 19:33:08 2026] GET /allocations/f7170a8e-9c88-484b-8d98-4192a4d2f47b => generated 258 bytes in 12 msecs (HTTP/1.1 200) 8 headers in 296 bytes (1 switches on core 0)
2026-07-17 19:33:09.889 8 INFO placement.requestlog [None req-7d446457-36ff-4078-a448-94fd1ecf2f48 722125316856415e8f5a2920f8b419ed 43e457da93fa44dc9c0be48541d5c27b - - 6f09b2f7f3854832a771fc27fc2f5e00 6f09b2f7f3854832a771fc27fc2f5e00] 10.0.0.146 "GET /resource_providers/b6a6eccd-958c-48f3-a547-69e5bc667814/aggregates" status: 404 len: 235 microversion: 1.1 [pid: 8|app: 0|req: 519/1037] 10.0.0.146 () {32 vars in 816 bytes} [Fri Jul 17 19:33:09 2026] GET /resource_providers/b6a6eccd-958c-48f3-a547-69e5bc667814/aggregates => generated 235 bytes in 9 msecs (HTTP/1.1 404) 5 headers in 202 bytes (1 switches on core 0)
2026-07-17 19:33:09.900 7 INFO placement.requestlog [None req-e9cfeab3-acfd-40bf-ba98-96fbcac19cdc 722125316856415e8f5a2920f8b419ed 43e457da93fa44dc9c0be48541d5c27b - - 6f09b2f7f3854832a771fc27fc2f5e00 6f09b2f7f3854832a771fc27fc2f5e00] 10.0.0.146 "GET /resource_providers/b6a6eccd-958c-48f3-a547-69e5bc667814/aggregates" status: 404 len: 235 microversion: 1.1 [pid: 7|app: 0|req: 519/1038] 10.0.0.146 () {32 vars in 816 bytes} [Fri Jul 17 19:33:09 2026] GET /resource_providers/b6a6eccd-958c-48f3-a547-69e5bc667814/aggregates => generated 235 bytes in 28 msecs (HTTP/1.1 404) 5 headers in 202 bytes (1 switches on core 0)
2026-07-17 19:33:09.918 8 INFO placement.requestlog [None req-8b007179-9318-4c85-ad78-26d54714ede1 722125316856415e8f5a2920f8b419ed 43e457da93fa44dc9c0be48541d5c27b - - 6f09b2f7f3854832a771fc27fc2f5e00 6f09b2f7f3854832a771fc27fc2f5e00] 10.0.0.146 "DELETE /resource_providers/b6a6eccd-958c-48f3-a547-69e5bc667814" status: 404 len: 246 microversion: 1.1 [pid: 8|app: 0|req: 520/1039] 10.0.0.146 () {34 vars in 816 bytes} [Fri Jul 17 19:33:09 2026] DELETE /resource_providers/b6a6eccd-958c-48f3-a547-69e5bc667814 => generated 246 bytes in 12 msecs (HTTP/1.1 404) 6 headers in 231 bytes (1 switches on core 0)
2026-07-17 19:33:09.920 7 INFO placement.requestlog [None req-b4a1dab2-732e-4349-b006-0130df6856fc 722125316856415e8f5a2920f8b419ed 43e457da93fa44dc9c0be48541d5c27b - - 6f09b2f7f3854832a771fc27fc2f5e00 6f09b2f7f3854832a771fc27fc2f5e00] 10.0.0.146 "DELETE /resource_providers/b6a6eccd-958c-48f3-a547-69e5bc667814" status: 404 len: 246 microversion: 1.1 [pid: 7|app: 0|req: 520/1040] 10.0.0.146 () {34 vars in 816 bytes} [Fri Jul 17 19:33:09 2026] DELETE /resource_providers/b6a6eccd-958c-48f3-a547-69e5bc667814 => generated 246 bytes in 14 msecs (HTTP/1.1 404) 6 headers in 231 bytes (1 switches on core 0)
2026-07-17 19:33:09.945 8 INFO placement.requestlog [None req-cae95dcc-d2c5-41ea-b630-6ef2c454e368 722125316856415e8f5a2920f8b419ed 43e457da93fa44dc9c0be48541d5c27b - - 6f09b2f7f3854832a771fc27fc2f5e00 6f09b2f7f3854832a771fc27fc2f5e00] 10.0.0.146 "GET /resource_providers/6fb9eaa2-fc01-42a0-aab9-e918b5d62b49/aggregates" status: 404 len: 235 microversion: 1.1 [pid: 8|app: 0|req: 521/1041] 10.0.0.146 () {32 vars in 816 bytes} [Fri Jul 17 19:33:09 2026] GET /resource_providers/6fb9eaa2-fc01-42a0-aab9-e918b5d62b49/aggregates => generated 235 bytes in 7 msecs (HTTP/1.1 404) 5 headers in 202 bytes (1 switches on core 0)
2026-07-17 19:33:09.960 7 INFO placement.requestlog [None req-460fced3-8483-4896-9007-96b059bb164c 722125316856415e8f5a2920f8b419ed 43e457da93fa44dc9c0be48541d5c27b - - 6f09b2f7f3854832a771fc27fc2f5e00 6f09b2f7f3854832a771fc27fc2f5e00] 10.0.0.146 "GET /resource_providers/6fb9eaa2-fc01-42a0-aab9-e918b5d62b49/aggregates" status: 404 len: 235 microversion: 1.1 [pid: 7|app: 0|req: 521/1042] 10.0.0.146 () {32 vars in 816 bytes} [Fri Jul 17 19:33:09 2026] GET /resource_providers/6fb9eaa2-fc01-42a0-aab9-e918b5d62b49/aggregates => generated 235 bytes in 19 msecs (HTTP/1.1 404) 5 headers in 202 bytes (1 switches on core 0)
2026-07-17 19:33:09.974 8 INFO placement.requestlog [None req-3a4d96ba-808c-4758-962f-7e94974f9459 722125316856415e8f5a2920f8b419ed 43e457da93fa44dc9c0be48541d5c27b - - 6f09b2f7f3854832a771fc27fc2f5e00 6f09b2f7f3854832a771fc27fc2f5e00] 10.0.0.146 "DELETE /resource_providers/6fb9eaa2-fc01-42a0-aab9-e918b5d62b49" status: 404 len: 246 microversion: 1.1 [pid: 8|app: 0|req: 522/1043] 10.0.0.146 () {34 vars in 816 bytes} [Fri Jul 17 19:33:09 2026] DELETE /resource_providers/6fb9eaa2-fc01-42a0-aab9-e918b5d62b49 => generated 246 bytes in 14 msecs (HTTP/1.1 404) 6 headers in 231 bytes (1 switches on core 0)
2026-07-17 19:33:09.986 7 INFO placement.requestlog [None req-6a7e5b51-334d-4562-9f8a-434c75d04a6c 722125316856415e8f5a2920f8b419ed 43e457da93fa44dc9c0be48541d5c27b - - 6f09b2f7f3854832a771fc27fc2f5e00 6f09b2f7f3854832a771fc27fc2f5e00] 10.0.0.146 "DELETE /resource_providers/6fb9eaa2-fc01-42a0-aab9-e918b5d62b49" status: 404 len: 246 microversion: 1.1 [pid: 7|app: 0|req: 522/1044] 10.0.0.146 () {34 vars in 816 bytes} [Fri Jul 17 19:33:09 2026] DELETE /resource_providers/6fb9eaa2-fc01-42a0-aab9-e918b5d62b49 => generated 246 bytes in 10 msecs (HTTP/1.1 404) 6 headers in 231 bytes (1 switches on core 0)
2026-07-17 19:33:10.110 8 INFO placement.requestlog [None req-a5d1ac5b-b3ba-4944-b6e3-690c460a7ea8 - - - - - -] 10.0.0.107 "GET /" status: 200 len: 136 microversion: 1.0
2026-07-17 19:33:10.111 7 INFO placement.requestlog [None req-38fe119e-bda1-4f58-a336-789ca04d7845 - - - - - -] 10.0.0.107 "GET /" status: 200 len: 136 microversion: 1.0
2026-07-17 19:33:12.502 8 INFO placement.requestlog [req-f8c37e9d-70ae-4a28-8375-9c764f2e12dc req-8b898ece-8b64-4478-b826-d16ba6fdc9b8 a2296990ef35410398fcb3a314c17e9d 43e457da93fa44dc9c0be48541d5c27b - - 6f09b2f7f3854832a771fc27fc2f5e00 6f09b2f7f3854832a771fc27fc2f5e00] 199.204.45.113 "DELETE /allocations/b75dec03-02ef-4a66-850e-10fe9df9d3f9" status: 204 len: 0 microversion: 1.0 [pid: 8|app: 0|req: 524/1047] 199.204.45.113 () {34 vars in 841 bytes} [Fri Jul 17 19:33:12 2026] DELETE /allocations/b75dec03-02ef-4a66-850e-10fe9df9d3f9 => generated 0 bytes in 30 msecs (HTTP/1.1 204) 5 headers in 198 bytes (1 switches on core 0)
2026-07-17 19:33:13.496 7 INFO placement.requestlog [None req-7c3e0913-244f-4c9b-a638-c18c18ffa7fd 722125316856415e8f5a2920f8b419ed 43e457da93fa44dc9c0be48541d5c27b - - 6f09b2f7f3854832a771fc27fc2f5e00 6f09b2f7f3854832a771fc27fc2f5e00] 10.0.0.146 "GET /resource_providers/550104f7-a88c-4213-be4f-6593dda34e4b/aggregates" status: 404 len: 235 microversion: 1.1 [pid: 7|app: 0|req: 524/1048] 10.0.0.146 () {32 vars in 816 bytes} [Fri Jul 17 19:33:13 2026] GET /resource_providers/550104f7-a88c-4213-be4f-6593dda34e4b/aggregates => generated 235 bytes in 10 msecs (HTTP/1.1 404) 5 headers in 202 bytes (1 switches on core 0)
2026-07-17 19:33:13.505 8 INFO placement.requestlog [None req-9c0f3b01-1c03-4941-8eaf-1e5ba5bfb789 722125316856415e8f5a2920f8b419ed 43e457da93fa44dc9c0be48541d5c27b - - 6f09b2f7f3854832a771fc27fc2f5e00 6f09b2f7f3854832a771fc27fc2f5e00] 10.0.0.146 "GET /resource_providers/550104f7-a88c-4213-be4f-6593dda34e4b/aggregates" status: 404 len: 235 microversion: 1.1 [pid: 8|app: 0|req: 525/1049] 10.0.0.146 () {32 vars in 816 bytes} [Fri Jul 17 19:33:13 2026] GET /resource_providers/550104f7-a88c-4213-be4f-6593dda34e4b/aggregates => generated 235 bytes in 12 msecs (HTTP/1.1 404) 5 headers in 202 bytes (1 switches on core 0)
2026-07-17 19:33:13.517 7 INFO placement.requestlog [None req-707f351d-9536-418a-a5fb-8632c4b2dae0 722125316856415e8f5a2920f8b419ed 43e457da93fa44dc9c0be48541d5c27b - - 6f09b2f7f3854832a771fc27fc2f5e00 6f09b2f7f3854832a771fc27fc2f5e00] 10.0.0.146 "DELETE /resource_providers/550104f7-a88c-4213-be4f-6593dda34e4b" status: 404 len: 246 microversion: 1.1 [pid: 7|app: 0|req: 525/1050] 10.0.0.146 () {34 vars in 816 bytes} [Fri Jul 17 19:33:13 2026] DELETE /resource_providers/550104f7-a88c-4213-be4f-6593dda34e4b => generated 246 bytes in 12 msecs (HTTP/1.1 404) 6 headers in 231 bytes (1 switches on core 0)
2026-07-17 19:33:13.537 8 INFO placement.requestlog [None req-4341bc0d-dbee-42d9-a6e7-f5b5842bc5c0 722125316856415e8f5a2920f8b419ed 43e457da93fa44dc9c0be48541d5c27b - - 6f09b2f7f3854832a771fc27fc2f5e00 6f09b2f7f3854832a771fc27fc2f5e00] 10.0.0.146 "DELETE /resource_providers/550104f7-a88c-4213-be4f-6593dda34e4b" status: 404 len: 246 microversion: 1.1 [pid: 8|app: 0|req: 526/1051] 10.0.0.146 () {34 vars in 816 bytes} [Fri Jul 17 19:33:13 2026] DELETE /resource_providers/550104f7-a88c-4213-be4f-6593dda34e4b => generated 246 bytes in 18 msecs (HTTP/1.1 404) 6 headers in 231 bytes (1 switches on core 0)
2026-07-17 19:33:13.737 7 INFO placement.requestlog [req-9a1e5e30-7b55-4b61-8c62-50833896d96f req-803c4a57-6aba-4463-9e75-3656cb936b35 a2296990ef35410398fcb3a314c17e9d 43e457da93fa44dc9c0be48541d5c27b - - 6f09b2f7f3854832a771fc27fc2f5e00 6f09b2f7f3854832a771fc27fc2f5e00] 10.0.0.215 "DELETE /allocations/b75dec03-02ef-4a66-850e-10fe9df9d3f9" status: 404 len: 228 microversion: 1.0 [pid: 7|app: 0|req: 526/1052] 10.0.0.215 () {34 vars in 830 bytes} [Fri Jul 17 19:33:13 2026] DELETE /allocations/b75dec03-02ef-4a66-850e-10fe9df9d3f9 => generated 228 bytes in 11 msecs (HTTP/1.1 404) 6 headers in 231 bytes (1 switches on core 0)
2026-07-17 19:33:15.389 8 INFO placement.requestlog [req-ae69b77e-258c-47fe-9ae5-6c5f68bf421b req-41b91641-dcb0-4fa6-9dad-b8273f2132d4 a2296990ef35410398fcb3a314c17e9d 43e457da93fa44dc9c0be48541d5c27b - - 6f09b2f7f3854832a771fc27fc2f5e00 6f09b2f7f3854832a771fc27fc2f5e00] 199.204.45.113 "GET /resource_providers/a6aacab5-0465-423c-ada6-bfd243208f59/allocations" status: 200 len: 153 microversion: 1.0 [pid: 8|app: 0|req: 527/1053] 199.204.45.113 () {32 vars in 857 bytes} [Fri Jul 17 19:33:15 2026] GET /resource_providers/a6aacab5-0465-423c-ada6-bfd243208f59/allocations => generated 153 bytes in 18 msecs (HTTP/1.1 200) 6 headers in 224 bytes (1 switches on core 0)
2026-07-17 19:33:15.417 7 INFO placement.requestlog [req-ae69b77e-258c-47fe-9ae5-6c5f68bf421b req-35ce69d7-b0fd-40fb-a99c-4fa806be7f24 a2296990ef35410398fcb3a314c17e9d 43e457da93fa44dc9c0be48541d5c27b - - 6f09b2f7f3854832a771fc27fc2f5e00 6f09b2f7f3854832a771fc27fc2f5e00] 199.204.45.113 "GET /allocations/f7170a8e-9c88-484b-8d98-4192a4d2f47b" status: 200 len: 258 microversion: 1.28 [pid: 7|app: 0|req: 527/1054] 199.204.45.113 () {34 vars in 863 bytes} [Fri Jul 17 19:33:15 2026] GET /allocations/f7170a8e-9c88-484b-8d98-4192a4d2f47b => generated 258 bytes in 20 msecs (HTTP/1.1 200) 8 headers in 296 bytes (1 switches on core 0)
2026-07-17 19:33:15.540 8 INFO placement.requestlog [None req-5a3e378b-1b57-4431-bcdb-b22aa165769e 722125316856415e8f5a2920f8b419ed 43e457da93fa44dc9c0be48541d5c27b - - 6f09b2f7f3854832a771fc27fc2f5e00 6f09b2f7f3854832a771fc27fc2f5e00] 10.0.0.146 "GET /resource_providers/97a73aa4-db52-4601-9855-b2289f6cb24c/aggregates" status: 404 len: 235 microversion: 1.1 [pid: 8|app: 0|req: 528/1055] 10.0.0.146 () {32 vars in 816 bytes} [Fri Jul 17 19:33:15 2026] GET /resource_providers/97a73aa4-db52-4601-9855-b2289f6cb24c/aggregates => generated 235 bytes in 10 msecs (HTTP/1.1 404) 5 headers in 202 bytes (1 switches on core 0)
2026-07-17 19:33:15.555 7 INFO placement.requestlog [None req-52b01ce3-f132-4a2d-8de6-c6811f70f264 722125316856415e8f5a2920f8b419ed 43e457da93fa44dc9c0be48541d5c27b - - 6f09b2f7f3854832a771fc27fc2f5e00 6f09b2f7f3854832a771fc27fc2f5e00] 10.0.0.146 "GET /resource_providers/97a73aa4-db52-4601-9855-b2289f6cb24c/aggregates" status: 404 len: 235 microversion: 1.1 [pid: 7|app: 0|req: 528/1056] 10.0.0.146 () {32 vars in 816 bytes} [Fri Jul 17 19:33:15 2026] GET /resource_providers/97a73aa4-db52-4601-9855-b2289f6cb24c/aggregates => generated 235 bytes in 8 msecs (HTTP/1.1 404) 5 headers in 202 bytes (1 switches on core 0)
2026-07-17 19:33:15.556 8 INFO placement.requestlog [None req-51d85521-7e8b-4ebd-abc6-810a4f719ab8 722125316856415e8f5a2920f8b419ed 43e457da93fa44dc9c0be48541d5c27b - - 6f09b2f7f3854832a771fc27fc2f5e00 6f09b2f7f3854832a771fc27fc2f5e00] 10.0.0.146 "DELETE /resource_providers/97a73aa4-db52-4601-9855-b2289f6cb24c" status: 404 len: 246 microversion: 1.1 [pid: 8|app: 0|req: 529/1057] 10.0.0.146 () {34 vars in 816 bytes} [Fri Jul 17 19:33:15 2026] DELETE /resource_providers/97a73aa4-db52-4601-9855-b2289f6cb24c => generated 246 bytes in 7 msecs (HTTP/1.1 404) 6 headers in 231 bytes (1 switches on core 0)
2026-07-17 19:33:15.570 7 INFO placement.requestlog [None req-c83f570f-e2f2-4f87-b39c-27f588c5d7e6 722125316856415e8f5a2920f8b419ed 43e457da93fa44dc9c0be48541d5c27b - - 6f09b2f7f3854832a771fc27fc2f5e00 6f09b2f7f3854832a771fc27fc2f5e00] 10.0.0.146 "DELETE /resource_providers/97a73aa4-db52-4601-9855-b2289f6cb24c" status: 404 len: 246 microversion: 1.1 [pid: 7|app: 0|req: 529/1058] 10.0.0.146 () {34 vars in 816 bytes} [Fri Jul 17 19:33:15 2026] DELETE /resource_providers/97a73aa4-db52-4601-9855-b2289f6cb24c => generated 246 bytes in 8 msecs (HTTP/1.1 404) 6 headers in 231 bytes (1 switches on core 0)
2026-07-17 19:33:17.592 8 INFO placement.requestlog [None req-e4104e28-874c-4608-8ad8-8caeac957816 722125316856415e8f5a2920f8b419ed 43e457da93fa44dc9c0be48541d5c27b - - 6f09b2f7f3854832a771fc27fc2f5e00 6f09b2f7f3854832a771fc27fc2f5e00] 10.0.0.146 "GET /resource_providers/9f5be320-3497-4365-8e3d-782668dd9326/aggregates" status: 404 len: 235 microversion: 1.1 [pid: 8|app: 0|req: 530/1059] 10.0.0.146 () {32 vars in 816 bytes} [Fri Jul 17 19:33:17 2026] GET /resource_providers/9f5be320-3497-4365-8e3d-782668dd9326/aggregates => generated 235 bytes in 14 msecs (HTTP/1.1 404) 5 headers in 202 bytes (1 switches on core 0)
2026-07-17 19:33:17.594 7 INFO placement.requestlog [None req-fda6ead6-ead0-4a88-8252-f85d7fd2952d 722125316856415e8f5a2920f8b419ed 43e457da93fa44dc9c0be48541d5c27b - - 6f09b2f7f3854832a771fc27fc2f5e00 6f09b2f7f3854832a771fc27fc2f5e00] 10.0.0.146 "GET /resource_providers/9f5be320-3497-4365-8e3d-782668dd9326/aggregates" status: 404 len: 235 microversion: 1.1 [pid: 7|app: 0|req: 530/1060] 10.0.0.146 () {32 vars in 816 bytes} [Fri Jul 17 19:33:17 2026] GET /resource_providers/9f5be320-3497-4365-8e3d-782668dd9326/aggregates => generated 235 bytes in 12 msecs (HTTP/1.1 404) 5 headers in 202 bytes (1 switches on core 0)
2026-07-17 19:33:17.617 8 INFO placement.requestlog [None req-d13ed1a1-7105-4b5b-9526-c8dfc13be952 722125316856415e8f5a2920f8b419ed 43e457da93fa44dc9c0be48541d5c27b - - 6f09b2f7f3854832a771fc27fc2f5e00 6f09b2f7f3854832a771fc27fc2f5e00] 10.0.0.146 "DELETE /resource_providers/9f5be320-3497-4365-8e3d-782668dd9326" status: 404 len: 246 microversion: 1.1 [pid: 8|app: 0|req: 531/1061] 10.0.0.146 () {34 vars in 816 bytes} [Fri Jul 17 19:33:17 2026] DELETE /resource_providers/9f5be320-3497-4365-8e3d-782668dd9326 => generated 246 bytes in 13 msecs (HTTP/1.1 404) 6 headers in 231 bytes (1 switches on core 0)
2026-07-17 19:33:17.619 7 INFO placement.requestlog [None req-b343e619-d4c8-43d0-bffb-70b9af8fa3e3 722125316856415e8f5a2920f8b419ed 43e457da93fa44dc9c0be48541d5c27b - - 6f09b2f7f3854832a771fc27fc2f5e00 6f09b2f7f3854832a771fc27fc2f5e00] 10.0.0.146 "DELETE /resource_providers/9f5be320-3497-4365-8e3d-782668dd9326" status: 404 len: 246 microversion: 1.1 [pid: 7|app: 0|req: 531/1062] 10.0.0.146 () {34 vars in 816 bytes} [Fri Jul 17 19:33:17 2026] DELETE /resource_providers/9f5be320-3497-4365-8e3d-782668dd9326 => generated 246 bytes in 10 msecs (HTTP/1.1 404) 6 headers in 231 bytes (1 switches on core 0)
2026-07-17 19:33:19.656 8 INFO placement.requestlog [None req-e6a51a72-fd62-425a-9ac1-a193ed266a65 722125316856415e8f5a2920f8b419ed 43e457da93fa44dc9c0be48541d5c27b - - 6f09b2f7f3854832a771fc27fc2f5e00 6f09b2f7f3854832a771fc27fc2f5e00] 10.0.0.146 "GET /resource_providers/1c8fbb4f-22a0-47f0-a4b4-298066953742/aggregates" status: 404 len: 235 microversion: 1.1 [pid: 8|app: 0|req: 532/1063] 10.0.0.146 () {32 vars in 816 bytes} [Fri Jul 17 19:33:19 2026] GET /resource_providers/1c8fbb4f-22a0-47f0-a4b4-298066953742/aggregates => generated 235 bytes in 9 msecs (HTTP/1.1 404) 5 headers in 202 bytes (1 switches on core 0)
2026-07-17 19:33:19.658 7 INFO placement.requestlog [None req-06ee9cd8-75e2-4d96-aa8f-e80f185c5f8e 722125316856415e8f5a2920f8b419ed 43e457da93fa44dc9c0be48541d5c27b - - 6f09b2f7f3854832a771fc27fc2f5e00 6f09b2f7f3854832a771fc27fc2f5e00] 10.0.0.146 "GET /resource_providers/1c8fbb4f-22a0-47f0-a4b4-298066953742/aggregates" status: 404 len: 235 microversion: 1.1 [pid: 7|app: 0|req: 532/1064] 10.0.0.146 () {32 vars in 816 bytes} [Fri Jul 17 19:33:19 2026] GET /resource_providers/1c8fbb4f-22a0-47f0-a4b4-298066953742/aggregates => generated 235 bytes in 12 msecs (HTTP/1.1 404) 5 headers in 202 bytes (1 switches on core 0)
2026-07-17 19:33:19.677 8 INFO placement.requestlog [None req-a3e065a2-063a-4236-8f0d-2faf008815a1 722125316856415e8f5a2920f8b419ed 43e457da93fa44dc9c0be48541d5c27b - - 6f09b2f7f3854832a771fc27fc2f5e00 6f09b2f7f3854832a771fc27fc2f5e00] 10.0.0.146 "DELETE /resource_providers/1c8fbb4f-22a0-47f0-a4b4-298066953742" status: 404 len: 246 microversion: 1.1 [pid: 8|app: 0|req: 533/1065] 10.0.0.146 () {34 vars in 816 bytes} [Fri Jul 17 19:33:19 2026] DELETE /resource_providers/1c8fbb4f-22a0-47f0-a4b4-298066953742 => generated 246 bytes in 12 msecs (HTTP/1.1 404) 6 headers in 231 bytes (1 switches on core 0)
2026-07-17 19:33:19.683 7 INFO placement.requestlog [None req-f14fc514-9707-4809-9ca8-fc3d797b055d 722125316856415e8f5a2920f8b419ed 43e457da93fa44dc9c0be48541d5c27b - - 6f09b2f7f3854832a771fc27fc2f5e00 6f09b2f7f3854832a771fc27fc2f5e00] 10.0.0.146 "DELETE /resource_providers/1c8fbb4f-22a0-47f0-a4b4-298066953742" status: 404 len: 246 microversion: 1.1 [pid: 7|app: 0|req: 533/1066] 10.0.0.146 () {34 vars in 816 bytes} [Fri Jul 17 19:33:19 2026] DELETE /resource_providers/1c8fbb4f-22a0-47f0-a4b4-298066953742 => generated 246 bytes in 12 msecs (HTTP/1.1 404) 6 headers in 231 bytes (1 switches on core 0)
2026-07-17 19:33:19.855 8 INFO placement.requestlog [req-ae69b77e-258c-47fe-9ae5-6c5f68bf421b req-0796fca9-cccd-4b08-9f88-f5fa9dfe5322 a2296990ef35410398fcb3a314c17e9d 43e457da93fa44dc9c0be48541d5c27b - - 6f09b2f7f3854832a771fc27fc2f5e00 6f09b2f7f3854832a771fc27fc2f5e00] 199.204.45.113 "DELETE /allocations/f7170a8e-9c88-484b-8d98-4192a4d2f47b" status: 204 len: 0 microversion: 1.0 [pid: 8|app: 0|req: 534/1067] 199.204.45.113 () {34 vars in 841 bytes} [Fri Jul 17 19:33:19 2026] DELETE /allocations/f7170a8e-9c88-484b-8d98-4192a4d2f47b => generated 0 bytes in 29 msecs (HTTP/1.1 204) 5 headers in 198 bytes (1 switches on core 0)
2026-07-17 19:33:20.110 8 INFO placement.requestlog [None req-99ebdd05-2001-4620-bf93-c257fac3f460 - - - - - -] 10.0.0.107 "GET /" status: 200 len: 136 microversion: 1.0
2026-07-17 19:33:20.110 7 INFO placement.requestlog [None req-88f1ebce-4544-4aff-b340-a76c9f3dc138 - - - - - -] 10.0.0.107 "GET /" status: 200 len: 136 microversion: 1.0
2026-07-17 19:33:21.701 8 INFO placement.requestlog [None req-a4ad7512-d752-418c-87f5-2bd02321ad0c 722125316856415e8f5a2920f8b419ed 43e457da93fa44dc9c0be48541d5c27b - - 6f09b2f7f3854832a771fc27fc2f5e00 6f09b2f7f3854832a771fc27fc2f5e00] 10.0.0.146 "GET /resource_providers/e98bd842-752c-4fa9-ad83-cd405ea311ef/aggregates" status: 404 len: 235 microversion: 1.1 [pid: 8|app: 0|req: 536/1070] 10.0.0.146 () {32 vars in 816 bytes} [Fri Jul 17 19:33:21 2026] GET /resource_providers/e98bd842-752c-4fa9-ad83-cd405ea311ef/aggregates => generated 235 bytes in 12 msecs (HTTP/1.1 404) 5 headers in 202 bytes (1 switches on core 0)
2026-07-17 19:33:21.704 7 INFO placement.requestlog [None req-b21838c1-9c85-4b51-b0bc-2a892ddd0ab4 722125316856415e8f5a2920f8b419ed 43e457da93fa44dc9c0be48541d5c27b - - 6f09b2f7f3854832a771fc27fc2f5e00 6f09b2f7f3854832a771fc27fc2f5e00] 10.0.0.146 "GET /resource_providers/e98bd842-752c-4fa9-ad83-cd405ea311ef/aggregates" status: 404 len: 235 microversion: 1.1 [pid: 7|app: 0|req: 535/1071] 10.0.0.146 () {32 vars in 816 bytes} [Fri Jul 17 19:33:21 2026] GET /resource_providers/e98bd842-752c-4fa9-ad83-cd405ea311ef/aggregates => generated 235 bytes in 11 msecs (HTTP/1.1 404) 5 headers in 202 bytes (1 switches on core 0)
2026-07-17 19:33:21.738 8 INFO placement.requestlog [None req-4f32395b-2b2e-4cb0-b88e-7d296630e24d 722125316856415e8f5a2920f8b419ed 43e457da93fa44dc9c0be48541d5c27b - - 6f09b2f7f3854832a771fc27fc2f5e00 6f09b2f7f3854832a771fc27fc2f5e00] 10.0.0.146 "DELETE /resource_providers/e98bd842-752c-4fa9-ad83-cd405ea311ef" status: 404 len: 246 microversion: 1.1 [pid: 8|app: 0|req: 537/1072] 10.0.0.146 () {34 vars in 816 bytes} [Fri Jul 17 19:33:21 2026] DELETE /resource_providers/e98bd842-752c-4fa9-ad83-cd405ea311ef => generated 246 bytes in 12 msecs (HTTP/1.1 404) 6 headers in 231 bytes (1 switches on core 0)
2026-07-17 19:33:21.741 7 INFO placement.requestlog [None req-29ce01f5-e7c5-480a-a56c-152ec66cf013 722125316856415e8f5a2920f8b419ed 43e457da93fa44dc9c0be48541d5c27b - - 6f09b2f7f3854832a771fc27fc2f5e00 6f09b2f7f3854832a771fc27fc2f5e00] 10.0.0.146 "DELETE /resource_providers/e98bd842-752c-4fa9-ad83-cd405ea311ef" status: 404 len: 246 microversion: 1.1 [pid: 7|app: 0|req: 536/1073] 10.0.0.146 () {34 vars in 816 bytes} [Fri Jul 17 19:33:21 2026] DELETE /resource_providers/e98bd842-752c-4fa9-ad83-cd405ea311ef => generated 246 bytes in 11 msecs (HTTP/1.1 404) 6 headers in 231 bytes (1 switches on core 0)
2026-07-17 19:33:21.766 8 INFO placement.requestlog [None req-26294793-11cf-49ac-b6a4-996b011b292d 722125316856415e8f5a2920f8b419ed 43e457da93fa44dc9c0be48541d5c27b - - 6f09b2f7f3854832a771fc27fc2f5e00 6f09b2f7f3854832a771fc27fc2f5e00] 10.0.0.146 "GET /resource_providers/0150494f-1113-4a1d-beb5-53ca56769b5b/aggregates" status: 404 len: 235 microversion: 1.1 [pid: 8|app: 0|req: 538/1074] 10.0.0.146 () {32 vars in 816 bytes} [Fri Jul 17 19:33:21 2026] GET /resource_providers/0150494f-1113-4a1d-beb5-53ca56769b5b/aggregates => generated 235 bytes in 13 msecs (HTTP/1.1 404) 5 headers in 202 bytes (1 switches on core 0)
2026-07-17 19:33:21.771 7 INFO placement.requestlog [None req-3c0db339-157b-4181-846b-70a5e13b7b62 722125316856415e8f5a2920f8b419ed 43e457da93fa44dc9c0be48541d5c27b - - 6f09b2f7f3854832a771fc27fc2f5e00 6f09b2f7f3854832a771fc27fc2f5e00] 10.0.0.146 "GET /resource_providers/0150494f-1113-4a1d-beb5-53ca56769b5b/aggregates" status: 404 len: 235 microversion: 1.1 [pid: 7|app: 0|req: 537/1075] 10.0.0.146 () {32 vars in 816 bytes} [Fri Jul 17 19:33:21 2026] GET /resource_providers/0150494f-1113-4a1d-beb5-53ca56769b5b/aggregates => generated 235 bytes in 15 msecs (HTTP/1.1 404) 5 headers in 202 bytes (1 switches on core 0)
2026-07-17 19:33:21.784 8 INFO placement.requestlog [None req-3bc7670e-dfcb-4671-ae4d-045f09951a98 722125316856415e8f5a2920f8b419ed 43e457da93fa44dc9c0be48541d5c27b - - 6f09b2f7f3854832a771fc27fc2f5e00 6f09b2f7f3854832a771fc27fc2f5e00] 10.0.0.146 "DELETE /resource_providers/0150494f-1113-4a1d-beb5-53ca56769b5b" status: 404 len: 246 microversion: 1.1 [pid: 8|app: 0|req: 539/1076] 10.0.0.146 () {34 vars in 816 bytes} [Fri Jul 17 19:33:21 2026] DELETE /resource_providers/0150494f-1113-4a1d-beb5-53ca56769b5b => generated 246 bytes in 7 msecs (HTTP/1.1 404) 6 headers in 231 bytes (1 switches on core 0)
2026-07-17 19:33:21.787 7 INFO placement.requestlog [None req-6d87ee5c-d3c0-49f0-a47d-35bfccb64868 722125316856415e8f5a2920f8b419ed 43e457da93fa44dc9c0be48541d5c27b - - 6f09b2f7f3854832a771fc27fc2f5e00 6f09b2f7f3854832a771fc27fc2f5e00] 10.0.0.146 "DELETE /resource_providers/0150494f-1113-4a1d-beb5-53ca56769b5b" status: 404 len: 246 microversion: 1.1 [pid: 7|app: 0|req: 538/1077] 10.0.0.146 () {34 vars in 816 bytes} [Fri Jul 17 19:33:21 2026] DELETE /resource_providers/0150494f-1113-4a1d-beb5-53ca56769b5b => generated 246 bytes in 8 msecs (HTTP/1.1 404) 6 headers in 231 bytes (1 switches on core 0)
2026-07-17 19:33:22.136 8 INFO placement.requestlog [None req-8bb1a315-5a17-4b98-878a-2c008a751a70 722125316856415e8f5a2920f8b419ed 43e457da93fa44dc9c0be48541d5c27b - - 6f09b2f7f3854832a771fc27fc2f5e00 6f09b2f7f3854832a771fc27fc2f5e00] 10.0.0.146 "GET /resource_providers/5a0f3728-9bdb-4f47-b073-d26e1f1eb4df/aggregates" status: 404 len: 235 microversion: 1.1 [pid: 8|app: 0|req: 540/1078] 10.0.0.146 () {32 vars in 816 bytes} [Fri Jul 17 19:33:22 2026] GET /resource_providers/5a0f3728-9bdb-4f47-b073-d26e1f1eb4df/aggregates => generated 235 bytes in 12 msecs (HTTP/1.1 404) 5 headers in 202 bytes (1 switches on core 0)
2026-07-17 19:33:22.140 7 INFO placement.requestlog [None req-ade4304b-0aec-4168-8a71-1f59071f4cf8 722125316856415e8f5a2920f8b419ed 43e457da93fa44dc9c0be48541d5c27b - - 6f09b2f7f3854832a771fc27fc2f5e00 6f09b2f7f3854832a771fc27fc2f5e00] 10.0.0.146 "GET /resource_providers/5a0f3728-9bdb-4f47-b073-d26e1f1eb4df/aggregates" status: 404 len: 235 microversion: 1.1 [pid: 7|app: 0|req: 539/1079] 10.0.0.146 () {32 vars in 816 bytes} [Fri Jul 17 19:33:22 2026] GET /resource_providers/5a0f3728-9bdb-4f47-b073-d26e1f1eb4df/aggregates => generated 235 bytes in 9 msecs (HTTP/1.1 404) 5 headers in 202 bytes (1 switches on core 0)
2026-07-17 19:33:22.160 8 INFO placement.requestlog [None req-f4dbd17a-40aa-4dc1-bc9e-c582f9c6c71d 722125316856415e8f5a2920f8b419ed 43e457da93fa44dc9c0be48541d5c27b - - 6f09b2f7f3854832a771fc27fc2f5e00 6f09b2f7f3854832a771fc27fc2f5e00] 10.0.0.146 "DELETE /resource_providers/5a0f3728-9bdb-4f47-b073-d26e1f1eb4df" status: 404 len: 246 microversion: 1.1 [pid: 8|app: 0|req: 541/1080] 10.0.0.146 () {34 vars in 816 bytes} [Fri Jul 17 19:33:22 2026] DELETE /resource_providers/5a0f3728-9bdb-4f47-b073-d26e1f1eb4df => generated 246 bytes in 11 msecs (HTTP/1.1 404) 6 headers in 231 bytes (1 switches on core 0)
2026-07-17 19:33:22.167 7 INFO placement.requestlog [None req-83d1ff8f-2d74-47b6-89f5-6706dfb41a7b 722125316856415e8f5a2920f8b419ed 43e457da93fa44dc9c0be48541d5c27b - - 6f09b2f7f3854832a771fc27fc2f5e00 6f09b2f7f3854832a771fc27fc2f5e00] 10.0.0.146 "DELETE /resource_providers/5a0f3728-9bdb-4f47-b073-d26e1f1eb4df" status: 404 len: 246 microversion: 1.1 [pid: 7|app: 0|req: 540/1081] 10.0.0.146 () {34 vars in 816 bytes} [Fri Jul 17 19:33:22 2026] DELETE /resource_providers/5a0f3728-9bdb-4f47-b073-d26e1f1eb4df => generated 246 bytes in 14 msecs (HTTP/1.1 404) 6 headers in 231 bytes (1 switches on core 0)
2026-07-17 19:33:22.272 8 INFO placement.requestlog [req-9f4bfccf-d008-4555-af2e-6f102d91852a req-d8a89d82-cb4d-4eea-8e51-48e469d0e510 a2296990ef35410398fcb3a314c17e9d 43e457da93fa44dc9c0be48541d5c27b - - 6f09b2f7f3854832a771fc27fc2f5e00 6f09b2f7f3854832a771fc27fc2f5e00] 10.0.0.215 "DELETE /allocations/f7170a8e-9c88-484b-8d98-4192a4d2f47b" status: 404 len: 228 microversion: 1.0 [pid: 8|app: 0|req: 542/1082] 10.0.0.215 () {34 vars in 830 bytes} [Fri Jul 17 19:33:22 2026] DELETE /allocations/f7170a8e-9c88-484b-8d98-4192a4d2f47b => generated 228 bytes in 12 msecs (HTTP/1.1 404) 6 headers in 231 bytes (1 switches on core 0)
2026-07-17 19:33:24.181 7 INFO placement.requestlog [None req-4d1407dc-9bea-46f1-80be-e7c16f8c0d4e 722125316856415e8f5a2920f8b419ed 43e457da93fa44dc9c0be48541d5c27b - - 6f09b2f7f3854832a771fc27fc2f5e00 6f09b2f7f3854832a771fc27fc2f5e00] 10.0.0.146 "GET /resource_providers/116cfca9-3ddb-424e-ae0a-23a4fd444a2c/aggregates" status: 404 len: 235 microversion: 1.1 [pid: 7|app: 0|req: 541/1083] 10.0.0.146 () {32 vars in 816 bytes} [Fri Jul 17 19:33:24 2026] GET /resource_providers/116cfca9-3ddb-424e-ae0a-23a4fd444a2c/aggregates => generated 235 bytes in 12 msecs (HTTP/1.1 404) 5 headers in 202 bytes (1 switches on core 0)
2026-07-17 19:33:24.190 8 INFO placement.requestlog [None req-42ced0b9-1457-4ddf-91ae-f1277a7efc25 722125316856415e8f5a2920f8b419ed 43e457da93fa44dc9c0be48541d5c27b - - 6f09b2f7f3854832a771fc27fc2f5e00 6f09b2f7f3854832a771fc27fc2f5e00] 10.0.0.146 "GET /resource_providers/116cfca9-3ddb-424e-ae0a-23a4fd444a2c/aggregates" status: 404 len: 235 microversion: 1.1 [pid: 8|app: 0|req: 543/1084] 10.0.0.146 () {32 vars in 816 bytes} [Fri Jul 17 19:33:24 2026] GET /resource_providers/116cfca9-3ddb-424e-ae0a-23a4fd444a2c/aggregates => generated 235 bytes in 13 msecs (HTTP/1.1 404) 5 headers in 202 bytes (1 switches on core 0)
2026-07-17 19:33:24.208 7 INFO placement.requestlog [None req-d31343bd-3d3e-429e-943e-c37e190eddfe 722125316856415e8f5a2920f8b419ed 43e457da93fa44dc9c0be48541d5c27b - - 6f09b2f7f3854832a771fc27fc2f5e00 6f09b2f7f3854832a771fc27fc2f5e00] 10.0.0.146 "DELETE /resource_providers/116cfca9-3ddb-424e-ae0a-23a4fd444a2c" status: 404 len: 246 microversion: 1.1 [pid: 7|app: 0|req: 542/1085] 10.0.0.146 () {34 vars in 816 bytes} [Fri Jul 17 19:33:24 2026] DELETE /resource_providers/116cfca9-3ddb-424e-ae0a-23a4fd444a2c => generated 246 bytes in 16 msecs (HTTP/1.1 404) 6 headers in 231 bytes (1 switches on core 0)
2026-07-17 19:33:24.212 8 INFO placement.requestlog [None req-bdf7dc86-0691-4bc4-b266-7e112ce0dd6b 722125316856415e8f5a2920f8b419ed 43e457da93fa44dc9c0be48541d5c27b - - 6f09b2f7f3854832a771fc27fc2f5e00 6f09b2f7f3854832a771fc27fc2f5e00] 10.0.0.146 "DELETE /resource_providers/116cfca9-3ddb-424e-ae0a-23a4fd444a2c" status: 404 len: 246 microversion: 1.1 [pid: 8|app: 0|req: 544/1086] 10.0.0.146 () {34 vars in 816 bytes} [Fri Jul 17 19:33:24 2026] DELETE /resource_providers/116cfca9-3ddb-424e-ae0a-23a4fd444a2c => generated 246 bytes in 14 msecs (HTTP/1.1 404) 6 headers in 231 bytes (1 switches on core 0)
2026-07-17 19:33:24.602 7 INFO placement.requestlog [None req-2b74f179-6347-468c-88b4-2f0a024b1ee7 722125316856415e8f5a2920f8b419ed 43e457da93fa44dc9c0be48541d5c27b - - 6f09b2f7f3854832a771fc27fc2f5e00 6f09b2f7f3854832a771fc27fc2f5e00] 10.0.0.146 "GET /resource_providers/2002a894-f500-4c75-9a61-d2376abf4dc3/aggregates" status: 404 len: 235 microversion: 1.1 [pid: 7|app: 0|req: 543/1087] 10.0.0.146 () {32 vars in 816 bytes} [Fri Jul 17 19:33:24 2026] GET /resource_providers/2002a894-f500-4c75-9a61-d2376abf4dc3/aggregates => generated 235 bytes in 8 msecs (HTTP/1.1 404) 5 headers in 202 bytes (1 switches on core 0)
2026-07-17 19:33:24.611 8 INFO placement.requestlog [None req-f1d236b0-edbf-4468-87ca-454b0390a16b 722125316856415e8f5a2920f8b419ed 43e457da93fa44dc9c0be48541d5c27b - - 6f09b2f7f3854832a771fc27fc2f5e00 6f09b2f7f3854832a771fc27fc2f5e00] 10.0.0.146 "GET /resource_providers/2002a894-f500-4c75-9a61-d2376abf4dc3/aggregates" status: 404 len: 235 microversion: 1.1 [pid: 8|app: 0|req: 545/1088] 10.0.0.146 () {32 vars in 816 bytes} [Fri Jul 17 19:33:24 2026] GET /resource_providers/2002a894-f500-4c75-9a61-d2376abf4dc3/aggregates => generated 235 bytes in 11 msecs (HTTP/1.1 404) 5 headers in 202 bytes (1 switches on core 0)
2026-07-17 19:33:24.617 7 INFO placement.requestlog [None req-c7834224-4cfa-443f-b50c-1b1f87d057a0 722125316856415e8f5a2920f8b419ed 43e457da93fa44dc9c0be48541d5c27b - - 6f09b2f7f3854832a771fc27fc2f5e00 6f09b2f7f3854832a771fc27fc2f5e00] 10.0.0.146 "DELETE /resource_providers/2002a894-f500-4c75-9a61-d2376abf4dc3" status: 404 len: 246 microversion: 1.1 [pid: 7|app: 0|req: 544/1089] 10.0.0.146 () {34 vars in 816 bytes} [Fri Jul 17 19:33:24 2026] DELETE /resource_providers/2002a894-f500-4c75-9a61-d2376abf4dc3 => generated 246 bytes in 8 msecs (HTTP/1.1 404) 6 headers in 231 bytes (1 switches on core 0)
2026-07-17 19:33:24.638 8 INFO placement.requestlog [None req-f1e3eaff-27cc-40cd-b277-96bd715704a9 722125316856415e8f5a2920f8b419ed 43e457da93fa44dc9c0be48541d5c27b - - 6f09b2f7f3854832a771fc27fc2f5e00 6f09b2f7f3854832a771fc27fc2f5e00] 10.0.0.146 "DELETE /resource_providers/2002a894-f500-4c75-9a61-d2376abf4dc3" status: 404 len: 246 microversion: 1.1 [pid: 8|app: 0|req: 546/1090] 10.0.0.146 () {34 vars in 816 bytes} [Fri Jul 17 19:33:24 2026] DELETE /resource_providers/2002a894-f500-4c75-9a61-d2376abf4dc3 => generated 246 bytes in 16 msecs (HTTP/1.1 404) 6 headers in 231 bytes (1 switches on core 0)
