2026-07-22 23:22:53.456 9 INFO neutron.plugins.ml2.plugin [None req-69dd8589-58d1-49cb-925d-00d2618c20ee - - - - - -] Attempt 1 to provision port 2cb7cfd5-43e7-4762-b434-681893606275
2026-07-22 23:22:53.495 10 INFO neutron.plugins.ml2.plugin [None req-d0b2be3d-5ed1-488f-b8df-4c76b401eff8 - - - - - -] Attempt 1 to provision port d7e75606-6a13-49c8-b42c-176243fcd81a
2026-07-22 23:22:54.054 10 INFO neutron.plugins.ml2.plugin [None req-d0b2be3d-5ed1-488f-b8df-4c76b401eff8 - - - - - -] Attempt 1 to provision port ba61fb6f-d024-485a-ae52-c3e7b83e9d3a
2026-07-22 23:22:54.395 10 INFO neutron.plugins.ml2.plugin [None req-d0b2be3d-5ed1-488f-b8df-4c76b401eff8 - - - - - -] Attempt 1 to provision port 5c2649eb-f763-4109-aec4-d9006498ac0e
2026-07-22 23:22:55.012 9 INFO neutron.plugins.ml2.plugin [None req-21c57580-17bd-4c77-ab2d-8b33a2b1c955 - - - - - -] Attempt 1 to provision port d7e75606-6a13-49c8-b42c-176243fcd81a
2026-07-22 23:22:55.465 9 INFO neutron.plugins.ml2.plugin [None req-d0b2be3d-5ed1-488f-b8df-4c76b401eff8 - - - - - -] Attempt 1 to provision port d7e75606-6a13-49c8-b42c-176243fcd81a
2026-07-22 23:22:55.626 10 INFO neutron.plugins.ml2.plugin [None req-7d8d8d8e-5c31-4cfb-a889-dcf89d78614a - - - - - -] Attempt 1 to provision port d7e75606-6a13-49c8-b42c-176243fcd81a
2026-07-22 23:22:56.073 9 INFO neutron.plugins.ml2.plugin [None req-d0b2be3d-5ed1-488f-b8df-4c76b401eff8 - - - - - -] Attempt 1 to provision port ba61fb6f-d024-485a-ae52-c3e7b83e9d3a
2026-07-22 23:22:56.137 10 INFO neutron.plugins.ml2.plugin [None req-8a94f897-ea78-4004-8491-0b6cbbbc6cb1 - - - - - -] Attempt 1 to provision port 106673bb-0297-442a-b84b-2722fe61fe31
2026-07-22 23:22:56.600 9 INFO neutron.plugins.ml2.plugin [None req-d0b2be3d-5ed1-488f-b8df-4c76b401eff8 - - - - - -] Attempt 1 to provision port 5c2649eb-f763-4109-aec4-d9006498ac0e
2026-07-22 23:22:57.425 10 INFO neutron.plugins.ml2.plugin [None req-d0b2be3d-5ed1-488f-b8df-4c76b401eff8 - - - - - -] Attempt 1 to provision port 06e4604c-5fd5-4621-a6f8-e1ccd1672669
2026-07-22 23:22:57.457 9 INFO neutron.plugins.ml2.plugin [None req-93c84502-934b-457e-b277-492c046c118f - - - - - -] Attempt 1 to provision port 106673bb-0297-442a-b84b-2722fe61fe31
2026-07-22 23:22:57.734 10 ERROR oslo_messaging.rpc.server [None req-21ffe943-1dba-49a0-aa6a-4f259025b639 - - - - - -] Exception during message handling: neutron_lib.exceptions.SubnetInUse: Unable to complete operation on subnet 66154b34-862b-429d-9995-a546bbef0902: This subnet is being modified by another concurrent operation.
2026-07-22 23:22:57.734 10 ERROR oslo_messaging.rpc.server
Traceback (most recent call last):
2026-07-22 23:22:57.734 10 ERROR oslo_messaging.rpc.server
File "/var/lib/openstack/lib/python3.10/site-packages/oslo_messaging/rpc/server.py", line 165, in _process_incoming
2026-07-22 23:22:57.734 10 ERROR oslo_messaging.rpc.server res = self.dispatcher.dispatch(message)
2026-07-22 23:22:57.734 10 ERROR oslo_messaging.rpc.server
File "/var/lib/openstack/lib/python3.10/site-packages/oslo_messaging/rpc/dispatcher.py", line 309, in dispatch
2026-07-22 23:22:57.734 10 ERROR oslo_messaging.rpc.server return self._do_dispatch(endpoint, method, ctxt, args)
2026-07-22 23:22:57.734 10 ERROR oslo_messaging.rpc.server
File "/var/lib/openstack/lib/python3.10/site-packages/oslo_messaging/rpc/dispatcher.py", line 229, in _do_dispatch
2026-07-22 23:22:57.734 10 ERROR oslo_messaging.rpc.server result = func(ctxt, **new_args)
2026-07-22 23:22:57.734 10 ERROR oslo_messaging.rpc.server
File "/var/lib/openstack/lib/python3.10/site-packages/oslo_messaging/rpc/server.py", line 241, in inner
2026-07-22 23:22:57.734 10 ERROR oslo_messaging.rpc.server return func(*args, **kwargs)
2026-07-22 23:22:57.734 10 ERROR oslo_messaging.rpc.server
File "/var/lib/openstack/lib/python3.10/site-packages/neutron_lib/db/api.py", line 140, in wrapped
2026-07-22 23:22:57.734 10 ERROR oslo_messaging.rpc.server with excutils.save_and_reraise_exception():
2026-07-22 23:22:57.734 10 ERROR oslo_messaging.rpc.server
File "/var/lib/openstack/lib/python3.10/site-packages/oslo_utils/excutils.py", line 227, in __exit__
2026-07-22 23:22:57.734 10 ERROR oslo_messaging.rpc.server self.force_reraise()
2026-07-22 23:22:57.734 10 ERROR oslo_messaging.rpc.server
File "/var/lib/openstack/lib/python3.10/site-packages/oslo_utils/excutils.py", line 200, in force_reraise
2026-07-22 23:22:57.734 10 ERROR oslo_messaging.rpc.server raise self.value
2026-07-22 23:22:57.734 10 ERROR oslo_messaging.rpc.server
File "/var/lib/openstack/lib/python3.10/site-packages/neutron_lib/db/api.py", line 138, in wrapped
2026-07-22 23:22:57.734 10 ERROR oslo_messaging.rpc.server return f(*args, **kwargs)
2026-07-22 23:22:57.734 10 ERROR oslo_messaging.rpc.server
File "/var/lib/openstack/lib/python3.10/site-packages/oslo_db/api.py", line 144, in wrapper
2026-07-22 23:22:57.734 10 ERROR oslo_messaging.rpc.server with excutils.save_and_reraise_exception() as ectxt:
2026-07-22 23:22:57.734 10 ERROR oslo_messaging.rpc.server
File "/var/lib/openstack/lib/python3.10/site-packages/oslo_utils/excutils.py", line 227, in __exit__
2026-07-22 23:22:57.734 10 ERROR oslo_messaging.rpc.server self.force_reraise()
2026-07-22 23:22:57.734 10 ERROR oslo_messaging.rpc.server
File "/var/lib/openstack/lib/python3.10/site-packages/oslo_utils/excutils.py", line 200, in force_reraise
2026-07-22 23:22:57.734 10 ERROR oslo_messaging.rpc.server raise self.value
2026-07-22 23:22:57.734 10 ERROR oslo_messaging.rpc.server
File "/var/lib/openstack/lib/python3.10/site-packages/oslo_db/api.py", line 142, in wrapper
2026-07-22 23:22:57.734 10 ERROR oslo_messaging.rpc.server return f(*args, **kwargs)
2026-07-22 23:22:57.734 10 ERROR oslo_messaging.rpc.server
File "/var/lib/openstack/lib/python3.10/site-packages/neutron_lib/db/api.py", line 186, in wrapped
2026-07-22 23:22:57.734 10 ERROR oslo_messaging.rpc.server with excutils.save_and_reraise_exception():
2026-07-22 23:22:57.734 10 ERROR oslo_messaging.rpc.server
File "/var/lib/openstack/lib/python3.10/site-packages/oslo_utils/excutils.py", line 227, in __exit__
2026-07-22 23:22:57.734 10 ERROR oslo_messaging.rpc.server self.force_reraise()
2026-07-22 23:22:57.734 10 ERROR oslo_messaging.rpc.server
File "/var/lib/openstack/lib/python3.10/site-packages/oslo_utils/excutils.py", line 200, in force_reraise
2026-07-22 23:22:57.734 10 ERROR oslo_messaging.rpc.server raise self.value
2026-07-22 23:22:57.734 10 ERROR oslo_messaging.rpc.server
File "/var/lib/openstack/lib/python3.10/site-packages/neutron_lib/db/api.py", line 184, in wrapped
2026-07-22 23:22:57.734 10 ERROR oslo_messaging.rpc.server return f(*dup_args, **dup_kwargs)
2026-07-22 23:22:57.734 10 ERROR oslo_messaging.rpc.server
File "/var/lib/openstack/lib/python3.10/site-packages/neutron/quota/resource_registry.py", line 95, in wrapper
2026-07-22 23:22:57.734 10 ERROR oslo_messaging.rpc.server ret_val = f(_self, context, *args, **kwargs)
2026-07-22 23:22:57.734 10 ERROR oslo_messaging.rpc.server
File "/var/lib/openstack/lib/python3.10/site-packages/neutron/api/rpc/handlers/dhcp_rpc.py", line 292, in create_dhcp_port
2026-07-22 23:22:57.734 10 ERROR oslo_messaging.rpc.server return self._port_action(plugin, context, port, 'create_port')
2026-07-22 23:22:57.734 10 ERROR oslo_messaging.rpc.server
File "/var/lib/openstack/lib/python3.10/site-packages/neutron/api/rpc/handlers/dhcp_rpc.py", line 118, in _port_action
2026-07-22 23:22:57.734 10 ERROR oslo_messaging.rpc.server return p_utils.create_port(plugin, context, port)
2026-07-22 23:22:57.734 10 ERROR oslo_messaging.rpc.server
File "/var/lib/openstack/lib/python3.10/site-packages/neutron_lib/plugins/utils.py", line 337, in create_port
2026-07-22 23:22:57.734 10 ERROR oslo_messaging.rpc.server return core_plugin.create_port(
2026-07-22 23:22:57.734 10 ERROR oslo_messaging.rpc.server
File "/var/lib/openstack/lib/python3.10/site-packages/neutron/common/utils.py", line 707, in inner
2026-07-22 23:22:57.734 10 ERROR oslo_messaging.rpc.server return f(*args, **kwargs)
2026-07-22 23:22:57.734 10 ERROR oslo_messaging.rpc.server
File "/var/lib/openstack/lib/python3.10/site-packages/neutron_lib/db/api.py", line 226, in wrapped
2026-07-22 23:22:57.734 10 ERROR oslo_messaging.rpc.server return f_with_retry(*args, **kwargs,
2026-07-22 23:22:57.734 10 ERROR oslo_messaging.rpc.server
File "/var/lib/openstack/lib/python3.10/site-packages/neutron_lib/db/api.py", line 140, in wrapped
2026-07-22 23:22:57.734 10 ERROR oslo_messaging.rpc.server with excutils.save_and_reraise_exception():
2026-07-22 23:22:57.734 10 ERROR oslo_messaging.rpc.server
File "/var/lib/openstack/lib/python3.10/site-packages/oslo_utils/excutils.py", line 227, in __exit__
2026-07-22 23:22:57.734 10 ERROR oslo_messaging.rpc.server self.force_reraise()
2026-07-22 23:22:57.734 10 ERROR oslo_messaging.rpc.server
File "/var/lib/openstack/lib/python3.10/site-packages/oslo_utils/excutils.py", line 200, in force_reraise
2026-07-22 23:22:57.734 10 ERROR oslo_messaging.rpc.server raise self.value
2026-07-22 23:22:57.734 10 ERROR oslo_messaging.rpc.server
File "/var/lib/openstack/lib/python3.10/site-packages/neutron_lib/db/api.py", line 138, in wrapped
2026-07-22 23:22:57.734 10 ERROR oslo_messaging.rpc.server return f(*args, **kwargs)
2026-07-22 23:22:57.734 10 ERROR oslo_messaging.rpc.server
File "/var/lib/openstack/lib/python3.10/site-packages/oslo_db/api.py", line 144, in wrapper
2026-07-22 23:22:57.734 10 ERROR oslo_messaging.rpc.server with excutils.save_and_reraise_exception() as ectxt:
2026-07-22 23:22:57.734 10 ERROR oslo_messaging.rpc.server
File "/var/lib/openstack/lib/python3.10/site-packages/oslo_utils/excutils.py", line 227, in __exit__
2026-07-22 23:22:57.734 10 ERROR oslo_messaging.rpc.server self.force_reraise()
2026-07-22 23:22:57.734 10 ERROR oslo_messaging.rpc.server
File "/var/lib/openstack/lib/python3.10/site-packages/oslo_utils/excutils.py", line 200, in force_reraise
2026-07-22 23:22:57.734 10 ERROR oslo_messaging.rpc.server raise self.value
2026-07-22 23:22:57.734 10 ERROR oslo_messaging.rpc.server
File "/var/lib/openstack/lib/python3.10/site-packages/oslo_db/api.py", line 142, in wrapper
2026-07-22 23:22:57.734 10 ERROR oslo_messaging.rpc.server return f(*args, **kwargs)
2026-07-22 23:22:57.734 10 ERROR oslo_messaging.rpc.server
File "/var/lib/openstack/lib/python3.10/site-packages/neutron_lib/db/api.py", line 186, in wrapped
2026-07-22 23:22:57.734 10 ERROR oslo_messaging.rpc.server with excutils.save_and_reraise_exception():
2026-07-22 23:22:57.734 10 ERROR oslo_messaging.rpc.server
File "/var/lib/openstack/lib/python3.10/site-packages/oslo_utils/excutils.py", line 227, in __exit__
2026-07-22 23:22:57.734 10 ERROR oslo_messaging.rpc.server self.force_reraise()
2026-07-22 23:22:57.734 10 ERROR oslo_messaging.rpc.server
File "/var/lib/openstack/lib/python3.10/site-packages/oslo_utils/excutils.py", line 200, in force_reraise
2026-07-22 23:22:57.734 10 ERROR oslo_messaging.rpc.server raise self.value
2026-07-22 23:22:57.734 10 ERROR oslo_messaging.rpc.server
File "/var/lib/openstack/lib/python3.10/site-packages/neutron_lib/db/api.py", line 184, in wrapped
2026-07-22 23:22:57.734 10 ERROR oslo_messaging.rpc.server return f(*dup_args, **dup_kwargs)
2026-07-22 23:22:57.734 10 ERROR oslo_messaging.rpc.server
File "/var/lib/openstack/lib/python3.10/site-packages/neutron/plugins/ml2/plugin.py", line 1579, in create_port
2026-07-22 23:22:57.734 10 ERROR oslo_messaging.rpc.server result, mech_context = self._create_port_db(context, port)
2026-07-22 23:22:57.734 10 ERROR oslo_messaging.rpc.server
File "/var/lib/openstack/lib/python3.10/site-packages/neutron/plugins/ml2/plugin.py", line 1544, in _create_port_db
2026-07-22 23:22:57.734 10 ERROR oslo_messaging.rpc.server port_db = self.create_port_db(context, port)
2026-07-22 23:22:57.734 10 ERROR oslo_messaging.rpc.server
File "/var/lib/openstack/lib/python3.10/site-packages/neutron/db/db_base_plugin_v2.py", line 1491, in create_port_db
2026-07-22 23:22:57.734 10 ERROR oslo_messaging.rpc.server self.ipam.allocate_ips_for_port_and_store(
2026-07-22 23:22:57.734 10 ERROR oslo_messaging.rpc.server
File "/var/lib/openstack/lib/python3.10/site-packages/neutron/db/ipam_pluggable_backend.py", line 219, in allocate_ips_for_port_and_store
2026-07-22 23:22:57.734 10 ERROR oslo_messaging.rpc.server ips = self.allocate_ips_for_port(context, port_copy)
2026-07-22 23:22:57.734 10 ERROR oslo_messaging.rpc.server
File "/var/lib/openstack/lib/python3.10/site-packages/neutron_lib/db/api.py", line 224, in wrapped
2026-07-22 23:22:57.734 10 ERROR oslo_messaging.rpc.server return f(*args, **kwargs)
2026-07-22 23:22:57.734 10 ERROR oslo_messaging.rpc.server
File "/var/lib/openstack/lib/python3.10/site-packages/oslo_db/sqlalchemy/enginefacade.py", line 1010, in wrapper
2026-07-22 23:22:57.734 10 ERROR oslo_messaging.rpc.server return fn(*args, **kwargs)
2026-07-22 23:22:57.734 10 ERROR oslo_messaging.rpc.server
File "/var/lib/openstack/lib/python3.10/site-packages/neutron/db/ipam_pluggable_backend.py", line 226, in allocate_ips_for_port
2026-07-22 23:22:57.734 10 ERROR oslo_messaging.rpc.server return self._allocate_ips_for_port(context, port)
2026-07-22 23:22:57.734 10 ERROR oslo_messaging.rpc.server
File "/var/lib/openstack/lib/python3.10/site-packages/neutron/db/ipam_pluggable_backend.py", line 258, in _allocate_ips_for_port
2026-07-22 23:22:57.734 10 ERROR oslo_messaging.rpc.server subnets = self._ipam_get_subnets(
2026-07-22 23:22:57.734 10 ERROR oslo_messaging.rpc.server
File "/var/lib/openstack/lib/python3.10/site-packages/neutron/db/ipam_backend_mixin.py", line 686, in _ipam_get_subnets
2026-07-22 23:22:57.734 10 ERROR oslo_messaging.rpc.server subnet.read_lock_register(
2026-07-22 23:22:57.734 10 ERROR oslo_messaging.rpc.server
File "/var/lib/openstack/lib/python3.10/site-packages/neutron/db/models_v2.py", line 81, in read_lock_register
2026-07-22 23:22:57.734 10 ERROR oslo_messaging.rpc.server raise exception
2026-07-22 23:22:57.734 10 ERROR oslo_messaging.rpc.server neutron_lib.exceptions.SubnetInUse: Unable to complete operation on subnet 66154b34-862b-429d-9995-a546bbef0902: This subnet is being modified by another concurrent operation.
2026-07-22 23:22:57.734 10 ERROR oslo_messaging.rpc.server 
2026-07-22 23:22:59.399 10 INFO neutron.plugins.ml2.plugin [None req-d0b2be3d-5ed1-488f-b8df-4c76b401eff8 - - - - - -] Attempt 1 to provision port 06e4604c-5fd5-4621-a6f8-e1ccd1672669
2026-07-22 23:23:01.501 9 INFO neutron.plugins.ml2.plugin [None req-d0b2be3d-5ed1-488f-b8df-4c76b401eff8 - - - - - -] Attempt 1 to provision port 224938be-a446-44a1-baf4-cb06686cbe91
2026-07-22 23:23:03.078 9 INFO neutron.plugins.ml2.plugin [None req-6ac6d37e-938a-4835-9ded-9a473e70447c - - - - - -] Attempt 1 to provision port 224938be-a446-44a1-baf4-cb06686cbe91
2026-07-22 23:23:03.303 10 INFO neutron.plugins.ml2.plugin [None req-55a242fe-7f46-4e81-b7ae-795e79713a72 - - - - - -] Attempt 1 to provision port cbf79759-4d6c-4bf5-98c3-217bab926d75
2026-07-22 23:23:03.461 9 INFO neutron.plugins.ml2.plugin [None req-d0b2be3d-5ed1-488f-b8df-4c76b401eff8 - - - - - -] Attempt 1 to provision port 224938be-a446-44a1-baf4-cb06686cbe91
2026-07-22 23:23:03.677 9 INFO neutron.plugins.ml2.plugin [None req-920acefd-232e-409a-a0d4-42258e2f366e - - - - - -] Attempt 1 to provision port 224938be-a446-44a1-baf4-cb06686cbe91
2026-07-22 23:23:04.055 10 INFO neutron.plugins.ml2.plugin [None req-649419aa-357f-44ff-9e40-65919f03cff9 - - - - - -] Attempt 1 to provision port 289fd594-29e3-4d72-9d3e-4112e3612732
2026-07-22 23:23:04.093 10 INFO neutron.plugins.ml2.plugin [None req-649419aa-357f-44ff-9e40-65919f03cff9 - - - - - -] Attempt 1 to provision port 224938be-a446-44a1-baf4-cb06686cbe91
2026-07-22 23:23:04.285 10 INFO neutron.plugins.ml2.plugin [None req-a9b8db53-e26a-4276-ae51-8f776c2893a3 - - - - - -] Attempt 1 to provision port 289fd594-29e3-4d72-9d3e-4112e3612732
2026-07-22 23:23:04.538 9 INFO neutron.plugins.ml2.plugin [None req-eb2d830d-3af9-4343-9ded-1b8eb37ac48b - - - - - -] Attempt 1 to provision port 289fd594-29e3-4d72-9d3e-4112e3612732
2026-07-22 23:23:05.415 10 INFO neutron.plugins.ml2.plugin [None req-d0b2be3d-5ed1-488f-b8df-4c76b401eff8 - - - - - -] Attempt 1 to provision port 2b063405-5de9-430f-bcc0-77861ed84389
2026-07-22 23:23:07.402 9 INFO neutron.plugins.ml2.plugin [None req-d0b2be3d-5ed1-488f-b8df-4c76b401eff8 - - - - - -] Attempt 1 to provision port 2b063405-5de9-430f-bcc0-77861ed84389
2026-07-22 23:23:08.419 10 INFO neutron.plugins.ml2.plugin [None req-ca51c3a4-6fc7-4cc5-bb7c-b4d50d8a4667 - - - - - -] Attempt 1 to provision port 8ed27088-5ebc-4e5c-bd5e-6f5b26a5a622
2026-07-22 23:23:11.389 10 INFO neutron.plugins.ml2.plugin [None req-c091be96-da33-43fd-b7ac-a51e30e20561 - - - - - -] Attempt 1 to provision port 4ffc9554-6aeb-474f-9981-e40bdc026794
2026-07-22 23:23:11.486 9 INFO neutron.plugins.ml2.plugin [None req-d0b2be3d-5ed1-488f-b8df-4c76b401eff8 - - - - - -] Attempt 1 to provision port 8ed27088-5ebc-4e5c-bd5e-6f5b26a5a622
2026-07-22 23:23:11.600 9 INFO neutron.notifiers.nova [-] Nova event matching ['req-72abf40a-8aba-4777-978c-08bc8747ca41'] response: {'server_uuid': '279a2483-26b2-4dde-974d-161b3924e86e', 'name': 'network-vif-plugged', 'status': 'completed', 'tag': '8ed27088-5ebc-4e5c-bd5e-6f5b26a5a622', 'code': 200}
2026-07-22 23:23:13.591 10 INFO neutron.plugins.ml2.plugin [None req-d0b2be3d-5ed1-488f-b8df-4c76b401eff8 - - - - - -] Attempt 1 to provision port 2cb7cfd5-43e7-4762-b434-681893606275
2026-07-22 23:23:14.071 10 INFO neutron.plugins.ml2.plugin [None req-d0b2be3d-5ed1-488f-b8df-4c76b401eff8 - - - - - -] Attempt 1 to provision port 4ffc9554-6aeb-474f-9981-e40bdc026794
2026-07-22 23:23:14.184 10 INFO neutron.notifiers.nova [-] Nova event matching ['req-cb629f3d-9fef-4624-b03b-e5337f1b9a9c'] response: {'server_uuid': '1713ff6c-d171-4b99-96c9-491d8d53d5f9', 'name': 'network-vif-plugged', 'status': 'completed', 'tag': '4ffc9554-6aeb-474f-9981-e40bdc026794', 'code': 200}
2026-07-22 23:23:14.651 10 INFO neutron.plugins.ml2.plugin [None req-d0b2be3d-5ed1-488f-b8df-4c76b401eff8 - - - - - -] Attempt 1 to provision port 106673bb-0297-442a-b84b-2722fe61fe31
2026-07-22 23:23:15.196 10 INFO neutron.plugins.ml2.plugin [None req-d0b2be3d-5ed1-488f-b8df-4c76b401eff8 - - - - - -] Attempt 1 to provision port 8ed27088-5ebc-4e5c-bd5e-6f5b26a5a622
2026-07-22 23:23:15.869 9 INFO neutron.plugins.ml2.plugin [None req-d0b2be3d-5ed1-488f-b8df-4c76b401eff8 - - - - - -] Attempt 1 to provision port 4ffc9554-6aeb-474f-9981-e40bdc026794
2026-07-22 23:23:16.323 9 INFO neutron.plugins.ml2.plugin [None req-d0b2be3d-5ed1-488f-b8df-4c76b401eff8 - - - - - -] Attempt 1 to provision port 106673bb-0297-442a-b84b-2722fe61fe31
2026-07-22 23:23:16.608 9 INFO neutron.plugins.ml2.plugin [None req-d0b2be3d-5ed1-488f-b8df-4c76b401eff8 - - - - - -] Attempt 1 to provision port 2cb7cfd5-43e7-4762-b434-681893606275
2026-07-22 23:23:22.003 9 INFO neutron.plugins.ml2.plugin [None req-d0b2be3d-5ed1-488f-b8df-4c76b401eff8 - - - - - -] Attempt 1 to provision port 289fd594-29e3-4d72-9d3e-4112e3612732
2026-07-22 23:23:22.376 9 INFO neutron.plugins.ml2.plugin [None req-d0b2be3d-5ed1-488f-b8df-4c76b401eff8 - - - - - -] Attempt 1 to provision port 04ddd72b-efb7-47b8-985f-531de692ebff
2026-07-22 23:23:23.034 9 INFO neutron.plugins.ml2.plugin [None req-d0b2be3d-5ed1-488f-b8df-4c76b401eff8 - - - - - -] Attempt 1 to provision port cbf79759-4d6c-4bf5-98c3-217bab926d75
2026-07-22 23:23:23.973 9 INFO neutron.plugins.ml2.plugin [None req-d0b2be3d-5ed1-488f-b8df-4c76b401eff8 - - - - - -] Attempt 1 to provision port 04ddd72b-efb7-47b8-985f-531de692ebff
2026-07-22 23:23:24.047 9 INFO neutron.plugins.ml2.plugin [None req-5b2207bf-df3d-4742-a9ff-e24d8f33711b - - - - - -] Attempt 1 to provision port 04ddd72b-efb7-47b8-985f-531de692ebff
2026-07-22 23:23:24.477 10 INFO neutron.plugins.ml2.plugin [None req-084f4721-ec5e-4f87-8998-b25d41300788 - - - - - -] Attempt 1 to provision port e5255f0c-b832-4cd3-9263-12dedf6a9a47
2026-07-22 23:23:24.496 9 INFO neutron.plugins.ml2.plugin [None req-d0b2be3d-5ed1-488f-b8df-4c76b401eff8 - - - - - -] Attempt 1 to provision port cbf79759-4d6c-4bf5-98c3-217bab926d75
2026-07-22 23:23:24.772 9 INFO neutron.plugins.ml2.plugin [None req-d0b2be3d-5ed1-488f-b8df-4c76b401eff8 - - - - - -] Attempt 1 to provision port 289fd594-29e3-4d72-9d3e-4112e3612732
2026-07-22 23:23:24.893 9 INFO neutron.plugins.ml2.plugin [None req-e87116cf-5110-4dd2-bf1d-7d91952eed39 - - - - - -] Attempt 1 to provision port 04ddd72b-efb7-47b8-985f-531de692ebff
2026-07-22 23:23:25.112 10 INFO neutron.plugins.ml2.plugin [None req-5e19b232-42f9-4692-a3c7-af643ee0262b - - - - - -] Attempt 1 to provision port e5255f0c-b832-4cd3-9263-12dedf6a9a47
2026-07-22 23:23:25.136 9 INFO neutron.plugins.ml2.plugin [None req-d0b2be3d-5ed1-488f-b8df-4c76b401eff8 - - - - - -] Attempt 1 to provision port e5255f0c-b832-4cd3-9263-12dedf6a9a47
2026-07-22 23:23:25.541 9 INFO neutron.plugins.ml2.plugin [None req-d0b2be3d-5ed1-488f-b8df-4c76b401eff8 - - - - - -] Attempt 1 to provision port 61675109-b29f-44d7-8f59-bf81c5e90a08
2026-07-22 23:23:25.624 9 INFO neutron.plugins.ml2.plugin [None req-a4b2b0e5-e8a0-43eb-8c63-a1c6123e8175 - - - - - -] Attempt 1 to provision port 61675109-b29f-44d7-8f59-bf81c5e90a08
2026-07-22 23:23:26.258 9 INFO neutron.plugins.ml2.plugin [None req-7dd7ecc3-2f10-455c-8f8a-78e898d01503 - - - - - -] Attempt 1 to provision port db2f8546-7fa5-490b-ac80-15c319023fa2
2026-07-22 23:23:26.523 9 INFO neutron.plugins.ml2.plugin [None req-d0b2be3d-5ed1-488f-b8df-4c76b401eff8 - - - - - -] Attempt 1 to provision port 61675109-b29f-44d7-8f59-bf81c5e90a08
2026-07-22 23:23:26.585 9 INFO neutron.plugins.ml2.plugin [None req-7dd7ecc3-2f10-455c-8f8a-78e898d01503 - - - - - -] Attempt 1 to provision port 61675109-b29f-44d7-8f59-bf81c5e90a08
2026-07-22 23:23:26.786 10 INFO neutron.plugins.ml2.plugin [None req-7b5df3d7-c5b2-4cfe-ae13-5b897dcc774c - - - - - -] Attempt 1 to provision port db2f8546-7fa5-490b-ac80-15c319023fa2
2026-07-22 23:23:26.888 9 INFO neutron.plugins.ml2.plugin [None req-d0b2be3d-5ed1-488f-b8df-4c76b401eff8 - - - - - -] Attempt 1 to provision port db2f8546-7fa5-490b-ac80-15c319023fa2
2026-07-22 23:23:27.181 9 INFO neutron.plugins.ml2.plugin [None req-ff5c0093-e48c-40c3-8c96-1f6ae518a413 - - - - - -] Attempt 1 to provision port 64b9e160-f31d-481c-b2aa-eeb3867f5258
2026-07-22 23:23:27.235 9 INFO neutron.plugins.ml2.plugin [None req-d0b2be3d-5ed1-488f-b8df-4c76b401eff8 - - - - - -] Attempt 1 to provision port 64b9e160-f31d-481c-b2aa-eeb3867f5258
2026-07-22 23:23:28.871 9 INFO neutron.notifiers.nova [-] Nova event matching ['req-fc8e5163-09c8-499c-95df-80ac845d4be5'] response: {'server_uuid': '1713ff6c-d171-4b99-96c9-491d8d53d5f9', 'name': 'network-vif-unplugged', 'status': 'completed', 'tag': '4ffc9554-6aeb-474f-9981-e40bdc026794', 'code': 200} /var/lib/openstack/lib/python3.10/site-packages/oslo_db/sqlalchemy/enginefacade.py:676: SAWarning: DELETE statement on table 'portsecuritybindings' expected to delete 1 row(s); 0 were matched. Please set confirm_deleted_rows=False within the mapper configuration to prevent this warning. self.session.flush() /var/lib/openstack/lib/python3.10/site-packages/oslo_db/sqlalchemy/enginefacade.py:676: SAWarning: DELETE statement on table 'ml2_port_bindings' expected to delete 1 row(s); 0 were matched. Please set confirm_deleted_rows=False within the mapper configuration to prevent this warning. self.session.flush() /var/lib/openstack/lib/python3.10/site-packages/oslo_db/sqlalchemy/enginefacade.py:676: SAWarning: DELETE statement on table 'ml2_port_binding_levels' expected to delete 1 row(s); 0 were matched. Please set confirm_deleted_rows=False within the mapper configuration to prevent this warning. self.session.flush() /var/lib/openstack/lib/python3.10/site-packages/oslo_db/sqlalchemy/enginefacade.py:676: SAWarning: DELETE statement on table 'ports' expected to delete 1 row(s); 0 were matched. Please set confirm_deleted_rows=False within the mapper configuration to prevent this warning. self.session.flush()
2026-07-22 23:23:54.562 9 INFO neutron.plugins.ml2.plugin [None req-d0b2be3d-5ed1-488f-b8df-4c76b401eff8 - - - - - -] Attempt 1 to provision port d7d5eb43-98cd-41fb-a2e8-0ca4282c6b0d
2026-07-22 23:24:18.595 10 INFO neutron.plugins.ml2.plugin [None req-d0b2be3d-5ed1-488f-b8df-4c76b401eff8 - - - - - -] Attempt 1 to provision port fdf18dcc-9a3d-4b4c-badc-68207150352b
2026-07-22 23:24:18.687 10 INFO neutron.plugins.ml2.plugin [None req-372350e7-4096-4005-9162-b3c4b966e505 - - - - - -] Attempt 1 to provision port 62568ff9-41ad-4033-af24-c3e90e6a039d
2026-07-22 23:24:19.326 10 INFO neutron.plugins.ml2.plugin [None req-d0b2be3d-5ed1-488f-b8df-4c76b401eff8 - - - - - -] Attempt 1 to provision port 62568ff9-41ad-4033-af24-c3e90e6a039d
2026-07-22 23:24:19.811 9 INFO neutron.plugins.ml2.plugin [None req-bba1d0a6-8dbb-4994-860c-7721cab856e9 - - - - - -] Attempt 1 to provision port 62568ff9-41ad-4033-af24-c3e90e6a039d
2026-07-22 23:24:20.295 10 INFO neutron.plugins.ml2.plugin [None req-8e629403-df6e-461e-b3cf-56cd36e58b38 - - - - - -] Attempt 1 to provision port 62568ff9-41ad-4033-af24-c3e90e6a039d
2026-07-22 23:24:20.483 9 INFO neutron.plugins.ml2.plugin [None req-eb82b723-434c-4956-add0-d259fc5fdd9e - - - - - -] Attempt 1 to provision port fdf18dcc-9a3d-4b4c-badc-68207150352b
2026-07-22 23:24:20.674 9 INFO neutron.plugins.ml2.plugin [None req-112ae36e-ef05-4cb6-98d3-b7511cd3c73a - - - - - -] Attempt 1 to provision port 04c91da0-34a6-4614-9b0d-53e75c39faa6
2026-07-22 23:24:20.689 10 INFO neutron.plugins.ml2.plugin [None req-d0b2be3d-5ed1-488f-b8df-4c76b401eff8 - - - - - -] Attempt 1 to provision port 1f9497bd-af4b-4992-a701-a5a15dc15f88
2026-07-22 23:24:21.234 10 INFO neutron.plugins.ml2.plugin [None req-d0b2be3d-5ed1-488f-b8df-4c76b401eff8 - - - - - -] Attempt 1 to provision port fdf18dcc-9a3d-4b4c-badc-68207150352b
2026-07-22 23:24:21.434 9 INFO neutron.plugins.ml2.plugin [None req-1ebba630-ad28-4cbe-8799-2563e4a12848 - - - - - -] Attempt 1 to provision port fdf18dcc-9a3d-4b4c-badc-68207150352b
2026-07-22 23:24:21.632 10 INFO neutron.plugins.ml2.plugin [None req-d0b2be3d-5ed1-488f-b8df-4c76b401eff8 - - - - - -] Attempt 1 to provision port 62568ff9-41ad-4033-af24-c3e90e6a039d
2026-07-22 23:24:21.815 9 INFO neutron.plugins.ml2.plugin [None req-aac7f2de-88dd-439a-baf1-9d8a31fd5c96 - - - - - -] Attempt 1 to provision port fdf18dcc-9a3d-4b4c-badc-68207150352b
2026-07-22 23:24:21.876 9 INFO neutron.plugins.ml2.plugin [None req-aac7f2de-88dd-439a-baf1-9d8a31fd5c96 - - - - - -] Attempt 1 to provision port 1f9497bd-af4b-4992-a701-a5a15dc15f88
2026-07-22 23:24:22.574 10 INFO neutron.plugins.ml2.plugin [None req-d0b2be3d-5ed1-488f-b8df-4c76b401eff8 - - - - - -] Attempt 1 to provision port 1f9497bd-af4b-4992-a701-a5a15dc15f88
2026-07-22 23:24:22.948 10 INFO neutron.plugins.ml2.plugin [None req-d0b2be3d-5ed1-488f-b8df-4c76b401eff8 - - - - - -] Attempt 1 to provision port fdf18dcc-9a3d-4b4c-badc-68207150352b
2026-07-22 23:24:23.058 9 INFO neutron.plugins.ml2.plugin [None req-b602e275-5147-4861-9289-98836269d8d8 - - - - - -] Attempt 1 to provision port 1f9497bd-af4b-4992-a701-a5a15dc15f88
2026-07-22 23:24:23.252 9 INFO neutron.plugins.ml2.plugin [None req-e1ccf4fd-c372-453a-8f8d-c52f7bb9257a - - - - - -] Attempt 1 to provision port f6db9fcf-013c-42d2-a5a8-f1aea21d6aa2
2026-07-22 23:24:23.702 10 INFO neutron.plugins.ml2.plugin [None req-8d74fd40-b92e-4cf7-8b6f-9971ee8c6e91 - - - - - -] Attempt 1 to provision port 1f9497bd-af4b-4992-a701-a5a15dc15f88
2026-07-22 23:24:24.082 9 INFO neutron.plugins.ml2.plugin [None req-6171bb6c-65f7-42c0-9c73-2c6ca6b28b9a - - - - - -] Attempt 1 to provision port f6db9fcf-013c-42d2-a5a8-f1aea21d6aa2
2026-07-22 23:24:24.618 10 INFO neutron.plugins.ml2.plugin [None req-d0b2be3d-5ed1-488f-b8df-4c76b401eff8 - - - - - -] Attempt 1 to provision port 1f9497bd-af4b-4992-a701-a5a15dc15f88
2026-07-22 23:24:24.888 10 INFO neutron.plugins.ml2.plugin [None req-d0b2be3d-5ed1-488f-b8df-4c76b401eff8 - - - - - -] Attempt 1 to provision port 7e415438-bc82-4f47-a90a-f0f9d4257876
2026-07-22 23:24:25.046 9 INFO neutron.plugins.ml2.plugin [None req-437e5ab1-14ec-4acc-8e45-31480b9b383f - - - - - -] Attempt 1 to provision port 21542855-5983-4316-8b9f-7c112939e228
2026-07-22 23:24:25.809 10 INFO neutron.plugins.ml2.plugin [None req-d20828c0-d2e3-4c9c-9a7c-82eb7f62b2dc - - - - - -] Attempt 1 to provision port 21542855-5983-4316-8b9f-7c112939e228
2026-07-22 23:24:26.561 9 INFO neutron.plugins.ml2.plugin [None req-d0b2be3d-5ed1-488f-b8df-4c76b401eff8 - - - - - -] Attempt 1 to provision port 7e415438-bc82-4f47-a90a-f0f9d4257876
2026-07-22 23:24:27.425 10 INFO neutron.plugins.ml2.plugin [None req-1309abbd-daf7-4fd4-b714-f06e0805bdda - - - - - -] Attempt 1 to provision port 066cd3eb-85ce-4fad-b859-e9f1854e7141
2026-07-22 23:24:28.277 9 INFO neutron.plugins.ml2.plugin [None req-a3b3f43a-22e7-4ce8-a2af-cee0a7beb6a7 - - - - - -] Attempt 1 to provision port 066cd3eb-85ce-4fad-b859-e9f1854e7141
2026-07-22 23:24:32.855 10 INFO neutron.plugins.ml2.plugin [None req-847189d2-acef-4739-a249-80b6ad8b0cfe - - - - - -] Attempt 1 to provision port 327c5140-f37a-4d92-b6bf-295203d7b749
2026-07-22 23:24:34.646 10 INFO neutron.plugins.ml2.plugin [None req-d0b2be3d-5ed1-488f-b8df-4c76b401eff8 - - - - - -] Attempt 1 to provision port 327c5140-f37a-4d92-b6bf-295203d7b749
2026-07-22 23:24:34.759 10 INFO neutron.notifiers.nova [-] Nova event matching ['req-d291ae31-74b4-4e57-8d13-a5b3d1110ad1'] response: {'server_uuid': '6bb41ba7-9469-492d-941b-7152a116686b', 'name': 'network-vif-plugged', 'status': 'completed', 'tag': '327c5140-f37a-4d92-b6bf-295203d7b749', 'code': 200}
2026-07-22 23:24:36.631 9 INFO neutron.plugins.ml2.plugin [None req-d0b2be3d-5ed1-488f-b8df-4c76b401eff8 - - - - - -] Attempt 1 to provision port 327c5140-f37a-4d92-b6bf-295203d7b749
2026-07-22 23:24:42.711 9 INFO neutron.plugins.ml2.plugin [None req-d0b2be3d-5ed1-488f-b8df-4c76b401eff8 - - - - - -] Attempt 1 to provision port 24135221-178e-4eff-94c3-298f71f208c1
2026-07-22 23:24:42.821 9 INFO neutron.notifiers.nova [-] Nova event matching ['req-094e0ca6-548f-46aa-9484-3ae7aede9534'] response: {'server_uuid': '39e98d62-d556-4bf0-a403-3cc19789b5da', 'name': 'network-vif-plugged', 'status': 'completed', 'tag': '24135221-178e-4eff-94c3-298f71f208c1', 'code': 200}
2026-07-22 23:24:43.228 9 INFO neutron.plugins.ml2.plugin [None req-d0b2be3d-5ed1-488f-b8df-4c76b401eff8 - - - - - -] Attempt 1 to provision port 21542855-5983-4316-8b9f-7c112939e228
2026-07-22 23:24:43.704 9 INFO neutron.plugins.ml2.plugin [None req-d0b2be3d-5ed1-488f-b8df-4c76b401eff8 - - - - - -] Attempt 1 to provision port f6db9fcf-013c-42d2-a5a8-f1aea21d6aa2
2026-07-22 23:24:44.037 9 INFO neutron.plugins.ml2.plugin [None req-d0b2be3d-5ed1-488f-b8df-4c76b401eff8 - - - - - -] Attempt 1 to provision port 04c91da0-34a6-4614-9b0d-53e75c39faa6
2026-07-22 23:24:44.396 9 INFO neutron.plugins.ml2.plugin [None req-d0b2be3d-5ed1-488f-b8df-4c76b401eff8 - - - - - -] Attempt 1 to provision port 066cd3eb-85ce-4fad-b859-e9f1854e7141
2026-07-22 23:24:44.845 10 INFO neutron.plugins.ml2.plugin [None req-d0b2be3d-5ed1-488f-b8df-4c76b401eff8 - - - - - -] Attempt 1 to provision port 24135221-178e-4eff-94c3-298f71f208c1
2026-07-22 23:24:45.135 10 INFO neutron.plugins.ml2.plugin [None req-d0b2be3d-5ed1-488f-b8df-4c76b401eff8 - - - - - -] Attempt 1 to provision port 21542855-5983-4316-8b9f-7c112939e228
2026-07-22 23:24:45.433 10 INFO neutron.plugins.ml2.plugin [None req-d0b2be3d-5ed1-488f-b8df-4c76b401eff8 - - - - - -] Attempt 1 to provision port f6db9fcf-013c-42d2-a5a8-f1aea21d6aa2
2026-07-22 23:24:45.700 10 INFO neutron.plugins.ml2.plugin [None req-d0b2be3d-5ed1-488f-b8df-4c76b401eff8 - - - - - -] Attempt 1 to provision port 04c91da0-34a6-4614-9b0d-53e75c39faa6
2026-07-22 23:24:45.965 10 INFO neutron.plugins.ml2.plugin [None req-d0b2be3d-5ed1-488f-b8df-4c76b401eff8 - - - - - -] Attempt 1 to provision port 066cd3eb-85ce-4fad-b859-e9f1854e7141
2026-07-22 23:24:58.326 9 INFO neutron.plugins.ml2.plugin [None req-2152ea23-6203-43d6-955c-fdfffbf47e1e - - - - - -] Attempt 1 to provision port 353067f9-86e1-4656-a413-9fca47984cd4
2026-07-22 23:25:10.359 10 INFO neutron.plugins.ml2.plugin [None req-d8d65927-eb22-44b5-8da2-986c6c4c2ceb - - - - - -] Attempt 1 to provision port 2f552c12-34cd-4ac7-8ddd-c9cbbc860177
2026-07-22 23:25:12.894 10 INFO neutron.plugins.ml2.plugin [None req-d0b2be3d-5ed1-488f-b8df-4c76b401eff8 - - - - - -] Attempt 1 to provision port 2f552c12-34cd-4ac7-8ddd-c9cbbc860177
2026-07-22 23:25:13.019 10 INFO neutron.notifiers.nova [-] Nova event matching ['req-8f4e4731-a7bf-458f-a342-3690f377465b'] response: {'server_uuid': 'd26731f9-66c1-46ac-b9f4-76af7ee88909', 'name': 'network-vif-plugged', 'status': 'completed', 'tag': '2f552c12-34cd-4ac7-8ddd-c9cbbc860177', 'code': 200}
2026-07-22 23:25:14.872 9 INFO neutron.plugins.ml2.plugin [None req-d0b2be3d-5ed1-488f-b8df-4c76b401eff8 - - - - - -] Attempt 1 to provision port 2f552c12-34cd-4ac7-8ddd-c9cbbc860177
2026-07-22 23:25:48.501 10 INFO neutron.plugins.ml2.plugin [None req-fc2e73b6-ee70-4dde-a804-d69ac6e06f15 - - - - - -] Attempt 1 to provision port c5b7c42d-36b3-4dcf-9538-07098741940c
2026-07-22 23:25:51.035 10 INFO neutron.plugins.ml2.plugin [None req-d0b2be3d-5ed1-488f-b8df-4c76b401eff8 - - - - - -] Attempt 1 to provision port c5b7c42d-36b3-4dcf-9538-07098741940c
2026-07-22 23:25:51.212 10 INFO neutron.notifiers.nova [-] Nova event matching ['req-4832c134-63f4-42d1-a26e-df479edc99d3'] response: {'server_uuid': 'd26731f9-66c1-46ac-b9f4-76af7ee88909', 'name': 'network-vif-plugged', 'status': 'completed', 'tag': 'c5b7c42d-36b3-4dcf-9538-07098741940c', 'code': 200}
2026-07-22 23:25:53.000 10 INFO neutron.plugins.ml2.plugin [None req-d0b2be3d-5ed1-488f-b8df-4c76b401eff8 - - - - - -] Attempt 1 to provision port c5b7c42d-36b3-4dcf-9538-07098741940c
2026-07-22 23:26:14.325 9 INFO neutron.plugins.ml2.plugin [None req-3b22f86f-e552-47d1-8c0c-46ec435141c3 - - - - - -] Attempt 1 to provision port 850f9d48-df4a-406f-94e0-930c04e0b775
2026-07-22 23:26:16.943 9 INFO neutron.plugins.ml2.plugin [None req-d0b2be3d-5ed1-488f-b8df-4c76b401eff8 - - - - - -] Attempt 1 to provision port 850f9d48-df4a-406f-94e0-930c04e0b775
2026-07-22 23:26:17.107 9 INFO neutron.notifiers.nova [-] Nova event matching ['req-e1cc0cf8-5158-478c-9e21-421a25365143'] response: {'server_uuid': 'd26731f9-66c1-46ac-b9f4-76af7ee88909', 'name': 'network-vif-plugged', 'status': 'completed', 'tag': '850f9d48-df4a-406f-94e0-930c04e0b775', 'code': 200}
2026-07-22 23:26:18.906 10 INFO neutron.plugins.ml2.plugin [None req-d0b2be3d-5ed1-488f-b8df-4c76b401eff8 - - - - - -] Attempt 1 to provision port 850f9d48-df4a-406f-94e0-930c04e0b775
2026-07-22 23:26:25.171 9 INFO neutron.plugins.ml2.plugin [None req-c533a24c-21c6-4bdf-ac6b-7ed89626ef40 - - - - - -] Attempt 1 to provision port 9e6a6bf7-2cb8-4f37-98bb-47e8f7307b53
2026-07-22 23:26:29.035 9 INFO neutron.plugins.ml2.plugin [None req-d0b2be3d-5ed1-488f-b8df-4c76b401eff8 - - - - - -] Attempt 1 to provision port 9e6a6bf7-2cb8-4f37-98bb-47e8f7307b53
2026-07-22 23:26:29.294 9 INFO neutron.notifiers.nova [-] Nova event matching ['req-10c48d6a-de62-4770-a4dc-4f9a24848db8'] response: {'server_uuid': 'd26731f9-66c1-46ac-b9f4-76af7ee88909', 'name': 'network-vif-plugged', 'status': 'completed', 'tag': '9e6a6bf7-2cb8-4f37-98bb-47e8f7307b53', 'code': 200}
2026-07-22 23:26:30.926 10 INFO neutron.plugins.ml2.plugin [None req-d0b2be3d-5ed1-488f-b8df-4c76b401eff8 - - - - - -] Attempt 1 to provision port 9e6a6bf7-2cb8-4f37-98bb-47e8f7307b53
2026-07-22 23:26:38.434 9 INFO neutron.plugins.ml2.plugin [None req-d9a44341-9816-4d10-9717-bec74a119a13 - - - - - -] Attempt 1 to provision port 9e6a6bf7-2cb8-4f37-98bb-47e8f7307b53
2026-07-22 23:26:43.952 9 INFO neutron.plugins.ml2.plugin [None req-1eda3efc-7c45-41ac-b8c2-068af9a88034 - - - - - -] Attempt 1 to provision port 850f9d48-df4a-406f-94e0-930c04e0b775