+ COMMAND=start + start + exec neutron-rpc-server --config-file /etc/neutron/neutron.conf --config-file /etc/neutron/plugins/ml2/ml2_conf.ini /var/lib/openstack/lib/python3.10/site-packages/munch/__init__.py:24: UserWarning: pkg_resources is deprecated as an API. See https://setuptools.pypa.io/en/latest/pkg_resources.html. The pkg_resources package is slated for removal as early as 2025-11-30. Refrain from using this package or pin to Setuptools<81. import pkg_resources
2026-07-22 22:43:30.347 1 INFO neutron.common.config [-] Logging enabled!
2026-07-22 22:43:30.347 1 INFO neutron.common.config [-] /var/lib/openstack/bin/neutron-rpc-server version 21.2.2.dev24
2026-07-22 22:43:30.347 1 INFO neutron.server.rpc_eventlet [-] Eventlet based AMQP RPC server starting...
2026-07-22 22:43:30.348 1 INFO neutron.manager [-] Loading core plugin: ml2
2026-07-22 22:43:31.144 1 INFO neutron.plugins.ml2.managers [-] Configured type driver names: ['flat', 'gre', 'vlan', 'vxlan']
2026-07-22 22:43:31.146 1 INFO neutron.plugins.ml2.drivers.type_flat [-] Arbitrary flat physical_network names allowed
2026-07-22 22:43:31.149 1 INFO neutron.plugins.ml2.drivers.type_vlan [-] Network VLAN ranges: OrderedDict([('external', [(1, 4094)])])
2026-07-22 22:43:31.150 1 INFO neutron.plugins.ml2.managers [-] Loaded type driver names: ['flat', 'gre', 'vlan', 'vxlan']
2026-07-22 22:43:31.150 1 INFO neutron.plugins.ml2.managers [-] Registered types: dict_keys(['flat', 'gre', 'vlan', 'vxlan'])
2026-07-22 22:43:31.150 1 INFO neutron.plugins.ml2.managers [-] Tenant network_types: ['vxlan']
2026-07-22 22:43:31.150 1 INFO neutron.plugins.ml2.managers [-] Configured extension driver names: ['dns_domain_ports', 'port_security', 'qos']
2026-07-22 22:43:31.156 1 INFO neutron.plugins.ml2.managers [-] Loaded extension driver names: ['dns_domain_ports', 'port_security', 'qos']
2026-07-22 22:43:31.156 1 INFO neutron.plugins.ml2.managers [-] Registered extension drivers: ['dns_domain_ports', 'port_security', 'qos']
2026-07-22 22:43:31.157 1 INFO neutron.plugins.ml2.managers [-] Configured mechanism driver names: ['openvswitch', 'l2population']
2026-07-22 22:43:31.175 1 INFO neutron.plugins.ml2.drivers.mech_agent [-] Open vSwitch agent's supported_vnic_types: ['normal', 'direct', 'smart-nic', 'vdpa']
2026-07-22 22:43:31.176 1 INFO neutron.plugins.ml2.managers [-] Loaded mechanism driver names: ['openvswitch', 'l2population']
2026-07-22 22:43:31.177 1 INFO neutron.plugins.ml2.managers [-] Registered mechanism drivers: ['openvswitch', 'l2population']
2026-07-22 22:43:31.211 1 INFO neutron.plugins.ml2.managers [-] Initializing driver for type 'flat'
2026-07-22 22:43:31.211 1 INFO neutron.plugins.ml2.drivers.type_flat [-] ML2 FlatTypeDriver initialization complete
2026-07-22 22:43:31.211 1 INFO neutron.plugins.ml2.managers [-] Initializing driver for type 'gre'
2026-07-22 22:43:31.211 1 INFO neutron.plugins.ml2.drivers.type_tunnel [-] gre ID ranges: [(1, 1000)]
2026-07-22 22:43:31.485 1 INFO neutron.plugins.ml2.managers [None req-aea3ad73-d454-49ba-89aa-9defd63eca98 - - - - - -] Initializing driver for type 'vlan'
2026-07-22 22:43:31.737 1 INFO neutron.plugins.ml2.drivers.type_vlan [None req-aea3ad73-d454-49ba-89aa-9defd63eca98 - - - - - -] VlanTypeDriver initialization complete
2026-07-22 22:43:31.737 1 INFO neutron.plugins.ml2.managers [None req-aea3ad73-d454-49ba-89aa-9defd63eca98 - - - - - -] Initializing driver for type 'vxlan'
2026-07-22 22:43:31.738 1 INFO neutron.plugins.ml2.drivers.type_tunnel [None req-aea3ad73-d454-49ba-89aa-9defd63eca98 - - - - - -] vxlan ID ranges: [(1, 1000)]
2026-07-22 22:43:31.772 1 INFO neutron.plugins.ml2.managers [None req-aea3ad73-d454-49ba-89aa-9defd63eca98 - - - - - -] Initializing extension driver 'dns_domain_ports'
2026-07-22 22:43:31.772 1 INFO neutron.plugins.ml2.extensions.dns_integration [None req-aea3ad73-d454-49ba-89aa-9defd63eca98 - - - - - -] DNSDomainPortsExtensionDriver initialization complete
2026-07-22 22:43:31.773 1 INFO neutron.plugins.ml2.managers [None req-aea3ad73-d454-49ba-89aa-9defd63eca98 - - - - - -] Initializing extension driver 'port_security'
2026-07-22 22:43:31.773 1 INFO neutron.plugins.ml2.extensions.port_security [None req-aea3ad73-d454-49ba-89aa-9defd63eca98 - - - - - -] PortSecurityExtensionDriver initialization complete
2026-07-22 22:43:31.773 1 INFO neutron.plugins.ml2.managers [None req-aea3ad73-d454-49ba-89aa-9defd63eca98 - - - - - -] Initializing extension driver 'qos'
2026-07-22 22:43:31.773 1 INFO neutron.plugins.ml2.managers [None req-aea3ad73-d454-49ba-89aa-9defd63eca98 - - - - - -] Initializing mechanism driver 'openvswitch'
2026-07-22 22:43:31.774 1 INFO neutron.plugins.ml2.managers [None req-aea3ad73-d454-49ba-89aa-9defd63eca98 - - - - - -] Initializing mechanism driver 'l2population'
2026-07-22 22:43:31.789 1 INFO neutron.quota [None req-9c83b2b0-db9b-4fd6-9d5b-88089b0de7dd - - - - - -] Loaded quota_driver: .
2026-07-22 22:43:31.789 1 INFO neutron.plugins.ml2.plugin [None req-9c83b2b0-db9b-4fd6-9d5b-88089b0de7dd - - - - - -] Modular L2 Plugin initialization complete
2026-07-22 22:43:31.790 1 INFO neutron.plugins.ml2.managers [None req-9c83b2b0-db9b-4fd6-9d5b-88089b0de7dd - - - - - -] Got dns-integration extension from driver 'dns_domain_ports'
2026-07-22 22:43:31.790 1 INFO neutron.plugins.ml2.managers [None req-9c83b2b0-db9b-4fd6-9d5b-88089b0de7dd - - - - - -] Got dns-domain-ports extension from driver 'dns_domain_ports'
2026-07-22 22:43:31.790 1 INFO neutron.plugins.ml2.managers [None req-9c83b2b0-db9b-4fd6-9d5b-88089b0de7dd - - - - - -] Got port-security extension from driver 'port_security'
2026-07-22 22:43:31.790 1 INFO neutron.extensions.vlantransparent [None req-9c83b2b0-db9b-4fd6-9d5b-88089b0de7dd - - - - - -] Disabled vlantransparent extension.
2026-07-22 22:43:31.790 1 INFO neutron.manager [None req-9c83b2b0-db9b-4fd6-9d5b-88089b0de7dd - - - - - -] Loading Plugin: qos
2026-07-22 22:43:31.800 1 INFO neutron.manager [None req-9c83b2b0-db9b-4fd6-9d5b-88089b0de7dd - - - - - -] Loading Plugin: router
2026-07-22 22:43:31.829 1 INFO neutron.services.service_base [None req-9c83b2b0-db9b-4fd6-9d5b-88089b0de7dd - - - - - -] Default provider is not specified for service type L3_ROUTER_NAT
2026-07-22 22:43:31.829 1 INFO neutron.manager [None req-9c83b2b0-db9b-4fd6-9d5b-88089b0de7dd - - - - - -] Loading Plugin: segments
2026-07-22 22:43:31.896 1 INFO neutron.manager [None req-9c83b2b0-db9b-4fd6-9d5b-88089b0de7dd - - - - - -] Loading Plugin: trunk
2026-07-22 22:43:31.951 1 INFO neutron.manager [None req-9c83b2b0-db9b-4fd6-9d5b-88089b0de7dd - - - - - -] Loading Plugin: vpnaas
2026-07-22 22:43:31.984 1 WARNING stevedore.named [None req-9c83b2b0-db9b-4fd6-9d5b-88089b0de7dd - - - - - -] Could not load neutron_vpnaas.services.vpn.service_drivers.ipsec.IPsecVPNDriver
2026-07-22 22:43:32.048 1 INFO neutron_vpnaas.services.vpn.plugin [None req-9c83b2b0-db9b-4fd6-9d5b-88089b0de7dd - - - - - -] VPN plugin using service drivers: dict_keys(['strongswan']), default: strongswan
2026-07-22 22:43:32.049 1 INFO neutron.common.utils [None req-9c83b2b0-db9b-4fd6-9d5b-88089b0de7dd - - - - - -] Disable filter validation extension by service plugin VPNDriverPlugin.
2026-07-22 22:43:32.049 1 INFO neutron.manager [None req-9c83b2b0-db9b-4fd6-9d5b-88089b0de7dd - - - - - -] Loading Plugin: auto_allocate
2026-07-22 22:43:32.055 1 INFO neutron.manager [None req-9c83b2b0-db9b-4fd6-9d5b-88089b0de7dd - - - - - -] Loading Plugin: tag
2026-07-22 22:43:32.060 1 INFO neutron.manager [None req-9c83b2b0-db9b-4fd6-9d5b-88089b0de7dd - - - - - -] Loading Plugin: timestamp
2026-07-22 22:43:32.063 1 INFO neutron.manager [None req-9c83b2b0-db9b-4fd6-9d5b-88089b0de7dd - - - - - -] Loading Plugin: network_ip_availability
2026-07-22 22:43:32.067 1 INFO neutron.manager [None req-9c83b2b0-db9b-4fd6-9d5b-88089b0de7dd - - - - - -] Loading Plugin: flavors
2026-07-22 22:43:32.069 1 INFO neutron.manager [None req-9c83b2b0-db9b-4fd6-9d5b-88089b0de7dd - - - - - -] Loading Plugin: revisions
2026-07-22 22:43:32.072 1 INFO neutron.api.extensions [None req-9c83b2b0-db9b-4fd6-9d5b-88089b0de7dd - - - - - -] Initializing extension manager.
2026-07-22 22:43:32.073 1 INFO neutron.api.extensions [None req-9c83b2b0-db9b-4fd6-9d5b-88089b0de7dd - - - - - -] Loaded extension: address-group
2026-07-22 22:43:32.074 1 INFO neutron.api.extensions [None req-9c83b2b0-db9b-4fd6-9d5b-88089b0de7dd - - - - - -] Loaded extension: address-scope
2026-07-22 22:43:32.074 1 INFO neutron.api.extensions [None req-9c83b2b0-db9b-4fd6-9d5b-88089b0de7dd - - - - - -] Loaded extension: router-admin-state-down-before-update
2026-07-22 22:43:32.075 1 INFO neutron.api.extensions [None req-9c83b2b0-db9b-4fd6-9d5b-88089b0de7dd - - - - - -] Loaded extension: agent
2026-07-22 22:43:32.075 1 INFO neutron.api.extensions [None req-9c83b2b0-db9b-4fd6-9d5b-88089b0de7dd - - - - - -] Loaded extension: agent-resources-synced
2026-07-22 22:43:32.077 1 INFO neutron.api.extensions [None req-9c83b2b0-db9b-4fd6-9d5b-88089b0de7dd - - - - - -] Loaded extension: allowed-address-pairs
2026-07-22 22:43:32.078 1 INFO neutron.api.extensions [None req-9c83b2b0-db9b-4fd6-9d5b-88089b0de7dd - - - - - -] Loaded extension: auto-allocated-topology
2026-07-22 22:43:32.078 1 INFO neutron.api.extensions [None req-9c83b2b0-db9b-4fd6-9d5b-88089b0de7dd - - - - - -] Loaded extension: availability_zone
2026-07-22 22:43:32.079 1 INFO neutron.api.extensions [None req-9c83b2b0-db9b-4fd6-9d5b-88089b0de7dd - - - - - -] Loaded extension: availability_zone_filter
2026-07-22 22:43:32.079 1 INFO neutron.api.extensions [None req-9c83b2b0-db9b-4fd6-9d5b-88089b0de7dd - - - - - -] Extension data-plane-status not supported by any of loaded plugins
2026-07-22 22:43:32.080 1 INFO neutron.api.extensions [None req-9c83b2b0-db9b-4fd6-9d5b-88089b0de7dd - - - - - -] Loaded extension: default-subnetpools
2026-07-22 22:43:32.081 1 INFO neutron.api.extensions [None req-9c83b2b0-db9b-4fd6-9d5b-88089b0de7dd - - - - - -] Loaded extension: dhcp_agent_scheduler
2026-07-22 22:43:32.082 1 INFO neutron.api.extensions [None req-9c83b2b0-db9b-4fd6-9d5b-88089b0de7dd - - - - - -] Loaded extension: dns-integration
2026-07-22 22:43:32.083 1 INFO neutron.api.extensions [None req-9c83b2b0-db9b-4fd6-9d5b-88089b0de7dd - - - - - -] Loaded extension: dns-domain-ports
2026-07-22 22:43:32.083 1 INFO neutron.api.extensions [None req-9c83b2b0-db9b-4fd6-9d5b-88089b0de7dd - - - - - -] Extension dns-integration-domain-keywords not supported by any of loaded plugins
2026-07-22 22:43:32.084 1 INFO neutron.api.extensions [None req-9c83b2b0-db9b-4fd6-9d5b-88089b0de7dd - - - - - -] Loaded extension: dvr
2026-07-22 22:43:32.084 1 INFO neutron.api.extensions [None req-9c83b2b0-db9b-4fd6-9d5b-88089b0de7dd - - - - - -] Extension ecmp_routes not supported by any of loaded plugins
2026-07-22 22:43:32.085 1 INFO neutron.api.extensions [None req-9c83b2b0-db9b-4fd6-9d5b-88089b0de7dd - - - - - -] Loaded extension: empty-string-filtering
2026-07-22 22:43:32.085 1 INFO neutron.api.extensions [None req-9c83b2b0-db9b-4fd6-9d5b-88089b0de7dd - - - - - -] Extension expose-l3-conntrack-helper not supported by any of loaded plugins
2026-07-22 22:43:32.086 1 INFO neutron.api.extensions [None req-9c83b2b0-db9b-4fd6-9d5b-88089b0de7dd - - - - - -] Extension expose-port-forwarding-in-fip not supported by any of loaded plugins
2026-07-22 22:43:32.087 1 INFO neutron.api.extensions [None req-9c83b2b0-db9b-4fd6-9d5b-88089b0de7dd - - - - - -] Loaded extension: external-net
2026-07-22 22:43:32.087 1 INFO neutron.api.extensions [None req-9c83b2b0-db9b-4fd6-9d5b-88089b0de7dd - - - - - -] Loaded extension: extra_dhcp_opt
2026-07-22 22:43:32.088 1 INFO neutron.api.extensions [None req-9c83b2b0-db9b-4fd6-9d5b-88089b0de7dd - - - - - -] Loaded extension: extraroute
2026-07-22 22:43:32.089 1 INFO neutron.api.extensions [None req-9c83b2b0-db9b-4fd6-9d5b-88089b0de7dd - - - - - -] Loaded extension: extraroute-atomic
2026-07-22 22:43:32.089 1 INFO neutron.api.extensions [None req-9c83b2b0-db9b-4fd6-9d5b-88089b0de7dd - - - - - -] Extension filter-validation not supported by any of loaded plugins
2026-07-22 22:43:32.090 1 INFO neutron.api.extensions [None req-9c83b2b0-db9b-4fd6-9d5b-88089b0de7dd - - - - - -] Extension floating-ip-port-forwarding-description not supported by any of loaded plugins
2026-07-22 22:43:32.090 1 INFO neutron.api.extensions [None req-9c83b2b0-db9b-4fd6-9d5b-88089b0de7dd - - - - - -] Loaded extension: floating-ip-port-forwarding-detail
2026-07-22 22:43:32.091 1 INFO neutron.api.extensions [None req-9c83b2b0-db9b-4fd6-9d5b-88089b0de7dd - - - - - -] Extension floating-ip-port-forwarding-port-ranges not supported by any of loaded plugins
2026-07-22 22:43:32.092 1 INFO neutron.api.extensions [None req-9c83b2b0-db9b-4fd6-9d5b-88089b0de7dd - - - - - -] Loaded extension: fip-port-details
2026-07-22 22:43:32.093 1 INFO neutron.api.extensions [None req-9c83b2b0-db9b-4fd6-9d5b-88089b0de7dd - - - - - -] Loaded extension: flavors
2026-07-22 22:43:32.094 1 INFO neutron.api.extensions [None req-9c83b2b0-db9b-4fd6-9d5b-88089b0de7dd - - - - - -] Extension floating-ip-port-forwarding not supported by any of loaded plugins
2026-07-22 22:43:32.094 1 INFO neutron.api.extensions [None req-9c83b2b0-db9b-4fd6-9d5b-88089b0de7dd - - - - - -] Loaded extension: floatingip-pools
2026-07-22 22:43:32.095 1 INFO neutron.api.extensions [None req-9c83b2b0-db9b-4fd6-9d5b-88089b0de7dd - - - - - -] Loaded extension: ip_allocation
2026-07-22 22:43:32.096 1 INFO neutron.api.extensions [None req-9c83b2b0-db9b-4fd6-9d5b-88089b0de7dd - - - - - -] Loaded extension: ip-substring-filtering
2026-07-22 22:43:32.096 1 INFO neutron.api.extensions [None req-9c83b2b0-db9b-4fd6-9d5b-88089b0de7dd - - - - - -] Loaded extension: l2_adjacency
2026-07-22 22:43:32.097 1 INFO neutron.api.extensions [None req-9c83b2b0-db9b-4fd6-9d5b-88089b0de7dd - - - - - -] Loaded extension: router
2026-07-22 22:43:32.099 1 INFO neutron.api.extensions [None req-9c83b2b0-db9b-4fd6-9d5b-88089b0de7dd - - - - - -] Extension l3-conntrack-helper not supported by any of loaded plugins
2026-07-22 22:43:32.100 1 INFO neutron.api.extensions [None req-9c83b2b0-db9b-4fd6-9d5b-88089b0de7dd - - - - - -] Loaded extension: ext-gw-mode
2026-07-22 22:43:32.101 1 INFO neutron.api.extensions [None req-9c83b2b0-db9b-4fd6-9d5b-88089b0de7dd - - - - - -] Loaded extension: l3-ha
2026-07-22 22:43:32.101 1 INFO neutron.api.extensions [None req-9c83b2b0-db9b-4fd6-9d5b-88089b0de7dd - - - - - -] Extension l3-ext-ndp-proxy not supported by any of loaded plugins
2026-07-22 22:43:32.102 1 INFO neutron.api.extensions [None req-9c83b2b0-db9b-4fd6-9d5b-88089b0de7dd - - - - - -] Loaded extension: l3-flavors
2026-07-22 22:43:32.103 1 INFO neutron.api.extensions [None req-9c83b2b0-db9b-4fd6-9d5b-88089b0de7dd - - - - - -] Extension l3-ndp-proxy not supported by any of loaded plugins
2026-07-22 22:43:32.103 1 INFO neutron.api.extensions [None req-9c83b2b0-db9b-4fd6-9d5b-88089b0de7dd - - - - - -] Loaded extension: l3-port-ip-change-not-allowed
2026-07-22 22:43:32.108 1 INFO neutron.api.extensions [None req-9c83b2b0-db9b-4fd6-9d5b-88089b0de7dd - - - - - -] Loaded extension: l3_agent_scheduler
2026-07-22 22:43:32.109 1 INFO neutron.api.extensions [None req-9c83b2b0-db9b-4fd6-9d5b-88089b0de7dd - - - - - -] Extension local_ip not supported by any of loaded plugins
2026-07-22 22:43:32.110 1 INFO neutron.api.extensions [None req-9c83b2b0-db9b-4fd6-9d5b-88089b0de7dd - - - - - -] Extension logging not supported by any of loaded plugins
2026-07-22 22:43:32.111 1 INFO neutron.api.extensions [None req-9c83b2b0-db9b-4fd6-9d5b-88089b0de7dd - - - - - -] Extension metering not supported by any of loaded plugins
2026-07-22 22:43:32.112 1 INFO neutron.api.extensions [None req-9c83b2b0-db9b-4fd6-9d5b-88089b0de7dd - - - - - -] Extension metering_source_and_destination_fields not supported by any of loaded plugins
2026-07-22 22:43:32.113 1 INFO neutron.api.extensions [None req-9c83b2b0-db9b-4fd6-9d5b-88089b0de7dd - - - - - -] Loaded extension: multi-provider
2026-07-22 22:43:32.113 1 INFO neutron.api.extensions [None req-9c83b2b0-db9b-4fd6-9d5b-88089b0de7dd - - - - - -] Loaded extension: net-mtu
2026-07-22 22:43:32.114 1 INFO neutron.api.extensions [None req-9c83b2b0-db9b-4fd6-9d5b-88089b0de7dd - - - - - -] Loaded extension: net-mtu-writable
2026-07-22 22:43:32.114 1 INFO neutron.api.extensions [None req-9c83b2b0-db9b-4fd6-9d5b-88089b0de7dd - - - - - -] Loaded extension: network_availability_zone
2026-07-22 22:43:32.115 1 INFO neutron.api.extensions [None req-9c83b2b0-db9b-4fd6-9d5b-88089b0de7dd - - - - - -] Loaded extension: network-ip-availability
2026-07-22 22:43:32.115 1 INFO neutron.api.extensions [None req-9c83b2b0-db9b-4fd6-9d5b-88089b0de7dd - - - - - -] Extension network-segment-range not supported by any of loaded plugins
2026-07-22 22:43:32.116 1 INFO neutron.api.extensions [None req-9c83b2b0-db9b-4fd6-9d5b-88089b0de7dd - - - - - -] Loaded extension: pagination
2026-07-22 22:43:32.116 1 INFO neutron.api.extensions [None req-9c83b2b0-db9b-4fd6-9d5b-88089b0de7dd - - - - - -] Loaded extension: port-device-profile
2026-07-22 22:43:32.117 1 INFO neutron.api.extensions [None req-9c83b2b0-db9b-4fd6-9d5b-88089b0de7dd - - - - - -] Loaded extension: port-mac-override
2026-07-22 22:43:32.117 1 INFO neutron.api.extensions [None req-9c83b2b0-db9b-4fd6-9d5b-88089b0de7dd - - - - - -] Loaded extension: port-mac-address-regenerate
2026-07-22 22:43:32.118 1 INFO neutron.api.extensions [None req-9c83b2b0-db9b-4fd6-9d5b-88089b0de7dd - - - - - -] Loaded extension: port-numa-affinity-policy
2026-07-22 22:43:32.118 1 INFO neutron.api.extensions [None req-9c83b2b0-db9b-4fd6-9d5b-88089b0de7dd - - - - - -] Loaded extension: port-resource-request
2026-07-22 22:43:32.119 1 INFO neutron.api.extensions [None req-9c83b2b0-db9b-4fd6-9d5b-88089b0de7dd - - - - - -] Loaded extension: port-resource-request-groups
2026-07-22 22:43:32.119 1 INFO neutron.api.extensions [None req-9c83b2b0-db9b-4fd6-9d5b-88089b0de7dd - - - - - -] Loaded extension: binding
2026-07-22 22:43:32.120 1 INFO neutron.api.extensions [None req-9c83b2b0-db9b-4fd6-9d5b-88089b0de7dd - - - - - -] Loaded extension: binding-extended
2026-07-22 22:43:32.120 1 INFO neutron.api.extensions [None req-9c83b2b0-db9b-4fd6-9d5b-88089b0de7dd - - - - - -] Loaded extension: port-security
2026-07-22 22:43:32.121 1 INFO neutron.api.extensions [None req-9c83b2b0-db9b-4fd6-9d5b-88089b0de7dd - - - - - -] Loaded extension: project-id
2026-07-22 22:43:32.121 1 INFO neutron.api.extensions [None req-9c83b2b0-db9b-4fd6-9d5b-88089b0de7dd - - - - - -] Loaded extension: provider
2026-07-22 22:43:32.122 1 INFO neutron.api.extensions [None req-9c83b2b0-db9b-4fd6-9d5b-88089b0de7dd - - - - - -] Loaded extension: qos
2026-07-22 22:43:32.123 1 INFO neutron.api.extensions [None req-9c83b2b0-db9b-4fd6-9d5b-88089b0de7dd - - - - - -] Loaded extension: qos-bw-limit-direction
2026-07-22 22:43:32.123 1 INFO neutron.api.extensions [None req-9c83b2b0-db9b-4fd6-9d5b-88089b0de7dd - - - - - -] Loaded extension: qos-bw-minimum-ingress
2026-07-22 22:43:32.124 1 INFO neutron.api.extensions [None req-9c83b2b0-db9b-4fd6-9d5b-88089b0de7dd - - - - - -] Loaded extension: qos-default
2026-07-22 22:43:32.124 1 INFO neutron.api.extensions [None req-9c83b2b0-db9b-4fd6-9d5b-88089b0de7dd - - - - - -] Loaded extension: qos-fip
2026-07-22 22:43:32.125 1 INFO neutron.api.extensions [None req-9c83b2b0-db9b-4fd6-9d5b-88089b0de7dd - - - - - -] Extension qos-fip-network-policy not supported by any of loaded plugins
2026-07-22 22:43:32.125 1 INFO neutron.api.extensions [None req-9c83b2b0-db9b-4fd6-9d5b-88089b0de7dd - - - - - -] Loaded extension: qos-gateway-ip
2026-07-22 22:43:32.126 1 INFO neutron.api.extensions [None req-9c83b2b0-db9b-4fd6-9d5b-88089b0de7dd - - - - - -] Loaded extension: qos-port-network-policy
2026-07-22 22:43:32.126 1 INFO neutron.api.extensions [None req-9c83b2b0-db9b-4fd6-9d5b-88089b0de7dd - - - - - -] Loaded extension: qos-pps-minimum
2026-07-22 22:43:32.127 1 INFO neutron.api.extensions [None req-9c83b2b0-db9b-4fd6-9d5b-88089b0de7dd - - - - - -] Loaded extension: qos-pps-minimum-rule-alias
2026-07-22 22:43:32.127 1 INFO neutron.api.extensions [None req-9c83b2b0-db9b-4fd6-9d5b-88089b0de7dd - - - - - -] Loaded extension: qos-pps
2026-07-22 22:43:32.128 1 INFO neutron.api.extensions [None req-9c83b2b0-db9b-4fd6-9d5b-88089b0de7dd - - - - - -] Loaded extension: qos-rule-type-details
2026-07-22 22:43:32.128 1 INFO neutron.api.extensions [None req-9c83b2b0-db9b-4fd6-9d5b-88089b0de7dd - - - - - -] Loaded extension: qos-rule-type-filter
2026-07-22 22:43:32.129 1 INFO neutron.api.extensions [None req-9c83b2b0-db9b-4fd6-9d5b-88089b0de7dd - - - - - -] Loaded extension: qos-rules-alias
2026-07-22 22:43:32.129 1 INFO neutron.api.extensions [None req-9c83b2b0-db9b-4fd6-9d5b-88089b0de7dd - - - - - -] Loaded extension: quota-check-limit
2026-07-22 22:43:32.131 1 INFO neutron.api.extensions [None req-9c83b2b0-db9b-4fd6-9d5b-88089b0de7dd - - - - - -] Loaded extension: quotas
2026-07-22 22:43:32.133 1 INFO neutron.api.extensions [None req-9c83b2b0-db9b-4fd6-9d5b-88089b0de7dd - - - - - -] Loaded extension: quota_details
2026-07-22 22:43:32.134 1 INFO neutron.api.extensions [None req-9c83b2b0-db9b-4fd6-9d5b-88089b0de7dd - - - - - -] Loaded extension: rbac-policies
2026-07-22 22:43:32.135 1 INFO neutron.api.extensions [None req-9c83b2b0-db9b-4fd6-9d5b-88089b0de7dd - - - - - -] Loaded extension: rbac-address-group
2026-07-22 22:43:32.136 1 INFO neutron.api.extensions [None req-9c83b2b0-db9b-4fd6-9d5b-88089b0de7dd - - - - - -] Loaded extension: rbac-address-scope
2026-07-22 22:43:32.136 1 INFO neutron.api.extensions [None req-9c83b2b0-db9b-4fd6-9d5b-88089b0de7dd - - - - - -] Loaded extension: rbac-security-groups
2026-07-22 22:43:32.137 1 INFO neutron.api.extensions [None req-9c83b2b0-db9b-4fd6-9d5b-88089b0de7dd - - - - - -] Loaded extension: rbac-subnetpool
2026-07-22 22:43:32.138 1 INFO neutron.api.extensions [None req-9c83b2b0-db9b-4fd6-9d5b-88089b0de7dd - - - - - -] Loaded extension: revision-if-match
2026-07-22 22:43:32.138 1 INFO neutron.api.extensions [None req-9c83b2b0-db9b-4fd6-9d5b-88089b0de7dd - - - - - -] Loaded extension: standard-attr-revisions
2026-07-22 22:43:32.139 1 INFO neutron.api.extensions [None req-9c83b2b0-db9b-4fd6-9d5b-88089b0de7dd - - - - - -] Loaded extension: router_availability_zone
2026-07-22 22:43:32.139 1 INFO neutron.api.extensions [None req-9c83b2b0-db9b-4fd6-9d5b-88089b0de7dd - - - - - -] Extension router-service-type not supported by any of loaded plugins
2026-07-22 22:43:32.140 1 INFO neutron.api.extensions [None req-9c83b2b0-db9b-4fd6-9d5b-88089b0de7dd - - - - - -] Loaded extension: security-groups-normalized-cidr
2026-07-22 22:43:32.140 1 INFO neutron.api.extensions [None req-9c83b2b0-db9b-4fd6-9d5b-88089b0de7dd - - - - - -] Loaded extension: port-security-groups-filtering
2026-07-22 22:43:32.141 1 INFO neutron.api.extensions [None req-9c83b2b0-db9b-4fd6-9d5b-88089b0de7dd - - - - - -] Loaded extension: security-groups-remote-address-group
2026-07-22 22:43:32.141 1 INFO neutron.api.extensions [None req-9c83b2b0-db9b-4fd6-9d5b-88089b0de7dd - - - - - -] Loaded extension: security-groups-shared-filtering
2026-07-22 22:43:32.148 1 INFO neutron.api.extensions [None req-9c83b2b0-db9b-4fd6-9d5b-88089b0de7dd - - - - - -] Loaded extension: security-group
2026-07-22 22:43:32.149 1 INFO neutron.api.extensions [None req-9c83b2b0-db9b-4fd6-9d5b-88089b0de7dd - - - - - -] Loaded extension: segment
2026-07-22 22:43:32.150 1 INFO neutron.api.extensions [None req-9c83b2b0-db9b-4fd6-9d5b-88089b0de7dd - - - - - -] Loaded extension: segments-peer-subnet-host-routes
2026-07-22 22:43:32.150 1 INFO neutron.api.extensions [None req-9c83b2b0-db9b-4fd6-9d5b-88089b0de7dd - - - - - -] Loaded extension: service-type
2026-07-22 22:43:32.151 1 INFO neutron.api.extensions [None req-9c83b2b0-db9b-4fd6-9d5b-88089b0de7dd - - - - - -] Loaded extension: sorting
2026-07-22 22:43:32.151 1 INFO neutron.api.extensions [None req-9c83b2b0-db9b-4fd6-9d5b-88089b0de7dd - - - - - -] Loaded extension: standard-attr-segment
2026-07-22 22:43:32.152 1 INFO neutron.api.extensions [None req-9c83b2b0-db9b-4fd6-9d5b-88089b0de7dd - - - - - -] Loaded extension: standard-attr-description
2026-07-22 22:43:32.152 1 INFO neutron.api.extensions [None req-9c83b2b0-db9b-4fd6-9d5b-88089b0de7dd - - - - - -] Loaded extension: stateful-security-group
2026-07-22 22:43:32.153 1 WARNING neutron.api.extensions [None req-9c83b2b0-db9b-4fd6-9d5b-88089b0de7dd - - - - - -] Did not find expected name "Stdattrs_common" in /var/lib/openstack/lib/python3.10/site-packages/neutron/extensions/stdattrs_common.py
2026-07-22 22:43:32.153 1 INFO neutron.api.extensions [None req-9c83b2b0-db9b-4fd6-9d5b-88089b0de7dd - - - - - -] Extension subnet-dns-publish-fixed-ip not supported by any of loaded plugins
2026-07-22 22:43:32.154 1 INFO neutron.api.extensions [None req-9c83b2b0-db9b-4fd6-9d5b-88089b0de7dd - - - - - -] Loaded extension: subnet_onboard
2026-07-22 22:43:32.154 1 INFO neutron.api.extensions [None req-9c83b2b0-db9b-4fd6-9d5b-88089b0de7dd - - - - - -] Loaded extension: subnet-segmentid-writable
2026-07-22 22:43:32.155 1 INFO neutron.api.extensions [None req-9c83b2b0-db9b-4fd6-9d5b-88089b0de7dd - - - - - -] Loaded extension: subnet-service-types
2026-07-22 22:43:32.155 1 INFO neutron.api.extensions [None req-9c83b2b0-db9b-4fd6-9d5b-88089b0de7dd - - - - - -] Loaded extension: subnet_allocation
2026-07-22 22:43:32.156 1 INFO neutron.api.extensions [None req-9c83b2b0-db9b-4fd6-9d5b-88089b0de7dd - - - - - -] Loaded extension: subnetpool-prefix-ops
2026-07-22 22:43:32.157 1 INFO neutron.api.extensions [None req-9c83b2b0-db9b-4fd6-9d5b-88089b0de7dd - - - - - -] Extension tag-ports-during-bulk-creation not supported by any of loaded plugins
2026-07-22 22:43:32.159 1 INFO neutron.api.extensions [None req-9c83b2b0-db9b-4fd6-9d5b-88089b0de7dd - - - - - -] Loaded extension: standard-attr-tag
2026-07-22 22:43:32.160 1 INFO neutron.api.extensions [None req-9c83b2b0-db9b-4fd6-9d5b-88089b0de7dd - - - - - -] Loaded extension: standard-attr-timestamp
2026-07-22 22:43:32.161 1 INFO neutron.api.extensions [None req-9c83b2b0-db9b-4fd6-9d5b-88089b0de7dd - - - - - -] Loaded extension: trunk
2026-07-22 22:43:32.162 1 INFO neutron.api.extensions [None req-9c83b2b0-db9b-4fd6-9d5b-88089b0de7dd - - - - - -] Loaded extension: trunk-details
2026-07-22 22:43:32.162 1 INFO neutron.api.extensions [None req-9c83b2b0-db9b-4fd6-9d5b-88089b0de7dd - - - - - -] Extension uplink-status-propagation not supported by any of loaded plugins
2026-07-22 22:43:32.163 1 INFO neutron.api.extensions [None req-9c83b2b0-db9b-4fd6-9d5b-88089b0de7dd - - - - - -] Extension vlan-transparent not supported by any of loaded plugins
2026-07-22 22:43:32.163 1 INFO neutron.api.extensions [None req-9c83b2b0-db9b-4fd6-9d5b-88089b0de7dd - - - - - -] Loaded extension: vpn-endpoint-groups
2026-07-22 22:43:32.164 1 INFO neutron.api.extensions [None req-9c83b2b0-db9b-4fd6-9d5b-88089b0de7dd - - - - - -] Loaded extension: vpn-flavors
2026-07-22 22:43:32.166 1 INFO neutron.api.extensions [None req-9c83b2b0-db9b-4fd6-9d5b-88089b0de7dd - - - - - -] Loaded extension: vpnaas
2026-07-22 22:43:32.169 1 INFO oslo_service.service [None req-9c83b2b0-db9b-4fd6-9d5b-88089b0de7dd - - - - - -] Starting 2 workers
2026-07-22 22:43:32.174 1 INFO oslo_service.service [None req-9c83b2b0-db9b-4fd6-9d5b-88089b0de7dd - - - - - -] Starting 1 workers
2026-07-22 22:44:11.763 9 INFO neutron.db.l3_hamode_db [None req-c7681788-d0b9-42f5-afd3-f096acef5052 - - - - - -] Number of active agents lower than max_l3_agents_per_router. L3 agents available: 1
2026-07-22 22:44:24.341 10 INFO neutron.plugins.ml2.plugin [None req-d0b2be3d-5ed1-488f-b8df-4c76b401eff8 - - - - - -] Attempt 1 to provision port 69ae2f4f-2bfe-4273-8997-338a6cf279fb
2026-07-22 22:44:25.099 10 INFO neutron.plugins.ml2.plugin [None req-3ed20172-d927-4357-878e-8fb21aa86246 - - - - - -] Attempt 1 to provision port 69ae2f4f-2bfe-4273-8997-338a6cf279fb
2026-07-22 22:44:25.289 9 INFO neutron.plugins.ml2.plugin [None req-79d8db5f-20b8-4d51-8643-9423b3b67eaf - - - - - -] Attempt 1 to provision port 69ae2f4f-2bfe-4273-8997-338a6cf279fb
2026-07-22 22:44:26.255 10 INFO neutron.plugins.ml2.plugin [None req-d0b2be3d-5ed1-488f-b8df-4c76b401eff8 - - - - - -] Attempt 1 to provision port 69ae2f4f-2bfe-4273-8997-338a6cf279fb
2026-07-22 22:50:54.602 10 INFO neutron.plugins.ml2.plugin [None req-d0b2be3d-5ed1-488f-b8df-4c76b401eff8 - - - - - -] Attempt 1 to provision port 98465899-a725-48f1-898d-bf8a4fc2c3e7
2026-07-22 22:50:56.148 10 INFO neutron.plugins.ml2.plugin [None req-581cdb19-f403-4665-947b-1762c458a09a - - - - - -] Attempt 1 to provision port 98465899-a725-48f1-898d-bf8a4fc2c3e7
2026-07-22 22:50:56.326 9 INFO neutron.plugins.ml2.plugin [None req-040999bb-897e-49da-8087-58feaa821c5c - - - - - -] Attempt 1 to provision port 98465899-a725-48f1-898d-bf8a4fc2c3e7
2026-07-22 22:50:56.514 10 INFO neutron.plugins.ml2.plugin [None req-d0b2be3d-5ed1-488f-b8df-4c76b401eff8 - - - - - -] Attempt 1 to provision port 98465899-a725-48f1-898d-bf8a4fc2c3e7
2026-07-22 22:51:02.151 9 INFO neutron.plugins.ml2.plugin [None req-3528557c-9ea2-4a87-87cc-32761c17c764 - - - - - -] Attempt 1 to provision port aef73dc4-6d7c-42c9-9a8a-7bfa98c7b0e6
2026-07-22 22:54:16.757 9 INFO neutron.plugins.ml2.plugin [None req-d0b2be3d-5ed1-488f-b8df-4c76b401eff8 - - - - - -] Attempt 1 to provision port aef73dc4-6d7c-42c9-9a8a-7bfa98c7b0e6
2026-07-22 22:54:18.656 10 INFO neutron.plugins.ml2.plugin [None req-d0b2be3d-5ed1-488f-b8df-4c76b401eff8 - - - - - -] Attempt 1 to provision port aef73dc4-6d7c-42c9-9a8a-7bfa98c7b0e6
2026-07-22 23:03:27.043 9 INFO neutron.plugins.ml2.plugin [None req-d0b2be3d-5ed1-488f-b8df-4c76b401eff8 - - - - - -] Attempt 1 to provision port 5ec08097-4892-46a8-9548-e35eff3fcac4
2026-07-22 23:03:29.029 10 INFO neutron.plugins.ml2.plugin [None req-d0b2be3d-5ed1-488f-b8df-4c76b401eff8 - - - - - -] Attempt 1 to provision port 5ec08097-4892-46a8-9548-e35eff3fcac4
2026-07-22 23:20:03.646 10 INFO neutron.plugins.ml2.plugin [None req-952db6ea-ed2f-4dd5-b019-027aaf1b0e83 - - - - - -] Attempt 1 to provision port a413205d-f1d0-4a79-9e8c-14d91d5dce25
2026-07-22 23:20:03.836 9 INFO neutron.plugins.ml2.plugin [None req-d0b2be3d-5ed1-488f-b8df-4c76b401eff8 - - - - - -] Attempt 1 to provision port f73479ef-5e4c-4611-96b7-976c44d838c6
2026-07-22 23:20:04.205 10 INFO neutron.plugins.ml2.plugin [None req-5d9caadb-782d-41b7-bc36-9fbe03ba6ee5 - - - - - -] Attempt 1 to provision port ebb58fad-4bc6-4220-be1a-34ec13f2699b
2026-07-22 23:20:04.444 9 INFO neutron.plugins.ml2.plugin [None req-d0b2be3d-5ed1-488f-b8df-4c76b401eff8 - - - - - -] Attempt 1 to provision port d3957d47-0ae4-414c-bef8-394371a0e650
2026-07-22 23:20:04.937 9 INFO neutron.plugins.ml2.plugin [None req-d0b2be3d-5ed1-488f-b8df-4c76b401eff8 - - - - - -] Attempt 1 to provision port 7015a2f4-65be-47d0-8fe9-2cdf1bb464f8
2026-07-22 23:20:05.504 10 INFO neutron.plugins.ml2.plugin [None req-505663aa-d723-4e5e-9b44-5a8bc723209b - - - - - -] Attempt 1 to provision port f73479ef-5e4c-4611-96b7-976c44d838c6
2026-07-22 23:20:05.766 10 INFO neutron.plugins.ml2.plugin [None req-d0b2be3d-5ed1-488f-b8df-4c76b401eff8 - - - - - -] Attempt 1 to provision port f73479ef-5e4c-4611-96b7-976c44d838c6
2026-07-22 23:20:05.908 10 INFO neutron.plugins.ml2.plugin [None req-f23aa53e-939d-4672-b9a6-9bca477373d2 - - - - - -] Attempt 1 to provision port 7015a2f4-65be-47d0-8fe9-2cdf1bb464f8
2026-07-22 23:20:06.120 10 INFO neutron.plugins.ml2.plugin [None req-f23aa53e-939d-4672-b9a6-9bca477373d2 - - - - - -] Attempt 1 to provision port f73479ef-5e4c-4611-96b7-976c44d838c6
2026-07-22 23:20:06.454 9 INFO neutron.plugins.ml2.plugin [None req-b82c0ac0-dfce-47ff-afeb-ba5c12e4a1be - - - - - -] Attempt 1 to provision port 7015a2f4-65be-47d0-8fe9-2cdf1bb464f8
2026-07-22 23:20:06.543 10 INFO neutron.plugins.ml2.plugin [None req-d0b2be3d-5ed1-488f-b8df-4c76b401eff8 - - - - - -] Attempt 1 to provision port 7015a2f4-65be-47d0-8fe9-2cdf1bb464f8
2026-07-22 23:20:06.611 9 INFO neutron.plugins.ml2.plugin [None req-b82c0ac0-dfce-47ff-afeb-ba5c12e4a1be - - - - - -] Attempt 1 to provision port d3957d47-0ae4-414c-bef8-394371a0e650
2026-07-22 23:20:06.989 10 INFO neutron.plugins.ml2.plugin [None req-d0b2be3d-5ed1-488f-b8df-4c76b401eff8 - - - - - -] Attempt 1 to provision port d3957d47-0ae4-414c-bef8-394371a0e650
2026-07-22 23:20:07.038 10 INFO neutron.plugins.ml2.plugin [None req-b3eb7a36-4baa-4597-88ae-340d03e99968 - - - - - -] Attempt 1 to provision port c697f10e-8eea-45a2-a36a-29a85724f318
2026-07-22 23:20:07.100 10 INFO neutron.plugins.ml2.plugin [None req-b3eb7a36-4baa-4597-88ae-340d03e99968 - - - - - -] Attempt 1 to provision port d443a8a6-dad6-4457-bec4-6e4acb2eccc2
2026-07-22 23:20:07.589 9 INFO neutron.plugins.ml2.plugin [None req-530b80e7-1772-4c72-9130-8caa43a7e66c - - - - - -] Attempt 1 to provision port d443a8a6-dad6-4457-bec4-6e4acb2eccc2
2026-07-22 23:20:08.708 10 INFO neutron.plugins.ml2.plugin [None req-67da063c-dcfc-44e4-b9a4-cee3a450bcb8 - - - - - -] Attempt 1 to provision port 521acce1-7ea8-4a18-bbc9-e888792f4a4a
2026-07-22 23:20:09.377 10 INFO neutron.plugins.ml2.plugin [None req-92da3194-ef62-46c0-ad78-672589e33632 - - - - - -] Attempt 1 to provision port 521acce1-7ea8-4a18-bbc9-e888792f4a4a
2026-07-22 23:20:10.039 9 INFO neutron.plugins.ml2.plugin [None req-31b311ae-4e17-401b-ab46-83ec86ba8351 - - - - - -] Attempt 1 to provision port a3d5689c-3f6f-4e88-8735-d41629d33aa9
2026-07-22 23:20:10.611 9 INFO neutron.plugins.ml2.plugin [None req-fcae24ae-114c-4f91-ae7d-751c9d290629 - - - - - -] Attempt 1 to provision port a3d5689c-3f6f-4e88-8735-d41629d33aa9
2026-07-22 23:20:11.069 10 INFO neutron.plugins.ml2.plugin [None req-3039d2c8-d7ed-43fb-8f4f-9f9c563e7bf1 - - - - - -] Attempt 1 to provision port db388938-56ca-48b6-bce1-5f9bb4ffa012
2026-07-22 23:20:11.720 9 INFO neutron.plugins.ml2.plugin [None req-d0b2be3d-5ed1-488f-b8df-4c76b401eff8 - - - - - -] Attempt 1 to provision port 5efce584-1c99-441a-9193-120eafe7c070
2026-07-22 23:20:12.476 9 INFO neutron.plugins.ml2.plugin [None req-16bc3c8c-2d93-4ed1-96dd-cda201711e27 - - - - - -] Attempt 1 to provision port 5efce584-1c99-441a-9193-120eafe7c070
2026-07-22 23:20:12.778 10 INFO neutron.plugins.ml2.plugin [None req-4a18e780-773f-40db-bfc9-0e4a9e000c2a - - - - - -] Attempt 1 to provision port 5efce584-1c99-441a-9193-120eafe7c070
2026-07-22 23:20:13.682 9 INFO neutron.plugins.ml2.plugin [None req-d0b2be3d-5ed1-488f-b8df-4c76b401eff8 - - - - - -] Attempt 1 to provision port 5efce584-1c99-441a-9193-120eafe7c070
2026-07-22 23:20:13.704 10 INFO neutron.plugins.ml2.plugin [None req-1ed100f7-ddf7-4457-87d1-87c625019d1d - - - - - -] Attempt 1 to provision port d3026c80-fe8b-4eca-b75a-e884c70909ea
2026-07-22 23:20:14.453 10 INFO neutron.plugins.ml2.plugin [None req-2f8fedb0-f959-44e0-91b0-f46b87437689 - - - - - -] Attempt 1 to provision port d3026c80-fe8b-4eca-b75a-e884c70909ea
2026-07-22 23:20:15.791 10 INFO neutron.plugins.ml2.plugin [None req-d0b2be3d-5ed1-488f-b8df-4c76b401eff8 - - - - - -] Attempt 1 to provision port e2a8f21a-e1e5-4bf4-a4b0-bf92a08866f7
2026-07-22 23:20:16.475 10 INFO neutron.plugins.ml2.plugin [None req-d0b2be3d-5ed1-488f-b8df-4c76b401eff8 - - - - - -] Attempt 1 to provision port 5e57999c-f3bb-4752-95bd-f0bbf0ee5ebe
2026-07-22 23:20:16.958 10 INFO neutron.plugins.ml2.plugin [None req-d0b2be3d-5ed1-488f-b8df-4c76b401eff8 - - - - - -] Attempt 1 to provision port 52fa633f-5235-4268-b8b2-4bebca2fc6a5
2026-07-22 23:20:17.428 9 INFO neutron.plugins.ml2.plugin [None req-f9763206-b2a6-4663-b5ce-43836a72cde2 - - - - - -] Attempt 1 to provision port 17c3d7ae-9b96-49ff-bf8d-945cd4f05521
2026-07-22 23:20:17.565 10 INFO neutron.plugins.ml2.plugin [None req-d0b2be3d-5ed1-488f-b8df-4c76b401eff8 - - - - - -] Attempt 1 to provision port 8a014ef0-3771-42e1-9584-8cbe0067eb88
2026-07-22 23:20:18.245 10 INFO neutron.plugins.ml2.plugin [None req-d0b2be3d-5ed1-488f-b8df-4c76b401eff8 - - - - - -] Attempt 1 to provision port 5e57999c-f3bb-4752-95bd-f0bbf0ee5ebe
2026-07-22 23:20:18.641 10 INFO neutron.plugins.ml2.plugin [None req-d0b2be3d-5ed1-488f-b8df-4c76b401eff8 - - - - - -] Attempt 1 to provision port 8a014ef0-3771-42e1-9584-8cbe0067eb88
2026-07-22 23:20:18.988 10 INFO neutron.plugins.ml2.plugin [None req-d0b2be3d-5ed1-488f-b8df-4c76b401eff8 - - - - - -] Attempt 1 to provision port 52fa633f-5235-4268-b8b2-4bebca2fc6a5
2026-07-22 23:20:20.115 9 INFO neutron.plugins.ml2.plugin [None req-07a9d885-f403-4e64-98f0-82aaf3e090e2 - - - - - -] Attempt 1 to provision port 79c534a6-3e3f-46ce-9066-65be6fff773f
2026-07-22 23:20:21.890 10 INFO neutron.plugins.ml2.plugin [None req-d5341543-7570-4d5b-995c-a50a0268e590 - - - - - -] Attempt 1 to provision port d5296eec-69e1-482e-8958-aabf77732888
2026-07-22 23:20:22.464 9 INFO neutron.plugins.ml2.plugin [None req-d0b2be3d-5ed1-488f-b8df-4c76b401eff8 - - - - - -] Attempt 1 to provision port 17c3d7ae-9b96-49ff-bf8d-945cd4f05521
2026-07-22 23:20:23.054 9 INFO neutron.plugins.ml2.plugin [None req-d0b2be3d-5ed1-488f-b8df-4c76b401eff8 - - - - - -] Attempt 1 to provision port 79c534a6-3e3f-46ce-9066-65be6fff773f
2026-07-22 23:20:23.158 9 INFO neutron.notifiers.nova [-] Nova event matching ['req-c0afb038-3e4b-4a06-b61e-19c62cfeaf3e'] response: {'server_uuid': 'b60c50fc-bb1d-4f2f-a294-ce7d18a957ea', 'name': 'network-vif-plugged', 'status': 'completed', 'tag': '17c3d7ae-9b96-49ff-bf8d-945cd4f05521', 'code': 200}
2026-07-22 23:20:23.561 10 INFO neutron.plugins.ml2.plugin [None req-a9b33ef7-5356-4279-8d26-b808ba236e87 - - - - - -] Attempt 1 to provision port f3f1920d-8326-4627-b6ec-ad878025a71a
2026-07-22 23:20:24.291 10 INFO neutron.plugins.ml2.plugin [None req-d0b2be3d-5ed1-488f-b8df-4c76b401eff8 - - - - - -] Attempt 1 to provision port 17c3d7ae-9b96-49ff-bf8d-945cd4f05521
2026-07-22 23:20:24.674 10 INFO neutron.plugins.ml2.plugin [None req-d0b2be3d-5ed1-488f-b8df-4c76b401eff8 - - - - - -] Attempt 1 to provision port 79c534a6-3e3f-46ce-9066-65be6fff773f
2026-07-22 23:20:25.164 10 INFO neutron.plugins.ml2.plugin [None req-41d81d43-086d-4fe6-8336-39065a7931a9 - - - - - -] Attempt 1 to provision port c4c89091-ca6a-4e0c-bb26-85c38b7e97ee
2026-07-22 23:20:25.241 9 INFO neutron.notifiers.nova [-] Nova event matching ['req-45a69335-0dbd-4a97-b0e3-0f43ba71e16c'] response: {'server_uuid': 'c96ad3b2-a5f1-401a-8525-b6f5ca947f93', 'name': 'network-vif-plugged', 'status': 'completed', 'tag': '79c534a6-3e3f-46ce-9066-65be6fff773f', 'code': 200}
2026-07-22 23:20:25.424 10 INFO neutron.plugins.ml2.plugin [None req-d0b2be3d-5ed1-488f-b8df-4c76b401eff8 - - - - - -] Attempt 1 to provision port c4c89091-ca6a-4e0c-bb26-85c38b7e97ee
2026-07-22 23:20:25.694 9 INFO neutron.plugins.ml2.plugin [None req-4b984577-5283-46a8-b8fa-54a15390f758 - - - - - -] Attempt 1 to provision port c4c89091-ca6a-4e0c-bb26-85c38b7e97ee
2026-07-22 23:20:26.070 10 INFO neutron.plugins.ml2.plugin [None req-ad8f2d1d-50ba-4e21-9df5-9c117d903ea9 - - - - - -] Attempt 1 to provision port 9afbda03-91f6-4d9f-ab12-c1bc5a297aec
2026-07-22 23:20:26.438 10 INFO neutron.plugins.ml2.plugin [None req-d0b2be3d-5ed1-488f-b8df-4c76b401eff8 - - - - - -] Attempt 1 to provision port c4c89091-ca6a-4e0c-bb26-85c38b7e97ee
2026-07-22 23:20:26.729 9 INFO neutron.plugins.ml2.plugin [None req-b12f2595-0e92-42a6-b03c-427131e8d2b0 - - - - - -] Attempt 1 to provision port 9afbda03-91f6-4d9f-ab12-c1bc5a297aec
2026-07-22 23:20:26.884 10 INFO neutron.plugins.ml2.plugin [None req-d0b2be3d-5ed1-488f-b8df-4c76b401eff8 - - - - - -] Attempt 1 to provision port d5296eec-69e1-482e-8958-aabf77732888
2026-07-22 23:20:27.403 10 INFO neutron.notifiers.nova [-] Nova event matching ['req-d4c2ae87-6dbf-4a9d-85c1-63438e539385'] response: {'server_uuid': '65ece75c-0388-40c5-9faf-651627503300', 'name': 'network-vif-plugged', 'status': 'completed', 'tag': 'd5296eec-69e1-482e-8958-aabf77732888', 'code': 200}
2026-07-22 23:20:28.337 10 INFO neutron.plugins.ml2.plugin [None req-d0b2be3d-5ed1-488f-b8df-4c76b401eff8 - - - - - -] Attempt 1 to provision port 91e6d449-25b6-4a3f-bd05-e1e6a33c3514
2026-07-22 23:20:28.967 10 INFO neutron.plugins.ml2.plugin [None req-d0b2be3d-5ed1-488f-b8df-4c76b401eff8 - - - - - -] Attempt 1 to provision port d5296eec-69e1-482e-8958-aabf77732888
2026-07-22 23:20:30.406 10 INFO neutron.plugins.ml2.plugin [None req-d0b2be3d-5ed1-488f-b8df-4c76b401eff8 - - - - - -] Attempt 1 to provision port 91e6d449-25b6-4a3f-bd05-e1e6a33c3514 /var/lib/openstack/lib/python3.10/site-packages/oslo_db/sqlalchemy/enginefacade.py:676: SAWarning: DELETE statement on table 'portsecuritybindings' expected to delete 1 row(s); 0 were matched. Please set confirm_deleted_rows=False within the mapper configuration to prevent this warning. self.session.flush() /var/lib/openstack/lib/python3.10/site-packages/oslo_db/sqlalchemy/enginefacade.py:676: SAWarning: DELETE statement on table 'ml2_port_bindings' expected to delete 1 row(s); 0 were matched. Please set confirm_deleted_rows=False within the mapper configuration to prevent this warning. self.session.flush() /var/lib/openstack/lib/python3.10/site-packages/oslo_db/sqlalchemy/enginefacade.py:676: SAWarning: DELETE statement on table 'ml2_port_binding_levels' expected to delete 1 row(s); 0 were matched. Please set confirm_deleted_rows=False within the mapper configuration to prevent this warning. self.session.flush() /var/lib/openstack/lib/python3.10/site-packages/oslo_db/sqlalchemy/enginefacade.py:676: SAWarning: DELETE statement on table 'ports' expected to delete 1 row(s); 0 were matched. Please set confirm_deleted_rows=False within the mapper configuration to prevent this warning. self.session.flush()
2026-07-22 23:20:36.394 10 INFO neutron.plugins.ml2.plugin [None req-d0b2be3d-5ed1-488f-b8df-4c76b401eff8 - - - - - -] Attempt 1 to provision port bf41dcc7-1c26-45da-9d5c-0441d35dab73
2026-07-22 23:20:36.761 9 INFO neutron.plugins.ml2.plugin [None req-bb56d416-6758-42d8-9d37-d2ac0edd80f9 - - - - - -] Attempt 1 to provision port 700b7a74-1a25-465b-a13d-deab3916dff5
2026-07-22 23:20:38.358 9 INFO neutron.plugins.ml2.plugin [None req-d0b2be3d-5ed1-488f-b8df-4c76b401eff8 - - - - - -] Attempt 1 to provision port bf41dcc7-1c26-45da-9d5c-0441d35dab73
2026-07-22 23:20:38.517 9 INFO neutron.plugins.ml2.plugin [None req-2cc5f103-ff69-41d2-8cbd-e53bcce0275e - - - - - -] Attempt 1 to provision port bf41dcc7-1c26-45da-9d5c-0441d35dab73
2026-07-22 23:20:38.949 10 INFO neutron.plugins.ml2.plugin [None req-a9a8fe87-065b-4244-9311-f46bde5c9b3b - - - - - -] Attempt 1 to provision port bf41dcc7-1c26-45da-9d5c-0441d35dab73
2026-07-22 23:20:39.577 9 INFO neutron.plugins.ml2.plugin [None req-9c84cb89-f19a-404d-9874-234a362725e9 - - - - - -] Attempt 1 to provision port 889e959a-4587-4627-a270-dbaa585ec215
2026-07-22 23:20:40.224 9 INFO neutron.plugins.ml2.plugin [None req-68dc30fb-1ec6-4c2d-8157-1736f554afb2 - - - - - -] Attempt 1 to provision port 889e959a-4587-4627-a270-dbaa585ec215
2026-07-22 23:20:40.230 10 INFO neutron.plugins.ml2.plugin [None req-d0b2be3d-5ed1-488f-b8df-4c76b401eff8 - - - - - -] Attempt 1 to provision port 44405f02-879b-43e9-aca5-fd0a2c97b788
2026-07-22 23:20:42.217 9 INFO neutron.plugins.ml2.plugin [None req-d0b2be3d-5ed1-488f-b8df-4c76b401eff8 - - - - - -] Attempt 1 to provision port 44405f02-879b-43e9-aca5-fd0a2c97b788
2026-07-22 23:20:45.107 10 INFO neutron.plugins.ml2.plugin [None req-b0048c86-0fd8-4775-8958-50ac6f950cac - - - - - -] Attempt 1 to provision port 47f01843-d939-4eec-9d1a-9c1a67d76e6e
2026-07-22 23:20:46.421 10 INFO neutron.plugins.ml2.plugin [None req-d0b2be3d-5ed1-488f-b8df-4c76b401eff8 - - - - - -] Attempt 1 to provision port 47f01843-d939-4eec-9d1a-9c1a67d76e6e
2026-07-22 23:20:46.533 10 INFO neutron.notifiers.nova [-] Nova event matching ['req-65db393c-c54d-49fb-b1f8-fd6738fe37d6'] response: {'server_uuid': 'ab9d5dc6-ce61-4de6-aa61-01fe7a4b3165', 'name': 'network-vif-plugged', 'status': 'completed', 'tag': '47f01843-d939-4eec-9d1a-9c1a67d76e6e', 'code': 200}
2026-07-22 23:20:46.869 10 INFO neutron.plugins.ml2.plugin [None req-d0b2be3d-5ed1-488f-b8df-4c76b401eff8 - - - - - -] Attempt 1 to provision port a413205d-f1d0-4a79-9e8c-14d91d5dce25
2026-07-22 23:20:47.345 10 INFO neutron.plugins.ml2.plugin [None req-d0b2be3d-5ed1-488f-b8df-4c76b401eff8 - - - - - -] Attempt 1 to provision port d443a8a6-dad6-4457-bec4-6e4acb2eccc2
2026-07-22 23:20:48.394 10 INFO neutron.plugins.ml2.plugin [None req-d0b2be3d-5ed1-488f-b8df-4c76b401eff8 - - - - - -] Attempt 1 to provision port 47f01843-d939-4eec-9d1a-9c1a67d76e6e
2026-07-22 23:20:48.684 10 INFO neutron.plugins.ml2.plugin [None req-d0b2be3d-5ed1-488f-b8df-4c76b401eff8 - - - - - -] Attempt 1 to provision port a413205d-f1d0-4a79-9e8c-14d91d5dce25
2026-07-22 23:20:48.958 10 INFO neutron.plugins.ml2.plugin [None req-d0b2be3d-5ed1-488f-b8df-4c76b401eff8 - - - - - -] Attempt 1 to provision port d443a8a6-dad6-4457-bec4-6e4acb2eccc2
2026-07-22 23:20:49.330 10 INFO neutron.plugins.ml2.plugin [None req-d0b2be3d-5ed1-488f-b8df-4c76b401eff8 - - - - - -] Attempt 1 to provision port d3026c80-fe8b-4eca-b75a-e884c70909ea
2026-07-22 23:20:50.110 10 INFO neutron.plugins.ml2.plugin [None req-d0b2be3d-5ed1-488f-b8df-4c76b401eff8 - - - - - -] Attempt 1 to provision port db388938-56ca-48b6-bce1-5f9bb4ffa012
2026-07-22 23:20:50.759 9 INFO neutron.notifiers.nova [-] Nova event matching ['req-06892ce2-221d-457f-b7a7-4e1ee6477c77'] response: {'server_uuid': 'b60c50fc-bb1d-4f2f-a294-ce7d18a957ea', 'name': 'network-vif-unplugged', 'status': 'completed', 'tag': '17c3d7ae-9b96-49ff-bf8d-945cd4f05521', 'code': 200}
2026-07-22 23:20:51.741 9 INFO neutron.plugins.ml2.plugin [None req-d0b2be3d-5ed1-488f-b8df-4c76b401eff8 - - - - - -] Attempt 1 to provision port 17c3d7ae-9b96-49ff-bf8d-945cd4f05521
2026-07-22 23:20:51.751 10 INFO neutron.plugins.ml2.plugin [None req-362f8834-de69-49fc-9d7d-b9393562d55c - - - - - -] Attempt 1 to provision port 79c534a6-3e3f-46ce-9066-65be6fff773f
2026-07-22 23:20:52.242 9 INFO neutron.plugins.ml2.plugin [None req-d0b2be3d-5ed1-488f-b8df-4c76b401eff8 - - - - - -] Attempt 1 to provision port d3026c80-fe8b-4eca-b75a-e884c70909ea
2026-07-22 23:20:52.574 9 INFO neutron.plugins.ml2.plugin [None req-d0b2be3d-5ed1-488f-b8df-4c76b401eff8 - - - - - -] Attempt 1 to provision port db388938-56ca-48b6-bce1-5f9bb4ffa012
2026-07-22 23:20:52.794 9 INFO neutron.notifiers.nova [-] Nova event matching ['req-765e6295-5fe8-4072-9c82-a7ec488e7f30'] response: {'server_uuid': 'b60c50fc-bb1d-4f2f-a294-ce7d18a957ea', 'name': 'network-vif-plugged', 'status': 'completed', 'tag': '17c3d7ae-9b96-49ff-bf8d-945cd4f05521', 'code': 200}
2026-07-22 23:20:53.087 9 INFO neutron.plugins.ml2.plugin [None req-e080866f-5149-412f-9e4d-915bfdf6d18b - - - - - -] Attempt 1 to provision port 79c534a6-3e3f-46ce-9066-65be6fff773f
2026-07-22 23:20:53.222 10 INFO neutron.plugins.ml2.plugin [None req-d0b2be3d-5ed1-488f-b8df-4c76b401eff8 - - - - - -] Attempt 1 to provision port 17c3d7ae-9b96-49ff-bf8d-945cd4f05521
2026-07-22 23:20:53.467 10 INFO neutron.plugins.ml2.plugin [None req-d0b2be3d-5ed1-488f-b8df-4c76b401eff8 - - - - - -] Attempt 1 to provision port 79c534a6-3e3f-46ce-9066-65be6fff773f /var/lib/openstack/lib/python3.10/site-packages/oslo_db/sqlalchemy/enginefacade.py:676: SAWarning: DELETE statement on table 'portsecuritybindings' expected to delete 1 row(s); 0 were matched. Please set confirm_deleted_rows=False within the mapper configuration to prevent this warning. self.session.flush() /var/lib/openstack/lib/python3.10/site-packages/oslo_db/sqlalchemy/enginefacade.py:676: SAWarning: DELETE statement on table 'ml2_port_bindings' expected to delete 1 row(s); 0 were matched. Please set confirm_deleted_rows=False within the mapper configuration to prevent this warning. self.session.flush() /var/lib/openstack/lib/python3.10/site-packages/oslo_db/sqlalchemy/enginefacade.py:676: SAWarning: DELETE statement on table 'ml2_port_binding_levels' expected to delete 1 row(s); 0 were matched. Please set confirm_deleted_rows=False within the mapper configuration to prevent this warning. self.session.flush() /var/lib/openstack/lib/python3.10/site-packages/oslo_db/sqlalchemy/enginefacade.py:676: SAWarning: DELETE statement on table 'ports' expected to delete 1 row(s); 0 were matched. Please set confirm_deleted_rows=False within the mapper configuration to prevent this warning. self.session.flush()
2026-07-22 23:21:01.992 9 INFO neutron.plugins.ml2.plugin [None req-cc7ba539-e934-4129-90f6-d6d63b444e0e - - - - - -] Attempt 1 to provision port 5da8e4a6-e986-48ae-8a1b-81d747dbd002
2026-07-22 23:21:03.166 10 INFO neutron.plugins.ml2.plugin [None req-d0b2be3d-5ed1-488f-b8df-4c76b401eff8 - - - - - -] Attempt 1 to provision port b8140b09-96fb-49b9-a4d4-947c87b559eb
2026-07-22 23:21:03.547 9 INFO neutron.plugins.ml2.plugin [None req-de3bafa0-129e-4678-9778-dafdee9d21c8 - - - - - -] Attempt 1 to provision port b8140b09-96fb-49b9-a4d4-947c87b559eb
2026-07-22 23:21:03.979 10 INFO neutron.plugins.ml2.plugin [None req-d9d93cc7-56b2-4dc7-b71d-95e06acc3a6c - - - - - -] Attempt 1 to provision port b8140b09-96fb-49b9-a4d4-947c87b559eb
2026-07-22 23:21:04.317 10 INFO neutron.plugins.ml2.plugin [None req-68818841-effa-4424-a1c8-507467482fb8 - - - - - -] Attempt 1 to provision port b96da506-f9f3-4511-bd8f-057b3bd922f3
2026-07-22 23:21:04.879 9 INFO neutron.plugins.ml2.plugin [None req-0f3cb7cf-1a1e-4efd-950f-5c37a2d411ee - - - - - -] Attempt 1 to provision port b96da506-f9f3-4511-bd8f-057b3bd922f3
2026-07-22 23:21:05.260 10 INFO neutron.plugins.ml2.plugin [None req-d0b2be3d-5ed1-488f-b8df-4c76b401eff8 - - - - - -] Attempt 1 to provision port 7901e0a0-fa88-4475-baf3-537c1ae05416
2026-07-22 23:21:05.701 10 INFO neutron.plugins.ml2.plugin [None req-d0b2be3d-5ed1-488f-b8df-4c76b401eff8 - - - - - -] Attempt 1 to provision port b8140b09-96fb-49b9-a4d4-947c87b559eb
