2026-07-22 23:20:44.112 7 INFO placement.requestlog [req-e8804cdd-022e-4a8c-9849-31a47bd0b435 req-59b52ea2-0022-425a-8fbb-1e669f226754 cfb1ba21e67c40e49b05743d4be89aa0 85913c9e5e3c4b818bf4474f9088c964 - - 2d8ed37a6156414289c2779e0db3f3b3 2d8ed37a6156414289c2779e0db3f3b3] 199.19.213.82 "GET /allocations/b60c50fc-bb1d-4f2f-a294-ce7d18a957ea" status: 200 len: 257 microversion: 1.28 [pid: 7|app: 0|req: 347/694] 199.19.213.82 () {34 vars in 862 bytes} [Wed Jul 22 23:20:44 2026] GET /allocations/b60c50fc-bb1d-4f2f-a294-ce7d18a957ea => generated 257 bytes in 12 msecs (HTTP/1.1 200) 8 headers in 296 bytes (1 switches on core 0)
2026-07-22 23:20:44.120 8 INFO placement.requestlog [None req-6e6f89fa-efab-4807-94ac-eba514454f88 d686bb0ac19347d0998f57f1dcc906c8 85913c9e5e3c4b818bf4474f9088c964 - - 2d8ed37a6156414289c2779e0db3f3b3 2d8ed37a6156414289c2779e0db3f3b3] 10.0.0.197 "GET /resource_providers/6c7893f9-72c4-4f95-b17e-398d2d964e24/aggregates" status: 404 len: 235 microversion: 1.1 [pid: 8|app: 0|req: 348/695] 10.0.0.197 () {32 vars in 816 bytes} [Wed Jul 22 23:20:44 2026] GET /resource_providers/6c7893f9-72c4-4f95-b17e-398d2d964e24/aggregates => generated 235 bytes in 8 msecs (HTTP/1.1 404) 5 headers in 202 bytes (1 switches on core 0)
2026-07-22 23:20:44.135 7 INFO placement.requestlog [req-e8804cdd-022e-4a8c-9849-31a47bd0b435 req-a2e6d8bd-9049-4e3a-88bb-ba97770423f2 cfb1ba21e67c40e49b05743d4be89aa0 85913c9e5e3c4b818bf4474f9088c964 - - 2d8ed37a6156414289c2779e0db3f3b3 2d8ed37a6156414289c2779e0db3f3b3] 199.19.213.82 "GET /allocations/c96ad3b2-a5f1-401a-8525-b6f5ca947f93" status: 200 len: 257 microversion: 1.28 [pid: 7|app: 0|req: 348/696] 199.19.213.82 () {34 vars in 862 bytes} [Wed Jul 22 23:20:44 2026] GET /allocations/c96ad3b2-a5f1-401a-8525-b6f5ca947f93 => generated 257 bytes in 15 msecs (HTTP/1.1 200) 8 headers in 296 bytes (1 switches on core 0)
2026-07-22 23:20:44.145 7 INFO placement.requestlog [None req-d56937b4-33cf-4fb5-a65e-3da43c691f12 d686bb0ac19347d0998f57f1dcc906c8 85913c9e5e3c4b818bf4474f9088c964 - - 2d8ed37a6156414289c2779e0db3f3b3 2d8ed37a6156414289c2779e0db3f3b3] 10.0.0.197 "DELETE /resource_providers/6c7893f9-72c4-4f95-b17e-398d2d964e24" status: 404 len: 246 microversion: 1.1 [pid: 7|app: 0|req: 349/697] 10.0.0.197 () {34 vars in 816 bytes} [Wed Jul 22 23:20:44 2026] DELETE /resource_providers/6c7893f9-72c4-4f95-b17e-398d2d964e24 => generated 246 bytes in 10 msecs (HTTP/1.1 404) 6 headers in 231 bytes (1 switches on core 0)
2026-07-22 23:20:44.149 8 INFO placement.requestlog [None req-f6deb89b-f5ec-445d-9a5f-5410cecc0ddf d686bb0ac19347d0998f57f1dcc906c8 85913c9e5e3c4b818bf4474f9088c964 - - 2d8ed37a6156414289c2779e0db3f3b3 2d8ed37a6156414289c2779e0db3f3b3] 10.0.0.197 "DELETE /resource_providers/6c7893f9-72c4-4f95-b17e-398d2d964e24" status: 404 len: 246 microversion: 1.1 [pid: 8|app: 0|req: 349/698] 10.0.0.197 () {34 vars in 816 bytes} [Wed Jul 22 23:20:44 2026] DELETE /resource_providers/6c7893f9-72c4-4f95-b17e-398d2d964e24 => generated 246 bytes in 20 msecs (HTTP/1.1 404) 6 headers in 231 bytes (1 switches on core 0)
2026-07-22 23:20:44.363 7 INFO placement.requestlog [None req-1a916690-87b4-4c46-93cd-5a7fe93a7369 d686bb0ac19347d0998f57f1dcc906c8 85913c9e5e3c4b818bf4474f9088c964 - - 2d8ed37a6156414289c2779e0db3f3b3 2d8ed37a6156414289c2779e0db3f3b3] 10.0.0.197 "GET /resource_providers/1c9667aa-75c4-4873-a13a-1284ef5cb888/aggregates" status: 404 len: 235 microversion: 1.1 [pid: 7|app: 0|req: 350/699] 10.0.0.197 () {32 vars in 816 bytes} [Wed Jul 22 23:20:44 2026] GET /resource_providers/1c9667aa-75c4-4873-a13a-1284ef5cb888/aggregates => generated 235 bytes in 141 msecs (HTTP/1.1 404) 5 headers in 202 bytes (1 switches on core 0)
2026-07-22 23:20:44.373 8 INFO placement.requestlog [None req-6b9b821e-e4bc-4da4-a1f9-0b7280d0827d d686bb0ac19347d0998f57f1dcc906c8 85913c9e5e3c4b818bf4474f9088c964 - - 2d8ed37a6156414289c2779e0db3f3b3 2d8ed37a6156414289c2779e0db3f3b3] 10.0.0.197 "GET /resource_providers/1c9667aa-75c4-4873-a13a-1284ef5cb888/aggregates" status: 404 len: 235 microversion: 1.1 [pid: 8|app: 0|req: 350/700] 10.0.0.197 () {32 vars in 816 bytes} [Wed Jul 22 23:20:44 2026] GET /resource_providers/1c9667aa-75c4-4873-a13a-1284ef5cb888/aggregates => generated 235 bytes in 151 msecs (HTTP/1.1 404) 5 headers in 202 bytes (1 switches on core 0)
2026-07-22 23:20:44.381 7 INFO placement.requestlog [None req-3bbad49c-ef60-4ee0-8b7c-d79c7397d874 d686bb0ac19347d0998f57f1dcc906c8 85913c9e5e3c4b818bf4474f9088c964 - - 2d8ed37a6156414289c2779e0db3f3b3 2d8ed37a6156414289c2779e0db3f3b3] 10.0.0.197 "DELETE /resource_providers/1c9667aa-75c4-4873-a13a-1284ef5cb888" status: 404 len: 246 microversion: 1.1 [pid: 7|app: 0|req: 351/701] 10.0.0.197 () {34 vars in 816 bytes} [Wed Jul 22 23:20:44 2026] DELETE /resource_providers/1c9667aa-75c4-4873-a13a-1284ef5cb888 => generated 246 bytes in 12 msecs (HTTP/1.1 404) 6 headers in 231 bytes (1 switches on core 0)
2026-07-22 23:20:44.413 8 INFO placement.requestlog [None req-2f46b85c-0d21-45ad-9757-3a65e4f9aa9c d686bb0ac19347d0998f57f1dcc906c8 85913c9e5e3c4b818bf4474f9088c964 - - 2d8ed37a6156414289c2779e0db3f3b3 2d8ed37a6156414289c2779e0db3f3b3] 10.0.0.197 "DELETE /resource_providers/1c9667aa-75c4-4873-a13a-1284ef5cb888" status: 404 len: 246 microversion: 1.1 [pid: 8|app: 0|req: 351/702] 10.0.0.197 () {34 vars in 816 bytes} [Wed Jul 22 23:20:44 2026] DELETE /resource_providers/1c9667aa-75c4-4873-a13a-1284ef5cb888 => generated 246 bytes in 13 msecs (HTTP/1.1 404) 6 headers in 231 bytes (1 switches on core 0)
2026-07-22 23:20:48.859 8 INFO placement.requestlog [None req-88a51ec8-90e0-441e-85db-a71d7d4de081 d686bb0ac19347d0998f57f1dcc906c8 85913c9e5e3c4b818bf4474f9088c964 - - 2d8ed37a6156414289c2779e0db3f3b3 2d8ed37a6156414289c2779e0db3f3b3] 10.0.0.197 "GET /resource_providers/3907f4b1-de22-47c2-9e2a-55a048fb44b3/aggregates" status: 404 len: 235 microversion: 1.1 [pid: 8|app: 0|req: 352/703] 10.0.0.197 () {32 vars in 816 bytes} [Wed Jul 22 23:20:48 2026] GET /resource_providers/3907f4b1-de22-47c2-9e2a-55a048fb44b3/aggregates => generated 235 bytes in 9 msecs (HTTP/1.1 404) 5 headers in 202 bytes (1 switches on core 0)
2026-07-22 23:20:48.862 7 INFO placement.requestlog [None req-961999c6-0ebe-4e38-8668-26d8a9910fe4 d686bb0ac19347d0998f57f1dcc906c8 85913c9e5e3c4b818bf4474f9088c964 - - 2d8ed37a6156414289c2779e0db3f3b3 2d8ed37a6156414289c2779e0db3f3b3] 10.0.0.197 "GET /resource_providers/3907f4b1-de22-47c2-9e2a-55a048fb44b3/aggregates" status: 404 len: 235 microversion: 1.1 [pid: 7|app: 0|req: 352/704] 10.0.0.197 () {32 vars in 816 bytes} [Wed Jul 22 23:20:48 2026] GET /resource_providers/3907f4b1-de22-47c2-9e2a-55a048fb44b3/aggregates => generated 235 bytes in 13 msecs (HTTP/1.1 404) 5 headers in 202 bytes (1 switches on core 0)
2026-07-22 23:20:48.887 8 INFO placement.requestlog [None req-efd85ed2-8cd2-46b8-a1b7-8d65692a273e d686bb0ac19347d0998f57f1dcc906c8 85913c9e5e3c4b818bf4474f9088c964 - - 2d8ed37a6156414289c2779e0db3f3b3 2d8ed37a6156414289c2779e0db3f3b3] 10.0.0.197 "DELETE /resource_providers/3907f4b1-de22-47c2-9e2a-55a048fb44b3" status: 404 len: 246 microversion: 1.1 [pid: 8|app: 0|req: 353/705] 10.0.0.197 () {34 vars in 816 bytes} [Wed Jul 22 23:20:48 2026] DELETE /resource_providers/3907f4b1-de22-47c2-9e2a-55a048fb44b3 => generated 246 bytes in 19 msecs (HTTP/1.1 404) 6 headers in 231 bytes (1 switches on core 0)
2026-07-22 23:20:48.896 7 INFO placement.requestlog [None req-402309df-e8a8-4272-abba-86a37c4320a9 d686bb0ac19347d0998f57f1dcc906c8 85913c9e5e3c4b818bf4474f9088c964 - - 2d8ed37a6156414289c2779e0db3f3b3 2d8ed37a6156414289c2779e0db3f3b3] 10.0.0.197 "DELETE /resource_providers/3907f4b1-de22-47c2-9e2a-55a048fb44b3" status: 404 len: 246 microversion: 1.1 [pid: 7|app: 0|req: 353/706] 10.0.0.197 () {34 vars in 816 bytes} [Wed Jul 22 23:20:48 2026] DELETE /resource_providers/3907f4b1-de22-47c2-9e2a-55a048fb44b3 => generated 246 bytes in 12 msecs (HTTP/1.1 404) 6 headers in 231 bytes (1 switches on core 0)
2026-07-22 23:20:49.845 7 INFO placement.requestlog [None req-2cc3a2d7-56ef-4a9a-9685-37261297c766 d686bb0ac19347d0998f57f1dcc906c8 85913c9e5e3c4b818bf4474f9088c964 - - 2d8ed37a6156414289c2779e0db3f3b3 2d8ed37a6156414289c2779e0db3f3b3] 10.0.0.197 "GET /resource_providers/52bf9dd7-f3e2-4cf1-b319-fd296682b61c/aggregates" status: 404 len: 235 microversion: 1.1 [pid: 7|app: 0|req: 354/707] 10.0.0.197 () {32 vars in 816 bytes} [Wed Jul 22 23:20:49 2026] GET /resource_providers/52bf9dd7-f3e2-4cf1-b319-fd296682b61c/aggregates => generated 235 bytes in 12 msecs (HTTP/1.1 404) 5 headers in 202 bytes (1 switches on core 0)
2026-07-22 23:20:49.848 8 INFO placement.requestlog [None req-65f5af16-0465-45cb-befb-75064e72aec5 d686bb0ac19347d0998f57f1dcc906c8 85913c9e5e3c4b818bf4474f9088c964 - - 2d8ed37a6156414289c2779e0db3f3b3 2d8ed37a6156414289c2779e0db3f3b3] 10.0.0.197 "GET /resource_providers/52bf9dd7-f3e2-4cf1-b319-fd296682b61c/aggregates" status: 404 len: 235 microversion: 1.1 [pid: 8|app: 0|req: 354/708] 10.0.0.197 () {32 vars in 816 bytes} [Wed Jul 22 23:20:49 2026] GET /resource_providers/52bf9dd7-f3e2-4cf1-b319-fd296682b61c/aggregates => generated 235 bytes in 15 msecs (HTTP/1.1 404) 5 headers in 202 bytes (1 switches on core 0)
2026-07-22 23:20:49.880 8 INFO placement.requestlog [None req-4fe5db6e-f184-4d16-afa6-8c7b68d39315 d686bb0ac19347d0998f57f1dcc906c8 85913c9e5e3c4b818bf4474f9088c964 - - 2d8ed37a6156414289c2779e0db3f3b3 2d8ed37a6156414289c2779e0db3f3b3] 10.0.0.197 "DELETE /resource_providers/52bf9dd7-f3e2-4cf1-b319-fd296682b61c" status: 404 len: 246 microversion: 1.1 [pid: 8|app: 0|req: 355/709] 10.0.0.197 () {34 vars in 816 bytes} [Wed Jul 22 23:20:49 2026] DELETE /resource_providers/52bf9dd7-f3e2-4cf1-b319-fd296682b61c => generated 246 bytes in 11 msecs (HTTP/1.1 404) 6 headers in 231 bytes (1 switches on core 0)
2026-07-22 23:20:49.883 7 INFO placement.requestlog [None req-3c3215c3-a189-4437-af54-0ed605e5c725 d686bb0ac19347d0998f57f1dcc906c8 85913c9e5e3c4b818bf4474f9088c964 - - 2d8ed37a6156414289c2779e0db3f3b3 2d8ed37a6156414289c2779e0db3f3b3] 10.0.0.197 "DELETE /resource_providers/52bf9dd7-f3e2-4cf1-b319-fd296682b61c" status: 404 len: 246 microversion: 1.1 [pid: 7|app: 0|req: 355/710] 10.0.0.197 () {34 vars in 816 bytes} [Wed Jul 22 23:20:49 2026] DELETE /resource_providers/52bf9dd7-f3e2-4cf1-b319-fd296682b61c => generated 246 bytes in 14 msecs (HTTP/1.1 404) 6 headers in 231 bytes (1 switches on core 0)
2026-07-22 23:20:50.922 8 INFO placement.requestlog [None req-360745b0-f303-4003-900d-3896bed27473 d686bb0ac19347d0998f57f1dcc906c8 85913c9e5e3c4b818bf4474f9088c964 - - 2d8ed37a6156414289c2779e0db3f3b3 2d8ed37a6156414289c2779e0db3f3b3] 10.0.0.197 "GET /resource_providers/2b586f0c-f9b7-4505-895a-e6eb376eaeb0/aggregates" status: 404 len: 235 microversion: 1.1 [pid: 8|app: 0|req: 356/711] 10.0.0.197 () {32 vars in 816 bytes} [Wed Jul 22 23:20:50 2026] GET /resource_providers/2b586f0c-f9b7-4505-895a-e6eb376eaeb0/aggregates => generated 235 bytes in 18 msecs (HTTP/1.1 404) 5 headers in 202 bytes (1 switches on core 0)
2026-07-22 23:20:50.923 7 INFO placement.requestlog [None req-39fb1f96-c367-4e4a-ae3c-abf8e50238ca d686bb0ac19347d0998f57f1dcc906c8 85913c9e5e3c4b818bf4474f9088c964 - - 2d8ed37a6156414289c2779e0db3f3b3 2d8ed37a6156414289c2779e0db3f3b3] 10.0.0.197 "GET /resource_providers/2b586f0c-f9b7-4505-895a-e6eb376eaeb0/aggregates" status: 404 len: 235 microversion: 1.1 [pid: 7|app: 0|req: 356/712] 10.0.0.197 () {32 vars in 816 bytes} [Wed Jul 22 23:20:50 2026] GET /resource_providers/2b586f0c-f9b7-4505-895a-e6eb376eaeb0/aggregates => generated 235 bytes in 13 msecs (HTTP/1.1 404) 5 headers in 202 bytes (1 switches on core 0)
2026-07-22 23:20:50.948 8 INFO placement.requestlog [None req-e88b9321-aed3-462b-8143-e96f691dbcaa d686bb0ac19347d0998f57f1dcc906c8 85913c9e5e3c4b818bf4474f9088c964 - - 2d8ed37a6156414289c2779e0db3f3b3 2d8ed37a6156414289c2779e0db3f3b3] 10.0.0.197 "DELETE /resource_providers/2b586f0c-f9b7-4505-895a-e6eb376eaeb0" status: 404 len: 246 microversion: 1.1 [pid: 8|app: 0|req: 357/713] 10.0.0.197 () {34 vars in 816 bytes} [Wed Jul 22 23:20:50 2026] DELETE /resource_providers/2b586f0c-f9b7-4505-895a-e6eb376eaeb0 => generated 246 bytes in 13 msecs (HTTP/1.1 404) 6 headers in 231 bytes (1 switches on core 0)
2026-07-22 23:20:50.950 7 INFO placement.requestlog [None req-c84f083f-6310-4e84-bdd5-80c6c6e01e86 d686bb0ac19347d0998f57f1dcc906c8 85913c9e5e3c4b818bf4474f9088c964 - - 2d8ed37a6156414289c2779e0db3f3b3 2d8ed37a6156414289c2779e0db3f3b3] 10.0.0.197 "DELETE /resource_providers/2b586f0c-f9b7-4505-895a-e6eb376eaeb0" status: 404 len: 246 microversion: 1.1 [pid: 7|app: 0|req: 357/714] 10.0.0.197 () {34 vars in 816 bytes} [Wed Jul 22 23:20:50 2026] DELETE /resource_providers/2b586f0c-f9b7-4505-895a-e6eb376eaeb0 => generated 246 bytes in 16 msecs (HTTP/1.1 404) 6 headers in 231 bytes (1 switches on core 0)
2026-07-22 23:20:51.911 7 INFO placement.requestlog [None req-67414009-a5f9-4c61-afd0-ebb3e01e656f d686bb0ac19347d0998f57f1dcc906c8 85913c9e5e3c4b818bf4474f9088c964 - - 2d8ed37a6156414289c2779e0db3f3b3 2d8ed37a6156414289c2779e0db3f3b3] 10.0.0.197 "GET /resource_providers/eb494434-4802-4785-b224-975353a4ab0d/aggregates" status: 404 len: 235 microversion: 1.1 [pid: 7|app: 0|req: 358/715] 10.0.0.197 () {32 vars in 816 bytes} [Wed Jul 22 23:20:51 2026] GET /resource_providers/eb494434-4802-4785-b224-975353a4ab0d/aggregates => generated 235 bytes in 13 msecs (HTTP/1.1 404) 5 headers in 202 bytes (1 switches on core 0)
2026-07-22 23:20:51.914 8 INFO placement.requestlog [None req-e870b2a6-56f7-426e-b783-579d3d963a10 d686bb0ac19347d0998f57f1dcc906c8 85913c9e5e3c4b818bf4474f9088c964 - - 2d8ed37a6156414289c2779e0db3f3b3 2d8ed37a6156414289c2779e0db3f3b3] 10.0.0.197 "GET /resource_providers/eb494434-4802-4785-b224-975353a4ab0d/aggregates" status: 404 len: 235 microversion: 1.1 [pid: 8|app: 0|req: 358/716] 10.0.0.197 () {32 vars in 816 bytes} [Wed Jul 22 23:20:51 2026] GET /resource_providers/eb494434-4802-4785-b224-975353a4ab0d/aggregates => generated 235 bytes in 17 msecs (HTTP/1.1 404) 5 headers in 202 bytes (1 switches on core 0)
2026-07-22 23:20:51.932 7 INFO placement.requestlog [None req-9731b4a9-ebbf-4ffe-a4c0-9519c0b138c9 d686bb0ac19347d0998f57f1dcc906c8 85913c9e5e3c4b818bf4474f9088c964 - - 2d8ed37a6156414289c2779e0db3f3b3 2d8ed37a6156414289c2779e0db3f3b3] 10.0.0.197 "DELETE /resource_providers/eb494434-4802-4785-b224-975353a4ab0d" status: 404 len: 246 microversion: 1.1 [pid: 7|app: 0|req: 359/717] 10.0.0.197 () {34 vars in 816 bytes} [Wed Jul 22 23:20:51 2026] DELETE /resource_providers/eb494434-4802-4785-b224-975353a4ab0d => generated 246 bytes in 10 msecs (HTTP/1.1 404) 6 headers in 231 bytes (1 switches on core 0)
2026-07-22 23:20:51.944 8 INFO placement.requestlog [None req-beae865a-d5a7-49c3-9280-1508ea50f4b7 d686bb0ac19347d0998f57f1dcc906c8 85913c9e5e3c4b818bf4474f9088c964 - - 2d8ed37a6156414289c2779e0db3f3b3 2d8ed37a6156414289c2779e0db3f3b3] 10.0.0.197 "DELETE /resource_providers/eb494434-4802-4785-b224-975353a4ab0d" status: 404 len: 246 microversion: 1.1 [pid: 8|app: 0|req: 359/718] 10.0.0.197 () {34 vars in 816 bytes} [Wed Jul 22 23:20:51 2026] DELETE /resource_providers/eb494434-4802-4785-b224-975353a4ab0d => generated 246 bytes in 21 msecs (HTTP/1.1 404) 6 headers in 231 bytes (1 switches on core 0)
2026-07-22 23:20:52.152 7 INFO placement.requestlog [req-062aa6d4-7799-4010-b80a-6bfa69e0c69a req-e0385cf6-9cf1-48f3-8f09-321171f463c1 cfb1ba21e67c40e49b05743d4be89aa0 85913c9e5e3c4b818bf4474f9088c964 - - 2d8ed37a6156414289c2779e0db3f3b3 2d8ed37a6156414289c2779e0db3f3b3] 199.19.213.82 "GET /resource_providers/c9f9acaf-1574-4ae3-976b-3d929237d330/allocations" status: 200 len: 352 microversion: 1.0 [pid: 7|app: 0|req: 360/719] 199.19.213.82 () {32 vars in 856 bytes} [Wed Jul 22 23:20:52 2026] GET /resource_providers/c9f9acaf-1574-4ae3-976b-3d929237d330/allocations => generated 352 bytes in 37 msecs (HTTP/1.1 200) 6 headers in 224 bytes (1 switches on core 0)
2026-07-22 23:20:52.185 8 INFO placement.requestlog [req-062aa6d4-7799-4010-b80a-6bfa69e0c69a req-bdebc7e8-248a-4a5e-8b7b-31281f1f4b24 cfb1ba21e67c40e49b05743d4be89aa0 85913c9e5e3c4b818bf4474f9088c964 - - 2d8ed37a6156414289c2779e0db3f3b3 2d8ed37a6156414289c2779e0db3f3b3] 199.19.213.82 "GET /allocations/ab9d5dc6-ce61-4de6-aa61-01fe7a4b3165" status: 200 len: 257 microversion: 1.28 [pid: 8|app: 0|req: 360/720] 199.19.213.82 () {34 vars in 862 bytes} [Wed Jul 22 23:20:52 2026] GET /allocations/ab9d5dc6-ce61-4de6-aa61-01fe7a4b3165 => generated 257 bytes in 25 msecs (HTTP/1.1 200) 8 headers in 296 bytes (1 switches on core 0)
2026-07-22 23:20:52.218 8 INFO placement.requestlog [None req-431ff52b-620a-46bc-b7b0-b3accc4a0638 - - - - - -] 10.0.0.28 "GET /" status: 200 len: 136 microversion: 1.0
2026-07-22 23:20:52.219 8 INFO placement.requestlog [None req-80b6afd8-bdfa-4ad9-b2eb-7b80f73b2515 - - - - - -] 10.0.0.28 "GET /" status: 200 len: 136 microversion: 1.0
2026-07-22 23:20:52.225 7 INFO placement.requestlog [req-062aa6d4-7799-4010-b80a-6bfa69e0c69a req-9e57143a-9230-4d72-9b8f-7c83c26d4554 cfb1ba21e67c40e49b05743d4be89aa0 85913c9e5e3c4b818bf4474f9088c964 - - 2d8ed37a6156414289c2779e0db3f3b3 2d8ed37a6156414289c2779e0db3f3b3] 199.19.213.82 "GET /allocations/b60c50fc-bb1d-4f2f-a294-ce7d18a957ea" status: 200 len: 257 microversion: 1.28 [pid: 7|app: 0|req: 361/723] 199.19.213.82 () {34 vars in 862 bytes} [Wed Jul 22 23:20:52 2026] GET /allocations/b60c50fc-bb1d-4f2f-a294-ce7d18a957ea => generated 257 bytes in 25 msecs (HTTP/1.1 200) 8 headers in 296 bytes (1 switches on core 0)
2026-07-22 23:20:52.259 8 INFO placement.requestlog [req-062aa6d4-7799-4010-b80a-6bfa69e0c69a req-b801736b-7288-44f9-bc17-cb06b41239ca cfb1ba21e67c40e49b05743d4be89aa0 85913c9e5e3c4b818bf4474f9088c964 - - 2d8ed37a6156414289c2779e0db3f3b3 2d8ed37a6156414289c2779e0db3f3b3] 199.19.213.82 "GET /allocations/c96ad3b2-a5f1-401a-8525-b6f5ca947f93" status: 200 len: 257 microversion: 1.28 [pid: 8|app: 0|req: 363/724] 199.19.213.82 () {34 vars in 862 bytes} [Wed Jul 22 23:20:52 2026] GET /allocations/c96ad3b2-a5f1-401a-8525-b6f5ca947f93 => generated 257 bytes in 27 msecs (HTTP/1.1 200) 8 headers in 296 bytes (1 switches on core 0)
2026-07-22 23:20:52.329 7 INFO placement.requestlog [req-062aa6d4-7799-4010-b80a-6bfa69e0c69a req-d681ad06-39ac-4cc6-b00b-d55a4ae515fe cfb1ba21e67c40e49b05743d4be89aa0 85913c9e5e3c4b818bf4474f9088c964 - - 2d8ed37a6156414289c2779e0db3f3b3 2d8ed37a6156414289c2779e0db3f3b3] 199.19.213.82 "DELETE /allocations/ab9d5dc6-ce61-4de6-aa61-01fe7a4b3165" status: 204 len: 0 microversion: 1.0 [pid: 7|app: 0|req: 362/725] 199.19.213.82 () {34 vars in 840 bytes} [Wed Jul 22 23:20:52 2026] DELETE /allocations/ab9d5dc6-ce61-4de6-aa61-01fe7a4b3165 => generated 0 bytes in 28 msecs (HTTP/1.1 204) 5 headers in 198 bytes (1 switches on core 0)
2026-07-22 23:20:55.627 8 INFO placement.requestlog [None req-cb64b294-1f8f-45f9-bb35-1a46088dd64c d686bb0ac19347d0998f57f1dcc906c8 85913c9e5e3c4b818bf4474f9088c964 - - 2d8ed37a6156414289c2779e0db3f3b3 2d8ed37a6156414289c2779e0db3f3b3] 10.0.0.197 "GET /resource_providers/ef3db4e7-b9d2-4cb5-8271-5358c2b97c2f/aggregates" status: 404 len: 235 microversion: 1.1 [pid: 8|app: 0|req: 364/726] 10.0.0.197 () {32 vars in 816 bytes} [Wed Jul 22 23:20:55 2026] GET /resource_providers/ef3db4e7-b9d2-4cb5-8271-5358c2b97c2f/aggregates => generated 235 bytes in 11 msecs (HTTP/1.1 404) 5 headers in 202 bytes (1 switches on core 0)
2026-07-22 23:20:55.635 7 INFO placement.requestlog [None req-27569cee-959f-464a-b7ad-350e53df7e90 d686bb0ac19347d0998f57f1dcc906c8 85913c9e5e3c4b818bf4474f9088c964 - - 2d8ed37a6156414289c2779e0db3f3b3 2d8ed37a6156414289c2779e0db3f3b3] 10.0.0.197 "GET /resource_providers/ef3db4e7-b9d2-4cb5-8271-5358c2b97c2f/aggregates" status: 404 len: 235 microversion: 1.1 [pid: 7|app: 0|req: 363/727] 10.0.0.197 () {32 vars in 816 bytes} [Wed Jul 22 23:20:55 2026] GET /resource_providers/ef3db4e7-b9d2-4cb5-8271-5358c2b97c2f/aggregates => generated 235 bytes in 13 msecs (HTTP/1.1 404) 5 headers in 202 bytes (1 switches on core 0)
2026-07-22 23:20:55.655 8 INFO placement.requestlog [None req-c007f65d-8858-417c-8363-b2f22dafbbe6 d686bb0ac19347d0998f57f1dcc906c8 85913c9e5e3c4b818bf4474f9088c964 - - 2d8ed37a6156414289c2779e0db3f3b3 2d8ed37a6156414289c2779e0db3f3b3] 10.0.0.197 "DELETE /resource_providers/ef3db4e7-b9d2-4cb5-8271-5358c2b97c2f" status: 404 len: 246 microversion: 1.1 [pid: 8|app: 0|req: 365/728] 10.0.0.197 () {34 vars in 816 bytes} [Wed Jul 22 23:20:55 2026] DELETE /resource_providers/ef3db4e7-b9d2-4cb5-8271-5358c2b97c2f => generated 246 bytes in 12 msecs (HTTP/1.1 404) 6 headers in 231 bytes (1 switches on core 0)
2026-07-22 23:20:55.663 7 INFO placement.requestlog [None req-b67bba06-2a83-4571-a6ce-75ef541d83a1 d686bb0ac19347d0998f57f1dcc906c8 85913c9e5e3c4b818bf4474f9088c964 - - 2d8ed37a6156414289c2779e0db3f3b3 2d8ed37a6156414289c2779e0db3f3b3] 10.0.0.197 "DELETE /resource_providers/ef3db4e7-b9d2-4cb5-8271-5358c2b97c2f" status: 404 len: 246 microversion: 1.1 [pid: 7|app: 0|req: 364/729] 10.0.0.197 () {34 vars in 816 bytes} [Wed Jul 22 23:20:55 2026] DELETE /resource_providers/ef3db4e7-b9d2-4cb5-8271-5358c2b97c2f => generated 246 bytes in 12 msecs (HTTP/1.1 404) 6 headers in 231 bytes (1 switches on core 0)
2026-07-22 23:20:56.602 7 INFO placement.requestlog [None req-3f51fc4c-ebaa-4587-b9d5-4542bb06a0d2 d686bb0ac19347d0998f57f1dcc906c8 85913c9e5e3c4b818bf4474f9088c964 - - 2d8ed37a6156414289c2779e0db3f3b3 2d8ed37a6156414289c2779e0db3f3b3] 10.0.0.197 "GET /resource_providers/66781e1f-0608-4fd3-9a06-14606a55191e/aggregates" status: 404 len: 235 microversion: 1.1 [pid: 7|app: 0|req: 365/730] 10.0.0.197 () {32 vars in 816 bytes} [Wed Jul 22 23:20:56 2026] GET /resource_providers/66781e1f-0608-4fd3-9a06-14606a55191e/aggregates => generated 235 bytes in 10 msecs (HTTP/1.1 404) 5 headers in 202 bytes (1 switches on core 0)
2026-07-22 23:20:56.604 8 INFO placement.requestlog [None req-c580e623-99d5-481f-b33a-10dd20ee38fd d686bb0ac19347d0998f57f1dcc906c8 85913c9e5e3c4b818bf4474f9088c964 - - 2d8ed37a6156414289c2779e0db3f3b3 2d8ed37a6156414289c2779e0db3f3b3] 10.0.0.197 "GET /resource_providers/66781e1f-0608-4fd3-9a06-14606a55191e/aggregates" status: 404 len: 235 microversion: 1.1 [pid: 8|app: 0|req: 366/731] 10.0.0.197 () {32 vars in 816 bytes} [Wed Jul 22 23:20:56 2026] GET /resource_providers/66781e1f-0608-4fd3-9a06-14606a55191e/aggregates => generated 235 bytes in 13 msecs (HTTP/1.1 404) 5 headers in 202 bytes (1 switches on core 0)
2026-07-22 23:20:56.640 8 INFO placement.requestlog [None req-03950865-724f-4d50-9fa6-9967b9a8901f d686bb0ac19347d0998f57f1dcc906c8 85913c9e5e3c4b818bf4474f9088c964 - - 2d8ed37a6156414289c2779e0db3f3b3 2d8ed37a6156414289c2779e0db3f3b3] 10.0.0.197 "DELETE /resource_providers/66781e1f-0608-4fd3-9a06-14606a55191e" status: 404 len: 246 microversion: 1.1 [pid: 8|app: 0|req: 367/732] 10.0.0.197 () {34 vars in 816 bytes} [Wed Jul 22 23:20:56 2026] DELETE /resource_providers/66781e1f-0608-4fd3-9a06-14606a55191e => generated 246 bytes in 12 msecs (HTTP/1.1 404) 6 headers in 231 bytes (1 switches on core 0)
2026-07-22 23:20:56.643 7 INFO placement.requestlog [None req-a4de3076-e52c-47d4-a8d5-0e3fe24c0d42 d686bb0ac19347d0998f57f1dcc906c8 85913c9e5e3c4b818bf4474f9088c964 - - 2d8ed37a6156414289c2779e0db3f3b3 2d8ed37a6156414289c2779e0db3f3b3] 10.0.0.197 "DELETE /resource_providers/66781e1f-0608-4fd3-9a06-14606a55191e" status: 404 len: 246 microversion: 1.1 [pid: 7|app: 0|req: 366/733] 10.0.0.197 () {34 vars in 816 bytes} [Wed Jul 22 23:20:56 2026] DELETE /resource_providers/66781e1f-0608-4fd3-9a06-14606a55191e => generated 246 bytes in 18 msecs (HTTP/1.1 404) 6 headers in 231 bytes (1 switches on core 0)
2026-07-22 23:20:57.647 8 INFO placement.requestlog [req-811a903c-d8f9-4866-bec6-5dd0c3093eed req-9e7d34bc-1b50-4536-96b9-114bbc9cf710 cfb1ba21e67c40e49b05743d4be89aa0 85913c9e5e3c4b818bf4474f9088c964 - - 2d8ed37a6156414289c2779e0db3f3b3 2d8ed37a6156414289c2779e0db3f3b3] 199.19.213.82 "GET /resource_providers?in_tree=c9f9acaf-1574-4ae3-976b-3d929237d330" status: 200 len: 797 microversion: 1.14 [pid: 8|app: 0|req: 368/734] 199.19.213.82 () {34 vars in 891 bytes} [Wed Jul 22 23:20:57 2026] GET /resource_providers?in_tree=c9f9acaf-1574-4ae3-976b-3d929237d330 => generated 797 bytes in 304 msecs (HTTP/1.1 200) 6 headers in 225 bytes (1 switches on core 0)
2026-07-22 23:20:57.676 7 INFO placement.requestlog [req-811a903c-d8f9-4866-bec6-5dd0c3093eed req-930c2a52-c8c5-4e6f-89d4-0fb5022ef5e0 cfb1ba21e67c40e49b05743d4be89aa0 85913c9e5e3c4b818bf4474f9088c964 - - 2d8ed37a6156414289c2779e0db3f3b3 2d8ed37a6156414289c2779e0db3f3b3] 199.19.213.82 "GET /resource_providers/c9f9acaf-1574-4ae3-976b-3d929237d330/inventories" status: 200 len: 400 microversion: 1.0 [pid: 7|app: 0|req: 367/735] 199.19.213.82 () {32 vars in 856 bytes} [Wed Jul 22 23:20:57 2026] GET /resource_providers/c9f9acaf-1574-4ae3-976b-3d929237d330/inventories => generated 400 bytes in 21 msecs (HTTP/1.1 200) 6 headers in 224 bytes (1 switches on core 0)
2026-07-22 23:20:57.677 8 INFO placement.requestlog [None req-63105900-70b7-40b7-989f-3d357bfff060 d686bb0ac19347d0998f57f1dcc906c8 85913c9e5e3c4b818bf4474f9088c964 - - 2d8ed37a6156414289c2779e0db3f3b3 2d8ed37a6156414289c2779e0db3f3b3] 10.0.0.197 "GET /resource_providers/44f743fd-c1d4-42bd-bd60-949cca54948d/aggregates" status: 404 len: 235 microversion: 1.1 [pid: 8|app: 0|req: 369/736] 10.0.0.197 () {32 vars in 816 bytes} [Wed Jul 22 23:20:57 2026] GET /resource_providers/44f743fd-c1d4-42bd-bd60-949cca54948d/aggregates => generated 235 bytes in 9 msecs (HTTP/1.1 404) 5 headers in 202 bytes (1 switches on core 0)
2026-07-22 23:20:57.689 7 INFO placement.requestlog [None req-c1ff7c63-3c84-443c-9cd6-b780c532e7b1 d686bb0ac19347d0998f57f1dcc906c8 85913c9e5e3c4b818bf4474f9088c964 - - 2d8ed37a6156414289c2779e0db3f3b3 2d8ed37a6156414289c2779e0db3f3b3] 10.0.0.197 "GET /resource_providers/44f743fd-c1d4-42bd-bd60-949cca54948d/aggregates" status: 404 len: 235 microversion: 1.1 [pid: 7|app: 0|req: 368/737] 10.0.0.197 () {32 vars in 816 bytes} [Wed Jul 22 23:20:57 2026] GET /resource_providers/44f743fd-c1d4-42bd-bd60-949cca54948d/aggregates => generated 235 bytes in 13 msecs (HTTP/1.1 404) 5 headers in 202 bytes (1 switches on core 0)
2026-07-22 23:20:57.694 8 INFO placement.requestlog [None req-21512d6c-1570-418f-80ed-d7e56edf5bf1 d686bb0ac19347d0998f57f1dcc906c8 85913c9e5e3c4b818bf4474f9088c964 - - 2d8ed37a6156414289c2779e0db3f3b3 2d8ed37a6156414289c2779e0db3f3b3] 10.0.0.197 "DELETE /resource_providers/44f743fd-c1d4-42bd-bd60-949cca54948d" status: 404 len: 246 microversion: 1.1 [pid: 8|app: 0|req: 370/738] 10.0.0.197 () {34 vars in 816 bytes} [Wed Jul 22 23:20:57 2026] DELETE /resource_providers/44f743fd-c1d4-42bd-bd60-949cca54948d => generated 246 bytes in 9 msecs (HTTP/1.1 404) 6 headers in 231 bytes (1 switches on core 0)
2026-07-22 23:20:57.702 7 INFO placement.requestlog [req-811a903c-d8f9-4866-bec6-5dd0c3093eed req-b83d2bcc-68ac-4c68-95f0-a58906d2f770 cfb1ba21e67c40e49b05743d4be89aa0 85913c9e5e3c4b818bf4474f9088c964 - - 2d8ed37a6156414289c2779e0db3f3b3 2d8ed37a6156414289c2779e0db3f3b3] 199.19.213.82 "GET /resource_providers/c9f9acaf-1574-4ae3-976b-3d929237d330/aggregates" status: 200 len: 53 microversion: 1.19 [pid: 7|app: 0|req: 369/739] 199.19.213.82 () {34 vars in 898 bytes} [Wed Jul 22 23:20:57 2026] GET /resource_providers/c9f9acaf-1574-4ae3-976b-3d929237d330/aggregates => generated 53 bytes in 12 msecs (HTTP/1.1 200) 8 headers in 295 bytes (1 switches on core 0)
2026-07-22 23:20:57.706 8 INFO placement.requestlog [None req-720eebc8-b493-4f3b-9ddb-f9b8e479f055 d686bb0ac19347d0998f57f1dcc906c8 85913c9e5e3c4b818bf4474f9088c964 - - 2d8ed37a6156414289c2779e0db3f3b3 2d8ed37a6156414289c2779e0db3f3b3] 10.0.0.197 "DELETE /resource_providers/44f743fd-c1d4-42bd-bd60-949cca54948d" status: 404 len: 246 microversion: 1.1 [pid: 8|app: 0|req: 371/740] 10.0.0.197 () {34 vars in 816 bytes} [Wed Jul 22 23:20:57 2026] DELETE /resource_providers/44f743fd-c1d4-42bd-bd60-949cca54948d => generated 246 bytes in 12 msecs (HTTP/1.1 404) 6 headers in 231 bytes (1 switches on core 0)
2026-07-22 23:20:57.742 7 INFO placement.requestlog [req-811a903c-d8f9-4866-bec6-5dd0c3093eed req-c8b8696f-b34c-4fda-a4ce-070d60b5e9f6 cfb1ba21e67c40e49b05743d4be89aa0 85913c9e5e3c4b818bf4474f9088c964 - - 2d8ed37a6156414289c2779e0db3f3b3 2d8ed37a6156414289c2779e0db3f3b3] 199.19.213.82 "GET /resource_providers/c9f9acaf-1574-4ae3-976b-3d929237d330/traits" status: 200 len: 1682 microversion: 1.6 [pid: 7|app: 0|req: 370/741] 199.19.213.82 () {34 vars in 889 bytes} [Wed Jul 22 23:20:57 2026] GET /resource_providers/c9f9acaf-1574-4ae3-976b-3d929237d330/traits => generated 1682 bytes in 33 msecs (HTTP/1.1 200) 6 headers in 225 bytes (1 switches on core 0)
2026-07-22 23:20:57.770 8 INFO placement.requestlog [req-811a903c-d8f9-4866-bec6-5dd0c3093eed req-61c84c5b-082a-448f-87a4-92a6aef1a6ea cfb1ba21e67c40e49b05743d4be89aa0 85913c9e5e3c4b818bf4474f9088c964 - - 2d8ed37a6156414289c2779e0db3f3b3 2d8ed37a6156414289c2779e0db3f3b3] 199.19.213.82 "GET /resource_providers/c9f9acaf-1574-4ae3-976b-3d929237d330/allocations" status: 200 len: 252 microversion: 1.0 [pid: 8|app: 0|req: 372/742] 199.19.213.82 () {32 vars in 856 bytes} [Wed Jul 22 23:20:57 2026] GET /resource_providers/c9f9acaf-1574-4ae3-976b-3d929237d330/allocations => generated 252 bytes in 17 msecs (HTTP/1.1 200) 6 headers in 224 bytes (1 switches on core 0)
2026-07-22 23:20:57.794 7 INFO placement.requestlog [req-811a903c-d8f9-4866-bec6-5dd0c3093eed req-21fd032d-5e5b-48c5-b7a7-d302698e5414 cfb1ba21e67c40e49b05743d4be89aa0 85913c9e5e3c4b818bf4474f9088c964 - - 2d8ed37a6156414289c2779e0db3f3b3 2d8ed37a6156414289c2779e0db3f3b3] 199.19.213.82 "GET /allocations/b60c50fc-bb1d-4f2f-a294-ce7d18a957ea" status: 200 len: 257 microversion: 1.28 [pid: 7|app: 0|req: 371/743] 199.19.213.82 () {34 vars in 862 bytes} [Wed Jul 22 23:20:57 2026] GET /allocations/b60c50fc-bb1d-4f2f-a294-ce7d18a957ea => generated 257 bytes in 16 msecs (HTTP/1.1 200) 8 headers in 296 bytes (1 switches on core 0)
2026-07-22 23:20:57.819 8 INFO placement.requestlog [req-811a903c-d8f9-4866-bec6-5dd0c3093eed req-20057a8e-cc43-45e1-a843-3457b00032dc cfb1ba21e67c40e49b05743d4be89aa0 85913c9e5e3c4b818bf4474f9088c964 - - 2d8ed37a6156414289c2779e0db3f3b3 2d8ed37a6156414289c2779e0db3f3b3] 199.19.213.82 "GET /allocations/c96ad3b2-a5f1-401a-8525-b6f5ca947f93" status: 200 len: 257 microversion: 1.28 [pid: 8|app: 0|req: 373/744] 199.19.213.82 () {34 vars in 862 bytes} [Wed Jul 22 23:20:57 2026] GET /allocations/c96ad3b2-a5f1-401a-8525-b6f5ca947f93 => generated 257 bytes in 12 msecs (HTTP/1.1 200) 8 headers in 296 bytes (1 switches on core 0)
2026-07-22 23:20:57.902 7 INFO placement.requestlog [req-811a903c-d8f9-4866-bec6-5dd0c3093eed req-de814240-e1bf-49ed-9cef-d4b2ed74136a cfb1ba21e67c40e49b05743d4be89aa0 85913c9e5e3c4b818bf4474f9088c964 - - 2d8ed37a6156414289c2779e0db3f3b3 2d8ed37a6156414289c2779e0db3f3b3] 199.19.213.82 "DELETE /allocations/c96ad3b2-a5f1-401a-8525-b6f5ca947f93" status: 204 len: 0 microversion: 1.0 [pid: 7|app: 0|req: 372/745] 199.19.213.82 () {34 vars in 840 bytes} [Wed Jul 22 23:20:57 2026] DELETE /allocations/c96ad3b2-a5f1-401a-8525-b6f5ca947f93 => generated 0 bytes in 53 msecs (HTTP/1.1 204) 5 headers in 198 bytes (1 switches on core 0)
2026-07-22 23:20:58.927 7 INFO placement.requestlog [None req-d7b3ae4f-12c7-4457-8aae-c642420d8b52 d686bb0ac19347d0998f57f1dcc906c8 85913c9e5e3c4b818bf4474f9088c964 - - 2d8ed37a6156414289c2779e0db3f3b3 2d8ed37a6156414289c2779e0db3f3b3] 10.0.0.197 "GET /resource_providers/55da2555-f882-4660-b47a-c791c286d81a/aggregates" status: 404 len: 235 microversion: 1.1 [pid: 7|app: 0|req: 373/746] 10.0.0.197 () {32 vars in 816 bytes} [Wed Jul 22 23:20:58 2026] GET /resource_providers/55da2555-f882-4660-b47a-c791c286d81a/aggregates => generated 235 bytes in 11 msecs (HTTP/1.1 404) 5 headers in 202 bytes (1 switches on core 0)
2026-07-22 23:20:58.930 8 INFO placement.requestlog [None req-6c360844-b06a-4090-9da4-7aa6ad36df13 d686bb0ac19347d0998f57f1dcc906c8 85913c9e5e3c4b818bf4474f9088c964 - - 2d8ed37a6156414289c2779e0db3f3b3 2d8ed37a6156414289c2779e0db3f3b3] 10.0.0.197 "GET /resource_providers/55da2555-f882-4660-b47a-c791c286d81a/aggregates" status: 404 len: 235 microversion: 1.1 [pid: 8|app: 0|req: 374/747] 10.0.0.197 () {32 vars in 816 bytes} [Wed Jul 22 23:20:58 2026] GET /resource_providers/55da2555-f882-4660-b47a-c791c286d81a/aggregates => generated 235 bytes in 15 msecs (HTTP/1.1 404) 5 headers in 202 bytes (1 switches on core 0)
2026-07-22 23:20:58.957 7 INFO placement.requestlog [None req-ed2043ef-0a8f-4071-92b2-1a4445615545 d686bb0ac19347d0998f57f1dcc906c8 85913c9e5e3c4b818bf4474f9088c964 - - 2d8ed37a6156414289c2779e0db3f3b3 2d8ed37a6156414289c2779e0db3f3b3] 10.0.0.197 "DELETE /resource_providers/55da2555-f882-4660-b47a-c791c286d81a" status: 404 len: 246 microversion: 1.1
2026-07-22 23:20:58.957 8 INFO placement.requestlog [None req-c268d10a-579d-4cc7-b9ee-ce7464b3d7fe d686bb0ac19347d0998f57f1dcc906c8 85913c9e5e3c4b818bf4474f9088c964 - - 2d8ed37a6156414289c2779e0db3f3b3 2d8ed37a6156414289c2779e0db3f3b3] 10.0.0.197 "DELETE /resource_providers/55da2555-f882-4660-b47a-c791c286d81a" status: 404 len: 246 microversion: 1.1 [pid: 7|app: 0|req: 374/748] 10.0.0.197 () {34 vars in 816 bytes} [Wed Jul 22 23:20:58 2026] DELETE /resource_providers/55da2555-f882-4660-b47a-c791c286d81a => generated 246 bytes in 15 msecs (HTTP/1.1 404) 6 headers in 231 bytes (1 switches on core 0) [pid: 8|app: 0|req: 375/749] 10.0.0.197 () {34 vars in 816 bytes} [Wed Jul 22 23:20:58 2026] DELETE /resource_providers/55da2555-f882-4660-b47a-c791c286d81a => generated 246 bytes in 13 msecs (HTTP/1.1 404) 6 headers in 231 bytes (1 switches on core 0)
2026-07-22 23:21:02.053 7 INFO placement.requestlog [None req-d93898fb-cc39-463b-9b6a-defb8703ff06 d686bb0ac19347d0998f57f1dcc906c8 85913c9e5e3c4b818bf4474f9088c964 - - 2d8ed37a6156414289c2779e0db3f3b3 2d8ed37a6156414289c2779e0db3f3b3] 10.0.0.197 "GET /resource_providers/cefad9fa-584b-4cec-80c2-e4525784873d/aggregates" status: 404 len: 235 microversion: 1.1 [pid: 7|app: 0|req: 375/750] 10.0.0.197 () {32 vars in 816 bytes} [Wed Jul 22 23:21:02 2026] GET /resource_providers/cefad9fa-584b-4cec-80c2-e4525784873d/aggregates => generated 235 bytes in 10 msecs (HTTP/1.1 404) 5 headers in 202 bytes (1 switches on core 0)
2026-07-22 23:21:02.059 8 INFO placement.requestlog [None req-3269e58b-212e-4ad2-a20b-da8ca4ec28db d686bb0ac19347d0998f57f1dcc906c8 85913c9e5e3c4b818bf4474f9088c964 - - 2d8ed37a6156414289c2779e0db3f3b3 2d8ed37a6156414289c2779e0db3f3b3] 10.0.0.197 "GET /resource_providers/cefad9fa-584b-4cec-80c2-e4525784873d/aggregates" status: 404 len: 235 microversion: 1.1 [pid: 8|app: 0|req: 376/751] 10.0.0.197 () {32 vars in 816 bytes} [Wed Jul 22 23:21:02 2026] GET /resource_providers/cefad9fa-584b-4cec-80c2-e4525784873d/aggregates => generated 235 bytes in 10 msecs (HTTP/1.1 404) 5 headers in 202 bytes (1 switches on core 0)
2026-07-22 23:21:02.087 8 INFO placement.requestlog [None req-b85f5376-36ea-43a5-8a6e-49a2f8aaada0 d686bb0ac19347d0998f57f1dcc906c8 85913c9e5e3c4b818bf4474f9088c964 - - 2d8ed37a6156414289c2779e0db3f3b3 2d8ed37a6156414289c2779e0db3f3b3] 10.0.0.197 "DELETE /resource_providers/cefad9fa-584b-4cec-80c2-e4525784873d" status: 404 len: 246 microversion: 1.1 [pid: 8|app: 0|req: 377/752] 10.0.0.197 () {34 vars in 816 bytes} [Wed Jul 22 23:21:02 2026] DELETE /resource_providers/cefad9fa-584b-4cec-80c2-e4525784873d => generated 246 bytes in 11 msecs (HTTP/1.1 404) 6 headers in 231 bytes (1 switches on core 0)
2026-07-22 23:21:02.088 7 INFO placement.requestlog [None req-a911425a-d659-4984-bddb-a98422f58b5d d686bb0ac19347d0998f57f1dcc906c8 85913c9e5e3c4b818bf4474f9088c964 - - 2d8ed37a6156414289c2779e0db3f3b3 2d8ed37a6156414289c2779e0db3f3b3] 10.0.0.197 "DELETE /resource_providers/cefad9fa-584b-4cec-80c2-e4525784873d" status: 404 len: 246 microversion: 1.1 [pid: 7|app: 0|req: 376/753] 10.0.0.197 () {34 vars in 816 bytes} [Wed Jul 22 23:21:02 2026] DELETE /resource_providers/cefad9fa-584b-4cec-80c2-e4525784873d => generated 246 bytes in 13 msecs (HTTP/1.1 404) 6 headers in 231 bytes (1 switches on core 0)
2026-07-22 23:21:02.218 8 INFO placement.requestlog [None req-3b583ec1-e339-4c14-89c1-cf2e7f035e59 - - - - - -] 10.0.0.28 "GET /" status: 200 len: 136 microversion: 1.0
2026-07-22 23:21:02.218 7 INFO placement.requestlog [None req-146ceb7b-994d-4f10-b54c-596fe35f226f - - - - - -] 10.0.0.28 "GET /" status: 200 len: 136 microversion: 1.0
2026-07-22 23:21:03.900 8 INFO placement.requestlog [req-84803381-a2e4-4711-801c-7494312159b0 req-731df1f5-d561-4318-9144-d88cc04525ef cfb1ba21e67c40e49b05743d4be89aa0 85913c9e5e3c4b818bf4474f9088c964 - - 2d8ed37a6156414289c2779e0db3f3b3 2d8ed37a6156414289c2779e0db3f3b3] 199.19.213.82 "GET /resource_providers/c9f9acaf-1574-4ae3-976b-3d929237d330/allocations" status: 200 len: 152 microversion: 1.0 [pid: 8|app: 0|req: 379/756] 199.19.213.82 () {32 vars in 856 bytes} [Wed Jul 22 23:21:03 2026] GET /resource_providers/c9f9acaf-1574-4ae3-976b-3d929237d330/allocations => generated 152 bytes in 27 msecs (HTTP/1.1 200) 6 headers in 224 bytes (1 switches on core 0)
2026-07-22 23:21:03.978 7 INFO placement.requestlog [req-84803381-a2e4-4711-801c-7494312159b0 req-cdb2965f-ed75-40e0-93b4-cc1158ef7d51 cfb1ba21e67c40e49b05743d4be89aa0 85913c9e5e3c4b818bf4474f9088c964 - - 2d8ed37a6156414289c2779e0db3f3b3 2d8ed37a6156414289c2779e0db3f3b3] 199.19.213.82 "GET /resource_providers/c9f9acaf-1574-4ae3-976b-3d929237d330/allocations" status: 200 len: 152 microversion: 1.0 [pid: 7|app: 0|req: 378/757] 199.19.213.82 () {32 vars in 856 bytes} [Wed Jul 22 23:21:03 2026] GET /resource_providers/c9f9acaf-1574-4ae3-976b-3d929237d330/allocations => generated 152 bytes in 38 msecs (HTTP/1.1 200) 6 headers in 224 bytes (1 switches on core 0)
2026-07-22 23:21:04.001 8 INFO placement.requestlog [req-84803381-a2e4-4711-801c-7494312159b0 req-d682a64a-4c9b-4ab1-9857-c455643faa34 cfb1ba21e67c40e49b05743d4be89aa0 85913c9e5e3c4b818bf4474f9088c964 - - 2d8ed37a6156414289c2779e0db3f3b3 2d8ed37a6156414289c2779e0db3f3b3] 199.19.213.82 "GET /allocations/b60c50fc-bb1d-4f2f-a294-ce7d18a957ea" status: 200 len: 257 microversion: 1.28 [pid: 8|app: 0|req: 380/758] 199.19.213.82 () {34 vars in 862 bytes} [Wed Jul 22 23:21:03 2026] GET /allocations/b60c50fc-bb1d-4f2f-a294-ce7d18a957ea => generated 257 bytes in 15 msecs (HTTP/1.1 200) 8 headers in 296 bytes (1 switches on core 0)
2026-07-22 23:21:04.430 8 INFO placement.requestlog [None req-8656eddc-8969-4c0f-9982-4535e3ba2443 d686bb0ac19347d0998f57f1dcc906c8 85913c9e5e3c4b818bf4474f9088c964 - - 2d8ed37a6156414289c2779e0db3f3b3 2d8ed37a6156414289c2779e0db3f3b3] 10.0.0.197 "GET /resource_providers/0a14ef9f-8471-4b8e-8c81-30a01ecaca3f/aggregates" status: 404 len: 235 microversion: 1.1 [pid: 8|app: 0|req: 381/759] 10.0.0.197 () {32 vars in 816 bytes} [Wed Jul 22 23:21:04 2026] GET /resource_providers/0a14ef9f-8471-4b8e-8c81-30a01ecaca3f/aggregates => generated 235 bytes in 11 msecs (HTTP/1.1 404) 5 headers in 202 bytes (1 switches on core 0)
2026-07-22 23:21:04.432 7 INFO placement.requestlog [None req-5075c7bb-68f9-4221-b62c-a1914320f704 d686bb0ac19347d0998f57f1dcc906c8 85913c9e5e3c4b818bf4474f9088c964 - - 2d8ed37a6156414289c2779e0db3f3b3 2d8ed37a6156414289c2779e0db3f3b3] 10.0.0.197 "GET /resource_providers/0a14ef9f-8471-4b8e-8c81-30a01ecaca3f/aggregates" status: 404 len: 235 microversion: 1.1 [pid: 7|app: 0|req: 379/760] 10.0.0.197 () {32 vars in 816 bytes} [Wed Jul 22 23:21:04 2026] GET /resource_providers/0a14ef9f-8471-4b8e-8c81-30a01ecaca3f/aggregates => generated 235 bytes in 13 msecs (HTTP/1.1 404) 5 headers in 202 bytes (1 switches on core 0)
2026-07-22 23:21:04.451 8 INFO placement.requestlog [None req-36863e6f-ff63-4494-927b-0e81c57afdad d686bb0ac19347d0998f57f1dcc906c8 85913c9e5e3c4b818bf4474f9088c964 - - 2d8ed37a6156414289c2779e0db3f3b3 2d8ed37a6156414289c2779e0db3f3b3] 10.0.0.197 "DELETE /resource_providers/0a14ef9f-8471-4b8e-8c81-30a01ecaca3f" status: 404 len: 246 microversion: 1.1 [pid: 8|app: 0|req: 382/761] 10.0.0.197 () {34 vars in 816 bytes} [Wed Jul 22 23:21:04 2026] DELETE /resource_providers/0a14ef9f-8471-4b8e-8c81-30a01ecaca3f => generated 246 bytes in 9 msecs (HTTP/1.1 404) 6 headers in 231 bytes (1 switches on core 0)
2026-07-22 23:21:04.454 7 INFO placement.requestlog [None req-28ccba54-e149-4ec4-a8b8-5c3458e7aee3 d686bb0ac19347d0998f57f1dcc906c8 85913c9e5e3c4b818bf4474f9088c964 - - 2d8ed37a6156414289c2779e0db3f3b3 2d8ed37a6156414289c2779e0db3f3b3] 10.0.0.197 "DELETE /resource_providers/0a14ef9f-8471-4b8e-8c81-30a01ecaca3f" status: 404 len: 246 microversion: 1.1 [pid: 7|app: 0|req: 380/762] 10.0.0.197 () {34 vars in 816 bytes} [Wed Jul 22 23:21:04 2026] DELETE /resource_providers/0a14ef9f-8471-4b8e-8c81-30a01ecaca3f => generated 246 bytes in 11 msecs (HTTP/1.1 404) 6 headers in 231 bytes (1 switches on core 0)
2026-07-22 23:21:04.472 8 INFO placement.requestlog [None req-e82d6987-0077-436f-86b2-c365ffd2d2db d686bb0ac19347d0998f57f1dcc906c8 85913c9e5e3c4b818bf4474f9088c964 - - 2d8ed37a6156414289c2779e0db3f3b3 2d8ed37a6156414289c2779e0db3f3b3] 10.0.0.197 "GET /resource_providers/f6279f61-5add-48d6-9047-39ae4cee43a8/aggregates" status: 404 len: 235 microversion: 1.1 [pid: 8|app: 0|req: 383/763] 10.0.0.197 () {32 vars in 816 bytes} [Wed Jul 22 23:21:04 2026] GET /resource_providers/f6279f61-5add-48d6-9047-39ae4cee43a8/aggregates => generated 235 bytes in 11 msecs (HTTP/1.1 404) 5 headers in 202 bytes (1 switches on core 0)
2026-07-22 23:21:04.479 7 INFO placement.requestlog [None req-c5b6c383-f009-431f-8810-870f54965091 d686bb0ac19347d0998f57f1dcc906c8 85913c9e5e3c4b818bf4474f9088c964 - - 2d8ed37a6156414289c2779e0db3f3b3 2d8ed37a6156414289c2779e0db3f3b3] 10.0.0.197 "GET /resource_providers/f6279f61-5add-48d6-9047-39ae4cee43a8/aggregates" status: 404 len: 235 microversion: 1.1 [pid: 7|app: 0|req: 381/764] 10.0.0.197 () {32 vars in 816 bytes} [Wed Jul 22 23:21:04 2026] GET /resource_providers/f6279f61-5add-48d6-9047-39ae4cee43a8/aggregates => generated 235 bytes in 10 msecs (HTTP/1.1 404) 5 headers in 202 bytes (1 switches on core 0)
2026-07-22 23:21:04.490 8 INFO placement.requestlog [None req-e8f888ce-0fef-4814-9514-663bae03a1c6 d686bb0ac19347d0998f57f1dcc906c8 85913c9e5e3c4b818bf4474f9088c964 - - 2d8ed37a6156414289c2779e0db3f3b3 2d8ed37a6156414289c2779e0db3f3b3] 10.0.0.197 "DELETE /resource_providers/f6279f61-5add-48d6-9047-39ae4cee43a8" status: 404 len: 246 microversion: 1.1 [pid: 8|app: 0|req: 384/765] 10.0.0.197 () {34 vars in 816 bytes} [Wed Jul 22 23:21:04 2026] DELETE /resource_providers/f6279f61-5add-48d6-9047-39ae4cee43a8 => generated 246 bytes in 11 msecs (HTTP/1.1 404) 6 headers in 231 bytes (1 switches on core 0)
2026-07-22 23:21:04.496 7 INFO placement.requestlog [None req-72ddb9db-7843-461f-8355-87957831e807 d686bb0ac19347d0998f57f1dcc906c8 85913c9e5e3c4b818bf4474f9088c964 - - 2d8ed37a6156414289c2779e0db3f3b3 2d8ed37a6156414289c2779e0db3f3b3] 10.0.0.197 "DELETE /resource_providers/f6279f61-5add-48d6-9047-39ae4cee43a8" status: 404 len: 246 microversion: 1.1 [pid: 7|app: 0|req: 382/766] 10.0.0.197 () {34 vars in 816 bytes} [Wed Jul 22 23:21:04 2026] DELETE /resource_providers/f6279f61-5add-48d6-9047-39ae4cee43a8 => generated 246 bytes in 10 msecs (HTTP/1.1 404) 6 headers in 231 bytes (1 switches on core 0)
2026-07-22 23:21:08.492 8 INFO placement.requestlog [req-57e0423e-03df-43bb-b054-609bd4023e7a req-0f5b6d64-f1ab-44cb-986e-1321a9f3ed6c cfb1ba21e67c40e49b05743d4be89aa0 85913c9e5e3c4b818bf4474f9088c964 - - 2d8ed37a6156414289c2779e0db3f3b3 2d8ed37a6156414289c2779e0db3f3b3] 199.19.213.82 "GET /resource_providers/c9f9acaf-1574-4ae3-976b-3d929237d330/allocations" status: 200 len: 152 microversion: 1.0 [pid: 8|app: 0|req: 385/767] 199.19.213.82 () {32 vars in 856 bytes} [Wed Jul 22 23:21:08 2026] GET /resource_providers/c9f9acaf-1574-4ae3-976b-3d929237d330/allocations => generated 152 bytes in 29 msecs (HTTP/1.1 200) 6 headers in 224 bytes (1 switches on core 0)
2026-07-22 23:21:08.527 7 INFO placement.requestlog [req-57e0423e-03df-43bb-b054-609bd4023e7a req-a60466b1-57c0-44fa-907d-997487f63cb8 cfb1ba21e67c40e49b05743d4be89aa0 85913c9e5e3c4b818bf4474f9088c964 - - 2d8ed37a6156414289c2779e0db3f3b3 2d8ed37a6156414289c2779e0db3f3b3] 199.19.213.82 "GET /allocations/b60c50fc-bb1d-4f2f-a294-ce7d18a957ea" status: 200 len: 257 microversion: 1.28 [pid: 7|app: 0|req: 383/768] 199.19.213.82 () {34 vars in 862 bytes} [Wed Jul 22 23:21:08 2026] GET /allocations/b60c50fc-bb1d-4f2f-a294-ce7d18a957ea => generated 257 bytes in 26 msecs (HTTP/1.1 200) 8 headers in 296 bytes (1 switches on core 0)
2026-07-22 23:21:08.591 8 INFO placement.requestlog [req-57e0423e-03df-43bb-b054-609bd4023e7a req-7e1e454a-eb92-4bac-83fc-626e4da5f8a9 cfb1ba21e67c40e49b05743d4be89aa0 85913c9e5e3c4b818bf4474f9088c964 - - 2d8ed37a6156414289c2779e0db3f3b3 2d8ed37a6156414289c2779e0db3f3b3] 199.19.213.82 "DELETE /allocations/b60c50fc-bb1d-4f2f-a294-ce7d18a957ea" status: 204 len: 0 microversion: 1.0 [pid: 8|app: 0|req: 386/769] 199.19.213.82 () {34 vars in 840 bytes} [Wed Jul 22 23:21:08 2026] DELETE /allocations/b60c50fc-bb1d-4f2f-a294-ce7d18a957ea => generated 0 bytes in 35 msecs (HTTP/1.1 204) 5 headers in 198 bytes (1 switches on core 0)
2026-07-22 23:21:08.677 7 INFO placement.requestlog [req-db236b2b-60f1-41ec-9513-b5e01df4b8d5 req-82ed9362-899e-44dd-8777-53cdd7418f91 cfb1ba21e67c40e49b05743d4be89aa0 85913c9e5e3c4b818bf4474f9088c964 - - 2d8ed37a6156414289c2779e0db3f3b3 2d8ed37a6156414289c2779e0db3f3b3] 10.0.0.240 "GET /allocation_candidates?limit=1000&resources=DISK_GB%3A1%2CMEMORY_MB%3A512%2CVCPU%3A1&root_required=%21COMPUTE_STATUS_DISABLED" status: 200 len: 2147 microversion: 1.36 [pid: 7|app: 0|req: 384/770] 10.0.0.240 () {34 vars in 1012 bytes} [Wed Jul 22 23:21:08 2026] GET /allocation_candidates?limit=1000&resources=DISK_GB%3A1%2CMEMORY_MB%3A512%2CVCPU%3A1&root_required=%21COMPUTE_STATUS_DISABLED => generated 2147 bytes in 68 msecs (HTTP/1.1 200) 8 headers in 297 bytes (1 switches on core 0)
2026-07-22 23:21:08.708 8 INFO placement.requestlog [req-db236b2b-60f1-41ec-9513-b5e01df4b8d5 req-33778168-77c1-4be9-afcd-1863114e68be cfb1ba21e67c40e49b05743d4be89aa0 85913c9e5e3c4b818bf4474f9088c964 - - 2d8ed37a6156414289c2779e0db3f3b3 2d8ed37a6156414289c2779e0db3f3b3] 10.0.0.240 "GET /allocations/6a4f4c12-72e2-477f-9b0b-5d81070a16fc" status: 200 len: 19 microversion: 1.28 [pid: 8|app: 0|req: 387/771] 10.0.0.240 () {34 vars in 861 bytes} [Wed Jul 22 23:21:08 2026] GET /allocations/6a4f4c12-72e2-477f-9b0b-5d81070a16fc => generated 19 bytes in 8 msecs (HTTP/1.1 200) 8 headers in 295 bytes (1 switches on core 0)
2026-07-22 23:21:08.788 7 INFO placement.requestlog [req-db236b2b-60f1-41ec-9513-b5e01df4b8d5 req-a3806392-2394-40a0-a2ef-ade36781c6ec cfb1ba21e67c40e49b05743d4be89aa0 85913c9e5e3c4b818bf4474f9088c964 - - 2d8ed37a6156414289c2779e0db3f3b3 2d8ed37a6156414289c2779e0db3f3b3] 10.0.0.240 "PUT /allocations/6a4f4c12-72e2-477f-9b0b-5d81070a16fc" status: 204 len: 0 microversion: 1.36 [pid: 7|app: 0|req: 385/772] 10.0.0.240 () {38 vars in 914 bytes} [Wed Jul 22 23:21:08 2026] PUT /allocations/6a4f4c12-72e2-477f-9b0b-5d81070a16fc => generated 0 bytes in 77 msecs (HTTP/1.1 204) 5 headers in 199 bytes (1 switches on core 0)
2026-07-22 23:21:09.098 8 INFO placement.requestlog [req-db236b2b-60f1-41ec-9513-b5e01df4b8d5 req-a7a879d4-499d-449e-bc92-b605a1b60497 cfb1ba21e67c40e49b05743d4be89aa0 85913c9e5e3c4b818bf4474f9088c964 - - 2d8ed37a6156414289c2779e0db3f3b3 2d8ed37a6156414289c2779e0db3f3b3] 199.19.213.82 "GET /allocations/6a4f4c12-72e2-477f-9b0b-5d81070a16fc" status: 200 len: 257 microversion: 1.28 [pid: 8|app: 0|req: 388/773] 199.19.213.82 () {34 vars in 862 bytes} [Wed Jul 22 23:21:09 2026] GET /allocations/6a4f4c12-72e2-477f-9b0b-5d81070a16fc => generated 257 bytes in 11 msecs (HTTP/1.1 200) 8 headers in 296 bytes (1 switches on core 0)
2026-07-22 23:21:09.268 7 INFO placement.requestlog [req-db236b2b-60f1-41ec-9513-b5e01df4b8d5 req-432cbe21-cb6e-4503-8e59-44e3886e541a cfb1ba21e67c40e49b05743d4be89aa0 85913c9e5e3c4b818bf4474f9088c964 - - 2d8ed37a6156414289c2779e0db3f3b3 2d8ed37a6156414289c2779e0db3f3b3] 199.19.213.82 "GET /resource_providers/c9f9acaf-1574-4ae3-976b-3d929237d330/allocations" status: 200 len: 152 microversion: 1.0 [pid: 7|app: 0|req: 386/774] 199.19.213.82 () {32 vars in 856 bytes} [Wed Jul 22 23:21:09 2026] GET /resource_providers/c9f9acaf-1574-4ae3-976b-3d929237d330/allocations => generated 152 bytes in 29 msecs (HTTP/1.1 200) 6 headers in 224 bytes (1 switches on core 0)
2026-07-22 23:21:09.289 8 INFO placement.requestlog [req-db236b2b-60f1-41ec-9513-b5e01df4b8d5 req-62a7ebb0-7147-4936-b006-d5bf1b6fd591 cfb1ba21e67c40e49b05743d4be89aa0 85913c9e5e3c4b818bf4474f9088c964 - - 2d8ed37a6156414289c2779e0db3f3b3 2d8ed37a6156414289c2779e0db3f3b3] 199.19.213.82 "GET /allocations/6a4f4c12-72e2-477f-9b0b-5d81070a16fc" status: 200 len: 257 microversion: 1.28 [pid: 8|app: 0|req: 389/775] 199.19.213.82 () {34 vars in 862 bytes} [Wed Jul 22 23:21:09 2026] GET /allocations/6a4f4c12-72e2-477f-9b0b-5d81070a16fc => generated 257 bytes in 14 msecs (HTTP/1.1 200) 8 headers in 296 bytes (1 switches on core 0)
2026-07-22 23:21:12.217 8 INFO placement.requestlog [None req-570c6a5d-ffd9-48b9-a607-a5a2d61e5868 - - - - - -] 10.0.0.28 "GET /" status: 200 len: 136 microversion: 1.0
2026-07-22 23:21:12.217 7 INFO placement.requestlog [None req-f6c821bd-fccd-4c78-9054-34b2decc65b0 - - - - - -] 10.0.0.28 "GET /" status: 200 len: 136 microversion: 1.0
