2026-07-15 06:15:44.301 7 WARNING neutron.api.rpc.agentnotifiers.dhcp_rpc_agent_api [None req-94cfc8c1-9511-43e8-a8a7-7152205d188d 6db272fec69049ac91e0b43fe06ab0d4 bc358884d9f343b2b13e38a85a31ab6f - - default default] Unable to schedule network b7e4a1f5-4142-4fd7-8f4f-2b31e699600b: no agents available; will retry on subsequent port and subnet creation events. [pid: 8|app: 0|req: 998/2032] 10.0.0.235 () {34 vars in 668 bytes} [Wed Jul 15 06:15:43 2026] POST /v2.0/subnets => generated 626 bytes in 700 msecs (HTTP/1.1 201) 4 headers in 162 bytes (1 switches on core 0) [pid: 8|app: 0|req: 999/2033] 10.0.0.235 () {32 vars in 691 bytes} [Wed Jul 15 06:15:44 2026] GET /v2.0/qos/policies?not-tags-any=blue => generated 1073 bytes in 85 msecs (HTTP/1.1 200) 4 headers in 158 bytes (1 switches on core 0)
2026-07-15 06:15:44.398 7 INFO neutron.db.ovn_revision_numbers_db [None req-94cfc8c1-9511-43e8-a8a7-7152205d188d 6db272fec69049ac91e0b43fe06ab0d4 bc358884d9f343b2b13e38a85a31ab6f - - default default] Successfully bumped revision number for resource 25fdb1da-3481-404e-ad2f-f2fc4eb5eadf (type: ports) to 1
2026-07-15 06:15:44.573 8 WARNING neutron.scheduler.dhcp_agent_scheduler [None req-425000e5-af22-49d9-8bd2-39491cbbfbb8 ac4afdc43e74496f9d58bdd6a44813fd d2f2f333e2e2483bb7e75f331680939c - - default default] No more DHCP agents
2026-07-15 06:15:44.574 8 WARNING neutron.api.rpc.agentnotifiers.dhcp_rpc_agent_api [None req-425000e5-af22-49d9-8bd2-39491cbbfbb8 ac4afdc43e74496f9d58bdd6a44813fd d2f2f333e2e2483bb7e75f331680939c - - default default] Unable to schedule network 48138f40-5fbb-49dd-9fc4-2bfa221a3ab2: no agents available; will retry on subsequent port and subnet creation events.
2026-07-15 06:15:44.875 7 WARNING neutron.scheduler.dhcp_agent_scheduler [None req-94cfc8c1-9511-43e8-a8a7-7152205d188d 6db272fec69049ac91e0b43fe06ab0d4 bc358884d9f343b2b13e38a85a31ab6f - - default default] No more DHCP agents
2026-07-15 06:15:44.876 7 WARNING neutron.api.rpc.agentnotifiers.dhcp_rpc_agent_api [None req-94cfc8c1-9511-43e8-a8a7-7152205d188d 6db272fec69049ac91e0b43fe06ab0d4 bc358884d9f343b2b13e38a85a31ab6f - - default default] Unable to schedule network b7e4a1f5-4142-4fd7-8f4f-2b31e699600b: no agents available; will retry on subsequent port and subnet creation events.
2026-07-15 06:15:45.086 8 INFO neutron.db.ovn_revision_numbers_db [None req-a40aafd2-1929-44b9-9eda-5ae8c5260ed6 - - - - - -] Successfully bumped revision number for resource 77cebdb2-641d-4393-b3c1-2f5d38a1e5a6 (type: ports) to 2
2026-07-15 06:15:45.090 7 INFO neutron.db.ovn_revision_numbers_db [None req-94cfc8c1-9511-43e8-a8a7-7152205d188d 6db272fec69049ac91e0b43fe06ab0d4 bc358884d9f343b2b13e38a85a31ab6f - - default default] Successfully bumped revision number for resource 25fdb1da-3481-404e-ad2f-f2fc4eb5eadf (type: router_ports) to 1 [pid: 7|app: 0|req: 1035/2034] 10.0.0.235 () {34 vars in 782 bytes} [Wed Jul 15 06:15:43 2026] PUT /v2.0/routers/0a8aecae-a6e3-4bc9-9ca4-f286c384e212/add_router_interface => generated 309 bytes in 1211 msecs (HTTP/1.1 200) 4 headers in 157 bytes (1 switches on core 0)
2026-07-15 06:15:45.117 8 WARNING neutron.plugins.ml2.drivers.ovn.mech_driver.ovsdb.ovn_client [None req-2e1dec99-7726-45e4-bb60-9fcd06568d4b - - - - - -] No port found with ID 0949ae2a-d3b1-4e81-bf2a-4cc15f269842: RuntimeError: No port found with ID 0949ae2a-d3b1-4e81-bf2a-4cc15f269842
2026-07-15 06:15:45.143 8 INFO neutron.plugins.ml2.drivers.ovn.mech_driver.mech_driver [None req-2e1dec99-7726-45e4-bb60-9fcd06568d4b - - - - - -] OVN reports status down for port: e2e99878-8ba8-4eb5-9c92-17d7b02cb5de [pid: 7|app: 0|req: 1036/2035] 10.0.0.235 () {32 vars in 703 bytes} [Wed Jul 15 06:15:45 2026] GET /v2.0/qos/policies?not-tags-any=red%2Cblue => generated 719 bytes in 52 msecs (HTTP/1.1 200) 4 headers in 157 bytes (1 switches on core 0)
2026-07-15 06:15:45.171 8 INFO neutron.db.ovn_revision_numbers_db [None req-a40aafd2-1929-44b9-9eda-5ae8c5260ed6 - - - - - -] Successfully bumped revision number for resource c59bc257-a42a-40d7-a49b-73d0fc6cc648 (type: subnets) to 0 [pid: 7|app: 0|req: 1037/2036] 10.0.0.235 () {32 vars in 716 bytes} [Wed Jul 15 06:15:45 2026] GET /v2.0/ports/25fdb1da-3481-404e-ad2f-f2fc4eb5eadf => generated 945 bytes in 36 msecs (HTTP/1.1 200) 4 headers in 157 bytes (1 switches on core 0) [pid: 8|app: 0|req: 1000/2037] 10.0.0.235 () {34 vars in 668 bytes} [Wed Jul 15 06:15:44 2026] POST /v2.0/subnets => generated 626 bytes in 808 msecs (HTTP/1.1 201) 4 headers in 162 bytes (1 switches on core 0)
2026-07-15 06:15:45.248 8 INFO neutron.plugins.ml2.drivers.ovn.mech_driver.mech_driver [None req-2e1dec99-7726-45e4-bb60-9fcd06568d4b - - - - - -] OVN reports status down for port: 77cebdb2-641d-4393-b3c1-2f5d38a1e5a6 [pid: 7|app: 0|req: 1038/2038] 10.0.0.235 () {32 vars in 733 bytes} [Wed Jul 15 06:15:45 2026] DELETE /v2.0/qos/policies/86b20699-cdd1-4191-b846-049561b94236 => generated 0 bytes in 92 msecs (HTTP/1.1 204) 2 headers in 112 bytes (1 switches on core 0) [pid: 8|app: 0|req: 1001/2039] 10.0.0.235 () {32 vars in 716 bytes} [Wed Jul 15 06:15:45 2026] GET /v2.0/ports/25fdb1da-3481-404e-ad2f-f2fc4eb5eadf => generated 945 bytes in 111 msecs (HTTP/1.1 200) 4 headers in 157 bytes (1 switches on core 0)
2026-07-15 06:15:45.354 8 INFO neutron.plugins.ml2.drivers.ovn.mech_driver.mech_driver [None req-2e1dec99-7726-45e4-bb60-9fcd06568d4b - - - - - -] OVN reports status down for port: 25fdb1da-3481-404e-ad2f-f2fc4eb5eadf
2026-07-15 06:15:45.391 7 INFO neutron.db.ovn_revision_numbers_db [None req-950b7cea-5d56-447a-bf41-caa324e44fad ac4afdc43e74496f9d58bdd6a44813fd d2f2f333e2e2483bb7e75f331680939c - - default default] Successfully bumped revision number for resource 246893f9-ba4f-47fc-a9e3-a2d9b3e79ed0 (type: routers) to 1 [pid: 8|app: 0|req: 1002/2040] 10.0.0.235 () {32 vars in 733 bytes} [Wed Jul 15 06:15:45 2026] DELETE /v2.0/qos/policies/b13dd35d-7a4e-43fe-9117-ae008029e4e2 => generated 0 bytes in 100 msecs (HTTP/1.1 204) 2 headers in 112 bytes (1 switches on core 0) [pid: 7|app: 0|req: 1039/2041] 10.0.0.235 () {34 vars in 668 bytes} [Wed Jul 15 06:15:45 2026] POST /v2.0/routers => generated 603 bytes in 130 msecs (HTTP/1.1 201) 4 headers in 162 bytes (1 switches on core 0)
2026-07-15 06:15:45.467 8 WARNING neutron.plugins.ml2.drivers.ovn.mech_driver.ovsdb.ovn_client [None req-2e1dec99-7726-45e4-bb60-9fcd06568d4b - - - - - -] Logical_Switch_Port 25fdb1da-3481-404e-ad2f-f2fc4eb5eadf host information not removed, the port state is up
2026-07-15 06:15:45.468 8 INFO neutron.plugins.ml2.drivers.ovn.mech_driver.mech_driver [None req-2e1dec99-7726-45e4-bb60-9fcd06568d4b - - - - - -] OVN reports status up for port: 25fdb1da-3481-404e-ad2f-f2fc4eb5eadf [pid: 7|app: 0|req: 1040/2042] 10.0.0.235 () {32 vars in 733 bytes} [Wed Jul 15 06:15:45 2026] DELETE /v2.0/qos/policies/2b00750c-22df-4c7e-abb8-0146ce92329f => generated 0 bytes in 56 msecs (HTTP/1.1 204) 2 headers in 112 bytes (1 switches on core 0)
2026-07-15 06:15:45.493 8 INFO neutron.plugins.ml2.plugin [None req-2e1dec99-7726-45e4-bb60-9fcd06568d4b - - - - - -] Attempt 1 to provision port 25fdb1da-3481-404e-ad2f-f2fc4eb5eadf [pid: 7|app: 0|req: 1041/2043] 10.0.0.235 () {32 vars in 733 bytes} [Wed Jul 15 06:15:45 2026] DELETE /v2.0/qos/policies/1a843c30-2200-4d7c-a265-41014d5111d6 => generated 0 bytes in 48 msecs (HTTP/1.1 204) 2 headers in 112 bytes (1 switches on core 0) [pid: 7|app: 0|req: 1042/2044] 10.0.0.235 () {32 vars in 733 bytes} [Wed Jul 15 06:15:45 2026] DELETE /v2.0/qos/policies/7bdeecfe-23c3-413d-83ef-c2da1b046425 => generated 0 bytes in 44 msecs (HTTP/1.1 204) 2 headers in 112 bytes (1 switches on core 0)
2026-07-15 06:15:46.065 8 WARNING neutron.scheduler.dhcp_agent_scheduler [None req-360a65b4-89d5-43ec-8c14-d240da1faea7 ac4afdc43e74496f9d58bdd6a44813fd d2f2f333e2e2483bb7e75f331680939c - - default default] No more DHCP agents
2026-07-15 06:15:46.069 8 WARNING neutron.api.rpc.agentnotifiers.dhcp_rpc_agent_api [None req-360a65b4-89d5-43ec-8c14-d240da1faea7 ac4afdc43e74496f9d58bdd6a44813fd d2f2f333e2e2483bb7e75f331680939c - - default default] Unable to schedule network 147afdfe-f021-4ece-a010-0a52c0c09b6c: no agents available; will retry on subsequent port and subnet creation events.
2026-07-15 06:15:46.156 7 INFO neutron.db.ovn_revision_numbers_db [None req-742a0245-124d-48c6-af1c-2b02e2d03083 f1b056b546a54e09a550819fdf05dd54 1a134d13241f41c5a49123284a530061 - - default default] Successfully bumped revision number for resource f248c842-0fe1-4246-8dcc-5b8d4fa97de5 (type: security_groups) to 1
2026-07-15 06:15:46.168 7 INFO neutron.db.ovn_revision_numbers_db [None req-742a0245-124d-48c6-af1c-2b02e2d03083 f1b056b546a54e09a550819fdf05dd54 1a134d13241f41c5a49123284a530061 - - default default] Successfully bumped revision number for resource 17c2f578-46a7-477d-85bb-596b7d8b792d (type: security_group_rules) to 0
2026-07-15 06:15:46.193 7 INFO neutron.db.ovn_revision_numbers_db [None req-742a0245-124d-48c6-af1c-2b02e2d03083 f1b056b546a54e09a550819fdf05dd54 1a134d13241f41c5a49123284a530061 - - default default] Successfully bumped revision number for resource 6c6618de-bfe1-47e4-8c49-cea4cf573dcb (type: security_group_rules) to 0
2026-07-15 06:15:46.206 7 INFO neutron.db.ovn_revision_numbers_db [None req-742a0245-124d-48c6-af1c-2b02e2d03083 f1b056b546a54e09a550819fdf05dd54 1a134d13241f41c5a49123284a530061 - - default default] Successfully bumped revision number for resource 811eda21-72c2-4bb9-aac5-8c34eba01f02 (type: security_group_rules) to 0
2026-07-15 06:15:46.217 7 INFO neutron.db.ovn_revision_numbers_db [None req-742a0245-124d-48c6-af1c-2b02e2d03083 f1b056b546a54e09a550819fdf05dd54 1a134d13241f41c5a49123284a530061 - - default default] Successfully bumped revision number for resource caebc19b-b73b-4a2d-bb44-18bca3d09c1b (type: security_group_rules) to 0
2026-07-15 06:15:46.242 8 INFO neutron.db.ovn_revision_numbers_db [None req-2e1dec99-7726-45e4-bb60-9fcd06568d4b - - - - - -] Successfully bumped revision number for resource 25fdb1da-3481-404e-ad2f-f2fc4eb5eadf (type: ports) to 2
2026-07-15 06:15:46.302 7 INFO neutron.db.segments_db [None req-742a0245-124d-48c6-af1c-2b02e2d03083 f1b056b546a54e09a550819fdf05dd54 1a134d13241f41c5a49123284a530061 - - default default] Added segment bdbed843-a1a4-400b-aedf-cd2fdfc43f89 of type geneve for network dfe0099e-b105-4e2c-a215-6b790281ab6d
2026-07-15 06:15:46.326 8 INFO neutron.db.ovn_revision_numbers_db [None req-360a65b4-89d5-43ec-8c14-d240da1faea7 ac4afdc43e74496f9d58bdd6a44813fd d2f2f333e2e2483bb7e75f331680939c - - default default] Successfully bumped revision number for resource e3456109-52e5-4956-bb3d-b9099e6d0b93 (type: ports) to 1
2026-07-15 06:15:46.394 7 INFO neutron.db.ovn_revision_numbers_db [None req-742a0245-124d-48c6-af1c-2b02e2d03083 f1b056b546a54e09a550819fdf05dd54 1a134d13241f41c5a49123284a530061 - - default default] Successfully bumped revision number for resource dfe0099e-b105-4e2c-a215-6b790281ab6d (type: networks) to 1
2026-07-15 06:15:46.559 7 WARNING neutron.scheduler.dhcp_agent_scheduler [None req-742a0245-124d-48c6-af1c-2b02e2d03083 f1b056b546a54e09a550819fdf05dd54 1a134d13241f41c5a49123284a530061 - - default default] No more DHCP agents
2026-07-15 06:15:46.565 7 WARNING neutron.api.rpc.agentnotifiers.dhcp_rpc_agent_api [None req-742a0245-124d-48c6-af1c-2b02e2d03083 f1b056b546a54e09a550819fdf05dd54 1a134d13241f41c5a49123284a530061 - - default default] Unable to schedule network dfe0099e-b105-4e2c-a215-6b790281ab6d: no agents available; will retry on subsequent port and subnet creation events.
2026-07-15 06:15:46.649 7 INFO neutron.db.ovn_revision_numbers_db [None req-742a0245-124d-48c6-af1c-2b02e2d03083 f1b056b546a54e09a550819fdf05dd54 1a134d13241f41c5a49123284a530061 - - default default] Successfully bumped revision number for resource f70e9aa4-760c-4b10-bea8-623cdfa824ab (type: ports) to 1 [pid: 7|app: 0|req: 1043/2045] 10.0.0.235 () {34 vars in 669 bytes} [Wed Jul 15 06:15:45 2026] POST /v2.0/networks => generated 669 bytes in 905 msecs (HTTP/1.1 201) 4 headers in 162 bytes (1 switches on core 0) [pid: 7|app: 0|req: 1044/2046] 10.0.0.235 () {32 vars in 716 bytes} [Wed Jul 15 06:15:46 2026] GET /v2.0/ports/25fdb1da-3481-404e-ad2f-f2fc4eb5eadf => generated 947 bytes in 33 msecs (HTTP/1.1 200) 4 headers in 157 bytes (1 switches on core 0)
2026-07-15 06:15:46.974 8 WARNING neutron.scheduler.dhcp_agent_scheduler [None req-360a65b4-89d5-43ec-8c14-d240da1faea7 ac4afdc43e74496f9d58bdd6a44813fd d2f2f333e2e2483bb7e75f331680939c - - default default] No more DHCP agents
2026-07-15 06:15:46.979 8 WARNING neutron.api.rpc.agentnotifiers.dhcp_rpc_agent_api [None req-360a65b4-89d5-43ec-8c14-d240da1faea7 ac4afdc43e74496f9d58bdd6a44813fd d2f2f333e2e2483bb7e75f331680939c - - default default] Unable to schedule network 147afdfe-f021-4ece-a010-0a52c0c09b6c: no agents available; will retry on subsequent port and subnet creation events.
2026-07-15 06:15:47.015 7 INFO neutron.db.ovn_revision_numbers_db [None req-7856fec3-1b8e-4ff7-82b5-6024331360b8 d439ef2a00bb4b7cbaf87e4feb03441c 4a8f7c1d9af94a41833931e8be4ab88a - - default default] Successfully bumped revision number for resource 9c83d90e-f969-4836-a1a9-8fa2c2b1c8a6 (type: security_groups) to 1
2026-07-15 06:15:47.034 7 INFO neutron.db.ovn_revision_numbers_db [None req-7856fec3-1b8e-4ff7-82b5-6024331360b8 d439ef2a00bb4b7cbaf87e4feb03441c 4a8f7c1d9af94a41833931e8be4ab88a - - default default] Successfully bumped revision number for resource 4cdc6821-4c40-4764-928b-698a7548fe1f (type: security_group_rules) to 0
2026-07-15 06:15:47.047 7 INFO neutron.db.ovn_revision_numbers_db [None req-7856fec3-1b8e-4ff7-82b5-6024331360b8 d439ef2a00bb4b7cbaf87e4feb03441c 4a8f7c1d9af94a41833931e8be4ab88a - - default default] Successfully bumped revision number for resource 90ddacc9-7893-458a-85ba-4d23b0c4a00a (type: security_group_rules) to 0
2026-07-15 06:15:47.060 7 INFO neutron.db.ovn_revision_numbers_db [None req-7856fec3-1b8e-4ff7-82b5-6024331360b8 d439ef2a00bb4b7cbaf87e4feb03441c 4a8f7c1d9af94a41833931e8be4ab88a - - default default] Successfully bumped revision number for resource ca3660ff-753b-4cb0-8878-5479481dbe16 (type: security_group_rules) to 0
2026-07-15 06:15:47.073 7 INFO neutron.db.ovn_revision_numbers_db [None req-7856fec3-1b8e-4ff7-82b5-6024331360b8 d439ef2a00bb4b7cbaf87e4feb03441c 4a8f7c1d9af94a41833931e8be4ab88a - - default default] Successfully bumped revision number for resource cccc1e7e-4391-429c-8891-0dcead9b8393 (type: security_group_rules) to 0 [pid: 7|app: 0|req: 1045/2047] 10.0.0.235 () {32 vars in 773 bytes} [Wed Jul 15 06:15:46 2026] GET /v2.0/security-groups?tenant_id=ac3c9027ca86497d93cb63e6d7b52676&name=default => generated 2925 bytes in 410 msecs (HTTP/1.1 200) 4 headers in 158 bytes (1 switches on core 0)
2026-07-15 06:15:47.219 7 INFO neutron.db.segments_db [None req-768a90ba-8065-4631-accd-9081d51d81a4 f1b056b546a54e09a550819fdf05dd54 1a134d13241f41c5a49123284a530061 - - default default] Added segment 3b40251c-6d10-4595-9ea0-a662f4cd55dd of type geneve for network 2f2bda80-b52e-4882-beed-cd13ad535d13
2026-07-15 06:15:47.247 8 INFO neutron.db.ovn_revision_numbers_db [None req-360a65b4-89d5-43ec-8c14-d240da1faea7 ac4afdc43e74496f9d58bdd6a44813fd d2f2f333e2e2483bb7e75f331680939c - - default default] Successfully bumped revision number for resource e3456109-52e5-4956-bb3d-b9099e6d0b93 (type: router_ports) to 1 [pid: 8|app: 0|req: 1003/2048] 10.0.0.235 () {34 vars in 782 bytes} [Wed Jul 15 06:15:45 2026] PUT /v2.0/routers/246893f9-ba4f-47fc-a9e3-a2d9b3e79ed0/add_router_interface => generated 309 bytes in 1836 msecs (HTTP/1.1 200) 4 headers in 157 bytes (1 switches on core 0)
2026-07-15 06:15:47.324 7 INFO neutron.db.ovn_revision_numbers_db [None req-768a90ba-8065-4631-accd-9081d51d81a4 f1b056b546a54e09a550819fdf05dd54 1a134d13241f41c5a49123284a530061 - - default default] Successfully bumped revision number for resource 2f2bda80-b52e-4882-beed-cd13ad535d13 (type: networks) to 1
2026-07-15 06:15:47.492 7 WARNING neutron.scheduler.dhcp_agent_scheduler [None req-768a90ba-8065-4631-accd-9081d51d81a4 f1b056b546a54e09a550819fdf05dd54 1a134d13241f41c5a49123284a530061 - - default default] No more DHCP agents
2026-07-15 06:15:47.493 7 WARNING neutron.api.rpc.agentnotifiers.dhcp_rpc_agent_api [None req-768a90ba-8065-4631-accd-9081d51d81a4 f1b056b546a54e09a550819fdf05dd54 1a134d13241f41c5a49123284a530061 - - default default] Unable to schedule network 2f2bda80-b52e-4882-beed-cd13ad535d13: no agents available; will retry on subsequent port and subnet creation events.
2026-07-15 06:15:47.562 8 INFO neutron_taas.services.taas.taas_plugin [None req-c0123d1d-df0b-4f89-8455-6322929eab8a 6db272fec69049ac91e0b43fe06ab0d4 bc358884d9f343b2b13e38a85a31ab6f - - default default] TaaS: Handle Delete Port: 25fdb1da-3481-404e-ad2f-f2fc4eb5eadf
2026-07-15 06:15:47.565 8 INFO neutron_taas.services.taas.tap_mirror_plugin [None req-c0123d1d-df0b-4f89-8455-6322929eab8a 6db272fec69049ac91e0b43fe06ab0d4 bc358884d9f343b2b13e38a85a31ab6f - - default default] Tap Mirror: Handle Delete Port: 25fdb1da-3481-404e-ad2f-f2fc4eb5eadf
2026-07-15 06:15:47.572 7 INFO neutron.db.ovn_revision_numbers_db [None req-768a90ba-8065-4631-accd-9081d51d81a4 f1b056b546a54e09a550819fdf05dd54 1a134d13241f41c5a49123284a530061 - - default default] Successfully bumped revision number for resource 35ab6b42-8119-4f4d-bab8-f6a9cfc6efcf (type: ports) to 1 [pid: 7|app: 0|req: 1046/2049] 10.0.0.235 () {34 vars in 669 bytes} [Wed Jul 15 06:15:47 2026] POST /v2.0/networks => generated 670 bytes in 477 msecs (HTTP/1.1 201) 4 headers in 162 bytes (1 switches on core 0) [pid: 7|app: 0|req: 1047/2050] 10.0.0.235 () {32 vars in 739 bytes} [Wed Jul 15 06:15:47 2026] DELETE /v2.0/security-groups/9c83d90e-f969-4836-a1a9-8fa2c2b1c8a6 => generated 0 bytes in 231 msecs (HTTP/1.1 204) 2 headers in 112 bytes (1 switches on core 0) [pid: 8|app: 0|req: 1004/2051] 10.0.0.235 () {34 vars in 788 bytes} [Wed Jul 15 06:15:47 2026] PUT /v2.0/routers/0a8aecae-a6e3-4bc9-9ca4-f286c384e212/remove_router_interface => generated 309 bytes in 608 msecs (HTTP/1.1 200) 4 headers in 157 bytes (1 switches on core 0) /var/lib/openstack/lib/python3.12/site-packages/pycadf/identifier.py:70: UserWarning: Invalid uuid: neutron. To ensure interoperability, identifiers should be a valid uuid. warnings.warn(('Invalid uuid: %s. To ensure interoperability, ' [pid: 7|app: 0|req: 1048/2052] 10.0.0.235 () {32 vars in 716 bytes} [Wed Jul 15 06:15:47 2026] GET /v2.0/ports/e3456109-52e5-4956-bb3d-b9099e6d0b93 => generated 941 bytes in 74 msecs (HTTP/1.1 200) 4 headers in 157 bytes (1 switches on core 0) [pid: 7|app: 0|req: 1049/2053] 10.0.0.235 () {32 vars in 735 bytes} [Wed Jul 15 06:15:47 2026] GET /v2.0/ports?device_id=0a8aecae-a6e3-4bc9-9ca4-f286c384e212 => generated 12 bytes in 18 msecs (HTTP/1.1 200) 4 headers in 156 bytes (1 switches on core 0)
2026-07-15 06:15:47.962 8 INFO neutron.db.segments_db [None req-02aa63a9-ec98-41b3-85cc-d18a0d21c5c5 f1b056b546a54e09a550819fdf05dd54 1a134d13241f41c5a49123284a530061 - - default default] Added segment f33e1d2c-9fc9-4f80-ac61-82083cebf421 of type geneve for network 3e44689c-a91f-468e-a6e5-f4c53cf4076b
2026-07-15 06:15:48.078 8 INFO neutron.db.ovn_revision_numbers_db [None req-02aa63a9-ec98-41b3-85cc-d18a0d21c5c5 f1b056b546a54e09a550819fdf05dd54 1a134d13241f41c5a49123284a530061 - - default default] Successfully bumped revision number for resource 3e44689c-a91f-468e-a6e5-f4c53cf4076b (type: networks) to 1
2026-07-15 06:15:48.242 8 WARNING neutron.scheduler.dhcp_agent_scheduler [None req-02aa63a9-ec98-41b3-85cc-d18a0d21c5c5 f1b056b546a54e09a550819fdf05dd54 1a134d13241f41c5a49123284a530061 - - default default] No more DHCP agents
2026-07-15 06:15:48.244 8 WARNING neutron.api.rpc.agentnotifiers.dhcp_rpc_agent_api [None req-02aa63a9-ec98-41b3-85cc-d18a0d21c5c5 f1b056b546a54e09a550819fdf05dd54 1a134d13241f41c5a49123284a530061 - - default default] Unable to schedule network 3e44689c-a91f-468e-a6e5-f4c53cf4076b: no agents available; will retry on subsequent port and subnet creation events.
2026-07-15 06:15:48.309 7 INFO neutron.plugins.ml2.drivers.ovn.mech_driver.mech_driver [None req-35015adb-13fa-409d-8582-b8ba979f073d - - - - - -] OVN reports status down for port: 9ed33381-a1b4-4c3c-a3b0-0f793cf6c621
2026-07-15 06:15:48.329 8 INFO neutron.db.ovn_revision_numbers_db [None req-02aa63a9-ec98-41b3-85cc-d18a0d21c5c5 f1b056b546a54e09a550819fdf05dd54 1a134d13241f41c5a49123284a530061 - - default default] Successfully bumped revision number for resource 9ed33381-a1b4-4c3c-a3b0-0f793cf6c621 (type: ports) to 1 [pid: 8|app: 0|req: 1005/2054] 10.0.0.235 () {34 vars in 669 bytes} [Wed Jul 15 06:15:47 2026] POST /v2.0/networks => generated 669 bytes in 501 msecs (HTTP/1.1 201) 4 headers in 162 bytes (1 switches on core 0)
2026-07-15 06:15:48.467 7 WARNING neutron.scheduler.dhcp_agent_scheduler [None req-ab9dc6b0-6ca6-4b68-b025-6100bf9ee1fa ac4afdc43e74496f9d58bdd6a44813fd d2f2f333e2e2483bb7e75f331680939c - - default default] No more DHCP agents
2026-07-15 06:15:48.468 7 WARNING neutron.api.rpc.agentnotifiers.dhcp_rpc_agent_api [None req-ab9dc6b0-6ca6-4b68-b025-6100bf9ee1fa ac4afdc43e74496f9d58bdd6a44813fd d2f2f333e2e2483bb7e75f331680939c - - default default] Unable to schedule network 48138f40-5fbb-49dd-9fc4-2bfa221a3ab2: no agents available; will retry on subsequent port and subnet creation events. [pid: 8|app: 0|req: 1006/2055] 10.0.0.235 () {32 vars in 723 bytes} [Wed Jul 15 06:15:48 2026] DELETE /v2.0/routers/0a8aecae-a6e3-4bc9-9ca4-f286c384e212 => generated 0 bytes in 176 msecs (HTTP/1.1 204) 2 headers in 112 bytes (1 switches on core 0)
2026-07-15 06:15:48.614 7 INFO neutron.db.ovn_revision_numbers_db [None req-ab9dc6b0-6ca6-4b68-b025-6100bf9ee1fa ac4afdc43e74496f9d58bdd6a44813fd d2f2f333e2e2483bb7e75f331680939c - - default default] Successfully bumped revision number for resource e5f57906-2a0e-4fc4-a692-f7924e9fdb1e (type: ports) to 1
2026-07-15 06:15:48.700 8 INFO neutron.db.ovn_revision_numbers_db [None req-d448ae7e-a1a9-411b-a617-170999a268a6 d439ef2a00bb4b7cbaf87e4feb03441c 4a8f7c1d9af94a41833931e8be4ab88a - - default default] Successfully bumped revision number for resource 4fbafb24-6bf1-4c09-b0fb-a766ba54ebd3 (type: security_groups) to 1
2026-07-15 06:15:48.710 8 INFO neutron.db.ovn_revision_numbers_db [None req-d448ae7e-a1a9-411b-a617-170999a268a6 d439ef2a00bb4b7cbaf87e4feb03441c 4a8f7c1d9af94a41833931e8be4ab88a - - default default] Successfully bumped revision number for resource 05405039-ff24-4630-8759-3de69b7ecc24 (type: security_group_rules) to 0
2026-07-15 06:15:48.722 8 INFO neutron.db.ovn_revision_numbers_db [None req-d448ae7e-a1a9-411b-a617-170999a268a6 d439ef2a00bb4b7cbaf87e4feb03441c 4a8f7c1d9af94a41833931e8be4ab88a - - default default] Successfully bumped revision number for resource 09ad1eec-16ce-4a2c-b60d-aae419f4ec89 (type: security_group_rules) to 0
2026-07-15 06:15:48.733 8 INFO neutron.db.ovn_revision_numbers_db [None req-d448ae7e-a1a9-411b-a617-170999a268a6 d439ef2a00bb4b7cbaf87e4feb03441c 4a8f7c1d9af94a41833931e8be4ab88a - - default default] Successfully bumped revision number for resource 3c7a2d57-f1c3-47f3-bb4e-d64553b47482 (type: security_group_rules) to 0
2026-07-15 06:15:48.747 8 INFO neutron.db.ovn_revision_numbers_db [None req-d448ae7e-a1a9-411b-a617-170999a268a6 d439ef2a00bb4b7cbaf87e4feb03441c 4a8f7c1d9af94a41833931e8be4ab88a - - default default] Successfully bumped revision number for resource 6372de93-f19d-4c23-9874-04c31033223a (type: security_group_rules) to 0 [pid: 8|app: 0|req: 1007/2056] 10.0.0.235 () {32 vars in 773 bytes} [Wed Jul 15 06:15:48 2026] GET /v2.0/security-groups?tenant_id=c89c5a8b312a4e03b6c89fd46006f1c8&name=default => generated 2925 bytes in 248 msecs (HTTP/1.1 200) 4 headers in 158 bytes (1 switches on core 0)
2026-07-15 06:15:48.887 8 INFO neutron.db.segments_db [None req-26033b8d-9379-4e5f-ad4a-e02981a84cc0 f1b056b546a54e09a550819fdf05dd54 1a134d13241f41c5a49123284a530061 - - default default] Added segment eee79cbe-9ec0-41b5-a4f8-96e0673a2828 of type geneve for network 8b863eb9-8ef1-49cc-b5b6-ad34b4724a67
2026-07-15 06:15:49.013 8 INFO neutron.db.ovn_revision_numbers_db [None req-26033b8d-9379-4e5f-ad4a-e02981a84cc0 f1b056b546a54e09a550819fdf05dd54 1a134d13241f41c5a49123284a530061 - - default default] Successfully bumped revision number for resource 8b863eb9-8ef1-49cc-b5b6-ad34b4724a67 (type: networks) to 1
2026-07-15 06:15:49.185 8 WARNING neutron.scheduler.dhcp_agent_scheduler [None req-26033b8d-9379-4e5f-ad4a-e02981a84cc0 f1b056b546a54e09a550819fdf05dd54 1a134d13241f41c5a49123284a530061 - - default default] No more DHCP agents
2026-07-15 06:15:49.187 8 WARNING neutron.api.rpc.agentnotifiers.dhcp_rpc_agent_api [None req-26033b8d-9379-4e5f-ad4a-e02981a84cc0 f1b056b546a54e09a550819fdf05dd54 1a134d13241f41c5a49123284a530061 - - default default] Unable to schedule network 8b863eb9-8ef1-49cc-b5b6-ad34b4724a67: no agents available; will retry on subsequent port and subnet creation events.
2026-07-15 06:15:49.263 8 INFO neutron.db.ovn_revision_numbers_db [None req-26033b8d-9379-4e5f-ad4a-e02981a84cc0 f1b056b546a54e09a550819fdf05dd54 1a134d13241f41c5a49123284a530061 - - default default] Successfully bumped revision number for resource afbd5ef9-9dee-410d-b982-40d5ed7be676 (type: ports) to 1
2026-07-15 06:15:49.300 7 INFO neutron.plugins.ml2.drivers.ovn.mech_driver.mech_driver [None req-35015adb-13fa-409d-8582-b8ba979f073d - - - - - -] OVN reports status down for port: afbd5ef9-9dee-410d-b982-40d5ed7be676 [pid: 8|app: 0|req: 1008/2057] 10.0.0.235 () {34 vars in 669 bytes} [Wed Jul 15 06:15:48 2026] POST /v2.0/networks => generated 670 bytes in 601 msecs (HTTP/1.1 201) 4 headers in 162 bytes (1 switches on core 0)
2026-07-15 06:15:49.533 7 WARNING neutron.scheduler.dhcp_agent_scheduler [None req-ab9dc6b0-6ca6-4b68-b025-6100bf9ee1fa ac4afdc43e74496f9d58bdd6a44813fd d2f2f333e2e2483bb7e75f331680939c - - default default] No more DHCP agents
2026-07-15 06:15:49.535 7 WARNING neutron.api.rpc.agentnotifiers.dhcp_rpc_agent_api [None req-ab9dc6b0-6ca6-4b68-b025-6100bf9ee1fa ac4afdc43e74496f9d58bdd6a44813fd d2f2f333e2e2483bb7e75f331680939c - - default default] Unable to schedule network 48138f40-5fbb-49dd-9fc4-2bfa221a3ab2: no agents available; will retry on subsequent port and subnet creation events. [pid: 8|app: 0|req: 1009/2058] 10.0.0.235 () {32 vars in 723 bytes} [Wed Jul 15 06:15:49 2026] DELETE /v2.0/subnets/7f5f40e6-eabb-4d24-a012-524e94d077e6 => generated 0 bytes in 194 msecs (HTTP/1.1 204) 3 headers in 131 bytes (1 switches on core 0)
2026-07-15 06:15:49.748 7 INFO neutron.db.ovn_revision_numbers_db [None req-ab9dc6b0-6ca6-4b68-b025-6100bf9ee1fa ac4afdc43e74496f9d58bdd6a44813fd d2f2f333e2e2483bb7e75f331680939c - - default default] Successfully bumped revision number for resource e5f57906-2a0e-4fc4-a692-f7924e9fdb1e (type: router_ports) to 1 [pid: 7|app: 0|req: 1050/2059] 10.0.0.235 () {34 vars in 782 bytes} [Wed Jul 15 06:15:47 2026] PUT /v2.0/routers/246893f9-ba4f-47fc-a9e3-a2d9b3e79ed0/add_router_interface => generated 309 bytes in 1833 msecs (HTTP/1.1 200) 4 headers in 157 bytes (1 switches on core 0)
2026-07-15 06:15:49.828 7 INFO neutron.db.segments_db [None req-678277d8-3328-4e70-985a-0743d0e60b85 f1b056b546a54e09a550819fdf05dd54 1a134d13241f41c5a49123284a530061 - - default default] Added segment 333ac9e5-2ad6-45c5-a176-f75b14bf2427 of type geneve for network 718cb215-8405-47ec-93b2-034927f499bb [pid: 8|app: 0|req: 1010/2060] 10.0.0.235 () {32 vars in 739 bytes} [Wed Jul 15 06:15:49 2026] DELETE /v2.0/security-groups/4fbafb24-6bf1-4c09-b0fb-a766ba54ebd3 => generated 0 bytes in 305 msecs (HTTP/1.1 204) 2 headers in 112 bytes (1 switches on core 0)
2026-07-15 06:15:49.948 7 INFO neutron.db.ovn_revision_numbers_db [None req-678277d8-3328-4e70-985a-0743d0e60b85 f1b056b546a54e09a550819fdf05dd54 1a134d13241f41c5a49123284a530061 - - default default] Successfully bumped revision number for resource 718cb215-8405-47ec-93b2-034927f499bb (type: networks) to 1
2026-07-15 06:15:50.008 8 INFO neutron_taas.services.taas.taas_plugin [None req-5255306a-fdc4-4b08-a480-d0a98145808d 6db272fec69049ac91e0b43fe06ab0d4 bc358884d9f343b2b13e38a85a31ab6f - - default default] TaaS: Handle Delete Port: 53fb5162-e7bc-4d21-8e71-2e609dbdabbb
2026-07-15 06:15:50.011 8 INFO neutron_taas.services.taas.tap_mirror_plugin [None req-5255306a-fdc4-4b08-a480-d0a98145808d 6db272fec69049ac91e0b43fe06ab0d4 bc358884d9f343b2b13e38a85a31ab6f - - default default] Tap Mirror: Handle Delete Port: 53fb5162-e7bc-4d21-8e71-2e609dbdabbb
2026-07-15 06:15:50.150 7 WARNING neutron.scheduler.dhcp_agent_scheduler [None req-678277d8-3328-4e70-985a-0743d0e60b85 f1b056b546a54e09a550819fdf05dd54 1a134d13241f41c5a49123284a530061 - - default default] No more DHCP agents
2026-07-15 06:15:50.152 7 WARNING neutron.api.rpc.agentnotifiers.dhcp_rpc_agent_api [None req-678277d8-3328-4e70-985a-0743d0e60b85 f1b056b546a54e09a550819fdf05dd54 1a134d13241f41c5a49123284a530061 - - default default] Unable to schedule network 718cb215-8405-47ec-93b2-034927f499bb: no agents available; will retry on subsequent port and subnet creation events.
2026-07-15 06:15:50.197 8 INFO neutron.services.segments.plugin [-] Segment 0eaeeda8-61af-4984-8790-75da666764cd resource provider aggregate not found
2026-07-15 06:15:50.207 8 INFO neutron.services.segments.plugin [-] Segment 0eaeeda8-61af-4984-8790-75da666764cd resource provider aggregate not found
2026-07-15 06:15:50.209 7 INFO neutron.plugins.ml2.drivers.ovn.mech_driver.mech_driver [None req-35015adb-13fa-409d-8582-b8ba979f073d - - - - - -] OVN reports status down for port: b2915694-1f91-4e10-a34d-19d2a85b0c85
2026-07-15 06:15:50.214 8 INFO neutron.services.segments.plugin [-] Client error retrieving segment 0eaeeda8-61af-4984-8790-75da666764cd resource provider; error: Placement Client Error (4xx): {"errors": [{"status": 404, "title": "Not Found", "detail": "The resource could not be found.\n\n No resource provider with uuid 0eaeeda8-61af-4984-8790-75da666764cd found for delete ", "request_id": "req-b0f99a38-b35c-47c5-848b-18e5a1ee1c10"}]}
2026-07-15 06:15:50.239 8 INFO neutron.services.segments.plugin [-] Client error retrieving segment 0eaeeda8-61af-4984-8790-75da666764cd resource provider; error: Placement Client Error (4xx): {"errors": [{"status": 404, "title": "Not Found", "detail": "The resource could not be found.\n\n No resource provider with uuid 0eaeeda8-61af-4984-8790-75da666764cd found for delete ", "request_id": "req-5ddc990c-67fc-4a9d-bc66-72de41356eb3"}]} [pid: 8|app: 0|req: 1011/2061] 10.0.0.235 () {32 vars in 725 bytes} [Wed Jul 15 06:15:49 2026] DELETE /v2.0/networks/b7e4a1f5-4142-4fd7-8f4f-2b31e699600b => generated 0 bytes in 373 msecs (HTTP/1.1 204) 3 headers in 131 bytes (1 switches on core 0)
2026-07-15 06:15:50.272 7 INFO neutron.db.ovn_revision_numbers_db [None req-678277d8-3328-4e70-985a-0743d0e60b85 f1b056b546a54e09a550819fdf05dd54 1a134d13241f41c5a49123284a530061 - - default default] Successfully bumped revision number for resource b2915694-1f91-4e10-a34d-19d2a85b0c85 (type: ports) to 1 [pid: 7|app: 0|req: 1051/2062] 10.0.0.235 () {34 vars in 669 bytes} [Wed Jul 15 06:15:49 2026] POST /v2.0/networks => generated 669 bytes in 562 msecs (HTTP/1.1 201) 4 headers in 162 bytes (1 switches on core 0) [pid: 8|app: 0|req: 1012/2063] 10.0.0.235 () {32 vars in 716 bytes} [Wed Jul 15 06:15:50 2026] GET /v2.0/ports/e5f57906-2a0e-4fc4-a692-f7924e9fdb1e => generated 941 bytes in 69 msecs (HTTP/1.1 200) 4 headers in 157 bytes (1 switches on core 0)
2026-07-15 06:15:50.436 7 INFO neutron.db.ovn_revision_numbers_db [None req-3547b1b0-566a-402e-8d06-56aa43d10311 d439ef2a00bb4b7cbaf87e4feb03441c 4a8f7c1d9af94a41833931e8be4ab88a - - default default] Successfully bumped revision number for resource 4b576eca-7596-4423-a65d-2efbe942b58f (type: security_groups) to 1
2026-07-15 06:15:50.447 7 INFO neutron.db.ovn_revision_numbers_db [None req-3547b1b0-566a-402e-8d06-56aa43d10311 d439ef2a00bb4b7cbaf87e4feb03441c 4a8f7c1d9af94a41833931e8be4ab88a - - default default] Successfully bumped revision number for resource 4b78396f-ef33-442b-923b-10327c77994d (type: security_group_rules) to 0
2026-07-15 06:15:50.459 7 INFO neutron.db.ovn_revision_numbers_db [None req-3547b1b0-566a-402e-8d06-56aa43d10311 d439ef2a00bb4b7cbaf87e4feb03441c 4a8f7c1d9af94a41833931e8be4ab88a - - default default] Successfully bumped revision number for resource b095143b-cd9f-4c5e-b293-53684029348d (type: security_group_rules) to 0
2026-07-15 06:15:50.469 7 INFO neutron.db.ovn_revision_numbers_db [None req-3547b1b0-566a-402e-8d06-56aa43d10311 d439ef2a00bb4b7cbaf87e4feb03441c 4a8f7c1d9af94a41833931e8be4ab88a - - default default] Successfully bumped revision number for resource bcc0fa31-e145-4bb7-a1a6-e1f991a7d83d (type: security_group_rules) to 0
2026-07-15 06:15:50.480 7 INFO neutron.db.ovn_revision_numbers_db [None req-3547b1b0-566a-402e-8d06-56aa43d10311 d439ef2a00bb4b7cbaf87e4feb03441c 4a8f7c1d9af94a41833931e8be4ab88a - - default default] Successfully bumped revision number for resource f244bec0-08d8-46ff-bab2-dabceed57b35 (type: security_group_rules) to 0 [pid: 7|app: 0|req: 1052/2064] 10.0.0.235 () {32 vars in 773 bytes} [Wed Jul 15 06:15:50 2026] GET /v2.0/security-groups?tenant_id=8050415e87874918ba5c846f3ef75ec6&name=default => generated 2925 bytes in 195 msecs (HTTP/1.1 200) 4 headers in 158 bytes (1 switches on core 0) [pid: 7|app: 0|req: 1053/2065] 10.0.0.235 () {34 vars in 752 bytes} [Wed Jul 15 06:15:50 2026] PUT /v2.0/networks/dfe0099e-b105-4e2c-a215-6b790281ab6d/tags => generated 17 bytes in 50 msecs (HTTP/1.1 200) 4 headers in 156 bytes (1 switches on core 0) [pid: 7|app: 0|req: 1054/2066] 10.0.0.235 () {32 vars in 716 bytes} [Wed Jul 15 06:15:50 2026] GET /v2.0/ports/e5f57906-2a0e-4fc4-a692-f7924e9fdb1e => generated 941 bytes in 64 msecs (HTTP/1.1 200) 4 headers in 157 bytes (1 switches on core 0)
2026-07-15 06:15:50.763 8 WARNING neutron.scheduler.dhcp_agent_scheduler [None req-f3da07c7-26ce-4564-8529-15244b15dc1e 6db272fec69049ac91e0b43fe06ab0d4 bc358884d9f343b2b13e38a85a31ab6f - - default default] No more DHCP agents
2026-07-15 06:15:50.764 8 WARNING neutron.api.rpc.agentnotifiers.dhcp_rpc_agent_api [None req-f3da07c7-26ce-4564-8529-15244b15dc1e 6db272fec69049ac91e0b43fe06ab0d4 bc358884d9f343b2b13e38a85a31ab6f - - default default] Unable to schedule network 53c706b6-41a1-47e3-b31e-21d85fca48c3: no agents available; will retry on subsequent port and subnet creation events. [pid: 7|app: 0|req: 1055/2067] 10.0.0.235 () {32 vars in 739 bytes} [Wed Jul 15 06:15:50 2026] DELETE /v2.0/security-groups/4b576eca-7596-4423-a65d-2efbe942b58f => generated 0 bytes in 205 msecs (HTTP/1.1 204) 2 headers in 112 bytes (1 switches on core 0)
2026-07-15 06:15:50.882 7 INFO neutron.plugins.ml2.drivers.ovn.mech_driver.mech_driver [None req-35015adb-13fa-409d-8582-b8ba979f073d - - - - - -] OVN reports status down for port: 63df6b0d-2644-49e1-96f5-1f87b278becf
2026-07-15 06:15:50.911 8 INFO neutron.db.ovn_revision_numbers_db [None req-f3da07c7-26ce-4564-8529-15244b15dc1e 6db272fec69049ac91e0b43fe06ab0d4 bc358884d9f343b2b13e38a85a31ab6f - - default default] Successfully bumped revision number for resource 63df6b0d-2644-49e1-96f5-1f87b278becf (type: ports) to 1 [pid: 7|app: 0|req: 1056/2068] 10.0.0.235 () {34 vars in 752 bytes} [Wed Jul 15 06:15:50 2026] PUT /v2.0/networks/2f2bda80-b52e-4882-beed-cd13ad535d13/tags => generated 25 bytes in 119 msecs (HTTP/1.1 200) 4 headers in 156 bytes (1 switches on core 0) [pid: 7|app: 0|req: 1057/2069] 10.0.0.235 () {34 vars in 752 bytes} [Wed Jul 15 06:15:50 2026] PUT /v2.0/networks/3e44689c-a91f-468e-a6e5-f4c53cf4076b/tags => generated 34 bytes in 89 msecs (HTTP/1.1 200) 4 headers in 156 bytes (1 switches on core 0) [pid: 7|app: 0|req: 1058/2070] 10.0.0.235 () {34 vars in 752 bytes} [Wed Jul 15 06:15:51 2026] PUT /v2.0/networks/8b863eb9-8ef1-49cc-b5b6-ad34b4724a67/tags => generated 19 bytes in 48 msecs (HTTP/1.1 200) 4 headers in 156 bytes (1 switches on core 0) [pid: 7|app: 0|req: 1059/2071] 10.0.0.235 () {32 vars in 665 bytes} [Wed Jul 15 06:15:51 2026] GET /v2.0/networks?tags=red => generated 1987 bytes in 63 msecs (HTTP/1.1 200) 4 headers in 158 bytes (1 switches on core 0) [pid: 7|app: 0|req: 1060/2072] 10.0.0.235 () {32 vars in 679 bytes} [Wed Jul 15 06:15:51 2026] GET /v2.0/networks?tags=red%2Cblue => generated 1337 bytes in 44 msecs (HTTP/1.1 200) 4 headers in 158 bytes (1 switches on core 0) [pid: 7|app: 0|req: 1061/2073] 10.0.0.235 () {32 vars in 675 bytes} [Wed Jul 15 06:15:51 2026] GET /v2.0/networks?tags-any=blue => generated 1337 bytes in 41 msecs (HTTP/1.1 200) 4 headers in 158 bytes (1 switches on core 0) [pid: 7|app: 0|req: 1062/2074] 10.0.0.235 () {32 vars in 687 bytes} [Wed Jul 15 06:15:51 2026] GET /v2.0/networks?tags-any=red%2Cblue => generated 1987 bytes in 37 msecs (HTTP/1.1 200) 4 headers in 158 bytes (1 switches on core 0) [pid: 7|app: 0|req: 1063/2075] 10.0.0.235 () {32 vars in 673 bytes} [Wed Jul 15 06:15:51 2026] GET /v2.0/networks?not-tags=red => generated 1987 bytes in 59 msecs (HTTP/1.1 200) 4 headers in 158 bytes (1 switches on core 0) [pid: 7|app: 0|req: 1064/2076] 10.0.0.235 () {32 vars in 687 bytes} [Wed Jul 15 06:15:51 2026] GET /v2.0/networks?not-tags=red%2Cblue => generated 2637 bytes in 57 msecs (HTTP/1.1 200) 4 headers in 158 bytes (1 switches on core 0) [pid: 7|app: 0|req: 1065/2077] 10.0.0.235 () {32 vars in 683 bytes} [Wed Jul 15 06:15:51 2026] GET /v2.0/networks?not-tags-any=blue => generated 2637 bytes in 66 msecs (HTTP/1.1 200) 4 headers in 158 bytes (1 switches on core 0)
2026-07-15 06:15:51.547 8 INFO neutron.plugins.ml2.drivers.ovn.mech_driver.ovsdb.commands [None req-e58e6ddf-171b-4834-ab9f-7b9cf7134ea7 - - - - - -] Schedule LRP lrp-63df6b0d-2644-49e1-96f5-1f87b278becf on gateway a8690dd5-ec7f-48dc-8987-b94940b69db2 with priority 1
2026-07-15 06:15:51.581 7 INFO neutron.plugins.ml2.drivers.ovn.mech_driver.mech_driver [None req-35015adb-13fa-409d-8582-b8ba979f073d - - - - - -] OVN reports status up for port: 63df6b0d-2644-49e1-96f5-1f87b278becf
2026-07-15 06:15:51.587 8 WARNING neutron.plugins.ml2.drivers.ovn.mech_driver.ovsdb.ovn_client [None req-53c1db3d-ed1b-4346-aa37-14f6eacf7158 - - - - - -] No port found with ID 25fdb1da-3481-404e-ad2f-f2fc4eb5eadf: RuntimeError: No port found with ID 25fdb1da-3481-404e-ad2f-f2fc4eb5eadf
2026-07-15 06:15:51.607 8 INFO neutron.plugins.ml2.drivers.ovn.mech_driver.mech_driver [None req-53c1db3d-ed1b-4346-aa37-14f6eacf7158 - - - - - -] OVN reports status down for port: e3456109-52e5-4956-bb3d-b9099e6d0b93 [pid: 7|app: 0|req: 1066/2078] 10.0.0.235 () {32 vars in 695 bytes} [Wed Jul 15 06:15:51 2026] GET /v2.0/networks?not-tags-any=red%2Cblue => generated 1987 bytes in 102 msecs (HTTP/1.1 200) 4 headers in 158 bytes (1 switches on core 0)
2026-07-15 06:15:51.629 7 INFO neutron.plugins.ml2.plugin [None req-35015adb-13fa-409d-8582-b8ba979f073d - - - - - -] Attempt 1 to provision port 63df6b0d-2644-49e1-96f5-1f87b278becf
2026-07-15 06:15:51.665 8 INFO neutron.db.ovn_revision_numbers_db [None req-f3da07c7-26ce-4564-8529-15244b15dc1e 6db272fec69049ac91e0b43fe06ab0d4 bc358884d9f343b2b13e38a85a31ab6f - - default default] Successfully bumped revision number for resource 63df6b0d-2644-49e1-96f5-1f87b278becf (type: router_ports) to 1
2026-07-15 06:15:51.737 8 WARNING neutron.plugins.ml2.drivers.ovn.mech_driver.ovsdb.ovn_client [None req-53c1db3d-ed1b-4346-aa37-14f6eacf7158 - - - - - -] Logical_Switch_Port e3456109-52e5-4956-bb3d-b9099e6d0b93 host information not removed, the port state is up
2026-07-15 06:15:51.739 8 INFO neutron.plugins.ml2.drivers.ovn.mech_driver.mech_driver [None req-53c1db3d-ed1b-4346-aa37-14f6eacf7158 - - - - - -] OVN reports status down for port: f70e9aa4-760c-4b10-bea8-623cdfa824ab
2026-07-15 06:15:51.781 8 INFO neutron.db.ovn_revision_numbers_db [None req-f3da07c7-26ce-4564-8529-15244b15dc1e 6db272fec69049ac91e0b43fe06ab0d4 bc358884d9f343b2b13e38a85a31ab6f - - default default] Successfully bumped revision number for resource de3df603-7ce9-4e37-9b82-dc75424e8392 (type: routers) to 2
2026-07-15 06:15:51.784 7 INFO neutron_taas.services.taas.taas_plugin [None req-0b12d752-a791-49fc-b21f-14a035492bde f1b056b546a54e09a550819fdf05dd54 1a134d13241f41c5a49123284a530061 - - default default] TaaS: Handle Delete Port: f70e9aa4-760c-4b10-bea8-623cdfa824ab
2026-07-15 06:15:51.790 7 INFO neutron_taas.services.taas.tap_mirror_plugin [None req-0b12d752-a791-49fc-b21f-14a035492bde f1b056b546a54e09a550819fdf05dd54 1a134d13241f41c5a49123284a530061 - - default default] Tap Mirror: Handle Delete Port: f70e9aa4-760c-4b10-bea8-623cdfa824ab [pid: 8|app: 0|req: 1013/2079] 10.0.0.235 () {34 vars in 668 bytes} [Wed Jul 15 06:15:50 2026] POST /v2.0/routers => generated 952 bytes in 1481 msecs (HTTP/1.1 201) 4 headers in 162 bytes (1 switches on core 0)
2026-07-15 06:15:51.859 8 INFO neutron.plugins.ml2.drivers.ovn.mech_driver.mech_driver [None req-53c1db3d-ed1b-4346-aa37-14f6eacf7158 - - - - - -] OVN reports status up for port: e3456109-52e5-4956-bb3d-b9099e6d0b93 [pid: 8|app: 0|req: 1014/2080] 10.0.0.235 () {32 vars in 716 bytes} [Wed Jul 15 06:15:51 2026] GET /v2.0/ports/e5f57906-2a0e-4fc4-a692-f7924e9fdb1e => generated 941 bytes in 66 msecs (HTTP/1.1 200) 4 headers in 157 bytes (1 switches on core 0)
2026-07-15 06:15:51.896 8 INFO neutron.plugins.ml2.plugin [None req-53c1db3d-ed1b-4346-aa37-14f6eacf7158 - - - - - -] Attempt 1 to provision port e3456109-52e5-4956-bb3d-b9099e6d0b93
2026-07-15 06:15:51.943 7 INFO neutron.services.segments.plugin [-] Segment bdbed843-a1a4-400b-aedf-cd2fdfc43f89 resource provider aggregate not found
2026-07-15 06:15:51.950 7 INFO neutron.services.segments.plugin [-] Segment bdbed843-a1a4-400b-aedf-cd2fdfc43f89 resource provider aggregate not found
2026-07-15 06:15:51.966 7 INFO neutron.services.segments.plugin [-] Client error retrieving segment bdbed843-a1a4-400b-aedf-cd2fdfc43f89 resource provider; error: Placement Client Error (4xx): {"errors": [{"status": 404, "title": "Not Found", "detail": "The resource could not be found.\n\n No resource provider with uuid bdbed843-a1a4-400b-aedf-cd2fdfc43f89 found for delete ", "request_id": "req-83052243-451e-4964-8b39-6a0c8435a465"}]}
2026-07-15 06:15:51.976 7 INFO neutron.services.segments.plugin [-] Client error retrieving segment bdbed843-a1a4-400b-aedf-cd2fdfc43f89 resource provider; error: Placement Client Error (4xx): {"errors": [{"status": 404, "title": "Not Found", "detail": "The resource could not be found.\n\n No resource provider with uuid bdbed843-a1a4-400b-aedf-cd2fdfc43f89 found for delete ", "request_id": "req-204fa23f-ef76-4e14-a911-a5cfa61ea88d"}]} [pid: 7|app: 0|req: 1067/2081] 10.0.0.235 () {32 vars in 725 bytes} [Wed Jul 15 06:15:51 2026] DELETE /v2.0/networks/dfe0099e-b105-4e2c-a215-6b790281ab6d => generated 0 bytes in 381 msecs (HTTP/1.1 204) 3 headers in 131 bytes (1 switches on core 0) [pid: 8|app: 0|req: 1015/2082] 10.0.0.235 () {32 vars in 720 bytes} [Wed Jul 15 06:15:51 2026] GET /v2.0/routers/de3df603-7ce9-4e37-9b82-dc75424e8392 => generated 958 bytes in 166 msecs (HTTP/1.1 200) 4 headers in 157 bytes (1 switches on core 0)
2026-07-15 06:15:52.121 7 INFO neutron_taas.services.taas.taas_plugin [None req-81ee241f-32bc-4bc9-83c6-580d8f527911 f1b056b546a54e09a550819fdf05dd54 1a134d13241f41c5a49123284a530061 - - default default] TaaS: Handle Delete Port: 35ab6b42-8119-4f4d-bab8-f6a9cfc6efcf
2026-07-15 06:15:52.124 7 INFO neutron_taas.services.taas.tap_mirror_plugin [None req-81ee241f-32bc-4bc9-83c6-580d8f527911 f1b056b546a54e09a550819fdf05dd54 1a134d13241f41c5a49123284a530061 - - default default] Tap Mirror: Handle Delete Port: 35ab6b42-8119-4f4d-bab8-f6a9cfc6efcf [pid: 8|app: 0|req: 1016/2083] 10.0.0.235 () {32 vars in 646 bytes} [Wed Jul 15 06:15:52 2026] GET /v2.0/routers => generated 961 bytes in 210 msecs (HTTP/1.1 200) 4 headers in 157 bytes (1 switches on core 0) [pid: 7|app: 0|req: 1068/2084] 10.0.0.235 () {32 vars in 725 bytes} [Wed Jul 15 06:15:52 2026] DELETE /v2.0/networks/2f2bda80-b52e-4882-beed-cd13ad535d13 => generated 0 bytes in 298 msecs (HTTP/1.1 204) 3 headers in 131 bytes (1 switches on core 0)
2026-07-15 06:15:52.397 7 INFO neutron_taas.services.taas.taas_plugin [None req-da3b89e3-c891-46b7-94be-a17e1a1244e9 f1b056b546a54e09a550819fdf05dd54 1a134d13241f41c5a49123284a530061 - - default default] TaaS: Handle Delete Port: 9ed33381-a1b4-4c3c-a3b0-0f793cf6c621
2026-07-15 06:15:52.399 7 INFO neutron_taas.services.taas.tap_mirror_plugin [None req-da3b89e3-c891-46b7-94be-a17e1a1244e9 f1b056b546a54e09a550819fdf05dd54 1a134d13241f41c5a49123284a530061 - - default default] Tap Mirror: Handle Delete Port: 9ed33381-a1b4-4c3c-a3b0-0f793cf6c621 [pid: 7|app: 0|req: 1069/2085] 10.0.0.235 () {32 vars in 725 bytes} [Wed Jul 15 06:15:52 2026] DELETE /v2.0/networks/3e44689c-a91f-468e-a6e5-f4c53cf4076b => generated 0 bytes in 280 msecs (HTTP/1.1 204) 3 headers in 131 bytes (1 switches on core 0)
2026-07-15 06:15:52.652 8 INFO neutron.db.ovn_revision_numbers_db [None req-53c1db3d-ed1b-4346-aa37-14f6eacf7158 - - - - - -] Successfully bumped revision number for resource e3456109-52e5-4956-bb3d-b9099e6d0b93 (type: ports) to 2
2026-07-15 06:15:52.686 7 INFO neutron_taas.services.taas.taas_plugin [None req-b9ba8996-657a-4f8f-9aea-36802c036575 f1b056b546a54e09a550819fdf05dd54 1a134d13241f41c5a49123284a530061 - - default default] TaaS: Handle Delete Port: afbd5ef9-9dee-410d-b982-40d5ed7be676
2026-07-15 06:15:52.688 7 INFO neutron_taas.services.taas.tap_mirror_plugin [None req-b9ba8996-657a-4f8f-9aea-36802c036575 f1b056b546a54e09a550819fdf05dd54 1a134d13241f41c5a49123284a530061 - - default default] Tap Mirror: Handle Delete Port: afbd5ef9-9dee-410d-b982-40d5ed7be676 [pid: 7|app: 0|req: 1070/2086] 10.0.0.235 () {32 vars in 725 bytes} [Wed Jul 15 06:15:52 2026] DELETE /v2.0/networks/8b863eb9-8ef1-49cc-b5b6-ad34b4724a67 => generated 0 bytes in 269 msecs (HTTP/1.1 204) 3 headers in 131 bytes (1 switches on core 0)
2026-07-15 06:15:52.987 7 INFO neutron_taas.services.taas.taas_plugin [None req-5be92a50-7ed1-4cb5-9958-25a1c90b754b f1b056b546a54e09a550819fdf05dd54 1a134d13241f41c5a49123284a530061 - - default default] TaaS: Handle Delete Port: b2915694-1f91-4e10-a34d-19d2a85b0c85
2026-07-15 06:15:52.990 7 INFO neutron_taas.services.taas.tap_mirror_plugin [None req-5be92a50-7ed1-4cb5-9958-25a1c90b754b f1b056b546a54e09a550819fdf05dd54 1a134d13241f41c5a49123284a530061 - - default default] Tap Mirror: Handle Delete Port: b2915694-1f91-4e10-a34d-19d2a85b0c85 [pid: 7|app: 0|req: 1071/2087] 10.0.0.235 () {32 vars in 725 bytes} [Wed Jul 15 06:15:52 2026] DELETE /v2.0/networks/718cb215-8405-47ec-93b2-034927f499bb => generated 0 bytes in 347 msecs (HTTP/1.1 204) 3 headers in 131 bytes (1 switches on core 0) [pid: 7|app: 0|req: 1072/2088] 10.0.0.235 () {32 vars in 716 bytes} [Wed Jul 15 06:15:53 2026] GET /v2.0/ports/e5f57906-2a0e-4fc4-a692-f7924e9fdb1e => generated 941 bytes in 26 msecs (HTTP/1.1 200) 4 headers in 157 bytes (1 switches on core 0)
2026-07-15 06:15:53.459 8 INFO neutron.db.ovn_revision_numbers_db [None req-6854e185-b217-4c5d-b64e-07b2788c8a75 6db272fec69049ac91e0b43fe06ab0d4 bc358884d9f343b2b13e38a85a31ab6f - - default default] Successfully bumped revision number for resource de3df603-7ce9-4e37-9b82-dc75424e8392 (type: routers) to 3 [pid: 8|app: 0|req: 1017/2089] 10.0.0.235 () {34 vars in 740 bytes} [Wed Jul 15 06:15:52 2026] PUT /v2.0/routers/de3df603-7ce9-4e37-9b82-dc75424e8392 => generated 965 bytes in 1205 msecs (HTTP/1.1 200) 4 headers in 157 bytes (1 switches on core 0) [pid: 7|app: 0|req: 1073/2090] 10.0.0.235 () {32 vars in 720 bytes} [Wed Jul 15 06:15:53 2026] GET /v2.0/routers/de3df603-7ce9-4e37-9b82-dc75424e8392 => generated 965 bytes in 60 msecs (HTTP/1.1 200) 4 headers in 157 bytes (1 switches on core 0) [pid: 8|app: 0|req: 1018/2091] 10.0.0.235 () {32 vars in 735 bytes} [Wed Jul 15 06:15:53 2026] GET /v2.0/ports?device_id=de3df603-7ce9-4e37-9b82-dc75424e8392 => generated 12 bytes in 19 msecs (HTTP/1.1 200) 4 headers in 156 bytes (1 switches on core 0)
2026-07-15 06:15:53.824 7 INFO neutron_taas.services.taas.taas_plugin [None req-e40bbe4f-3fff-4378-b062-d86a076508ce 6db272fec69049ac91e0b43fe06ab0d4 bc358884d9f343b2b13e38a85a31ab6f - - default default] TaaS: Handle Delete Port: 63df6b0d-2644-49e1-96f5-1f87b278becf
2026-07-15 06:15:53.826 7 INFO neutron_taas.services.taas.tap_mirror_plugin [None req-e40bbe4f-3fff-4378-b062-d86a076508ce 6db272fec69049ac91e0b43fe06ab0d4 bc358884d9f343b2b13e38a85a31ab6f - - default default] Tap Mirror: Handle Delete Port: 63df6b0d-2644-49e1-96f5-1f87b278becf
2026-07-15 06:15:53.999 7 INFO neutron.services.segments.plugin [-] Segment 3b40251c-6d10-4595-9ea0-a662f4cd55dd resource provider aggregate not found
2026-07-15 06:15:54.006 7 INFO neutron.services.segments.plugin [-] Segment 3b40251c-6d10-4595-9ea0-a662f4cd55dd resource provider aggregate not found
2026-07-15 06:15:54.032 7 INFO neutron.services.segments.plugin [-] Client error retrieving segment 3b40251c-6d10-4595-9ea0-a662f4cd55dd resource provider; error: Placement Client Error (4xx): {"errors": [{"status": 404, "title": "Not Found", "detail": "The resource could not be found.\n\n No resource provider with uuid 3b40251c-6d10-4595-9ea0-a662f4cd55dd found for delete ", "request_id": "req-1ccc0191-6a4f-4d61-a90b-30d6cba4a7d5"}]}
2026-07-15 06:15:54.033 7 INFO neutron.services.segments.plugin [-] Client error retrieving segment 3b40251c-6d10-4595-9ea0-a662f4cd55dd resource provider; error: Placement Client Error (4xx): {"errors": [{"status": 404, "title": "Not Found", "detail": "The resource could not be found.\n\n No resource provider with uuid 3b40251c-6d10-4595-9ea0-a662f4cd55dd found for delete ", "request_id": "req-ddbc6bdc-ab2c-458d-8111-1206a069fb8f"}]}
