2026-07-15 06:15:26.199 7 INFO neutron.plugins.ml2.drivers.ovn.mech_driver.mech_driver [None req-0f2fe5e7-c3d8-42e0-861a-9f94375d472d - - - - - -] OVN reports status down for port: dccec1ff-88bb-445a-9541-9faebaeb7fd5 [pid: 8|app: 0|req: 931/1898] 10.0.0.235 () {34 vars in 669 bytes} [Wed Jul 15 06:15:25 2026] POST /v2.0/networks => generated 672 bytes in 1046 msecs (HTTP/1.1 201) 4 headers in 162 bytes (1 switches on core 0) [pid: 7|app: 0|req: 968/1899] 10.0.0.235 () {34 vars in 664 bytes} [Wed Jul 15 06:15:25 2026] POST /v2.0/ports => generated 774 bytes in 543 msecs (HTTP/1.1 201) 4 headers in 162 bytes (1 switches on core 0) /var/lib/openstack/lib/python3.12/site-packages/pycadf/identifier.py:70: UserWarning: Invalid uuid: neutron. To ensure interoperability, identifiers should be a valid uuid. warnings.warn(('Invalid uuid: %s. To ensure interoperability, '
2026-07-15 06:15:26.310 8 INFO neutron.db.segments_db [None req-9dfa7ead-bb49-4a54-b5a8-b6fed7eb8e2d 6db272fec69049ac91e0b43fe06ab0d4 bc358884d9f343b2b13e38a85a31ab6f - - default default] Added segment 85ebfc97-cb10-40b8-8014-04ed6657cf9d of type geneve for network cacda4c8-c13a-471d-be6e-0e3c6efe1645
2026-07-15 06:15:26.374 7 INFO neutron.db.segments_db [None req-4262a41e-a983-47a4-a990-e8289f6fd523 3bd191799c7544c5a7b38ba7202fe01e 32aae45df76444789f225b4ceae37dbe - - default default] Added segment ea2e9bae-fdab-4b77-ac2a-2f2507ce5e4b of type geneve for network 299213aa-f702-4824-945b-05a821ef4c6d
2026-07-15 06:15:26.423 8 INFO neutron.db.ovn_revision_numbers_db [None req-9dfa7ead-bb49-4a54-b5a8-b6fed7eb8e2d 6db272fec69049ac91e0b43fe06ab0d4 bc358884d9f343b2b13e38a85a31ab6f - - default default] Successfully bumped revision number for resource cacda4c8-c13a-471d-be6e-0e3c6efe1645 (type: networks) to 1
2026-07-15 06:15:26.505 7 INFO neutron.db.ovn_revision_numbers_db [None req-4262a41e-a983-47a4-a990-e8289f6fd523 3bd191799c7544c5a7b38ba7202fe01e 32aae45df76444789f225b4ceae37dbe - - default default] Successfully bumped revision number for resource 299213aa-f702-4824-945b-05a821ef4c6d (type: networks) to 1
2026-07-15 06:15:26.593 8 WARNING neutron.scheduler.dhcp_agent_scheduler [None req-9dfa7ead-bb49-4a54-b5a8-b6fed7eb8e2d 6db272fec69049ac91e0b43fe06ab0d4 bc358884d9f343b2b13e38a85a31ab6f - - default default] No more DHCP agents
2026-07-15 06:15:26.595 8 WARNING neutron.api.rpc.agentnotifiers.dhcp_rpc_agent_api [None req-9dfa7ead-bb49-4a54-b5a8-b6fed7eb8e2d 6db272fec69049ac91e0b43fe06ab0d4 bc358884d9f343b2b13e38a85a31ab6f - - default default] Unable to schedule network cacda4c8-c13a-471d-be6e-0e3c6efe1645: no agents available; will retry on subsequent port and subnet creation events.
2026-07-15 06:15:26.658 8 INFO neutron.plugins.ml2.drivers.ovn.mech_driver.mech_driver [None req-129b26f6-09b0-447f-a66a-2e607be12a88 - - - - - -] OVN reports status down for port: dfb5fa73-a779-4b08-a8f1-41ff6409ad12
2026-07-15 06:15:26.696 7 WARNING neutron.scheduler.dhcp_agent_scheduler [None req-4262a41e-a983-47a4-a990-e8289f6fd523 3bd191799c7544c5a7b38ba7202fe01e 32aae45df76444789f225b4ceae37dbe - - default default] No more DHCP agents
2026-07-15 06:15:26.697 7 WARNING neutron.api.rpc.agentnotifiers.dhcp_rpc_agent_api [None req-4262a41e-a983-47a4-a990-e8289f6fd523 3bd191799c7544c5a7b38ba7202fe01e 32aae45df76444789f225b4ceae37dbe - - default default] Unable to schedule network 299213aa-f702-4824-945b-05a821ef4c6d: no agents available; will retry on subsequent port and subnet creation events.
2026-07-15 06:15:26.716 8 INFO neutron.db.ovn_revision_numbers_db [None req-9dfa7ead-bb49-4a54-b5a8-b6fed7eb8e2d 6db272fec69049ac91e0b43fe06ab0d4 bc358884d9f343b2b13e38a85a31ab6f - - default default] Successfully bumped revision number for resource dfb5fa73-a779-4b08-a8f1-41ff6409ad12 (type: ports) to 1 [pid: 8|app: 0|req: 932/1900] 10.0.0.235 () {34 vars in 669 bytes} [Wed Jul 15 06:15:26 2026] POST /v2.0/networks => generated 672 bytes in 560 msecs (HTTP/1.1 201) 4 headers in 162 bytes (1 switches on core 0)
2026-07-15 06:15:26.775 7 INFO neutron.plugins.ml2.drivers.ovn.mech_driver.mech_driver [None req-0f2fe5e7-c3d8-42e0-861a-9f94375d472d - - - - - -] OVN reports status down for port: de718f88-6648-4d9e-915a-7682698e51ef
2026-07-15 06:15:26.833 7 INFO neutron.db.ovn_revision_numbers_db [None req-4262a41e-a983-47a4-a990-e8289f6fd523 3bd191799c7544c5a7b38ba7202fe01e 32aae45df76444789f225b4ceae37dbe - - default default] Successfully bumped revision number for resource de718f88-6648-4d9e-915a-7682698e51ef (type: ports) to 1 [pid: 7|app: 0|req: 969/1901] 10.0.0.235 () {34 vars in 669 bytes} [Wed Jul 15 06:15:26 2026] POST /v2.0/networks => generated 670 bytes in 616 msecs (HTTP/1.1 201) 4 headers in 162 bytes (1 switches on core 0) [pid: 7|app: 0|req: 970/1902] 10.0.0.246 () {34 vars in 989 bytes} [Wed Jul 15 06:15:26 2026] GET /v2.0/ports?device_id=22f3a17c-3ab9-4e5c-b53a-02bf6ae2afa9 => generated 12 bytes in 26 msecs (HTTP/1.1 200) 4 headers in 156 bytes (1 switches on core 0)
2026-07-15 06:15:27.011 8 WARNING neutron.scheduler.dhcp_agent_scheduler [None req-7e56fe72-bf84-43db-83f1-ec9b1b1ec221 6db272fec69049ac91e0b43fe06ab0d4 bc358884d9f343b2b13e38a85a31ab6f - - default default] No more DHCP agents
2026-07-15 06:15:27.012 8 WARNING neutron.api.rpc.agentnotifiers.dhcp_rpc_agent_api [None req-7e56fe72-bf84-43db-83f1-ec9b1b1ec221 6db272fec69049ac91e0b43fe06ab0d4 bc358884d9f343b2b13e38a85a31ab6f - - default default] Unable to schedule network 132b70c0-c5ad-4434-9498-acb444d55b1b: no agents available; will retry on subsequent port and subnet creation events.
2026-07-15 06:15:27.058 8 INFO neutron.db.ovn_revision_numbers_db [None req-7e56fe72-bf84-43db-83f1-ec9b1b1ec221 6db272fec69049ac91e0b43fe06ab0d4 bc358884d9f343b2b13e38a85a31ab6f - - default default] Successfully bumped revision number for resource fda44e93-41a9-4051-ab67-e132eaae237c (type: subnets) to 0 [pid: 8|app: 0|req: 933/1903] 10.0.0.235 () {34 vars in 668 bytes} [Wed Jul 15 06:15:26 2026] POST /v2.0/subnets => generated 646 bytes in 304 msecs (HTTP/1.1 201) 4 headers in 162 bytes (1 switches on core 0)
2026-07-15 06:15:27.148 7 WARNING neutron.scheduler.dhcp_agent_scheduler [None req-bc5e56fd-6abd-491e-9e5f-1c0baf7e6c22 3bd191799c7544c5a7b38ba7202fe01e 32aae45df76444789f225b4ceae37dbe - - default default] No more DHCP agents
2026-07-15 06:15:27.150 7 WARNING neutron.api.rpc.agentnotifiers.dhcp_rpc_agent_api [None req-bc5e56fd-6abd-491e-9e5f-1c0baf7e6c22 3bd191799c7544c5a7b38ba7202fe01e 32aae45df76444789f225b4ceae37dbe - - default default] Unable to schedule network 299213aa-f702-4824-945b-05a821ef4c6d: no agents available; will retry on subsequent port and subnet creation events.
2026-07-15 06:15:27.480 8 WARNING neutron.scheduler.dhcp_agent_scheduler [None req-107b9616-ad30-45bf-b21c-c6d5962ff18c 32d758c6c03a45a594971f50db6faad7 f22aafb5b42241f7a4b9aefe3c9cf778 - - default default] No more DHCP agents
2026-07-15 06:15:27.481 8 WARNING neutron.api.rpc.agentnotifiers.dhcp_rpc_agent_api [None req-107b9616-ad30-45bf-b21c-c6d5962ff18c 32d758c6c03a45a594971f50db6faad7 f22aafb5b42241f7a4b9aefe3c9cf778 - - default default] Unable to schedule network 53c706b6-41a1-47e3-b31e-21d85fca48c3: no agents available; will retry on subsequent port and subnet creation events.
2026-07-15 06:15:27.574 7 INFO neutron.db.ovn_revision_numbers_db [None req-041b2824-d5d7-4b81-a83e-28ec6aff0e0c - - - - - -] Successfully bumped revision number for resource de718f88-6648-4d9e-915a-7682698e51ef (type: ports) to 2
2026-07-15 06:15:27.606 7 INFO neutron.db.ovn_revision_numbers_db [None req-041b2824-d5d7-4b81-a83e-28ec6aff0e0c - - - - - -] Successfully bumped revision number for resource f8d4b820-07f6-4506-a1cb-76a3fb1b85e4 (type: subnets) to 0 [pid: 7|app: 0|req: 971/1904] 10.0.0.235 () {34 vars in 668 bytes} [Wed Jul 15 06:15:26 2026] POST /v2.0/subnets => generated 626 bytes in 712 msecs (HTTP/1.1 201) 4 headers in 162 bytes (1 switches on core 0)
2026-07-15 06:15:27.809 7 WARNING neutron.scheduler.dhcp_agent_scheduler [None req-62a9f911-3e86-4484-bfe1-96608291c58d 6db272fec69049ac91e0b43fe06ab0d4 bc358884d9f343b2b13e38a85a31ab6f - - default default] No more DHCP agents
2026-07-15 06:15:27.811 7 WARNING neutron.api.rpc.agentnotifiers.dhcp_rpc_agent_api [None req-62a9f911-3e86-4484-bfe1-96608291c58d 6db272fec69049ac91e0b43fe06ab0d4 bc358884d9f343b2b13e38a85a31ab6f - - default default] Unable to schedule network cacda4c8-c13a-471d-be6e-0e3c6efe1645: no agents available; will retry on subsequent port and subnet creation events. [pid: 8|app: 0|req: 934/1905] 10.0.0.235 () {34 vars in 675 bytes} [Wed Jul 15 06:15:27 2026] POST /v2.0/floatingips => generated 552 bytes in 734 msecs (HTTP/1.1 201) 4 headers in 162 bytes (1 switches on core 0)
2026-07-15 06:15:27.837 7 INFO neutron.db.ovn_revision_numbers_db [None req-62a9f911-3e86-4484-bfe1-96608291c58d 6db272fec69049ac91e0b43fe06ab0d4 bc358884d9f343b2b13e38a85a31ab6f - - default default] Successfully bumped revision number for resource 688cdc17-9d35-4e14-bc2e-415f7d82a066 (type: subnets) to 0 [pid: 7|app: 0|req: 972/1906] 10.0.0.235 () {34 vars in 668 bytes} [Wed Jul 15 06:15:27 2026] POST /v2.0/subnets => generated 655 bytes in 232 msecs (HTTP/1.1 201) 4 headers in 162 bytes (1 switches on core 0)
2026-07-15 06:15:28.117 7 WARNING neutron.scheduler.dhcp_agent_scheduler [None req-88d6cc44-00c8-43c4-bcd5-24d0ae667b3c 32d758c6c03a45a594971f50db6faad7 f22aafb5b42241f7a4b9aefe3c9cf778 - - default default] No more DHCP agents
2026-07-15 06:15:28.119 8 WARNING neutron.scheduler.dhcp_agent_scheduler [None req-5ad86188-ec62-4946-ab63-7308695a818e 3bd191799c7544c5a7b38ba7202fe01e 32aae45df76444789f225b4ceae37dbe - - default default] No more DHCP agents
2026-07-15 06:15:28.119 7 WARNING neutron.api.rpc.agentnotifiers.dhcp_rpc_agent_api [None req-88d6cc44-00c8-43c4-bcd5-24d0ae667b3c 32d758c6c03a45a594971f50db6faad7 f22aafb5b42241f7a4b9aefe3c9cf778 - - default default] Unable to schedule network 53c706b6-41a1-47e3-b31e-21d85fca48c3: no agents available; will retry on subsequent port and subnet creation events.
2026-07-15 06:15:28.120 8 WARNING neutron.api.rpc.agentnotifiers.dhcp_rpc_agent_api [None req-5ad86188-ec62-4946-ab63-7308695a818e 3bd191799c7544c5a7b38ba7202fe01e 32aae45df76444789f225b4ceae37dbe - - default default] Unable to schedule network 299213aa-f702-4824-945b-05a821ef4c6d: no agents available; will retry on subsequent port and subnet creation events.
2026-07-15 06:15:28.213 8 INFO neutron.plugins.ml2.drivers.ovn.mech_driver.mech_driver [None req-129b26f6-09b0-447f-a66a-2e607be12a88 - - - - - -] OVN reports status down for port: 45740e92-4091-4b52-83b1-e8909ad32b41
2026-07-15 06:15:28.261 8 INFO neutron.db.ovn_revision_numbers_db [None req-5ad86188-ec62-4946-ab63-7308695a818e 3bd191799c7544c5a7b38ba7202fe01e 32aae45df76444789f225b4ceae37dbe - - default default] Successfully bumped revision number for resource 45740e92-4091-4b52-83b1-e8909ad32b41 (type: ports) to 1 [pid: 8|app: 0|req: 935/1907] 10.0.0.235 () {34 vars in 664 bytes} [Wed Jul 15 06:15:27 2026] POST /v2.0/ports => generated 953 bytes in 548 msecs (HTTP/1.1 201) 4 headers in 162 bytes (1 switches on core 0) /var/lib/openstack/lib/python3.12/site-packages/pycadf/identifier.py:70: UserWarning: Invalid uuid: neutron. To ensure interoperability, identifiers should be a valid uuid. warnings.warn(('Invalid uuid: %s. To ensure interoperability, ' [pid: 7|app: 0|req: 973/1908] 10.0.0.235 () {34 vars in 675 bytes} [Wed Jul 15 06:15:27 2026] POST /v2.0/floatingips => generated 552 bytes in 578 msecs (HTTP/1.1 201) 4 headers in 162 bytes (1 switches on core 0)
2026-07-15 06:15:28.464 8 INFO neutron.db.ovn_revision_numbers_db [None req-3b895d42-01c2-4f09-8a1e-5594d1759bcc 6db272fec69049ac91e0b43fe06ab0d4 bc358884d9f343b2b13e38a85a31ab6f - - default default] Successfully bumped revision number for resource 99007621-59bf-409d-a948-82c83e650861 (type: routers) to 1 [pid: 8|app: 0|req: 936/1909] 10.0.0.235 () {34 vars in 668 bytes} [Wed Jul 15 06:15:28 2026] POST /v2.0/routers => generated 607 bytes in 120 msecs (HTTP/1.1 201) 4 headers in 162 bytes (1 switches on core 0) [pid: 7|app: 0|req: 974/1910] 10.0.0.235 () {32 vars in 739 bytes} [Wed Jul 15 06:15:28 2026] DELETE /v2.0/security-groups/726d63c1-7a61-4210-bace-c0005a5df584 => generated 0 bytes in 152 msecs (HTTP/1.1 204) 2 headers in 112 bytes (1 switches on core 0)
2026-07-15 06:15:28.596 8 INFO neutron_taas.services.taas.taas_plugin [None req-172117b1-ba83-458f-a107-a7ac82379488 3bd191799c7544c5a7b38ba7202fe01e 32aae45df76444789f225b4ceae37dbe - - default default] TaaS: Handle Delete Port: 45740e92-4091-4b52-83b1-e8909ad32b41
2026-07-15 06:15:28.599 8 INFO neutron_taas.services.taas.tap_mirror_plugin [None req-172117b1-ba83-458f-a107-a7ac82379488 3bd191799c7544c5a7b38ba7202fe01e 32aae45df76444789f225b4ceae37dbe - - default default] Tap Mirror: Handle Delete Port: 45740e92-4091-4b52-83b1-e8909ad32b41 [pid: 8|app: 0|req: 937/1913] 10.0.0.235 () {32 vars in 719 bytes} [Wed Jul 15 06:15:28 2026] DELETE /v2.0/ports/45740e92-4091-4b52-83b1-e8909ad32b41 => generated 0 bytes in 248 msecs (HTTP/1.1 204) 3 headers in 131 bytes (1 switches on core 0)
2026-07-15 06:15:28.809 7 WARNING neutron.scheduler.dhcp_agent_scheduler [None req-a824d55e-4ecd-4e76-9fbb-fd1caa7208b6 32d758c6c03a45a594971f50db6faad7 f22aafb5b42241f7a4b9aefe3c9cf778 - - default default] No more DHCP agents
2026-07-15 06:15:28.810 7 WARNING neutron.api.rpc.agentnotifiers.dhcp_rpc_agent_api [None req-a824d55e-4ecd-4e76-9fbb-fd1caa7208b6 32d758c6c03a45a594971f50db6faad7 f22aafb5b42241f7a4b9aefe3c9cf778 - - default default] Unable to schedule network 53c706b6-41a1-47e3-b31e-21d85fca48c3: no agents available; will retry on subsequent port and subnet creation events.
2026-07-15 06:15:29.096 8 WARNING neutron.scheduler.dhcp_agent_scheduler [None req-ad4f6dcc-3d03-49d0-b856-3b1c88a662a2 6db272fec69049ac91e0b43fe06ab0d4 bc358884d9f343b2b13e38a85a31ab6f - - default default] No more DHCP agents
2026-07-15 06:15:29.097 8 WARNING neutron.api.rpc.agentnotifiers.dhcp_rpc_agent_api [None req-ad4f6dcc-3d03-49d0-b856-3b1c88a662a2 6db272fec69049ac91e0b43fe06ab0d4 bc358884d9f343b2b13e38a85a31ab6f - - default default] Unable to schedule network 132b70c0-c5ad-4434-9498-acb444d55b1b: no agents available; will retry on subsequent port and subnet creation events. [pid: 7|app: 0|req: 977/1914] 10.0.0.235 () {34 vars in 675 bytes} [Wed Jul 15 06:15:28 2026] POST /v2.0/floatingips => generated 552 bytes in 525 msecs (HTTP/1.1 201) 4 headers in 162 bytes (1 switches on core 0)
2026-07-15 06:15:29.165 8 INFO neutron.plugins.ml2.drivers.ovn.mech_driver.mech_driver [None req-129b26f6-09b0-447f-a66a-2e607be12a88 - - - - - -] OVN reports status down for port: 8aa0bd62-68cd-4c8d-88b3-b54903041991
2026-07-15 06:15:29.231 8 INFO neutron.db.ovn_revision_numbers_db [None req-ad4f6dcc-3d03-49d0-b856-3b1c88a662a2 6db272fec69049ac91e0b43fe06ab0d4 bc358884d9f343b2b13e38a85a31ab6f - - default default] Successfully bumped revision number for resource 8aa0bd62-68cd-4c8d-88b3-b54903041991 (type: ports) to 1
2026-07-15 06:15:29.390 7 INFO neutron_taas.services.taas.taas_plugin [None req-fccdbfe8-1298-49b1-aae4-5d3cfeac35d3 6e9aa3e2b6674dd48c24420d3e9bb4ca 0da278f683d246be94ffb77285e4fd42 - - default default] TaaS: Handle Delete Port: ac6d0d6e-012f-4ca6-8d39-13bbceb8c9f9
2026-07-15 06:15:29.392 7 INFO neutron_taas.services.taas.tap_mirror_plugin [None req-fccdbfe8-1298-49b1-aae4-5d3cfeac35d3 6e9aa3e2b6674dd48c24420d3e9bb4ca 0da278f683d246be94ffb77285e4fd42 - - default default] Tap Mirror: Handle Delete Port: ac6d0d6e-012f-4ca6-8d39-13bbceb8c9f9
2026-07-15 06:15:29.770 8 INFO neutron.plugins.ml2.drivers.ovn.mech_driver.mech_driver [None req-129b26f6-09b0-447f-a66a-2e607be12a88 - - - - - -] OVN reports status up for port: 8aa0bd62-68cd-4c8d-88b3-b54903041991
2026-07-15 06:15:29.809 8 INFO neutron.plugins.ml2.plugin [None req-129b26f6-09b0-447f-a66a-2e607be12a88 - - - - - -] Attempt 1 to provision port 8aa0bd62-68cd-4c8d-88b3-b54903041991 [pid: 7|app: 0|req: 978/1915] 10.0.0.235 () {34 vars in 788 bytes} [Wed Jul 15 06:15:29 2026] PUT /v2.0/routers/ef793b7f-496d-4ae9-beab-290baccfc4b4/remove_router_interface => generated 309 bytes in 715 msecs (HTTP/1.1 200) 4 headers in 157 bytes (1 switches on core 0) /var/lib/openstack/lib/python3.12/site-packages/pycadf/identifier.py:70: UserWarning: Invalid uuid: neutron. To ensure interoperability, identifiers should be a valid uuid. warnings.warn(('Invalid uuid: %s. To ensure interoperability, '
2026-07-15 06:15:29.849 7 INFO neutron.pecan_wsgi.hooks.translation [None req-e1b3b4c5-a70b-4a10-8f29-0e3f19143075 3bd191799c7544c5a7b38ba7202fe01e 32aae45df76444789f225b4ceae37dbe - - default default] DELETE failed (client error): The resource could not be found. [pid: 7|app: 0|req: 979/1916] 10.0.0.235 () {32 vars in 719 bytes} [Wed Jul 15 06:15:29 2026] DELETE /v2.0/ports/45740e92-4091-4b52-83b1-e8909ad32b41 => generated 132 bytes in 22 msecs (HTTP/1.1 404) 4 headers in 164 bytes (1 switches on core 0)
2026-07-15 06:15:29.922 8 WARNING neutron.scheduler.dhcp_agent_scheduler [None req-ad4f6dcc-3d03-49d0-b856-3b1c88a662a2 6db272fec69049ac91e0b43fe06ab0d4 bc358884d9f343b2b13e38a85a31ab6f - - default default] No more DHCP agents
2026-07-15 06:15:29.923 8 WARNING neutron.api.rpc.agentnotifiers.dhcp_rpc_agent_api [None req-ad4f6dcc-3d03-49d0-b856-3b1c88a662a2 6db272fec69049ac91e0b43fe06ab0d4 bc358884d9f343b2b13e38a85a31ab6f - - default default] Unable to schedule network 132b70c0-c5ad-4434-9498-acb444d55b1b: no agents available; will retry on subsequent port and subnet creation events.
2026-07-15 06:15:30.085 7 WARNING neutron.scheduler.dhcp_agent_scheduler [None req-1cd0e1d2-7450-47f2-a81d-8681c6feda9a 32d758c6c03a45a594971f50db6faad7 f22aafb5b42241f7a4b9aefe3c9cf778 - - default default] No more DHCP agents
2026-07-15 06:15:30.087 7 WARNING neutron.api.rpc.agentnotifiers.dhcp_rpc_agent_api [None req-1cd0e1d2-7450-47f2-a81d-8681c6feda9a 32d758c6c03a45a594971f50db6faad7 f22aafb5b42241f7a4b9aefe3c9cf778 - - default default] Unable to schedule network 53c706b6-41a1-47e3-b31e-21d85fca48c3: no agents available; will retry on subsequent port and subnet creation events.
2026-07-15 06:15:30.328 8 INFO neutron.db.ovn_revision_numbers_db [None req-ad4f6dcc-3d03-49d0-b856-3b1c88a662a2 6db272fec69049ac91e0b43fe06ab0d4 bc358884d9f343b2b13e38a85a31ab6f - - default default] Successfully bumped revision number for resource 8aa0bd62-68cd-4c8d-88b3-b54903041991 (type: router_ports) to 1 [pid: 8|app: 0|req: 938/1917] 10.0.0.235 () {34 vars in 782 bytes} [Wed Jul 15 06:15:28 2026] PUT /v2.0/routers/99007621-59bf-409d-a948-82c83e650861/add_router_interface => generated 309 bytes in 1613 msecs (HTTP/1.1 200) 4 headers in 157 bytes (1 switches on core 0) [pid: 7|app: 0|req: 980/1918] 10.0.0.235 () {34 vars in 675 bytes} [Wed Jul 15 06:15:29 2026] POST /v2.0/floatingips => generated 552 bytes in 518 msecs (HTTP/1.1 201) 4 headers in 162 bytes (1 switches on core 0)
2026-07-15 06:15:30.386 7 INFO neutron.pecan_wsgi.hooks.translation [None req-c2a588fa-2280-411f-a414-8d42541dea7a 3bd191799c7544c5a7b38ba7202fe01e 32aae45df76444789f225b4ceae37dbe - - default default] GET failed (client error): The resource could not be found. [pid: 7|app: 0|req: 981/1919] 10.0.0.235 () {32 vars in 716 bytes} [Wed Jul 15 06:15:30 2026] GET /v2.0/ports/45740e92-4091-4b52-83b1-e8909ad32b41 => generated 132 bytes in 15 msecs (HTTP/1.1 404) 4 headers in 164 bytes (1 switches on core 0) [pid: 7|app: 0|req: 982/1920] 10.0.0.235 () {32 vars in 716 bytes} [Wed Jul 15 06:15:30 2026] GET /v2.0/ports/8aa0bd62-68cd-4c8d-88b3-b54903041991 => generated 947 bytes in 72 msecs (HTTP/1.1 200) 4 headers in 157 bytes (1 switches on core 0)
2026-07-15 06:15:30.558 8 INFO neutron.db.ovn_revision_numbers_db [None req-129b26f6-09b0-447f-a66a-2e607be12a88 - - - - - -] Successfully bumped revision number for resource 8aa0bd62-68cd-4c8d-88b3-b54903041991 (type: ports) to 2
2026-07-15 06:15:30.661 7 WARNING neutron.scheduler.dhcp_agent_scheduler [None req-a661ad45-a606-4f6b-8045-6e119f85af5d 32d758c6c03a45a594971f50db6faad7 f22aafb5b42241f7a4b9aefe3c9cf778 - - default default] No more DHCP agents [pid: 8|app: 0|req: 939/1921] 10.0.0.235 () {32 vars in 723 bytes} [Wed Jul 15 06:15:30 2026] DELETE /v2.0/subnets/ea059cb9-ec0a-4c8a-aad1-c0ed1dc7a482 => generated 0 bytes in 311 msecs (HTTP/1.1 204) 3 headers in 131 bytes (1 switches on core 0)
2026-07-15 06:15:30.662 7 WARNING neutron.api.rpc.agentnotifiers.dhcp_rpc_agent_api [None req-a661ad45-a606-4f6b-8045-6e119f85af5d 32d758c6c03a45a594971f50db6faad7 f22aafb5b42241f7a4b9aefe3c9cf778 - - default default] Unable to schedule network 53c706b6-41a1-47e3-b31e-21d85fca48c3: no agents available; will retry on subsequent port and subnet creation events. [pid: 8|app: 0|req: 940/1922] 10.0.0.235 () {32 vars in 723 bytes} [Wed Jul 15 06:15:30 2026] DELETE /v2.0/subnets/f8d4b820-07f6-4506-a1cb-76a3fb1b85e4 => generated 0 bytes in 166 msecs (HTTP/1.1 204) 3 headers in 131 bytes (1 switches on core 0) [pid: 7|app: 0|req: 983/1923] 10.0.0.235 () {34 vars in 675 bytes} [Wed Jul 15 06:15:30 2026] POST /v2.0/floatingips => generated 552 bytes in 521 msecs (HTTP/1.1 201) 4 headers in 162 bytes (1 switches on core 0)
2026-07-15 06:15:31.665 8 WARNING neutron.scheduler.dhcp_agent_scheduler [None req-7165a6a3-3914-475b-a89d-47f7e704a198 6db272fec69049ac91e0b43fe06ab0d4 bc358884d9f343b2b13e38a85a31ab6f - - default default] No more DHCP agents
2026-07-15 06:15:31.666 8 WARNING neutron.api.rpc.agentnotifiers.dhcp_rpc_agent_api [None req-7165a6a3-3914-475b-a89d-47f7e704a198 6db272fec69049ac91e0b43fe06ab0d4 bc358884d9f343b2b13e38a85a31ab6f - - default default] Unable to schedule network cacda4c8-c13a-471d-be6e-0e3c6efe1645: no agents available; will retry on subsequent port and subnet creation events.
2026-07-15 06:15:31.729 7 INFO neutron.plugins.ml2.drivers.ovn.mech_driver.mech_driver [None req-0f2fe5e7-c3d8-42e0-861a-9f94375d472d - - - - - -] OVN reports status down for port: efa5bac9-8a79-4daa-8ee7-e097b0f4813b
2026-07-15 06:15:31.754 8 INFO neutron.db.ovn_revision_numbers_db [None req-7165a6a3-3914-475b-a89d-47f7e704a198 6db272fec69049ac91e0b43fe06ab0d4 bc358884d9f343b2b13e38a85a31ab6f - - default default] Successfully bumped revision number for resource efa5bac9-8a79-4daa-8ee7-e097b0f4813b (type: ports) to 1
2026-07-15 06:15:31.819 7 INFO neutron_taas.services.taas.taas_plugin [None req-68087b7e-c57c-488d-8cc3-bc850ab16ac9 6e9aa3e2b6674dd48c24420d3e9bb4ca 0da278f683d246be94ffb77285e4fd42 - - default default] TaaS: Handle Delete Port: c1b5c5dc-e235-47c0-bd88-62b73bd05b5a
2026-07-15 06:15:31.827 7 INFO neutron_taas.services.taas.tap_mirror_plugin [None req-68087b7e-c57c-488d-8cc3-bc850ab16ac9 6e9aa3e2b6674dd48c24420d3e9bb4ca 0da278f683d246be94ffb77285e4fd42 - - default default] Tap Mirror: Handle Delete Port: c1b5c5dc-e235-47c0-bd88-62b73bd05b5a [pid: 7|app: 0|req: 984/1924] 10.0.0.235 () {32 vars in 723 bytes} [Wed Jul 15 06:15:30 2026] DELETE /v2.0/routers/ef793b7f-496d-4ae9-beab-290baccfc4b4 => generated 0 bytes in 1247 msecs (HTTP/1.1 204) 2 headers in 112 bytes (1 switches on core 0)
2026-07-15 06:15:32.294 7 INFO neutron.plugins.ml2.drivers.ovn.mech_driver.mech_driver [None req-0f2fe5e7-c3d8-42e0-861a-9f94375d472d - - - - - -] OVN reports status up for port: efa5bac9-8a79-4daa-8ee7-e097b0f4813b
2026-07-15 06:15:32.318 7 INFO neutron.plugins.ml2.plugin [None req-0f2fe5e7-c3d8-42e0-861a-9f94375d472d - - - - - -] Attempt 1 to provision port efa5bac9-8a79-4daa-8ee7-e097b0f4813b
2026-07-15 06:15:32.325 8 INFO neutron.plugins.ml2.plugin [None req-7165a6a3-3914-475b-a89d-47f7e704a198 6db272fec69049ac91e0b43fe06ab0d4 bc358884d9f343b2b13e38a85a31ab6f - - default default] Attempt 1 to provision port efa5bac9-8a79-4daa-8ee7-e097b0f4813b
2026-07-15 06:15:32.393 8 WARNING neutron.scheduler.dhcp_agent_scheduler [None req-7165a6a3-3914-475b-a89d-47f7e704a198 6db272fec69049ac91e0b43fe06ab0d4 bc358884d9f343b2b13e38a85a31ab6f - - default default] No more DHCP agents
2026-07-15 06:15:32.395 8 WARNING neutron.api.rpc.agentnotifiers.dhcp_rpc_agent_api [None req-7165a6a3-3914-475b-a89d-47f7e704a198 6db272fec69049ac91e0b43fe06ab0d4 bc358884d9f343b2b13e38a85a31ab6f - - default default] Unable to schedule network cacda4c8-c13a-471d-be6e-0e3c6efe1645: no agents available; will retry on subsequent port and subnet creation events.
2026-07-15 06:15:32.406 7 INFO neutron_taas.services.taas.taas_plugin [None req-5855a024-2f42-409d-a6ca-1da661ab2860 3bd191799c7544c5a7b38ba7202fe01e 32aae45df76444789f225b4ceae37dbe - - default default] TaaS: Handle Delete Port: de718f88-6648-4d9e-915a-7682698e51ef
2026-07-15 06:15:32.417 7 INFO neutron_taas.services.taas.tap_mirror_plugin [None req-5855a024-2f42-409d-a6ca-1da661ab2860 3bd191799c7544c5a7b38ba7202fe01e 32aae45df76444789f225b4ceae37dbe - - default default] Tap Mirror: Handle Delete Port: de718f88-6648-4d9e-915a-7682698e51ef
2026-07-15 06:15:32.568 8 INFO neutron.db.ovn_revision_numbers_db [None req-7165a6a3-3914-475b-a89d-47f7e704a198 6db272fec69049ac91e0b43fe06ab0d4 bc358884d9f343b2b13e38a85a31ab6f - - default default] Successfully bumped revision number for resource efa5bac9-8a79-4daa-8ee7-e097b0f4813b (type: router_ports) to 1 [pid: 8|app: 0|req: 941/1925] 10.0.0.235 () {34 vars in 782 bytes} [Wed Jul 15 06:15:30 2026] PUT /v2.0/routers/99007621-59bf-409d-a948-82c83e650861/add_router_interface => generated 309 bytes in 1746 msecs (HTTP/1.1 200) 4 headers in 157 bytes (1 switches on core 0) [pid: 8|app: 0|req: 942/1926] 10.0.0.235 () {34 vars in 758 bytes} [Wed Jul 15 06:15:32 2026] PUT /v2.0/floatingips/329095a9-905f-437f-8299-e9d1bbd634c2/tags => generated 17 bytes in 69 msecs (HTTP/1.1 200) 4 headers in 156 bytes (1 switches on core 0)
2026-07-15 06:15:32.765 8 INFO neutron_taas.services.taas.taas_plugin [None req-42af9943-b576-4187-b0a4-4c36e5744b27 6e9aa3e2b6674dd48c24420d3e9bb4ca 0da278f683d246be94ffb77285e4fd42 - - default default] TaaS: Handle Delete Port: 5f4d800c-0874-40b8-851a-6466ce698377
2026-07-15 06:15:32.768 8 INFO neutron_taas.services.taas.tap_mirror_plugin [None req-42af9943-b576-4187-b0a4-4c36e5744b27 6e9aa3e2b6674dd48c24420d3e9bb4ca 0da278f683d246be94ffb77285e4fd42 - - default default] Tap Mirror: Handle Delete Port: 5f4d800c-0874-40b8-851a-6466ce698377
2026-07-15 06:15:32.849 7 INFO neutron.services.segments.plugin [-] Segment ea2e9bae-fdab-4b77-ac2a-2f2507ce5e4b resource provider aggregate not found
2026-07-15 06:15:32.859 7 INFO neutron.services.segments.plugin [-] Segment ea2e9bae-fdab-4b77-ac2a-2f2507ce5e4b resource provider aggregate not found
2026-07-15 06:15:32.889 7 INFO neutron.services.segments.plugin [-] Client error retrieving segment ea2e9bae-fdab-4b77-ac2a-2f2507ce5e4b resource provider; error: Placement Client Error (4xx): {"errors": [{"status": 404, "title": "Not Found", "detail": "The resource could not be found.\n\n No resource provider with uuid ea2e9bae-fdab-4b77-ac2a-2f2507ce5e4b found for delete ", "request_id": "req-78d4e473-7485-4001-9035-201a03d8d3d2"}]}
2026-07-15 06:15:32.901 7 INFO neutron.services.segments.plugin [-] Client error retrieving segment ea2e9bae-fdab-4b77-ac2a-2f2507ce5e4b resource provider; error: Placement Client Error (4xx): {"errors": [{"status": 404, "title": "Not Found", "detail": "The resource could not be found.\n\n No resource provider with uuid ea2e9bae-fdab-4b77-ac2a-2f2507ce5e4b found for delete ", "request_id": "req-5537253e-9996-465f-bfa2-ec02ee93f041"}]}
2026-07-15 06:15:32.971 8 INFO neutron.services.segments.plugin [-] Segment a9c2c868-01a6-4d25-8b84-4d12201de10b resource provider aggregate not found
2026-07-15 06:15:32.980 8 INFO neutron.services.segments.plugin [-] Segment a9c2c868-01a6-4d25-8b84-4d12201de10b resource provider aggregate not found [pid: 7|app: 0|req: 985/1927] 10.0.0.235 () {32 vars in 725 bytes} [Wed Jul 15 06:15:32 2026] DELETE /v2.0/networks/299213aa-f702-4824-945b-05a821ef4c6d => generated 0 bytes in 762 msecs (HTTP/1.1 204) 3 headers in 131 bytes (1 switches on core 0)
2026-07-15 06:15:33.002 8 INFO neutron.services.segments.plugin [-] Client error retrieving segment a9c2c868-01a6-4d25-8b84-4d12201de10b resource provider; error: Placement Client Error (4xx): {"errors": [{"status": 404, "title": "Not Found", "detail": "The resource could not be found.\n\n No resource provider with uuid a9c2c868-01a6-4d25-8b84-4d12201de10b found for delete ", "request_id": "req-1dc57f92-b296-4fc6-8b20-797017b1d191"}]}
2026-07-15 06:15:33.003 8 INFO neutron.services.segments.plugin [-] Client error retrieving segment a9c2c868-01a6-4d25-8b84-4d12201de10b resource provider; error: Placement Client Error (4xx): {"errors": [{"status": 404, "title": "Not Found", "detail": "The resource could not be found.\n\n No resource provider with uuid a9c2c868-01a6-4d25-8b84-4d12201de10b found for delete ", "request_id": "req-3d5162b9-abce-4f7c-9d31-ce821381ebd3"}]} [pid: 8|app: 0|req: 943/1928] 10.0.0.235 () {32 vars in 725 bytes} [Wed Jul 15 06:15:32 2026] DELETE /v2.0/networks/44af5666-cf18-43fb-8ed1-56a9905c1269 => generated 0 bytes in 424 msecs (HTTP/1.1 204) 3 headers in 131 bytes (1 switches on core 0)
2026-07-15 06:15:33.127 7 INFO neutron.db.ovn_revision_numbers_db [None req-0f2fe5e7-c3d8-42e0-861a-9f94375d472d - - - - - -] Successfully bumped revision number for resource efa5bac9-8a79-4daa-8ee7-e097b0f4813b (type: ports) to 2 [pid: 8|app: 0|req: 944/1929] 10.0.0.235 () {34 vars in 758 bytes} [Wed Jul 15 06:15:33 2026] PUT /v2.0/floatingips/6ff9c996-ce29-45b7-9894-497afa9f3d88/tags => generated 25 bytes in 67 msecs (HTTP/1.1 200) 4 headers in 156 bytes (1 switches on core 0) [pid: 7|app: 0|req: 986/1930] 10.0.0.235 () {32 vars in 716 bytes} [Wed Jul 15 06:15:32 2026] GET /v2.0/ports/efa5bac9-8a79-4daa-8ee7-e097b0f4813b => generated 955 bytes in 152 msecs (HTTP/1.1 200) 4 headers in 157 bytes (1 switches on core 0)
2026-07-15 06:15:33.221 8 INFO neutron.db.segments_db [None req-d88c06ed-4ecb-4b58-96c6-cd5e9ac77902 3bd191799c7544c5a7b38ba7202fe01e 32aae45df76444789f225b4ceae37dbe - - default default] Added segment 4e513bfe-122d-4229-990b-13594ecdee20 of type geneve for network 41038527-801e-41f4-bb37-d80a48f05755 [pid: 7|app: 0|req: 987/1931] 10.0.0.235 () {34 vars in 758 bytes} [Wed Jul 15 06:15:33 2026] PUT /v2.0/floatingips/57b0da6b-0796-42ea-a4c9-0c1e3faafa4a/tags => generated 34 bytes in 116 msecs (HTTP/1.1 200) 4 headers in 156 bytes (1 switches on core 0) [pid: 7|app: 0|req: 988/1932] 10.0.0.235 () {32 vars in 716 bytes} [Wed Jul 15 06:15:33 2026] GET /v2.0/ports/efa5bac9-8a79-4daa-8ee7-e097b0f4813b => generated 955 bytes in 55 msecs (HTTP/1.1 200) 4 headers in 157 bytes (1 switches on core 0)
2026-07-15 06:15:33.326 8 INFO neutron.db.ovn_revision_numbers_db [None req-d88c06ed-4ecb-4b58-96c6-cd5e9ac77902 3bd191799c7544c5a7b38ba7202fe01e 32aae45df76444789f225b4ceae37dbe - - default default] Successfully bumped revision number for resource 41038527-801e-41f4-bb37-d80a48f05755 (type: networks) to 1 [pid: 7|app: 0|req: 989/1933] 10.0.0.235 () {34 vars in 758 bytes} [Wed Jul 15 06:15:33 2026] PUT /v2.0/floatingips/eeec6240-dd9c-47c4-baea-2ce1d9b6ffe9/tags => generated 19 bytes in 41 msecs (HTTP/1.1 200) 4 headers in 156 bytes (1 switches on core 0)
2026-07-15 06:15:33.481 8 WARNING neutron.scheduler.dhcp_agent_scheduler [None req-d88c06ed-4ecb-4b58-96c6-cd5e9ac77902 3bd191799c7544c5a7b38ba7202fe01e 32aae45df76444789f225b4ceae37dbe - - default default] No more DHCP agents
2026-07-15 06:15:33.482 8 WARNING neutron.api.rpc.agentnotifiers.dhcp_rpc_agent_api [None req-d88c06ed-4ecb-4b58-96c6-cd5e9ac77902 3bd191799c7544c5a7b38ba7202fe01e 32aae45df76444789f225b4ceae37dbe - - default default] Unable to schedule network 41038527-801e-41f4-bb37-d80a48f05755: no agents available; will retry on subsequent port and subnet creation events.
2026-07-15 06:15:33.560 8 INFO neutron.db.ovn_revision_numbers_db [None req-d88c06ed-4ecb-4b58-96c6-cd5e9ac77902 3bd191799c7544c5a7b38ba7202fe01e 32aae45df76444789f225b4ceae37dbe - - default default] Successfully bumped revision number for resource 49fb5986-939c-4393-a815-04fb10c0867f (type: ports) to 1 [pid: 8|app: 0|req: 945/1934] 10.0.0.235 () {34 vars in 669 bytes} [Wed Jul 15 06:15:33 2026] POST /v2.0/networks => generated 669 bytes in 449 msecs (HTTP/1.1 201) 4 headers in 162 bytes (1 switches on core 0)
2026-07-15 06:15:33.604 7 INFO neutron_taas.services.taas.taas_plugin [None req-b8e14257-b80d-4ca0-ac08-eeb6e256787e 6db272fec69049ac91e0b43fe06ab0d4 bc358884d9f343b2b13e38a85a31ab6f - - default default] TaaS: Handle Delete Port: efa5bac9-8a79-4daa-8ee7-e097b0f4813b
2026-07-15 06:15:33.607 7 INFO neutron_taas.services.taas.tap_mirror_plugin [None req-b8e14257-b80d-4ca0-ac08-eeb6e256787e 6db272fec69049ac91e0b43fe06ab0d4 bc358884d9f343b2b13e38a85a31ab6f - - default default] Tap Mirror: Handle Delete Port: efa5bac9-8a79-4daa-8ee7-e097b0f4813b [pid: 8|app: 0|req: 946/1935] 10.0.0.235 () {32 vars in 671 bytes} [Wed Jul 15 06:15:33 2026] GET /v2.0/floatingips?tags=red => generated 1671 bytes in 54 msecs (HTTP/1.1 200) 4 headers in 158 bytes (1 switches on core 0)
2026-07-15 06:15:33.842 8 WARNING neutron.scheduler.dhcp_agent_scheduler [None req-50a6bb9f-dbd5-4505-9d65-12475c5dd9bd 3bd191799c7544c5a7b38ba7202fe01e 32aae45df76444789f225b4ceae37dbe - - default default] No more DHCP agents
2026-07-15 06:15:33.844 8 WARNING neutron.api.rpc.agentnotifiers.dhcp_rpc_agent_api [None req-50a6bb9f-dbd5-4505-9d65-12475c5dd9bd 3bd191799c7544c5a7b38ba7202fe01e 32aae45df76444789f225b4ceae37dbe - - default default] Unable to schedule network 41038527-801e-41f4-bb37-d80a48f05755: no agents available; will retry on subsequent port and subnet creation events. [pid: 7|app: 0|req: 990/1936] 10.0.0.235 () {34 vars in 788 bytes} [Wed Jul 15 06:15:33 2026] PUT /v2.0/routers/99007621-59bf-409d-a948-82c83e650861/remove_router_interface => generated 309 bytes in 526 msecs (HTTP/1.1 200) 4 headers in 157 bytes (1 switches on core 0) /var/lib/openstack/lib/python3.12/site-packages/pycadf/identifier.py:70: UserWarning: Invalid uuid: neutron. To ensure interoperability, identifiers should be a valid uuid. warnings.warn(('Invalid uuid: %s. To ensure interoperability, ' [pid: 7|app: 0|req: 991/1937] 10.0.0.235 () {32 vars in 685 bytes} [Wed Jul 15 06:15:33 2026] GET /v2.0/floatingips?tags=red%2Cblue => generated 1128 bytes in 56 msecs (HTTP/1.1 200) 4 headers in 158 bytes (1 switches on core 0)
2026-07-15 06:15:34.193 7 INFO neutron.db.ovn_revision_numbers_db [None req-0a294bb6-fa46-4936-b958-a91772147526 d439ef2a00bb4b7cbaf87e4feb03441c 4a8f7c1d9af94a41833931e8be4ab88a - - default default] Successfully bumped revision number for resource db10931c-2231-4200-96b7-841d6672f9cf (type: security_groups) to 1
2026-07-15 06:15:34.204 7 INFO neutron.db.ovn_revision_numbers_db [None req-0a294bb6-fa46-4936-b958-a91772147526 d439ef2a00bb4b7cbaf87e4feb03441c 4a8f7c1d9af94a41833931e8be4ab88a - - default default] Successfully bumped revision number for resource 04ac4c10-9281-4fb8-9b3f-c1e86cac3d93 (type: security_group_rules) to 0
2026-07-15 06:15:34.220 7 INFO neutron.db.ovn_revision_numbers_db [None req-0a294bb6-fa46-4936-b958-a91772147526 d439ef2a00bb4b7cbaf87e4feb03441c 4a8f7c1d9af94a41833931e8be4ab88a - - default default] Successfully bumped revision number for resource 820ac11b-18c2-428e-887a-145157db51a8 (type: security_group_rules) to 0
2026-07-15 06:15:34.243 7 INFO neutron.db.ovn_revision_numbers_db [None req-0a294bb6-fa46-4936-b958-a91772147526 d439ef2a00bb4b7cbaf87e4feb03441c 4a8f7c1d9af94a41833931e8be4ab88a - - default default] Successfully bumped revision number for resource d1f1be05-a922-4c7b-bb3b-5bc1c31e52d4 (type: security_group_rules) to 0
2026-07-15 06:15:34.254 7 INFO neutron.db.ovn_revision_numbers_db [None req-0a294bb6-fa46-4936-b958-a91772147526 d439ef2a00bb4b7cbaf87e4feb03441c 4a8f7c1d9af94a41833931e8be4ab88a - - default default] Successfully bumped revision number for resource d7737e0e-b249-4869-9f46-10e6474c5f71 (type: security_group_rules) to 0
2026-07-15 06:15:34.264 8 INFO neutron.db.ovn_revision_numbers_db [None req-a7260ee4-f6d9-4118-ae19-76d2dabe9dac - - - - - -] Successfully bumped revision number for resource 49fb5986-939c-4393-a815-04fb10c0867f (type: ports) to 2 [pid: 7|app: 0|req: 992/1938] 10.0.0.235 () {32 vars in 773 bytes} [Wed Jul 15 06:15:33 2026] GET /v2.0/security-groups?tenant_id=50317796b9c4415e945acdb0e61a19f0&name=default => generated 2925 bytes in 349 msecs (HTTP/1.1 200) 4 headers in 158 bytes (1 switches on core 0)
2026-07-15 06:15:34.292 8 INFO neutron.db.ovn_revision_numbers_db [None req-a7260ee4-f6d9-4118-ae19-76d2dabe9dac - - - - - -] Successfully bumped revision number for resource b09abebd-c9f7-4d93-b23f-328d2d236a85 (type: subnets) to 0 [pid: 8|app: 0|req: 947/1939] 10.0.0.235 () {34 vars in 668 bytes} [Wed Jul 15 06:15:33 2026] POST /v2.0/subnets => generated 626 bytes in 673 msecs (HTTP/1.1 201) 4 headers in 162 bytes (1 switches on core 0) [pid: 7|app: 0|req: 993/1940] 10.0.0.235 () {32 vars in 716 bytes} [Wed Jul 15 06:15:34 2026] GET /v2.0/ports/8aa0bd62-68cd-4c8d-88b3-b54903041991 => generated 947 bytes in 31 msecs (HTTP/1.1 200) 4 headers in 157 bytes (1 switches on core 0) [pid: 8|app: 0|req: 948/1941] 10.0.0.235 () {32 vars in 681 bytes} [Wed Jul 15 06:15:34 2026] GET /v2.0/floatingips?tags-any=blue => generated 1128 bytes in 48 msecs (HTTP/1.1 200) 4 headers in 158 bytes (1 switches on core 0) [pid: 7|app: 0|req: 994/1942] 10.0.0.235 () {32 vars in 739 bytes} [Wed Jul 15 06:15:34 2026] DELETE /v2.0/security-groups/db10931c-2231-4200-96b7-841d6672f9cf => generated 0 bytes in 215 msecs (HTTP/1.1 204) 2 headers in 112 bytes (1 switches on core 0)
2026-07-15 06:15:34.651 8 WARNING neutron.scheduler.dhcp_agent_scheduler [None req-07c2302e-0acb-4f9f-8065-fa05aa6640f1 3bd191799c7544c5a7b38ba7202fe01e 32aae45df76444789f225b4ceae37dbe - - default default] No more DHCP agents
2026-07-15 06:15:34.652 8 WARNING neutron.api.rpc.agentnotifiers.dhcp_rpc_agent_api [None req-07c2302e-0acb-4f9f-8065-fa05aa6640f1 3bd191799c7544c5a7b38ba7202fe01e 32aae45df76444789f225b4ceae37dbe - - default default] Unable to schedule network 41038527-801e-41f4-bb37-d80a48f05755: no agents available; will retry on subsequent port and subnet creation events.
2026-07-15 06:15:34.800 8 INFO neutron.db.ovn_revision_numbers_db [None req-07c2302e-0acb-4f9f-8065-fa05aa6640f1 3bd191799c7544c5a7b38ba7202fe01e 32aae45df76444789f225b4ceae37dbe - - default default] Successfully bumped revision number for resource e9fa277b-2884-405b-8f9a-4ea39959c291 (type: ports) to 1 [pid: 8|app: 0|req: 949/1943] 10.0.0.235 () {34 vars in 664 bytes} [Wed Jul 15 06:15:34 2026] POST /v2.0/ports => generated 916 bytes in 470 msecs (HTTP/1.1 201) 4 headers in 162 bytes (1 switches on core 0)
2026-07-15 06:15:34.841 7 INFO neutron_taas.services.taas.taas_plugin [None req-4db2cd1b-019c-4f3d-8f21-e12dc2645ca8 6db272fec69049ac91e0b43fe06ab0d4 bc358884d9f343b2b13e38a85a31ab6f - - default default] TaaS: Handle Delete Port: 8aa0bd62-68cd-4c8d-88b3-b54903041991
2026-07-15 06:15:34.844 7 INFO neutron_taas.services.taas.tap_mirror_plugin [None req-4db2cd1b-019c-4f3d-8f21-e12dc2645ca8 6db272fec69049ac91e0b43fe06ab0d4 bc358884d9f343b2b13e38a85a31ab6f - - default default] Tap Mirror: Handle Delete Port: 8aa0bd62-68cd-4c8d-88b3-b54903041991 [pid: 8|app: 0|req: 950/1944] 10.0.0.235 () {32 vars in 693 bytes} [Wed Jul 15 06:15:34 2026] GET /v2.0/floatingips?tags-any=red%2Cblue => generated 1671 bytes in 28 msecs (HTTP/1.1 200) 4 headers in 158 bytes (1 switches on core 0) [pid: 8|app: 0|req: 951/1945] 10.0.0.235 () {32 vars in 773 bytes} [Wed Jul 15 06:15:34 2026] GET /v2.0/security-groups?tenant_id=0da278f683d246be94ffb77285e4fd42&name=default => generated 2925 bytes in 27 msecs (HTTP/1.1 200) 4 headers in 158 bytes (1 switches on core 0)
2026-07-15 06:15:35.055 8 INFO neutron_taas.services.taas.taas_plugin [None req-b377e7cd-7b4d-490c-839b-a2aa6bd068c5 3bd191799c7544c5a7b38ba7202fe01e 32aae45df76444789f225b4ceae37dbe - - default default] TaaS: Handle Delete Port: e9fa277b-2884-405b-8f9a-4ea39959c291
2026-07-15 06:15:35.058 8 INFO neutron_taas.services.taas.tap_mirror_plugin [None req-b377e7cd-7b4d-490c-839b-a2aa6bd068c5 3bd191799c7544c5a7b38ba7202fe01e 32aae45df76444789f225b4ceae37dbe - - default default] Tap Mirror: Handle Delete Port: e9fa277b-2884-405b-8f9a-4ea39959c291 [pid: 7|app: 0|req: 995/1946] 10.0.0.235 () {34 vars in 788 bytes} [Wed Jul 15 06:15:34 2026] PUT /v2.0/routers/99007621-59bf-409d-a948-82c83e650861/remove_router_interface => generated 309 bytes in 621 msecs (HTTP/1.1 200) 4 headers in 157 bytes (1 switches on core 0) /var/lib/openstack/lib/python3.12/site-packages/pycadf/identifier.py:70: UserWarning: Invalid uuid: neutron. To ensure interoperability, identifiers should be a valid uuid. warnings.warn(('Invalid uuid: %s. To ensure interoperability, ' [pid: 7|app: 0|req: 996/1947] 10.0.0.235 () {32 vars in 679 bytes} [Wed Jul 15 06:15:35 2026] GET /v2.0/floatingips?not-tags=red => generated 1100 bytes in 53 msecs (HTTP/1.1 200) 4 headers in 158 bytes (1 switches on core 0) [pid: 8|app: 0|req: 952/1948] 10.0.0.235 () {32 vars in 719 bytes} [Wed Jul 15 06:15:34 2026] DELETE /v2.0/ports/e9fa277b-2884-405b-8f9a-4ea39959c291 => generated 0 bytes in 351 msecs (HTTP/1.1 204) 3 headers in 131 bytes (1 switches on core 0) [pid: 8|app: 0|req: 953/1949] 10.0.0.235 () {32 vars in 735 bytes} [Wed Jul 15 06:15:35 2026] GET /v2.0/ports?device_id=99007621-59bf-409d-a948-82c83e650861 => generated 12 bytes in 15 msecs (HTTP/1.1 200) 4 headers in 156 bytes (1 switches on core 0) [pid: 8|app: 0|req: 954/1950] 10.0.0.235 () {32 vars in 693 bytes} [Wed Jul 15 06:15:35 2026] GET /v2.0/floatingips?not-tags=red%2Cblue => generated 1643 bytes in 44 msecs (HTTP/1.1 200) 4 headers in 158 bytes (1 switches on core 0)
2026-07-15 06:15:35.313 8 INFO neutron.pecan_wsgi.hooks.translation [None req-9a85a348-2a63-478b-8a5a-9238e8b5b380 3bd191799c7544c5a7b38ba7202fe01e 32aae45df76444789f225b4ceae37dbe - - default default] GET failed (client error): The resource could not be found. [pid: 8|app: 0|req: 955/1951] 10.0.0.235 () {32 vars in 716 bytes} [Wed Jul 15 06:15:35 2026] GET /v2.0/ports/e9fa277b-2884-405b-8f9a-4ea39959c291 => generated 132 bytes in 13 msecs (HTTP/1.1 404) 4 headers in 164 bytes (1 switches on core 0) [pid: 7|app: 0|req: 997/1952] 10.0.0.235 () {32 vars in 739 bytes} [Wed Jul 15 06:15:35 2026] DELETE /v2.0/security-groups/c55ccc15-fa43-4c8f-abd9-bf3fc69de067 => generated 0 bytes in 256 msecs (HTTP/1.1 204) 2 headers in 112 bytes (1 switches on core 0) [pid: 8|app: 0|req: 956/1953] 10.0.0.235 () {32 vars in 723 bytes} [Wed Jul 15 06:15:35 2026] DELETE /v2.0/routers/99007621-59bf-409d-a948-82c83e650861 => generated 0 bytes in 192 msecs (HTTP/1.1 204) 2 headers in 112 bytes (1 switches on core 0) [pid: 7|app: 0|req: 998/1954] 10.0.0.235 () {32 vars in 689 bytes} [Wed Jul 15 06:15:35 2026] GET /v2.0/floatingips?not-tags-any=blue => generated 1643 bytes in 69 msecs (HTTP/1.1 200) 4 headers in 158 bytes (1 switches on core 0) [pid: 8|app: 0|req: 957/1955] 10.0.0.235 () {32 vars in 723 bytes} [Wed Jul 15 06:15:35 2026] DELETE /v2.0/subnets/b09abebd-c9f7-4d93-b23f-328d2d236a85 => generated 0 bytes in 173 msecs (HTTP/1.1 204) 3 headers in 131 bytes (1 switches on core 0) [pid: 7|app: 0|req: 999/1956] 10.0.0.235 () {32 vars in 723 bytes} [Wed Jul 15 06:15:35 2026] DELETE /v2.0/subnets/688cdc17-9d35-4e14-bc2e-415f7d82a066 => generated 0 bytes in 151 msecs (HTTP/1.1 204) 3 headers in 131 bytes (1 switches on core 0) [pid: 8|app: 0|req: 958/1957] 10.0.0.235 () {32 vars in 701 bytes} [Wed Jul 15 06:15:35 2026] GET /v2.0/floatingips?not-tags-any=red%2Cblue => generated 1100 bytes in 45 msecs (HTTP/1.1 200) 4 headers in 158 bytes (1 switches on core 0)
2026-07-15 06:15:35.804 7 INFO neutron_taas.services.taas.taas_plugin [None req-87279bd0-be50-454a-b4a8-521c389b7939 3bd191799c7544c5a7b38ba7202fe01e 32aae45df76444789f225b4ceae37dbe - - default default] TaaS: Handle Delete Port: 49fb5986-939c-4393-a815-04fb10c0867f
2026-07-15 06:15:35.806 7 INFO neutron_taas.services.taas.tap_mirror_plugin [None req-87279bd0-be50-454a-b4a8-521c389b7939 3bd191799c7544c5a7b38ba7202fe01e 32aae45df76444789f225b4ceae37dbe - - default default] Tap Mirror: Handle Delete Port: 49fb5986-939c-4393-a815-04fb10c0867f [pid: 8|app: 0|req: 959/1958] 10.0.0.235 () {32 vars in 723 bytes} [Wed Jul 15 06:15:35 2026] DELETE /v2.0/subnets/fda44e93-41a9-4051-ab67-e132eaae237c => generated 0 bytes in 132 msecs (HTTP/1.1 204) 3 headers in 131 bytes (1 switches on core 0)
2026-07-15 06:15:35.859 8 WARNING neutron.plugins.ml2.drivers.ovn.mech_driver.ovsdb.ovn_client [None req-3b75450c-ca79-4ee4-994e-1dacf9f5dc7e - - - - - -] No port found with ID 8aa0bd62-68cd-4c8d-88b3-b54903041991: RuntimeError: No port found with ID 8aa0bd62-68cd-4c8d-88b3-b54903041991
2026-07-15 06:15:35.985 7 INFO neutron.services.segments.plugin [-] Segment 4e513bfe-122d-4229-990b-13594ecdee20 resource provider aggregate not found
2026-07-15 06:15:35.996 7 INFO neutron.services.segments.plugin [-] Segment 4e513bfe-122d-4229-990b-13594ecdee20 resource provider aggregate not found
2026-07-15 06:15:36.008 7 INFO neutron.services.segments.plugin [-] Client error retrieving segment 4e513bfe-122d-4229-990b-13594ecdee20 resource provider; error: Placement Client Error (4xx): {"errors": [{"status": 404, "title": "Not Found", "detail": "The resource could not be found.\n\n No resource provider with uuid 4e513bfe-122d-4229-990b-13594ecdee20 found for delete ", "request_id": "req-887eff5e-5c38-4c1c-8676-08a3a0809b08"}]}
2026-07-15 06:15:36.009 8 INFO neutron_taas.services.taas.taas_plugin [None req-d4f7f90a-6078-4488-ba14-5fa169cc7172 32d758c6c03a45a594971f50db6faad7 f22aafb5b42241f7a4b9aefe3c9cf778 - - default default] TaaS: Handle Delete Port: f0e2229c-4e9b-4978-9aec-bdc49ce23585
2026-07-15 06:15:36.012 8 INFO neutron_taas.services.taas.tap_mirror_plugin [None req-d4f7f90a-6078-4488-ba14-5fa169cc7172 32d758c6c03a45a594971f50db6faad7 f22aafb5b42241f7a4b9aefe3c9cf778 - - default default] Tap Mirror: Handle Delete Port: f0e2229c-4e9b-4978-9aec-bdc49ce23585
2026-07-15 06:15:36.026 7 INFO neutron.services.segments.plugin [-] Client error retrieving segment 4e513bfe-122d-4229-990b-13594ecdee20 resource provider; error: Placement Client Error (4xx): {"errors": [{"status": 404, "title": "Not Found", "detail": "The resource could not be found.\n\n No resource provider with uuid 4e513bfe-122d-4229-990b-13594ecdee20 found for delete ", "request_id": "req-9454d598-d8b8-46c6-b0fe-c543d289f850"}]} [pid: 7|app: 0|req: 1000/1959] 10.0.0.235 () {32 vars in 725 bytes} [Wed Jul 15 06:15:35 2026] DELETE /v2.0/networks/41038527-801e-41f4-bb37-d80a48f05755 => generated 0 bytes in 362 msecs (HTTP/1.1 204) 3 headers in 131 bytes (1 switches on core 0)
2026-07-15 06:15:36.170 7 INFO neutron_taas.services.taas.taas_plugin [None req-d0b76618-ef94-41cb-98e5-c3de28e89424 6db272fec69049ac91e0b43fe06ab0d4 bc358884d9f343b2b13e38a85a31ab6f - - default default] TaaS: Handle Delete Port: dfb5fa73-a779-4b08-a8f1-41ff6409ad12
2026-07-15 06:15:36.172 7 INFO neutron_taas.services.taas.tap_mirror_plugin [None req-d0b76618-ef94-41cb-98e5-c3de28e89424 6db272fec69049ac91e0b43fe06ab0d4 bc358884d9f343b2b13e38a85a31ab6f - - default default] Tap Mirror: Handle Delete Port: dfb5fa73-a779-4b08-a8f1-41ff6409ad12 [pid: 8|app: 0|req: 960/1960] 10.0.0.235 () {32 vars in 731 bytes} [Wed Jul 15 06:15:35 2026] DELETE /v2.0/floatingips/329095a9-905f-437f-8299-e9d1bbd634c2 => generated 0 bytes in 324 msecs (HTTP/1.1 204) 2 headers in 112 bytes (1 switches on core 0) [pid: 7|app: 0|req: 1001/1961] 10.0.0.235 () {32 vars in 725 bytes} [Wed Jul 15 06:15:36 2026] DELETE /v2.0/networks/cacda4c8-c13a-471d-be6e-0e3c6efe1645 => generated 0 bytes in 317 msecs (HTTP/1.1 204) 3 headers in 131 bytes (1 switches on core 0)
2026-07-15 06:15:36.415 8 WARNING neutron.scheduler.dhcp_agent_scheduler [None req-ea8a894e-ab65-435a-8472-27147eb3a29c 3bd191799c7544c5a7b38ba7202fe01e 32aae45df76444789f225b4ceae37dbe - - default default] No more DHCP agents
2026-07-15 06:15:36.417 8 WARNING neutron.api.rpc.agentnotifiers.dhcp_rpc_agent_api [None req-ea8a894e-ab65-435a-8472-27147eb3a29c 3bd191799c7544c5a7b38ba7202fe01e 32aae45df76444789f225b4ceae37dbe - - default default] Unable to schedule network a7515378-0186-4ee4-90f3-e1bd321feaf4: no agents available; will retry on subsequent port and subnet creation events.
2026-07-15 06:15:36.461 8 INFO neutron.plugins.ml2.drivers.ovn.mech_driver.mech_driver [None req-3b75450c-ca79-4ee4-994e-1dacf9f5dc7e - - - - - -] OVN reports status down for port: 19c6abd4-4dd7-4109-a945-9c095023f7a3
2026-07-15 06:15:36.501 7 INFO neutron_taas.services.taas.taas_plugin [None req-eb8505f5-9390-4a83-9220-10ee253b9040 32d758c6c03a45a594971f50db6faad7 f22aafb5b42241f7a4b9aefe3c9cf778 - - default default] TaaS: Handle Delete Port: 41b68feb-2c5a-4d13-9f62-ab6278e05a0c
2026-07-15 06:15:36.505 7 INFO neutron_taas.services.taas.tap_mirror_plugin [None req-eb8505f5-9390-4a83-9220-10ee253b9040 32d758c6c03a45a594971f50db6faad7 f22aafb5b42241f7a4b9aefe3c9cf778 - - default default] Tap Mirror: Handle Delete Port: 41b68feb-2c5a-4d13-9f62-ab6278e05a0c
