2026-07-15 06:13:30.440 8 INFO neutron.services.segments.plugin [-] Segment ada7a5f5-60e9-4f56-b0f0-c9486e68f8a6 resource provider aggregate not found
2026-07-15 06:13:30.446 7 INFO neutron.db.ovn_revision_numbers_db [None req-0e6c8623-1074-4a49-8c02-1642bb38f79d d439ef2a00bb4b7cbaf87e4feb03441c 4a8f7c1d9af94a41833931e8be4ab88a - - default default] Successfully bumped revision number for resource be4bc26d-c772-4a8f-a4d2-b1592e2c7f00 (type: security_groups) to 1
2026-07-15 06:13:30.455 8 INFO neutron.services.segments.plugin [-] Client error retrieving segment ada7a5f5-60e9-4f56-b0f0-c9486e68f8a6 resource provider; error: Placement Client Error (4xx): {"errors": [{"status": 404, "title": "Not Found", "detail": "The resource could not be found.\n\n No resource provider with uuid ada7a5f5-60e9-4f56-b0f0-c9486e68f8a6 found for delete ", "request_id": "req-bd43cd27-67d9-4b7f-8c95-27246c9bc1f3"}]}
2026-07-15 06:13:30.458 7 INFO neutron.db.ovn_revision_numbers_db [None req-0e6c8623-1074-4a49-8c02-1642bb38f79d d439ef2a00bb4b7cbaf87e4feb03441c 4a8f7c1d9af94a41833931e8be4ab88a - - default default] Successfully bumped revision number for resource 0748e1ed-2ff8-43cb-a4fe-f4927ce6ee50 (type: security_group_rules) to 0
2026-07-15 06:13:30.472 7 INFO neutron.db.ovn_revision_numbers_db [None req-0e6c8623-1074-4a49-8c02-1642bb38f79d d439ef2a00bb4b7cbaf87e4feb03441c 4a8f7c1d9af94a41833931e8be4ab88a - - default default] Successfully bumped revision number for resource 4af0a6cb-6373-44fa-bab0-d0b34a963752 (type: security_group_rules) to 0
2026-07-15 06:13:30.486 7 INFO neutron.db.ovn_revision_numbers_db [None req-0e6c8623-1074-4a49-8c02-1642bb38f79d d439ef2a00bb4b7cbaf87e4feb03441c 4a8f7c1d9af94a41833931e8be4ab88a - - default default] Successfully bumped revision number for resource b40be913-53b2-4806-b048-1f6b3d84007a (type: security_group_rules) to 0 [pid: 8|app: 0|req: 525/993] 10.0.0.235 () {32 vars in 739 bytes} [Wed Jul 15 06:13:30 2026] DELETE /v2.0/security-groups/3a0b0429-aff5-4199-b73e-2e246183d3b0 => generated 0 bytes in 272 msecs (HTTP/1.1 204) 2 headers in 112 bytes (1 switches on core 0)
2026-07-15 06:13:30.497 7 INFO neutron.db.ovn_revision_numbers_db [None req-0e6c8623-1074-4a49-8c02-1642bb38f79d d439ef2a00bb4b7cbaf87e4feb03441c 4a8f7c1d9af94a41833931e8be4ab88a - - default default] Successfully bumped revision number for resource e36ce335-fbed-4404-a004-33db89028689 (type: security_group_rules) to 0 [pid: 7|app: 0|req: 469/994] 10.0.0.235 () {32 vars in 773 bytes} [Wed Jul 15 06:13:30 2026] GET /v2.0/security-groups?tenant_id=926adf85a0a44e9ba3804a477728372e&name=default => generated 2925 bytes in 440 msecs (HTTP/1.1 200) 4 headers in 158 bytes (1 switches on core 0) [pid: 8|app: 0|req: 526/995] 10.0.0.235 () {32 vars in 739 bytes} [Wed Jul 15 06:13:30 2026] DELETE /v2.0/security-groups/946ac0af-a6b0-4265-8b92-8f3497820efe => generated 0 bytes in 116 msecs (HTTP/1.1 204) 2 headers in 112 bytes (1 switches on core 0)
2026-07-15 06:13:30.626 8 INFO neutron.api.v2.resource [None req-5a1de220-5358-438b-918c-c4993532aeab b0c3a6a2f44e4096973df79d1d3c0b80 a201399903a24b8ab8e4fc20e21d5e62 - - default default] show failed (client error): The resource could not be found. [pid: 8|app: 0|req: 527/996] 10.0.0.235 () {32 vars in 736 bytes} [Wed Jul 15 06:13:30 2026] GET /v2.0/security-groups/946ac0af-a6b0-4265-8b92-8f3497820efe => generated 146 bytes in 15 msecs (HTTP/1.1 404) 4 headers in 164 bytes (1 switches on core 0) [pid: 7|app: 0|req: 470/997] 10.0.0.235 () {32 vars in 739 bytes} [Wed Jul 15 06:13:30 2026] DELETE /v2.0/security-groups/be4bc26d-c772-4a8f-a4d2-b1592e2c7f00 => generated 0 bytes in 213 msecs (HTTP/1.1 204) 2 headers in 112 bytes (1 switches on core 0)
2026-07-15 06:13:30.772 8 INFO neutron_taas.services.taas.taas_plugin [None req-21bff6a7-8236-4ac8-bde6-a795451db677 b0c3a6a2f44e4096973df79d1d3c0b80 a201399903a24b8ab8e4fc20e21d5e62 - - default default] TaaS: Handle Delete Port: 788db7a2-9f36-4b9c-be73-61083b3923ad
2026-07-15 06:13:30.779 8 INFO neutron_taas.services.taas.tap_mirror_plugin [None req-21bff6a7-8236-4ac8-bde6-a795451db677 b0c3a6a2f44e4096973df79d1d3c0b80 a201399903a24b8ab8e4fc20e21d5e62 - - default default] Tap Mirror: Handle Delete Port: 788db7a2-9f36-4b9c-be73-61083b3923ad [pid: 8|app: 0|req: 528/998] 10.0.0.235 () {32 vars in 731 bytes} [Wed Jul 15 06:13:30 2026] DELETE /v2.0/floatingips/831391bd-1380-408c-b16c-a615062b493a => generated 0 bytes in 302 msecs (HTTP/1.1 204) 2 headers in 112 bytes (1 switches on core 0)
2026-07-15 06:13:31.266 7 INFO neutron.db.ovn_revision_numbers_db [None req-a94396e1-54b2-45e2-8153-209dbbeb4ed9 58804bac45094e37916ed1213aeb944e 0c4f5c0cc5424979ac9656932f16bcab - - default default] Successfully bumped revision number for resource 34a5faf7-76e6-48fe-a4b9-937c8c9740ed (type: security_groups) to 1
2026-07-15 06:13:31.285 7 INFO neutron.db.ovn_revision_numbers_db [None req-a94396e1-54b2-45e2-8153-209dbbeb4ed9 58804bac45094e37916ed1213aeb944e 0c4f5c0cc5424979ac9656932f16bcab - - default default] Successfully bumped revision number for resource 0c8cc3bf-25ea-4686-8fcb-e716cecaedde (type: security_group_rules) to 0
2026-07-15 06:13:31.297 7 INFO neutron.db.ovn_revision_numbers_db [None req-a94396e1-54b2-45e2-8153-209dbbeb4ed9 58804bac45094e37916ed1213aeb944e 0c4f5c0cc5424979ac9656932f16bcab - - default default] Successfully bumped revision number for resource b2725826-7889-4b4b-b92c-8fb792ae55f0 (type: security_group_rules) to 0
2026-07-15 06:13:31.311 7 INFO neutron.db.ovn_revision_numbers_db [None req-a94396e1-54b2-45e2-8153-209dbbeb4ed9 58804bac45094e37916ed1213aeb944e 0c4f5c0cc5424979ac9656932f16bcab - - default default] Successfully bumped revision number for resource ba64bf8f-de65-4cad-b4fd-3fb2af1f76bb (type: security_group_rules) to 0
2026-07-15 06:13:31.323 7 INFO neutron.db.ovn_revision_numbers_db [None req-a94396e1-54b2-45e2-8153-209dbbeb4ed9 58804bac45094e37916ed1213aeb944e 0c4f5c0cc5424979ac9656932f16bcab - - default default] Successfully bumped revision number for resource f085cad0-ac5f-4cfe-b41d-fe6f95cb21a4 (type: security_group_rules) to 0
2026-07-15 06:13:31.338 8 INFO neutron_taas.services.taas.taas_plugin [None req-4005751c-5fed-4c9c-a1c8-d1efb7c08f5d d439ef2a00bb4b7cbaf87e4feb03441c 4a8f7c1d9af94a41833931e8be4ab88a - - default default] TaaS: Handle Delete Port: c95bd78f-6306-48e4-a9cb-6f74ff3b3c76
2026-07-15 06:13:31.341 8 INFO neutron_taas.services.taas.tap_mirror_plugin [None req-4005751c-5fed-4c9c-a1c8-d1efb7c08f5d d439ef2a00bb4b7cbaf87e4feb03441c 4a8f7c1d9af94a41833931e8be4ab88a - - default default] Tap Mirror: Handle Delete Port: c95bd78f-6306-48e4-a9cb-6f74ff3b3c76
2026-07-15 06:13:31.407 7 INFO neutron.db.segments_db [None req-a94396e1-54b2-45e2-8153-209dbbeb4ed9 58804bac45094e37916ed1213aeb944e 0c4f5c0cc5424979ac9656932f16bcab - - default default] Added segment 2992900a-ee9b-44a9-a16e-821d5b4bf867 of type geneve for network a66fc9db-81b3-4e22-a094-3951cf6eb4dc
2026-07-15 06:13:31.506 7 INFO neutron.db.segments_db [None req-a94396e1-54b2-45e2-8153-209dbbeb4ed9 58804bac45094e37916ed1213aeb944e 0c4f5c0cc5424979ac9656932f16bcab - - default default] Added segment b83a7e44-8f61-4994-b564-a5352447188b of type geneve for network beb2237c-9a98-4abb-ab0c-c8b30f8c29b5
2026-07-15 06:13:31.635 7 INFO neutron.db.ovn_revision_numbers_db [None req-a94396e1-54b2-45e2-8153-209dbbeb4ed9 58804bac45094e37916ed1213aeb944e 0c4f5c0cc5424979ac9656932f16bcab - - default default] Successfully bumped revision number for resource a66fc9db-81b3-4e22-a094-3951cf6eb4dc (type: networks) to 1
2026-07-15 06:13:31.893 7 WARNING neutron.scheduler.dhcp_agent_scheduler [None req-a94396e1-54b2-45e2-8153-209dbbeb4ed9 58804bac45094e37916ed1213aeb944e 0c4f5c0cc5424979ac9656932f16bcab - - default default] No more DHCP agents
2026-07-15 06:13:31.895 7 WARNING neutron.api.rpc.agentnotifiers.dhcp_rpc_agent_api [None req-a94396e1-54b2-45e2-8153-209dbbeb4ed9 58804bac45094e37916ed1213aeb944e 0c4f5c0cc5424979ac9656932f16bcab - - default default] Unable to schedule network a66fc9db-81b3-4e22-a094-3951cf6eb4dc: no agents available; will retry on subsequent port and subnet creation events.
2026-07-15 06:13:31.941 8 INFO neutron.plugins.ml2.drivers.ovn.mech_driver.mech_driver [None req-640640df-bf70-4624-8897-8bc1f23e8ffe - - - - - -] OVN reports status down for port: 67063a7e-4109-48de-9afd-3a6dd8685cd8
2026-07-15 06:13:31.974 7 INFO neutron.db.ovn_revision_numbers_db [None req-a94396e1-54b2-45e2-8153-209dbbeb4ed9 58804bac45094e37916ed1213aeb944e 0c4f5c0cc5424979ac9656932f16bcab - - default default] Successfully bumped revision number for resource 67063a7e-4109-48de-9afd-3a6dd8685cd8 (type: ports) to 1 [pid: 8|app: 0|req: 529/999] 10.0.0.235 () {34 vars in 788 bytes} [Wed Jul 15 06:13:31 2026] PUT /v2.0/routers/e981f48b-2a50-4ed4-8be5-41dce96316e6/remove_router_interface => generated 309 bytes in 998 msecs (HTTP/1.1 200) 4 headers in 157 bytes (1 switches on core 0) /var/lib/openstack/lib/python3.12/site-packages/pycadf/identifier.py:70: UserWarning: Invalid uuid: neutron. To ensure interoperability, identifiers should be a valid uuid. warnings.warn(('Invalid uuid: %s. To ensure interoperability, '
2026-07-15 06:13:32.076 7 INFO neutron.db.ovn_revision_numbers_db [None req-a94396e1-54b2-45e2-8153-209dbbeb4ed9 58804bac45094e37916ed1213aeb944e 0c4f5c0cc5424979ac9656932f16bcab - - default default] Successfully bumped revision number for resource beb2237c-9a98-4abb-ab0c-c8b30f8c29b5 (type: networks) to 1
2026-07-15 06:13:32.242 7 WARNING neutron.scheduler.dhcp_agent_scheduler [None req-a94396e1-54b2-45e2-8153-209dbbeb4ed9 58804bac45094e37916ed1213aeb944e 0c4f5c0cc5424979ac9656932f16bcab - - default default] No more DHCP agents
2026-07-15 06:13:32.243 7 WARNING neutron.api.rpc.agentnotifiers.dhcp_rpc_agent_api [None req-a94396e1-54b2-45e2-8153-209dbbeb4ed9 58804bac45094e37916ed1213aeb944e 0c4f5c0cc5424979ac9656932f16bcab - - default default] Unable to schedule network beb2237c-9a98-4abb-ab0c-c8b30f8c29b5: no agents available; will retry on subsequent port and subnet creation events.
2026-07-15 06:13:32.302 8 INFO neutron.plugins.ml2.drivers.ovn.mech_driver.mech_driver [None req-640640df-bf70-4624-8897-8bc1f23e8ffe - - - - - -] OVN reports status down for port: e169f58b-06f1-40a5-824e-7fe9e536dbe2
2026-07-15 06:13:32.312 7 INFO neutron.db.ovn_revision_numbers_db [None req-a94396e1-54b2-45e2-8153-209dbbeb4ed9 58804bac45094e37916ed1213aeb944e 0c4f5c0cc5424979ac9656932f16bcab - - default default] Successfully bumped revision number for resource e169f58b-06f1-40a5-824e-7fe9e536dbe2 (type: ports) to 1 [pid: 7|app: 0|req: 471/1000] 10.0.0.235 () {34 vars in 669 bytes} [Wed Jul 15 06:13:30 2026] POST /v2.0/networks => generated 1320 bytes in 1413 msecs (HTTP/1.1 201) 4 headers in 163 bytes (1 switches on core 0)
2026-07-15 06:13:32.478 8 INFO neutron_taas.services.taas.taas_plugin [None req-e54f5b31-1cbb-47ea-b1da-24fb54e8ec03 d439ef2a00bb4b7cbaf87e4feb03441c 4a8f7c1d9af94a41833931e8be4ab88a - - default default] TaaS: Handle Delete Port: fd17cfcd-5005-4286-9211-65b50006f023
2026-07-15 06:13:32.482 8 INFO neutron_taas.services.taas.tap_mirror_plugin [None req-e54f5b31-1cbb-47ea-b1da-24fb54e8ec03 d439ef2a00bb4b7cbaf87e4feb03441c 4a8f7c1d9af94a41833931e8be4ab88a - - default default] Tap Mirror: Handle Delete Port: fd17cfcd-5005-4286-9211-65b50006f023
2026-07-15 06:13:32.613 7 INFO neutron.db.ovn_revision_numbers_db [None req-d8a694a9-2d10-4b37-be3a-caa0de879bd0 d439ef2a00bb4b7cbaf87e4feb03441c 4a8f7c1d9af94a41833931e8be4ab88a - - default default] Successfully bumped revision number for resource 581ab2e2-17d8-491b-89ad-4a8d7d825b12 (type: security_groups) to 1
2026-07-15 06:13:32.625 7 INFO neutron.db.ovn_revision_numbers_db [None req-d8a694a9-2d10-4b37-be3a-caa0de879bd0 d439ef2a00bb4b7cbaf87e4feb03441c 4a8f7c1d9af94a41833931e8be4ab88a - - default default] Successfully bumped revision number for resource 1af9c5a6-6597-465c-af5d-040c434ecadf (type: security_group_rules) to 0
2026-07-15 06:13:32.636 7 INFO neutron.db.ovn_revision_numbers_db [None req-d8a694a9-2d10-4b37-be3a-caa0de879bd0 d439ef2a00bb4b7cbaf87e4feb03441c 4a8f7c1d9af94a41833931e8be4ab88a - - default default] Successfully bumped revision number for resource 99869d8f-644c-4088-8b24-1f2f70fc3ff0 (type: security_group_rules) to 0
2026-07-15 06:13:32.646 7 INFO neutron.db.ovn_revision_numbers_db [None req-d8a694a9-2d10-4b37-be3a-caa0de879bd0 d439ef2a00bb4b7cbaf87e4feb03441c 4a8f7c1d9af94a41833931e8be4ab88a - - default default] Successfully bumped revision number for resource a67534e8-788c-4b38-8f9c-f3ab453022fe (type: security_group_rules) to 0
2026-07-15 06:13:32.658 7 INFO neutron.db.ovn_revision_numbers_db [None req-d8a694a9-2d10-4b37-be3a-caa0de879bd0 d439ef2a00bb4b7cbaf87e4feb03441c 4a8f7c1d9af94a41833931e8be4ab88a - - default default] Successfully bumped revision number for resource e8181c17-6de4-43cc-b07b-467e31c41d34 (type: security_group_rules) to 0
2026-07-15 06:13:32.747 7 INFO neutron.db.segments_db [None req-d8a694a9-2d10-4b37-be3a-caa0de879bd0 d439ef2a00bb4b7cbaf87e4feb03441c 4a8f7c1d9af94a41833931e8be4ab88a - - default default] Added segment 589c912a-dd3d-4a86-87ae-c6970ba1ace1 of type geneve for network 915699f7-ea04-48c8-b6a8-047bd8503fde
2026-07-15 06:13:32.853 7 INFO neutron.db.ovn_revision_numbers_db [None req-d8a694a9-2d10-4b37-be3a-caa0de879bd0 d439ef2a00bb4b7cbaf87e4feb03441c 4a8f7c1d9af94a41833931e8be4ab88a - - default default] Successfully bumped revision number for resource 915699f7-ea04-48c8-b6a8-047bd8503fde (type: networks) to 1 [pid: 8|app: 0|req: 530/1001] 10.0.0.235 () {32 vars in 723 bytes} [Wed Jul 15 06:13:32 2026] DELETE /v2.0/routers/e981f48b-2a50-4ed4-8be5-41dce96316e6 => generated 0 bytes in 864 msecs (HTTP/1.1 204) 2 headers in 112 bytes (1 switches on core 0) [pid: 8|app: 0|req: 531/1002] 10.0.0.235 () {32 vars in 648 bytes} [Wed Jul 15 06:13:32 2026] GET /v2.0/networks => generated 1969 bytes in 66 msecs (HTTP/1.1 200) 4 headers in 158 bytes (1 switches on core 0) [pid: 8|app: 0|req: 532/1003] 10.0.0.235 () {32 vars in 652 bytes} [Wed Jul 15 06:13:32 2026] GET /v2.0/extensions => generated 20541 bytes in 52 msecs (HTTP/1.1 200) 4 headers in 159 bytes (1 switches on core 0)
2026-07-15 06:13:33.037 7 WARNING neutron.scheduler.dhcp_agent_scheduler [None req-d8a694a9-2d10-4b37-be3a-caa0de879bd0 d439ef2a00bb4b7cbaf87e4feb03441c 4a8f7c1d9af94a41833931e8be4ab88a - - default default] No more DHCP agents
2026-07-15 06:13:33.039 7 WARNING neutron.api.rpc.agentnotifiers.dhcp_rpc_agent_api [None req-d8a694a9-2d10-4b37-be3a-caa0de879bd0 d439ef2a00bb4b7cbaf87e4feb03441c 4a8f7c1d9af94a41833931e8be4ab88a - - default default] Unable to schedule network 915699f7-ea04-48c8-b6a8-047bd8503fde: no agents available; will retry on subsequent port and subnet creation events.
2026-07-15 06:13:33.088 8 INFO neutron.plugins.ml2.drivers.ovn.mech_driver.mech_driver [None req-640640df-bf70-4624-8897-8bc1f23e8ffe - - - - - -] OVN reports status down for port: 74b9152c-a99c-420a-a761-dc4896df3d94
2026-07-15 06:13:33.115 7 INFO neutron.db.ovn_revision_numbers_db [None req-d8a694a9-2d10-4b37-be3a-caa0de879bd0 d439ef2a00bb4b7cbaf87e4feb03441c 4a8f7c1d9af94a41833931e8be4ab88a - - default default] Successfully bumped revision number for resource 74b9152c-a99c-420a-a761-dc4896df3d94 (type: ports) to 1 [pid: 7|app: 0|req: 472/1004] 10.0.0.235 () {34 vars in 670 bytes} [Wed Jul 15 06:13:32 2026] POST /v2.0/networks => generated 784 bytes in 795 msecs (HTTP/1.1 201) 4 headers in 162 bytes (1 switches on core 0) [pid: 8|app: 0|req: 533/1005] 10.0.0.235 () {32 vars in 723 bytes} [Wed Jul 15 06:13:33 2026] DELETE /v2.0/subnets/42fe28ad-31a4-4203-926f-7136a3e8d0ce => generated 0 bytes in 201 msecs (HTTP/1.1 204) 3 headers in 131 bytes (1 switches on core 0) [pid: 8|app: 0|req: 534/1006] 10.0.0.235 () {32 vars in 680 bytes} [Wed Jul 15 06:13:33 2026] GET /v2.0/extensions/address-group => generated 159 bytes in 5 msecs (HTTP/1.1 200) 4 headers in 157 bytes (1 switches on core 0)
2026-07-15 06:13:33.339 8 WARNING neutron.scheduler.dhcp_agent_scheduler [None req-1faad6c6-d7cf-4e32-8f91-169311aa46d9 d439ef2a00bb4b7cbaf87e4feb03441c 4a8f7c1d9af94a41833931e8be4ab88a - - default default] No more DHCP agents
2026-07-15 06:13:33.341 8 WARNING neutron.api.rpc.agentnotifiers.dhcp_rpc_agent_api [None req-1faad6c6-d7cf-4e32-8f91-169311aa46d9 d439ef2a00bb4b7cbaf87e4feb03441c 4a8f7c1d9af94a41833931e8be4ab88a - - default default] Unable to schedule network 915699f7-ea04-48c8-b6a8-047bd8503fde: no agents available; will retry on subsequent port and subnet creation events.
2026-07-15 06:13:33.628 7 INFO neutron_taas.services.taas.taas_plugin [None req-54288b17-8e8e-499a-a34d-908dc7cd45c0 58804bac45094e37916ed1213aeb944e 0c4f5c0cc5424979ac9656932f16bcab - - default default] TaaS: Handle Delete Port: 67063a7e-4109-48de-9afd-3a6dd8685cd8
2026-07-15 06:13:33.630 7 INFO neutron_taas.services.taas.tap_mirror_plugin [None req-54288b17-8e8e-499a-a34d-908dc7cd45c0 58804bac45094e37916ed1213aeb944e 0c4f5c0cc5424979ac9656932f16bcab - - default default] Tap Mirror: Handle Delete Port: 67063a7e-4109-48de-9afd-3a6dd8685cd8
2026-07-15 06:13:33.772 8 INFO neutron.db.ovn_revision_numbers_db [None req-c14be168-a1c1-44b7-ba6e-bea339305500 - - - - - -] Successfully bumped revision number for resource 74b9152c-a99c-420a-a761-dc4896df3d94 (type: ports) to 2
2026-07-15 06:13:33.798 7 INFO neutron.services.segments.plugin [-] Segment 2992900a-ee9b-44a9-a16e-821d5b4bf867 resource provider aggregate not found
2026-07-15 06:13:33.802 7 INFO neutron.services.segments.plugin [-] Segment 2992900a-ee9b-44a9-a16e-821d5b4bf867 resource provider aggregate not found
2026-07-15 06:13:33.806 8 INFO neutron.db.ovn_revision_numbers_db [None req-c14be168-a1c1-44b7-ba6e-bea339305500 - - - - - -] Successfully bumped revision number for resource 9a0bbc55-50ec-439d-bf08-ae5a72b6eeda (type: subnets) to 0
2026-07-15 06:13:33.820 7 INFO neutron.services.segments.plugin [-] Client error retrieving segment 2992900a-ee9b-44a9-a16e-821d5b4bf867 resource provider; error: Placement Client Error (4xx): {"errors": [{"status": 404, "title": "Not Found", "detail": "The resource could not be found.\n\n No resource provider with uuid 2992900a-ee9b-44a9-a16e-821d5b4bf867 found for delete ", "request_id": "req-ce5e6a43-8a94-4a77-acad-365c0c5282ee"}]}
2026-07-15 06:13:33.824 7 INFO neutron.services.segments.plugin [-] Client error retrieving segment 2992900a-ee9b-44a9-a16e-821d5b4bf867 resource provider; error: Placement Client Error (4xx): {"errors": [{"status": 404, "title": "Not Found", "detail": "The resource could not be found.\n\n No resource provider with uuid 2992900a-ee9b-44a9-a16e-821d5b4bf867 found for delete ", "request_id": "req-340e23b5-3b5e-46a7-8cc3-ca4b04d7a68a"}]} [pid: 8|app: 0|req: 535/1007] 10.0.0.235 () {34 vars in 668 bytes} [Wed Jul 15 06:13:33 2026] POST /v2.0/subnets => generated 690 bytes in 614 msecs (HTTP/1.1 201) 4 headers in 162 bytes (1 switches on core 0) [pid: 7|app: 0|req: 473/1008] 10.0.0.235 () {32 vars in 725 bytes} [Wed Jul 15 06:13:33 2026] DELETE /v2.0/networks/a66fc9db-81b3-4e22-a094-3951cf6eb4dc => generated 0 bytes in 704 msecs (HTTP/1.1 204) 3 headers in 131 bytes (1 switches on core 0) [pid: 7|app: 0|req: 474/1009] 10.0.0.235 () {32 vars in 680 bytes} [Wed Jul 15 06:13:33 2026] GET /v2.0/extensions/address-scope => generated 163 bytes in 4 msecs (HTTP/1.1 200) 4 headers in 157 bytes (1 switches on core 0)
2026-07-15 06:13:33.946 8 INFO neutron_taas.services.taas.taas_plugin [None req-2b3b914d-78f3-4dde-bc9e-f531e8079d63 d439ef2a00bb4b7cbaf87e4feb03441c 4a8f7c1d9af94a41833931e8be4ab88a - - default default] TaaS: Handle Delete Port: fc415779-818e-4c2d-8593-15e9985e2287
2026-07-15 06:13:33.950 8 INFO neutron_taas.services.taas.tap_mirror_plugin [None req-2b3b914d-78f3-4dde-bc9e-f531e8079d63 d439ef2a00bb4b7cbaf87e4feb03441c 4a8f7c1d9af94a41833931e8be4ab88a - - default default] Tap Mirror: Handle Delete Port: fc415779-818e-4c2d-8593-15e9985e2287
2026-07-15 06:13:34.147 8 INFO neutron.services.segments.plugin [-] Segment 50eec184-fbfa-40dc-89d9-1cd138df63ec resource provider aggregate not found
2026-07-15 06:13:34.156 8 INFO neutron.services.segments.plugin [-] Segment 50eec184-fbfa-40dc-89d9-1cd138df63ec resource provider aggregate not found
2026-07-15 06:13:34.177 8 INFO neutron.services.segments.plugin [-] Client error retrieving segment 50eec184-fbfa-40dc-89d9-1cd138df63ec resource provider; error: Placement Client Error (4xx): {"errors": [{"status": 404, "title": "Not Found", "detail": "The resource could not be found.\n\n No resource provider with uuid 50eec184-fbfa-40dc-89d9-1cd138df63ec found for delete ", "request_id": "req-b566c29e-d137-4bf6-a35e-370e3117e26d"}]}
2026-07-15 06:13:34.179 8 INFO neutron.services.segments.plugin [-] Client error retrieving segment 50eec184-fbfa-40dc-89d9-1cd138df63ec resource provider; error: Placement Client Error (4xx): {"errors": [{"status": 404, "title": "Not Found", "detail": "The resource could not be found.\n\n No resource provider with uuid 50eec184-fbfa-40dc-89d9-1cd138df63ec found for delete ", "request_id": "req-7fd0f128-f86a-4781-aa41-463af22b4685"}]} [pid: 8|app: 0|req: 536/1010] 10.0.0.235 () {32 vars in 725 bytes} [Wed Jul 15 06:13:33 2026] DELETE /v2.0/networks/7edf517c-a4d7-4785-979c-c255d75f0828 => generated 0 bytes in 368 msecs (HTTP/1.1 204) 3 headers in 131 bytes (1 switches on core 0)
2026-07-15 06:13:34.274 7 WARNING neutron.scheduler.dhcp_agent_scheduler [None req-964b5d21-25dd-4164-bffd-1c995a1ce05f d439ef2a00bb4b7cbaf87e4feb03441c 4a8f7c1d9af94a41833931e8be4ab88a - - default default] No more DHCP agents
2026-07-15 06:13:34.276 7 WARNING neutron.api.rpc.agentnotifiers.dhcp_rpc_agent_api [None req-964b5d21-25dd-4164-bffd-1c995a1ce05f d439ef2a00bb4b7cbaf87e4feb03441c 4a8f7c1d9af94a41833931e8be4ab88a - - default default] Unable to schedule network 53c706b6-41a1-47e3-b31e-21d85fca48c3: no agents available; will retry on subsequent port and subnet creation events.
2026-07-15 06:13:34.303 8 INFO neutron_taas.services.taas.taas_plugin [None req-7ce3657c-e9c5-48b3-b583-550354ae4e6d 58804bac45094e37916ed1213aeb944e 0c4f5c0cc5424979ac9656932f16bcab - - default default] TaaS: Handle Delete Port: e169f58b-06f1-40a5-824e-7fe9e536dbe2
2026-07-15 06:13:34.306 8 INFO neutron_taas.services.taas.tap_mirror_plugin [None req-7ce3657c-e9c5-48b3-b583-550354ae4e6d 58804bac45094e37916ed1213aeb944e 0c4f5c0cc5424979ac9656932f16bcab - - default default] Tap Mirror: Handle Delete Port: e169f58b-06f1-40a5-824e-7fe9e536dbe2
2026-07-15 06:13:34.371 7 INFO neutron.plugins.ml2.drivers.ovn.mech_driver.mech_driver [None req-e6f047b7-c1dc-43a0-92cb-01e90556e4ba - - - - - -] OVN reports status down for port: f8015f88-f66e-4c6c-8ec5-d31825f2a46c
2026-07-15 06:13:34.429 7 INFO neutron.db.ovn_revision_numbers_db [None req-964b5d21-25dd-4164-bffd-1c995a1ce05f d439ef2a00bb4b7cbaf87e4feb03441c 4a8f7c1d9af94a41833931e8be4ab88a - - default default] Successfully bumped revision number for resource f8015f88-f66e-4c6c-8ec5-d31825f2a46c (type: ports) to 1 [pid: 8|app: 0|req: 537/1011] 10.0.0.235 () {32 vars in 725 bytes} [Wed Jul 15 06:13:34 2026] DELETE /v2.0/networks/beb2237c-9a98-4abb-ab0c-c8b30f8c29b5 => generated 0 bytes in 340 msecs (HTTP/1.1 204) 3 headers in 131 bytes (1 switches on core 0) [pid: 8|app: 0|req: 538/1012] 10.0.0.235 () {32 vars in 664 bytes} [Wed Jul 15 06:13:34 2026] GET /v2.0/extensions/agent => generated 153 bytes in 4 msecs (HTTP/1.1 200) 4 headers in 157 bytes (1 switches on core 0) [pid: 8|app: 0|req: 539/1013] 10.0.0.235 () {32 vars in 773 bytes} [Wed Jul 15 06:13:34 2026] GET /v2.0/security-groups?tenant_id=a201399903a24b8ab8e4fc20e21d5e62&name=default => generated 2921 bytes in 31 msecs (HTTP/1.1 200) 4 headers in 158 bytes (1 switches on core 0) [pid: 8|app: 0|req: 540/1014] 10.0.0.235 () {32 vars in 648 bytes} [Wed Jul 15 06:13:34 2026] GET /v2.0/networks => generated 689 bytes in 33 msecs (HTTP/1.1 200) 4 headers in 157 bytes (1 switches on core 0) [pid: 8|app: 0|req: 541/1015] 10.0.0.235 () {32 vars in 696 bytes} [Wed Jul 15 06:13:34 2026] GET /v2.0/extensions/allowed-address-pairs => generated 184 bytes in 3 msecs (HTTP/1.1 200) 4 headers in 157 bytes (1 switches on core 0) [pid: 8|app: 0|req: 542/1016] 10.0.0.235 () {32 vars in 739 bytes} [Wed Jul 15 06:13:34 2026] DELETE /v2.0/security-groups/cdef17bf-f546-4277-83cd-fe8de64d4d1c => generated 0 bytes in 188 msecs (HTTP/1.1 204) 2 headers in 112 bytes (1 switches on core 0)
2026-07-15 06:13:34.881 8 INFO neutron.db.segments_db [None req-55bca176-4772-467e-a0d6-647bbe83c827 58804bac45094e37916ed1213aeb944e 0c4f5c0cc5424979ac9656932f16bcab - - default default] Added segment 408f4c3d-3c35-434e-9991-87bdad80b2e2 of type geneve for network 57a258b6-5fc2-4b79-b190-aae8cdef497a
2026-07-15 06:13:34.996 8 INFO neutron.db.ovn_revision_numbers_db [None req-55bca176-4772-467e-a0d6-647bbe83c827 58804bac45094e37916ed1213aeb944e 0c4f5c0cc5424979ac9656932f16bcab - - default default] Successfully bumped revision number for resource 57a258b6-5fc2-4b79-b190-aae8cdef497a (type: networks) to 1
2026-07-15 06:13:35.073 7 INFO neutron.plugins.ml2.drivers.ovn.mech_driver.ovsdb.commands [None req-564685a7-1720-4939-a78a-503eb0edf6b7 - - - - - -] Schedule LRP lrp-f8015f88-f66e-4c6c-8ec5-d31825f2a46c on gateway a8690dd5-ec7f-48dc-8987-b94940b69db2 with priority 1
2026-07-15 06:13:35.099 7 INFO neutron.plugins.ml2.drivers.ovn.mech_driver.mech_driver [None req-e6f047b7-c1dc-43a0-92cb-01e90556e4ba - - - - - -] OVN reports status up for port: f8015f88-f66e-4c6c-8ec5-d31825f2a46c
2026-07-15 06:13:35.132 7 INFO neutron.plugins.ml2.plugin [None req-e6f047b7-c1dc-43a0-92cb-01e90556e4ba - - - - - -] Attempt 1 to provision port f8015f88-f66e-4c6c-8ec5-d31825f2a46c
2026-07-15 06:13:35.176 7 INFO neutron.db.ovn_revision_numbers_db [None req-964b5d21-25dd-4164-bffd-1c995a1ce05f d439ef2a00bb4b7cbaf87e4feb03441c 4a8f7c1d9af94a41833931e8be4ab88a - - default default] Successfully bumped revision number for resource f8015f88-f66e-4c6c-8ec5-d31825f2a46c (type: router_ports) to 1
2026-07-15 06:13:35.186 8 INFO neutron.plugins.ml2.drivers.ovn.mech_driver.ovsdb.ovsdb_monitor [None req-138e1a58-d5b9-4704-9558-34bd67dfe304 - - - - - -] Router 55f25cf0-9b52-4d38-978e-3de836aed5db is bound to host instance
2026-07-15 06:13:35.295 7 INFO neutron.db.ovn_revision_numbers_db [None req-964b5d21-25dd-4164-bffd-1c995a1ce05f d439ef2a00bb4b7cbaf87e4feb03441c 4a8f7c1d9af94a41833931e8be4ab88a - - default default] Successfully bumped revision number for resource 55f25cf0-9b52-4d38-978e-3de836aed5db (type: routers) to 2
2026-07-15 06:13:35.305 8 WARNING neutron.scheduler.dhcp_agent_scheduler [None req-55bca176-4772-467e-a0d6-647bbe83c827 58804bac45094e37916ed1213aeb944e 0c4f5c0cc5424979ac9656932f16bcab - - default default] No more DHCP agents
2026-07-15 06:13:35.311 8 WARNING neutron.api.rpc.agentnotifiers.dhcp_rpc_agent_api [None req-55bca176-4772-467e-a0d6-647bbe83c827 58804bac45094e37916ed1213aeb944e 0c4f5c0cc5424979ac9656932f16bcab - - default default] Unable to schedule network 57a258b6-5fc2-4b79-b190-aae8cdef497a: no agents available; will retry on subsequent port and subnet creation events. [pid: 7|app: 0|req: 475/1017] 10.0.0.235 () {34 vars in 668 bytes} [Wed Jul 15 06:13:33 2026] POST /v2.0/routers => generated 968 bytes in 1469 msecs (HTTP/1.1 201) 4 headers in 162 bytes (1 switches on core 0) [pid: 7|app: 0|req: 476/1018] 10.0.0.235 () {32 vars in 700 bytes} [Wed Jul 15 06:13:35 2026] GET /v2.0/extensions/auto-allocated-topology => generated 200 bytes in 5 msecs (HTTP/1.1 200) 4 headers in 157 bytes (1 switches on core 0)
2026-07-15 06:13:35.472 8 INFO neutron.db.ovn_revision_numbers_db [None req-55bca176-4772-467e-a0d6-647bbe83c827 58804bac45094e37916ed1213aeb944e 0c4f5c0cc5424979ac9656932f16bcab - - default default] Successfully bumped revision number for resource 16c1454c-7602-4013-8e87-d90d83599117 (type: ports) to 1 [pid: 8|app: 0|req: 543/1019] 10.0.0.235 () {34 vars in 669 bytes} [Wed Jul 15 06:13:34 2026] POST /v2.0/networks => generated 692 bytes in 748 msecs (HTTP/1.1 201) 4 headers in 162 bytes (1 switches on core 0) [pid: 8|app: 0|req: 544/1020] 10.0.0.235 () {32 vars in 688 bytes} [Wed Jul 15 06:13:35 2026] GET /v2.0/extensions/availability_zone => generated 178 bytes in 22 msecs (HTTP/1.1 200) 4 headers in 157 bytes (1 switches on core 0)
2026-07-15 06:13:35.704 8 INFO neutron.db.segments_db [None req-a7ed1f93-687c-4e12-ad72-6e386c7a83a3 58804bac45094e37916ed1213aeb944e 0c4f5c0cc5424979ac9656932f16bcab - - default default] Added segment b0722836-b629-4884-a2fd-e50826eb5839 of type geneve for network 044c26a7-9c87-4537-8392-1304d6c4491e
2026-07-15 06:13:35.796 7 WARNING neutron.scheduler.dhcp_agent_scheduler [None req-0c9c5058-819f-4a4b-8b5f-00cb2f5f4883 d439ef2a00bb4b7cbaf87e4feb03441c 4a8f7c1d9af94a41833931e8be4ab88a - - default default] No more DHCP agents
2026-07-15 06:13:35.798 7 WARNING neutron.api.rpc.agentnotifiers.dhcp_rpc_agent_api [None req-0c9c5058-819f-4a4b-8b5f-00cb2f5f4883 d439ef2a00bb4b7cbaf87e4feb03441c 4a8f7c1d9af94a41833931e8be4ab88a - - default default] Unable to schedule network 915699f7-ea04-48c8-b6a8-047bd8503fde: no agents available; will retry on subsequent port and subnet creation events.
2026-07-15 06:13:35.889 8 INFO neutron.db.ovn_revision_numbers_db [None req-a7ed1f93-687c-4e12-ad72-6e386c7a83a3 58804bac45094e37916ed1213aeb944e 0c4f5c0cc5424979ac9656932f16bcab - - default default] Successfully bumped revision number for resource 044c26a7-9c87-4537-8392-1304d6c4491e (type: networks) to 1
2026-07-15 06:13:35.922 8 INFO neutron.plugins.ml2.drivers.ovn.mech_driver.mech_driver [None req-640640df-bf70-4624-8897-8bc1f23e8ffe - - - - - -] OVN reports status down for port: d4346955-3fa0-496d-80b5-53e22794b88e
2026-07-15 06:13:35.956 7 INFO neutron.db.ovn_revision_numbers_db [None req-0c9c5058-819f-4a4b-8b5f-00cb2f5f4883 d439ef2a00bb4b7cbaf87e4feb03441c 4a8f7c1d9af94a41833931e8be4ab88a - - default default] Successfully bumped revision number for resource d4346955-3fa0-496d-80b5-53e22794b88e (type: ports) to 1
2026-07-15 06:13:36.221 8 INFO neutron.services.segments.plugin [-] Segment b83a7e44-8f61-4994-b564-a5352447188b resource provider aggregate not found
2026-07-15 06:13:36.223 8 INFO neutron.services.segments.plugin [-] Segment b83a7e44-8f61-4994-b564-a5352447188b resource provider aggregate not found
2026-07-15 06:13:36.245 8 INFO neutron.services.segments.plugin [-] Client error retrieving segment b83a7e44-8f61-4994-b564-a5352447188b resource provider; error: Placement Client Error (4xx): {"errors": [{"status": 404, "title": "Not Found", "detail": "The resource could not be found.\n\n No resource provider with uuid b83a7e44-8f61-4994-b564-a5352447188b found for delete ", "request_id": "req-6b4c8002-f985-4be0-acda-c63d7630aed8"}]}
2026-07-15 06:13:36.263 8 INFO neutron.services.segments.plugin [-] Client error retrieving segment b83a7e44-8f61-4994-b564-a5352447188b resource provider; error: Placement Client Error (4xx): {"errors": [{"status": 404, "title": "Not Found", "detail": "The resource could not be found.\n\n No resource provider with uuid b83a7e44-8f61-4994-b564-a5352447188b found for delete ", "request_id": "req-79bc184b-0a3d-4124-94d7-270a804e3acd"}]}
2026-07-15 06:13:36.387 8 WARNING neutron.scheduler.dhcp_agent_scheduler [None req-a7ed1f93-687c-4e12-ad72-6e386c7a83a3 58804bac45094e37916ed1213aeb944e 0c4f5c0cc5424979ac9656932f16bcab - - default default] No more DHCP agents
2026-07-15 06:13:36.392 8 WARNING neutron.api.rpc.agentnotifiers.dhcp_rpc_agent_api [None req-a7ed1f93-687c-4e12-ad72-6e386c7a83a3 58804bac45094e37916ed1213aeb944e 0c4f5c0cc5424979ac9656932f16bcab - - default default] Unable to schedule network 044c26a7-9c87-4537-8392-1304d6c4491e: no agents available; will retry on subsequent port and subnet creation events.
2026-07-15 06:13:36.482 8 INFO neutron.plugins.ml2.drivers.ovn.mech_driver.mech_driver [None req-640640df-bf70-4624-8897-8bc1f23e8ffe - - - - - -] OVN reports status down for port: ec1e06f8-8f1b-4e3e-9192-77335564cc9f
2026-07-15 06:13:36.577 8 INFO neutron.db.ovn_revision_numbers_db [None req-a7ed1f93-687c-4e12-ad72-6e386c7a83a3 58804bac45094e37916ed1213aeb944e 0c4f5c0cc5424979ac9656932f16bcab - - default default] Successfully bumped revision number for resource ec1e06f8-8f1b-4e3e-9192-77335564cc9f (type: ports) to 1
2026-07-15 06:13:36.693 7 WARNING neutron.scheduler.dhcp_agent_scheduler [None req-0c9c5058-819f-4a4b-8b5f-00cb2f5f4883 d439ef2a00bb4b7cbaf87e4feb03441c 4a8f7c1d9af94a41833931e8be4ab88a - - default default] No more DHCP agents
2026-07-15 06:13:36.694 7 WARNING neutron.api.rpc.agentnotifiers.dhcp_rpc_agent_api [None req-0c9c5058-819f-4a4b-8b5f-00cb2f5f4883 d439ef2a00bb4b7cbaf87e4feb03441c 4a8f7c1d9af94a41833931e8be4ab88a - - default default] Unable to schedule network 915699f7-ea04-48c8-b6a8-047bd8503fde: no agents available; will retry on subsequent port and subnet creation events. [pid: 8|app: 0|req: 545/1021] 10.0.0.235 () {34 vars in 669 bytes} [Wed Jul 15 06:13:35 2026] POST /v2.0/networks => generated 691 bytes in 1128 msecs (HTTP/1.1 201) 4 headers in 162 bytes (1 switches on core 0)
2026-07-15 06:13:36.700 8 INFO neutron.plugins.ml2.drivers.ovn.mech_driver.mech_driver [None req-640640df-bf70-4624-8897-8bc1f23e8ffe - - - - - -] OVN reports status up for port: d4346955-3fa0-496d-80b5-53e22794b88e [pid: 8|app: 0|req: 546/1022] 10.0.0.235 () {32 vars in 692 bytes} [Wed Jul 15 06:13:36 2026] GET /v2.0/extensions/default-subnetpools => generated 211 bytes in 13 msecs (HTTP/1.1 200) 4 headers in 157 bytes (1 switches on core 0)
2026-07-15 06:13:36.732 8 INFO neutron.plugins.ml2.plugin [None req-640640df-bf70-4624-8897-8bc1f23e8ffe - - - - - -] Attempt 1 to provision port d4346955-3fa0-496d-80b5-53e22794b88e
2026-07-15 06:13:36.978 8 INFO neutron.db.ovn_revision_numbers_db [None req-bbcc5e00-5a0b-4394-933d-0fb5ff4718a4 - - - - - -] Successfully bumped revision number for resource f8015f88-f66e-4c6c-8ec5-d31825f2a46c (type: ports) to 4
2026-07-15 06:13:37.175 7 INFO neutron.db.ovn_revision_numbers_db [None req-0c9c5058-819f-4a4b-8b5f-00cb2f5f4883 d439ef2a00bb4b7cbaf87e4feb03441c 4a8f7c1d9af94a41833931e8be4ab88a - - default default] Successfully bumped revision number for resource d4346955-3fa0-496d-80b5-53e22794b88e (type: router_ports) to 1 [pid: 7|app: 0|req: 477/1023] 10.0.0.235 () {34 vars in 782 bytes} [Wed Jul 15 06:13:35 2026] PUT /v2.0/routers/55f25cf0-9b52-4d38-978e-3de836aed5db/add_router_interface => generated 309 bytes in 1860 msecs (HTTP/1.1 200) 4 headers in 157 bytes (1 switches on core 0)
2026-07-15 06:13:37.442 8 INFO neutron.db.ovn_revision_numbers_db [None req-4bcd246d-88d3-4074-b664-78f60e29bc34 d439ef2a00bb4b7cbaf87e4feb03441c 4a8f7c1d9af94a41833931e8be4ab88a - - default default] Successfully bumped revision number for resource 6f310a01-4ab5-4a23-9f35-6e94bb782ab3 (type: security_groups) to 1
2026-07-15 06:13:37.482 8 INFO neutron.db.ovn_revision_numbers_db [None req-4bcd246d-88d3-4074-b664-78f60e29bc34 d439ef2a00bb4b7cbaf87e4feb03441c 4a8f7c1d9af94a41833931e8be4ab88a - - default default] Successfully bumped revision number for resource 053ee58f-c7d3-4a34-a155-605e71c212b9 (type: security_group_rules) to 0
2026-07-15 06:13:37.509 8 INFO neutron.db.ovn_revision_numbers_db [None req-4bcd246d-88d3-4074-b664-78f60e29bc34 d439ef2a00bb4b7cbaf87e4feb03441c 4a8f7c1d9af94a41833931e8be4ab88a - - default default] Successfully bumped revision number for resource aa963f94-7559-4931-9e45-e5505ef7e935 (type: security_group_rules) to 0
2026-07-15 06:13:37.547 8 INFO neutron.db.ovn_revision_numbers_db [None req-4bcd246d-88d3-4074-b664-78f60e29bc34 d439ef2a00bb4b7cbaf87e4feb03441c 4a8f7c1d9af94a41833931e8be4ab88a - - default default] Successfully bumped revision number for resource af90676b-7bbd-4d57-a610-f2233f9b602e (type: security_group_rules) to 0
2026-07-15 06:13:37.584 7 WARNING neutron.scheduler.dhcp_agent_scheduler [None req-6be2043a-a6b7-456e-8830-da9341b3cb3c 58804bac45094e37916ed1213aeb944e 0c4f5c0cc5424979ac9656932f16bcab - - default default] No more DHCP agents
2026-07-15 06:13:37.586 7 WARNING neutron.api.rpc.agentnotifiers.dhcp_rpc_agent_api [None req-6be2043a-a6b7-456e-8830-da9341b3cb3c 58804bac45094e37916ed1213aeb944e 0c4f5c0cc5424979ac9656932f16bcab - - default default] Unable to schedule network 57a258b6-5fc2-4b79-b190-aae8cdef497a: no agents available; will retry on subsequent port and subnet creation events.
2026-07-15 06:13:37.593 8 INFO neutron.db.ovn_revision_numbers_db [None req-4bcd246d-88d3-4074-b664-78f60e29bc34 d439ef2a00bb4b7cbaf87e4feb03441c 4a8f7c1d9af94a41833931e8be4ab88a - - default default] Successfully bumped revision number for resource faadc499-06a0-461a-864b-2c27ad984728 (type: security_group_rules) to 0
2026-07-15 06:13:37.685 7 INFO neutron.db.ovn_revision_numbers_db [None req-6be2043a-a6b7-456e-8830-da9341b3cb3c 58804bac45094e37916ed1213aeb944e 0c4f5c0cc5424979ac9656932f16bcab - - default default] Successfully bumped revision number for resource 6cfc1d82-0bf1-4ac9-8a7b-fc92f4a9b9ba (type: ports) to 1
2026-07-15 06:13:37.730 7 WARNING neutron.scheduler.dhcp_agent_scheduler [None req-6be2043a-a6b7-456e-8830-da9341b3cb3c 58804bac45094e37916ed1213aeb944e 0c4f5c0cc5424979ac9656932f16bcab - - default default] No more DHCP agents
2026-07-15 06:13:37.735 7 WARNING neutron.api.rpc.agentnotifiers.dhcp_rpc_agent_api [None req-6be2043a-a6b7-456e-8830-da9341b3cb3c 58804bac45094e37916ed1213aeb944e 0c4f5c0cc5424979ac9656932f16bcab - - default default] Unable to schedule network 044c26a7-9c87-4537-8392-1304d6c4491e: no agents available; will retry on subsequent port and subnet creation events.
2026-07-15 06:13:37.783 8 INFO neutron.db.segments_db [None req-4bcd246d-88d3-4074-b664-78f60e29bc34 d439ef2a00bb4b7cbaf87e4feb03441c 4a8f7c1d9af94a41833931e8be4ab88a - - default default] Added segment c6d08b7b-b597-46c7-b1da-a2182fa41cad of type geneve for network 7b285f1f-4a29-44e3-8d13-3ec6cc800ae3
2026-07-15 06:13:37.828 7 INFO neutron.db.ovn_revision_numbers_db [None req-6be2043a-a6b7-456e-8830-da9341b3cb3c 58804bac45094e37916ed1213aeb944e 0c4f5c0cc5424979ac9656932f16bcab - - default default] Successfully bumped revision number for resource 9ed67240-9759-456b-9362-4638040c037f (type: ports) to 1 [pid: 7|app: 0|req: 478/1024] 10.0.0.235 () {34 vars in 664 bytes} [Wed Jul 15 06:13:37 2026] POST /v2.0/ports => generated 1505 bytes in 717 msecs (HTTP/1.1 201) 4 headers in 163 bytes (1 switches on core 0) /var/lib/openstack/lib/python3.12/site-packages/pycadf/identifier.py:70: UserWarning: Invalid uuid: neutron. To ensure interoperability, identifiers should be a valid uuid. warnings.warn(('Invalid uuid: %s. To ensure interoperability, ' [pid: 7|app: 0|req: 479/1025] 10.0.0.235 () {32 vars in 694 bytes} [Wed Jul 15 06:13:37 2026] GET /v2.0/extensions/dhcp_agent_scheduler => generated 187 bytes in 4 msecs (HTTP/1.1 200) 4 headers in 157 bytes (1 switches on core 0)
2026-07-15 06:13:38.039 7 INFO neutron.db.ovn_revision_numbers_db [None req-e586ef1a-7288-4d07-bcd6-d8c2301edf2b 65f66b0f55324f698cf4b4d93241e270 87cb9be546894e029d272619e3c3b793 - - default default] Successfully bumped revision number for resource cc9889de-d924-4a08-bad9-6cb2d3f48092 (type: security_groups) to 1
2026-07-15 06:13:38.050 8 INFO neutron.db.ovn_revision_numbers_db [None req-640640df-bf70-4624-8897-8bc1f23e8ffe - - - - - -] Successfully bumped revision number for resource d4346955-3fa0-496d-80b5-53e22794b88e (type: ports) to 2
2026-07-15 06:13:38.057 8 INFO neutron.db.ovn_revision_numbers_db [None req-bbcc5e00-5a0b-4394-933d-0fb5ff4718a4 - - - - - -] Successfully bumped revision number for resource f8015f88-f66e-4c6c-8ec5-d31825f2a46c (type: ports) to 5
2026-07-15 06:13:38.058 7 INFO neutron.db.ovn_revision_numbers_db [None req-e586ef1a-7288-4d07-bcd6-d8c2301edf2b 65f66b0f55324f698cf4b4d93241e270 87cb9be546894e029d272619e3c3b793 - - default default] Successfully bumped revision number for resource 22c10912-6fb8-4cda-acaa-2a6fdc8d9ca3 (type: security_group_rules) to 0
2026-07-15 06:13:38.079 7 INFO neutron.db.ovn_revision_numbers_db [None req-e586ef1a-7288-4d07-bcd6-d8c2301edf2b 65f66b0f55324f698cf4b4d93241e270 87cb9be546894e029d272619e3c3b793 - - default default] Successfully bumped revision number for resource 5bb2bab6-f880-4281-bea4-de93587d4f38 (type: security_group_rules) to 0 [pid: 7|app: 0|req: 480/1026] 10.0.0.235 () {34 vars in 684 bytes} [Wed Jul 15 06:13:37 2026] POST /v2.0/security-groups => generated 1660 bytes in 231 msecs (HTTP/1.1 201) 4 headers in 163 bytes (1 switches on core 0)
2026-07-15 06:13:38.135 8 INFO neutron.db.ovn_revision_numbers_db [None req-4bcd246d-88d3-4074-b664-78f60e29bc34 d439ef2a00bb4b7cbaf87e4feb03441c 4a8f7c1d9af94a41833931e8be4ab88a - - default default] Successfully bumped revision number for resource 7b285f1f-4a29-44e3-8d13-3ec6cc800ae3 (type: networks) to 1
2026-07-15 06:13:38.201 7 INFO neutron.plugins.ml2.drivers.ovn.mech_driver.mech_driver [None req-e6f047b7-c1dc-43a0-92cb-01e90556e4ba - - - - - -] OVN reports status down for port: 16c1454c-7602-4013-8e87-d90d83599117 [pid: 7|app: 0|req: 481/1027] 10.0.0.235 () {32 vars in 642 bytes} [Wed Jul 15 06:13:38 2026] GET /v2.0/ports => generated 3017 bytes in 120 msecs (HTTP/1.1 200) 4 headers in 158 bytes (1 switches on core 0) [pid: 7|app: 0|req: 482/1028] 10.0.0.235 () {32 vars in 684 bytes} [Wed Jul 15 06:13:38 2026] GET /v2.0/extensions/dns-integration => generated 172 bytes in 8 msecs (HTTP/1.1 200) 4 headers in 157 bytes (1 switches on core 0)
2026-07-15 06:13:38.319 7 INFO neutron.plugins.ml2.drivers.ovn.mech_driver.mech_driver [None req-e6f047b7-c1dc-43a0-92cb-01e90556e4ba - - - - - -] OVN reports status down for port: 6cfc1d82-0bf1-4ac9-8a7b-fc92f4a9b9ba
2026-07-15 06:13:38.445 8 WARNING neutron.scheduler.dhcp_agent_scheduler [None req-4bcd246d-88d3-4074-b664-78f60e29bc34 d439ef2a00bb4b7cbaf87e4feb03441c 4a8f7c1d9af94a41833931e8be4ab88a - - default default] No more DHCP agents
2026-07-15 06:13:38.447 8 WARNING neutron.api.rpc.agentnotifiers.dhcp_rpc_agent_api [None req-4bcd246d-88d3-4074-b664-78f60e29bc34 d439ef2a00bb4b7cbaf87e4feb03441c 4a8f7c1d9af94a41833931e8be4ab88a - - default default] Unable to schedule network 7b285f1f-4a29-44e3-8d13-3ec6cc800ae3: no agents available; will retry on subsequent port and subnet creation events.
2026-07-15 06:13:38.507 7 INFO neutron.db.ovn_revision_numbers_db [None req-64935ec5-0c24-46ce-8736-05c786c404d2 65f66b0f55324f698cf4b4d93241e270 87cb9be546894e029d272619e3c3b793 - - default default] Successfully bumped revision number for resource f6c0333b-abc2-4aab-a4ef-755900dce725 (type: security_group_rules) to 0
2026-07-15 06:13:38.523 8 INFO neutron.db.ovn_revision_numbers_db [None req-4bcd246d-88d3-4074-b664-78f60e29bc34 d439ef2a00bb4b7cbaf87e4feb03441c 4a8f7c1d9af94a41833931e8be4ab88a - - default default] Successfully bumped revision number for resource aebc06eb-41ab-4478-80dc-5ba650153796 (type: ports) to 1 [pid: 7|app: 0|req: 483/1029] 10.0.0.235 () {34 vars in 694 bytes} [Wed Jul 15 06:13:38 2026] POST /v2.0/security-group-rules => generated 597 bytes in 273 msecs (HTTP/1.1 201) 4 headers in 162 bytes (1 switches on core 0) [pid: 8|app: 0|req: 547/1030] 10.0.0.235 () {34 vars in 670 bytes} [Wed Jul 15 06:13:36 2026] POST /v2.0/networks => generated 785 bytes in 1835 msecs (HTTP/1.1 201) 4 headers in 162 bytes (1 switches on core 0) [pid: 8|app: 0|req: 548/1031] 10.0.0.235 () {32 vars in 686 bytes} [Wed Jul 15 06:13:38 2026] GET /v2.0/extensions/dns-domain-ports => generated 205 bytes in 5 msecs (HTTP/1.1 200) 4 headers in 157 bytes (1 switches on core 0)
2026-07-15 06:13:38.635 7 INFO neutron_taas.services.taas.taas_plugin [None req-49bd1761-d4fc-4088-b5a4-bfbde466c661 58804bac45094e37916ed1213aeb944e 0c4f5c0cc5424979ac9656932f16bcab - - default default] TaaS: Handle Delete Port: 6cfc1d82-0bf1-4ac9-8a7b-fc92f4a9b9ba
2026-07-15 06:13:38.651 7 INFO neutron_taas.services.taas.tap_mirror_plugin [None req-49bd1761-d4fc-4088-b5a4-bfbde466c661 58804bac45094e37916ed1213aeb944e 0c4f5c0cc5424979ac9656932f16bcab - - default default] Tap Mirror: Handle Delete Port: 6cfc1d82-0bf1-4ac9-8a7b-fc92f4a9b9ba
2026-07-15 06:13:38.696 8 INFO neutron.db.ovn_revision_numbers_db [None req-93033fed-f722-4784-a8fb-3d9e448e2c08 65f66b0f55324f698cf4b4d93241e270 87cb9be546894e029d272619e3c3b793 - - default default] Successfully bumped revision number for resource bcdc1d14-9422-4bb8-b518-a11700b60edd (type: security_group_rules) to 0 [pid: 7|app: 0|req: 484/1032] 10.0.0.235 () {32 vars in 719 bytes} [Wed Jul 15 06:13:38 2026] DELETE /v2.0/ports/6cfc1d82-0bf1-4ac9-8a7b-fc92f4a9b9ba => generated 0 bytes in 201 msecs (HTTP/1.1 204) 3 headers in 131 bytes (1 switches on core 0) [pid: 8|app: 0|req: 549/1033] 10.0.0.235 () {34 vars in 694 bytes} [Wed Jul 15 06:13:38 2026] POST /v2.0/security-group-rules => generated 602 bytes in 203 msecs (HTTP/1.1 201) 4 headers in 162 bytes (1 switches on core 0) [pid: 8|app: 0|req: 550/1034] 10.0.0.235 () {32 vars in 716 bytes} [Wed Jul 15 06:13:38 2026] GET /v2.0/extensions/dns-integration-domain-keywords => generated 283 bytes in 6 msecs (HTTP/1.1 200) 4 headers in 157 bytes (1 switches on core 0)
2026-07-15 06:13:38.867 7 WARNING neutron.scheduler.dhcp_agent_scheduler [None req-46a7f482-9f30-44de-9715-9ffc3106d185 d439ef2a00bb4b7cbaf87e4feb03441c 4a8f7c1d9af94a41833931e8be4ab88a - - default default] No more DHCP agents
2026-07-15 06:13:38.869 7 WARNING neutron.api.rpc.agentnotifiers.dhcp_rpc_agent_api [None req-46a7f482-9f30-44de-9715-9ffc3106d185 d439ef2a00bb4b7cbaf87e4feb03441c 4a8f7c1d9af94a41833931e8be4ab88a - - default default] Unable to schedule network 7b285f1f-4a29-44e3-8d13-3ec6cc800ae3: no agents available; will retry on subsequent port and subnet creation events.
2026-07-15 06:13:38.913 8 INFO neutron_taas.services.taas.taas_plugin [None req-77ab3fa7-3d85-470d-9730-f2fef2396e18 58804bac45094e37916ed1213aeb944e 0c4f5c0cc5424979ac9656932f16bcab - - default default] TaaS: Handle Delete Port: 9ed67240-9759-456b-9362-4638040c037f
2026-07-15 06:13:38.918 8 INFO neutron_taas.services.taas.tap_mirror_plugin [None req-77ab3fa7-3d85-470d-9730-f2fef2396e18 58804bac45094e37916ed1213aeb944e 0c4f5c0cc5424979ac9656932f16bcab - - default default] Tap Mirror: Handle Delete Port: 9ed67240-9759-456b-9362-4638040c037f [pid: 8|app: 0|req: 551/1035] 10.0.0.235 () {32 vars in 719 bytes} [Wed Jul 15 06:13:38 2026] DELETE /v2.0/ports/9ed67240-9759-456b-9362-4638040c037f => generated 0 bytes in 278 msecs (HTTP/1.1 204) 3 headers in 131 bytes (1 switches on core 0)
2026-07-15 06:13:39.304 8 WARNING neutron.scheduler.dhcp_agent_scheduler [None req-05683d0a-6741-4fa6-a276-0a0ed6e65cb7 65f66b0f55324f698cf4b4d93241e270 87cb9be546894e029d272619e3c3b793 - - default default] No more DHCP agents
2026-07-15 06:13:39.305 8 WARNING neutron.api.rpc.agentnotifiers.dhcp_rpc_agent_api [None req-05683d0a-6741-4fa6-a276-0a0ed6e65cb7 65f66b0f55324f698cf4b4d93241e270 87cb9be546894e029d272619e3c3b793 - - default default] Unable to schedule network 53c706b6-41a1-47e3-b31e-21d85fca48c3: no agents available; will retry on subsequent port and subnet creation events.
2026-07-15 06:13:39.391 7 INFO neutron.db.ovn_revision_numbers_db [None req-01fc769f-aa24-4749-a263-6fb800f3f572 - - - - - -] Successfully bumped revision number for resource aebc06eb-41ab-4478-80dc-5ba650153796 (type: ports) to 2
2026-07-15 06:13:39.418 7 INFO neutron.db.ovn_revision_numbers_db [None req-01fc769f-aa24-4749-a263-6fb800f3f572 - - - - - -] Successfully bumped revision number for resource 07a8d0d1-457d-4a14-a472-a0b107c90b8a (type: subnets) to 0 [pid: 7|app: 0|req: 485/1036] 10.0.0.235 () {34 vars in 668 bytes} [Wed Jul 15 06:13:38 2026] POST /v2.0/subnets => generated 691 bytes in 694 msecs (HTTP/1.1 201) 4 headers in 162 bytes (1 switches on core 0) [pid: 7|app: 0|req: 486/1037] 10.0.0.235 () {32 vars in 698 bytes} [Wed Jul 15 06:13:39 2026] GET /v2.0/extensions/empty-string-filtering => generated 219 bytes in 4 msecs (HTTP/1.1 200) 4 headers in 157 bytes (1 switches on core 0) [pid: 7|app: 0|req: 487/1038] 10.0.0.208 () {28 vars in 584 bytes} [Wed Jul 15 06:13:39 2026] GET /v2.0/networks => generated 5418 bytes in 103 msecs (HTTP/1.1 200) 4 headers in 158 bytes (1 switches on core 0) [pid: 7|app: 0|req: 488/1039] 10.0.0.235 () {32 vars in 642 bytes} [Wed Jul 15 06:13:39 2026] GET /v2.0/ports => generated 1523 bytes in 38 msecs (HTTP/1.1 200) 4 headers in 158 bytes (1 switches on core 0) [pid: 8|app: 0|req: 552/1040] 10.0.0.235 () {34 vars in 675 bytes} [Wed Jul 15 06:13:39 2026] POST /v2.0/floatingips => generated 552 bytes in 556 msecs (HTTP/1.1 201) 4 headers in 162 bytes (1 switches on core 0) [pid: 8|app: 0|req: 553/1041] 10.0.0.235 () {32 vars in 678 bytes} [Wed Jul 15 06:13:39 2026] GET /v2.0/extensions/external-net => generated 200 bytes in 4 msecs (HTTP/1.1 200) 4 headers in 157 bytes (1 switches on core 0) [pid: 8|app: 0|req: 554/1042] 10.0.0.208 () {28 vars in 598 bytes} [Wed Jul 15 06:13:39 2026] GET /v2.0/security-groups => generated 28978 bytes in 33 msecs (HTTP/1.1 200) 4 headers in 159 bytes (1 switches on core 0)
2026-07-15 06:13:39.703 8 INFO neutron.db.segments_db [None req-cb8eb3ae-c78a-40cd-bfbc-b146822ace36 58804bac45094e37916ed1213aeb944e 0c4f5c0cc5424979ac9656932f16bcab - - default default] Added segment c2272afe-e01d-4910-97fb-9c83a81f5759 of type geneve for network 41843709-d2b3-4aef-a221-3044b9ca71c4
2026-07-15 06:13:39.787 8 INFO neutron.db.ovn_revision_numbers_db [None req-cb8eb3ae-c78a-40cd-bfbc-b146822ace36 58804bac45094e37916ed1213aeb944e 0c4f5c0cc5424979ac9656932f16bcab - - default default] Successfully bumped revision number for resource 41843709-d2b3-4aef-a221-3044b9ca71c4 (type: networks) to 1
