2026-07-15 06:16:01.985 7 INFO neutron.services.segments.plugin [-] Client error retrieving segment 8a92dfa8-ba4a-417c-a6c5-5e846d1d315b resource provider; error: Placement Client Error (4xx): {"errors": [{"status": 404, "title": "Not Found", "detail": "The resource could not be found.\n\n No resource provider with uuid 8a92dfa8-ba4a-417c-a6c5-5e846d1d315b found for delete ", "request_id": "req-7a021a9a-a7c0-4303-8032-01dbba3f1ce9"}]} [pid: 7|app: 0|req: 1119/2171] 10.0.0.235 () {32 vars in 725 bytes} [Wed Jul 15 06:16:01 2026] DELETE /v2.0/networks/48138f40-5fbb-49dd-9fc4-2bfa221a3ab2 => generated 0 bytes in 343 msecs (HTTP/1.1 204) 3 headers in 131 bytes (1 switches on core 0) [pid: 7|app: 0|req: 1120/2172] 10.0.0.235 () {32 vars in 757 bytes} [Wed Jul 15 06:16:02 2026] DELETE /v2.0/security-groups/5d1d2e81-b6aa-4d0d-b707-cf25c8ce904f/tags/red => generated 0 bytes in 52 msecs (HTTP/1.1 204) 2 headers in 112 bytes (1 switches on core 0) [pid: 8|app: 0|req: 1053/2173] 10.0.0.235 () {32 vars in 739 bytes} [Wed Jul 15 06:16:01 2026] DELETE /v2.0/security-groups/55a038c1-1b53-4320-8eb5-8c863f48b3a0 => generated 0 bytes in 264 msecs (HTTP/1.1 204) 2 headers in 112 bytes (1 switches on core 0) [pid: 8|app: 0|req: 1054/2174] 10.0.0.235 () {32 vars in 746 bytes} [Wed Jul 15 06:16:02 2026] GET /v2.0/security-groups/5d1d2e81-b6aa-4d0d-b707-cf25c8ce904f/tags => generated 30 bytes in 38 msecs (HTTP/1.1 200) 4 headers in 156 bytes (1 switches on core 0)
2026-07-15 06:16:02.199 7 INFO neutron_taas.services.taas.taas_plugin [None req-8e53c2c1-49fa-440a-ba7e-685148c7852d ac4afdc43e74496f9d58bdd6a44813fd d2f2f333e2e2483bb7e75f331680939c - - default default] TaaS: Handle Delete Port: e2e99878-8ba8-4eb5-9c92-17d7b02cb5de
2026-07-15 06:16:02.202 7 INFO neutron_taas.services.taas.tap_mirror_plugin [None req-8e53c2c1-49fa-440a-ba7e-685148c7852d ac4afdc43e74496f9d58bdd6a44813fd d2f2f333e2e2483bb7e75f331680939c - - default default] Tap Mirror: Handle Delete Port: e2e99878-8ba8-4eb5-9c92-17d7b02cb5de
2026-07-15 06:16:02.214 8 INFO neutron.api.v2.resource [None req-97ed3c3b-de1e-45c6-a095-54c470c2c424 26808f10cb01433fb4f1e4b87ca28250 86255cacedea4ccab26bfe144f6ae236 - - default default] delete failed (client error): The resource could not be found. [pid: 8|app: 0|req: 1055/2175] 10.0.0.235 () {32 vars in 761 bytes} [Wed Jul 15 06:16:02 2026] DELETE /v2.0/security-groups/5d1d2e81-b6aa-4d0d-b707-cf25c8ce904f/tags/green => generated 99 bytes in 43 msecs (HTTP/1.1 404) 4 headers in 163 bytes (1 switches on core 0) [pid: 8|app: 0|req: 1056/2176] 10.0.0.235 () {32 vars in 749 bytes} [Wed Jul 15 06:16:02 2026] DELETE /v2.0/security-groups/5d1d2e81-b6aa-4d0d-b707-cf25c8ce904f/tags => generated 0 bytes in 66 msecs (HTTP/1.1 204) 2 headers in 112 bytes (1 switches on core 0) [pid: 8|app: 0|req: 1057/2177] 10.0.0.235 () {32 vars in 746 bytes} [Wed Jul 15 06:16:02 2026] GET /v2.0/security-groups/5d1d2e81-b6aa-4d0d-b707-cf25c8ce904f/tags => generated 12 bytes in 58 msecs (HTTP/1.1 200) 4 headers in 156 bytes (1 switches on core 0) [pid: 7|app: 0|req: 1121/2178] 10.0.0.235 () {32 vars in 725 bytes} [Wed Jul 15 06:16:02 2026] DELETE /v2.0/networks/147afdfe-f021-4ece-a010-0a52c0c09b6c => generated 0 bytes in 362 msecs (HTTP/1.1 204) 3 headers in 131 bytes (1 switches on core 0) [pid: 8|app: 0|req: 1058/2179] 10.0.0.235 () {32 vars in 739 bytes} [Wed Jul 15 06:16:02 2026] DELETE /v2.0/security-groups/5d1d2e81-b6aa-4d0d-b707-cf25c8ce904f => generated 0 bytes in 126 msecs (HTTP/1.1 204) 2 headers in 112 bytes (1 switches on core 0)
2026-07-15 06:16:02.536 7 INFO neutron.db.segments_db [None req-1f60e674-e020-429f-a7e3-860823c77c28 ac4afdc43e74496f9d58bdd6a44813fd d2f2f333e2e2483bb7e75f331680939c - - default default] Added segment 06a9f99a-bb9e-4e39-a50d-1fd7b28ecd87 of type geneve for network 47cdd569-cdc4-442e-869d-33f4234a0787
2026-07-15 06:16:02.647 7 INFO neutron.db.ovn_revision_numbers_db [None req-1f60e674-e020-429f-a7e3-860823c77c28 ac4afdc43e74496f9d58bdd6a44813fd d2f2f333e2e2483bb7e75f331680939c - - default default] Successfully bumped revision number for resource 47cdd569-cdc4-442e-869d-33f4234a0787 (type: networks) to 1
2026-07-15 06:16:02.806 7 WARNING neutron.scheduler.dhcp_agent_scheduler [None req-1f60e674-e020-429f-a7e3-860823c77c28 ac4afdc43e74496f9d58bdd6a44813fd d2f2f333e2e2483bb7e75f331680939c - - default default] No more DHCP agents
2026-07-15 06:16:02.807 7 WARNING neutron.api.rpc.agentnotifiers.dhcp_rpc_agent_api [None req-1f60e674-e020-429f-a7e3-860823c77c28 ac4afdc43e74496f9d58bdd6a44813fd d2f2f333e2e2483bb7e75f331680939c - - default default] Unable to schedule network 47cdd569-cdc4-442e-869d-33f4234a0787: no agents available; will retry on subsequent port and subnet creation events.
2026-07-15 06:16:02.880 7 INFO neutron.db.ovn_revision_numbers_db [None req-1f60e674-e020-429f-a7e3-860823c77c28 ac4afdc43e74496f9d58bdd6a44813fd d2f2f333e2e2483bb7e75f331680939c - - default default] Successfully bumped revision number for resource 75e6ba12-228c-4acf-8706-4565e833aa0f (type: ports) to 1 [pid: 7|app: 0|req: 1122/2180] 10.0.0.235 () {34 vars in 669 bytes} [Wed Jul 15 06:16:02 2026] POST /v2.0/networks => generated 666 bytes in 464 msecs (HTTP/1.1 201) 4 headers in 162 bytes (1 switches on core 0)
2026-07-15 06:16:03.131 8 WARNING neutron.scheduler.dhcp_agent_scheduler [None req-fc98418f-f9bd-44ed-908d-c4551f225b89 ac4afdc43e74496f9d58bdd6a44813fd d2f2f333e2e2483bb7e75f331680939c - - default default] No more DHCP agents
2026-07-15 06:16:03.132 8 WARNING neutron.api.rpc.agentnotifiers.dhcp_rpc_agent_api [None req-fc98418f-f9bd-44ed-908d-c4551f225b89 ac4afdc43e74496f9d58bdd6a44813fd d2f2f333e2e2483bb7e75f331680939c - - default default] Unable to schedule network 47cdd569-cdc4-442e-869d-33f4234a0787: no agents available; will retry on subsequent port and subnet creation events. [pid: 7|app: 0|req: 1123/2181] 10.0.0.235 () {32 vars in 773 bytes} [Wed Jul 15 06:16:03 2026] GET /v2.0/security-groups?tenant_id=86255cacedea4ccab26bfe144f6ae236&name=default => generated 2925 bytes in 340 msecs (HTTP/1.1 200) 4 headers in 158 bytes (1 switches on core 0)
2026-07-15 06:16:03.516 8 WARNING neutron.plugins.ml2.drivers.ovn.mech_driver.ovsdb.ovn_client [None req-911f1ab8-4ea4-4495-8b9b-c50804f05c59 - - - - - -] No port found with ID e5f57906-2a0e-4fc4-a692-f7924e9fdb1e: RuntimeError: No port found with ID e5f57906-2a0e-4fc4-a692-f7924e9fdb1e
2026-07-15 06:16:03.576 8 INFO neutron.plugins.ml2.drivers.ovn.mech_driver.mech_driver [None req-911f1ab8-4ea4-4495-8b9b-c50804f05c59 - - - - - -] OVN reports status down for port: 75e6ba12-228c-4acf-8706-4565e833aa0f [pid: 7|app: 0|req: 1124/2182] 10.0.0.235 () {32 vars in 739 bytes} [Wed Jul 15 06:16:03 2026] DELETE /v2.0/security-groups/796947d4-f1fc-4233-9bc1-72d580d64e43 => generated 0 bytes in 236 msecs (HTTP/1.1 204) 2 headers in 112 bytes (1 switches on core 0)
2026-07-15 06:16:03.763 8 INFO neutron.db.ovn_revision_numbers_db [None req-8ab77bd6-87f8-4c58-8207-2c2ae3f0130b - - - - - -] Successfully bumped revision number for resource 75e6ba12-228c-4acf-8706-4565e833aa0f (type: ports) to 2
2026-07-15 06:16:03.796 8 INFO neutron.db.ovn_revision_numbers_db [None req-8ab77bd6-87f8-4c58-8207-2c2ae3f0130b - - - - - -] Successfully bumped revision number for resource d98fca9b-eda0-4b1a-9cc5-04769cae3dbd (type: subnets) to 0 [pid: 8|app: 0|req: 1059/2183] 10.0.0.235 () {34 vars in 668 bytes} [Wed Jul 15 06:16:02 2026] POST /v2.0/subnets => generated 626 bytes in 903 msecs (HTTP/1.1 201) 4 headers in 162 bytes (1 switches on core 0)
2026-07-15 06:16:03.913 7 INFO neutron.db.ovn_revision_numbers_db [None req-3d640cf6-7d20-4f71-9fd5-d6dd85f5540f d439ef2a00bb4b7cbaf87e4feb03441c 4a8f7c1d9af94a41833931e8be4ab88a - - default default] Successfully bumped revision number for resource 2bc330ab-d21e-4a1b-868b-1d7b319f72b9 (type: security_groups) to 1
2026-07-15 06:16:03.925 7 INFO neutron.db.ovn_revision_numbers_db [None req-3d640cf6-7d20-4f71-9fd5-d6dd85f5540f d439ef2a00bb4b7cbaf87e4feb03441c 4a8f7c1d9af94a41833931e8be4ab88a - - default default] Successfully bumped revision number for resource 1c697f86-8e5a-4e40-8e4a-d353a9949f34 (type: security_group_rules) to 0
2026-07-15 06:16:03.936 8 INFO neutron.db.ovn_revision_numbers_db [None req-779a6901-e253-4c2f-93aa-5921ef10da76 ac4afdc43e74496f9d58bdd6a44813fd d2f2f333e2e2483bb7e75f331680939c - - default default] Successfully bumped revision number for resource 6e6c9586-b494-4451-9000-94fece215a02 (type: routers) to 1
2026-07-15 06:16:03.938 7 INFO neutron.db.ovn_revision_numbers_db [None req-3d640cf6-7d20-4f71-9fd5-d6dd85f5540f d439ef2a00bb4b7cbaf87e4feb03441c 4a8f7c1d9af94a41833931e8be4ab88a - - default default] Successfully bumped revision number for resource 52d31f1a-9575-4e3b-9a3c-259f0b0fcaf3 (type: security_group_rules) to 0
2026-07-15 06:16:03.950 7 INFO neutron.db.ovn_revision_numbers_db [None req-3d640cf6-7d20-4f71-9fd5-d6dd85f5540f d439ef2a00bb4b7cbaf87e4feb03441c 4a8f7c1d9af94a41833931e8be4ab88a - - default default] Successfully bumped revision number for resource a099e33b-881a-48ab-8b24-78d8412756a9 (type: security_group_rules) to 0 [pid: 8|app: 0|req: 1060/2184] 10.0.0.235 () {34 vars in 668 bytes} [Wed Jul 15 06:16:03 2026] POST /v2.0/routers => generated 603 bytes in 143 msecs (HTTP/1.1 201) 4 headers in 162 bytes (1 switches on core 0)
2026-07-15 06:16:03.964 7 INFO neutron.db.ovn_revision_numbers_db [None req-3d640cf6-7d20-4f71-9fd5-d6dd85f5540f d439ef2a00bb4b7cbaf87e4feb03441c 4a8f7c1d9af94a41833931e8be4ab88a - - default default] Successfully bumped revision number for resource f243cf5a-55f1-4c4c-893c-c52f8b73c887 (type: security_group_rules) to 0
2026-07-15 06:16:03.994 7 INFO neutron.services.segments.plugin [-] Segment 714df217-8dee-4a21-9c39-8e64152e002a resource provider aggregate not found
2026-07-15 06:16:04.009 7 INFO neutron.services.segments.plugin [-] Segment 714df217-8dee-4a21-9c39-8e64152e002a resource provider aggregate not found
2026-07-15 06:16:04.036 7 INFO neutron.services.segments.plugin [-] Client error retrieving segment 714df217-8dee-4a21-9c39-8e64152e002a resource provider; error: Placement Client Error (4xx): {"errors": [{"status": 404, "title": "Not Found", "detail": "The resource could not be found.\n\n No resource provider with uuid 714df217-8dee-4a21-9c39-8e64152e002a found for delete ", "request_id": "req-1da6f500-bc17-4c9e-bd0a-9e4244a315d3"}]}
2026-07-15 06:16:04.040 7 INFO neutron.services.segments.plugin [-] Client error retrieving segment 714df217-8dee-4a21-9c39-8e64152e002a resource provider; error: Placement Client Error (4xx): {"errors": [{"status": 404, "title": "Not Found", "detail": "The resource could not be found.\n\n No resource provider with uuid 714df217-8dee-4a21-9c39-8e64152e002a found for delete ", "request_id": "req-35ae4e30-2fa2-433e-9c44-5e368af4e7f6"}]} [pid: 7|app: 0|req: 1125/2185] 10.0.0.235 () {32 vars in 773 bytes} [Wed Jul 15 06:16:03 2026] GET /v2.0/security-groups?tenant_id=2af4adb05fcd4b01b169584881668214&name=default => generated 2925 bytes in 246 msecs (HTTP/1.1 200) 4 headers in 158 bytes (1 switches on core 0) [pid: 7|app: 0|req: 1126/2186] 10.0.0.235 () {32 vars in 739 bytes} [Wed Jul 15 06:16:04 2026] DELETE /v2.0/security-groups/2bc330ab-d21e-4a1b-868b-1d7b319f72b9 => generated 0 bytes in 257 msecs (HTTP/1.1 204) 2 headers in 112 bytes (1 switches on core 0)
2026-07-15 06:16:04.307 8 WARNING neutron.scheduler.dhcp_agent_scheduler [None req-4761f84b-c285-49bc-8227-0e720e392cb5 ac4afdc43e74496f9d58bdd6a44813fd d2f2f333e2e2483bb7e75f331680939c - - default default] No more DHCP agents
2026-07-15 06:16:04.308 8 WARNING neutron.api.rpc.agentnotifiers.dhcp_rpc_agent_api [None req-4761f84b-c285-49bc-8227-0e720e392cb5 ac4afdc43e74496f9d58bdd6a44813fd d2f2f333e2e2483bb7e75f331680939c - - default default] Unable to schedule network 47cdd569-cdc4-442e-869d-33f4234a0787: no agents available; will retry on subsequent port and subnet creation events.
2026-07-15 06:16:04.435 7 INFO neutron.plugins.ml2.drivers.ovn.mech_driver.mech_driver [None req-35015adb-13fa-409d-8582-b8ba979f073d - - - - - -] OVN reports status down for port: 3b19703b-51fb-4bfa-93eb-24ebd4b0251a
2026-07-15 06:16:04.475 8 INFO neutron.db.ovn_revision_numbers_db [None req-4761f84b-c285-49bc-8227-0e720e392cb5 ac4afdc43e74496f9d58bdd6a44813fd d2f2f333e2e2483bb7e75f331680939c - - default default] Successfully bumped revision number for resource 3b19703b-51fb-4bfa-93eb-24ebd4b0251a (type: ports) to 1 [pid: 8|app: 0|req: 1061/2187] 10.0.0.235 () {34 vars in 664 bytes} [Wed Jul 15 06:16:03 2026] POST /v2.0/ports => generated 947 bytes in 536 msecs (HTTP/1.1 201) 4 headers in 162 bytes (1 switches on core 0)
2026-07-15 06:16:05.113 7 INFO neutron.plugins.ml2.drivers.ovn.mech_driver.mech_driver [None req-35015adb-13fa-409d-8582-b8ba979f073d - - - - - -] OVN reports status up for port: 3b19703b-51fb-4bfa-93eb-24ebd4b0251a
2026-07-15 06:16:05.133 7 INFO neutron.plugins.ml2.plugin [None req-35015adb-13fa-409d-8582-b8ba979f073d - - - - - -] Attempt 1 to provision port 3b19703b-51fb-4bfa-93eb-24ebd4b0251a
2026-07-15 06:16:05.167 7 INFO neutron.db.ovn_revision_numbers_db [None req-93db8799-917b-41d3-89dc-6bd244103156 ac4afdc43e74496f9d58bdd6a44813fd d2f2f333e2e2483bb7e75f331680939c - - default default] Successfully bumped revision number for resource 3b19703b-51fb-4bfa-93eb-24ebd4b0251a (type: ports) to 2
2026-07-15 06:16:05.647 7 INFO neutron.db.ovn_revision_numbers_db [None req-35015adb-13fa-409d-8582-b8ba979f073d - - - - - -] Successfully bumped revision number for resource 3b19703b-51fb-4bfa-93eb-24ebd4b0251a (type: ports) to 3 /var/lib/openstack/lib/python3.12/site-packages/pycadf/identifier.py:70: UserWarning: Invalid uuid: neutron. To ensure interoperability, identifiers should be a valid uuid. warnings.warn(('Invalid uuid: %s. To ensure interoperability, '
2026-07-15 06:16:05.815 8 INFO neutron.db.ovn_revision_numbers_db [None req-600a77ee-4976-4056-82d3-24cd5b0ca6fe d439ef2a00bb4b7cbaf87e4feb03441c 4a8f7c1d9af94a41833931e8be4ab88a - - default default] Successfully bumped revision number for resource 77641bdc-95a0-468f-9d39-d8ba67217391 (type: security_groups) to 1
2026-07-15 06:16:05.826 8 INFO neutron.db.ovn_revision_numbers_db [None req-600a77ee-4976-4056-82d3-24cd5b0ca6fe d439ef2a00bb4b7cbaf87e4feb03441c 4a8f7c1d9af94a41833931e8be4ab88a - - default default] Successfully bumped revision number for resource 1298d65c-1775-4e7b-800c-9aec2e81f945 (type: security_group_rules) to 0
2026-07-15 06:16:05.837 8 INFO neutron.db.ovn_revision_numbers_db [None req-600a77ee-4976-4056-82d3-24cd5b0ca6fe d439ef2a00bb4b7cbaf87e4feb03441c 4a8f7c1d9af94a41833931e8be4ab88a - - default default] Successfully bumped revision number for resource 682866e9-d999-4731-9137-412eae43e518 (type: security_group_rules) to 0
2026-07-15 06:16:05.853 8 INFO neutron.db.ovn_revision_numbers_db [None req-600a77ee-4976-4056-82d3-24cd5b0ca6fe d439ef2a00bb4b7cbaf87e4feb03441c 4a8f7c1d9af94a41833931e8be4ab88a - - default default] Successfully bumped revision number for resource f0ddb941-4063-4155-bdd4-fd32b296e209 (type: security_group_rules) to 0
2026-07-15 06:16:05.868 8 INFO neutron.db.ovn_revision_numbers_db [None req-600a77ee-4976-4056-82d3-24cd5b0ca6fe d439ef2a00bb4b7cbaf87e4feb03441c 4a8f7c1d9af94a41833931e8be4ab88a - - default default] Successfully bumped revision number for resource f81a9174-fbb8-4514-9242-f0f0cf99109d (type: security_group_rules) to 0 [pid: 8|app: 0|req: 1062/2188] 10.0.0.235 () {32 vars in 773 bytes} [Wed Jul 15 06:16:05 2026] GET /v2.0/security-groups?tenant_id=395eb12456234e939383eea729184517&name=default => generated 2925 bytes in 293 msecs (HTTP/1.1 200) 4 headers in 158 bytes (1 switches on core 0)
2026-07-15 06:16:06.057 7 WARNING neutron.scheduler.dhcp_agent_scheduler [None req-93db8799-917b-41d3-89dc-6bd244103156 ac4afdc43e74496f9d58bdd6a44813fd d2f2f333e2e2483bb7e75f331680939c - - default default] No more DHCP agents
2026-07-15 06:16:06.059 7 WARNING neutron.api.rpc.agentnotifiers.dhcp_rpc_agent_api [None req-93db8799-917b-41d3-89dc-6bd244103156 ac4afdc43e74496f9d58bdd6a44813fd d2f2f333e2e2483bb7e75f331680939c - - default default] Unable to schedule network 47cdd569-cdc4-442e-869d-33f4234a0787: no agents available; will retry on subsequent port and subnet creation events.
2026-07-15 06:16:06.121 8 INFO neutron.db.ovn_revision_numbers_db [None req-08b62e31-7369-40fd-8214-f060bdf06ac3 025349c75805416b9ebb6dec5a34d845 15a4d5797f1d48769f8aa7b53180f287 - - default default] Successfully bumped revision number for resource 6c6add0d-05e1-4b74-9707-8f73a2e07a3c (type: security_groups) to 1
2026-07-15 06:16:06.135 8 INFO neutron.db.ovn_revision_numbers_db [None req-08b62e31-7369-40fd-8214-f060bdf06ac3 025349c75805416b9ebb6dec5a34d845 15a4d5797f1d48769f8aa7b53180f287 - - default default] Successfully bumped revision number for resource 568e186f-7991-4103-b215-a7d7e1d88bed (type: security_group_rules) to 0
2026-07-15 06:16:06.147 8 INFO neutron.db.ovn_revision_numbers_db [None req-08b62e31-7369-40fd-8214-f060bdf06ac3 025349c75805416b9ebb6dec5a34d845 15a4d5797f1d48769f8aa7b53180f287 - - default default] Successfully bumped revision number for resource 81b6cd0d-1afd-4510-b8c7-3da4b9923ee5 (type: security_group_rules) to 0
2026-07-15 06:16:06.159 8 INFO neutron.db.ovn_revision_numbers_db [None req-08b62e31-7369-40fd-8214-f060bdf06ac3 025349c75805416b9ebb6dec5a34d845 15a4d5797f1d48769f8aa7b53180f287 - - default default] Successfully bumped revision number for resource a414fca6-5b82-4789-b922-1e109dcfb21c (type: security_group_rules) to 0
2026-07-15 06:16:06.170 8 INFO neutron.db.ovn_revision_numbers_db [None req-08b62e31-7369-40fd-8214-f060bdf06ac3 025349c75805416b9ebb6dec5a34d845 15a4d5797f1d48769f8aa7b53180f287 - - default default] Successfully bumped revision number for resource b00271ef-d8bd-4440-8f6d-ce070df2439e (type: security_group_rules) to 0
2026-07-15 06:16:06.248 8 INFO neutron.db.segments_db [None req-08b62e31-7369-40fd-8214-f060bdf06ac3 025349c75805416b9ebb6dec5a34d845 15a4d5797f1d48769f8aa7b53180f287 - - default default] Added segment e28e4201-edf2-4f28-9e8e-e5164a636079 of type geneve for network 2c3eca25-e7c3-4113-b8e8-571aa70864ac
2026-07-15 06:16:06.293 7 INFO neutron.db.ovn_revision_numbers_db [None req-93db8799-917b-41d3-89dc-6bd244103156 ac4afdc43e74496f9d58bdd6a44813fd d2f2f333e2e2483bb7e75f331680939c - - default default] Successfully bumped revision number for resource 3b19703b-51fb-4bfa-93eb-24ebd4b0251a (type: router_ports) to 3 [pid: 7|app: 0|req: 1127/2189] 10.0.0.235 () {34 vars in 782 bytes} [Wed Jul 15 06:16:04 2026] PUT /v2.0/routers/6e6c9586-b494-4451-9000-94fece215a02/add_router_interface => generated 309 bytes in 1793 msecs (HTTP/1.1 200) 4 headers in 157 bytes (1 switches on core 0) /var/lib/openstack/lib/python3.12/site-packages/pycadf/identifier.py:70: UserWarning: Invalid uuid: neutron. To ensure interoperability, identifiers should be a valid uuid. warnings.warn(('Invalid uuid: %s. To ensure interoperability, '
2026-07-15 06:16:06.355 8 INFO neutron.db.ovn_revision_numbers_db [None req-08b62e31-7369-40fd-8214-f060bdf06ac3 025349c75805416b9ebb6dec5a34d845 15a4d5797f1d48769f8aa7b53180f287 - - default default] Successfully bumped revision number for resource 2c3eca25-e7c3-4113-b8e8-571aa70864ac (type: networks) to 1 [pid: 7|app: 0|req: 1128/2190] 10.0.0.235 () {32 vars in 739 bytes} [Wed Jul 15 06:16:06 2026] DELETE /v2.0/security-groups/77641bdc-95a0-468f-9d39-d8ba67217391 => generated 0 bytes in 192 msecs (HTTP/1.1 204) 2 headers in 112 bytes (1 switches on core 0)
2026-07-15 06:16:06.536 8 WARNING neutron.scheduler.dhcp_agent_scheduler [None req-08b62e31-7369-40fd-8214-f060bdf06ac3 025349c75805416b9ebb6dec5a34d845 15a4d5797f1d48769f8aa7b53180f287 - - default default] No more DHCP agents
2026-07-15 06:16:06.538 8 WARNING neutron.api.rpc.agentnotifiers.dhcp_rpc_agent_api [None req-08b62e31-7369-40fd-8214-f060bdf06ac3 025349c75805416b9ebb6dec5a34d845 15a4d5797f1d48769f8aa7b53180f287 - - default default] Unable to schedule network 2c3eca25-e7c3-4113-b8e8-571aa70864ac: no agents available; will retry on subsequent port and subnet creation events. [pid: 7|app: 0|req: 1129/2191] 10.0.0.235 () {32 vars in 716 bytes} [Wed Jul 15 06:16:06 2026] GET /v2.0/ports/3b19703b-51fb-4bfa-93eb-24ebd4b0251a => generated 1009 bytes in 68 msecs (HTTP/1.1 200) 4 headers in 158 bytes (1 switches on core 0)
2026-07-15 06:16:06.596 8 INFO neutron.plugins.ml2.drivers.ovn.mech_driver.mech_driver [None req-911f1ab8-4ea4-4495-8b9b-c50804f05c59 - - - - - -] OVN reports status down for port: a79cb235-b1cd-4c12-b7b2-61d11603ce11
2026-07-15 06:16:06.647 8 INFO neutron.db.ovn_revision_numbers_db [None req-08b62e31-7369-40fd-8214-f060bdf06ac3 025349c75805416b9ebb6dec5a34d845 15a4d5797f1d48769f8aa7b53180f287 - - default default] Successfully bumped revision number for resource a79cb235-b1cd-4c12-b7b2-61d11603ce11 (type: ports) to 1 [pid: 8|app: 0|req: 1063/2192] 10.0.0.235 () {34 vars in 669 bytes} [Wed Jul 15 06:16:05 2026] POST /v2.0/networks => generated 670 bytes in 789 msecs (HTTP/1.1 201) 4 headers in 162 bytes (1 switches on core 0)
2026-07-15 06:16:06.812 7 INFO neutron_taas.services.taas.taas_plugin [None req-ce843b2d-0d4b-446d-8151-9988de63b1ca ac4afdc43e74496f9d58bdd6a44813fd d2f2f333e2e2483bb7e75f331680939c - - default default] TaaS: Handle Delete Port: 3b19703b-51fb-4bfa-93eb-24ebd4b0251a
2026-07-15 06:16:06.816 7 INFO neutron_taas.services.taas.tap_mirror_plugin [None req-ce843b2d-0d4b-446d-8151-9988de63b1ca ac4afdc43e74496f9d58bdd6a44813fd d2f2f333e2e2483bb7e75f331680939c - - default default] Tap Mirror: Handle Delete Port: 3b19703b-51fb-4bfa-93eb-24ebd4b0251a
2026-07-15 06:16:06.865 8 WARNING neutron.scheduler.dhcp_agent_scheduler [None req-b9149d00-ee31-491e-ac18-5990240b23be 025349c75805416b9ebb6dec5a34d845 15a4d5797f1d48769f8aa7b53180f287 - - default default] No more DHCP agents
2026-07-15 06:16:06.867 8 WARNING neutron.api.rpc.agentnotifiers.dhcp_rpc_agent_api [None req-b9149d00-ee31-491e-ac18-5990240b23be 025349c75805416b9ebb6dec5a34d845 15a4d5797f1d48769f8aa7b53180f287 - - default default] Unable to schedule network 2c3eca25-e7c3-4113-b8e8-571aa70864ac: no agents available; will retry on subsequent port and subnet creation events. [pid: 7|app: 0|req: 1130/2193] 10.0.0.235 () {34 vars in 788 bytes} [Wed Jul 15 06:16:06 2026] PUT /v2.0/routers/6e6c9586-b494-4451-9000-94fece215a02/remove_router_interface => generated 309 bytes in 603 msecs (HTTP/1.1 200) 4 headers in 157 bytes (1 switches on core 0) /var/lib/openstack/lib/python3.12/site-packages/pycadf/identifier.py:70: UserWarning: Invalid uuid: neutron. To ensure interoperability, identifiers should be a valid uuid. warnings.warn(('Invalid uuid: %s. To ensure interoperability, '
2026-07-15 06:16:07.236 7 INFO neutron.api.v2.resource [None req-5eb1e30e-d64a-40fa-98d7-edc1e286d14a ac4afdc43e74496f9d58bdd6a44813fd d2f2f333e2e2483bb7e75f331680939c - - default default] remove_router_interface failed (client error): The resource could not be found. [pid: 7|app: 0|req: 1131/2194] 10.0.0.235 () {34 vars in 788 bytes} [Wed Jul 15 06:16:07 2026] PUT /v2.0/routers/6e6c9586-b494-4451-9000-94fece215a02/remove_router_interface => generated 197 bytes in 62 msecs (HTTP/1.1 404) 4 headers in 164 bytes (1 switches on core 0) [pid: 7|app: 0|req: 1132/2195] 10.0.0.235 () {32 vars in 735 bytes} [Wed Jul 15 06:16:07 2026] GET /v2.0/ports?device_id=6e6c9586-b494-4451-9000-94fece215a02 => generated 12 bytes in 29 msecs (HTTP/1.1 200) 4 headers in 156 bytes (1 switches on core 0)
2026-07-15 06:16:07.319 8 INFO neutron.db.ovn_revision_numbers_db [None req-8ad2707e-ea57-45d5-a494-3079878d8024 - - - - - -] Successfully bumped revision number for resource a79cb235-b1cd-4c12-b7b2-61d11603ce11 (type: ports) to 2
2026-07-15 06:16:07.355 8 INFO neutron.db.ovn_revision_numbers_db [None req-8ad2707e-ea57-45d5-a494-3079878d8024 - - - - - -] Successfully bumped revision number for resource a2964063-55f5-4cc3-aa57-694447163d26 (type: subnets) to 0 [pid: 8|app: 0|req: 1064/2196] 10.0.0.235 () {34 vars in 668 bytes} [Wed Jul 15 06:16:06 2026] POST /v2.0/subnets => generated 626 bytes in 671 msecs (HTTP/1.1 201) 4 headers in 162 bytes (1 switches on core 0)
2026-07-15 06:16:07.447 8 INFO neutron.db.segments_db [None req-16e9a81b-f6ee-461f-9e8e-3777394df9fc 025349c75805416b9ebb6dec5a34d845 15a4d5797f1d48769f8aa7b53180f287 - - default default] Added segment 21155209-5fb8-40b3-af85-5fd91c7b5b07 of type geneve for network c2f7f2c1-38e1-43aa-a30b-0c5e563b1301 [pid: 7|app: 0|req: 1133/2197] 10.0.0.235 () {32 vars in 723 bytes} [Wed Jul 15 06:16:07 2026] DELETE /v2.0/routers/6e6c9586-b494-4451-9000-94fece215a02 => generated 0 bytes in 177 msecs (HTTP/1.1 204) 2 headers in 112 bytes (1 switches on core 0)
2026-07-15 06:16:07.550 8 INFO neutron.db.ovn_revision_numbers_db [None req-16e9a81b-f6ee-461f-9e8e-3777394df9fc 025349c75805416b9ebb6dec5a34d845 15a4d5797f1d48769f8aa7b53180f287 - - default default] Successfully bumped revision number for resource c2f7f2c1-38e1-43aa-a30b-0c5e563b1301 (type: networks) to 1 [pid: 7|app: 0|req: 1134/2198] 10.0.0.235 () {32 vars in 723 bytes} [Wed Jul 15 06:16:07 2026] DELETE /v2.0/subnets/d98fca9b-eda0-4b1a-9cc5-04769cae3dbd => generated 0 bytes in 155 msecs (HTTP/1.1 204) 3 headers in 131 bytes (1 switches on core 0)
2026-07-15 06:16:07.707 8 WARNING neutron.scheduler.dhcp_agent_scheduler [None req-16e9a81b-f6ee-461f-9e8e-3777394df9fc 025349c75805416b9ebb6dec5a34d845 15a4d5797f1d48769f8aa7b53180f287 - - default default] No more DHCP agents
2026-07-15 06:16:07.708 8 WARNING neutron.api.rpc.agentnotifiers.dhcp_rpc_agent_api [None req-16e9a81b-f6ee-461f-9e8e-3777394df9fc 025349c75805416b9ebb6dec5a34d845 15a4d5797f1d48769f8aa7b53180f287 - - default default] Unable to schedule network c2f7f2c1-38e1-43aa-a30b-0c5e563b1301: no agents available; will retry on subsequent port and subnet creation events.
2026-07-15 06:16:07.713 7 INFO neutron_taas.services.taas.taas_plugin [None req-10578be2-72f5-48f0-9ba6-16d87edbde97 ac4afdc43e74496f9d58bdd6a44813fd d2f2f333e2e2483bb7e75f331680939c - - default default] TaaS: Handle Delete Port: 75e6ba12-228c-4acf-8706-4565e833aa0f
2026-07-15 06:16:07.716 7 INFO neutron_taas.services.taas.tap_mirror_plugin [None req-10578be2-72f5-48f0-9ba6-16d87edbde97 ac4afdc43e74496f9d58bdd6a44813fd d2f2f333e2e2483bb7e75f331680939c - - default default] Tap Mirror: Handle Delete Port: 75e6ba12-228c-4acf-8706-4565e833aa0f
2026-07-15 06:16:07.758 8 INFO neutron.plugins.ml2.drivers.ovn.mech_driver.mech_driver [None req-911f1ab8-4ea4-4495-8b9b-c50804f05c59 - - - - - -] OVN reports status down for port: b65ad3c8-c8c1-4a08-aec2-e9d001f84686
2026-07-15 06:16:07.818 8 INFO neutron.db.ovn_revision_numbers_db [None req-16e9a81b-f6ee-461f-9e8e-3777394df9fc 025349c75805416b9ebb6dec5a34d845 15a4d5797f1d48769f8aa7b53180f287 - - default default] Successfully bumped revision number for resource b65ad3c8-c8c1-4a08-aec2-e9d001f84686 (type: ports) to 1 [pid: 8|app: 0|req: 1065/2199] 10.0.0.235 () {34 vars in 669 bytes} [Wed Jul 15 06:16:07 2026] POST /v2.0/networks => generated 670 bytes in 520 msecs (HTTP/1.1 201) 4 headers in 162 bytes (1 switches on core 0)
2026-07-15 06:16:07.910 7 INFO neutron.services.segments.plugin [-] Segment 06a9f99a-bb9e-4e39-a50d-1fd7b28ecd87 resource provider aggregate not found
2026-07-15 06:16:07.911 7 INFO neutron.services.segments.plugin [-] Segment 06a9f99a-bb9e-4e39-a50d-1fd7b28ecd87 resource provider aggregate not found
2026-07-15 06:16:07.930 7 INFO neutron.services.segments.plugin [-] Client error retrieving segment 06a9f99a-bb9e-4e39-a50d-1fd7b28ecd87 resource provider; error: Placement Client Error (4xx): {"errors": [{"status": 404, "title": "Not Found", "detail": "The resource could not be found.\n\n No resource provider with uuid 06a9f99a-bb9e-4e39-a50d-1fd7b28ecd87 found for delete ", "request_id": "req-cf716936-e9d1-47a7-afdd-541fbe6cba84"}]}
2026-07-15 06:16:07.958 7 INFO neutron.services.segments.plugin [-] Client error retrieving segment 06a9f99a-bb9e-4e39-a50d-1fd7b28ecd87 resource provider; error: Placement Client Error (4xx): {"errors": [{"status": 404, "title": "Not Found", "detail": "The resource could not be found.\n\n No resource provider with uuid 06a9f99a-bb9e-4e39-a50d-1fd7b28ecd87 found for delete ", "request_id": "req-fb4552bc-6b56-4d3f-8de0-ed2c269ec8f8"}]} [pid: 7|app: 0|req: 1135/2200] 10.0.0.235 () {32 vars in 725 bytes} [Wed Jul 15 06:16:07 2026] DELETE /v2.0/networks/47cdd569-cdc4-442e-869d-33f4234a0787 => generated 0 bytes in 354 msecs (HTTP/1.1 204) 3 headers in 131 bytes (1 switches on core 0)
2026-07-15 06:16:08.101 7 INFO neutron.db.segments_db [None req-b6e7b980-56fa-4f86-877a-30c25e2100e9 ac4afdc43e74496f9d58bdd6a44813fd d2f2f333e2e2483bb7e75f331680939c - - default default] Added segment ee431c67-68ee-41a1-9f2c-c330b93a8e60 of type geneve for network 757f603a-88f5-4ba6-a174-434925cb188f
2026-07-15 06:16:08.144 8 WARNING neutron.scheduler.dhcp_agent_scheduler [None req-a88d1fba-c329-4176-9f60-991f33aa178c 025349c75805416b9ebb6dec5a34d845 15a4d5797f1d48769f8aa7b53180f287 - - default default] No more DHCP agents
2026-07-15 06:16:08.146 8 WARNING neutron.api.rpc.agentnotifiers.dhcp_rpc_agent_api [None req-a88d1fba-c329-4176-9f60-991f33aa178c 025349c75805416b9ebb6dec5a34d845 15a4d5797f1d48769f8aa7b53180f287 - - default default] Unable to schedule network c2f7f2c1-38e1-43aa-a30b-0c5e563b1301: no agents available; will retry on subsequent port and subnet creation events.
2026-07-15 06:16:08.215 7 INFO neutron.db.ovn_revision_numbers_db [None req-b6e7b980-56fa-4f86-877a-30c25e2100e9 ac4afdc43e74496f9d58bdd6a44813fd d2f2f333e2e2483bb7e75f331680939c - - default default] Successfully bumped revision number for resource 757f603a-88f5-4ba6-a174-434925cb188f (type: networks) to 1
2026-07-15 06:16:08.415 7 WARNING neutron.scheduler.dhcp_agent_scheduler [None req-b6e7b980-56fa-4f86-877a-30c25e2100e9 ac4afdc43e74496f9d58bdd6a44813fd d2f2f333e2e2483bb7e75f331680939c - - default default] No more DHCP agents
2026-07-15 06:16:08.417 7 WARNING neutron.api.rpc.agentnotifiers.dhcp_rpc_agent_api [None req-b6e7b980-56fa-4f86-877a-30c25e2100e9 ac4afdc43e74496f9d58bdd6a44813fd d2f2f333e2e2483bb7e75f331680939c - - default default] Unable to schedule network 757f603a-88f5-4ba6-a174-434925cb188f: no agents available; will retry on subsequent port and subnet creation events.
2026-07-15 06:16:08.498 8 INFO neutron.plugins.ml2.drivers.ovn.mech_driver.mech_driver [None req-911f1ab8-4ea4-4495-8b9b-c50804f05c59 - - - - - -] OVN reports status down for port: 2407c1e5-e2bc-479b-8696-604c71d6e5ad
2026-07-15 06:16:08.501 7 INFO neutron.db.ovn_revision_numbers_db [None req-b6e7b980-56fa-4f86-877a-30c25e2100e9 ac4afdc43e74496f9d58bdd6a44813fd d2f2f333e2e2483bb7e75f331680939c - - default default] Successfully bumped revision number for resource 2407c1e5-e2bc-479b-8696-604c71d6e5ad (type: ports) to 1 [pid: 7|app: 0|req: 1136/2201] 10.0.0.235 () {34 vars in 669 bytes} [Wed Jul 15 06:16:07 2026] POST /v2.0/networks => generated 668 bytes in 541 msecs (HTTP/1.1 201) 4 headers in 162 bytes (1 switches on core 0)
2026-07-15 06:16:08.729 8 INFO neutron.db.ovn_revision_numbers_db [None req-7314ff7e-29cb-418b-850d-7edf4a060cf5 - - - - - -] Successfully bumped revision number for resource b65ad3c8-c8c1-4a08-aec2-e9d001f84686 (type: ports) to 2
2026-07-15 06:16:08.729 7 WARNING neutron.scheduler.dhcp_agent_scheduler [None req-345c019b-574b-4f6c-9471-113fce2a9037 ac4afdc43e74496f9d58bdd6a44813fd d2f2f333e2e2483bb7e75f331680939c - - default default] No more DHCP agents
2026-07-15 06:16:08.731 7 WARNING neutron.api.rpc.agentnotifiers.dhcp_rpc_agent_api [None req-345c019b-574b-4f6c-9471-113fce2a9037 ac4afdc43e74496f9d58bdd6a44813fd d2f2f333e2e2483bb7e75f331680939c - - default default] Unable to schedule network 757f603a-88f5-4ba6-a174-434925cb188f: no agents available; will retry on subsequent port and subnet creation events.
2026-07-15 06:16:08.770 8 INFO neutron.db.ovn_revision_numbers_db [None req-7314ff7e-29cb-418b-850d-7edf4a060cf5 - - - - - -] Successfully bumped revision number for resource ae26e902-50e3-401c-871b-d6d663826175 (type: subnets) to 0 [pid: 8|app: 0|req: 1066/2202] 10.0.0.235 () {34 vars in 668 bytes} [Wed Jul 15 06:16:07 2026] POST /v2.0/subnets => generated 629 bytes in 894 msecs (HTTP/1.1 201) 4 headers in 162 bytes (1 switches on core 0)
2026-07-15 06:16:08.897 8 INFO neutron.db.segments_db [None req-04157a75-62fc-48a9-b1ba-72496b5ba96e 025349c75805416b9ebb6dec5a34d845 15a4d5797f1d48769f8aa7b53180f287 - - default default] Added segment c3d36134-df80-456a-a197-7bcfcac1535f of type geneve for network 37a3a899-0572-439a-874c-18f1200f2152
2026-07-15 06:16:09.026 8 INFO neutron.db.ovn_revision_numbers_db [None req-04157a75-62fc-48a9-b1ba-72496b5ba96e 025349c75805416b9ebb6dec5a34d845 15a4d5797f1d48769f8aa7b53180f287 - - default default] Successfully bumped revision number for resource 37a3a899-0572-439a-874c-18f1200f2152 (type: networks) to 1
2026-07-15 06:16:09.188 8 WARNING neutron.scheduler.dhcp_agent_scheduler [None req-04157a75-62fc-48a9-b1ba-72496b5ba96e 025349c75805416b9ebb6dec5a34d845 15a4d5797f1d48769f8aa7b53180f287 - - default default] No more DHCP agents
2026-07-15 06:16:09.190 8 WARNING neutron.api.rpc.agentnotifiers.dhcp_rpc_agent_api [None req-04157a75-62fc-48a9-b1ba-72496b5ba96e 025349c75805416b9ebb6dec5a34d845 15a4d5797f1d48769f8aa7b53180f287 - - default default] Unable to schedule network 37a3a899-0572-439a-874c-18f1200f2152: no agents available; will retry on subsequent port and subnet creation events.
2026-07-15 06:16:09.212 7 INFO neutron.db.ovn_revision_numbers_db [None req-f3a04935-af9f-4408-828f-d71ae2dba56e - - - - - -] Successfully bumped revision number for resource 2407c1e5-e2bc-479b-8696-604c71d6e5ad (type: ports) to 2
2026-07-15 06:16:09.249 8 INFO neutron.plugins.ml2.drivers.ovn.mech_driver.mech_driver [None req-911f1ab8-4ea4-4495-8b9b-c50804f05c59 - - - - - -] OVN reports status down for port: 7655a668-95c5-445c-b869-af3769d1f5d9
2026-07-15 06:16:09.254 7 INFO neutron.db.ovn_revision_numbers_db [None req-f3a04935-af9f-4408-828f-d71ae2dba56e - - - - - -] Successfully bumped revision number for resource d418fde8-1f84-453a-8a1c-edf2ff0dc8ee (type: subnets) to 0 [pid: 7|app: 0|req: 1137/2203] 10.0.0.235 () {34 vars in 668 bytes} [Wed Jul 15 06:16:08 2026] POST /v2.0/subnets => generated 626 bytes in 739 msecs (HTTP/1.1 201) 4 headers in 162 bytes (1 switches on core 0)
2026-07-15 06:16:09.310 8 INFO neutron.db.ovn_revision_numbers_db [None req-04157a75-62fc-48a9-b1ba-72496b5ba96e 025349c75805416b9ebb6dec5a34d845 15a4d5797f1d48769f8aa7b53180f287 - - default default] Successfully bumped revision number for resource 7655a668-95c5-445c-b869-af3769d1f5d9 (type: ports) to 1 [pid: 8|app: 0|req: 1067/2204] 10.0.0.235 () {34 vars in 669 bytes} [Wed Jul 15 06:16:08 2026] POST /v2.0/networks => generated 669 bytes in 572 msecs (HTTP/1.1 201) 4 headers in 162 bytes (1 switches on core 0)
2026-07-15 06:16:09.385 7 INFO neutron.db.ovn_revision_numbers_db [None req-dcd9b0dc-8e1d-4281-b7cf-d1a434b44828 ac4afdc43e74496f9d58bdd6a44813fd d2f2f333e2e2483bb7e75f331680939c - - default default] Successfully bumped revision number for resource 72d85f7c-7d40-4455-af90-472ee7ade280 (type: routers) to 1 [pid: 7|app: 0|req: 1138/2205] 10.0.0.235 () {34 vars in 668 bytes} [Wed Jul 15 06:16:09 2026] POST /v2.0/routers => generated 603 bytes in 126 msecs (HTTP/1.1 201) 4 headers in 162 bytes (1 switches on core 0)
2026-07-15 06:16:09.570 8 WARNING neutron.scheduler.dhcp_agent_scheduler [None req-332ff636-cf43-468c-aff7-f93eb3edf388 025349c75805416b9ebb6dec5a34d845 15a4d5797f1d48769f8aa7b53180f287 - - default default] No more DHCP agents
2026-07-15 06:16:09.571 8 WARNING neutron.api.rpc.agentnotifiers.dhcp_rpc_agent_api [None req-332ff636-cf43-468c-aff7-f93eb3edf388 025349c75805416b9ebb6dec5a34d845 15a4d5797f1d48769f8aa7b53180f287 - - default default] Unable to schedule network 37a3a899-0572-439a-874c-18f1200f2152: no agents available; will retry on subsequent port and subnet creation events.
2026-07-15 06:16:09.772 7 WARNING neutron.scheduler.dhcp_agent_scheduler [None req-c3d449a4-9e02-4797-89fa-64d25c3efe1a ac4afdc43e74496f9d58bdd6a44813fd d2f2f333e2e2483bb7e75f331680939c - - default default] No more DHCP agents
2026-07-15 06:16:09.773 7 WARNING neutron.api.rpc.agentnotifiers.dhcp_rpc_agent_api [None req-c3d449a4-9e02-4797-89fa-64d25c3efe1a ac4afdc43e74496f9d58bdd6a44813fd d2f2f333e2e2483bb7e75f331680939c - - default default] Unable to schedule network 757f603a-88f5-4ba6-a174-434925cb188f: no agents available; will retry on subsequent port and subnet creation events.
2026-07-15 06:16:09.885 7 INFO neutron.db.ovn_revision_numbers_db [None req-c3d449a4-9e02-4797-89fa-64d25c3efe1a ac4afdc43e74496f9d58bdd6a44813fd d2f2f333e2e2483bb7e75f331680939c - - default default] Successfully bumped revision number for resource 5a920ad9-5263-430d-98af-2a248383507d (type: ports) to 1
2026-07-15 06:16:09.894 8 INFO neutron.plugins.ml2.drivers.ovn.mech_driver.mech_driver [None req-911f1ab8-4ea4-4495-8b9b-c50804f05c59 - - - - - -] OVN reports status down for port: 5a920ad9-5263-430d-98af-2a248383507d
2026-07-15 06:16:10.098 8 INFO neutron.db.ovn_revision_numbers_db [None req-b6e5fb47-66de-499b-94dd-cb975c3cab18 - - - - - -] Successfully bumped revision number for resource 7655a668-95c5-445c-b869-af3769d1f5d9 (type: ports) to 2
2026-07-15 06:16:10.140 8 INFO neutron.db.ovn_revision_numbers_db [None req-b6e5fb47-66de-499b-94dd-cb975c3cab18 - - - - - -] Successfully bumped revision number for resource f26d4bc6-22dd-4f3a-9c48-631f98ea4981 (type: subnets) to 0 [pid: 8|app: 0|req: 1068/2206] 10.0.0.235 () {34 vars in 668 bytes} [Wed Jul 15 06:16:09 2026] POST /v2.0/subnets => generated 629 bytes in 782 msecs (HTTP/1.1 201) 4 headers in 162 bytes (1 switches on core 0)
2026-07-15 06:16:10.368 8 INFO neutron.plugins.ml2.drivers.ovn.mech_driver.mech_driver [None req-911f1ab8-4ea4-4495-8b9b-c50804f05c59 - - - - - -] OVN reports status up for port: 5a920ad9-5263-430d-98af-2a248383507d
2026-07-15 06:16:10.394 8 INFO neutron.plugins.ml2.plugin [None req-911f1ab8-4ea4-4495-8b9b-c50804f05c59 - - - - - -] Attempt 1 to provision port 5a920ad9-5263-430d-98af-2a248383507d
2026-07-15 06:16:10.402 7 WARNING neutron.scheduler.dhcp_agent_scheduler [None req-c3d449a4-9e02-4797-89fa-64d25c3efe1a ac4afdc43e74496f9d58bdd6a44813fd d2f2f333e2e2483bb7e75f331680939c - - default default] No more DHCP agents
2026-07-15 06:16:10.403 7 WARNING neutron.api.rpc.agentnotifiers.dhcp_rpc_agent_api [None req-c3d449a4-9e02-4797-89fa-64d25c3efe1a ac4afdc43e74496f9d58bdd6a44813fd d2f2f333e2e2483bb7e75f331680939c - - default default] Unable to schedule network 757f603a-88f5-4ba6-a174-434925cb188f: no agents available; will retry on subsequent port and subnet creation events.
2026-07-15 06:16:10.478 8 INFO neutron.db.ovn_revision_numbers_db [None req-2bdb1090-b4cd-44ba-8138-5ff32cd45816 d439ef2a00bb4b7cbaf87e4feb03441c 4a8f7c1d9af94a41833931e8be4ab88a - - default default] Successfully bumped revision number for resource fed05cff-12be-41a3-a830-01abfc5fe332 (type: security_groups) to 1
2026-07-15 06:16:10.497 8 INFO neutron.db.ovn_revision_numbers_db [None req-2bdb1090-b4cd-44ba-8138-5ff32cd45816 d439ef2a00bb4b7cbaf87e4feb03441c 4a8f7c1d9af94a41833931e8be4ab88a - - default default] Successfully bumped revision number for resource 4469a299-9d79-4f70-854d-ff8499073795 (type: security_group_rules) to 0
2026-07-15 06:16:10.518 8 INFO neutron.db.ovn_revision_numbers_db [None req-2bdb1090-b4cd-44ba-8138-5ff32cd45816 d439ef2a00bb4b7cbaf87e4feb03441c 4a8f7c1d9af94a41833931e8be4ab88a - - default default] Successfully bumped revision number for resource 539e6c9a-6c6a-459e-8aac-d124b7d80be1 (type: security_group_rules) to 0
2026-07-15 06:16:10.568 8 INFO neutron.db.ovn_revision_numbers_db [None req-2bdb1090-b4cd-44ba-8138-5ff32cd45816 d439ef2a00bb4b7cbaf87e4feb03441c 4a8f7c1d9af94a41833931e8be4ab88a - - default default] Successfully bumped revision number for resource d1249426-ad26-41d6-ab76-afd18fed0deb (type: security_group_rules) to 0
2026-07-15 06:16:10.568 7 INFO neutron.db.ovn_revision_numbers_db [None req-c3d449a4-9e02-4797-89fa-64d25c3efe1a ac4afdc43e74496f9d58bdd6a44813fd d2f2f333e2e2483bb7e75f331680939c - - default default] Successfully bumped revision number for resource 5a920ad9-5263-430d-98af-2a248383507d (type: router_ports) to 1 [pid: 7|app: 0|req: 1139/2207] 10.0.0.235 () {34 vars in 782 bytes} [Wed Jul 15 06:16:09 2026] PUT /v2.0/routers/72d85f7c-7d40-4455-af90-472ee7ade280/add_router_interface => generated 309 bytes in 1166 msecs (HTTP/1.1 200) 4 headers in 157 bytes (1 switches on core 0)
2026-07-15 06:16:10.600 8 INFO neutron.db.ovn_revision_numbers_db [None req-2bdb1090-b4cd-44ba-8138-5ff32cd45816 d439ef2a00bb4b7cbaf87e4feb03441c 4a8f7c1d9af94a41833931e8be4ab88a - - default default] Successfully bumped revision number for resource d228c6ef-2ccd-44f6-8936-03b841da29c5 (type: security_group_rules) to 0
2026-07-15 06:16:10.667 7 INFO neutron.db.segments_db [None req-ddc9d5a7-819a-4090-a4bd-3a6f3e67404d 025349c75805416b9ebb6dec5a34d845 15a4d5797f1d48769f8aa7b53180f287 - - default default] Added segment 4f680ecf-aee8-4eb1-8f59-01002fd5c3ce of type geneve for network e160d3e4-bb49-4030-b3c4-b187e7994086 [pid: 8|app: 0|req: 1069/2208] 10.0.0.235 () {32 vars in 773 bytes} [Wed Jul 15 06:16:10 2026] GET /v2.0/security-groups?tenant_id=9821394995d44af9aae1662d9d2a787a&name=default => generated 2925 bytes in 549 msecs (HTTP/1.1 200) 4 headers in 158 bytes (1 switches on core 0)
2026-07-15 06:16:10.772 7 INFO neutron.db.ovn_revision_numbers_db [None req-ddc9d5a7-819a-4090-a4bd-3a6f3e67404d 025349c75805416b9ebb6dec5a34d845 15a4d5797f1d48769f8aa7b53180f287 - - default default] Successfully bumped revision number for resource e160d3e4-bb49-4030-b3c4-b187e7994086 (type: networks) to 1 [pid: 8|app: 0|req: 1070/2209] 10.0.0.235 () {32 vars in 716 bytes} [Wed Jul 15 06:16:10 2026] GET /v2.0/ports/5a920ad9-5263-430d-98af-2a248383507d => generated 943 bytes in 129 msecs (HTTP/1.1 200) 4 headers in 157 bytes (1 switches on core 0)
2026-07-15 06:16:10.918 7 WARNING neutron.scheduler.dhcp_agent_scheduler [None req-ddc9d5a7-819a-4090-a4bd-3a6f3e67404d 025349c75805416b9ebb6dec5a34d845 15a4d5797f1d48769f8aa7b53180f287 - - default default] No more DHCP agents
2026-07-15 06:16:10.920 7 WARNING neutron.api.rpc.agentnotifiers.dhcp_rpc_agent_api [None req-ddc9d5a7-819a-4090-a4bd-3a6f3e67404d 025349c75805416b9ebb6dec5a34d845 15a4d5797f1d48769f8aa7b53180f287 - - default default] Unable to schedule network e160d3e4-bb49-4030-b3c4-b187e7994086: no agents available; will retry on subsequent port and subnet creation events.
2026-07-15 06:16:11.007 7 INFO neutron.db.ovn_revision_numbers_db [None req-ddc9d5a7-819a-4090-a4bd-3a6f3e67404d 025349c75805416b9ebb6dec5a34d845 15a4d5797f1d48769f8aa7b53180f287 - - default default] Successfully bumped revision number for resource ae5ce7d1-410e-43e1-bfd2-a98e495406e3 (type: ports) to 1 [pid: 7|app: 0|req: 1140/2210] 10.0.0.235 () {34 vars in 669 bytes} [Wed Jul 15 06:16:10 2026] POST /v2.0/networks => generated 670 bytes in 455 msecs (HTTP/1.1 201) 4 headers in 162 bytes (1 switches on core 0) [pid: 7|app: 0|req: 1141/2211] 10.0.0.235 () {32 vars in 716 bytes} [Wed Jul 15 06:16:11 2026] GET /v2.0/ports/5a920ad9-5263-430d-98af-2a248383507d => generated 943 bytes in 51 msecs (HTTP/1.1 200) 4 headers in 157 bytes (1 switches on core 0)
2026-07-15 06:16:11.110 8 INFO neutron.db.ovn_revision_numbers_db [None req-911f1ab8-4ea4-4495-8b9b-c50804f05c59 - - - - - -] Successfully bumped revision number for resource 5a920ad9-5263-430d-98af-2a248383507d (type: ports) to 2
2026-07-15 06:16:11.147 7 WARNING neutron.plugins.ml2.drivers.ovn.mech_driver.ovsdb.ovn_client [None req-be039347-9581-4c61-a8b6-e7a9e73eacff - - - - - -] No port found with ID 3b19703b-51fb-4bfa-93eb-24ebd4b0251a: RuntimeError: No port found with ID 3b19703b-51fb-4bfa-93eb-24ebd4b0251a
2026-07-15 06:16:11.164 7 INFO neutron.plugins.ml2.drivers.ovn.mech_driver.mech_driver [None req-be039347-9581-4c61-a8b6-e7a9e73eacff - - - - - -] OVN reports status down for port: ae5ce7d1-410e-43e1-bfd2-a98e495406e3 [pid: 8|app: 0|req: 1071/2212] 10.0.0.235 () {32 vars in 739 bytes} [Wed Jul 15 06:16:10 2026] DELETE /v2.0/security-groups/fed05cff-12be-41a3-a830-01abfc5fe332 => generated 0 bytes in 438 msecs (HTTP/1.1 204) 2 headers in 112 bytes (1 switches on core 0)
2026-07-15 06:16:11.351 7 WARNING neutron.scheduler.dhcp_agent_scheduler [None req-107f0d40-d031-4dea-a295-8098758d46b9 025349c75805416b9ebb6dec5a34d845 15a4d5797f1d48769f8aa7b53180f287 - - default default] No more DHCP agents
2026-07-15 06:16:11.352 7 WARNING neutron.api.rpc.agentnotifiers.dhcp_rpc_agent_api [None req-107f0d40-d031-4dea-a295-8098758d46b9 025349c75805416b9ebb6dec5a34d845 15a4d5797f1d48769f8aa7b53180f287 - - default default] Unable to schedule network e160d3e4-bb49-4030-b3c4-b187e7994086: no agents available; will retry on subsequent port and subnet creation events.
2026-07-15 06:16:11.497 8 INFO neutron_taas.services.taas.taas_plugin [None req-f34763ef-37ed-4f3c-8b20-0880c16716e8 ac4afdc43e74496f9d58bdd6a44813fd d2f2f333e2e2483bb7e75f331680939c - - default default] TaaS: Handle Delete Port: 5a920ad9-5263-430d-98af-2a248383507d
2026-07-15 06:16:11.499 8 INFO neutron_taas.services.taas.tap_mirror_plugin [None req-f34763ef-37ed-4f3c-8b20-0880c16716e8 ac4afdc43e74496f9d58bdd6a44813fd d2f2f333e2e2483bb7e75f331680939c - - default default] Tap Mirror: Handle Delete Port: 5a920ad9-5263-430d-98af-2a248383507d
2026-07-15 06:16:11.770 7 INFO neutron.db.ovn_revision_numbers_db [None req-acd6a2d4-503f-4a62-98bf-a13687871b60 - - - - - -] Successfully bumped revision number for resource ae5ce7d1-410e-43e1-bfd2-a98e495406e3 (type: ports) to 2
2026-07-15 06:16:11.800 7 INFO neutron.db.ovn_revision_numbers_db [None req-acd6a2d4-503f-4a62-98bf-a13687871b60 - - - - - -] Successfully bumped revision number for resource 5ca8ae4e-576e-44d3-a32e-fd5c9d4604e2 (type: subnets) to 0 [pid: 8|app: 0|req: 1072/2213] 10.0.0.235 () {34 vars in 788 bytes} [Wed Jul 15 06:16:11 2026] PUT /v2.0/routers/72d85f7c-7d40-4455-af90-472ee7ade280/remove_router_interface => generated 309 bytes in 537 msecs (HTTP/1.1 200) 4 headers in 157 bytes (1 switches on core 0) [pid: 7|app: 0|req: 1142/2214] 10.0.0.235 () {34 vars in 668 bytes} [Wed Jul 15 06:16:11 2026] POST /v2.0/subnets => generated 629 bytes in 735 msecs (HTTP/1.1 201) 4 headers in 162 bytes (1 switches on core 0) /var/lib/openstack/lib/python3.12/site-packages/pycadf/identifier.py:70: UserWarning: Invalid uuid: neutron. To ensure interoperability, identifiers should be a valid uuid. warnings.warn(('Invalid uuid: %s. To ensure interoperability, ' [pid: 8|app: 0|req: 1073/2215] 10.0.0.235 () {32 vars in 735 bytes} [Wed Jul 15 06:16:11 2026] GET /v2.0/ports?device_id=72d85f7c-7d40-4455-af90-472ee7ade280 => generated 12 bytes in 20 msecs (HTTP/1.1 200) 4 headers in 156 bytes (1 switches on core 0)
2026-07-15 06:16:11.906 7 INFO neutron.db.segments_db [None req-a8f7d0d2-f162-44e8-91e0-d924cda788ce 025349c75805416b9ebb6dec5a34d845 15a4d5797f1d48769f8aa7b53180f287 - - default default] Added segment 04ea281c-32da-4e94-aa4f-b186c6c6d634 of type geneve for network 8a28cf2c-7485-487b-85f4-dcf605abf078
2026-07-15 06:16:12.008 7 INFO neutron.db.ovn_revision_numbers_db [None req-a8f7d0d2-f162-44e8-91e0-d924cda788ce 025349c75805416b9ebb6dec5a34d845 15a4d5797f1d48769f8aa7b53180f287 - - default default] Successfully bumped revision number for resource 8a28cf2c-7485-487b-85f4-dcf605abf078 (type: networks) to 1 [pid: 8|app: 0|req: 1074/2216] 10.0.0.235 () {32 vars in 723 bytes} [Wed Jul 15 06:16:11 2026] DELETE /v2.0/routers/72d85f7c-7d40-4455-af90-472ee7ade280 => generated 0 bytes in 198 msecs (HTTP/1.1 204) 2 headers in 112 bytes (1 switches on core 0)
2026-07-15 06:16:12.166 7 WARNING neutron.scheduler.dhcp_agent_scheduler [None req-a8f7d0d2-f162-44e8-91e0-d924cda788ce 025349c75805416b9ebb6dec5a34d845 15a4d5797f1d48769f8aa7b53180f287 - - default default] No more DHCP agents
2026-07-15 06:16:12.168 7 WARNING neutron.api.rpc.agentnotifiers.dhcp_rpc_agent_api [None req-a8f7d0d2-f162-44e8-91e0-d924cda788ce 025349c75805416b9ebb6dec5a34d845 15a4d5797f1d48769f8aa7b53180f287 - - default default] Unable to schedule network 8a28cf2c-7485-487b-85f4-dcf605abf078: no agents available; will retry on subsequent port and subnet creation events.
2026-07-15 06:16:12.208 7 INFO neutron.plugins.ml2.drivers.ovn.mech_driver.mech_driver [None req-be039347-9581-4c61-a8b6-e7a9e73eacff - - - - - -] OVN reports status down for port: 21376283-b681-457e-b48a-0b6e02503bfe [pid: 8|app: 0|req: 1075/2217] 10.0.0.235 () {32 vars in 723 bytes} [Wed Jul 15 06:16:12 2026] DELETE /v2.0/subnets/d418fde8-1f84-453a-8a1c-edf2ff0dc8ee => generated 0 bytes in 182 msecs (HTTP/1.1 204) 3 headers in 131 bytes (1 switches on core 0)
2026-07-15 06:16:12.283 7 INFO neutron.db.ovn_revision_numbers_db [None req-a8f7d0d2-f162-44e8-91e0-d924cda788ce 025349c75805416b9ebb6dec5a34d845 15a4d5797f1d48769f8aa7b53180f287 - - default default] Successfully bumped revision number for resource 21376283-b681-457e-b48a-0b6e02503bfe (type: ports) to 1 [pid: 7|app: 0|req: 1143/2218] 10.0.0.235 () {34 vars in 669 bytes} [Wed Jul 15 06:16:11 2026] POST /v2.0/networks => generated 669 bytes in 499 msecs (HTTP/1.1 201) 4 headers in 162 bytes (1 switches on core 0)
2026-07-15 06:16:12.365 8 INFO neutron_taas.services.taas.taas_plugin [None req-6cb30258-62a7-402d-ac1f-542cdfa312dd ac4afdc43e74496f9d58bdd6a44813fd d2f2f333e2e2483bb7e75f331680939c - - default default] TaaS: Handle Delete Port: 2407c1e5-e2bc-479b-8696-604c71d6e5ad
