2026-07-15 06:15:05.989 8 INFO neutron.db.ovn_revision_numbers_db [None req-14c8403e-31ec-4f2d-b7cb-90851a03f0b3 - - - - - -] Successfully bumped revision number for resource 934000fe-044e-41cb-a131-53739a943092 (type: subnets) to 0 [pid: 8|app: 0|req: 871/1777] 10.0.0.235 () {34 vars in 668 bytes} [Wed Jul 15 06:15:04 2026] POST /v2.0/subnets => generated 1274 bytes in 1416 msecs (HTTP/1.1 201) 4 headers in 163 bytes (1 switches on core 0) [pid: 7|app: 0|req: 907/1778] 10.0.0.235 () {32 vars in 646 bytes} [Wed Jul 15 06:15:06 2026] GET /v2.0/subnets => generated 1910 bytes in 51 msecs (HTTP/1.1 200) 4 headers in 158 bytes (1 switches on core 0) [pid: 8|app: 0|req: 872/1779] 10.0.0.235 () {32 vars in 723 bytes} [Wed Jul 15 06:15:06 2026] DELETE /v2.0/subnets/830ad997-5d50-417e-a68c-c203acc0d152 => generated 0 bytes in 201 msecs (HTTP/1.1 204) 3 headers in 131 bytes (1 switches on core 0) [pid: 7|app: 0|req: 908/1780] 10.0.0.235 () {32 vars in 723 bytes} [Wed Jul 15 06:15:06 2026] DELETE /v2.0/subnets/934000fe-044e-41cb-a131-53739a943092 => generated 0 bytes in 185 msecs (HTTP/1.1 204) 3 headers in 131 bytes (1 switches on core 0) [pid: 8|app: 0|req: 873/1781] 10.0.0.235 () {32 vars in 646 bytes} [Wed Jul 15 06:15:06 2026] GET /v2.0/subnets => generated 649 bytes in 41 msecs (HTTP/1.1 200) 4 headers in 157 bytes (1 switches on core 0)
2026-07-15 06:15:06.671 7 INFO neutron_taas.services.taas.taas_plugin [None req-0b88c03c-71ff-4823-8ccd-86707bf8f830 3089371b309f4923b403495fe9b9d859 847db79f605347d393d475dfa2c90951 - - default default] TaaS: Handle Delete Port: 4a4e72c8-820b-4ff0-a986-c707b79b3b22
2026-07-15 06:15:06.674 7 INFO neutron_taas.services.taas.tap_mirror_plugin [None req-0b88c03c-71ff-4823-8ccd-86707bf8f830 3089371b309f4923b403495fe9b9d859 847db79f605347d393d475dfa2c90951 - - default default] Tap Mirror: Handle Delete Port: 4a4e72c8-820b-4ff0-a986-c707b79b3b22
2026-07-15 06:15:06.868 7 INFO neutron.services.segments.plugin [-] Segment c55aef4e-7020-4484-9a95-e2e468cfcd02 resource provider aggregate not found
2026-07-15 06:15:06.874 7 INFO neutron.services.segments.plugin [-] Segment c55aef4e-7020-4484-9a95-e2e468cfcd02 resource provider aggregate not found
2026-07-15 06:15:06.894 7 INFO neutron.services.segments.plugin [-] Client error retrieving segment c55aef4e-7020-4484-9a95-e2e468cfcd02 resource provider; error: Placement Client Error (4xx): {"errors": [{"status": 404, "title": "Not Found", "detail": "The resource could not be found.\n\n No resource provider with uuid c55aef4e-7020-4484-9a95-e2e468cfcd02 found for delete ", "request_id": "req-a3abd6aa-c1bc-48bf-83ea-a428909d2674"}]}
2026-07-15 06:15:06.901 7 INFO neutron.services.segments.plugin [-] Client error retrieving segment c55aef4e-7020-4484-9a95-e2e468cfcd02 resource provider; error: Placement Client Error (4xx): {"errors": [{"status": 404, "title": "Not Found", "detail": "The resource could not be found.\n\n No resource provider with uuid c55aef4e-7020-4484-9a95-e2e468cfcd02 found for delete ", "request_id": "req-d861f517-6f2e-4740-9177-b9fdfbbc5d86"}]} [pid: 7|app: 0|req: 909/1782] 10.0.0.235 () {32 vars in 725 bytes} [Wed Jul 15 06:15:06 2026] DELETE /v2.0/networks/20b21629-106b-4a83-9d7d-02e38ed9518b => generated 0 bytes in 414 msecs (HTTP/1.1 204) 3 headers in 131 bytes (1 switches on core 0)
2026-07-15 06:15:07.083 8 INFO neutron_taas.services.taas.taas_plugin [None req-9d72cb43-3971-475f-abeb-11657bfc53c3 3089371b309f4923b403495fe9b9d859 847db79f605347d393d475dfa2c90951 - - default default] TaaS: Handle Delete Port: 29da11d7-dbf9-419f-9fc9-f6445be53fa1
2026-07-15 06:15:07.086 8 INFO neutron_taas.services.taas.tap_mirror_plugin [None req-9d72cb43-3971-475f-abeb-11657bfc53c3 3089371b309f4923b403495fe9b9d859 847db79f605347d393d475dfa2c90951 - - default default] Tap Mirror: Handle Delete Port: 29da11d7-dbf9-419f-9fc9-f6445be53fa1 [pid: 7|app: 0|req: 910/1783] 10.0.0.246 () {34 vars in 989 bytes} [Wed Jul 15 06:15:07 2026] GET /v2.0/ports?device_id=c2a03718-739b-4a41-a256-27ded80868ff => generated 1010 bytes in 46 msecs (HTTP/1.1 200) 4 headers in 158 bytes (1 switches on core 0) [pid: 7|app: 0|req: 911/1784] 10.0.0.246 () {34 vars in 1119 bytes} [Wed Jul 15 06:15:07 2026] GET /v2.0/security-groups?id=5747c605-d351-4cea-b1d9-4f7b05ae91a9&id=9322cf6c-5734-413a-87a2-2054a8ae2467&fields=id&fields=name => generated 205 bytes in 30 msecs (HTTP/1.1 200) 4 headers in 157 bytes (1 switches on core 0)
2026-07-15 06:15:07.280 8 INFO neutron.services.segments.plugin [-] Segment 4b913a70-9be6-49f2-adf3-84c843ecc384 resource provider aggregate not found
2026-07-15 06:15:07.280 8 INFO neutron.services.segments.plugin [-] Segment 4b913a70-9be6-49f2-adf3-84c843ecc384 resource provider aggregate not found
2026-07-15 06:15:07.305 8 INFO neutron.services.segments.plugin [-] Client error retrieving segment 4b913a70-9be6-49f2-adf3-84c843ecc384 resource provider; error: Placement Client Error (4xx): {"errors": [{"status": 404, "title": "Not Found", "detail": "The resource could not be found.\n\n No resource provider with uuid 4b913a70-9be6-49f2-adf3-84c843ecc384 found for delete ", "request_id": "req-2579caf6-9f89-4050-bce3-62622c5929e7"}]}
2026-07-15 06:15:07.308 8 INFO neutron.services.segments.plugin [-] Client error retrieving segment 4b913a70-9be6-49f2-adf3-84c843ecc384 resource provider; error: Placement Client Error (4xx): {"errors": [{"status": 404, "title": "Not Found", "detail": "The resource could not be found.\n\n No resource provider with uuid 4b913a70-9be6-49f2-adf3-84c843ecc384 found for delete ", "request_id": "req-51b65351-ce5f-4729-ab09-387d775dc700"}]} [pid: 8|app: 0|req: 874/1785] 10.0.0.235 () {32 vars in 725 bytes} [Wed Jul 15 06:15:06 2026] DELETE /v2.0/networks/dfa3aa17-c0ab-4ee8-a98c-f62fbe457836 => generated 0 bytes in 387 msecs (HTTP/1.1 204) 3 headers in 131 bytes (1 switches on core 0)
2026-07-15 06:15:07.479 7 INFO neutron_taas.services.taas.taas_plugin [None req-16463b8b-a618-419c-85fe-3e673242863a 3089371b309f4923b403495fe9b9d859 847db79f605347d393d475dfa2c90951 - - default default] TaaS: Handle Delete Port: 89e09ac9-a5af-4a08-8fbb-32acd33352cc
2026-07-15 06:15:07.482 7 INFO neutron_taas.services.taas.tap_mirror_plugin [None req-16463b8b-a618-419c-85fe-3e673242863a 3089371b309f4923b403495fe9b9d859 847db79f605347d393d475dfa2c90951 - - default default] Tap Mirror: Handle Delete Port: 89e09ac9-a5af-4a08-8fbb-32acd33352cc [pid: 7|app: 0|req: 912/1786] 10.0.0.235 () {32 vars in 725 bytes} [Wed Jul 15 06:15:07 2026] DELETE /v2.0/networks/38cf45e5-04fb-4cf3-904a-2f69e0d86f17 => generated 0 bytes in 382 msecs (HTTP/1.1 204) 3 headers in 131 bytes (1 switches on core 0)
2026-07-15 06:15:07.845 8 INFO neutron_taas.services.taas.taas_plugin [None req-f29fe0bf-efcc-4504-bc92-19bee23800a2 3089371b309f4923b403495fe9b9d859 847db79f605347d393d475dfa2c90951 - - default default] TaaS: Handle Delete Port: a19e140e-0cc1-4831-b8f6-3e6f0fc2f64a
2026-07-15 06:15:07.848 8 INFO neutron_taas.services.taas.tap_mirror_plugin [None req-f29fe0bf-efcc-4504-bc92-19bee23800a2 3089371b309f4923b403495fe9b9d859 847db79f605347d393d475dfa2c90951 - - default default] Tap Mirror: Handle Delete Port: a19e140e-0cc1-4831-b8f6-3e6f0fc2f64a [pid: 8|app: 0|req: 875/1787] 10.0.0.235 () {32 vars in 725 bytes} [Wed Jul 15 06:15:07 2026] DELETE /v2.0/networks/117a1715-8ac5-4d5d-a15a-a2e9565baa72 => generated 0 bytes in 396 msecs (HTTP/1.1 204) 3 headers in 131 bytes (1 switches on core 0)
2026-07-15 06:15:08.148 8 INFO neutron.plugins.ml2.drivers.ovn.mech_driver.mech_driver [None req-b5468e95-02d5-4d59-b886-22b65fcc2dfa - - - - - -] OVN reports status down for port: 0b0ce4ea-122b-4008-9aa3-61df2af25a84 [pid: 7|app: 0|req: 913/1788] 10.0.0.246 () {34 vars in 989 bytes} [Wed Jul 15 06:15:08 2026] GET /v2.0/ports?device_id=c2a03718-739b-4a41-a256-27ded80868ff => generated 1010 bytes in 81 msecs (HTTP/1.1 200) 4 headers in 158 bytes (1 switches on core 0)
2026-07-15 06:15:08.310 8 INFO neutron.notifiers.nova [-] Nova event matching ['req-5655f89b-5cb8-49dc-a0d9-0d86930f7b13'] response: {'server_uuid': 'c2a03718-739b-4a41-a256-27ded80868ff', 'name': 'network-vif-unplugged', 'status': 'completed', 'tag': '0b0ce4ea-122b-4008-9aa3-61df2af25a84', 'code': 200} [pid: 8|app: 0|req: 876/1789] 10.0.0.246 () {34 vars in 1119 bytes} [Wed Jul 15 06:15:08 2026] GET /v2.0/security-groups?id=5747c605-d351-4cea-b1d9-4f7b05ae91a9&id=9322cf6c-5734-413a-87a2-2054a8ae2467&fields=id&fields=name => generated 205 bytes in 53 msecs (HTTP/1.1 200) 4 headers in 157 bytes (1 switches on core 0)
2026-07-15 06:15:08.486 8 INFO neutron.db.ovn_revision_numbers_db [None req-b5468e95-02d5-4d59-b886-22b65fcc2dfa - - - - - -] Successfully bumped revision number for resource 0b0ce4ea-122b-4008-9aa3-61df2af25a84 (type: ports) to 6 /var/lib/openstack/lib/python3.12/site-packages/pycadf/identifier.py:70: UserWarning: Invalid uuid: neutron. To ensure interoperability, identifiers should be a valid uuid. warnings.warn(('Invalid uuid: %s. To ensure interoperability, ' [pid: 8|app: 0|req: 877/1790] 10.0.0.235 () {32 vars in 773 bytes} [Wed Jul 15 06:15:08 2026] GET /v2.0/security-groups?tenant_id=847db79f605347d393d475dfa2c90951&name=default => generated 2925 bytes in 155 msecs (HTTP/1.1 200) 4 headers in 158 bytes (1 switches on core 0)
2026-07-15 06:15:08.913 7 INFO neutron.services.segments.plugin [-] Segment a8343f42-0f09-4f96-8bee-7d2f3d33a27a resource provider aggregate not found
2026-07-15 06:15:08.922 7 INFO neutron.services.segments.plugin [-] Segment a8343f42-0f09-4f96-8bee-7d2f3d33a27a resource provider aggregate not found
2026-07-15 06:15:08.937 7 INFO neutron.services.segments.plugin [-] Client error retrieving segment a8343f42-0f09-4f96-8bee-7d2f3d33a27a resource provider; error: Placement Client Error (4xx): {"errors": [{"status": 404, "title": "Not Found", "detail": "The resource could not be found.\n\n No resource provider with uuid a8343f42-0f09-4f96-8bee-7d2f3d33a27a found for delete ", "request_id": "req-c3071794-4faa-4a71-ab9b-7c97d4832bc1"}]}
2026-07-15 06:15:08.942 7 INFO neutron.services.segments.plugin [-] Client error retrieving segment a8343f42-0f09-4f96-8bee-7d2f3d33a27a resource provider; error: Placement Client Error (4xx): {"errors": [{"status": 404, "title": "Not Found", "detail": "The resource could not be found.\n\n No resource provider with uuid a8343f42-0f09-4f96-8bee-7d2f3d33a27a found for delete ", "request_id": "req-ccbd6a88-77ce-4844-9252-51ce2dab0556"}]}
2026-07-15 06:15:08.946 7 INFO neutron.db.ovn_revision_numbers_db [None req-28ac37fc-32c4-4a2b-9662-06763d6379dc d439ef2a00bb4b7cbaf87e4feb03441c 4a8f7c1d9af94a41833931e8be4ab88a - - default default] Successfully bumped revision number for resource c181e37e-b417-4084-a4f2-4176450c7ed4 (type: security_groups) to 1
2026-07-15 06:15:08.957 7 INFO neutron.db.ovn_revision_numbers_db [None req-28ac37fc-32c4-4a2b-9662-06763d6379dc d439ef2a00bb4b7cbaf87e4feb03441c 4a8f7c1d9af94a41833931e8be4ab88a - - default default] Successfully bumped revision number for resource 6a971511-6bb7-4a82-a731-e18ee472a1f5 (type: security_group_rules) to 0
2026-07-15 06:15:08.971 7 INFO neutron.db.ovn_revision_numbers_db [None req-28ac37fc-32c4-4a2b-9662-06763d6379dc d439ef2a00bb4b7cbaf87e4feb03441c 4a8f7c1d9af94a41833931e8be4ab88a - - default default] Successfully bumped revision number for resource e48ee45d-2b3f-4b0c-a3af-2807e7a58617 (type: security_group_rules) to 0
2026-07-15 06:15:08.982 7 INFO neutron.db.ovn_revision_numbers_db [None req-28ac37fc-32c4-4a2b-9662-06763d6379dc d439ef2a00bb4b7cbaf87e4feb03441c 4a8f7c1d9af94a41833931e8be4ab88a - - default default] Successfully bumped revision number for resource ebade002-6868-42fa-bd0e-cdc0b7642479 (type: security_group_rules) to 0
2026-07-15 06:15:09.000 7 INFO neutron.db.ovn_revision_numbers_db [None req-28ac37fc-32c4-4a2b-9662-06763d6379dc d439ef2a00bb4b7cbaf87e4feb03441c 4a8f7c1d9af94a41833931e8be4ab88a - - default default] Successfully bumped revision number for resource efe6a298-281f-49bd-8e38-5ff4fa2c4b66 (type: security_group_rules) to 0 [pid: 7|app: 0|req: 914/1791] 10.0.0.235 () {32 vars in 773 bytes} [Wed Jul 15 06:15:08 2026] GET /v2.0/security-groups?tenant_id=13550ca253174872947ec0d380e957f4&name=default => generated 2925 bytes in 445 msecs (HTTP/1.1 200) 4 headers in 158 bytes (1 switches on core 0) [pid: 8|app: 0|req: 878/1792] 10.0.0.235 () {32 vars in 739 bytes} [Wed Jul 15 06:15:08 2026] DELETE /v2.0/security-groups/36ecddca-ff07-4014-8946-e32c20f4bd78 => generated 0 bytes in 271 msecs (HTTP/1.1 204) 2 headers in 112 bytes (1 switches on core 0)
2026-07-15 06:15:09.329 8 INFO neutron.services.segments.plugin [-] Segment aeab38fd-0d6a-4c04-83f8-c82b5b9d79d9 resource provider aggregate not found
2026-07-15 06:15:09.333 8 INFO neutron.services.segments.plugin [-] Segment aeab38fd-0d6a-4c04-83f8-c82b5b9d79d9 resource provider aggregate not found [pid: 7|app: 0|req: 915/1793] 10.0.0.235 () {32 vars in 739 bytes} [Wed Jul 15 06:15:09 2026] DELETE /v2.0/security-groups/c181e37e-b417-4084-a4f2-4176450c7ed4 => generated 0 bytes in 285 msecs (HTTP/1.1 204) 2 headers in 112 bytes (1 switches on core 0)
2026-07-15 06:15:09.356 8 INFO neutron.services.segments.plugin [-] Client error retrieving segment aeab38fd-0d6a-4c04-83f8-c82b5b9d79d9 resource provider; error: Placement Client Error (4xx): {"errors": [{"status": 404, "title": "Not Found", "detail": "The resource could not be found.\n\n No resource provider with uuid aeab38fd-0d6a-4c04-83f8-c82b5b9d79d9 found for delete ", "request_id": "req-747e50ef-c3bc-4e5e-89e1-8e3a76983f3e"}]}
2026-07-15 06:15:09.356 8 INFO neutron.services.segments.plugin [-] Client error retrieving segment aeab38fd-0d6a-4c04-83f8-c82b5b9d79d9 resource provider; error: Placement Client Error (4xx): {"errors": [{"status": 404, "title": "Not Found", "detail": "The resource could not be found.\n\n No resource provider with uuid aeab38fd-0d6a-4c04-83f8-c82b5b9d79d9 found for delete ", "request_id": "req-ce67fb1c-c013-48b9-9fc6-2d06e8d17763"}]} [pid: 8|app: 0|req: 879/1794] 199.204.45.156 () {34 vars in 993 bytes} [Wed Jul 15 06:15:09 2026] GET /v2.0/ports?device_id=c2a03718-739b-4a41-a256-27ded80868ff => generated 1008 bytes in 81 msecs (HTTP/1.1 200) 4 headers in 158 bytes (1 switches on core 0) [pid: 8|app: 0|req: 880/1795] 10.0.0.246 () {34 vars in 989 bytes} [Wed Jul 15 06:15:09 2026] GET /v2.0/ports?device_id=c2a03718-739b-4a41-a256-27ded80868ff => generated 1008 bytes in 41 msecs (HTTP/1.1 200) 4 headers in 158 bytes (1 switches on core 0) [pid: 8|app: 0|req: 881/1796] 10.0.0.246 () {34 vars in 1119 bytes} [Wed Jul 15 06:15:09 2026] GET /v2.0/security-groups?id=5747c605-d351-4cea-b1d9-4f7b05ae91a9&id=9322cf6c-5734-413a-87a2-2054a8ae2467&fields=id&fields=name => generated 205 bytes in 50 msecs (HTTP/1.1 200) 4 headers in 157 bytes (1 switches on core 0)
2026-07-15 06:15:09.607 7 INFO neutron_taas.services.taas.taas_plugin [req-29aa0e13-825a-4b2b-90a0-a1ce3792bdb6 req-35c6d045-1b33-411b-bd4e-a3fddc62168e b2cd312293184acd875a8251c8a96e0d c4b92176e8dc434785b3abdfbe81ac91 - - default default] TaaS: Handle Delete Port: 0b0ce4ea-122b-4008-9aa3-61df2af25a84
2026-07-15 06:15:09.609 7 INFO neutron_taas.services.taas.tap_mirror_plugin [req-29aa0e13-825a-4b2b-90a0-a1ce3792bdb6 req-35c6d045-1b33-411b-bd4e-a3fddc62168e b2cd312293184acd875a8251c8a96e0d c4b92176e8dc434785b3abdfbe81ac91 - - default default] Tap Mirror: Handle Delete Port: 0b0ce4ea-122b-4008-9aa3-61df2af25a84
2026-07-15 06:15:09.714 8 INFO neutron.db.ovn_revision_numbers_db [None req-cd9acdef-cec4-412b-8644-95ca37dc3958 d439ef2a00bb4b7cbaf87e4feb03441c 4a8f7c1d9af94a41833931e8be4ab88a - - default default] Successfully bumped revision number for resource c28a51df-bedf-49e3-958c-c544d0ba6ae3 (type: security_groups) to 1
2026-07-15 06:15:09.726 8 INFO neutron.db.ovn_revision_numbers_db [None req-cd9acdef-cec4-412b-8644-95ca37dc3958 d439ef2a00bb4b7cbaf87e4feb03441c 4a8f7c1d9af94a41833931e8be4ab88a - - default default] Successfully bumped revision number for resource 0a553642-dd6f-4ec1-81f6-63a2bb193d67 (type: security_group_rules) to 0
2026-07-15 06:15:09.744 8 INFO neutron.db.ovn_revision_numbers_db [None req-cd9acdef-cec4-412b-8644-95ca37dc3958 d439ef2a00bb4b7cbaf87e4feb03441c 4a8f7c1d9af94a41833931e8be4ab88a - - default default] Successfully bumped revision number for resource 63665067-7f1d-45d6-91d9-3676dc8fb240 (type: security_group_rules) to 0
2026-07-15 06:15:09.765 7 INFO neutron.db.l3_db [req-29aa0e13-825a-4b2b-90a0-a1ce3792bdb6 req-35c6d045-1b33-411b-bd4e-a3fddc62168e b2cd312293184acd875a8251c8a96e0d c4b92176e8dc434785b3abdfbe81ac91 - - default default] Floating IP 0e186bf6-b68b-4156-930a-691a5d215118 disassociated. External IP: 10.96.250.209, port: 0b0ce4ea-122b-4008-9aa3-61df2af25a84.
2026-07-15 06:15:09.776 8 INFO neutron.db.ovn_revision_numbers_db [None req-cd9acdef-cec4-412b-8644-95ca37dc3958 d439ef2a00bb4b7cbaf87e4feb03441c 4a8f7c1d9af94a41833931e8be4ab88a - - default default] Successfully bumped revision number for resource 964e124d-4f86-4ce9-82c2-cc3a2e2abd7f (type: security_group_rules) to 0
2026-07-15 06:15:09.790 8 INFO neutron.db.ovn_revision_numbers_db [None req-cd9acdef-cec4-412b-8644-95ca37dc3958 d439ef2a00bb4b7cbaf87e4feb03441c 4a8f7c1d9af94a41833931e8be4ab88a - - default default] Successfully bumped revision number for resource 9dcc64ab-b72a-41bb-9258-63e3c6c4238b (type: security_group_rules) to 0 [pid: 8|app: 0|req: 882/1797] 10.0.0.235 () {32 vars in 773 bytes} [Wed Jul 15 06:15:09 2026] GET /v2.0/security-groups?tenant_id=cc23e1a46fcc4a68a3caeb5815bd802b&name=default => generated 2925 bytes in 255 msecs (HTTP/1.1 200) 4 headers in 158 bytes (1 switches on core 0) /var/lib/openstack/lib/python3.12/site-packages/pycadf/identifier.py:70: UserWarning: Invalid uuid: neutron. To ensure interoperability, identifiers should be a valid uuid. warnings.warn(('Invalid uuid: %s. To ensure interoperability, ' [pid: 7|app: 0|req: 916/1798] 199.204.45.156 () {36 vars in 996 bytes} [Wed Jul 15 06:15:09 2026] DELETE /v2.0/ports/0b0ce4ea-122b-4008-9aa3-61df2af25a84 => generated 0 bytes in 455 msecs (HTTP/1.1 204) 3 headers in 131 bytes (1 switches on core 0)
2026-07-15 06:15:09.933 7 INFO neutron.notifiers.nova [-] Nova event matching ['req-221f7989-ca33-4e8e-a380-d865e5da7274'] response: {'server_uuid': 'c2a03718-739b-4a41-a256-27ded80868ff', 'name': 'network-vif-deleted', 'tag': '0b0ce4ea-122b-4008-9aa3-61df2af25a84', 'status': 'completed', 'code': 200} [pid: 8|app: 0|req: 883/1799] 10.0.0.235 () {32 vars in 739 bytes} [Wed Jul 15 06:15:09 2026] DELETE /v2.0/security-groups/c28a51df-bedf-49e3-958c-c544d0ba6ae3 => generated 0 bytes in 306 msecs (HTTP/1.1 204) 2 headers in 112 bytes (1 switches on core 0)
2026-07-15 06:15:10.347 8 INFO neutron.notifiers.nova [-] Nova event matching ['req-016f041b-4bb9-48a5-98f9-0eb59b3f52bd'] response: {'server_uuid': 'c2a03718-739b-4a41-a256-27ded80868ff', 'name': 'network-vif-unplugged', 'status': 'completed', 'tag': '0b0ce4ea-122b-4008-9aa3-61df2af25a84', 'code': 200} [pid: 7|app: 0|req: 917/1800] 10.0.0.246 () {34 vars in 989 bytes} [Wed Jul 15 06:15:10 2026] GET /v2.0/ports?device_id=c2a03718-739b-4a41-a256-27ded80868ff => generated 12 bytes in 18 msecs (HTTP/1.1 200) 4 headers in 156 bytes (1 switches on core 0)
2026-07-15 06:15:11.384 8 INFO neutron.db.ovn_revision_numbers_db [None req-9cb5021b-445c-4d40-930b-4669b97fe7a4 ba49029d2fce4814bd43f071d3b5ff74 510d8734930c43f1a93045fb7ca7d093 - - default default] Successfully bumped revision number for resource be87ac17-5bfa-47f5-ba27-695a24f5a620 (type: security_groups) to 1
2026-07-15 06:15:11.397 8 INFO neutron.db.ovn_revision_numbers_db [None req-9cb5021b-445c-4d40-930b-4669b97fe7a4 ba49029d2fce4814bd43f071d3b5ff74 510d8734930c43f1a93045fb7ca7d093 - - default default] Successfully bumped revision number for resource 21b52cd1-72bc-4299-8ddc-59fddf0629e3 (type: security_group_rules) to 0
2026-07-15 06:15:11.408 8 INFO neutron.db.ovn_revision_numbers_db [None req-9cb5021b-445c-4d40-930b-4669b97fe7a4 ba49029d2fce4814bd43f071d3b5ff74 510d8734930c43f1a93045fb7ca7d093 - - default default] Successfully bumped revision number for resource 65e244f8-c3d2-454b-b5c2-47507fc2f072 (type: security_group_rules) to 0
2026-07-15 06:15:11.420 8 INFO neutron.db.ovn_revision_numbers_db [None req-9cb5021b-445c-4d40-930b-4669b97fe7a4 ba49029d2fce4814bd43f071d3b5ff74 510d8734930c43f1a93045fb7ca7d093 - - default default] Successfully bumped revision number for resource ae1e01cc-62dc-41ae-86c1-269e490a2689 (type: security_group_rules) to 0
2026-07-15 06:15:11.431 8 INFO neutron.db.ovn_revision_numbers_db [None req-9cb5021b-445c-4d40-930b-4669b97fe7a4 ba49029d2fce4814bd43f071d3b5ff74 510d8734930c43f1a93045fb7ca7d093 - - default default] Successfully bumped revision number for resource ff76780a-ee04-4ccb-9a1e-8576d6a25880 (type: security_group_rules) to 0
2026-07-15 06:15:11.518 8 INFO neutron.db.segments_db [None req-9cb5021b-445c-4d40-930b-4669b97fe7a4 ba49029d2fce4814bd43f071d3b5ff74 510d8734930c43f1a93045fb7ca7d093 - - default default] Added segment d7fbf12b-0a32-4e27-9571-1a33b101135b of type geneve for network e099f278-392a-4e63-ad1c-96d7e9e92988
2026-07-15 06:15:11.650 8 INFO neutron.db.ovn_revision_numbers_db [None req-9cb5021b-445c-4d40-930b-4669b97fe7a4 ba49029d2fce4814bd43f071d3b5ff74 510d8734930c43f1a93045fb7ca7d093 - - default default] Successfully bumped revision number for resource e099f278-392a-4e63-ad1c-96d7e9e92988 (type: networks) to 1 [pid: 7|app: 0|req: 918/1801] 10.0.0.90 () {34 vars in 988 bytes} [Wed Jul 15 06:15:11 2026] GET /v2.0/ports?device_id=3753b545-5a7e-40e4-a6f0-a9cf866eaa16 => generated 1213 bytes in 52 msecs (HTTP/1.1 200) 4 headers in 158 bytes (1 switches on core 0) [pid: 7|app: 0|req: 919/1802] 10.0.0.246 () {34 vars in 989 bytes} [Wed Jul 15 06:15:11 2026] GET /v2.0/ports?device_id=c2a03718-739b-4a41-a256-27ded80868ff => generated 12 bytes in 17 msecs (HTTP/1.1 200) 4 headers in 156 bytes (1 switches on core 0) [pid: 7|app: 0|req: 920/1803] 10.0.0.90 () {34 vars in 1038 bytes} [Wed Jul 15 06:15:11 2026] GET /v2.0/security-groups?id=96c9254c-ff53-4b37-ae54-2afba2670435&fields=id&fields=name => generated 113 bytes in 32 msecs (HTTP/1.1 200) 4 headers in 157 bytes (1 switches on core 0)
2026-07-15 06:15:11.860 8 WARNING neutron.scheduler.dhcp_agent_scheduler [None req-9cb5021b-445c-4d40-930b-4669b97fe7a4 ba49029d2fce4814bd43f071d3b5ff74 510d8734930c43f1a93045fb7ca7d093 - - default default] No more DHCP agents
2026-07-15 06:15:11.865 8 WARNING neutron.api.rpc.agentnotifiers.dhcp_rpc_agent_api [None req-9cb5021b-445c-4d40-930b-4669b97fe7a4 ba49029d2fce4814bd43f071d3b5ff74 510d8734930c43f1a93045fb7ca7d093 - - default default] Unable to schedule network e099f278-392a-4e63-ad1c-96d7e9e92988: no agents available; will retry on subsequent port and subnet creation events.
2026-07-15 06:15:11.937 8 INFO neutron.plugins.ml2.drivers.ovn.mech_driver.mech_driver [None req-074c6f60-4da7-4a4f-bbd8-0242c23e7216 - - - - - -] OVN reports status down for port: e72942e0-e01e-496a-a47a-05aaa6c57d27
2026-07-15 06:15:12.021 8 INFO neutron.db.ovn_revision_numbers_db [None req-9cb5021b-445c-4d40-930b-4669b97fe7a4 ba49029d2fce4814bd43f071d3b5ff74 510d8734930c43f1a93045fb7ca7d093 - - default default] Successfully bumped revision number for resource e72942e0-e01e-496a-a47a-05aaa6c57d27 (type: ports) to 1 [pid: 8|app: 0|req: 884/1804] 10.0.0.235 () {34 vars in 669 bytes} [Wed Jul 15 06:15:10 2026] POST /v2.0/networks => generated 686 bytes in 1167 msecs (HTTP/1.1 201) 4 headers in 162 bytes (1 switches on core 0)
2026-07-15 06:15:12.337 7 WARNING neutron.scheduler.dhcp_agent_scheduler [None req-04566468-b2d1-4f76-b60f-60067d4a59ea ba49029d2fce4814bd43f071d3b5ff74 510d8734930c43f1a93045fb7ca7d093 - - default default] No more DHCP agents
2026-07-15 06:15:12.339 7 WARNING neutron.api.rpc.agentnotifiers.dhcp_rpc_agent_api [None req-04566468-b2d1-4f76-b60f-60067d4a59ea ba49029d2fce4814bd43f071d3b5ff74 510d8734930c43f1a93045fb7ca7d093 - - default default] Unable to schedule network e099f278-392a-4e63-ad1c-96d7e9e92988: no agents available; will retry on subsequent port and subnet creation events.
2026-07-15 06:15:12.398 7 INFO neutron.plugins.ml2.drivers.ovn.mech_driver.mech_driver [None req-fffdea5c-9e6d-48fc-b17c-da71dee10522 - - - - - -] OVN reports status down for port: 008ef77b-5fb8-4c79-babc-a7c589906e27
2026-07-15 06:15:12.453 7 INFO neutron.db.ovn_revision_numbers_db [None req-04566468-b2d1-4f76-b60f-60067d4a59ea ba49029d2fce4814bd43f071d3b5ff74 510d8734930c43f1a93045fb7ca7d093 - - default default] Successfully bumped revision number for resource 008ef77b-5fb8-4c79-babc-a7c589906e27 (type: ports) to 1 [pid: 7|app: 0|req: 921/1805] 10.0.0.235 () {34 vars in 664 bytes} [Wed Jul 15 06:15:12 2026] POST /v2.0/ports => generated 779 bytes in 403 msecs (HTTP/1.1 201) 4 headers in 162 bytes (1 switches on core 0) /var/lib/openstack/lib/python3.12/site-packages/pycadf/identifier.py:70: UserWarning: Invalid uuid: neutron. To ensure interoperability, identifiers should be a valid uuid. warnings.warn(('Invalid uuid: %s. To ensure interoperability, '
2026-07-15 06:15:12.613 7 INFO neutron.db.segments_db [None req-8a595311-99ea-476d-a24e-d3aa7a04bb16 ba49029d2fce4814bd43f071d3b5ff74 510d8734930c43f1a93045fb7ca7d093 - - default default] Added segment a10c5f4f-473b-4252-ba0a-cb17eae91f66 of type geneve for network 6e4555a8-be6b-4a61-8b22-85624e678a8b
2026-07-15 06:15:12.693 8 INFO neutron.db.ovn_revision_numbers_db [None req-f0cd9920-4451-49f4-a6a8-ff28bf0c426a d439ef2a00bb4b7cbaf87e4feb03441c 4a8f7c1d9af94a41833931e8be4ab88a - - default default] Successfully bumped revision number for resource c4b672a0-051b-496d-bdbf-3070a0ae6ee2 (type: security_groups) to 1
2026-07-15 06:15:12.705 8 INFO neutron.db.ovn_revision_numbers_db [None req-f0cd9920-4451-49f4-a6a8-ff28bf0c426a d439ef2a00bb4b7cbaf87e4feb03441c 4a8f7c1d9af94a41833931e8be4ab88a - - default default] Successfully bumped revision number for resource b5ea5292-8f83-4366-bbbf-72890985d003 (type: security_group_rules) to 0
2026-07-15 06:15:12.717 8 INFO neutron.db.ovn_revision_numbers_db [None req-f0cd9920-4451-49f4-a6a8-ff28bf0c426a d439ef2a00bb4b7cbaf87e4feb03441c 4a8f7c1d9af94a41833931e8be4ab88a - - default default] Successfully bumped revision number for resource d05f6e1d-92d6-40ce-9403-821d7e72e166 (type: security_group_rules) to 0
2026-07-15 06:15:12.730 8 INFO neutron.db.ovn_revision_numbers_db [None req-f0cd9920-4451-49f4-a6a8-ff28bf0c426a d439ef2a00bb4b7cbaf87e4feb03441c 4a8f7c1d9af94a41833931e8be4ab88a - - default default] Successfully bumped revision number for resource d52f0fc6-cfc0-4d9d-afd8-8b8cdc3d3e58 (type: security_group_rules) to 0
2026-07-15 06:15:12.745 8 INFO neutron.db.ovn_revision_numbers_db [None req-f0cd9920-4451-49f4-a6a8-ff28bf0c426a d439ef2a00bb4b7cbaf87e4feb03441c 4a8f7c1d9af94a41833931e8be4ab88a - - default default] Successfully bumped revision number for resource dc4f5c36-74e4-4694-a900-548e149bef56 (type: security_group_rules) to 0
2026-07-15 06:15:12.755 7 INFO neutron.db.ovn_revision_numbers_db [None req-8a595311-99ea-476d-a24e-d3aa7a04bb16 ba49029d2fce4814bd43f071d3b5ff74 510d8734930c43f1a93045fb7ca7d093 - - default default] Successfully bumped revision number for resource 6e4555a8-be6b-4a61-8b22-85624e678a8b (type: networks) to 1 [pid: 8|app: 0|req: 885/1806] 10.0.0.235 () {32 vars in 773 bytes} [Wed Jul 15 06:15:12 2026] GET /v2.0/security-groups?tenant_id=b37b51dd0d4f41d58e2d4f9a64776e8b&name=default => generated 2925 bytes in 388 msecs (HTTP/1.1 200) 4 headers in 158 bytes (1 switches on core 0) [pid: 8|app: 0|req: 886/1807] 10.0.0.246 () {34 vars in 989 bytes} [Wed Jul 15 06:15:12 2026] GET /v2.0/ports?device_id=c2a03718-739b-4a41-a256-27ded80868ff => generated 12 bytes in 19 msecs (HTTP/1.1 200) 4 headers in 156 bytes (1 switches on core 0)
2026-07-15 06:15:12.923 7 WARNING neutron.scheduler.dhcp_agent_scheduler [None req-8a595311-99ea-476d-a24e-d3aa7a04bb16 ba49029d2fce4814bd43f071d3b5ff74 510d8734930c43f1a93045fb7ca7d093 - - default default] No more DHCP agents
2026-07-15 06:15:12.924 7 WARNING neutron.api.rpc.agentnotifiers.dhcp_rpc_agent_api [None req-8a595311-99ea-476d-a24e-d3aa7a04bb16 ba49029d2fce4814bd43f071d3b5ff74 510d8734930c43f1a93045fb7ca7d093 - - default default] Unable to schedule network 6e4555a8-be6b-4a61-8b22-85624e678a8b: no agents available; will retry on subsequent port and subnet creation events.
2026-07-15 06:15:12.997 8 INFO neutron.plugins.ml2.drivers.ovn.mech_driver.mech_driver [None req-074c6f60-4da7-4a4f-bbd8-0242c23e7216 - - - - - -] OVN reports status down for port: e824a76a-1c9a-4c7b-91d1-1882ebc971ad
2026-07-15 06:15:13.033 7 INFO neutron.db.ovn_revision_numbers_db [None req-8a595311-99ea-476d-a24e-d3aa7a04bb16 ba49029d2fce4814bd43f071d3b5ff74 510d8734930c43f1a93045fb7ca7d093 - - default default] Successfully bumped revision number for resource e824a76a-1c9a-4c7b-91d1-1882ebc971ad (type: ports) to 1 [pid: 7|app: 0|req: 922/1808] 10.0.0.235 () {34 vars in 669 bytes} [Wed Jul 15 06:15:12 2026] POST /v2.0/networks => generated 673 bytes in 534 msecs (HTTP/1.1 201) 4 headers in 162 bytes (1 switches on core 0) [pid: 8|app: 0|req: 887/1809] 10.0.0.235 () {32 vars in 739 bytes} [Wed Jul 15 06:15:12 2026] DELETE /v2.0/security-groups/c4b672a0-051b-496d-bdbf-3070a0ae6ee2 => generated 0 bytes in 334 msecs (HTTP/1.1 204) 2 headers in 112 bytes (1 switches on core 0) [pid: 8|app: 0|req: 888/1810] 10.0.0.246 () {34 vars in 989 bytes} [Wed Jul 15 06:15:13 2026] GET /v2.0/ports?device_id=3753b545-5a7e-40e4-a6f0-a9cf866eaa16 => generated 975 bytes in 80 msecs (HTTP/1.1 200) 4 headers in 157 bytes (1 switches on core 0)
2026-07-15 06:15:13.269 7 WARNING neutron.scheduler.dhcp_agent_scheduler [None req-97b369e2-26c2-4686-868a-1464f5bf1699 ba49029d2fce4814bd43f071d3b5ff74 510d8734930c43f1a93045fb7ca7d093 - - default default] No more DHCP agents
2026-07-15 06:15:13.271 7 WARNING neutron.api.rpc.agentnotifiers.dhcp_rpc_agent_api [None req-97b369e2-26c2-4686-868a-1464f5bf1699 ba49029d2fce4814bd43f071d3b5ff74 510d8734930c43f1a93045fb7ca7d093 - - default default] Unable to schedule network 6e4555a8-be6b-4a61-8b22-85624e678a8b: no agents available; will retry on subsequent port and subnet creation events. [pid: 8|app: 0|req: 889/1811] 10.0.0.246 () {34 vars in 1039 bytes} [Wed Jul 15 06:15:13 2026] GET /v2.0/security-groups?id=96c9254c-ff53-4b37-ae54-2afba2670435&fields=id&fields=name => generated 113 bytes in 30 msecs (HTTP/1.1 200) 4 headers in 157 bytes (1 switches on core 0)
2026-07-15 06:15:13.296 7 INFO neutron.db.ovn_revision_numbers_db [None req-97b369e2-26c2-4686-868a-1464f5bf1699 ba49029d2fce4814bd43f071d3b5ff74 510d8734930c43f1a93045fb7ca7d093 - - default default] Successfully bumped revision number for resource 2dd50b65-477d-42eb-bfe0-8d7bf335d08c (type: subnets) to 0 [pid: 7|app: 0|req: 923/1812] 10.0.0.235 () {34 vars in 668 bytes} [Wed Jul 15 06:15:13 2026] POST /v2.0/subnets => generated 646 bytes in 243 msecs (HTTP/1.1 201) 4 headers in 162 bytes (1 switches on core 0)
2026-07-15 06:15:13.613 8 WARNING neutron.scheduler.dhcp_agent_scheduler [None req-35da03b0-5258-4e23-99a0-b2569a4606ed ba49029d2fce4814bd43f071d3b5ff74 510d8734930c43f1a93045fb7ca7d093 - - default default] No more DHCP agents
2026-07-15 06:15:13.614 8 WARNING neutron.api.rpc.agentnotifiers.dhcp_rpc_agent_api [None req-35da03b0-5258-4e23-99a0-b2569a4606ed ba49029d2fce4814bd43f071d3b5ff74 510d8734930c43f1a93045fb7ca7d093 - - default default] Unable to schedule network 6e4555a8-be6b-4a61-8b22-85624e678a8b: no agents available; will retry on subsequent port and subnet creation events.
2026-07-15 06:15:13.698 7 INFO neutron.plugins.ml2.drivers.ovn.mech_driver.mech_driver [None req-fffdea5c-9e6d-48fc-b17c-da71dee10522 - - - - - -] OVN reports status down for port: ca8ed1a8-7728-4fe5-a288-ed5ada83613c
2026-07-15 06:15:13.739 8 INFO neutron.db.ovn_revision_numbers_db [None req-35da03b0-5258-4e23-99a0-b2569a4606ed ba49029d2fce4814bd43f071d3b5ff74 510d8734930c43f1a93045fb7ca7d093 - - default default] Successfully bumped revision number for resource ca8ed1a8-7728-4fe5-a288-ed5ada83613c (type: ports) to 1 [pid: 8|app: 0|req: 890/1815] 10.0.0.235 () {34 vars in 664 bytes} [Wed Jul 15 06:15:13 2026] POST /v2.0/ports => generated 966 bytes in 496 msecs (HTTP/1.1 201) 4 headers in 162 bytes (1 switches on core 0) /var/lib/openstack/lib/python3.12/site-packages/pycadf/identifier.py:70: UserWarning: Invalid uuid: neutron. To ensure interoperability, identifiers should be a valid uuid. warnings.warn(('Invalid uuid: %s. To ensure interoperability, '
2026-07-15 06:15:13.951 7 INFO neutron_taas.services.taas.taas_plugin [None req-9ceb6d92-9067-4ed2-9f5b-ac711b5557d6 ba49029d2fce4814bd43f071d3b5ff74 510d8734930c43f1a93045fb7ca7d093 - - default default] TaaS: Handle Delete Port: ca8ed1a8-7728-4fe5-a288-ed5ada83613c
2026-07-15 06:15:13.956 7 INFO neutron_taas.services.taas.tap_mirror_plugin [None req-9ceb6d92-9067-4ed2-9f5b-ac711b5557d6 ba49029d2fce4814bd43f071d3b5ff74 510d8734930c43f1a93045fb7ca7d093 - - default default] Tap Mirror: Handle Delete Port: ca8ed1a8-7728-4fe5-a288-ed5ada83613c [pid: 8|app: 0|req: 891/1816] 10.0.0.235 () {32 vars in 739 bytes} [Wed Jul 15 06:15:13 2026] DELETE /v2.0/security-groups/5747c605-d351-4cea-b1d9-4f7b05ae91a9 => generated 0 bytes in 198 msecs (HTTP/1.1 204) 2 headers in 112 bytes (1 switches on core 0) [pid: 7|app: 0|req: 926/1817] 10.0.0.235 () {32 vars in 719 bytes} [Wed Jul 15 06:15:13 2026] DELETE /v2.0/ports/ca8ed1a8-7728-4fe5-a288-ed5ada83613c => generated 0 bytes in 323 msecs (HTTP/1.1 204) 3 headers in 131 bytes (1 switches on core 0)
2026-07-15 06:15:14.153 8 INFO neutron.api.v2.resource [None req-d2001ee9-4332-492d-be14-d732f6b17a5a b2cd312293184acd875a8251c8a96e0d c4b92176e8dc434785b3abdfbe81ac91 - - default default] show failed (client error): The resource could not be found. [pid: 8|app: 0|req: 892/1818] 10.0.0.235 () {32 vars in 736 bytes} [Wed Jul 15 06:15:14 2026] GET /v2.0/security-groups/5747c605-d351-4cea-b1d9-4f7b05ae91a9 => generated 146 bytes in 15 msecs (HTTP/1.1 404) 4 headers in 164 bytes (1 switches on core 0)
2026-07-15 06:15:14.166 7 INFO neutron.pecan_wsgi.hooks.translation [None req-e2399657-8c00-48c4-a1ec-b039009be084 ba49029d2fce4814bd43f071d3b5ff74 510d8734930c43f1a93045fb7ca7d093 - - default default] DELETE failed (client error): The resource could not be found. [pid: 7|app: 0|req: 927/1819] 10.0.0.235 () {32 vars in 719 bytes} [Wed Jul 15 06:15:14 2026] DELETE /v2.0/ports/ca8ed1a8-7728-4fe5-a288-ed5ada83613c => generated 132 bytes in 21 msecs (HTTP/1.1 404) 4 headers in 164 bytes (1 switches on core 0)
2026-07-15 06:15:14.187 7 INFO neutron.pecan_wsgi.hooks.translation [None req-4bd21970-cbb4-4ad9-ad82-af7516a2a12a ba49029d2fce4814bd43f071d3b5ff74 510d8734930c43f1a93045fb7ca7d093 - - default default] GET failed (client error): The resource could not be found. [pid: 7|app: 0|req: 928/1820] 10.0.0.235 () {32 vars in 716 bytes} [Wed Jul 15 06:15:14 2026] GET /v2.0/ports/ca8ed1a8-7728-4fe5-a288-ed5ada83613c => generated 132 bytes in 23 msecs (HTTP/1.1 404) 4 headers in 164 bytes (1 switches on core 0)
2026-07-15 06:15:14.251 8 INFO neutron.plugins.ml2.drivers.ovn.mech_driver.mech_driver [None req-074c6f60-4da7-4a4f-bbd8-0242c23e7216 - - - - - -] OVN reports status down for port: 7548e5e3-9574-49ae-8fff-210c4eac27c4 [pid: 7|app: 0|req: 929/1821] 10.0.0.235 () {32 vars in 723 bytes} [Wed Jul 15 06:15:14 2026] DELETE /v2.0/subnets/2dd50b65-477d-42eb-bfe0-8d7bf335d08c => generated 0 bytes in 151 msecs (HTTP/1.1 204) 3 headers in 131 bytes (1 switches on core 0)
2026-07-15 06:15:14.366 8 INFO neutron_taas.services.taas.taas_plugin [None req-429d256e-71aa-4b27-855b-7e7829f07dd5 b2cd312293184acd875a8251c8a96e0d c4b92176e8dc434785b3abdfbe81ac91 - - default default] TaaS: Handle Delete Port: 34f233b0-00c6-4962-8239-a2e80caa046c
2026-07-15 06:15:14.374 8 INFO neutron_taas.services.taas.tap_mirror_plugin [None req-429d256e-71aa-4b27-855b-7e7829f07dd5 b2cd312293184acd875a8251c8a96e0d c4b92176e8dc434785b3abdfbe81ac91 - - default default] Tap Mirror: Handle Delete Port: 34f233b0-00c6-4962-8239-a2e80caa046c [pid: 7|app: 0|req: 930/1822] 10.0.0.246 () {34 vars in 989 bytes} [Wed Jul 15 06:15:14 2026] GET /v2.0/ports?device_id=3753b545-5a7e-40e4-a6f0-a9cf866eaa16 => generated 975 bytes in 78 msecs (HTTP/1.1 200) 4 headers in 157 bytes (1 switches on core 0)
2026-07-15 06:15:14.449 8 INFO neutron.notifiers.nova [-] Nova event matching ['req-a330bc27-aa4b-4647-8a64-07a6329960ce'] response: {'server_uuid': '3753b545-5a7e-40e4-a6f0-a9cf866eaa16', 'name': 'network-vif-unplugged', 'status': 'completed', 'tag': '7548e5e3-9574-49ae-8fff-210c4eac27c4', 'code': 200}
2026-07-15 06:15:14.538 7 INFO neutron_taas.services.taas.taas_plugin [None req-816b896a-c655-4706-a08c-ed07053e6e5e ba49029d2fce4814bd43f071d3b5ff74 510d8734930c43f1a93045fb7ca7d093 - - default default] TaaS: Handle Delete Port: e824a76a-1c9a-4c7b-91d1-1882ebc971ad
2026-07-15 06:15:14.542 7 INFO neutron_taas.services.taas.tap_mirror_plugin [None req-816b896a-c655-4706-a08c-ed07053e6e5e ba49029d2fce4814bd43f071d3b5ff74 510d8734930c43f1a93045fb7ca7d093 - - default default] Tap Mirror: Handle Delete Port: e824a76a-1c9a-4c7b-91d1-1882ebc971ad
2026-07-15 06:15:14.673 8 INFO neutron.db.ovn_revision_numbers_db [None req-074c6f60-4da7-4a4f-bbd8-0242c23e7216 - - - - - -] Successfully bumped revision number for resource 7548e5e3-9574-49ae-8fff-210c4eac27c4 (type: ports) to 6 [pid: 8|app: 0|req: 893/1823] 10.0.0.235 () {32 vars in 731 bytes} [Wed Jul 15 06:15:14 2026] DELETE /v2.0/floatingips/0e186bf6-b68b-4156-930a-691a5d215118 => generated 0 bytes in 532 msecs (HTTP/1.1 204) 2 headers in 112 bytes (1 switches on core 0) [pid: 8|app: 0|req: 894/1824] 10.0.0.246 () {34 vars in 1039 bytes} [Wed Jul 15 06:15:14 2026] GET /v2.0/security-groups?id=96c9254c-ff53-4b37-ae54-2afba2670435&fields=id&fields=name => generated 113 bytes in 52 msecs (HTTP/1.1 200) 4 headers in 157 bytes (1 switches on core 0)
2026-07-15 06:15:14.750 7 INFO neutron.services.segments.plugin [-] Segment a10c5f4f-473b-4252-ba0a-cb17eae91f66 resource provider aggregate not found
2026-07-15 06:15:14.760 7 INFO neutron.services.segments.plugin [-] Segment a10c5f4f-473b-4252-ba0a-cb17eae91f66 resource provider aggregate not found
2026-07-15 06:15:14.775 7 INFO neutron.services.segments.plugin [-] Client error retrieving segment a10c5f4f-473b-4252-ba0a-cb17eae91f66 resource provider; error: Placement Client Error (4xx): {"errors": [{"status": 404, "title": "Not Found", "detail": "The resource could not be found.\n\n No resource provider with uuid a10c5f4f-473b-4252-ba0a-cb17eae91f66 found for delete ", "request_id": "req-536a0a32-e5dc-4964-bed7-d6ab4427dc31"}]}
2026-07-15 06:15:14.783 7 INFO neutron.services.segments.plugin [-] Client error retrieving segment a10c5f4f-473b-4252-ba0a-cb17eae91f66 resource provider; error: Placement Client Error (4xx): {"errors": [{"status": 404, "title": "Not Found", "detail": "The resource could not be found.\n\n No resource provider with uuid a10c5f4f-473b-4252-ba0a-cb17eae91f66 found for delete ", "request_id": "req-0a173989-f223-47a8-9931-28ed23bf24de"}]} [pid: 7|app: 0|req: 931/1825] 10.0.0.235 () {32 vars in 725 bytes} [Wed Jul 15 06:15:14 2026] DELETE /v2.0/networks/6e4555a8-be6b-4a61-8b22-85624e678a8b => generated 0 bytes in 372 msecs (HTTP/1.1 204) 3 headers in 131 bytes (1 switches on core 0)
2026-07-15 06:15:14.908 7 INFO neutron.db.segments_db [None req-d3716c9d-6b03-4d6f-8638-82608b922278 ba49029d2fce4814bd43f071d3b5ff74 510d8734930c43f1a93045fb7ca7d093 - - default default] Added segment 521aab72-e55d-4599-8c84-74629cbb82a8 of type geneve for network 003ad33e-c36b-49fa-a351-c69b06175f4a [pid: 8|app: 0|req: 895/1826] 10.0.0.235 () {32 vars in 739 bytes} [Wed Jul 15 06:15:14 2026] DELETE /v2.0/security-groups/9322cf6c-5734-413a-87a2-2054a8ae2467 => generated 0 bytes in 206 msecs (HTTP/1.1 204) 2 headers in 112 bytes (1 switches on core 0)
2026-07-15 06:15:15.072 7 INFO neutron.db.ovn_revision_numbers_db [None req-d3716c9d-6b03-4d6f-8638-82608b922278 ba49029d2fce4814bd43f071d3b5ff74 510d8734930c43f1a93045fb7ca7d093 - - default default] Successfully bumped revision number for resource 003ad33e-c36b-49fa-a351-c69b06175f4a (type: networks) to 1 /var/lib/openstack/lib/python3.12/site-packages/pycadf/identifier.py:70: UserWarning: Invalid uuid: neutron. To ensure interoperability, identifiers should be a valid uuid. warnings.warn(('Invalid uuid: %s. To ensure interoperability, '
2026-07-15 06:15:15.227 7 WARNING neutron.scheduler.dhcp_agent_scheduler [None req-d3716c9d-6b03-4d6f-8638-82608b922278 ba49029d2fce4814bd43f071d3b5ff74 510d8734930c43f1a93045fb7ca7d093 - - default default] No more DHCP agents
2026-07-15 06:15:15.228 7 WARNING neutron.api.rpc.agentnotifiers.dhcp_rpc_agent_api [None req-d3716c9d-6b03-4d6f-8638-82608b922278 ba49029d2fce4814bd43f071d3b5ff74 510d8734930c43f1a93045fb7ca7d093 - - default default] Unable to schedule network 003ad33e-c36b-49fa-a351-c69b06175f4a: no agents available; will retry on subsequent port and subnet creation events.
2026-07-15 06:15:15.291 8 INFO neutron.plugins.ml2.drivers.ovn.mech_driver.mech_driver [None req-129b26f6-09b0-447f-a66a-2e607be12a88 - - - - - -] OVN reports status down for port: b1270e8c-4197-434e-821b-3985fa22fa28
2026-07-15 06:15:15.323 7 INFO neutron.db.ovn_revision_numbers_db [None req-d3716c9d-6b03-4d6f-8638-82608b922278 ba49029d2fce4814bd43f071d3b5ff74 510d8734930c43f1a93045fb7ca7d093 - - default default] Successfully bumped revision number for resource b1270e8c-4197-434e-821b-3985fa22fa28 (type: ports) to 1 [pid: 7|app: 0|req: 932/1827] 10.0.0.235 () {34 vars in 669 bytes} [Wed Jul 15 06:15:14 2026] POST /v2.0/networks => generated 673 bytes in 543 msecs (HTTP/1.1 201) 4 headers in 162 bytes (1 switches on core 0)
2026-07-15 06:15:15.363 8 INFO neutron.db.ovn_revision_numbers_db [None req-bf5196e2-55a0-47da-9111-878a5938e6bd 446f8a40667e408b9546b9a98cee54b0 ec05642cc8764ede9c726a8339ed2e07 - - default default] Successfully bumped revision number for resource d2648529-e8dc-4e2f-b42d-aeb924ee0e6b (type: security_groups) to 1
2026-07-15 06:15:15.383 8 INFO neutron.db.ovn_revision_numbers_db [None req-bf5196e2-55a0-47da-9111-878a5938e6bd 446f8a40667e408b9546b9a98cee54b0 ec05642cc8764ede9c726a8339ed2e07 - - default default] Successfully bumped revision number for resource 7e4bf426-1a91-48ea-8707-ff7fb8add1cd (type: security_group_rules) to 0
2026-07-15 06:15:15.395 8 INFO neutron.db.ovn_revision_numbers_db [None req-bf5196e2-55a0-47da-9111-878a5938e6bd 446f8a40667e408b9546b9a98cee54b0 ec05642cc8764ede9c726a8339ed2e07 - - default default] Successfully bumped revision number for resource c6a0b154-063d-450e-a79d-3334a5f784cb (type: security_group_rules) to 0
2026-07-15 06:15:15.410 8 INFO neutron.db.ovn_revision_numbers_db [None req-bf5196e2-55a0-47da-9111-878a5938e6bd 446f8a40667e408b9546b9a98cee54b0 ec05642cc8764ede9c726a8339ed2e07 - - default default] Successfully bumped revision number for resource d5051a31-6c45-49e6-a288-a42846e8dd86 (type: security_group_rules) to 0
2026-07-15 06:15:15.421 8 INFO neutron.db.ovn_revision_numbers_db [None req-bf5196e2-55a0-47da-9111-878a5938e6bd 446f8a40667e408b9546b9a98cee54b0 ec05642cc8764ede9c726a8339ed2e07 - - default default] Successfully bumped revision number for resource dde0df9e-de8d-4e0e-b318-bf26e25c02dc (type: security_group_rules) to 0
2026-07-15 06:15:15.495 8 INFO neutron.db.segments_db [None req-bf5196e2-55a0-47da-9111-878a5938e6bd 446f8a40667e408b9546b9a98cee54b0 ec05642cc8764ede9c726a8339ed2e07 - - default default] Added segment 8d8a3d5c-4182-4eeb-8bea-f28480662141 of type geneve for network e890eb01-c132-4a3e-8b0c-5b7009c64cf5
2026-07-15 06:15:15.613 8 INFO neutron.db.ovn_revision_numbers_db [None req-bf5196e2-55a0-47da-9111-878a5938e6bd 446f8a40667e408b9546b9a98cee54b0 ec05642cc8764ede9c726a8339ed2e07 - - default default] Successfully bumped revision number for resource e890eb01-c132-4a3e-8b0c-5b7009c64cf5 (type: networks) to 1
2026-07-15 06:15:15.649 7 INFO neutron_taas.services.taas.taas_plugin [None req-fdf86a8e-edc7-4125-b472-8d0d7441b392 d439ef2a00bb4b7cbaf87e4feb03441c 4a8f7c1d9af94a41833931e8be4ab88a - - default default] TaaS: Handle Delete Port: fff24ce9-d6ac-4dfc-8a40-fc18624e2a9c
2026-07-15 06:15:15.651 7 INFO neutron_taas.services.taas.tap_mirror_plugin [None req-fdf86a8e-edc7-4125-b472-8d0d7441b392 d439ef2a00bb4b7cbaf87e4feb03441c 4a8f7c1d9af94a41833931e8be4ab88a - - default default] Tap Mirror: Handle Delete Port: fff24ce9-d6ac-4dfc-8a40-fc18624e2a9c
2026-07-15 06:15:15.770 8 WARNING neutron.scheduler.dhcp_agent_scheduler [None req-bf5196e2-55a0-47da-9111-878a5938e6bd 446f8a40667e408b9546b9a98cee54b0 ec05642cc8764ede9c726a8339ed2e07 - - default default] No more DHCP agents
2026-07-15 06:15:15.772 8 WARNING neutron.api.rpc.agentnotifiers.dhcp_rpc_agent_api [None req-bf5196e2-55a0-47da-9111-878a5938e6bd 446f8a40667e408b9546b9a98cee54b0 ec05642cc8764ede9c726a8339ed2e07 - - default default] Unable to schedule network e890eb01-c132-4a3e-8b0c-5b7009c64cf5: no agents available; will retry on subsequent port and subnet creation events.
2026-07-15 06:15:15.816 8 INFO neutron.plugins.ml2.drivers.ovn.mech_driver.mech_driver [None req-129b26f6-09b0-447f-a66a-2e607be12a88 - - - - - -] OVN reports status down for port: 84d2e171-18a6-4c23-88a6-66be7fdec832
2026-07-15 06:15:15.887 8 INFO neutron.db.ovn_revision_numbers_db [None req-bf5196e2-55a0-47da-9111-878a5938e6bd 446f8a40667e408b9546b9a98cee54b0 ec05642cc8764ede9c726a8339ed2e07 - - default default] Successfully bumped revision number for resource 84d2e171-18a6-4c23-88a6-66be7fdec832 (type: ports) to 1 [pid: 8|app: 0|req: 896/1828] 10.0.0.235 () {34 vars in 669 bytes} [Wed Jul 15 06:15:14 2026] POST /v2.0/networks => generated 681 bytes in 973 msecs (HTTP/1.1 201) 4 headers in 162 bytes (1 switches on core 0)
2026-07-15 06:15:16.146 8 WARNING neutron.scheduler.dhcp_agent_scheduler [None req-98a3b44c-4d7c-4481-b264-c5df584a2ad7 ba49029d2fce4814bd43f071d3b5ff74 510d8734930c43f1a93045fb7ca7d093 - - default default] No more DHCP agents
2026-07-15 06:15:16.147 8 WARNING neutron.api.rpc.agentnotifiers.dhcp_rpc_agent_api [None req-98a3b44c-4d7c-4481-b264-c5df584a2ad7 ba49029d2fce4814bd43f071d3b5ff74 510d8734930c43f1a93045fb7ca7d093 - - default default] Unable to schedule network 003ad33e-c36b-49fa-a351-c69b06175f4a: no agents available; will retry on subsequent port and subnet creation events.
2026-07-15 06:15:16.179 8 INFO neutron.db.ovn_revision_numbers_db [None req-98a3b44c-4d7c-4481-b264-c5df584a2ad7 ba49029d2fce4814bd43f071d3b5ff74 510d8734930c43f1a93045fb7ca7d093 - - default default] Successfully bumped revision number for resource 70310f73-4016-45f4-bb41-8705f8f1daee (type: subnets) to 0 [pid: 8|app: 0|req: 897/1829] 10.0.0.235 () {34 vars in 668 bytes} [Wed Jul 15 06:15:15 2026] POST /v2.0/subnets => generated 646 bytes in 271 msecs (HTTP/1.1 201) 4 headers in 162 bytes (1 switches on core 0) [pid: 8|app: 0|req: 898/1830] 199.204.45.156 () {34 vars in 993 bytes} [Wed Jul 15 06:15:16 2026] GET /v2.0/ports?device_id=3753b545-5a7e-40e4-a6f0-a9cf866eaa16 => generated 973 bytes in 29 msecs (HTTP/1.1 200) 4 headers in 157 bytes (1 switches on core 0) [pid: 8|app: 0|req: 899/1831] 10.0.0.246 () {34 vars in 989 bytes} [Wed Jul 15 06:15:16 2026] GET /v2.0/ports?device_id=3753b545-5a7e-40e4-a6f0-a9cf866eaa16 => generated 973 bytes in 27 msecs (HTTP/1.1 200) 4 headers in 157 bytes (1 switches on core 0) [pid: 7|app: 0|req: 933/1832] 10.0.0.235 () {34 vars in 788 bytes} [Wed Jul 15 06:15:15 2026] PUT /v2.0/routers/439b21e3-8226-4234-8425-3cb15eb780d8/remove_router_interface => generated 309 bytes in 954 msecs (HTTP/1.1 200) 4 headers in 157 bytes (1 switches on core 0) /var/lib/openstack/lib/python3.12/site-packages/pycadf/identifier.py:70: UserWarning: Invalid uuid: neutron. To ensure interoperability, identifiers should be a valid uuid. warnings.warn(('Invalid uuid: %s. To ensure interoperability, '
2026-07-15 06:15:16.426 8 WARNING neutron.scheduler.dhcp_agent_scheduler [None req-1e9eadee-43d4-40c4-906d-a4c7c5c5d6f1 446f8a40667e408b9546b9a98cee54b0 ec05642cc8764ede9c726a8339ed2e07 - - default default] No more DHCP agents
2026-07-15 06:15:16.427 8 WARNING neutron.api.rpc.agentnotifiers.dhcp_rpc_agent_api [None req-1e9eadee-43d4-40c4-906d-a4c7c5c5d6f1 446f8a40667e408b9546b9a98cee54b0 ec05642cc8764ede9c726a8339ed2e07 - - default default] Unable to schedule network e890eb01-c132-4a3e-8b0c-5b7009c64cf5: no agents available; will retry on subsequent port and subnet creation events.
2026-07-15 06:15:16.504 8 INFO neutron.notifiers.nova [-] Nova event matching ['req-5ec4c94c-a45c-41c8-9b68-8ceab63d246d'] response: {'server_uuid': '3753b545-5a7e-40e4-a6f0-a9cf866eaa16', 'name': 'network-vif-unplugged', 'status': 'completed', 'tag': '7548e5e3-9574-49ae-8fff-210c4eac27c4', 'code': 200}
2026-07-15 06:15:16.527 7 WARNING neutron.scheduler.dhcp_agent_scheduler [None req-fd37b63a-726e-47e6-8833-f625341bb205 ba49029d2fce4814bd43f071d3b5ff74 510d8734930c43f1a93045fb7ca7d093 - - default default] No more DHCP agents
2026-07-15 06:15:16.528 7 WARNING neutron.api.rpc.agentnotifiers.dhcp_rpc_agent_api [None req-fd37b63a-726e-47e6-8833-f625341bb205 ba49029d2fce4814bd43f071d3b5ff74 510d8734930c43f1a93045fb7ca7d093 - - default default] Unable to schedule network 003ad33e-c36b-49fa-a351-c69b06175f4a: no agents available; will retry on subsequent port and subnet creation events.
2026-07-15 06:15:16.607 8 INFO neutron.plugins.ml2.drivers.ovn.mech_driver.mech_driver [None req-129b26f6-09b0-447f-a66a-2e607be12a88 - - - - - -] OVN reports status down for port: b4ef35e8-d906-49ba-9376-1909f9054b4e
