2026-07-15 06:23:06.986 8 INFO neutron.notifiers.nova [-] Nova event matching ['req-b3a27320-1900-4407-9103-ef1a2afbe75d'] response: {'name': 'network-changed', 'server_uuid': 'd32ac489-201a-40d2-82f0-ffa0cf304194', 'tag': '5f7c7248-d415-434f-9779-681de0ba60cc', 'status': 'completed', 'code': 200} /var/lib/openstack/lib/python3.12/site-packages/pycadf/identifier.py:70: UserWarning: Invalid uuid: neutron. To ensure interoperability, identifiers should be a valid uuid. warnings.warn(('Invalid uuid: %s. To ensure interoperability, ' [pid: 8|app: 0|req: 1822/3669] 10.0.0.246 () {34 vars in 989 bytes} [Wed Jul 15 06:23:07 2026] GET /v2.0/ports?device_id=d32ac489-201a-40d2-82f0-ffa0cf304194 => generated 1196 bytes in 81 msecs (HTTP/1.1 200) 4 headers in 158 bytes (1 switches on core 0) [pid: 7|app: 0|req: 1848/3670] 10.0.0.246 () {34 vars in 1039 bytes} [Wed Jul 15 06:23:07 2026] GET /v2.0/security-groups?id=0aff93d4-880a-4784-8147-3c0e02cfc698&fields=id&fields=name => generated 112 bytes in 33 msecs (HTTP/1.1 200) 4 headers in 157 bytes (1 switches on core 0) [pid: 8|app: 0|req: 1823/3671] 199.204.45.156 () {34 vars in 1079 bytes} [Wed Jul 15 06:23:07 2026] GET /v2.0/ports?tenant_id=5e8e0cb6e9be49a5b3bec68f595c8b74&device_id=d32ac489-201a-40d2-82f0-ffa0cf304194 => generated 1434 bytes in 44 msecs (HTTP/1.1 200) 4 headers in 158 bytes (1 switches on core 0) [pid: 7|app: 0|req: 1849/3672] 199.204.45.156 () {34 vars in 985 bytes} [Wed Jul 15 06:23:07 2026] GET /v2.0/networks?id=6bc47611-a334-4fd7-a2e8-3a05cacde6f4 => generated 842 bytes in 48 msecs (HTTP/1.1 200) 4 headers in 157 bytes (1 switches on core 0) [pid: 8|app: 0|req: 1824/3673] 199.204.45.156 () {34 vars in 1055 bytes} [Wed Jul 15 06:23:07 2026] GET /v2.0/floatingips?fixed_ip_address=10.2.1.95&port_id=5f7c7248-d415-434f-9779-681de0ba60cc => generated 19 bytes in 22 msecs (HTTP/1.1 200) 4 headers in 156 bytes (1 switches on core 0) [pid: 7|app: 0|req: 1850/3674] 199.204.45.156 () {34 vars in 1103 bytes} [Wed Jul 15 06:23:07 2026] GET /v2.0/floatingips?fixed_ip_address=fd7b%3Af9f7%3Afff%3A4eca%3A%3A1bb&port_id=5f7c7248-d415-434f-9779-681de0ba60cc => generated 19 bytes in 29 msecs (HTTP/1.1 200) 4 headers in 156 bytes (1 switches on core 0) [pid: 8|app: 0|req: 1825/3675] 199.204.45.156 () {34 vars in 1063 bytes} [Wed Jul 15 06:23:07 2026] GET /v2.0/subnets?id=1572f800-62af-4b45-bde5-e137d2ee8ad2&id=4413ae8a-b66c-4487-9b0c-a8aa576ee4e7 => generated 1409 bytes in 34 msecs (HTTP/1.1 200) 4 headers in 158 bytes (1 switches on core 0) [pid: 7|app: 0|req: 1851/3676] 199.204.45.156 () {34 vars in 1051 bytes} [Wed Jul 15 06:23:07 2026] GET /v2.0/ports?network_id=6bc47611-a334-4fd7-a2e8-3a05cacde6f4&device_owner=network%3Adhcp => generated 12 bytes in 27 msecs (HTTP/1.1 200) 4 headers in 156 bytes (1 switches on core 0) [pid: 8|app: 0|req: 1826/3677] 199.204.45.156 () {34 vars in 1051 bytes} [Wed Jul 15 06:23:07 2026] GET /v2.0/ports?network_id=6bc47611-a334-4fd7-a2e8-3a05cacde6f4&device_owner=network%3Adhcp => generated 12 bytes in 24 msecs (HTTP/1.1 200) 4 headers in 156 bytes (1 switches on core 0) [pid: 7|app: 0|req: 1852/3678] 199.204.45.156 () {34 vars in 1011 bytes} [Wed Jul 15 06:23:07 2026] GET /v2.0/networks/6bc47611-a334-4fd7-a2e8-3a05cacde6f4?fields=segments => generated 14 bytes in 47 msecs (HTTP/1.1 200) 4 headers in 156 bytes (1 switches on core 0) [pid: 8|app: 0|req: 1827/3679] 199.204.45.156 () {34 vars in 1111 bytes} [Wed Jul 15 06:23:07 2026] GET /v2.0/networks/6bc47611-a334-4fd7-a2e8-3a05cacde6f4?fields=provider%3Aphysical_network&fields=provider%3Anetwork_type => generated 79 bytes in 51 msecs (HTTP/1.1 200) 4 headers in 156 bytes (1 switches on core 0)
2026-07-15 06:23:08.225 7 INFO neutron.plugins.ml2.drivers.ovn.mech_driver.mech_driver [None req-2e90a2b7-cdbb-40d0-b653-2c503babc1ec - - - - - -] OVN reports status down for port: 5f7c7248-d415-434f-9779-681de0ba60cc
2026-07-15 06:23:08.344 7 INFO neutron.notifiers.nova [-] Nova event matching ['req-edb0ec6f-001d-472a-a1ca-4a53dc9e9e15'] response: {'server_uuid': 'd32ac489-201a-40d2-82f0-ffa0cf304194', 'name': 'network-vif-unplugged', 'status': 'completed', 'tag': '5f7c7248-d415-434f-9779-681de0ba60cc', 'code': 200}
2026-07-15 06:23:08.478 7 INFO neutron.db.ovn_revision_numbers_db [None req-2e90a2b7-cdbb-40d0-b653-2c503babc1ec - - - - - -] Successfully bumped revision number for resource 5f7c7248-d415-434f-9779-681de0ba60cc (type: ports) to 6 /var/lib/openstack/lib/python3.12/site-packages/pycadf/identifier.py:70: UserWarning: Invalid uuid: neutron. To ensure interoperability, identifiers should be a valid uuid. warnings.warn(('Invalid uuid: %s. To ensure interoperability, ' [pid: 7|app: 0|req: 1853/3680] 199.204.45.156 () {34 vars in 993 bytes} [Wed Jul 15 06:23:09 2026] GET /v2.0/ports?device_id=d32ac489-201a-40d2-82f0-ffa0cf304194 => generated 1194 bytes in 71 msecs (HTTP/1.1 200) 4 headers in 158 bytes (1 switches on core 0)
2026-07-15 06:23:09.656 8 INFO neutron_taas.services.taas.taas_plugin [req-907ece21-cde2-416b-ae26-a62ed0f5f769 req-6c2423a9-391e-487f-81fb-0ecdcdb86f91 f8572c15e24f4c16a12ea7dd7f594398 5e8e0cb6e9be49a5b3bec68f595c8b74 - - default default] TaaS: Handle Delete Port: 5f7c7248-d415-434f-9779-681de0ba60cc
2026-07-15 06:23:09.660 8 INFO neutron_taas.services.taas.tap_mirror_plugin [req-907ece21-cde2-416b-ae26-a62ed0f5f769 req-6c2423a9-391e-487f-81fb-0ecdcdb86f91 f8572c15e24f4c16a12ea7dd7f594398 5e8e0cb6e9be49a5b3bec68f595c8b74 - - default default] Tap Mirror: Handle Delete Port: 5f7c7248-d415-434f-9779-681de0ba60cc [pid: 8|app: 0|req: 1828/3681] 199.204.45.156 () {36 vars in 996 bytes} [Wed Jul 15 06:23:09 2026] DELETE /v2.0/ports/5f7c7248-d415-434f-9779-681de0ba60cc => generated 0 bytes in 332 msecs (HTTP/1.1 204) 3 headers in 131 bytes (1 switches on core 0)
2026-07-15 06:23:09.865 8 INFO neutron.notifiers.nova [-] Nova event matching ['req-72e571d3-d6f0-4eca-940b-8bb59a8e0aa6'] response: {'server_uuid': 'd32ac489-201a-40d2-82f0-ffa0cf304194', 'name': 'network-vif-deleted', 'tag': '5f7c7248-d415-434f-9779-681de0ba60cc', 'status': 'completed', 'code': 200}
2026-07-15 06:23:10.386 7 INFO neutron.notifiers.nova [-] Nova event matching ['req-858e94ec-29a2-40c2-be2d-7da0f31e8a07'] response: {'server_uuid': 'd32ac489-201a-40d2-82f0-ffa0cf304194', 'name': 'network-vif-unplugged', 'status': 'completed', 'tag': '5f7c7248-d415-434f-9779-681de0ba60cc', 'code': 200} [pid: 7|app: 0|req: 1854/3682] 10.0.0.246 () {34 vars in 989 bytes} [Wed Jul 15 06:23:12 2026] GET /v2.0/ports?device_id=d32ac489-201a-40d2-82f0-ffa0cf304194 => generated 12 bytes in 21 msecs (HTTP/1.1 200) 4 headers in 156 bytes (1 switches on core 0) [pid: 8|app: 0|req: 1830/3685] 10.0.0.235 () {32 vars in 749 bytes} [Wed Jul 15 06:23:17 2026] DELETE /v2.0/security-group-rules/e32e1727-6ad1-416d-903c-5fd77274a1c0 => generated 0 bytes in 162 msecs (HTTP/1.1 204) 2 headers in 112 bytes (1 switches on core 0)
2026-07-15 06:23:17.591 7 INFO neutron.api.v2.resource [None req-c5a5ed04-ef1e-45fa-8cf4-576911d570bf f8572c15e24f4c16a12ea7dd7f594398 5e8e0cb6e9be49a5b3bec68f595c8b74 - - default default] show failed (client error): The resource could not be found. [pid: 7|app: 0|req: 1856/3686] 10.0.0.235 () {32 vars in 746 bytes} [Wed Jul 15 06:23:17 2026] GET /v2.0/security-group-rules/e32e1727-6ad1-416d-903c-5fd77274a1c0 => generated 155 bytes in 12 msecs (HTTP/1.1 404) 4 headers in 164 bytes (1 switches on core 0) [pid: 8|app: 0|req: 1831/3687] 10.0.0.235 () {32 vars in 749 bytes} [Wed Jul 15 06:23:17 2026] DELETE /v2.0/security-group-rules/2531a006-d68c-40d5-a243-d2ccd522b315 => generated 0 bytes in 141 msecs (HTTP/1.1 204) 2 headers in 112 bytes (1 switches on core 0)
2026-07-15 06:23:17.758 7 INFO neutron.api.v2.resource [None req-4e6d11e3-9a6e-4737-bb60-b0440107bfbe f8572c15e24f4c16a12ea7dd7f594398 5e8e0cb6e9be49a5b3bec68f595c8b74 - - default default] show failed (client error): The resource could not be found. [pid: 7|app: 0|req: 1857/3688] 10.0.0.235 () {32 vars in 746 bytes} [Wed Jul 15 06:23:17 2026] GET /v2.0/security-group-rules/2531a006-d68c-40d5-a243-d2ccd522b315 => generated 155 bytes in 16 msecs (HTTP/1.1 404) 4 headers in 164 bytes (1 switches on core 0) [pid: 8|app: 0|req: 1832/3689] 10.0.0.235 () {32 vars in 749 bytes} [Wed Jul 15 06:23:17 2026] DELETE /v2.0/security-group-rules/836597ff-0353-4a06-844f-6d9ed754b8fa => generated 0 bytes in 126 msecs (HTTP/1.1 204) 2 headers in 112 bytes (1 switches on core 0)
2026-07-15 06:23:17.908 7 INFO neutron.api.v2.resource [None req-cad6cc14-a5d8-4176-aed4-54a2850be99d f8572c15e24f4c16a12ea7dd7f594398 5e8e0cb6e9be49a5b3bec68f595c8b74 - - default default] show failed (client error): The resource could not be found. [pid: 7|app: 0|req: 1858/3690] 10.0.0.235 () {32 vars in 746 bytes} [Wed Jul 15 06:23:17 2026] GET /v2.0/security-group-rules/836597ff-0353-4a06-844f-6d9ed754b8fa => generated 155 bytes in 14 msecs (HTTP/1.1 404) 4 headers in 164 bytes (1 switches on core 0) [pid: 8|app: 0|req: 1833/3691] 10.0.0.235 () {32 vars in 749 bytes} [Wed Jul 15 06:23:17 2026] DELETE /v2.0/security-group-rules/515361ae-f385-4bee-a2f3-ed2afe517625 => generated 0 bytes in 107 msecs (HTTP/1.1 204) 2 headers in 112 bytes (1 switches on core 0)
2026-07-15 06:23:18.035 7 INFO neutron.api.v2.resource [None req-9a63d877-123e-4e8a-bda5-5726035b27c7 f8572c15e24f4c16a12ea7dd7f594398 5e8e0cb6e9be49a5b3bec68f595c8b74 - - default default] show failed (client error): The resource could not be found. [pid: 7|app: 0|req: 1859/3692] 10.0.0.235 () {32 vars in 746 bytes} [Wed Jul 15 06:23:18 2026] GET /v2.0/security-group-rules/515361ae-f385-4bee-a2f3-ed2afe517625 => generated 155 bytes in 11 msecs (HTTP/1.1 404) 4 headers in 164 bytes (1 switches on core 0) [pid: 8|app: 0|req: 1834/3693] 10.0.0.235 () {32 vars in 749 bytes} [Wed Jul 15 06:23:18 2026] DELETE /v2.0/security-group-rules/61f09a94-83cc-4ee4-bd29-bee0a74564d9 => generated 0 bytes in 111 msecs (HTTP/1.1 204) 2 headers in 112 bytes (1 switches on core 0)
2026-07-15 06:23:18.174 7 INFO neutron.api.v2.resource [None req-400a50ca-03be-41cd-a4bd-e51ab63b70f8 f8572c15e24f4c16a12ea7dd7f594398 5e8e0cb6e9be49a5b3bec68f595c8b74 - - default default] show failed (client error): The resource could not be found. [pid: 7|app: 0|req: 1860/3694] 10.0.0.235 () {32 vars in 746 bytes} [Wed Jul 15 06:23:18 2026] GET /v2.0/security-group-rules/61f09a94-83cc-4ee4-bd29-bee0a74564d9 => generated 155 bytes in 15 msecs (HTTP/1.1 404) 4 headers in 164 bytes (1 switches on core 0) [pid: 8|app: 0|req: 1835/3695] 10.0.0.235 () {32 vars in 749 bytes} [Wed Jul 15 06:23:18 2026] DELETE /v2.0/security-group-rules/c8f0e7ef-4d2b-4433-a400-6ce1246f5806 => generated 0 bytes in 140 msecs (HTTP/1.1 204) 2 headers in 112 bytes (1 switches on core 0)
2026-07-15 06:23:18.337 7 INFO neutron.api.v2.resource [None req-6155b44e-8c4f-4c73-a81a-62b69e1f500c f8572c15e24f4c16a12ea7dd7f594398 5e8e0cb6e9be49a5b3bec68f595c8b74 - - default default] show failed (client error): The resource could not be found. [pid: 7|app: 0|req: 1861/3696] 10.0.0.235 () {32 vars in 746 bytes} [Wed Jul 15 06:23:18 2026] GET /v2.0/security-group-rules/c8f0e7ef-4d2b-4433-a400-6ce1246f5806 => generated 155 bytes in 13 msecs (HTTP/1.1 404) 4 headers in 164 bytes (1 switches on core 0) [pid: 8|app: 0|req: 1836/3697] 10.0.0.235 () {32 vars in 749 bytes} [Wed Jul 15 06:23:18 2026] DELETE /v2.0/security-group-rules/da2c9b8d-2bf0-45d0-afb2-ba7bf6b7c9ce => generated 0 bytes in 121 msecs (HTTP/1.1 204) 2 headers in 112 bytes (1 switches on core 0)
2026-07-15 06:23:18.483 7 INFO neutron.api.v2.resource [None req-d5af898e-d6c9-47b4-822b-371198966853 f8572c15e24f4c16a12ea7dd7f594398 5e8e0cb6e9be49a5b3bec68f595c8b74 - - default default] show failed (client error): The resource could not be found. [pid: 7|app: 0|req: 1862/3698] 10.0.0.235 () {32 vars in 746 bytes} [Wed Jul 15 06:23:18 2026] GET /v2.0/security-group-rules/da2c9b8d-2bf0-45d0-afb2-ba7bf6b7c9ce => generated 155 bytes in 16 msecs (HTTP/1.1 404) 4 headers in 164 bytes (1 switches on core 0) [pid: 8|app: 0|req: 1837/3699] 10.0.0.235 () {32 vars in 749 bytes} [Wed Jul 15 06:23:18 2026] DELETE /v2.0/security-group-rules/8826350e-9d50-41cc-96f7-b109bccba1b6 => generated 0 bytes in 130 msecs (HTTP/1.1 204) 2 headers in 112 bytes (1 switches on core 0)
2026-07-15 06:23:18.638 7 INFO neutron.api.v2.resource [None req-ea2a74be-ac59-4a1f-bcca-96082c2ae3d1 f8572c15e24f4c16a12ea7dd7f594398 5e8e0cb6e9be49a5b3bec68f595c8b74 - - default default] show failed (client error): The resource could not be found. [pid: 7|app: 0|req: 1863/3700] 10.0.0.235 () {32 vars in 746 bytes} [Wed Jul 15 06:23:18 2026] GET /v2.0/security-group-rules/8826350e-9d50-41cc-96f7-b109bccba1b6 => generated 155 bytes in 15 msecs (HTTP/1.1 404) 4 headers in 164 bytes (1 switches on core 0) [pid: 8|app: 0|req: 1838/3701] 10.0.0.235 () {32 vars in 749 bytes} [Wed Jul 15 06:23:18 2026] DELETE /v2.0/security-group-rules/1644aaac-6323-49a9-b3f9-fdbac781f3c7 => generated 0 bytes in 110 msecs (HTTP/1.1 204) 2 headers in 112 bytes (1 switches on core 0)
2026-07-15 06:23:18.773 7 INFO neutron.api.v2.resource [None req-7342754f-a73d-4168-ac9c-721b52c55e51 f8572c15e24f4c16a12ea7dd7f594398 5e8e0cb6e9be49a5b3bec68f595c8b74 - - default default] show failed (client error): The resource could not be found. [pid: 7|app: 0|req: 1864/3702] 10.0.0.235 () {32 vars in 746 bytes} [Wed Jul 15 06:23:18 2026] GET /v2.0/security-group-rules/1644aaac-6323-49a9-b3f9-fdbac781f3c7 => generated 155 bytes in 14 msecs (HTTP/1.1 404) 4 headers in 164 bytes (1 switches on core 0) [pid: 8|app: 0|req: 1839/3703] 10.0.0.235 () {32 vars in 749 bytes} [Wed Jul 15 06:23:18 2026] DELETE /v2.0/security-group-rules/42d8584d-1fdd-453c-8557-33508a3126fb => generated 0 bytes in 117 msecs (HTTP/1.1 204) 2 headers in 112 bytes (1 switches on core 0)
2026-07-15 06:23:18.911 7 INFO neutron.api.v2.resource [None req-1b604f35-f10f-4a35-898c-7cb100d99004 f8572c15e24f4c16a12ea7dd7f594398 5e8e0cb6e9be49a5b3bec68f595c8b74 - - default default] show failed (client error): The resource could not be found. [pid: 7|app: 0|req: 1865/3704] 10.0.0.235 () {32 vars in 746 bytes} [Wed Jul 15 06:23:18 2026] GET /v2.0/security-group-rules/42d8584d-1fdd-453c-8557-33508a3126fb => generated 155 bytes in 11 msecs (HTTP/1.1 404) 4 headers in 164 bytes (1 switches on core 0) [pid: 8|app: 0|req: 1840/3705] 10.0.0.235 () {32 vars in 749 bytes} [Wed Jul 15 06:23:18 2026] DELETE /v2.0/security-group-rules/fb48db2f-be8c-4a86-b8f8-0ccbe2b1732f => generated 0 bytes in 116 msecs (HTTP/1.1 204) 2 headers in 112 bytes (1 switches on core 0)
2026-07-15 06:23:19.049 7 INFO neutron.api.v2.resource [None req-630c091b-7e15-44ff-be83-704884deeb73 f8572c15e24f4c16a12ea7dd7f594398 5e8e0cb6e9be49a5b3bec68f595c8b74 - - default default] show failed (client error): The resource could not be found. [pid: 7|app: 0|req: 1866/3706] 10.0.0.235 () {32 vars in 746 bytes} [Wed Jul 15 06:23:19 2026] GET /v2.0/security-group-rules/fb48db2f-be8c-4a86-b8f8-0ccbe2b1732f => generated 155 bytes in 13 msecs (HTTP/1.1 404) 4 headers in 164 bytes (1 switches on core 0) [pid: 8|app: 0|req: 1841/3707] 10.0.0.235 () {32 vars in 739 bytes} [Wed Jul 15 06:23:19 2026] DELETE /v2.0/security-groups/0aff93d4-880a-4784-8147-3c0e02cfc698 => generated 0 bytes in 158 msecs (HTTP/1.1 204) 2 headers in 112 bytes (1 switches on core 0)
2026-07-15 06:23:19.231 7 INFO neutron.api.v2.resource [None req-88dd53ba-f5a6-490d-8f95-42f8f0971478 f8572c15e24f4c16a12ea7dd7f594398 5e8e0cb6e9be49a5b3bec68f595c8b74 - - default default] show failed (client error): The resource could not be found. [pid: 7|app: 0|req: 1867/3708] 10.0.0.235 () {32 vars in 736 bytes} [Wed Jul 15 06:23:19 2026] GET /v2.0/security-groups/0aff93d4-880a-4784-8147-3c0e02cfc698 => generated 146 bytes in 13 msecs (HTTP/1.1 404) 4 headers in 164 bytes (1 switches on core 0)
2026-07-15 06:23:19.668 8 INFO neutron_taas.services.taas.taas_plugin [None req-68c696ca-266d-465c-9e4d-1cc5ef54224a f8572c15e24f4c16a12ea7dd7f594398 5e8e0cb6e9be49a5b3bec68f595c8b74 - - default default] TaaS: Handle Delete Port: 51478799-8b45-4445-88a8-a0d77227a020
2026-07-15 06:23:19.671 8 INFO neutron_taas.services.taas.tap_mirror_plugin [None req-68c696ca-266d-465c-9e4d-1cc5ef54224a f8572c15e24f4c16a12ea7dd7f594398 5e8e0cb6e9be49a5b3bec68f595c8b74 - - default default] Tap Mirror: Handle Delete Port: 51478799-8b45-4445-88a8-a0d77227a020 [pid: 8|app: 0|req: 1842/3709] 10.0.0.235 () {34 vars in 788 bytes} [Wed Jul 15 06:23:19 2026] PUT /v2.0/routers/ec34d9ca-b6de-4da9-a5cf-9d1f39ae17f9/remove_router_interface => generated 309 bytes in 880 msecs (HTTP/1.1 200) 4 headers in 157 bytes (1 switches on core 0)
2026-07-15 06:23:20.333 7 INFO neutron.api.v2.resource [None req-f219e243-19a2-4233-a2f3-fd2135952606 f8572c15e24f4c16a12ea7dd7f594398 5e8e0cb6e9be49a5b3bec68f595c8b74 - - default default] remove_router_interface failed (client error): The resource could not be found. [pid: 7|app: 0|req: 1868/3710] 10.0.0.235 () {34 vars in 788 bytes} [Wed Jul 15 06:23:20 2026] PUT /v2.0/routers/ec34d9ca-b6de-4da9-a5cf-9d1f39ae17f9/remove_router_interface => generated 198 bytes in 112 msecs (HTTP/1.1 404) 4 headers in 164 bytes (1 switches on core 0) /var/lib/openstack/lib/python3.12/site-packages/pycadf/identifier.py:70: UserWarning: Invalid uuid: neutron. To ensure interoperability, identifiers should be a valid uuid. warnings.warn(('Invalid uuid: %s. To ensure interoperability, '
2026-07-15 06:23:20.613 8 INFO neutron_taas.services.taas.taas_plugin [None req-852c7701-370c-4ff3-b1f1-a7fc49a46a10 f8572c15e24f4c16a12ea7dd7f594398 5e8e0cb6e9be49a5b3bec68f595c8b74 - - default default] TaaS: Handle Delete Port: 1bb29ab0-8ffc-4416-aa3b-a3efba36b879
2026-07-15 06:23:20.617 8 INFO neutron_taas.services.taas.tap_mirror_plugin [None req-852c7701-370c-4ff3-b1f1-a7fc49a46a10 f8572c15e24f4c16a12ea7dd7f594398 5e8e0cb6e9be49a5b3bec68f595c8b74 - - default default] Tap Mirror: Handle Delete Port: 1bb29ab0-8ffc-4416-aa3b-a3efba36b879 [pid: 8|app: 0|req: 1843/3711] 10.0.0.235 () {34 vars in 788 bytes} [Wed Jul 15 06:23:20 2026] PUT /v2.0/routers/ec34d9ca-b6de-4da9-a5cf-9d1f39ae17f9/remove_router_interface => generated 309 bytes in 860 msecs (HTTP/1.1 200) 4 headers in 157 bytes (1 switches on core 0)
2026-07-15 06:23:21.306 7 INFO neutron.api.v2.resource [None req-7ff26e82-c3fd-4872-acb4-055e17c0ad84 f8572c15e24f4c16a12ea7dd7f594398 5e8e0cb6e9be49a5b3bec68f595c8b74 - - default default] remove_router_interface failed (client error): The resource could not be found. [pid: 7|app: 0|req: 1869/3712] 10.0.0.235 () {34 vars in 788 bytes} [Wed Jul 15 06:23:21 2026] PUT /v2.0/routers/ec34d9ca-b6de-4da9-a5cf-9d1f39ae17f9/remove_router_interface => generated 198 bytes in 103 msecs (HTTP/1.1 404) 4 headers in 164 bytes (1 switches on core 0) /var/lib/openstack/lib/python3.12/site-packages/pycadf/identifier.py:70: UserWarning: Invalid uuid: neutron. To ensure interoperability, identifiers should be a valid uuid. warnings.warn(('Invalid uuid: %s. To ensure interoperability, '
2026-07-15 06:23:21.611 8 INFO neutron_taas.services.taas.taas_plugin [None req-0047b156-f92c-4980-9ba9-55bb5026490e f8572c15e24f4c16a12ea7dd7f594398 5e8e0cb6e9be49a5b3bec68f595c8b74 - - default default] TaaS: Handle Delete Port: 22db6f96-3d5b-4846-aec6-d3b5479cd9dc
2026-07-15 06:23:21.615 8 INFO neutron_taas.services.taas.tap_mirror_plugin [None req-0047b156-f92c-4980-9ba9-55bb5026490e f8572c15e24f4c16a12ea7dd7f594398 5e8e0cb6e9be49a5b3bec68f595c8b74 - - default default] Tap Mirror: Handle Delete Port: 22db6f96-3d5b-4846-aec6-d3b5479cd9dc [pid: 8|app: 0|req: 1844/3713] 10.0.0.235 () {34 vars in 788 bytes} [Wed Jul 15 06:23:21 2026] PUT /v2.0/routers/ec34d9ca-b6de-4da9-a5cf-9d1f39ae17f9/remove_router_interface => generated 309 bytes in 857 msecs (HTTP/1.1 200) 4 headers in 157 bytes (1 switches on core 0)
2026-07-15 06:23:22.283 7 INFO neutron.api.v2.resource [None req-35f69428-2b46-4c08-9c33-1bc46a89b3fe f8572c15e24f4c16a12ea7dd7f594398 5e8e0cb6e9be49a5b3bec68f595c8b74 - - default default] remove_router_interface failed (client error): The resource could not be found. [pid: 7|app: 0|req: 1870/3714] 10.0.0.235 () {34 vars in 788 bytes} [Wed Jul 15 06:23:22 2026] PUT /v2.0/routers/ec34d9ca-b6de-4da9-a5cf-9d1f39ae17f9/remove_router_interface => generated 198 bytes in 106 msecs (HTTP/1.1 404) 4 headers in 164 bytes (1 switches on core 0) /var/lib/openstack/lib/python3.12/site-packages/pycadf/identifier.py:70: UserWarning: Invalid uuid: neutron. To ensure interoperability, identifiers should be a valid uuid. warnings.warn(('Invalid uuid: %s. To ensure interoperability, '
2026-07-15 06:23:22.632 8 INFO neutron_taas.services.taas.taas_plugin [None req-2c1852b7-2fef-4cc3-b175-4942d8611f67 f8572c15e24f4c16a12ea7dd7f594398 5e8e0cb6e9be49a5b3bec68f595c8b74 - - default default] TaaS: Handle Delete Port: e4c7c9e2-31a7-4d8f-b095-9f848d9c10a6
2026-07-15 06:23:22.636 8 INFO neutron_taas.services.taas.tap_mirror_plugin [None req-2c1852b7-2fef-4cc3-b175-4942d8611f67 f8572c15e24f4c16a12ea7dd7f594398 5e8e0cb6e9be49a5b3bec68f595c8b74 - - default default] Tap Mirror: Handle Delete Port: e4c7c9e2-31a7-4d8f-b095-9f848d9c10a6 [pid: 8|app: 0|req: 1845/3715] 10.0.0.235 () {32 vars in 723 bytes} [Wed Jul 15 06:23:22 2026] DELETE /v2.0/routers/ec34d9ca-b6de-4da9-a5cf-9d1f39ae17f9 => generated 0 bytes in 777 msecs (HTTP/1.1 204) 2 headers in 112 bytes (1 switches on core 0)
2026-07-15 06:23:23.097 7 INFO neutron.api.v2.resource [None req-fae7b56d-9376-42c2-86c3-faefb0a5ea96 f8572c15e24f4c16a12ea7dd7f594398 5e8e0cb6e9be49a5b3bec68f595c8b74 - - default default] show failed (client error): The resource could not be found. [pid: 7|app: 0|req: 1871/3716] 10.0.0.235 () {32 vars in 720 bytes} [Wed Jul 15 06:23:23 2026] GET /v2.0/routers/ec34d9ca-b6de-4da9-a5cf-9d1f39ae17f9 => generated 135 bytes in 22 msecs (HTTP/1.1 404) 4 headers in 164 bytes (1 switches on core 0) [pid: 8|app: 0|req: 1846/3717] 10.0.0.235 () {32 vars in 723 bytes} [Wed Jul 15 06:23:23 2026] DELETE /v2.0/subnets/9ae66f57-c62e-4485-a1b7-2e12928d7617 => generated 0 bytes in 145 msecs (HTTP/1.1 204) 3 headers in 131 bytes (1 switches on core 0)
2026-07-15 06:23:23.274 7 INFO neutron.pecan_wsgi.hooks.translation [None req-15fc9023-27c9-4612-89d2-c34f776db53a f8572c15e24f4c16a12ea7dd7f594398 5e8e0cb6e9be49a5b3bec68f595c8b74 - - default default] GET failed (client error): The resource could not be found. [pid: 7|app: 0|req: 1872/3718] 10.0.0.235 () {32 vars in 720 bytes} [Wed Jul 15 06:23:23 2026] GET /v2.0/subnets/9ae66f57-c62e-4485-a1b7-2e12928d7617 => generated 136 bytes in 23 msecs (HTTP/1.1 404) 4 headers in 164 bytes (1 switches on core 0) [pid: 8|app: 0|req: 1847/3719] 10.0.0.235 () {32 vars in 723 bytes} [Wed Jul 15 06:23:23 2026] DELETE /v2.0/subnets/20ee8f3b-be69-436a-bf6c-f53fa5ad2289 => generated 0 bytes in 163 msecs (HTTP/1.1 204) 3 headers in 131 bytes (1 switches on core 0)
2026-07-15 06:23:23.463 7 INFO neutron.pecan_wsgi.hooks.translation [None req-29c39241-4693-450c-867e-b6c87664c924 f8572c15e24f4c16a12ea7dd7f594398 5e8e0cb6e9be49a5b3bec68f595c8b74 - - default default] GET failed (client error): The resource could not be found. [pid: 7|app: 0|req: 1873/3720] 10.0.0.235 () {32 vars in 720 bytes} [Wed Jul 15 06:23:23 2026] GET /v2.0/subnets/20ee8f3b-be69-436a-bf6c-f53fa5ad2289 => generated 136 bytes in 15 msecs (HTTP/1.1 404) 4 headers in 164 bytes (1 switches on core 0)
2026-07-15 06:23:23.590 8 INFO neutron_taas.services.taas.taas_plugin [None req-56ba5b82-a99f-411e-b343-8525cb5c3847 f8572c15e24f4c16a12ea7dd7f594398 5e8e0cb6e9be49a5b3bec68f595c8b74 - - default default] TaaS: Handle Delete Port: ae9a3351-8672-4b00-899f-d7ed382a77ae
2026-07-15 06:23:23.593 8 INFO neutron_taas.services.taas.tap_mirror_plugin [None req-56ba5b82-a99f-411e-b343-8525cb5c3847 f8572c15e24f4c16a12ea7dd7f594398 5e8e0cb6e9be49a5b3bec68f595c8b74 - - default default] Tap Mirror: Handle Delete Port: ae9a3351-8672-4b00-899f-d7ed382a77ae
2026-07-15 06:23:23.792 8 INFO neutron.services.segments.plugin [-] Segment 1e618c2a-ffbf-421c-a085-d6bdb4f70758 resource provider aggregate not found
2026-07-15 06:23:23.793 8 INFO neutron.services.segments.plugin [-] Segment 1e618c2a-ffbf-421c-a085-d6bdb4f70758 resource provider aggregate not found
2026-07-15 06:23:23.816 8 INFO neutron.services.segments.plugin [-] Client error retrieving segment 1e618c2a-ffbf-421c-a085-d6bdb4f70758 resource provider; error: Placement Client Error (4xx): {"errors": [{"status": 404, "title": "Not Found", "detail": "The resource could not be found.\n\n No resource provider with uuid 1e618c2a-ffbf-421c-a085-d6bdb4f70758 found for delete ", "request_id": "req-df0d6cf3-6fee-4409-a01c-86105f2b9600"}]}
2026-07-15 06:23:23.817 8 INFO neutron.services.segments.plugin [-] Client error retrieving segment 1e618c2a-ffbf-421c-a085-d6bdb4f70758 resource provider; error: Placement Client Error (4xx): {"errors": [{"status": 404, "title": "Not Found", "detail": "The resource could not be found.\n\n No resource provider with uuid 1e618c2a-ffbf-421c-a085-d6bdb4f70758 found for delete ", "request_id": "req-e9bd6ebe-c2d1-4f43-b0f5-39ad285076b1"}]} [pid: 8|app: 0|req: 1848/3721] 10.0.0.235 () {32 vars in 725 bytes} [Wed Jul 15 06:23:23 2026] DELETE /v2.0/networks/46cc9508-dac1-4aac-b855-22d4af261cfb => generated 0 bytes in 370 msecs (HTTP/1.1 204) 3 headers in 131 bytes (1 switches on core 0)
2026-07-15 06:23:23.863 7 INFO neutron.pecan_wsgi.hooks.translation [None req-b91c4000-f454-462a-8f06-938039a031f7 f8572c15e24f4c16a12ea7dd7f594398 5e8e0cb6e9be49a5b3bec68f595c8b74 - - default default] GET failed (client error): The resource could not be found. [pid: 7|app: 0|req: 1874/3722] 10.0.0.235 () {32 vars in 722 bytes} [Wed Jul 15 06:23:23 2026] GET /v2.0/networks/46cc9508-dac1-4aac-b855-22d4af261cfb => generated 138 bytes in 20 msecs (HTTP/1.1 404) 4 headers in 164 bytes (1 switches on core 0) [pid: 8|app: 0|req: 1849/3723] 10.0.0.235 () {32 vars in 723 bytes} [Wed Jul 15 06:23:23 2026] DELETE /v2.0/subnets/4413ae8a-b66c-4487-9b0c-a8aa576ee4e7 => generated 0 bytes in 155 msecs (HTTP/1.1 204) 3 headers in 131 bytes (1 switches on core 0)
2026-07-15 06:23:24.048 7 INFO neutron.pecan_wsgi.hooks.translation [None req-85982364-fb62-46d4-8514-afb7cd3698c0 f8572c15e24f4c16a12ea7dd7f594398 5e8e0cb6e9be49a5b3bec68f595c8b74 - - default default] GET failed (client error): The resource could not be found. [pid: 7|app: 0|req: 1875/3724] 10.0.0.235 () {32 vars in 720 bytes} [Wed Jul 15 06:23:24 2026] GET /v2.0/subnets/4413ae8a-b66c-4487-9b0c-a8aa576ee4e7 => generated 136 bytes in 20 msecs (HTTP/1.1 404) 4 headers in 164 bytes (1 switches on core 0) [pid: 8|app: 0|req: 1850/3725] 10.0.0.235 () {32 vars in 723 bytes} [Wed Jul 15 06:23:24 2026] DELETE /v2.0/subnets/1572f800-62af-4b45-bde5-e137d2ee8ad2 => generated 0 bytes in 238 msecs (HTTP/1.1 204) 3 headers in 131 bytes (1 switches on core 0)
2026-07-15 06:23:24.316 7 INFO neutron.pecan_wsgi.hooks.translation [None req-9f6ae592-6785-4b27-9d7b-16e85aff2cb3 f8572c15e24f4c16a12ea7dd7f594398 5e8e0cb6e9be49a5b3bec68f595c8b74 - - default default] GET failed (client error): The resource could not be found. [pid: 7|app: 0|req: 1876/3726] 10.0.0.235 () {32 vars in 720 bytes} [Wed Jul 15 06:23:24 2026] GET /v2.0/subnets/1572f800-62af-4b45-bde5-e137d2ee8ad2 => generated 136 bytes in 18 msecs (HTTP/1.1 404) 4 headers in 164 bytes (1 switches on core 0)
2026-07-15 06:23:24.447 8 INFO neutron_taas.services.taas.taas_plugin [None req-28a9e830-e1d3-4970-9ea9-3b63b498b5fe f8572c15e24f4c16a12ea7dd7f594398 5e8e0cb6e9be49a5b3bec68f595c8b74 - - default default] TaaS: Handle Delete Port: 6471b9f8-b624-48a4-b491-964879aeeacb
2026-07-15 06:23:24.449 8 INFO neutron_taas.services.taas.tap_mirror_plugin [None req-28a9e830-e1d3-4970-9ea9-3b63b498b5fe f8572c15e24f4c16a12ea7dd7f594398 5e8e0cb6e9be49a5b3bec68f595c8b74 - - default default] Tap Mirror: Handle Delete Port: 6471b9f8-b624-48a4-b491-964879aeeacb [pid: 8|app: 0|req: 1851/3727] 10.0.0.235 () {32 vars in 725 bytes} [Wed Jul 15 06:23:24 2026] DELETE /v2.0/networks/6bc47611-a334-4fd7-a2e8-3a05cacde6f4 => generated 0 bytes in 343 msecs (HTTP/1.1 204) 3 headers in 131 bytes (1 switches on core 0)
2026-07-15 06:23:24.686 7 INFO neutron.pecan_wsgi.hooks.translation [None req-d663aa5d-f522-4754-8852-471a39f12134 f8572c15e24f4c16a12ea7dd7f594398 5e8e0cb6e9be49a5b3bec68f595c8b74 - - default default] GET failed (client error): The resource could not be found. [pid: 7|app: 0|req: 1877/3728] 10.0.0.235 () {32 vars in 722 bytes} [Wed Jul 15 06:23:24 2026] GET /v2.0/networks/6bc47611-a334-4fd7-a2e8-3a05cacde6f4 => generated 138 bytes in 17 msecs (HTTP/1.1 404) 4 headers in 164 bytes (1 switches on core 0) [pid: 8|app: 0|req: 1852/3729] 10.0.0.235 () {32 vars in 723 bytes} [Wed Jul 15 06:23:24 2026] DELETE /v2.0/subnets/775107d3-19b0-4861-9020-c796efb1e9eb => generated 0 bytes in 141 msecs (HTTP/1.1 204) 3 headers in 131 bytes (1 switches on core 0)
2026-07-15 06:23:24.855 7 INFO neutron.pecan_wsgi.hooks.translation [None req-353aef1c-2ce2-43c7-8387-48ef685888ec f8572c15e24f4c16a12ea7dd7f594398 5e8e0cb6e9be49a5b3bec68f595c8b74 - - default default] GET failed (client error): The resource could not be found. [pid: 7|app: 0|req: 1878/3730] 10.0.0.235 () {32 vars in 720 bytes} [Wed Jul 15 06:23:24 2026] GET /v2.0/subnets/775107d3-19b0-4861-9020-c796efb1e9eb => generated 136 bytes in 16 msecs (HTTP/1.1 404) 4 headers in 164 bytes (1 switches on core 0) [pid: 8|app: 0|req: 1853/3731] 10.0.0.235 () {32 vars in 723 bytes} [Wed Jul 15 06:23:24 2026] DELETE /v2.0/subnets/90784a93-54bb-46b6-ace8-74a9fb15b49b => generated 0 bytes in 168 msecs (HTTP/1.1 204) 3 headers in 131 bytes (1 switches on core 0)
2026-07-15 06:23:25.054 7 INFO neutron.pecan_wsgi.hooks.translation [None req-dc2f3c5b-340a-401d-8ced-cbd4b9752d5f f8572c15e24f4c16a12ea7dd7f594398 5e8e0cb6e9be49a5b3bec68f595c8b74 - - default default] GET failed (client error): The resource could not be found. [pid: 7|app: 0|req: 1879/3732] 10.0.0.235 () {32 vars in 720 bytes} [Wed Jul 15 06:23:25 2026] GET /v2.0/subnets/90784a93-54bb-46b6-ace8-74a9fb15b49b => generated 136 bytes in 25 msecs (HTTP/1.1 404) 4 headers in 164 bytes (1 switches on core 0)
2026-07-15 06:23:25.197 8 INFO neutron_taas.services.taas.taas_plugin [None req-2eaf2987-45e7-461a-bcdd-0eaa0ca1504d f8572c15e24f4c16a12ea7dd7f594398 5e8e0cb6e9be49a5b3bec68f595c8b74 - - default default] TaaS: Handle Delete Port: ea82f39a-1618-4f1d-bfc2-77a3f0c65726
2026-07-15 06:23:25.201 8 INFO neutron_taas.services.taas.tap_mirror_plugin [None req-2eaf2987-45e7-461a-bcdd-0eaa0ca1504d f8572c15e24f4c16a12ea7dd7f594398 5e8e0cb6e9be49a5b3bec68f595c8b74 - - default default] Tap Mirror: Handle Delete Port: ea82f39a-1618-4f1d-bfc2-77a3f0c65726 [pid: 8|app: 0|req: 1854/3733] 10.0.0.235 () {32 vars in 725 bytes} [Wed Jul 15 06:23:25 2026] DELETE /v2.0/networks/bbbdc00c-ce61-4921-92bf-f1104fa2a7d4 => generated 0 bytes in 349 msecs (HTTP/1.1 204) 3 headers in 131 bytes (1 switches on core 0)
2026-07-15 06:23:25.430 7 INFO neutron.pecan_wsgi.hooks.translation [None req-aa6bad11-fa21-4745-88f6-85b8b33e267c f8572c15e24f4c16a12ea7dd7f594398 5e8e0cb6e9be49a5b3bec68f595c8b74 - - default default] GET failed (client error): The resource could not be found. [pid: 7|app: 0|req: 1880/3734] 10.0.0.235 () {32 vars in 722 bytes} [Wed Jul 15 06:23:25 2026] GET /v2.0/networks/bbbdc00c-ce61-4921-92bf-f1104fa2a7d4 => generated 138 bytes in 15 msecs (HTTP/1.1 404) 4 headers in 164 bytes (1 switches on core 0)
2026-07-15 06:23:25.842 8 INFO neutron.services.segments.plugin [-] Segment 6a3697f8-34e9-45de-ad71-100f3c416147 resource provider aggregate not found
2026-07-15 06:23:25.847 8 INFO neutron.services.segments.plugin [-] Segment 6a3697f8-34e9-45de-ad71-100f3c416147 resource provider aggregate not found
2026-07-15 06:23:25.858 8 INFO neutron.services.segments.plugin [-] Client error retrieving segment 6a3697f8-34e9-45de-ad71-100f3c416147 resource provider; error: Placement Client Error (4xx): {"errors": [{"status": 404, "title": "Not Found", "detail": "The resource could not be found.\n\n No resource provider with uuid 6a3697f8-34e9-45de-ad71-100f3c416147 found for delete ", "request_id": "req-6f7d1f54-3456-4707-8772-ba7fe44fc78c"}]}
2026-07-15 06:23:25.863 8 INFO neutron.services.segments.plugin [-] Client error retrieving segment 6a3697f8-34e9-45de-ad71-100f3c416147 resource provider; error: Placement Client Error (4xx): {"errors": [{"status": 404, "title": "Not Found", "detail": "The resource could not be found.\n\n No resource provider with uuid 6a3697f8-34e9-45de-ad71-100f3c416147 found for delete ", "request_id": "req-1b1c7f5a-f2ad-4e62-9086-9efd78e2ca48"}]}
2026-07-15 06:23:25.875 8 INFO neutron.services.segments.plugin [-] Segment fb1ea683-9bc7-4644-89be-78a8f263a95d resource provider aggregate not found
2026-07-15 06:23:25.879 8 INFO neutron.services.segments.plugin [-] Segment fb1ea683-9bc7-4644-89be-78a8f263a95d resource provider aggregate not found
2026-07-15 06:23:25.891 8 INFO neutron.services.segments.plugin [-] Client error retrieving segment fb1ea683-9bc7-4644-89be-78a8f263a95d resource provider; error: Placement Client Error (4xx): {"errors": [{"status": 404, "title": "Not Found", "detail": "The resource could not be found.\n\n No resource provider with uuid fb1ea683-9bc7-4644-89be-78a8f263a95d found for delete ", "request_id": "req-dbbcfb88-e6e7-41c4-93ea-d0affcf9185c"}]}
2026-07-15 06:23:25.894 8 INFO neutron.services.segments.plugin [-] Client error retrieving segment fb1ea683-9bc7-4644-89be-78a8f263a95d resource provider; error: Placement Client Error (4xx): {"errors": [{"status": 404, "title": "Not Found", "detail": "The resource could not be found.\n\n No resource provider with uuid fb1ea683-9bc7-4644-89be-78a8f263a95d found for delete ", "request_id": "req-5f94cad6-663f-407f-8889-efd8f699da82"}]}
2026-07-15 06:23:27.520 8 INFO neutron.db.ovn_revision_numbers_db [None req-a7b4b662-8d4f-4e61-bd60-da8245eb1f20 d439ef2a00bb4b7cbaf87e4feb03441c 4a8f7c1d9af94a41833931e8be4ab88a - - default default] Successfully bumped revision number for resource 998709e0-657f-42a2-ba71-ef0ca8566b36 (type: security_groups) to 1
2026-07-15 06:23:27.534 8 INFO neutron.db.ovn_revision_numbers_db [None req-a7b4b662-8d4f-4e61-bd60-da8245eb1f20 d439ef2a00bb4b7cbaf87e4feb03441c 4a8f7c1d9af94a41833931e8be4ab88a - - default default] Successfully bumped revision number for resource 0a8815bd-aa3e-4440-a3b9-cdbaf83764dc (type: security_group_rules) to 0
2026-07-15 06:23:27.551 8 INFO neutron.db.ovn_revision_numbers_db [None req-a7b4b662-8d4f-4e61-bd60-da8245eb1f20 d439ef2a00bb4b7cbaf87e4feb03441c 4a8f7c1d9af94a41833931e8be4ab88a - - default default] Successfully bumped revision number for resource 2c6912d8-b78a-4ad9-9c14-0102d087d203 (type: security_group_rules) to 0
2026-07-15 06:23:27.564 8 INFO neutron.db.ovn_revision_numbers_db [None req-a7b4b662-8d4f-4e61-bd60-da8245eb1f20 d439ef2a00bb4b7cbaf87e4feb03441c 4a8f7c1d9af94a41833931e8be4ab88a - - default default] Successfully bumped revision number for resource c0f6b64b-c69b-4d1f-bcdf-30519e2ef09f (type: security_group_rules) to 0
2026-07-15 06:23:27.577 8 INFO neutron.db.ovn_revision_numbers_db [None req-a7b4b662-8d4f-4e61-bd60-da8245eb1f20 d439ef2a00bb4b7cbaf87e4feb03441c 4a8f7c1d9af94a41833931e8be4ab88a - - default default] Successfully bumped revision number for resource cf0f9cb8-4a72-41ca-93b7-cad709be795d (type: security_group_rules) to 0 [pid: 8|app: 0|req: 1855/3735] 10.0.0.235 () {32 vars in 773 bytes} [Wed Jul 15 06:23:27 2026] GET /v2.0/security-groups?tenant_id=0f681d383d2840c7982cac1958f43d1e&name=default => generated 2929 bytes in 425 msecs (HTTP/1.1 200) 4 headers in 158 bytes (1 switches on core 0) [pid: 7|app: 0|req: 1881/3736] 10.0.0.235 () {32 vars in 739 bytes} [Wed Jul 15 06:23:27 2026] DELETE /v2.0/security-groups/998709e0-657f-42a2-ba71-ef0ca8566b36 => generated 0 bytes in 222 msecs (HTTP/1.1 204) 2 headers in 112 bytes (1 switches on core 0)
2026-07-15 06:23:28.123 8 INFO neutron.db.ovn_revision_numbers_db [None req-a4f041aa-a28c-4b06-ab87-cd09d0e95ea0 d439ef2a00bb4b7cbaf87e4feb03441c 4a8f7c1d9af94a41833931e8be4ab88a - - default default] Successfully bumped revision number for resource fd1d0cb8-3200-4ea2-b131-f3df0a45b008 (type: security_groups) to 1
2026-07-15 06:23:28.134 8 INFO neutron.db.ovn_revision_numbers_db [None req-a4f041aa-a28c-4b06-ab87-cd09d0e95ea0 d439ef2a00bb4b7cbaf87e4feb03441c 4a8f7c1d9af94a41833931e8be4ab88a - - default default] Successfully bumped revision number for resource 241196c3-cdbf-4a2c-aa21-9766e7cf6086 (type: security_group_rules) to 0
2026-07-15 06:23:28.146 8 INFO neutron.db.ovn_revision_numbers_db [None req-a4f041aa-a28c-4b06-ab87-cd09d0e95ea0 d439ef2a00bb4b7cbaf87e4feb03441c 4a8f7c1d9af94a41833931e8be4ab88a - - default default] Successfully bumped revision number for resource 4502f76b-e48a-4a99-bba5-8f9b6447a830 (type: security_group_rules) to 0
2026-07-15 06:23:28.159 8 INFO neutron.db.ovn_revision_numbers_db [None req-a4f041aa-a28c-4b06-ab87-cd09d0e95ea0 d439ef2a00bb4b7cbaf87e4feb03441c 4a8f7c1d9af94a41833931e8be4ab88a - - default default] Successfully bumped revision number for resource 7e6ad7df-a842-43f5-