2026-07-12 03:08:27.434 6 INFO placement.requestlog [req-b654c139-7d9d-428c-a828-36740715f704 req-612a148b-a4bf-4268-979f-41c59862b2c2 065cbfadcd81435aa5b64f8a68decba7 828d7a3adbb5445eac7eea36898a00c9 - - 89b21ad607c24dfe972282ca1a22d0b7 89b21ad607c24dfe972282ca1a22d0b7] 199.204.45.216 "GET /allocations/053fbdb4-7b65-4118-b015-ff7edb8559e6" status: 200 len: 258 microversion: 1.28 [pid: 6|app: 0|req: 517/1034] 199.204.45.216 () {34 vars in 863 bytes} [Sun Jul 12 03:08:27 2026] GET /allocations/053fbdb4-7b65-4118-b015-ff7edb8559e6 => generated 258 bytes in 19 msecs (HTTP/1.1 200) 8 headers in 296 bytes (1 switches on core 0)
2026-07-12 03:08:27.662 6 INFO placement.requestlog [None req-49a68dea-9210-4506-abab-1c976b461970 e5515ecc4d854c6d98fcb0ac8aebbf56 828d7a3adbb5445eac7eea36898a00c9 - - 89b21ad607c24dfe972282ca1a22d0b7 89b21ad607c24dfe972282ca1a22d0b7] 10.0.0.12 "GET /resource_providers/9fd1548f-6a6e-4f7d-a21b-64dfd9a9a423/aggregates" status: 404 len: 235 microversion: 1.1 [pid: 6|app: 0|req: 518/1035] 10.0.0.12 () {32 vars in 815 bytes} [Sun Jul 12 03:08:27 2026] GET /resource_providers/9fd1548f-6a6e-4f7d-a21b-64dfd9a9a423/aggregates => generated 235 bytes in 8 msecs (HTTP/1.1 404) 5 headers in 202 bytes (1 switches on core 0)
2026-07-12 03:08:27.665 7 INFO placement.requestlog [None req-3f804b9d-7dde-4567-93b4-988a48b2d339 e5515ecc4d854c6d98fcb0ac8aebbf56 828d7a3adbb5445eac7eea36898a00c9 - - 89b21ad607c24dfe972282ca1a22d0b7 89b21ad607c24dfe972282ca1a22d0b7] 10.0.0.12 "GET /resource_providers/9fd1548f-6a6e-4f7d-a21b-64dfd9a9a423/aggregates" status: 404 len: 235 microversion: 1.1 [pid: 7|app: 0|req: 518/1036] 10.0.0.12 () {32 vars in 815 bytes} [Sun Jul 12 03:08:27 2026] GET /resource_providers/9fd1548f-6a6e-4f7d-a21b-64dfd9a9a423/aggregates => generated 235 bytes in 12 msecs (HTTP/1.1 404) 5 headers in 202 bytes (1 switches on core 0)
2026-07-12 03:08:27.682 7 INFO placement.requestlog [None req-ae1a5662-7910-41a0-99a2-4d92ac9653fa e5515ecc4d854c6d98fcb0ac8aebbf56 828d7a3adbb5445eac7eea36898a00c9 - - 89b21ad607c24dfe972282ca1a22d0b7 89b21ad607c24dfe972282ca1a22d0b7] 10.0.0.12 "DELETE /resource_providers/9fd1548f-6a6e-4f7d-a21b-64dfd9a9a423" status: 404 len: 246 microversion: 1.1 [pid: 7|app: 0|req: 519/1037] 10.0.0.12 () {34 vars in 815 bytes} [Sun Jul 12 03:08:27 2026] DELETE /resource_providers/9fd1548f-6a6e-4f7d-a21b-64dfd9a9a423 => generated 246 bytes in 5 msecs (HTTP/1.1 404) 6 headers in 231 bytes (1 switches on core 0)
2026-07-12 03:08:27.685 6 INFO placement.requestlog [None req-bebf894d-7af6-4a15-81a0-db821ccae479 e5515ecc4d854c6d98fcb0ac8aebbf56 828d7a3adbb5445eac7eea36898a00c9 - - 89b21ad607c24dfe972282ca1a22d0b7 89b21ad607c24dfe972282ca1a22d0b7] 10.0.0.12 "DELETE /resource_providers/9fd1548f-6a6e-4f7d-a21b-64dfd9a9a423" status: 404 len: 246 microversion: 1.1 [pid: 6|app: 0|req: 519/1038] 10.0.0.12 () {34 vars in 815 bytes} [Sun Jul 12 03:08:27 2026] DELETE /resource_providers/9fd1548f-6a6e-4f7d-a21b-64dfd9a9a423 => generated 246 bytes in 8 msecs (HTTP/1.1 404) 6 headers in 231 bytes (1 switches on core 0)
2026-07-12 03:08:28.482 7 INFO placement.requestlog [req-b654c139-7d9d-428c-a828-36740715f704 req-e0ba1561-7cbe-4253-be65-b224610eae95 065cbfadcd81435aa5b64f8a68decba7 828d7a3adbb5445eac7eea36898a00c9 - - 89b21ad607c24dfe972282ca1a22d0b7 89b21ad607c24dfe972282ca1a22d0b7] 199.204.45.216 "GET /resource_providers/fd67153e-eedd-47fc-a728-ad0df8518a5a/allocations" status: 200 len: 153 microversion: 1.0 [pid: 7|app: 0|req: 520/1039] 199.204.45.216 () {32 vars in 857 bytes} [Sun Jul 12 03:08:28 2026] GET /resource_providers/fd67153e-eedd-47fc-a728-ad0df8518a5a/allocations => generated 153 bytes in 24 msecs (HTTP/1.1 200) 6 headers in 224 bytes (1 switches on core 0)
2026-07-12 03:08:28.502 6 INFO placement.requestlog [req-b654c139-7d9d-428c-a828-36740715f704 req-558ff8db-1bef-4b72-90cb-b04053db9c1d 065cbfadcd81435aa5b64f8a68decba7 828d7a3adbb5445eac7eea36898a00c9 - - 89b21ad607c24dfe972282ca1a22d0b7 89b21ad607c24dfe972282ca1a22d0b7] 199.204.45.216 "GET /allocations/053fbdb4-7b65-4118-b015-ff7edb8559e6" status: 200 len: 258 microversion: 1.28 [pid: 6|app: 0|req: 520/1040] 199.204.45.216 () {34 vars in 863 bytes} [Sun Jul 12 03:08:28 2026] GET /allocations/053fbdb4-7b65-4118-b015-ff7edb8559e6 => generated 258 bytes in 12 msecs (HTTP/1.1 200) 8 headers in 296 bytes (1 switches on core 0)
2026-07-12 03:08:29.711 7 INFO placement.requestlog [None req-b8da0e38-113c-4a14-8b31-9bceff0c9e91 e5515ecc4d854c6d98fcb0ac8aebbf56 828d7a3adbb5445eac7eea36898a00c9 - - 89b21ad607c24dfe972282ca1a22d0b7 89b21ad607c24dfe972282ca1a22d0b7] 10.0.0.12 "GET /resource_providers/90bb04a2-312c-42da-b7f3-c614e2b77fbc/aggregates" status: 404 len: 235 microversion: 1.1 [pid: 7|app: 0|req: 521/1041] 10.0.0.12 () {32 vars in 815 bytes} [Sun Jul 12 03:08:29 2026] GET /resource_providers/90bb04a2-312c-42da-b7f3-c614e2b77fbc/aggregates => generated 235 bytes in 12 msecs (HTTP/1.1 404) 5 headers in 202 bytes (1 switches on core 0)
2026-07-12 03:08:29.712 6 INFO placement.requestlog [None req-65358e54-7cc5-4f6b-8f41-2926f91bc571 e5515ecc4d854c6d98fcb0ac8aebbf56 828d7a3adbb5445eac7eea36898a00c9 - - 89b21ad607c24dfe972282ca1a22d0b7 89b21ad607c24dfe972282ca1a22d0b7] 10.0.0.12 "GET /resource_providers/90bb04a2-312c-42da-b7f3-c614e2b77fbc/aggregates" status: 404 len: 235 microversion: 1.1 [pid: 6|app: 0|req: 521/1042] 10.0.0.12 () {32 vars in 815 bytes} [Sun Jul 12 03:08:29 2026] GET /resource_providers/90bb04a2-312c-42da-b7f3-c614e2b77fbc/aggregates => generated 235 bytes in 11 msecs (HTTP/1.1 404) 5 headers in 202 bytes (1 switches on core 0)
2026-07-12 03:08:29.729 7 INFO placement.requestlog [None req-9008d308-25c7-4601-a7cb-008f5a006e89 e5515ecc4d854c6d98fcb0ac8aebbf56 828d7a3adbb5445eac7eea36898a00c9 - - 89b21ad607c24dfe972282ca1a22d0b7 89b21ad607c24dfe972282ca1a22d0b7] 10.0.0.12 "DELETE /resource_providers/90bb04a2-312c-42da-b7f3-c614e2b77fbc" status: 404 len: 246 microversion: 1.1 [pid: 7|app: 0|req: 522/1043] 10.0.0.12 () {34 vars in 815 bytes} [Sun Jul 12 03:08:29 2026] DELETE /resource_providers/90bb04a2-312c-42da-b7f3-c614e2b77fbc => generated 246 bytes in 7 msecs (HTTP/1.1 404) 6 headers in 231 bytes (1 switches on core 0)
2026-07-12 03:08:29.742 6 INFO placement.requestlog [None req-5508d973-b571-4933-a9b6-c57226c3b7bd e5515ecc4d854c6d98fcb0ac8aebbf56 828d7a3adbb5445eac7eea36898a00c9 - - 89b21ad607c24dfe972282ca1a22d0b7 89b21ad607c24dfe972282ca1a22d0b7] 10.0.0.12 "DELETE /resource_providers/90bb04a2-312c-42da-b7f3-c614e2b77fbc" status: 404 len: 246 microversion: 1.1 [pid: 6|app: 0|req: 522/1044] 10.0.0.12 () {34 vars in 815 bytes} [Sun Jul 12 03:08:29 2026] DELETE /resource_providers/90bb04a2-312c-42da-b7f3-c614e2b77fbc => generated 246 bytes in 8 msecs (HTTP/1.1 404) 6 headers in 231 bytes (1 switches on core 0)
2026-07-12 03:08:29.745 7 INFO placement.requestlog [None req-91531469-3690-49a5-af68-5cc1438b9f1c e5515ecc4d854c6d98fcb0ac8aebbf56 828d7a3adbb5445eac7eea36898a00c9 - - 89b21ad607c24dfe972282ca1a22d0b7 89b21ad607c24dfe972282ca1a22d0b7] 10.0.0.12 "GET /resource_providers/83e878f2-cb31-4352-8224-1aad269cbb42/aggregates" status: 404 len: 235 microversion: 1.1 [pid: 7|app: 0|req: 523/1045] 10.0.0.12 () {32 vars in 815 bytes} [Sun Jul 12 03:08:29 2026] GET /resource_providers/83e878f2-cb31-4352-8224-1aad269cbb42/aggregates => generated 235 bytes in 8 msecs (HTTP/1.1 404) 5 headers in 202 bytes (1 switches on core 0)
2026-07-12 03:08:29.763 6 INFO placement.requestlog [None req-5a1faddb-598c-48a7-bbf1-0192f283ac24 e5515ecc4d854c6d98fcb0ac8aebbf56 828d7a3adbb5445eac7eea36898a00c9 - - 89b21ad607c24dfe972282ca1a22d0b7 89b21ad607c24dfe972282ca1a22d0b7] 10.0.0.12 "GET /resource_providers/83e878f2-cb31-4352-8224-1aad269cbb42/aggregates" status: 404 len: 235 microversion: 1.1 [pid: 6|app: 0|req: 523/1046] 10.0.0.12 () {32 vars in 815 bytes} [Sun Jul 12 03:08:29 2026] GET /resource_providers/83e878f2-cb31-4352-8224-1aad269cbb42/aggregates => generated 235 bytes in 9 msecs (HTTP/1.1 404) 5 headers in 202 bytes (1 switches on core 0)
2026-07-12 03:08:29.769 7 INFO placement.requestlog [None req-16245e73-7898-46cb-a104-ba151f80ba50 e5515ecc4d854c6d98fcb0ac8aebbf56 828d7a3adbb5445eac7eea36898a00c9 - - 89b21ad607c24dfe972282ca1a22d0b7 89b21ad607c24dfe972282ca1a22d0b7] 10.0.0.12 "DELETE /resource_providers/83e878f2-cb31-4352-8224-1aad269cbb42" status: 404 len: 246 microversion: 1.1 [pid: 7|app: 0|req: 524/1047] 10.0.0.12 () {34 vars in 815 bytes} [Sun Jul 12 03:08:29 2026] DELETE /resource_providers/83e878f2-cb31-4352-8224-1aad269cbb42 => generated 246 bytes in 8 msecs (HTTP/1.1 404) 6 headers in 231 bytes (1 switches on core 0)
2026-07-12 03:08:29.786 6 INFO placement.requestlog [None req-e3cfe14e-2380-45db-8457-0e94ceb27f63 e5515ecc4d854c6d98fcb0ac8aebbf56 828d7a3adbb5445eac7eea36898a00c9 - - 89b21ad607c24dfe972282ca1a22d0b7 89b21ad607c24dfe972282ca1a22d0b7] 10.0.0.12 "DELETE /resource_providers/83e878f2-cb31-4352-8224-1aad269cbb42" status: 404 len: 246 microversion: 1.1 [pid: 6|app: 0|req: 524/1048] 10.0.0.12 () {34 vars in 815 bytes} [Sun Jul 12 03:08:29 2026] DELETE /resource_providers/83e878f2-cb31-4352-8224-1aad269cbb42 => generated 246 bytes in 9 msecs (HTTP/1.1 404) 6 headers in 231 bytes (1 switches on core 0)
2026-07-12 03:08:29.800 7 INFO placement.requestlog [None req-2e12b4cc-6e6f-44bc-b6f7-83a1d334aaf4 e5515ecc4d854c6d98fcb0ac8aebbf56 828d7a3adbb5445eac7eea36898a00c9 - - 89b21ad607c24dfe972282ca1a22d0b7 89b21ad607c24dfe972282ca1a22d0b7] 10.0.0.12 "GET /resource_providers/8c91efaf-004a-4ffc-9162-d0f9fb01abf6/aggregates" status: 404 len: 235 microversion: 1.1 [pid: 7|app: 0|req: 525/1049] 10.0.0.12 () {32 vars in 815 bytes} [Sun Jul 12 03:08:29 2026] GET /resource_providers/8c91efaf-004a-4ffc-9162-d0f9fb01abf6/aggregates => generated 235 bytes in 18 msecs (HTTP/1.1 404) 5 headers in 202 bytes (1 switches on core 0)
2026-07-12 03:08:29.804 6 INFO placement.requestlog [None req-2a1431ee-49d8-4155-b9a1-bbd584e6941f e5515ecc4d854c6d98fcb0ac8aebbf56 828d7a3adbb5445eac7eea36898a00c9 - - 89b21ad607c24dfe972282ca1a22d0b7 89b21ad607c24dfe972282ca1a22d0b7] 10.0.0.12 "GET /resource_providers/8c91efaf-004a-4ffc-9162-d0f9fb01abf6/aggregates" status: 404 len: 235 microversion: 1.1 [pid: 6|app: 0|req: 525/1050] 10.0.0.12 () {32 vars in 815 bytes} [Sun Jul 12 03:08:29 2026] GET /resource_providers/8c91efaf-004a-4ffc-9162-d0f9fb01abf6/aggregates => generated 235 bytes in 10 msecs (HTTP/1.1 404) 5 headers in 202 bytes (1 switches on core 0)
2026-07-12 03:08:29.821 6 INFO placement.requestlog [None req-da70de20-0d38-4559-baea-f2379f904b28 e5515ecc4d854c6d98fcb0ac8aebbf56 828d7a3adbb5445eac7eea36898a00c9 - - 89b21ad607c24dfe972282ca1a22d0b7 89b21ad607c24dfe972282ca1a22d0b7] 10.0.0.12 "DELETE /resource_providers/8c91efaf-004a-4ffc-9162-d0f9fb01abf6" status: 404 len: 246 microversion: 1.1 [pid: 6|app: 0|req: 526/1051] 10.0.0.12 () {34 vars in 815 bytes} [Sun Jul 12 03:08:29 2026] DELETE /resource_providers/8c91efaf-004a-4ffc-9162-d0f9fb01abf6 => generated 246 bytes in 8 msecs (HTTP/1.1 404) 6 headers in 231 bytes (1 switches on core 0)
2026-07-12 03:08:29.822 7 INFO placement.requestlog [None req-47d61fec-d04e-4b98-b382-38bd24c26251 e5515ecc4d854c6d98fcb0ac8aebbf56 828d7a3adbb5445eac7eea36898a00c9 - - 89b21ad607c24dfe972282ca1a22d0b7 89b21ad607c24dfe972282ca1a22d0b7] 10.0.0.12 "DELETE /resource_providers/8c91efaf-004a-4ffc-9162-d0f9fb01abf6" status: 404 len: 246 microversion: 1.1 [pid: 7|app: 0|req: 526/1052] 10.0.0.12 () {34 vars in 815 bytes} [Sun Jul 12 03:08:29 2026] DELETE /resource_providers/8c91efaf-004a-4ffc-9162-d0f9fb01abf6 => generated 246 bytes in 9 msecs (HTTP/1.1 404) 6 headers in 231 bytes (1 switches on core 0)
2026-07-12 03:08:29.839 6 INFO placement.requestlog [None req-99cc235c-bcdc-4586-b3fe-2852f721cfd3 e5515ecc4d854c6d98fcb0ac8aebbf56 828d7a3adbb5445eac7eea36898a00c9 - - 89b21ad607c24dfe972282ca1a22d0b7 89b21ad607c24dfe972282ca1a22d0b7] 10.0.0.12 "GET /resource_providers/6d291997-5330-44ca-aa97-d5015124d780/aggregates" status: 404 len: 235 microversion: 1.1 [pid: 6|app: 0|req: 527/1053] 10.0.0.12 () {32 vars in 815 bytes} [Sun Jul 12 03:08:29 2026] GET /resource_providers/6d291997-5330-44ca-aa97-d5015124d780/aggregates => generated 235 bytes in 8 msecs (HTTP/1.1 404) 5 headers in 202 bytes (1 switches on core 0)
2026-07-12 03:08:29.852 7 INFO placement.requestlog [None req-aec82a88-5c83-47b5-815c-c7a2832a9738 e5515ecc4d854c6d98fcb0ac8aebbf56 828d7a3adbb5445eac7eea36898a00c9 - - 89b21ad607c24dfe972282ca1a22d0b7 89b21ad607c24dfe972282ca1a22d0b7] 10.0.0.12 "GET /resource_providers/6d291997-5330-44ca-aa97-d5015124d780/aggregates" status: 404 len: 235 microversion: 1.1 [pid: 7|app: 0|req: 527/1054] 10.0.0.12 () {32 vars in 815 bytes} [Sun Jul 12 03:08:29 2026] GET /resource_providers/6d291997-5330-44ca-aa97-d5015124d780/aggregates => generated 235 bytes in 13 msecs (HTTP/1.1 404) 5 headers in 202 bytes (1 switches on core 0)
2026-07-12 03:08:29.857 6 INFO placement.requestlog [None req-15b156b7-161b-4d06-83b2-182a2d9684eb e5515ecc4d854c6d98fcb0ac8aebbf56 828d7a3adbb5445eac7eea36898a00c9 - - 89b21ad607c24dfe972282ca1a22d0b7 89b21ad607c24dfe972282ca1a22d0b7] 10.0.0.12 "DELETE /resource_providers/6d291997-5330-44ca-aa97-d5015124d780" status: 404 len: 246 microversion: 1.1 [pid: 6|app: 0|req: 528/1055] 10.0.0.12 () {34 vars in 815 bytes} [Sun Jul 12 03:08:29 2026] DELETE /resource_providers/6d291997-5330-44ca-aa97-d5015124d780 => generated 246 bytes in 9 msecs (HTTP/1.1 404) 6 headers in 231 bytes (1 switches on core 0)
2026-07-12 03:08:29.866 7 INFO placement.requestlog [None req-bc41c3ea-b43b-4142-8999-8d461a006459 e5515ecc4d854c6d98fcb0ac8aebbf56 828d7a3adbb5445eac7eea36898a00c9 - - 89b21ad607c24dfe972282ca1a22d0b7 89b21ad607c24dfe972282ca1a22d0b7] 10.0.0.12 "DELETE /resource_providers/6d291997-5330-44ca-aa97-d5015124d780" status: 404 len: 246 microversion: 1.1 [pid: 7|app: 0|req: 528/1056] 10.0.0.12 () {34 vars in 815 bytes} [Sun Jul 12 03:08:29 2026] DELETE /resource_providers/6d291997-5330-44ca-aa97-d5015124d780 => generated 246 bytes in 7 msecs (HTTP/1.1 404) 6 headers in 231 bytes (1 switches on core 0)
2026-07-12 03:08:30.874 6 INFO placement.requestlog [None req-b00b867b-6b90-49aa-8247-5bf91333f108 e5515ecc4d854c6d98fcb0ac8aebbf56 828d7a3adbb5445eac7eea36898a00c9 - - 89b21ad607c24dfe972282ca1a22d0b7 89b21ad607c24dfe972282ca1a22d0b7] 10.0.0.12 "GET /resource_providers/0cbd2974-47a6-4fe2-8cb7-b98feb14e402/aggregates" status: 404 len: 235 microversion: 1.1 [pid: 6|app: 0|req: 529/1057] 10.0.0.12 () {32 vars in 815 bytes} [Sun Jul 12 03:08:30 2026] GET /resource_providers/0cbd2974-47a6-4fe2-8cb7-b98feb14e402/aggregates => generated 235 bytes in 11 msecs (HTTP/1.1 404) 5 headers in 202 bytes (1 switches on core 0)
2026-07-12 03:08:30.877 7 INFO placement.requestlog [None req-ac2d4987-4c9b-4e45-b305-23a1026c56be e5515ecc4d854c6d98fcb0ac8aebbf56 828d7a3adbb5445eac7eea36898a00c9 - - 89b21ad607c24dfe972282ca1a22d0b7 89b21ad607c24dfe972282ca1a22d0b7] 10.0.0.12 "GET /resource_providers/0cbd2974-47a6-4fe2-8cb7-b98feb14e402/aggregates" status: 404 len: 235 microversion: 1.1 [pid: 7|app: 0|req: 529/1058] 10.0.0.12 () {32 vars in 815 bytes} [Sun Jul 12 03:08:30 2026] GET /resource_providers/0cbd2974-47a6-4fe2-8cb7-b98feb14e402/aggregates => generated 235 bytes in 10 msecs (HTTP/1.1 404) 5 headers in 202 bytes (1 switches on core 0)
2026-07-12 03:08:30.895 7 INFO placement.requestlog [None req-50f680d4-4962-4451-9d1d-809d032436f8 e5515ecc4d854c6d98fcb0ac8aebbf56 828d7a3adbb5445eac7eea36898a00c9 - - 89b21ad607c24dfe972282ca1a22d0b7 89b21ad607c24dfe972282ca1a22d0b7] 10.0.0.12 "DELETE /resource_providers/0cbd2974-47a6-4fe2-8cb7-b98feb14e402" status: 404 len: 246 microversion: 1.1 [pid: 7|app: 0|req: 530/1059] 10.0.0.12 () {34 vars in 815 bytes} [Sun Jul 12 03:08:30 2026] DELETE /resource_providers/0cbd2974-47a6-4fe2-8cb7-b98feb14e402 => generated 246 bytes in 7 msecs (HTTP/1.1 404) 6 headers in 231 bytes (1 switches on core 0)
2026-07-12 03:08:30.897 6 INFO placement.requestlog [None req-6588f355-e977-4062-88d5-79203edd703f e5515ecc4d854c6d98fcb0ac8aebbf56 828d7a3adbb5445eac7eea36898a00c9 - - 89b21ad607c24dfe972282ca1a22d0b7 89b21ad607c24dfe972282ca1a22d0b7] 10.0.0.12 "DELETE /resource_providers/0cbd2974-47a6-4fe2-8cb7-b98feb14e402" status: 404 len: 246 microversion: 1.1 [pid: 6|app: 0|req: 530/1060] 10.0.0.12 () {34 vars in 815 bytes} [Sun Jul 12 03:08:30 2026] DELETE /resource_providers/0cbd2974-47a6-4fe2-8cb7-b98feb14e402 => generated 246 bytes in 11 msecs (HTTP/1.1 404) 6 headers in 231 bytes (1 switches on core 0)
2026-07-12 03:08:31.876 7 INFO placement.requestlog [None req-852b6461-acdd-486a-a8ff-201562d37d15 e5515ecc4d854c6d98fcb0ac8aebbf56 828d7a3adbb5445eac7eea36898a00c9 - - 89b21ad607c24dfe972282ca1a22d0b7 89b21ad607c24dfe972282ca1a22d0b7] 10.0.0.12 "GET /resource_providers/4afcbf59-7cde-4565-94f5-dbccbee760f0/aggregates" status: 404 len: 235 microversion: 1.1 [pid: 7|app: 0|req: 531/1061] 10.0.0.12 () {32 vars in 815 bytes} [Sun Jul 12 03:08:31 2026] GET /resource_providers/4afcbf59-7cde-4565-94f5-dbccbee760f0/aggregates => generated 235 bytes in 11 msecs (HTTP/1.1 404) 5 headers in 202 bytes (1 switches on core 0)
2026-07-12 03:08:31.892 6 INFO placement.requestlog [None req-066af368-5f4f-405e-b1ad-ad8a2b338aeb e5515ecc4d854c6d98fcb0ac8aebbf56 828d7a3adbb5445eac7eea36898a00c9 - - 89b21ad607c24dfe972282ca1a22d0b7 89b21ad607c24dfe972282ca1a22d0b7] 10.0.0.12 "GET /resource_providers/4afcbf59-7cde-4565-94f5-dbccbee760f0/aggregates" status: 404 len: 235 microversion: 1.1 [pid: 6|app: 0|req: 531/1062] 10.0.0.12 () {32 vars in 815 bytes} [Sun Jul 12 03:08:31 2026] GET /resource_providers/4afcbf59-7cde-4565-94f5-dbccbee760f0/aggregates => generated 235 bytes in 13 msecs (HTTP/1.1 404) 5 headers in 202 bytes (1 switches on core 0)
2026-07-12 03:08:31.892 7 INFO placement.requestlog [None req-8e9463f1-a9f9-4fc6-a26d-0aa0ca00647a e5515ecc4d854c6d98fcb0ac8aebbf56 828d7a3adbb5445eac7eea36898a00c9 - - 89b21ad607c24dfe972282ca1a22d0b7 89b21ad607c24dfe972282ca1a22d0b7] 10.0.0.12 "DELETE /resource_providers/4afcbf59-7cde-4565-94f5-dbccbee760f0" status: 404 len: 246 microversion: 1.1 [pid: 7|app: 0|req: 532/1063] 10.0.0.12 () {34 vars in 815 bytes} [Sun Jul 12 03:08:31 2026] DELETE /resource_providers/4afcbf59-7cde-4565-94f5-dbccbee760f0 => generated 246 bytes in 7 msecs (HTTP/1.1 404) 6 headers in 231 bytes (1 switches on core 0)
2026-07-12 03:08:31.914 6 INFO placement.requestlog [None req-d0ecddc2-68bc-43f0-b1eb-e97971b11113 e5515ecc4d854c6d98fcb0ac8aebbf56 828d7a3adbb5445eac7eea36898a00c9 - - 89b21ad607c24dfe972282ca1a22d0b7 89b21ad607c24dfe972282ca1a22d0b7] 10.0.0.12 "DELETE /resource_providers/4afcbf59-7cde-4565-94f5-dbccbee760f0" status: 404 len: 246 microversion: 1.1 [pid: 6|app: 0|req: 532/1064] 10.0.0.12 () {34 vars in 815 bytes} [Sun Jul 12 03:08:31 2026] DELETE /resource_providers/4afcbf59-7cde-4565-94f5-dbccbee760f0 => generated 246 bytes in 9 msecs (HTTP/1.1 404) 6 headers in 231 bytes (1 switches on core 0)
2026-07-12 03:08:31.921 7 INFO placement.requestlog [None req-cffeefa9-9edc-4d35-9a57-d92c30cccc92 e5515ecc4d854c6d98fcb0ac8aebbf56 828d7a3adbb5445eac7eea36898a00c9 - - 89b21ad607c24dfe972282ca1a22d0b7 89b21ad607c24dfe972282ca1a22d0b7] 10.0.0.12 "GET /resource_providers/1b39b2c0-c1a1-4ca8-9a5b-eb4333281c88/aggregates" status: 404 len: 235 microversion: 1.1 [pid: 7|app: 0|req: 533/1065] 10.0.0.12 () {32 vars in 815 bytes} [Sun Jul 12 03:08:31 2026] GET /resource_providers/1b39b2c0-c1a1-4ca8-9a5b-eb4333281c88/aggregates => generated 235 bytes in 12 msecs (HTTP/1.1 404) 5 headers in 202 bytes (1 switches on core 0)
2026-07-12 03:08:31.938 6 INFO placement.requestlog [None req-7a9c7c42-ffc2-4695-a9bb-9a543d7f140c e5515ecc4d854c6d98fcb0ac8aebbf56 828d7a3adbb5445eac7eea36898a00c9 - - 89b21ad607c24dfe972282ca1a22d0b7 89b21ad607c24dfe972282ca1a22d0b7] 10.0.0.12 "GET /resource_providers/1b39b2c0-c1a1-4ca8-9a5b-eb4333281c88/aggregates" status: 404 len: 235 microversion: 1.1 [pid: 6|app: 0|req: 533/1066] 10.0.0.12 () {32 vars in 815 bytes} [Sun Jul 12 03:08:31 2026] GET /resource_providers/1b39b2c0-c1a1-4ca8-9a5b-eb4333281c88/aggregates => generated 235 bytes in 9 msecs (HTTP/1.1 404) 5 headers in 202 bytes (1 switches on core 0)
2026-07-12 03:08:31.939 7 INFO placement.requestlog [None req-0629f425-b75e-4090-bf4c-8313b28d2373 e5515ecc4d854c6d98fcb0ac8aebbf56 828d7a3adbb5445eac7eea36898a00c9 - - 89b21ad607c24dfe972282ca1a22d0b7 89b21ad607c24dfe972282ca1a22d0b7] 10.0.0.12 "DELETE /resource_providers/1b39b2c0-c1a1-4ca8-9a5b-eb4333281c88" status: 404 len: 246 microversion: 1.1 [pid: 7|app: 0|req: 534/1067] 10.0.0.12 () {34 vars in 815 bytes} [Sun Jul 12 03:08:31 2026] DELETE /resource_providers/1b39b2c0-c1a1-4ca8-9a5b-eb4333281c88 => generated 246 bytes in 8 msecs (HTTP/1.1 404) 6 headers in 231 bytes (1 switches on core 0)
2026-07-12 03:08:31.968 6 INFO placement.requestlog [None req-d8d57479-ab9d-48e0-9df1-6432af05f918 e5515ecc4d854c6d98fcb0ac8aebbf56 828d7a3adbb5445eac7eea36898a00c9 - - 89b21ad607c24dfe972282ca1a22d0b7 89b21ad607c24dfe972282ca1a22d0b7] 10.0.0.12 "GET /resource_providers/027f83dd-0115-44a0-a686-3b72938afdc0/aggregates" status: 404 len: 235 microversion: 1.1 [pid: 6|app: 0|req: 534/1068] 10.0.0.12 () {32 vars in 815 bytes} [Sun Jul 12 03:08:31 2026] GET /resource_providers/027f83dd-0115-44a0-a686-3b72938afdc0/aggregates => generated 235 bytes in 10 msecs (HTTP/1.1 404) 5 headers in 202 bytes (1 switches on core 0)
2026-07-12 03:08:31.975 7 INFO placement.requestlog [None req-08c84e9a-766f-4189-be44-28805089c7ea e5515ecc4d854c6d98fcb0ac8aebbf56 828d7a3adbb5445eac7eea36898a00c9 - - 89b21ad607c24dfe972282ca1a22d0b7 89b21ad607c24dfe972282ca1a22d0b7] 10.0.0.12 "DELETE /resource_providers/1b39b2c0-c1a1-4ca8-9a5b-eb4333281c88" status: 404 len: 246 microversion: 1.1 [pid: 7|app: 0|req: 535/1069] 10.0.0.12 () {34 vars in 815 bytes} [Sun Jul 12 03:08:31 2026] DELETE /resource_providers/1b39b2c0-c1a1-4ca8-9a5b-eb4333281c88 => generated 246 bytes in 10 msecs (HTTP/1.1 404) 6 headers in 231 bytes (1 switches on core 0)
2026-07-12 03:08:31.984 6 INFO placement.requestlog [None req-e31c2e18-ab72-4160-b7e2-dfe01c139c72 e5515ecc4d854c6d98fcb0ac8aebbf56 828d7a3adbb5445eac7eea36898a00c9 - - 89b21ad607c24dfe972282ca1a22d0b7 89b21ad607c24dfe972282ca1a22d0b7] 10.0.0.12 "DELETE /resource_providers/027f83dd-0115-44a0-a686-3b72938afdc0" status: 404 len: 246 microversion: 1.1 [pid: 6|app: 0|req: 535/1070] 10.0.0.12 () {34 vars in 815 bytes} [Sun Jul 12 03:08:31 2026] DELETE /resource_providers/027f83dd-0115-44a0-a686-3b72938afdc0 => generated 246 bytes in 7 msecs (HTTP/1.1 404) 6 headers in 231 bytes (1 switches on core 0)
2026-07-12 03:08:31.989 7 INFO placement.requestlog [None req-946efcae-f476-4c9d-ba7d-2d7b1eb209a4 e5515ecc4d854c6d98fcb0ac8aebbf56 828d7a3adbb5445eac7eea36898a00c9 - - 89b21ad607c24dfe972282ca1a22d0b7 89b21ad607c24dfe972282ca1a22d0b7] 10.0.0.12 "GET /resource_providers/027f83dd-0115-44a0-a686-3b72938afdc0/aggregates" status: 404 len: 235 microversion: 1.1 [pid: 7|app: 0|req: 536/1071] 10.0.0.12 () {32 vars in 815 bytes} [Sun Jul 12 03:08:31 2026] GET /resource_providers/027f83dd-0115-44a0-a686-3b72938afdc0/aggregates => generated 235 bytes in 8 msecs (HTTP/1.1 404) 5 headers in 202 bytes (1 switches on core 0)
2026-07-12 03:08:32.005 6 INFO placement.requestlog [None req-8fda68f8-25ea-43b3-b27d-720248bd4560 e5515ecc4d854c6d98fcb0ac8aebbf56 828d7a3adbb5445eac7eea36898a00c9 - - 89b21ad607c24dfe972282ca1a22d0b7 89b21ad607c24dfe972282ca1a22d0b7] 10.0.0.12 "DELETE /resource_providers/027f83dd-0115-44a0-a686-3b72938afdc0" status: 404 len: 246 microversion: 1.1 [pid: 6|app: 0|req: 536/1072] 10.0.0.12 () {34 vars in 815 bytes} [Sun Jul 12 03:08:31 2026] DELETE /resource_providers/027f83dd-0115-44a0-a686-3b72938afdc0 => generated 246 bytes in 9 msecs (HTTP/1.1 404) 6 headers in 231 bytes (1 switches on core 0)
2026-07-12 03:08:32.915 7 INFO placement.requestlog [None req-043290e2-65a9-4d56-9e59-59e14df0430c e5515ecc4d854c6d98fcb0ac8aebbf56 828d7a3adbb5445eac7eea36898a00c9 - - 89b21ad607c24dfe972282ca1a22d0b7 89b21ad607c24dfe972282ca1a22d0b7] 10.0.0.12 "GET /resource_providers/44ff566d-65ed-40c8-8899-e1ea5cb009e2/aggregates" status: 404 len: 235 microversion: 1.1 [pid: 7|app: 0|req: 537/1073] 10.0.0.12 () {32 vars in 815 bytes} [Sun Jul 12 03:08:32 2026] GET /resource_providers/44ff566d-65ed-40c8-8899-e1ea5cb009e2/aggregates => generated 235 bytes in 9 msecs (HTTP/1.1 404) 5 headers in 202 bytes (1 switches on core 0)
2026-07-12 03:08:32.923 6 INFO placement.requestlog [None req-b9514124-2425-489e-9220-ec548e679d44 e5515ecc4d854c6d98fcb0ac8aebbf56 828d7a3adbb5445eac7eea36898a00c9 - - 89b21ad607c24dfe972282ca1a22d0b7 89b21ad607c24dfe972282ca1a22d0b7] 10.0.0.12 "GET /resource_providers/44ff566d-65ed-40c8-8899-e1ea5cb009e2/aggregates" status: 404 len: 235 microversion: 1.1 [pid: 6|app: 0|req: 537/1074] 10.0.0.12 () {32 vars in 815 bytes} [Sun Jul 12 03:08:32 2026] GET /resource_providers/44ff566d-65ed-40c8-8899-e1ea5cb009e2/aggregates => generated 235 bytes in 10 msecs (HTTP/1.1 404) 5 headers in 202 bytes (1 switches on core 0)
2026-07-12 03:08:32.941 7 INFO placement.requestlog [None req-5cc6d38f-876c-4996-9050-40e7ff6fb1c4 e5515ecc4d854c6d98fcb0ac8aebbf56 828d7a3adbb5445eac7eea36898a00c9 - - 89b21ad607c24dfe972282ca1a22d0b7 89b21ad607c24dfe972282ca1a22d0b7] 10.0.0.12 "DELETE /resource_providers/44ff566d-65ed-40c8-8899-e1ea5cb009e2" status: 404 len: 246 microversion: 1.1 [pid: 7|app: 0|req: 538/1075] 10.0.0.12 () {34 vars in 815 bytes} [Sun Jul 12 03:08:32 2026] DELETE /resource_providers/44ff566d-65ed-40c8-8899-e1ea5cb009e2 => generated 246 bytes in 19 msecs (HTTP/1.1 404) 6 headers in 231 bytes (1 switches on core 0)
2026-07-12 03:08:32.942 6 INFO placement.requestlog [None req-c5ccf0f1-6add-4702-8816-1f7541952bfe e5515ecc4d854c6d98fcb0ac8aebbf56 828d7a3adbb5445eac7eea36898a00c9 - - 89b21ad607c24dfe972282ca1a22d0b7 89b21ad607c24dfe972282ca1a22d0b7] 10.0.0.12 "DELETE /resource_providers/44ff566d-65ed-40c8-8899-e1ea5cb009e2" status: 404 len: 246 microversion: 1.1 [pid: 6|app: 0|req: 538/1076] 10.0.0.12 () {34 vars in 815 bytes} [Sun Jul 12 03:08:32 2026] DELETE /resource_providers/44ff566d-65ed-40c8-8899-e1ea5cb009e2 => generated 246 bytes in 12 msecs (HTTP/1.1 404) 6 headers in 231 bytes (1 switches on core 0)
2026-07-12 03:08:36.225 6 INFO placement.requestlog [None req-f89abfd1-f558-48a5-abca-0eaf44c5c1c7 - - - - - -] 10.0.0.116 "GET /" status: 200 len: 136 microversion: 1.0
2026-07-12 03:08:36.226 6 INFO placement.requestlog [None req-37c26e1e-bfa8-4856-9055-d76c202d5635 - - - - - -] 10.0.0.116 "GET /" status: 200 len: 136 microversion: 1.0
2026-07-12 03:08:36.458 7 INFO placement.requestlog [req-b654c139-7d9d-428c-a828-36740715f704 req-09c3d9d0-fcc7-4035-bfce-7dbf90fe3e39 065cbfadcd81435aa5b64f8a68decba7 828d7a3adbb5445eac7eea36898a00c9 - - 89b21ad607c24dfe972282ca1a22d0b7 89b21ad607c24dfe972282ca1a22d0b7] 199.204.45.216 "GET /resource_providers?in_tree=fd67153e-eedd-47fc-a728-ad0df8518a5a" status: 200 len: 798 microversion: 1.14 [pid: 7|app: 0|req: 539/1079] 199.204.45.216 () {34 vars in 892 bytes} [Sun Jul 12 03:08:36 2026] GET /resource_providers?in_tree=fd67153e-eedd-47fc-a728-ad0df8518a5a => generated 798 bytes in 239 msecs (HTTP/1.1 200) 6 headers in 225 bytes (1 switches on core 0)
2026-07-12 03:08:36.496 6 INFO placement.requestlog [req-b654c139-7d9d-428c-a828-36740715f704 req-e86fb473-c79e-402e-b2e3-f1e3297b6029 065cbfadcd81435aa5b64f8a68decba7 828d7a3adbb5445eac7eea36898a00c9 - - 89b21ad607c24dfe972282ca1a22d0b7 89b21ad607c24dfe972282ca1a22d0b7] 199.204.45.216 "GET /resource_providers/fd67153e-eedd-47fc-a728-ad0df8518a5a/inventories" status: 200 len: 401 microversion: 1.0 [pid: 6|app: 0|req: 541/1080] 199.204.45.216 () {32 vars in 857 bytes} [Sun Jul 12 03:08:36 2026] GET /resource_providers/fd67153e-eedd-47fc-a728-ad0df8518a5a/inventories => generated 401 bytes in 29 msecs (HTTP/1.1 200) 6 headers in 224 bytes (1 switches on core 0)
2026-07-12 03:08:36.520 7 INFO placement.requestlog [req-b654c139-7d9d-428c-a828-36740715f704 req-81f45591-bc79-4884-9141-d58323ad9f7a 065cbfadcd81435aa5b64f8a68decba7 828d7a3adbb5445eac7eea36898a00c9 - - 89b21ad607c24dfe972282ca1a22d0b7 89b21ad607c24dfe972282ca1a22d0b7] 199.204.45.216 "GET /resource_providers/fd67153e-eedd-47fc-a728-ad0df8518a5a/aggregates" status: 200 len: 54 microversion: 1.19 [pid: 7|app: 0|req: 540/1081] 199.204.45.216 () {34 vars in 899 bytes} [Sun Jul 12 03:08:36 2026] GET /resource_providers/fd67153e-eedd-47fc-a728-ad0df8518a5a/aggregates => generated 54 bytes in 12 msecs (HTTP/1.1 200) 8 headers in 295 bytes (1 switches on core 0)
2026-07-12 03:08:36.543 6 INFO placement.requestlog [req-b654c139-7d9d-428c-a828-36740715f704 req-4d595117-c58a-49c5-8e92-74579d57a98f 065cbfadcd81435aa5b64f8a68decba7 828d7a3adbb5445eac7eea36898a00c9 - - 89b21ad607c24dfe972282ca1a22d0b7 89b21ad607c24dfe972282ca1a22d0b7] 199.204.45.216 "GET /resource_providers/fd67153e-eedd-47fc-a728-ad0df8518a5a/traits" status: 200 len: 2317 microversion: 1.6 [pid: 6|app: 0|req: 542/1082] 199.204.45.216 () {34 vars in 890 bytes} [Sun Jul 12 03:08:36 2026] GET /resource_providers/fd67153e-eedd-47fc-a728-ad0df8518a5a/traits => generated 2317 bytes in 17 msecs (HTTP/1.1 200) 6 headers in 225 bytes (1 switches on core 0)
2026-07-12 03:08:36.570 7 INFO placement.requestlog [req-b654c139-7d9d-428c-a828-36740715f704 req-acd33b85-98ce-4bc7-b5f5-e92bcc35d1db 065cbfadcd81435aa5b64f8a68decba7 828d7a3adbb5445eac7eea36898a00c9 - - 89b21ad607c24dfe972282ca1a22d0b7 89b21ad607c24dfe972282ca1a22d0b7] 199.204.45.216 "GET /resource_providers/fd67153e-eedd-47fc-a728-ad0df8518a5a/allocations" status: 200 len: 153 microversion: 1.0 [pid: 7|app: 0|req: 541/1083] 199.204.45.216 () {32 vars in 857 bytes} [Sun Jul 12 03:08:36 2026] GET /resource_providers/fd67153e-eedd-47fc-a728-ad0df8518a5a/allocations => generated 153 bytes in 20 msecs (HTTP/1.1 200) 6 headers in 224 bytes (1 switches on core 0)
2026-07-12 03:08:36.597 6 INFO placement.requestlog [req-b654c139-7d9d-428c-a828-36740715f704 req-16af2790-df0c-4026-b8d6-30c522e9ce51 065cbfadcd81435aa5b64f8a68decba7 828d7a3adbb5445eac7eea36898a00c9 - - 89b21ad607c24dfe972282ca1a22d0b7 89b21ad607c24dfe972282ca1a22d0b7] 199.204.45.216 "GET /allocations/053fbdb4-7b65-4118-b015-ff7edb8559e6" status: 200 len: 258 microversion: 1.28 [pid: 6|app: 0|req: 543/1084] 199.204.45.216 () {34 vars in 863 bytes} [Sun Jul 12 03:08:36 2026] GET /allocations/053fbdb4-7b65-4118-b015-ff7edb8559e6 => generated 258 bytes in 19 msecs (HTTP/1.1 200) 8 headers in 296 bytes (1 switches on core 0)
2026-07-12 03:08:38.965 7 INFO placement.requestlog [req-6dd70640-2a9b-4f8e-bb40-e4c75c59246d req-e574b151-a60f-408f-a3ea-d528ad7c1f69 065cbfadcd81435aa5b64f8a68decba7 828d7a3adbb5445eac7eea36898a00c9 - - 89b21ad607c24dfe972282ca1a22d0b7 89b21ad607c24dfe972282ca1a22d0b7] 199.204.45.216 "GET /resource_providers/fd67153e-eedd-47fc-a728-ad0df8518a5a/allocations" status: 200 len: 153 microversion: 1.0 [pid: 7|app: 0|req: 542/1085] 199.204.45.216 () {32 vars in 857 bytes} [Sun Jul 12 03:08:38 2026] GET /resource_providers/fd67153e-eedd-47fc-a728-ad0df8518a5a/allocations => generated 153 bytes in 14 msecs (HTTP/1.1 200) 6 headers in 224 bytes (1 switches on core 0)
2026-07-12 03:08:39.505 6 INFO placement.requestlog [req-6dd70640-2a9b-4f8e-bb40-e4c75c59246d req-9c6caf8b-f087-4e9b-89bb-a60965d73115 065cbfadcd81435aa5b64f8a68decba7 828d7a3adbb5445eac7eea36898a00c9 - - 89b21ad607c24dfe972282ca1a22d0b7 89b21ad607c24dfe972282ca1a22d0b7] 199.204.45.216 "GET /resource_providers/fd67153e-eedd-47fc-a728-ad0df8518a5a/allocations" status: 200 len: 153 microversion: 1.0 [pid: 6|app: 0|req: 544/1086] 199.204.45.216 () {32 vars in 857 bytes} [Sun Jul 12 03:08:39 2026] GET /resource_providers/fd67153e-eedd-47fc-a728-ad0df8518a5a/allocations => generated 153 bytes in 16 msecs (HTTP/1.1 200) 6 headers in 224 bytes (1 switches on core 0)
2026-07-12 03:08:39.524 7 INFO placement.requestlog [req-6dd70640-2a9b-4f8e-bb40-e4c75c59246d req-0fb84d1c-f186-460d-a1f4-e80dea600790 065cbfadcd81435aa5b64f8a68decba7 828d7a3adbb5445eac7eea36898a00c9 - - 89b21ad607c24dfe972282ca1a22d0b7 89b21ad607c24dfe972282ca1a22d0b7] 199.204.45.216 "GET /allocations/053fbdb4-7b65-4118-b015-ff7edb8559e6" status: 200 len: 258 microversion: 1.28 [pid: 7|app: 0|req: 543/1087] 199.204.45.216 () {34 vars in 863 bytes} [Sun Jul 12 03:08:39 2026] GET /allocations/053fbdb4-7b65-4118-b015-ff7edb8559e6 => generated 258 bytes in 13 msecs (HTTP/1.1 200) 8 headers in 296 bytes (1 switches on core 0)
2026-07-12 03:08:40.281 6 INFO placement.requestlog [req-b654c139-7d9d-428c-a828-36740715f704 req-a323fe4f-0813-49aa-9d6f-7addd91ec72d 065cbfadcd81435aa5b64f8a68decba7 828d7a3adbb5445eac7eea36898a00c9 - - 89b21ad607c24dfe972282ca1a22d0b7 89b21ad607c24dfe972282ca1a22d0b7] 199.204.45.216 "DELETE /allocations/053fbdb4-7b65-4118-b015-ff7edb8559e6" status: 204 len: 0 microversion: 1.0 [pid: 6|app: 0|req: 545/1088] 199.204.45.216 () {34 vars in 841 bytes} [Sun Jul 12 03:08:40 2026] DELETE /allocations/053fbdb4-7b65-4118-b015-ff7edb8559e6 => generated 0 bytes in 28 msecs (HTTP/1.1 204) 5 headers in 198 bytes (1 switches on core 0)
2026-07-12 03:08:40.885 7 INFO placement.requestlog [req-96404aff-2aec-4156-aa08-0bfd4085ca0d req-442acca8-28dc-4def-b949-6cd66d80172e 065cbfadcd81435aa5b64f8a68decba7 828d7a3adbb5445eac7eea36898a00c9 - - 89b21ad607c24dfe972282ca1a22d0b7 89b21ad607c24dfe972282ca1a22d0b7] 10.0.0.83 "DELETE /allocations/053fbdb4-7b65-4118-b015-ff7edb8559e6" status: 404 len: 228 microversion: 1.0 [pid: 7|app: 0|req: 544/1089] 10.0.0.83 () {34 vars in 829 bytes} [Sun Jul 12 03:08:40 2026] DELETE /allocations/053fbdb4-7b65-4118-b015-ff7edb8559e6 => generated 228 bytes in 9 msecs (HTTP/1.1 404) 6 headers in 231 bytes (1 switches on core 0)
2026-07-12 03:08:41.535 6 INFO placement.requestlog [None req-5b4d523b-c62c-48ab-8f4c-4084d1d4f3fb e5515ecc4d854c6d98fcb0ac8aebbf56 828d7a3adbb5445eac7eea36898a00c9 - - 89b21ad607c24dfe972282ca1a22d0b7 89b21ad607c24dfe972282ca1a22d0b7] 10.0.0.12 "GET /resource_providers/bd23f07f-4ce5-4dd9-9b36-793489951cde/aggregates" status: 404 len: 235 microversion: 1.1 [pid: 6|app: 0|req: 546/1090] 10.0.0.12 () {32 vars in 815 bytes} [Sun Jul 12 03:08:41 2026] GET /resource_providers/bd23f07f-4ce5-4dd9-9b36-793489951cde/aggregates => generated 235 bytes in 8 msecs (HTTP/1.1 404) 5 headers in 202 bytes (1 switches on core 0)
2026-07-12 03:08:41.536 7 INFO placement.requestlog [None req-f56880b2-b206-431f-a432-1c9ce44e113a e5515ecc4d854c6d98fcb0ac8aebbf56 828d7a3adbb5445eac7eea36898a00c9 - - 89b21ad607c24dfe972282ca1a22d0b7 89b21ad607c24dfe972282ca1a22d0b7] 10.0.0.12 "GET /resource_providers/bd23f07f-4ce5-4dd9-9b36-793489951cde/aggregates" status: 404 len: 235 microversion: 1.1 [pid: 7|app: 0|req: 545/1091] 10.0.0.12 () {32 vars in 815 bytes} [Sun Jul 12 03:08:41 2026] GET /resource_providers/bd23f07f-4ce5-4dd9-9b36-793489951cde/aggregates => generated 235 bytes in 9 msecs (HTTP/1.1 404) 5 headers in 202 bytes (1 switches on core 0)
2026-07-12 03:08:41.550 6 INFO placement.requestlog [None req-1368709e-90a0-46e5-a9bb-3099a53770ef e5515ecc4d854c6d98fcb0ac8aebbf56 828d7a3adbb5445eac7eea36898a00c9 - - 89b21ad607c24dfe972282ca1a22d0b7 89b21ad607c24dfe972282ca1a22d0b7] 10.0.0.12 "DELETE /resource_providers/bd23f07f-4ce5-4dd9-9b36-793489951cde" status: 404 len: 246 microversion: 1.1 [pid: 6|app: 0|req: 547/1092] 10.0.0.12 () {34 vars in 815 bytes} [Sun Jul 12 03:08:41 2026] DELETE /resource_providers/bd23f07f-4ce5-4dd9-9b36-793489951cde => generated 246 bytes in 7 msecs (HTTP/1.1 404) 6 headers in 231 bytes (1 switches on core 0)
2026-07-12 03:08:41.554 7 INFO placement.requestlog [None req-b53c4c0c-ae4b-4b58-bd0b-515ab746b752 e5515ecc4d854c6d98fcb0ac8aebbf56 828d7a3adbb5445eac7eea36898a00c9 - - 89b21ad607c24dfe972282ca1a22d0b7 89b21ad607c24dfe972282ca1a22d0b7] 10.0.0.12 "DELETE /resource_providers/bd23f07f-4ce5-4dd9-9b36-793489951cde" status: 404 len: 246 microversion: 1.1 [pid: 7|app: 0|req: 546/1093] 10.0.0.12 () {34 vars in 815 bytes} [Sun Jul 12 03:08:41 2026] DELETE /resource_providers/bd23f07f-4ce5-4dd9-9b36-793489951cde => generated 246 bytes in 9 msecs (HTTP/1.1 404) 6 headers in 231 bytes (1 switches on core 0)
2026-07-12 03:08:43.288 6 INFO placement.requestlog [req-bbfdcd1b-c993-47f7-b1a4-5fc66b4a80b9 req-9b53bbbb-db8f-4a90-a3c7-17b8e4cd22bb 065cbfadcd81435aa5b64f8a68decba7 828d7a3adbb5445eac7eea36898a00c9 - - 89b21ad607c24dfe972282ca1a22d0b7 89b21ad607c24dfe972282ca1a22d0b7] 10.0.0.140 "GET /allocation_candidates?limit=1000&resources=DISK_GB%3A1%2CMEMORY_MB%3A512%2CVCPU%3A1&root_required=%21COMPUTE_STATUS_DISABLED" status: 200 len: 2781 microversion: 1.36 [pid: 6|app: 0|req: 548/1094] 10.0.0.140 () {34 vars in 1012 bytes} [Sun Jul 12 03:08:43 2026] GET /allocation_candidates?limit=1000&resources=DISK_GB%3A1%2CMEMORY_MB%3A512%2CVCPU%3A1&root_required=%21COMPUTE_STATUS_DISABLED => generated 2781 bytes in 62 msecs (HTTP/1.1 200) 8 headers in 297 bytes (1 switches on core 0)
2026-07-12 03:08:43.334 7 INFO placement.requestlog [req-bbfdcd1b-c993-47f7-b1a4-5fc66b4a80b9 req-92e78f45-167b-48f5-b9cb-c1d8f489ab89 065cbfadcd81435aa5b64f8a68decba7 828d7a3adbb5445eac7eea36898a00c9 - - 89b21ad607c24dfe972282ca1a22d0b7 89b21ad607c24dfe972282ca1a22d0b7] 10.0.0.140 "GET /allocations/d8e4b5aa-e9a8-4c8c-bd42-4879b4e341ae" status: 200 len: 19 microversion: 1.28 [pid: 7|app: 0|req: 547/1095] 10.0.0.140 () {34 vars in 861 bytes} [Sun Jul 12 03:08:43 2026] GET /allocations/d8e4b5aa-e9a8-4c8c-bd42-4879b4e341ae => generated 19 bytes in 22 msecs (HTTP/1.1 200) 8 headers in 295 bytes (1 switches on core 0)
2026-07-12 03:08:43.428 6 INFO placement.requestlog [req-bbfdcd1b-c993-47f7-b1a4-5fc66b4a80b9 req-8e750394-3ee1-44c8-95fa-a2e768eeed64 065cbfadcd81435aa5b64f8a68decba7 828d7a3adbb5445eac7eea36898a00c9 - - 89b21ad607c24dfe972282ca1a22d0b7 89b21ad607c24dfe972282ca1a22d0b7] 10.0.0.140 "PUT /allocations/d8e4b5aa-e9a8-4c8c-bd42-4879b4e341ae" status: 204 len: 0 microversion: 1.36 [pid: 6|app: 0|req: 549/1096] 10.0.0.140 () {38 vars in 914 bytes} [Sun Jul 12 03:08:43 2026] PUT /allocations/d8e4b5aa-e9a8-4c8c-bd42-4879b4e341ae => generated 0 bytes in 88 msecs (HTTP/1.1 204) 5 headers in 199 bytes (1 switches on core 0)
2026-07-12 03:08:43.600 7 INFO placement.requestlog [None req-8fe27e5e-8b6e-4fed-9724-a79855765db8 e5515ecc4d854c6d98fcb0ac8aebbf56 828d7a3adbb5445eac7eea36898a00c9 - - 89b21ad607c24dfe972282ca1a22d0b7 89b21ad607c24dfe972282ca1a22d0b7] 10.0.0.12 "GET /resource_providers/151bff2d-cfbe-4aaf-8bd3-cbadfb6edb17/aggregates" status: 404 len: 235 microversion: 1.1 [pid: 7|app: 0|req: 548/1097] 10.0.0.12 () {32 vars in 815 bytes} [Sun Jul 12 03:08:43 2026] GET /resource_providers/151bff2d-cfbe-4aaf-8bd3-cbadfb6edb17/aggregates => generated 235 bytes in 28 msecs (HTTP/1.1 404) 5 headers in 202 bytes (1 switches on core 0)
2026-07-12 03:08:43.602 6 INFO placement.requestlog [None req-d0cecf51-f622-444b-8f7a-49a502aed2d7 e5515ecc4d854c6d98fcb0ac8aebbf56 828d7a3adbb5445eac7eea36898a00c9 - - 89b21ad607c24dfe972282ca1a22d0b7 89b21ad607c24dfe972282ca1a22d0b7] 10.0.0.12 "GET /resource_providers/151bff2d-cfbe-4aaf-8bd3-cbadfb6edb17/aggregates" status: 404 len: 235 microversion: 1.1 [pid: 6|app: 0|req: 550/1098] 10.0.0.12 () {32 vars in 815 bytes} [Sun Jul 12 03:08:43 2026] GET /resource_providers/151bff2d-cfbe-4aaf-8bd3-cbadfb6edb17/aggregates => generated 235 bytes in 29 msecs (HTTP/1.1 404) 5 headers in 202 bytes (1 switches on core 0)
2026-07-12 03:08:43.626 7 INFO placement.requestlog [None req-a18e2db4-4124-4f46-9da0-7533ca1818f7 e5515ecc4d854c6d98fcb0ac8aebbf56 828d7a3adbb5445eac7eea36898a00c9 - - 89b21ad607c24dfe972282ca1a22d0b7 89b21ad607c24dfe972282ca1a22d0b7] 10.0.0.12 "DELETE /resource_providers/151bff2d-cfbe-4aaf-8bd3-cbadfb6edb17" status: 404 len: 246 microversion: 1.1 [pid: 7|app: 0|req: 549/1099] 10.0.0.12 () {34 vars in 815 bytes} [Sun Jul 12 03:08:43 2026] DELETE /resource_providers/151bff2d-cfbe-4aaf-8bd3-cbadfb6edb17 => generated 246 bytes in 18 msecs (HTTP/1.1 404) 6 headers in 231 bytes (1 switches on core 0)
2026-07-12 03:08:43.631 6 INFO placement.requestlog [None req-176c04b3-64f2-465f-8f66-c682f54a02c9 e5515ecc4d854c6d98fcb0ac8aebbf56 828d7a3adbb5445eac7eea36898a00c9 - - 89b21ad607c24dfe972282ca1a22d0b7 89b21ad607c24dfe972282ca1a22d0b7] 10.0.0.12 "DELETE /resource_providers/151bff2d-cfbe-4aaf-8bd3-cbadfb6edb17" status: 404 len: 246 microversion: 1.1 [pid: 6|app: 0|req: 551/1100] 10.0.0.12 () {34 vars in 815 bytes} [Sun Jul 12 03:08:43 2026] DELETE /resource_providers/151bff2d-cfbe-4aaf-8bd3-cbadfb6edb17 => generated 246 bytes in 20 msecs (HTTP/1.1 404) 6 headers in 231 bytes (1 switches on core 0)
2026-07-12 03:08:43.646 7 INFO placement.requestlog [None req-927c067a-c3a8-4e9f-a2f0-8aeb556ddd0f e5515ecc4d854c6d98fcb0ac8aebbf56 828d7a3adbb5445eac7eea36898a00c9 - - 89b21ad607c24dfe972282ca1a22d0b7 89b21ad607c24dfe972282ca1a22d0b7] 10.0.0.12 "GET /resource_providers/7c9e71d0-c7de-451f-8ec9-8247886b100d/aggregates" status: 404 len: 235 microversion: 1.1 [pid: 7|app: 0|req: 550/1101] 10.0.0.12 () {32 vars in 815 bytes} [Sun Jul 12 03:08:43 2026] GET /resource_providers/7c9e71d0-c7de-451f-8ec9-8247886b100d/aggregates => generated 235 bytes in 9 msecs (HTTP/1.1 404) 5 headers in 202 bytes (1 switches on core 0)
2026-07-12 03:08:43.650 6 INFO placement.requestlog [None req-897d3912-84af-4403-b5d5-225a24ef3ec3 e5515ecc4d854c6d98fcb0ac8aebbf56 828d7a3adbb5445eac7eea36898a00c9 - - 89b21ad607c24dfe972282ca1a22d0b7 89b21ad607c24dfe972282ca1a22d0b7] 10.0.0.12 "GET /resource_providers/7c9e71d0-c7de-451f-8ec9-8247886b100d/aggregates" status: 404 len: 235 microversion: 1.1 [pid: 6|app: 0|req: 552/1102] 10.0.0.12 () {32 vars in 815 bytes} [Sun Jul 12 03:08:43 2026] GET /resource_providers/7c9e71d0-c7de-451f-8ec9-8247886b100d/aggregates => generated 235 bytes in 12 msecs (HTTP/1.1 404) 5 headers in 202 bytes (1 switches on core 0)
2026-07-12 03:08:43.667 6 INFO placement.requestlog [None req-a0836b6e-23dc-4cb8-9f23-30cbd0011be7 e5515ecc4d854c6d98fcb0ac8aebbf56 828d7a3adbb5445eac7eea36898a00c9 - - 89b21ad607c24dfe972282ca1a22d0b7 89b21ad607c24dfe972282ca1a22d0b7] 10.0.0.12 "DELETE /resource_providers/7c9e71d0-c7de-451f-8ec9-8247886b100d" status: 404 len: 246 microversion: 1.1 [pid: 6|app: 0|req: 553/1103] 10.0.0.12 () {34 vars in 815 bytes} [Sun Jul 12 03:08:43 2026] DELETE /resource_providers/7c9e71d0-c7de-451f-8ec9-8247886b100d => generated 246 bytes in 9 msecs (HTTP/1.1 404) 6 headers in 231 bytes (1 switches on core 0)
2026-07-12 03:08:43.672 7 INFO placement.requestlog [None req-3cb56816-23a9-401d-8ac8-e4ccab4ab893 e5515ecc4d854c6d98fcb0ac8aebbf56 828d7a3adbb5445eac7eea36898a00c9 - - 89b21ad607c24dfe972282ca1a22d0b7 89b21ad607c24dfe972282ca1a22d0b7] 10.0.0.12 "DELETE /resource_providers/7c9e71d0-c7de-451f-8ec9-8247886b100d" status: 404 len: 246 microversion: 1.1 [pid: 7|app: 0|req: 551/1104] 10.0.0.12 () {34 vars in 815 bytes} [Sun Jul 12 03:08:43 2026] DELETE /resource_providers/7c9e71d0-c7de-451f-8ec9-8247886b100d => generated 246 bytes in 16 msecs (HTTP/1.1 404) 6 headers in 231 bytes (1 switches on core 0)
2026-07-12 03:08:43.683 6 INFO placement.requestlog [None req-4fc87b77-dbb3-4e74-93c4-978e91c221f4 e5515ecc4d854c6d98fcb0ac8aebbf56 828d7a3adbb5445eac7eea36898a00c9 - - 89b21ad607c24dfe972282ca1a22d0b7 89b21ad607c24dfe972282ca1a22d0b7] 10.0.0.12 "GET /resource_providers/d040ecdd-3b87-4063-9812-ac3df7965275/aggregates" status: 404 len: 235 microversion: 1.1 [pid: 6|app: 0|req: 554/1105] 10.0.0.12 () {32 vars in 815 bytes} [Sun Jul 12 03:08:43 2026] GET /resource_providers/d040ecdd-3b87-4063-9812-ac3df7965275/aggregates => generated 235 bytes in 10 msecs (HTTP/1.1 404) 5 headers in 202 bytes (1 switches on core 0)
2026-07-12 03:08:43.690 7 INFO placement.requestlog [None req-cfb8c3a8-5d53-4fb9-83a5-96131b4199cf e5515ecc4d854c6d98fcb0ac8aebbf56 828d7a3adbb5445eac7eea36898a00c9 - - 89b21ad607c24dfe972282ca1a22d0b7 89b21ad607c24dfe972282ca1a22d0b7] 10.0.0.12 "GET /resource_providers/d040ecdd-3b87-4063-9812-ac3df7965275/aggregates" status: 404 len: 235 microversion: 1.1 [pid: 7|app: 0|req: 552/1106] 10.0.0.12 () {32 vars in 815 bytes} [Sun Jul 12 03:08:43 2026] GET /resource_providers/d040ecdd-3b87-4063-9812-ac3df7965275/aggregates => generated 235 bytes in 10 msecs (HTTP/1.1 404) 5 headers in 202 bytes (1 switches on core 0)
2026-07-12 03:08:43.703 6 INFO placement.requestlog [None req-c1d7747a-edfa-46ad-b3b1-502715024089 e5515ecc4d854c6d98fcb0ac8aebbf56 828d7a3adbb5445eac7eea36898a00c9 - - 89b21ad607c24dfe972282ca1a22d0b7 89b21ad607c24dfe972282ca1a22d0b7] 10.0.0.12 "DELETE /resource_providers/d040ecdd-3b87-4063-9812-ac3df7965275" status: 404 len: 246 microversion: 1.1 [pid: 6|app: 0|req: 555/1107] 10.0.0.12 () {34 vars in 815 bytes} [Sun Jul 12 03:08:43 2026] DELETE /resource_providers/d040ecdd-3b87-4063-9812-ac3df7965275 => generated 246 bytes in 9 msecs (HTTP/1.1 404) 6 headers in 231 bytes (1 switches on core 0)
2026-07-12 03:08:43.706 7 INFO placement.requestlog [None req-60f16b27-3e27-490f-ac44-a34320de5826 e5515ecc4d854c6d98fcb0ac8aebbf56 828d7a3adbb5445eac7eea36898a00c9 - - 89b21ad607c24dfe972282ca1a22d0b7 89b21ad607c24dfe972282ca1a22d0b7] 10.0.0.12 "DELETE /resource_providers/d040ecdd-3b87-4063-9812-ac3df7965275" status: 404 len: 246 microversion: 1.1 [pid: 7|app: 0|req: 553/1108] 10.0.0.12 () {34 vars in 815 bytes} [Sun Jul 12 03:08:43 2026] DELETE /resource_providers/d040ecdd-3b87-4063-9812-ac3df7965275 => generated 246 bytes in 9 msecs (HTTP/1.1 404) 6 headers in 231 bytes (1 switches on core 0)
2026-07-12 03:08:43.719 7 INFO placement.requestlog [None req-e080769a-6c5f-426d-af59-2f4bf725ea23 e5515ecc4d854c6d98fcb0ac8aebbf56 828d7a3adbb5445eac7eea36898a00c9 - - 89b21ad607c24dfe972282ca1a22d0b7 89b21ad607c24dfe972282ca1a22d0b7] 10.0.0.12 "GET /resource_providers/bd424c98-2d6f-48c0-95fa-24c3647d833b/aggregates" status: 404 len: 235 microversion: 1.1 [pid: 7|app: 0|req: 554/1109] 10.0.0.12 () {32 vars in 815 bytes} [Sun Jul 12 03:08:43 2026] GET /resource_providers/bd424c98-2d6f-48c0-95fa-24c3647d833b/aggregates => generated 235 bytes in 5 msecs (HTTP/1.1 404) 5 headers in 202 bytes (1 switches on core 0)
2026-07-12 03:08:43.723 6 INFO placement.requestlog [None req-e45eca79-afaf-4209-afab-978b55bae890 e5515ecc4d854c6d98fcb0ac8aebbf56 828d7a3adbb5445eac7eea36898a00c9 - - 89b21ad607c24dfe972282ca1a22d0b7 89b21ad607c24dfe972282ca1a22d0b7] 10.0.0.12 "GET /resource_providers/bd424c98-2d6f-48c0-95fa-24c3647d833b/aggregates" status: 404 len: 235 microversion: 1.1 [pid: 6|app: 0|req: 556/1110] 10.0.0.12 () {32 vars in 815 bytes} [Sun Jul 12 03:08:43 2026] GET /resource_providers/bd424c98-2d6f-48c0-95fa-24c3647d833b/aggregates => generated 235 bytes in 11 msecs (HTTP/1.1 404) 5 headers in 202 bytes (1 switches on core 0)
2026-07-12 03:08:43.735 7 INFO placement.requestlog [None req-81897fc5-78c3-410d-afda-7a309fd3c45b e5515ecc4d854c6d98fcb0ac8aebbf56 828d7a3adbb5445eac7eea36898a00c9 - - 89b21ad607c24dfe972282ca1a22d0b7 89b21ad607c24dfe972282ca1a22d0b7] 10.0.0.12 "DELETE /resource_providers/bd424c98-2d6f-48c0-95fa-24c3647d833b" status: 404 len: 246 microversion: 1.1 [pid: 7|app: 0|req: 555/1111] 10.0.0.12 () {34 vars in 815 bytes} [Sun Jul 12 03:08:43 2026] DELETE /resource_providers/bd424c98-2d6f-48c0-95fa-24c3647d833b => generated 246 bytes in 8 msecs (HTTP/1.1 404) 6 headers in 231 bytes (1 switches on core 0)
2026-07-12 03:08:43.737 6 INFO placement.requestlog [None req-c3c0f923-5795-4cae-b3ba-70d9057c3070 e5515ecc4d854c6d98fcb0ac8aebbf56 828d7a3adbb5445eac7eea36898a00c9 - - 89b21ad607c24dfe972282ca1a22d0b7 89b21ad607c24dfe972282ca1a22d0b7] 10.0.0.12 "DELETE /resource_providers/bd424c98-2d6f-48c0-95fa-24c3647d833b" status: 404 len: 246 microversion: 1.1 [pid: 6|app: 0|req: 557/1112] 10.0.0.12 () {34 vars in 815 bytes} [Sun Jul 12 03:08:43 2026] DELETE /resource_providers/bd424c98-2d6f-48c0-95fa-24c3647d833b => generated 246 bytes in 8 msecs (HTTP/1.1 404) 6 headers in 231 bytes (1 switches on core 0)
2026-07-12 03:08:43.846 6 INFO placement.requestlog [None req-8aed34f4-fce6-4fb2-8784-4b59d11146a2 e5515ecc4d854c6d98fcb0ac8aebbf56 828d7a3adbb5445eac7eea36898a00c9 - - 89b21ad607c24dfe972282ca1a22d0b7 89b21ad607c24dfe972282ca1a22d0b7] 10.0.0.12 "GET /resource_providers/0ae777d9-3da1-49c6-a817-9f7770b53adb/aggregates" status: 404 len: 235 microversion: 1.1
2026-07-12 03:08:43.846 7 INFO placement.requestlog [None req-089c016d-c55e-4e7d-872e-f9f54ae91100 e5515ecc4d854c6d98fcb0ac8aebbf56 828d7a3adbb5445eac7eea36898a00c9 - - 89b21ad607c24dfe972282ca1a22d0b7 89b21ad607c24dfe972282ca1a22d0b7] 10.0.0.12 "GET /resource_providers/0ae777d9-3da1-49c6-a817-9f7770b53adb/aggregates" status: 404 len: 235 microversion: 1.1 [pid: 6|app: 0|req: 558/1113] 10.0.0.12 () {32 vars in 815 bytes} [Sun Jul 12 03:08:43 2026] GET /resource_providers/0ae777d9-3da1-49c6-a817-9f7770b53adb/aggregates => generated 235 bytes in 7 msecs (HTTP/1.1 404) 5 headers in 202 bytes (1 switches on core 0) [pid: 7|app: 0|req: 556/1114] 10.0.0.12 () {32 vars in 815 bytes} [Sun Jul 12 03:08:43 2026] GET /resource_providers/0ae777d9-3da1-49c6-a817-9f7770b53adb/aggregates => generated 235 bytes in 10 msecs (HTTP/1.1 404) 5 headers in 202 bytes (1 switches on core 0)
2026-07-12 03:08:43.862 6 INFO placement.requestlog [None req-7b9126b5-3d26-4cce-b1a7-b338f5ce1ce3 e5515ecc4d854c6d98fcb0ac8aebbf56 828d7a3adbb5445eac7eea36898a00c9 - - 89b21ad607c24dfe972282ca1a22d0b7 89b21ad607c24dfe972282ca1a22d0b7] 10.0.0.12 "DELETE /resource_providers/0ae777d9-3da1-49c6-a817-9f7770b53adb" status: 404 len: 246 microversion: 1.1 [pid: 6|app: 0|req: 559/1115] 10.0.0.12 () {34 vars in 815 bytes} [Sun Jul 12 03:08:43 2026] DELETE /resource_providers/0ae777d9-3da1-49c6-a817-9f7770b53adb => generated 246 bytes in 8 msecs (HTTP/1.1 404) 6 headers in 231 bytes (1 switches on core 0)
