Sep 23 15:45:03.739496 np0000193820 systemd[1]: Starting devstack@n-api-meta.service - Devstack devstack@n-api-meta.service...
Sep 23 15:45:03.751752 np0000193820 devstack@n-api-meta.service[107290]: [uWSGI] getting INI configuration from /etc/nova/nova-metadata-uwsgi.ini
Sep 23 15:45:03.756683 np0000193820 devstack@n-api-meta.service[107290]: *** Starting uWSGI 2.0.24-debian (64bit) on [Wed Sep 23 15:45:03 2026] ***
Sep 23 15:45:03.756683 np0000193820 devstack@n-api-meta.service[107290]: compiled with version: 13.2.0 on 17 April 2024 16:23:48
Sep 23 15:45:03.756683 np0000193820 devstack@n-api-meta.service[107290]: os: Linux-6.8.0-139-generic #139-Ubuntu SMP PREEMPT_DYNAMIC Sat Aug 1 03:52:05 UTC 2026
Sep 23 15:45:03.756683 np0000193820 devstack@n-api-meta.service[107290]: nodename: np0000193820
Sep 23 15:45:03.756683 np0000193820 devstack@n-api-meta.service[107290]: machine: x86_64
Sep 23 15:45:03.756683 np0000193820 devstack@n-api-meta.service[107290]: clock source: unix
Sep 23 15:45:03.756683 np0000193820 devstack@n-api-meta.service[107290]: pcre jit disabled
Sep 23 15:45:03.756683 np0000193820 devstack@n-api-meta.service[107290]: detected number of CPU cores: 16
Sep 23 15:45:03.756683 np0000193820 devstack@n-api-meta.service[107290]: current working directory: /
Sep 23 15:45:03.756683 np0000193820 devstack@n-api-meta.service[107290]: detected binary path: /usr/bin/uwsgi-core
Sep 23 15:45:03.756683 np0000193820 devstack@n-api-meta.service[107290]: your processes number limit is 256916
Sep 23 15:45:03.756683 np0000193820 devstack@n-api-meta.service[107290]: your memory page size is 4096 bytes
Sep 23 15:45:03.756683 np0000193820 devstack@n-api-meta.service[107290]: detected max file descriptor number: 2048
Sep 23 15:45:03.756683 np0000193820 devstack@n-api-meta.service[107290]: lock engine: pthread robust mutexes
Sep 23 15:45:03.757651 np0000193820 devstack@n-api-meta.service[107290]: thunder lock: enabled
Sep 23 15:45:03.757651 np0000193820 devstack@n-api-meta.service[107290]: uWSGI http bound on 0.0.0.0:8775 fd 5
Sep 23 15:45:03.757651 np0000193820 devstack@n-api-meta.service[107290]: uwsgi socket 0 bound to TCP address 127.0.0.1:44769 (port auto-assigned) fd 4
Sep 23 15:45:03.757876 np0000193820 devstack@n-api-meta.service[107290]: Python version: 3.12.3 (main, Aug 31 2026, 10:18:26) [GCC 13.3.0]
Sep 23 15:45:03.757876 np0000193820 devstack@n-api-meta.service[107290]: PEP 405 virtualenv detected: /opt/stack/data/venv
Sep 23 15:45:03.757876 np0000193820 devstack@n-api-meta.service[107290]: Set PythonHome to /opt/stack/data/venv
Sep 23 15:45:03.807197 np0000193820 devstack@n-api-meta.service[107290]: Python main interpreter initialized at 0x7531b24a4668
Sep 23 15:45:03.807197 np0000193820 devstack@n-api-meta.service[107290]: python threads support enabled
Sep 23 15:45:03.807197 np0000193820 devstack@n-api-meta.service[107290]: your server socket listen backlog is limited to 100 connections
Sep 23 15:45:03.807197 np0000193820 devstack@n-api-meta.service[107290]: your mercy for graceful operations on workers is 80 seconds
Sep 23 15:45:03.807808 np0000193820 devstack@n-api-meta.service[107290]: mapped 671795 bytes (656 KB) for 4 cores
Sep 23 15:45:03.807866 np0000193820 devstack@n-api-meta.service[107290]: *** Operational MODE: preforking ***
Sep 23 15:45:03.808028 np0000193820 devstack@n-api-meta.service[107290]: *** uWSGI is running in multiple interpreter mode ***
Sep 23 15:45:03.808028 np0000193820 devstack@n-api-meta.service[107290]: spawned uWSGI master process (pid: 107290)
Sep 23 15:45:03.808288 np0000193820 systemd[1]: Started devstack@n-api-meta.service - Devstack devstack@n-api-meta.service.
Sep 23 15:45:03.808720 np0000193820 devstack@n-api-meta.service[107290]: spawned uWSGI worker 1 (pid: 107292, cores: 1)
Sep 23 15:45:03.809232 np0000193820 devstack@n-api-meta.service[107290]: spawned uWSGI worker 2 (pid: 107293, cores: 1)
Sep 23 15:45:03.809926 np0000193820 devstack@n-api-meta.service[107290]: spawned uWSGI worker 3 (pid: 107294, cores: 1)
Sep 23 15:45:03.810504 np0000193820 devstack@n-api-meta.service[107290]: spawned uWSGI worker 4 (pid: 107295, cores: 1)
Sep 23 15:45:03.811127 np0000193820 devstack@n-api-meta.service[107290]: spawned uWSGI http 1 (pid: 107296)
Sep 23 15:45:03.811127 np0000193820 devstack@n-api-meta.service[107290]: running "unix_signal:15 gracefully_kill_them_all" (master-start)...
Sep 23 15:45:05.506437 np0000193820 devstack@n-api-meta.service[107294]: INFO dbcounter [None req-10ee4844-f57c-4b9f-a4e3-ab386c5b9d1b None None] Registered counter for database nova_api
Sep 23 15:45:05.538257 np0000193820 devstack@n-api-meta.service[107292]: INFO dbcounter [None req-5f2eeedc-7590-4b0a-b300-e59374530b5d None None] Registered counter for database nova_api
Sep 23 15:45:05.545724 np0000193820 devstack@n-api-meta.service[107295]: INFO dbcounter [None req-2176aadd-f255-4e80-9cd3-51395cba0534 None None] Registered counter for database nova_api
Sep 23 15:45:05.553887 np0000193820 devstack@n-api-meta.service[107294]: DEBUG oslo_db.sqlalchemy.engines [None req-10ee4844-f57c-4b9f-a4e3-ab386c5b9d1b None None] MySQL server mode set to STRICT_TRANS_TABLES,STRICT_ALL_TABLES,NO_ZERO_IN_DATE,NO_ZERO_DATE,ERROR_FOR_DIVISION_BY_ZERO,TRADITIONAL,NO_ENGINE_SUBSTITUTION {{(pid=107294) _check_effective_sql_mode /opt/stack/data/venv/lib/python3.12/site-packages/oslo_db/sqlalchemy/engines.py:325}}
Sep 23 15:45:05.561107 np0000193820 devstack@n-api-meta.service[107293]: INFO dbcounter [None req-872d7be9-7fbf-4f42-b072-7b6289a02040 None None] Registered counter for database nova_api
Sep 23 15:45:05.585053 np0000193820 devstack@n-api-meta.service[107294]: DEBUG dbcounter [-] [107294] Writer thread running {{(pid=107294) stat_writer /opt/stack/data/venv/lib/python3.12/site-packages/dbcounter.py:102}}
Sep 23 15:45:05.586430 np0000193820 devstack@n-api-meta.service[107292]: DEBUG oslo_db.sqlalchemy.engines [None req-5f2eeedc-7590-4b0a-b300-e59374530b5d None None] MySQL server mode set to STRICT_TRANS_TABLES,STRICT_ALL_TABLES,NO_ZERO_IN_DATE,NO_ZERO_DATE,ERROR_FOR_DIVISION_BY_ZERO,TRADITIONAL,NO_ENGINE_SUBSTITUTION {{(pid=107292) _check_effective_sql_mode /opt/stack/data/venv/lib/python3.12/site-packages/oslo_db/sqlalchemy/engines.py:325}}
Sep 23 15:45:05.587559 np0000193820 devstack@n-api-meta.service[107294]: DEBUG nova.context [None req-10ee4844-f57c-4b9f-a4e3-ab386c5b9d1b None None] Found 2 cells: 00000000-0000-0000-0000-000000000000(cell0),a37a1052-e16f-403c-8a07-34832ed882f2(cell1) {{(pid=107294) load_cells /opt/stack/nova/nova/context.py:532}}
Sep 23 15:45:05.592268 np0000193820 devstack@n-api-meta.service[107294]: DEBUG oslo_concurrency.lockutils [None req-10ee4844-f57c-4b9f-a4e3-ab386c5b9d1b None None] Acquiring lock "00000000-0000-0000-0000-000000000000" by "nova.context.set_target_cell..get_or_set_cached_cell_and_set_connections" {{(pid=107294) inner /opt/stack/data/venv/lib/python3.12/site-packages/oslo_concurrency/lockutils.py:512}}
Sep 23 15:45:05.592268 np0000193820 devstack@n-api-meta.service[107294]: DEBUG oslo_concurrency.lockutils [None req-10ee4844-f57c-4b9f-a4e3-ab386c5b9d1b None None] Lock "00000000-0000-0000-0000-000000000000" acquired by "nova.context.set_target_cell..get_or_set_cached_cell_and_set_connections" :: waited 0.000s {{(pid=107294) inner /opt/stack/data/venv/lib/python3.12/site-packages/oslo_concurrency/lockutils.py:525}}
Sep 23 15:45:05.592268 np0000193820 devstack@n-api-meta.service[107294]: DEBUG oslo_concurrency.lockutils [None req-10ee4844-f57c-4b9f-a4e3-ab386c5b9d1b None None] Lock "00000000-0000-0000-0000-000000000000" "released" by "nova.context.set_target_cell..get_or_set_cached_cell_and_set_connections" :: held 0.000s {{(pid=107294) inner /opt/stack/data/venv/lib/python3.12/site-packages/oslo_concurrency/lockutils.py:544}}
Sep 23 15:45:05.592268 np0000193820 devstack@n-api-meta.service[107294]: INFO nova.thread_pool_factory [None req-10ee4844-f57c-4b9f-a4e3-ab386c5b9d1b None None] The cell_worker thread pool MainProcess.cell_worker is initialized
Sep 23 15:45:05.592268 np0000193820 devstack@n-api-meta.service[107294]: DEBUG oslo_concurrency.lockutils [None req-10ee4844-f57c-4b9f-a4e3-ab386c5b9d1b None None] Acquiring lock "a37a1052-e16f-403c-8a07-34832ed882f2" by "nova.context.set_target_cell..get_or_set_cached_cell_and_set_connections" {{(pid=107294) inner /opt/stack/data/venv/lib/python3.12/site-packages/oslo_concurrency/lockutils.py:512}}
Sep 23 15:45:05.592655 np0000193820 devstack@n-api-meta.service[107294]: DEBUG oslo_concurrency.lockutils [None req-10ee4844-f57c-4b9f-a4e3-ab386c5b9d1b None None] Lock "a37a1052-e16f-403c-8a07-34832ed882f2" acquired by "nova.context.set_target_cell..get_or_set_cached_cell_and_set_connections" :: waited 0.000s {{(pid=107294) inner /opt/stack/data/venv/lib/python3.12/site-packages/oslo_concurrency/lockutils.py:525}}
Sep 23 15:45:05.592655 np0000193820 devstack@n-api-meta.service[107294]: DEBUG oslo_concurrency.lockutils [None req-10ee4844-f57c-4b9f-a4e3-ab386c5b9d1b None None] Lock "a37a1052-e16f-403c-8a07-34832ed882f2" "released" by "nova.context.set_target_cell..get_or_set_cached_cell_and_set_connections" :: held 0.001s {{(pid=107294) inner /opt/stack/data/venv/lib/python3.12/site-packages/oslo_concurrency/lockutils.py:544}}
Sep 23 15:45:05.595270 np0000193820 devstack@n-api-meta.service[107294]: INFO dbcounter [None req-10ee4844-f57c-4b9f-a4e3-ab386c5b9d1b None None] Registered counter for database nova_cell0
Sep 23 15:45:05.597705 np0000193820 devstack@n-api-meta.service[107295]: DEBUG oslo_db.sqlalchemy.engines [None req-2176aadd-f255-4e80-9cd3-51395cba0534 None None] MySQL server mode set to STRICT_TRANS_TABLES,STRICT_ALL_TABLES,NO_ZERO_IN_DATE,NO_ZERO_DATE,ERROR_FOR_DIVISION_BY_ZERO,TRADITIONAL,NO_ENGINE_SUBSTITUTION {{(pid=107295) _check_effective_sql_mode /opt/stack/data/venv/lib/python3.12/site-packages/oslo_db/sqlalchemy/engines.py:325}}
Sep 23 15:45:05.599536 np0000193820 devstack@n-api-meta.service[107294]: INFO dbcounter [None req-10ee4844-f57c-4b9f-a4e3-ab386c5b9d1b None None] Registered counter for database nova_cell1
Sep 23 15:45:05.612494 np0000193820 devstack@n-api-meta.service[107293]: DEBUG oslo_db.sqlalchemy.engines [None req-872d7be9-7fbf-4f42-b072-7b6289a02040 None None] MySQL server mode set to STRICT_TRANS_TABLES,STRICT_ALL_TABLES,NO_ZERO_IN_DATE,NO_ZERO_DATE,ERROR_FOR_DIVISION_BY_ZERO,TRADITIONAL,NO_ENGINE_SUBSTITUTION {{(pid=107293) _check_effective_sql_mode /opt/stack/data/venv/lib/python3.12/site-packages/oslo_db/sqlalchemy/engines.py:325}}
Sep 23 15:45:05.624983 np0000193820 devstack@n-api-meta.service[107292]: DEBUG dbcounter [-] [107292] Writer thread running {{(pid=107292) stat_writer /opt/stack/data/venv/lib/python3.12/site-packages/dbcounter.py:102}}
Sep 23 15:45:05.629109 np0000193820 devstack@n-api-meta.service[107292]: DEBUG nova.context [None req-5f2eeedc-7590-4b0a-b300-e59374530b5d None None] Found 2 cells: 00000000-0000-0000-0000-000000000000(cell0),a37a1052-e16f-403c-8a07-34832ed882f2(cell1) {{(pid=107292) load_cells /opt/stack/nova/nova/context.py:532}}
Sep 23 15:45:05.630441 np0000193820 devstack@n-api-meta.service[107292]: DEBUG oslo_concurrency.lockutils [None req-5f2eeedc-7590-4b0a-b300-e59374530b5d None None] Acquiring lock "00000000-0000-0000-0000-000000000000" by "nova.context.set_target_cell..get_or_set_cached_cell_and_set_connections" {{(pid=107292) inner /opt/stack/data/venv/lib/python3.12/site-packages/oslo_concurrency/lockutils.py:512}}
Sep 23 15:45:05.630683 np0000193820 devstack@n-api-meta.service[107292]: DEBUG oslo_concurrency.lockutils [None req-5f2eeedc-7590-4b0a-b300-e59374530b5d None None] Lock "00000000-0000-0000-0000-000000000000" acquired by "nova.context.set_target_cell..get_or_set_cached_cell_and_set_connections" :: waited 0.000s {{(pid=107292) inner /opt/stack/data/venv/lib/python3.12/site-packages/oslo_concurrency/lockutils.py:525}}
Sep 23 15:45:05.631134 np0000193820 devstack@n-api-meta.service[107292]: DEBUG oslo_concurrency.lockutils [None req-5f2eeedc-7590-4b0a-b300-e59374530b5d None None] Lock "00000000-0000-0000-0000-000000000000" "released" by "nova.context.set_target_cell..get_or_set_cached_cell_and_set_connections" :: held 0.000s {{(pid=107292) inner /opt/stack/data/venv/lib/python3.12/site-packages/oslo_concurrency/lockutils.py:544}}
Sep 23 15:45:05.631573 np0000193820 devstack@n-api-meta.service[107292]: INFO nova.thread_pool_factory [None req-5f2eeedc-7590-4b0a-b300-e59374530b5d None None] The cell_worker thread pool MainProcess.cell_worker is initialized
Sep 23 15:45:05.632222 np0000193820 devstack@n-api-meta.service[107292]: DEBUG oslo_concurrency.lockutils [None req-5f2eeedc-7590-4b0a-b300-e59374530b5d None None] Acquiring lock "a37a1052-e16f-403c-8a07-34832ed882f2" by "nova.context.set_target_cell..get_or_set_cached_cell_and_set_connections" {{(pid=107292) inner /opt/stack/data/venv/lib/python3.12/site-packages/oslo_concurrency/lockutils.py:512}}
Sep 23 15:45:05.635213 np0000193820 devstack@n-api-meta.service[107292]: DEBUG oslo_concurrency.lockutils [None req-5f2eeedc-7590-4b0a-b300-e59374530b5d None None] Lock "a37a1052-e16f-403c-8a07-34832ed882f2" acquired by "nova.context.set_target_cell..get_or_set_cached_cell_and_set_connections" :: waited 0.000s {{(pid=107292) inner /opt/stack/data/venv/lib/python3.12/site-packages/oslo_concurrency/lockutils.py:525}}
Sep 23 15:45:05.635213 np0000193820 devstack@n-api-meta.service[107292]: DEBUG oslo_concurrency.lockutils [None req-5f2eeedc-7590-4b0a-b300-e59374530b5d None None] Lock "a37a1052-e16f-403c-8a07-34832ed882f2" "released" by "nova.context.set_target_cell..get_or_set_cached_cell_and_set_connections" :: held 0.001s {{(pid=107292) inner /opt/stack/data/venv/lib/python3.12/site-packages/oslo_concurrency/lockutils.py:544}}
Sep 23 15:45:05.635550 np0000193820 devstack@n-api-meta.service[107295]: DEBUG dbcounter [-] [107295] Writer thread running {{(pid=107295) stat_writer /opt/stack/data/venv/lib/python3.12/site-packages/dbcounter.py:102}}
Sep 23 15:45:05.636319 np0000193820 devstack@n-api-meta.service[107292]: INFO dbcounter [None req-5f2eeedc-7590-4b0a-b300-e59374530b5d None None] Registered counter for database nova_cell0
Sep 23 15:45:05.638573 np0000193820 devstack@n-api-meta.service[107295]: DEBUG nova.context [None req-2176aadd-f255-4e80-9cd3-51395cba0534 None None] Found 2 cells: 00000000-0000-0000-0000-000000000000(cell0),a37a1052-e16f-403c-8a07-34832ed882f2(cell1) {{(pid=107295) load_cells /opt/stack/nova/nova/context.py:532}}
Sep 23 15:45:05.639546 np0000193820 devstack@n-api-meta.service[107293]: DEBUG dbcounter [-] [107293] Writer thread running {{(pid=107293) stat_writer /opt/stack/data/venv/lib/python3.12/site-packages/dbcounter.py:102}}
Sep 23 15:45:05.640481 np0000193820 devstack@n-api-meta.service[107295]: DEBUG oslo_concurrency.lockutils [None req-2176aadd-f255-4e80-9cd3-51395cba0534 None None] Acquiring lock "00000000-0000-0000-0000-000000000000" by "nova.context.set_target_cell..get_or_set_cached_cell_and_set_connections" {{(pid=107295) inner /opt/stack/data/venv/lib/python3.12/site-packages/oslo_concurrency/lockutils.py:512}}
Sep 23 15:45:05.640627 np0000193820 devstack@n-api-meta.service[107295]: DEBUG oslo_concurrency.lockutils [None req-2176aadd-f255-4e80-9cd3-51395cba0534 None None] Lock "00000000-0000-0000-0000-000000000000" acquired by "nova.context.set_target_cell..get_or_set_cached_cell_and_set_connections" :: waited 0.000s {{(pid=107295) inner /opt/stack/data/venv/lib/python3.12/site-packages/oslo_concurrency/lockutils.py:525}}
Sep 23 15:45:05.641016 np0000193820 devstack@n-api-meta.service[107295]: DEBUG oslo_concurrency.lockutils [None req-2176aadd-f255-4e80-9cd3-51395cba0534 None None] Lock "00000000-0000-0000-0000-000000000000" "released" by "nova.context.set_target_cell..get_or_set_cached_cell_and_set_connections" :: held 0.000s {{(pid=107295) inner /opt/stack/data/venv/lib/python3.12/site-packages/oslo_concurrency/lockutils.py:544}}
Sep 23 15:45:05.641303 np0000193820 devstack@n-api-meta.service[107295]: INFO nova.thread_pool_factory [None req-2176aadd-f255-4e80-9cd3-51395cba0534 None None] The cell_worker thread pool MainProcess.cell_worker is initialized
Sep 23 15:45:05.641375 np0000193820 devstack@n-api-meta.service[107292]: INFO dbcounter [None req-5f2eeedc-7590-4b0a-b300-e59374530b5d None None] Registered counter for database nova_cell1
Sep 23 15:45:05.642012 np0000193820 devstack@n-api-meta.service[107295]: DEBUG oslo_concurrency.lockutils [None req-2176aadd-f255-4e80-9cd3-51395cba0534 None None] Acquiring lock "a37a1052-e16f-403c-8a07-34832ed882f2" by "nova.context.set_target_cell..get_or_set_cached_cell_and_set_connections" {{(pid=107295) inner /opt/stack/data/venv/lib/python3.12/site-packages/oslo_concurrency/lockutils.py:512}}
Sep 23 15:45:05.642100 np0000193820 devstack@n-api-meta.service[107293]: DEBUG nova.context [None req-872d7be9-7fbf-4f42-b072-7b6289a02040 None None] Found 2 cells: 00000000-0000-0000-0000-000000000000(cell0),a37a1052-e16f-403c-8a07-34832ed882f2(cell1) {{(pid=107293) load_cells /opt/stack/nova/nova/context.py:532}}
Sep 23 15:45:05.642156 np0000193820 devstack@n-api-meta.service[107295]: DEBUG oslo_concurrency.lockutils [None req-2176aadd-f255-4e80-9cd3-51395cba0534 None None] Lock "a37a1052-e16f-403c-8a07-34832ed882f2" acquired by "nova.context.set_target_cell..get_or_set_cached_cell_and_set_connections" :: waited 0.000s {{(pid=107295) inner /opt/stack/data/venv/lib/python3.12/site-packages/oslo_concurrency/lockutils.py:525}}
Sep 23 15:45:05.643714 np0000193820 devstack@n-api-meta.service[107295]: DEBUG oslo_concurrency.lockutils [None req-2176aadd-f255-4e80-9cd3-51395cba0534 None None] Lock "a37a1052-e16f-403c-8a07-34832ed882f2" "released" by "nova.context.set_target_cell..get_or_set_cached_cell_and_set_connections" :: held 0.001s {{(pid=107295) inner /opt/stack/data/venv/lib/python3.12/site-packages/oslo_concurrency/lockutils.py:544}}
Sep 23 15:45:05.643929 np0000193820 devstack@n-api-meta.service[107293]: DEBUG oslo_concurrency.lockutils [None req-872d7be9-7fbf-4f42-b072-7b6289a02040 None None] Acquiring lock "00000000-0000-0000-0000-000000000000" by "nova.context.set_target_cell..get_or_set_cached_cell_and_set_connections" {{(pid=107293) inner /opt/stack/data/venv/lib/python3.12/site-packages/oslo_concurrency/lockutils.py:512}}
Sep 23 15:45:05.644088 np0000193820 devstack@n-api-meta.service[107293]: DEBUG oslo_concurrency.lockutils [None req-872d7be9-7fbf-4f42-b072-7b6289a02040 None None] Lock "00000000-0000-0000-0000-000000000000" acquired by "nova.context.set_target_cell..get_or_set_cached_cell_and_set_connections" :: waited 0.000s {{(pid=107293) inner /opt/stack/data/venv/lib/python3.12/site-packages/oslo_concurrency/lockutils.py:525}}
Sep 23 15:45:05.644462 np0000193820 devstack@n-api-meta.service[107293]: DEBUG oslo_concurrency.lockutils [None req-872d7be9-7fbf-4f42-b072-7b6289a02040 None None] Lock "00000000-0000-0000-0000-000000000000" "released" by "nova.context.set_target_cell..get_or_set_cached_cell_and_set_connections" :: held 0.000s {{(pid=107293) inner /opt/stack/data/venv/lib/python3.12/site-packages/oslo_concurrency/lockutils.py:544}}
Sep 23 15:45:05.644670 np0000193820 devstack@n-api-meta.service[107293]: INFO nova.thread_pool_factory [None req-872d7be9-7fbf-4f42-b072-7b6289a02040 None None] The cell_worker thread pool MainProcess.cell_worker is initialized
Sep 23 15:45:05.645047 np0000193820 devstack@n-api-meta.service[107295]: INFO dbcounter [None req-2176aadd-f255-4e80-9cd3-51395cba0534 None None] Registered counter for database nova_cell0
Sep 23 15:45:05.645291 np0000193820 devstack@n-api-meta.service[107293]: DEBUG oslo_concurrency.lockutils [None req-872d7be9-7fbf-4f42-b072-7b6289a02040 None None] Acquiring lock "a37a1052-e16f-403c-8a07-34832ed882f2" by "nova.context.set_target_cell..get_or_set_cached_cell_and_set_connections" {{(pid=107293) inner /opt/stack/data/venv/lib/python3.12/site-packages/oslo_concurrency/lockutils.py:512}}
Sep 23 15:45:05.645423 np0000193820 devstack@n-api-meta.service[107293]: DEBUG oslo_concurrency.lockutils [None req-872d7be9-7fbf-4f42-b072-7b6289a02040 None None] Lock "a37a1052-e16f-403c-8a07-34832ed882f2" acquired by "nova.context.set_target_cell..get_or_set_cached_cell_and_set_connections" :: waited 0.000s {{(pid=107293) inner /opt/stack/data/venv/lib/python3.12/site-packages/oslo_concurrency/lockutils.py:525}}
Sep 23 15:45:05.646259 np0000193820 devstack@n-api-meta.service[107293]: DEBUG oslo_concurrency.lockutils [None req-872d7be9-7fbf-4f42-b072-7b6289a02040 None None] Lock "a37a1052-e16f-403c-8a07-34832ed882f2" "released" by "nova.context.set_target_cell..get_or_set_cached_cell_and_set_connections" :: held 0.001s {{(pid=107293) inner /opt/stack/data/venv/lib/python3.12/site-packages/oslo_concurrency/lockutils.py:544}}
Sep 23 15:45:05.648163 np0000193820 devstack@n-api-meta.service[107293]: INFO dbcounter [None req-872d7be9-7fbf-4f42-b072-7b6289a02040 None None] Registered counter for database nova_cell0
Sep 23 15:45:05.648701 np0000193820 devstack@n-api-meta.service[107295]: INFO dbcounter [None req-2176aadd-f255-4e80-9cd3-51395cba0534 None None] Registered counter for database nova_cell1
Sep 23 15:45:05.651264 np0000193820 devstack@n-api-meta.service[107293]: INFO dbcounter [None req-872d7be9-7fbf-4f42-b072-7b6289a02040 None None] Registered counter for database nova_cell1
Sep 23 15:45:05.675268 np0000193820 devstack@n-api-meta.service[107294]: DEBUG oslo_db.sqlalchemy.engines [None req-10ee4844-f57c-4b9f-a4e3-ab386c5b9d1b None None] MySQL server mode set to STRICT_TRANS_TABLES,STRICT_ALL_TABLES,NO_ZERO_IN_DATE,NO_ZERO_DATE,ERROR_FOR_DIVISION_BY_ZERO,TRADITIONAL,NO_ENGINE_SUBSTITUTION {{(pid=107294) _check_effective_sql_mode /opt/stack/data/venv/lib/python3.12/site-packages/oslo_db/sqlalchemy/engines.py:325}}
Sep 23 15:45:05.683245 np0000193820 devstack@n-api-meta.service[107294]: DEBUG oslo_db.sqlalchemy.engines [None req-10ee4844-f57c-4b9f-a4e3-ab386c5b9d1b None None] MySQL server mode set to STRICT_TRANS_TABLES,STRICT_ALL_TABLES,NO_ZERO_IN_DATE,NO_ZERO_DATE,ERROR_FOR_DIVISION_BY_ZERO,TRADITIONAL,NO_ENGINE_SUBSTITUTION {{(pid=107294) _check_effective_sql_mode /opt/stack/data/venv/lib/python3.12/site-packages/oslo_db/sqlalchemy/engines.py:325}}
Sep 23 15:45:05.707281 np0000193820 devstack@n-api-meta.service[107295]: DEBUG oslo_db.sqlalchemy.engines [None req-2176aadd-f255-4e80-9cd3-51395cba0534 None None] MySQL server mode set to STRICT_TRANS_TABLES,STRICT_ALL_TABLES,NO_ZERO_IN_DATE,NO_ZERO_DATE,ERROR_FOR_DIVISION_BY_ZERO,TRADITIONAL,NO_ENGINE_SUBSTITUTION {{(pid=107295) _check_effective_sql_mode /opt/stack/data/venv/lib/python3.12/site-packages/oslo_db/sqlalchemy/engines.py:325}}
Sep 23 15:45:05.711395 np0000193820 devstack@n-api-meta.service[107295]: DEBUG oslo_db.sqlalchemy.engines [None req-2176aadd-f255-4e80-9cd3-51395cba0534 None None] MySQL server mode set to STRICT_TRANS_TABLES,STRICT_ALL_TABLES,NO_ZERO_IN_DATE,NO_ZERO_DATE,ERROR_FOR_DIVISION_BY_ZERO,TRADITIONAL,NO_ENGINE_SUBSTITUTION {{(pid=107295) _check_effective_sql_mode /opt/stack/data/venv/lib/python3.12/site-packages/oslo_db/sqlalchemy/engines.py:325}}
Sep 23 15:45:05.714989 np0000193820 devstack@n-api-meta.service[107292]: DEBUG oslo_db.sqlalchemy.engines [None req-5f2eeedc-7590-4b0a-b300-e59374530b5d None None] MySQL server mode set to STRICT_TRANS_TABLES,STRICT_ALL_TABLES,NO_ZERO_IN_DATE,NO_ZERO_DATE,ERROR_FOR_DIVISION_BY_ZERO,TRADITIONAL,NO_ENGINE_SUBSTITUTION {{(pid=107292) _check_effective_sql_mode /opt/stack/data/venv/lib/python3.12/site-packages/oslo_db/sqlalchemy/engines.py:325}}
Sep 23 15:45:05.718038 np0000193820 devstack@n-api-meta.service[107293]: DEBUG oslo_db.sqlalchemy.engines [None req-872d7be9-7fbf-4f42-b072-7b6289a02040 None None] MySQL server mode set to STRICT_TRANS_TABLES,STRICT_ALL_TABLES,NO_ZERO_IN_DATE,NO_ZERO_DATE,ERROR_FOR_DIVISION_BY_ZERO,TRADITIONAL,NO_ENGINE_SUBSTITUTION {{(pid=107293) _check_effective_sql_mode /opt/stack/data/venv/lib/python3.12/site-packages/oslo_db/sqlalchemy/engines.py:325}}
Sep 23 15:45:05.732255 np0000193820 devstack@n-api-meta.service[107293]: DEBUG oslo_db.sqlalchemy.engines [None req-872d7be9-7fbf-4f42-b072-7b6289a02040 None None] MySQL server mode set to STRICT_TRANS_TABLES,STRICT_ALL_TABLES,NO_ZERO_IN_DATE,NO_ZERO_DATE,ERROR_FOR_DIVISION_BY_ZERO,TRADITIONAL,NO_ENGINE_SUBSTITUTION {{(pid=107293) _check_effective_sql_mode /opt/stack/data/venv/lib/python3.12/site-packages/oslo_db/sqlalchemy/engines.py:325}}
Sep 23 15:45:05.771188 np0000193820 devstack@n-api-meta.service[107294]: DEBUG dbcounter [-] [107294] Writer thread running {{(pid=107294) stat_writer /opt/stack/data/venv/lib/python3.12/site-packages/dbcounter.py:102}}
Sep 23 15:45:05.779648 np0000193820 devstack@n-api-meta.service[107294]: DEBUG dbcounter [-] [107294] Writer thread running {{(pid=107294) stat_writer /opt/stack/data/venv/lib/python3.12/site-packages/dbcounter.py:102}}
Sep 23 15:45:05.785170 np0000193820 devstack@n-api-meta.service[107294]: INFO dbcounter [None req-10ee4844-f57c-4b9f-a4e3-ab386c5b9d1b None None] Registered counter for database nova_cell0
Sep 23 15:45:05.787377 np0000193820 devstack@n-api-meta.service[107292]: DEBUG oslo_db.sqlalchemy.engines [None req-5f2eeedc-7590-4b0a-b300-e59374530b5d None None] MySQL server mode set to STRICT_TRANS_TABLES,STRICT_ALL_TABLES,NO_ZERO_IN_DATE,NO_ZERO_DATE,ERROR_FOR_DIVISION_BY_ZERO,TRADITIONAL,NO_ENGINE_SUBSTITUTION {{(pid=107292) _check_effective_sql_mode /opt/stack/data/venv/lib/python3.12/site-packages/oslo_db/sqlalchemy/engines.py:325}}
Sep 23 15:45:05.795679 np0000193820 devstack@n-api-meta.service[107295]: DEBUG dbcounter [-] [107295] Writer thread running {{(pid=107295) stat_writer /opt/stack/data/venv/lib/python3.12/site-packages/dbcounter.py:102}}
Sep 23 15:45:05.798104 np0000193820 devstack@n-api-meta.service[107292]: DEBUG dbcounter [-] [107292] Writer thread running {{(pid=107292) stat_writer /opt/stack/data/venv/lib/python3.12/site-packages/dbcounter.py:102}}
Sep 23 15:45:05.800265 np0000193820 devstack@n-api-meta.service[107295]: DEBUG dbcounter [-] [107295] Writer thread running {{(pid=107295) stat_writer /opt/stack/data/venv/lib/python3.12/site-packages/dbcounter.py:102}}
Sep 23 15:45:05.801313 np0000193820 devstack@n-api-meta.service[107293]: DEBUG dbcounter [-] [107293] Writer thread running {{(pid=107293) stat_writer /opt/stack/data/venv/lib/python3.12/site-packages/dbcounter.py:102}}
Sep 23 15:45:05.805839 np0000193820 devstack@n-api-meta.service[107295]: INFO dbcounter [None req-2176aadd-f255-4e80-9cd3-51395cba0534 None None] Registered counter for database nova_cell0
Sep 23 15:45:05.807954 np0000193820 devstack@n-api-meta.service[107292]: DEBUG dbcounter [-] [107292] Writer thread running {{(pid=107292) stat_writer /opt/stack/data/venv/lib/python3.12/site-packages/dbcounter.py:102}}
Sep 23 15:45:05.808076 np0000193820 devstack@n-api-meta.service[107293]: DEBUG dbcounter [-] [107293] Writer thread running {{(pid=107293) stat_writer /opt/stack/data/venv/lib/python3.12/site-packages/dbcounter.py:102}}
Sep 23 15:45:05.812455 np0000193820 devstack@n-api-meta.service[107293]: INFO dbcounter [None req-872d7be9-7fbf-4f42-b072-7b6289a02040 None None] Registered counter for database nova_cell0
Sep 23 15:45:05.813326 np0000193820 devstack@n-api-meta.service[107292]: INFO dbcounter [None req-5f2eeedc-7590-4b0a-b300-e59374530b5d None None] Registered counter for database nova_cell0
Sep 23 15:45:05.842491 np0000193820 devstack@n-api-meta.service[107294]: DEBUG oslo_db.sqlalchemy.engines [None req-10ee4844-f57c-4b9f-a4e3-ab386c5b9d1b None None] MySQL server mode set to STRICT_TRANS_TABLES,STRICT_ALL_TABLES,NO_ZERO_IN_DATE,NO_ZERO_DATE,ERROR_FOR_DIVISION_BY_ZERO,TRADITIONAL,NO_ENGINE_SUBSTITUTION {{(pid=107294) _check_effective_sql_mode /opt/stack/data/venv/lib/python3.12/site-packages/oslo_db/sqlalchemy/engines.py:325}}
Sep 23 15:45:05.851451 np0000193820 devstack@n-api-meta.service[107294]: DEBUG dbcounter [-] [107294] Writer thread running {{(pid=107294) stat_writer /opt/stack/data/venv/lib/python3.12/site-packages/dbcounter.py:102}}
Sep 23 15:45:05.864357 np0000193820 devstack@n-api-meta.service[107295]: DEBUG oslo_db.sqlalchemy.engines [None req-2176aadd-f255-4e80-9cd3-51395cba0534 None None] MySQL server mode set to STRICT_TRANS_TABLES,STRICT_ALL_TABLES,NO_ZERO_IN_DATE,NO_ZERO_DATE,ERROR_FOR_DIVISION_BY_ZERO,TRADITIONAL,NO_ENGINE_SUBSTITUTION {{(pid=107295) _check_effective_sql_mode /opt/stack/data/venv/lib/python3.12/site-packages/oslo_db/sqlalchemy/engines.py:325}}
Sep 23 15:45:05.868384 np0000193820 devstack@n-api-meta.service[107293]: DEBUG oslo_db.sqlalchemy.engines [None req-872d7be9-7fbf-4f42-b072-7b6289a02040 None None] MySQL server mode set to STRICT_TRANS_TABLES,STRICT_ALL_TABLES,NO_ZERO_IN_DATE,NO_ZERO_DATE,ERROR_FOR_DIVISION_BY_ZERO,TRADITIONAL,NO_ENGINE_SUBSTITUTION {{(pid=107293) _check_effective_sql_mode /opt/stack/data/venv/lib/python3.12/site-packages/oslo_db/sqlalchemy/engines.py:325}}
Sep 23 15:45:05.873995 np0000193820 devstack@n-api-meta.service[107295]: DEBUG dbcounter [-] [107295] Writer thread running {{(pid=107295) stat_writer /opt/stack/data/venv/lib/python3.12/site-packages/dbcounter.py:102}}
Sep 23 15:45:05.874108 np0000193820 devstack@n-api-meta.service[107292]: DEBUG oslo_db.sqlalchemy.engines [None req-5f2eeedc-7590-4b0a-b300-e59374530b5d None None] MySQL server mode set to STRICT_TRANS_TABLES,STRICT_ALL_TABLES,NO_ZERO_IN_DATE,NO_ZERO_DATE,ERROR_FOR_DIVISION_BY_ZERO,TRADITIONAL,NO_ENGINE_SUBSTITUTION {{(pid=107292) _check_effective_sql_mode /opt/stack/data/venv/lib/python3.12/site-packages/oslo_db/sqlalchemy/engines.py:325}}
Sep 23 15:45:05.877102 np0000193820 devstack@n-api-meta.service[107293]: DEBUG dbcounter [-] [107293] Writer thread running {{(pid=107293) stat_writer /opt/stack/data/venv/lib/python3.12/site-packages/dbcounter.py:102}}
Sep 23 15:45:05.882929 np0000193820 devstack@n-api-meta.service[107292]: DEBUG dbcounter [-] [107292] Writer thread running {{(pid=107292) stat_writer /opt/stack/data/venv/lib/python3.12/site-packages/dbcounter.py:102}}
Sep 23 15:45:05.925202 np0000193820 devstack@n-api-meta.service[107294]: WARNING nova.api.metadata.handler [None req-10ee4844-f57c-4b9f-a4e3-ab386c5b9d1b None None] metadata_proxy_shared_secret is not configured, the metadata information returned by the proxy cannot be trusted
Sep 23 15:45:05.926260 np0000193820 devstack@n-api-meta.service[107294]: DEBUG nova.api.openstack.wsgi_app [None req-10ee4844-f57c-4b9f-a4e3-ab386c5b9d1b None None] ******************************************************************************** {{(pid=107294) log_opt_values /opt/stack/data/venv/lib/python3.12/site-packages/oslo_config/cfg.py:3533}}
Sep 23 15:45:05.926366 np0000193820 devstack@n-api-meta.service[107294]: DEBUG nova.api.openstack.wsgi_app [None req-10ee4844-f57c-4b9f-a4e3-ab386c5b9d1b None None] Configuration options gathered from: {{(pid=107294) log_opt_values /opt/stack/data/venv/lib/python3.12/site-packages/oslo_config/cfg.py:3534}}
Sep 23 15:45:05.926510 np0000193820 devstack@n-api-meta.service[107294]: DEBUG nova.api.openstack.wsgi_app [None req-10ee4844-f57c-4b9f-a4e3-ab386c5b9d1b None None] command line args: [] {{(pid=107294) log_opt_values /opt/stack/data/venv/lib/python3.12/site-packages/oslo_config/cfg.py:3535}}
Sep 23 15:45:05.926684 np0000193820 devstack@n-api-meta.service[107294]: DEBUG nova.api.openstack.wsgi_app [None req-10ee4844-f57c-4b9f-a4e3-ab386c5b9d1b None None] config files: ['/etc/nova/api-paste.ini', '/etc/nova/nova.conf'] {{(pid=107294) log_opt_values /opt/stack/data/venv/lib/python3.12/site-packages/oslo_config/cfg.py:3536}}
Sep 23 15:45:05.926811 np0000193820 devstack@n-api-meta.service[107294]: DEBUG nova.api.openstack.wsgi_app [None req-10ee4844-f57c-4b9f-a4e3-ab386c5b9d1b None None] ================================================================================ {{(pid=107294) log_opt_values /opt/stack/data/venv/lib/python3.12/site-packages/oslo_config/cfg.py:3541}}
Sep 23 15:45:05.926986 np0000193820 devstack@n-api-meta.service[107294]: DEBUG nova.api.openstack.wsgi_app [None req-10ee4844-f57c-4b9f-a4e3-ab386c5b9d1b None None] allow_resize_to_same_host = True {{(pid=107294) log_opt_values /opt/stack/data/venv/lib/python3.12/site-packages/oslo_config/cfg.py:3549}}
Sep 23 15:45:05.927135 np0000193820 devstack@n-api-meta.service[107294]: DEBUG nova.api.openstack.wsgi_app [None req-10ee4844-f57c-4b9f-a4e3-ab386c5b9d1b None None] arq_binding_timeout = 300 {{(pid=107294) log_opt_values /opt/stack/data/venv/lib/python3.12/site-packages/oslo_config/cfg.py:3549}}
Sep 23 15:45:05.927272 np0000193820 devstack@n-api-meta.service[107294]: DEBUG nova.api.openstack.wsgi_app [None req-10ee4844-f57c-4b9f-a4e3-ab386c5b9d1b None None] block_device_allocate_retries = 60 {{(pid=107294) log_opt_values /opt/stack/data/venv/lib/python3.12/site-packages/oslo_config/cfg.py:3549}}
Sep 23 15:45:05.927427 np0000193820 devstack@n-api-meta.service[107294]: DEBUG nova.api.openstack.wsgi_app [None req-10ee4844-f57c-4b9f-a4e3-ab386c5b9d1b None None] block_device_allocate_retries_interval = 3 {{(pid=107294) log_opt_values /opt/stack/data/venv/lib/python3.12/site-packages/oslo_config/cfg.py:3549}}
Sep 23 15:45:05.927591 np0000193820 devstack@n-api-meta.service[107294]: DEBUG nova.api.openstack.wsgi_app [None req-10ee4844-f57c-4b9f-a4e3-ab386c5b9d1b None None] cell_worker_thread_pool_size = 5 {{(pid=107294) log_opt_values /opt/stack/data/venv/lib/python3.12/site-packages/oslo_config/cfg.py:3549}}
Sep 23 15:45:05.927733 np0000193820 devstack@n-api-meta.service[107294]: DEBUG nova.api.openstack.wsgi_app [None req-10ee4844-f57c-4b9f-a4e3-ab386c5b9d1b None None] cert = self.pem {{(pid=107294) log_opt_values /opt/stack/data/venv/lib/python3.12/site-packages/oslo_config/cfg.py:3549}}
Sep 23 15:45:05.930201 np0000193820 devstack@n-api-meta.service[107294]: DEBUG nova.api.openstack.wsgi_app [None req-10ee4844-f57c-4b9f-a4e3-ab386c5b9d1b None None] compute_driver = libvirt.LibvirtDriver {{(pid=107294) log_opt_values /opt/stack/data/venv/lib/python3.12/site-packages/oslo_config/cfg.py:3549}}
Sep 23 15:45:05.930201 np0000193820 devstack@n-api-meta.service[107294]: DEBUG nova.api.openstack.wsgi_app [None req-10ee4844-f57c-4b9f-a4e3-ab386c5b9d1b None None] compute_monitors = [] {{(pid=107294) log_opt_values /opt/stack/data/venv/lib/python3.12/site-packages/oslo_config/cfg.py:3549}}
Sep 23 15:45:05.930201 np0000193820 devstack@n-api-meta.service[107294]: DEBUG nova.api.openstack.wsgi_app [None req-10ee4844-f57c-4b9f-a4e3-ab386c5b9d1b None None] concurrency_backend = auto {{(pid=107294) log_opt_values /opt/stack/data/venv/lib/python3.12/site-packages/oslo_config/cfg.py:3549}}
Sep 23 15:45:05.930201 np0000193820 devstack@n-api-meta.service[107294]: DEBUG nova.api.openstack.wsgi_app [None req-10ee4844-f57c-4b9f-a4e3-ab386c5b9d1b None None] config_dir = [] {{(pid=107294) log_opt_values /opt/stack/data/venv/lib/python3.12/site-packages/oslo_config/cfg.py:3549}}
Sep 23 15:45:05.930201 np0000193820 devstack@n-api-meta.service[107294]: DEBUG nova.api.openstack.wsgi_app [None req-10ee4844-f57c-4b9f-a4e3-ab386c5b9d1b None None] config_drive_format = iso9660 {{(pid=107294) log_opt_values /opt/stack/data/venv/lib/python3.12/site-packages/oslo_config/cfg.py:3549}}
Sep 23 15:45:05.930201 np0000193820 devstack@n-api-meta.service[107294]: DEBUG nova.api.openstack.wsgi_app [None req-10ee4844-f57c-4b9f-a4e3-ab386c5b9d1b None None] config_file = ['/etc/nova/api-paste.ini', '/etc/nova/nova.conf'] {{(pid=107294) log_opt_values /opt/stack/data/venv/lib/python3.12/site-packages/oslo_config/cfg.py:3549}}
Sep 23 15:45:05.930201 np0000193820 devstack@n-api-meta.service[107294]: DEBUG nova.api.openstack.wsgi_app [None req-10ee4844-f57c-4b9f-a4e3-ab386c5b9d1b None None] config_source = [] {{(pid=107294) log_opt_values /opt/stack/data/venv/lib/python3.12/site-packages/oslo_config/cfg.py:3549}}
Sep 23 15:45:05.930590 np0000193820 devstack@n-api-meta.service[107294]: DEBUG nova.api.openstack.wsgi_app [None req-10ee4844-f57c-4b9f-a4e3-ab386c5b9d1b None None] console_host = np0000193820 {{(pid=107294) log_opt_values /opt/stack/data/venv/lib/python3.12/site-packages/oslo_config/cfg.py:3549}}
Sep 23 15:45:05.930590 np0000193820 devstack@n-api-meta.service[107294]: DEBUG nova.api.openstack.wsgi_app [None req-10ee4844-f57c-4b9f-a4e3-ab386c5b9d1b None None] control_exchange = nova {{(pid=107294) log_opt_values /opt/stack/data/venv/lib/python3.12/site-packages/oslo_config/cfg.py:3549}}
Sep 23 15:45:05.930590 np0000193820 devstack@n-api-meta.service[107294]: DEBUG nova.api.openstack.wsgi_app [None req-10ee4844-f57c-4b9f-a4e3-ab386c5b9d1b None None] cpu_allocation_ratio = None {{(pid=107294) log_opt_values /opt/stack/data/venv/lib/python3.12/site-packages/oslo_config/cfg.py:3549}}
Sep 23 15:45:05.930590 np0000193820 devstack@n-api-meta.service[107294]: DEBUG nova.api.openstack.wsgi_app [None req-10ee4844-f57c-4b9f-a4e3-ab386c5b9d1b None None] daemon = False {{(pid=107294) log_opt_values /opt/stack/data/venv/lib/python3.12/site-packages/oslo_config/cfg.py:3549}}
Sep 23 15:45:05.930590 np0000193820 devstack@n-api-meta.service[107294]: DEBUG nova.api.openstack.wsgi_app [None req-10ee4844-f57c-4b9f-a4e3-ab386c5b9d1b None None] debug = True {{(pid=107294) log_opt_values /opt/stack/data/venv/lib/python3.12/site-packages/oslo_config/cfg.py:3549}}
Sep 23 15:45:05.930590 np0000193820 devstack@n-api-meta.service[107294]: DEBUG nova.api.openstack.wsgi_app [None req-10ee4844-f57c-4b9f-a4e3-ab386c5b9d1b None None] default_access_ip_network_name = None {{(pid=107294) log_opt_values /opt/stack/data/venv/lib/python3.12/site-packages/oslo_config/cfg.py:3549}}
Sep 23 15:45:05.930590 np0000193820 devstack@n-api-meta.service[107294]: DEBUG nova.api.openstack.wsgi_app [None req-10ee4844-f57c-4b9f-a4e3-ab386c5b9d1b None None] default_availability_zone = nova {{(pid=107294) log_opt_values /opt/stack/data/venv/lib/python3.12/site-packages/oslo_config/cfg.py:3549}}
Sep 23 15:45:05.931206 np0000193820 devstack@n-api-meta.service[107294]: DEBUG nova.api.openstack.wsgi_app [None req-10ee4844-f57c-4b9f-a4e3-ab386c5b9d1b None None] default_ephemeral_format = ext4 {{(pid=107294) log_opt_values /opt/stack/data/venv/lib/python3.12/site-packages/oslo_config/cfg.py:3549}}
Sep 23 15:45:05.931206 np0000193820 devstack@n-api-meta.service[107294]: DEBUG nova.api.openstack.wsgi_app [None req-10ee4844-f57c-4b9f-a4e3-ab386c5b9d1b None None] default_green_pool_size = 1000 {{(pid=107294) log_opt_values /opt/stack/data/venv/lib/python3.12/site-packages/oslo_config/cfg.py:3549}}
Sep 23 15:45:05.931206 np0000193820 devstack@n-api-meta.service[107294]: DEBUG nova.api.openstack.wsgi_app [None req-10ee4844-f57c-4b9f-a4e3-ab386c5b9d1b None None] default_log_levels = ['amqp=WARN', 'boto=WARN', 'sqlalchemy=WARN', 'suds=INFO', 'oslo.messaging=INFO', 'oslo_messaging=INFO', 'iso8601=WARN', 'requests.packages.urllib3.connectionpool=WARN', 'urllib3.connectionpool=WARN', 'websocket=WARN', 'requests.packages.urllib3.util.retry=WARN', 'urllib3.util.retry=WARN', 'keystonemiddleware=WARN', 'routes.middleware=WARN', 'stevedore=WARN', 'taskflow=WARN', 'keystoneauth=WARN', 'oslo.cache=INFO', 'oslo_policy=INFO', 'dogpile.core.dogpile=INFO', 'glanceclient=WARN', 'oslo.privsep.daemon=INFO'] {{(pid=107294) log_opt_values /opt/stack/data/venv/lib/python3.12/site-packages/oslo_config/cfg.py:3549}}
Sep 23 15:45:05.931206 np0000193820 devstack@n-api-meta.service[107294]: DEBUG nova.api.openstack.wsgi_app [None req-10ee4844-f57c-4b9f-a4e3-ab386c5b9d1b None None] default_schedule_zone = None {{(pid=107294) log_opt_values /opt/stack/data/venv/lib/python3.12/site-packages/oslo_config/cfg.py:3549}}
Sep 23 15:45:05.931206 np0000193820 devstack@n-api-meta.service[107294]: DEBUG nova.api.openstack.wsgi_app [None req-10ee4844-f57c-4b9f-a4e3-ab386c5b9d1b None None] default_thread_pool_size = 10 {{(pid=107294) log_opt_values /opt/stack/data/venv/lib/python3.12/site-packages/oslo_config/cfg.py:3549}}
Sep 23 15:45:05.931529 np0000193820 devstack@n-api-meta.service[107294]: DEBUG nova.api.openstack.wsgi_app [None req-10ee4844-f57c-4b9f-a4e3-ab386c5b9d1b None None] disk_allocation_ratio = None {{(pid=107294) log_opt_values /opt/stack/data/venv/lib/python3.12/site-packages/oslo_config/cfg.py:3549}}
Sep 23 15:45:05.931529 np0000193820 devstack@n-api-meta.service[107294]: DEBUG nova.api.openstack.wsgi_app [None req-10ee4844-f57c-4b9f-a4e3-ab386c5b9d1b None None] enable_new_services = True {{(pid=107294) log_opt_values /opt/stack/data/venv/lib/python3.12/site-packages/oslo_config/cfg.py:3549}}
Sep 23 15:45:05.931529 np0000193820 devstack@n-api-meta.service[107294]: DEBUG nova.api.openstack.wsgi_app [None req-10ee4844-f57c-4b9f-a4e3-ab386c5b9d1b None None] flat_injected = False {{(pid=107294) log_opt_values /opt/stack/data/venv/lib/python3.12/site-packages/oslo_config/cfg.py:3549}}
Sep 23 15:45:05.931529 np0000193820 devstack@n-api-meta.service[107294]: DEBUG nova.api.openstack.wsgi_app [None req-10ee4844-f57c-4b9f-a4e3-ab386c5b9d1b None None] force_config_drive = False {{(pid=107294) log_opt_values /opt/stack/data/venv/lib/python3.12/site-packages/oslo_config/cfg.py:3549}}
Sep 23 15:45:05.931529 np0000193820 devstack@n-api-meta.service[107294]: DEBUG nova.api.openstack.wsgi_app [None req-10ee4844-f57c-4b9f-a4e3-ab386c5b9d1b None None] force_raw_images = True {{(pid=107294) log_opt_values /opt/stack/data/venv/lib/python3.12/site-packages/oslo_config/cfg.py:3549}}
Sep 23 15:45:05.931529 np0000193820 devstack@n-api-meta.service[107294]: DEBUG nova.api.openstack.wsgi_app [None req-10ee4844-f57c-4b9f-a4e3-ab386c5b9d1b None None] graceful_shutdown_timeout = 5 {{(pid=107294) log_opt_values /opt/stack/data/venv/lib/python3.12/site-packages/oslo_config/cfg.py:3549}}
Sep 23 15:45:05.931529 np0000193820 devstack@n-api-meta.service[107294]: DEBUG nova.api.openstack.wsgi_app [None req-10ee4844-f57c-4b9f-a4e3-ab386c5b9d1b None None] heal_instance_info_cache_interval = -1 {{(pid=107294) log_opt_values /opt/stack/data/venv/lib/python3.12/site-packages/oslo_config/cfg.py:3549}}
Sep 23 15:45:05.931882 np0000193820 devstack@n-api-meta.service[107294]: DEBUG nova.api.openstack.wsgi_app [None req-10ee4844-f57c-4b9f-a4e3-ab386c5b9d1b None None] host = np0000193820 {{(pid=107294) log_opt_values /opt/stack/data/venv/lib/python3.12/site-packages/oslo_config/cfg.py:3549}}
Sep 23 15:45:05.931882 np0000193820 devstack@n-api-meta.service[107294]: DEBUG nova.api.openstack.wsgi_app [None req-10ee4844-f57c-4b9f-a4e3-ab386c5b9d1b None None] initial_cpu_allocation_ratio = 4.0 {{(pid=107294) log_opt_values /opt/stack/data/venv/lib/python3.12/site-packages/oslo_config/cfg.py:3549}}
Sep 23 15:45:05.931991 np0000193820 devstack@n-api-meta.service[107294]: DEBUG nova.api.openstack.wsgi_app [None req-10ee4844-f57c-4b9f-a4e3-ab386c5b9d1b None None] initial_disk_allocation_ratio = 1.0 {{(pid=107294) log_opt_values /opt/stack/data/venv/lib/python3.12/site-packages/oslo_config/cfg.py:3549}}
Sep 23 15:45:05.932052 np0000193820 devstack@n-api-meta.service[107294]: DEBUG nova.api.openstack.wsgi_app [None req-10ee4844-f57c-4b9f-a4e3-ab386c5b9d1b None None] initial_ram_allocation_ratio = 1.0 {{(pid=107294) log_opt_values /opt/stack/data/venv/lib/python3.12/site-packages/oslo_config/cfg.py:3549}}
Sep 23 15:45:05.932223 np0000193820 devstack@n-api-meta.service[107294]: DEBUG nova.api.openstack.wsgi_app [None req-10ee4844-f57c-4b9f-a4e3-ab386c5b9d1b None None] injected_network_template = /opt/stack/nova/nova/virt/interfaces.template {{(pid=107294) log_opt_values /opt/stack/data/venv/lib/python3.12/site-packages/oslo_config/cfg.py:3549}}
Sep 23 15:45:05.932376 np0000193820 devstack@n-api-meta.service[107294]: DEBUG nova.api.openstack.wsgi_app [None req-10ee4844-f57c-4b9f-a4e3-ab386c5b9d1b None None] instance_build_timeout = 0 {{(pid=107294) log_opt_values /opt/stack/data/venv/lib/python3.12/site-packages/oslo_config/cfg.py:3549}}
Sep 23 15:45:05.932452 np0000193820 devstack@n-api-meta.service[107294]: DEBUG nova.api.openstack.wsgi_app [None req-10ee4844-f57c-4b9f-a4e3-ab386c5b9d1b None None] instance_delete_interval = 300 {{(pid=107294) log_opt_values /opt/stack/data/venv/lib/python3.12/site-packages/oslo_config/cfg.py:3549}}
Sep 23 15:45:05.932593 np0000193820 devstack@n-api-meta.service[107294]: DEBUG nova.api.openstack.wsgi_app [None req-10ee4844-f57c-4b9f-a4e3-ab386c5b9d1b None None] instance_format = [instance: %(uuid)s] {{(pid=107294) log_opt_values /opt/stack/data/venv/lib/python3.12/site-packages/oslo_config/cfg.py:3549}}
Sep 23 15:45:05.933240 np0000193820 devstack@n-api-meta.service[107294]: DEBUG nova.api.openstack.wsgi_app [None req-10ee4844-f57c-4b9f-a4e3-ab386c5b9d1b None None] instance_name_template = instance-%08x {{(pid=107294) log_opt_values /opt/stack/data/venv/lib/python3.12/site-packages/oslo_config/cfg.py:3549}}
Sep 23 15:45:05.933240 np0000193820 devstack@n-api-meta.service[107294]: DEBUG nova.api.openstack.wsgi_app [None req-10ee4844-f57c-4b9f-a4e3-ab386c5b9d1b None None] instance_usage_audit = False {{(pid=107294) log_opt_values /opt/stack/data/venv/lib/python3.12/site-packages/oslo_config/cfg.py:3549}}
Sep 23 15:45:05.933240 np0000193820 devstack@n-api-meta.service[107294]: DEBUG nova.api.openstack.wsgi_app [None req-10ee4844-f57c-4b9f-a4e3-ab386c5b9d1b None None] instance_usage_audit_period = month {{(pid=107294) log_opt_values /opt/stack/data/venv/lib/python3.12/site-packages/oslo_config/cfg.py:3549}}
Sep 23 15:45:05.933240 np0000193820 devstack@n-api-meta.service[107294]: DEBUG nova.api.openstack.wsgi_app [None req-10ee4844-f57c-4b9f-a4e3-ab386c5b9d1b None None] instance_uuid_format = [instance: %(uuid)s] {{(pid=107294) log_opt_values /opt/stack/data/venv/lib/python3.12/site-packages/oslo_config/cfg.py:3549}}
Sep 23 15:45:05.933240 np0000193820 devstack@n-api-meta.service[107294]: DEBUG nova.api.openstack.wsgi_app [None req-10ee4844-f57c-4b9f-a4e3-ab386c5b9d1b None None] instances_path = /opt/stack/data/nova/instances {{(pid=107294) log_opt_values /opt/stack/data/venv/lib/python3.12/site-packages/oslo_config/cfg.py:3549}}
Sep 23 15:45:05.933525 np0000193820 devstack@n-api-meta.service[107294]: DEBUG nova.api.openstack.wsgi_app [None req-10ee4844-f57c-4b9f-a4e3-ab386c5b9d1b None None] internal_service_availability_zone = internal {{(pid=107294) log_opt_values /opt/stack/data/venv/lib/python3.12/site-packages/oslo_config/cfg.py:3549}}
Sep 23 15:45:05.933525 np0000193820 devstack@n-api-meta.service[107294]: DEBUG nova.api.openstack.wsgi_app [None req-10ee4844-f57c-4b9f-a4e3-ab386c5b9d1b None None] key = None {{(pid=107294) log_opt_values /opt/stack/data/venv/lib/python3.12/site-packages/oslo_config/cfg.py:3549}}
Sep 23 15:45:05.933645 np0000193820 devstack@n-api-meta.service[107294]: DEBUG nova.api.openstack.wsgi_app [None req-10ee4844-f57c-4b9f-a4e3-ab386c5b9d1b None None] live_migration_retry_count = 30 {{(pid=107294) log_opt_values /opt/stack/data/venv/lib/python3.12/site-packages/oslo_config/cfg.py:3549}}
Sep 23 15:45:05.933708 np0000193820 devstack@n-api-meta.service[107294]: DEBUG nova.api.openstack.wsgi_app [None req-10ee4844-f57c-4b9f-a4e3-ab386c5b9d1b None None] log_color = False {{(pid=107294) log_opt_values /opt/stack/data/venv/lib/python3.12/site-packages/oslo_config/cfg.py:3549}}
Sep 23 15:45:05.936372 np0000193820 devstack@n-api-meta.service[107294]: DEBUG nova.api.openstack.wsgi_app [None req-10ee4844-f57c-4b9f-a4e3-ab386c5b9d1b None None] log_config_append = None {{(pid=107294) log_opt_values /opt/stack/data/venv/lib/python3.12/site-packages/oslo_config/cfg.py:3549}}
Sep 23 15:45:05.936372 np0000193820 devstack@n-api-meta.service[107294]: DEBUG nova.api.openstack.wsgi_app [None req-10ee4844-f57c-4b9f-a4e3-ab386c5b9d1b None None] log_date_format = %Y-%m-%d %H:%M:%S {{(pid=107294) log_opt_values /opt/stack/data/venv/lib/python3.12/site-packages/oslo_config/cfg.py:3549}}
Sep 23 15:45:05.936372 np0000193820 devstack@n-api-meta.service[107294]: DEBUG nova.api.openstack.wsgi_app [None req-10ee4844-f57c-4b9f-a4e3-ab386c5b9d1b None None] log_dir = None {{(pid=107294) log_opt_values /opt/stack/data/venv/lib/python3.12/site-packages/oslo_config/cfg.py:3549}}
Sep 23 15:45:05.936372 np0000193820 devstack@n-api-meta.service[107294]: DEBUG nova.api.openstack.wsgi_app [None req-10ee4844-f57c-4b9f-a4e3-ab386c5b9d1b None None] log_file = None {{(pid=107294) log_opt_values /opt/stack/data/venv/lib/python3.12/site-packages/oslo_config/cfg.py:3549}}
Sep 23 15:45:05.936372 np0000193820 devstack@n-api-meta.service[107294]: DEBUG nova.api.openstack.wsgi_app [None req-10ee4844-f57c-4b9f-a4e3-ab386c5b9d1b None None] log_options = True {{(pid=107294) log_opt_values /opt/stack/data/venv/lib/python3.12/site-packages/oslo_config/cfg.py:3549}}
Sep 23 15:45:05.936372 np0000193820 devstack@n-api-meta.service[107294]: DEBUG nova.api.openstack.wsgi_app [None req-10ee4844-f57c-4b9f-a4e3-ab386c5b9d1b None None] log_rotate_interval = 1 {{(pid=107294) log_opt_values /opt/stack/data/venv/lib/python3.12/site-packages/oslo_config/cfg.py:3549}}
Sep 23 15:45:05.936372 np0000193820 devstack@n-api-meta.service[107294]: DEBUG nova.api.openstack.wsgi_app [None req-10ee4844-f57c-4b9f-a4e3-ab386c5b9d1b None None] log_rotate_interval_type = days {{(pid=107294) log_opt_values /opt/stack/data/venv/lib/python3.12/site-packages/oslo_config/cfg.py:3549}}
Sep 23 15:45:05.936798 np0000193820 devstack@n-api-meta.service[107294]: DEBUG nova.api.openstack.wsgi_app [None req-10ee4844-f57c-4b9f-a4e3-ab386c5b9d1b None None] log_rotation_type = none {{(pid=107294) log_opt_values /opt/stack/data/venv/lib/python3.12/site-packages/oslo_config/cfg.py:3549}}
