Sep 23 15:44:27.371008 np0000193820 devstack@neutron-api.service[102088]: WARNING neutron.quota.resource_registry [None req-b37b65ef-4e99-4ba7-942c-cd16be0506dd None None] subnetpool is already registered
Sep 23 15:44:27.371420 np0000193820 devstack@neutron-api.service[102088]: DEBUG neutron.api.extensions [None req-b37b65ef-4e99-4ba7-942c-cd16be0506dd None None] Extended resource: extensions {{(pid=102088) __init__ /opt/stack/neutron/neutron/api/extensions.py:156}}
Sep 23 15:44:27.372105 np0000193820 devstack@neutron-api.service[102088]: DEBUG neutron.api.extensions [None req-b37b65ef-4e99-4ba7-942c-cd16be0506dd None None] Extended resource: address-groups {{(pid=102088) __init__ /opt/stack/neutron/neutron/api/extensions.py:156}}
Sep 23 15:44:27.372658 np0000193820 devstack@neutron-api.service[102087]: DEBUG neutron.plugins.ml2.drivers.ovn.mech_driver.mech_driver [None req-100bf94f-8571-4656-8844-9f60d3cbaa56 None None] Hash Ring setup using WSGI start time 2026-09-23 15:44:26+00:00 {{(pid=102087) _init_hash_ring /opt/stack/neutron/neutron/plugins/ml2/drivers/ovn/mech_driver/mech_driver.py:386}}
Sep 23 15:44:27.372796 np0000193820 devstack@neutron-api.service[102088]: DEBUG neutron.api.extensions [None req-b37b65ef-4e99-4ba7-942c-cd16be0506dd None None] Extended resource: address-scopes {{(pid=102088) __init__ /opt/stack/neutron/neutron/api/extensions.py:156}}
Sep 23 15:44:27.373296 np0000193820 devstack@neutron-api.service[102088]: DEBUG neutron.api.extensions [None req-b37b65ef-4e99-4ba7-942c-cd16be0506dd None None] Extended resource: agents {{(pid=102088) __init__ /opt/stack/neutron/neutron/api/extensions.py:156}}
Sep 23 15:44:27.373743 np0000193820 devstack@neutron-api.service[102088]: DEBUG neutron.api.extensions [None req-b37b65ef-4e99-4ba7-942c-cd16be0506dd None None] Extended resource: auto-allocated-topology {{(pid=102088) __init__ /opt/stack/neutron/neutron/api/extensions.py:156}}
Sep 23 15:44:27.374284 np0000193820 devstack@neutron-api.service[102088]: DEBUG neutron.api.extensions [None req-b37b65ef-4e99-4ba7-942c-cd16be0506dd None None] Extended resource: availability_zones {{(pid=102088) __init__ /opt/stack/neutron/neutron/api/extensions.py:156}}
Sep 23 15:44:27.374779 np0000193820 devstack@neutron-api.service[102088]: DEBUG neutron.api.extensions [None req-b37b65ef-4e99-4ba7-942c-cd16be0506dd None None] Extended resource: dhcp-networks {{(pid=102088) __init__ /opt/stack/neutron/neutron/api/extensions.py:156}}
Sep 23 15:44:27.375465 np0000193820 devstack@neutron-api.service[102088]: DEBUG neutron.api.extensions [None req-b37b65ef-4e99-4ba7-942c-cd16be0506dd None None] Extended resource: dhcp-agents {{(pid=102088) __init__ /opt/stack/neutron/neutron/api/extensions.py:156}}
Sep 23 15:44:27.376056 np0000193820 devstack@neutron-api.service[102088]: DEBUG neutron.api.extensions [None req-b37b65ef-4e99-4ba7-942c-cd16be0506dd None None] Extended resource: routers {{(pid=102088) __init__ /opt/stack/neutron/neutron/api/extensions.py:156}}
Sep 23 15:44:27.376949 np0000193820 devstack@neutron-api.service[102088]: DEBUG neutron.api.extensions [None req-b37b65ef-4e99-4ba7-942c-cd16be0506dd None None] Extended resource: flavors {{(pid=102088) __init__ /opt/stack/neutron/neutron/api/extensions.py:156}}
Sep 23 15:44:27.377433 np0000193820 devstack@neutron-api.service[102088]: DEBUG neutron.api.extensions [None req-b37b65ef-4e99-4ba7-942c-cd16be0506dd None None] Extended resource: service_profiles {{(pid=102088) __init__ /opt/stack/neutron/neutron/api/extensions.py:156}}
Sep 23 15:44:27.377976 np0000193820 devstack@neutron-api.service[102088]: DEBUG neutron.api.extensions [None req-b37b65ef-4e99-4ba7-942c-cd16be0506dd None None] Extended resource: next_providers {{(pid=102088) __init__ /opt/stack/neutron/neutron/api/extensions.py:156}}
Sep 23 15:44:27.378621 np0000193820 devstack@neutron-api.service[102088]: DEBUG neutron.api.extensions [None req-b37b65ef-4e99-4ba7-942c-cd16be0506dd None None] Extended resource: service_profiles {{(pid=102088) __init__ /opt/stack/neutron/neutron/api/extensions.py:156}}
Sep 23 15:44:27.379076 np0000193820 devstack@neutron-api.service[102087]: INFO neutron.db.ovn_hash_ring_db [None req-100bf94f-8571-4656-8844-9f60d3cbaa56 None None] Nodes from host "np0000193820" and group "mechanism_driver" removed from the Hash Ring created at 2026-09-23 15:44:26+00:00
Sep 23 15:44:27.379312 np0000193820 devstack@neutron-api.service[102088]: DEBUG neutron.api.extensions [None req-b37b65ef-4e99-4ba7-942c-cd16be0506dd None None] Extended resource: floatingip-pools {{(pid=102088) __init__ /opt/stack/neutron/neutron/api/extensions.py:156}}
Sep 23 15:44:27.379733 np0000193820 devstack@neutron-api.service[102088]: DEBUG neutron.api.extensions [None req-b37b65ef-4e99-4ba7-942c-cd16be0506dd None None] Extended resource: routers {{(pid=102088) __init__ /opt/stack/neutron/neutron/api/extensions.py:156}}
Sep 23 15:44:27.380693 np0000193820 devstack@neutron-api.service[102088]: DEBUG neutron.api.extensions [None req-b37b65ef-4e99-4ba7-942c-cd16be0506dd None None] Extended resource: floatingips {{(pid=102088) __init__ /opt/stack/neutron/neutron/api/extensions.py:156}}
Sep 23 15:44:27.381789 np0000193820 devstack@neutron-api.service[102088]: DEBUG neutron.api.extensions [None req-b37b65ef-4e99-4ba7-942c-cd16be0506dd None None] Extended resource: l3-routers {{(pid=102088) __init__ /opt/stack/neutron/neutron/api/extensions.py:156}}
Sep 23 15:44:27.382480 np0000193820 devstack@neutron-api.service[102088]: DEBUG neutron.api.extensions [None req-b37b65ef-4e99-4ba7-942c-cd16be0506dd None None] Extended resource: l3-agents {{(pid=102088) __init__ /opt/stack/neutron/neutron/api/extensions.py:156}}
Sep 23 15:44:27.383051 np0000193820 devstack@neutron-api.service[102087]: INFO neutron.db.ovn_hash_ring_db [None req-100bf94f-8571-4656-8844-9f60d3cbaa56 None None] Node ba8e1d56703f5d22adac8f0b85d46e78 from host "np0000193820" and group "mechanism_driver" added to the Hash Ring
Sep 23 15:44:27.383353 np0000193820 devstack@neutron-api.service[102088]: DEBUG neutron.api.extensions [None req-b37b65ef-4e99-4ba7-942c-cd16be0506dd None None] Extended resource: network-ip-availabilities {{(pid=102088) __init__ /opt/stack/neutron/neutron/api/extensions.py:156}}
Sep 23 15:44:27.384042 np0000193820 devstack@neutron-api.service[102088]: DEBUG neutron.api.extensions [None req-b37b65ef-4e99-4ba7-942c-cd16be0506dd None None] Extended resource: network-ip-availabilities {{(pid=102088) __init__ /opt/stack/neutron/neutron/api/extensions.py:156}}
Sep 23 15:44:27.384748 np0000193820 devstack@neutron-api.service[102088]: DEBUG neutron.api.extensions [None req-b37b65ef-4e99-4ba7-942c-cd16be0506dd None None] Extended resource: bindings {{(pid=102088) __init__ /opt/stack/neutron/neutron/api/extensions.py:156}}
Sep 23 15:44:27.386585 np0000193820 devstack@neutron-api.service[102088]: DEBUG neutron.api.extensions [None req-b37b65ef-4e99-4ba7-942c-cd16be0506dd None None] Extended resource: quotas {{(pid=102088) __init__ /opt/stack/neutron/neutron/api/extensions.py:156}}
Sep 23 15:44:27.386585 np0000193820 devstack@neutron-api.service[102088]: DEBUG neutron.api.extensions [None req-b37b65ef-4e99-4ba7-942c-cd16be0506dd None None] Extended resource: quotas {{(pid=102088) __init__ /opt/stack/neutron/neutron/api/extensions.py:156}}
Sep 23 15:44:27.386765 np0000193820 devstack@neutron-api.service[102087]: DEBUG neutron.plugins.ml2.drivers.ovn.mech_driver.mech_driver [None req-100bf94f-8571-4656-8844-9f60d3cbaa56 None None] Hash Ring setup, this worker has detected 2 OVN hash ring registers in the database {{(pid=102087) _init_hash_ring /opt/stack/neutron/neutron/plugins/ml2/drivers/ovn/mech_driver/mech_driver.py:396}}
Sep 23 15:44:27.386842 np0000193820 devstack@neutron-api.service[102088]: DEBUG neutron.api.extensions [None req-b37b65ef-4e99-4ba7-942c-cd16be0506dd None None] Extended resource: rbac-policies {{(pid=102088) __init__ /opt/stack/neutron/neutron/api/extensions.py:156}}
Sep 23 15:44:27.387368 np0000193820 devstack@neutron-api.service[102088]: DEBUG neutron.api.extensions [None req-b37b65ef-4e99-4ba7-942c-cd16be0506dd None None] Extended resource: default-security-group-rules {{(pid=102088) __init__ /opt/stack/neutron/neutron/api/extensions.py:156}}
Sep 23 15:44:27.387908 np0000193820 devstack@neutron-api.service[102088]: DEBUG neutron.api.extensions [None req-b37b65ef-4e99-4ba7-942c-cd16be0506dd None None] Extended resource: security-groups-default-statefulness {{(pid=102088) __init__ /opt/stack/neutron/neutron/api/extensions.py:156}}
Sep 23 15:44:27.388499 np0000193820 devstack@neutron-api.service[102088]: DEBUG neutron.api.extensions [None req-b37b65ef-4e99-4ba7-942c-cd16be0506dd None None] Extended resource: security-groups {{(pid=102088) __init__ /opt/stack/neutron/neutron/api/extensions.py:156}}
Sep 23 15:44:27.388944 np0000193820 devstack@neutron-api.service[102088]: DEBUG neutron.api.extensions [None req-b37b65ef-4e99-4ba7-942c-cd16be0506dd None None] Extended resource: security-group-rules {{(pid=102088) __init__ /opt/stack/neutron/neutron/api/extensions.py:156}}
Sep 23 15:44:27.389476 np0000193820 devstack@neutron-api.service[102088]: DEBUG neutron.api.extensions [None req-b37b65ef-4e99-4ba7-942c-cd16be0506dd None None] Extended resource: service-providers {{(pid=102088) __init__ /opt/stack/neutron/neutron/api/extensions.py:156}}
Sep 23 15:44:27.390009 np0000193820 devstack@neutron-api.service[102088]: DEBUG neutron.api.extensions [None req-b37b65ef-4e99-4ba7-942c-cd16be0506dd None None] Extended resource: subnetpools {{(pid=102088) __init__ /opt/stack/neutron/neutron/api/extensions.py:156}}
Sep 23 15:44:27.390609 np0000193820 devstack@neutron-api.service[102088]: DEBUG neutron.api.extensions [None req-b37b65ef-4e99-4ba7-942c-cd16be0506dd None None] Extended resource: subnetpools {{(pid=102088) __init__ /opt/stack/neutron/neutron/api/extensions.py:156}}
Sep 23 15:44:27.391197 np0000193820 devstack@neutron-api.service[102088]: DEBUG neutron.api.extensions [None req-b37b65ef-4e99-4ba7-942c-cd16be0506dd None None] Extended resource: tags {{(pid=102088) __init__ /opt/stack/neutron/neutron/api/extensions.py:156}}
Sep 23 15:44:27.392050 np0000193820 devstack@neutron-api.service[102088]: DEBUG neutron.api.extensions [None req-b37b65ef-4e99-4ba7-942c-cd16be0506dd None None] Extended resource: tags {{(pid=102088) __init__ /opt/stack/neutron/neutron/api/extensions.py:156}}
Sep 23 15:44:27.392789 np0000193820 devstack@neutron-api.service[102088]: DEBUG neutron.api.extensions [None req-b37b65ef-4e99-4ba7-942c-cd16be0506dd None None] Extended resource: tags {{(pid=102088) __init__ /opt/stack/neutron/neutron/api/extensions.py:156}}
Sep 23 15:44:27.393589 np0000193820 devstack@neutron-api.service[102088]: DEBUG neutron.api.extensions [None req-b37b65ef-4e99-4ba7-942c-cd16be0506dd None None] Extended resource: tags {{(pid=102088) __init__ /opt/stack/neutron/neutron/api/extensions.py:156}}
Sep 23 15:44:27.394118 np0000193820 devstack@neutron-api.service[102086]: DEBUG oslo_concurrency.processutils [None req-e21adfed-cb2b-4e74-b4ac-6633b1cfe54f None None] CMD "ovsdb-client transact ssl:162.253.55.96:6641 --timeout 180 -p /opt/stack/data/CA/int-ca/private/devstack-cert.key -c /opt/stack/data/CA/int-ca/devstack-cert.crt -C /opt/stack/data/CA/int-ca/ca-chain.pem ["OVN_Northbound", {"op": "wait", "timeout": 0, "table": "Port_Group", "where": [["name", "==", "neutron_pg_drop"]], "until": "==", "rows": []}, {"op": "insert", "table": "ACL", "row": {"action": "drop", "direction": "to-lport", "match": "outport == @neutron_pg_drop && ip", "priority": 1000}, "uuid-name": "droptoport"}, {"op": "insert", "table": "ACL", "row": {"action": "drop", "direction": "from-lport", "match": "inport == @neutron_pg_drop && ip", "priority": 1000}, "uuid-name": "dropfromport"}, {"op": "insert", "table": "Port_Group", "row": {"name": "neutron_pg_drop", "acls": ["set", [["named-uuid", "droptoport"], ["named-uuid", "dropfromport"]]]}}]" returned: 0 in 0.032s {{(pid=102086) execute /opt/stack/data/venv/lib/python3.12/site-packages/oslo_concurrency/processutils.py:468}}
Sep 23 15:44:27.394423 np0000193820 devstack@neutron-api.service[102088]: DEBUG neutron.api.extensions [None req-b37b65ef-4e99-4ba7-942c-cd16be0506dd None None] Extended resource: tags {{(pid=102088) __init__ /opt/stack/neutron/neutron/api/extensions.py:156}}
Sep 23 15:44:27.394470 np0000193820 devstack@neutron-api.service[102086]: DEBUG neutron_lib.callbacks.manager [None req-e21adfed-cb2b-4e74-b4ac-6633b1cfe54f None None] Publish callbacks ['neutron.plugins.ml2.drivers.ovn.mech_driver.mech_driver.OVNMechanismDriver.post_fork_initialize-1934645', 'neutron.services.ovn_l3.plugin.OVNL3RouterPlugin._post_fork_initialize-439966'] for process (None), after_init {{(pid=102086) _notify_loop /opt/stack/data/venv/lib/python3.12/site-packages/neutron_lib/callbacks/manager.py:184}}
Sep 23 15:44:27.394806 np0000193820 devstack@neutron-api.service[102086]: DEBUG oslo_concurrency.lockutils [None req-e21adfed-cb2b-4e74-b4ac-6633b1cfe54f None None] Acquiring lock "singleton_lock" {{(pid=102086) lock /opt/stack/data/venv/lib/python3.12/site-packages/oslo_concurrency/lockutils.py:396}}
Sep 23 15:44:27.394927 np0000193820 devstack@neutron-api.service[102086]: DEBUG oslo_concurrency.lockutils [None req-e21adfed-cb2b-4e74-b4ac-6633b1cfe54f None None] Acquired lock "singleton_lock" {{(pid=102086) lock /opt/stack/data/venv/lib/python3.12/site-packages/oslo_concurrency/lockutils.py:399}}
Sep 23 15:44:27.395082 np0000193820 devstack@neutron-api.service[102086]: DEBUG oslo_concurrency.lockutils [None req-e21adfed-cb2b-4e74-b4ac-6633b1cfe54f None None] Releasing lock "singleton_lock" {{(pid=102086) lock /opt/stack/data/venv/lib/python3.12/site-packages/oslo_concurrency/lockutils.py:419}}
Sep 23 15:44:27.395284 np0000193820 devstack@neutron-api.service[102088]: DEBUG neutron.api.extensions [None req-b37b65ef-4e99-4ba7-942c-cd16be0506dd None None] Extended resource: tags {{(pid=102088) __init__ /opt/stack/neutron/neutron/api/extensions.py:156}}
Sep 23 15:44:27.396066 np0000193820 devstack@neutron-api.service[102088]: DEBUG neutron.api.extensions [None req-b37b65ef-4e99-4ba7-942c-cd16be0506dd None None] Extended resource: tags {{(pid=102088) __init__ /opt/stack/neutron/neutron/api/extensions.py:156}}
Sep 23 15:44:27.397067 np0000193820 devstack@neutron-api.service[102088]: DEBUG neutron.api.extensions [None req-b37b65ef-4e99-4ba7-942c-cd16be0506dd None None] Extended resource: tags {{(pid=102088) __init__ /opt/stack/neutron/neutron/api/extensions.py:156}}
Sep 23 15:44:27.397114 np0000193820 devstack@neutron-api.service[102086]: DEBUG neutron.plugins.ml2.drivers.ovn.mech_driver.mech_driver [None req-e21adfed-cb2b-4e74-b4ac-6633b1cfe54f None None] Hash Ring setup using WSGI start time 2026-09-23 15:44:26+00:00 {{(pid=102086) _init_hash_ring /opt/stack/neutron/neutron/plugins/ml2/drivers/ovn/mech_driver/mech_driver.py:386}}
Sep 23 15:44:27.397599 np0000193820 devstack@neutron-api.service[102088]: DEBUG neutron.api.extensions [None req-b37b65ef-4e99-4ba7-942c-cd16be0506dd None None] Extended resource: tags {{(pid=102088) __init__ /opt/stack/neutron/neutron/api/extensions.py:156}}
Sep 23 15:44:27.398573 np0000193820 devstack@neutron-api.service[102088]: DEBUG neutron.api.extensions [None req-b37b65ef-4e99-4ba7-942c-cd16be0506dd None None] Extended resource: tags {{(pid=102088) __init__ /opt/stack/neutron/neutron/api/extensions.py:156}}
Sep 23 15:44:27.408815 np0000193820 devstack@neutron-api.service[102088]: DEBUG neutron_lib.callbacks.manager [None req-b37b65ef-4e99-4ba7-942c-cd16be0506dd None None] Publish callbacks ['neutron.plugins.ml2.drivers.ovn.mech_driver.mech_driver.OVNMechanismDriver.pre_fork_initialize-2040167'] for process (None), before_spawn {{(pid=102088) _notify_loop /opt/stack/data/venv/lib/python3.12/site-packages/neutron_lib/callbacks/manager.py:184}}
Sep 23 15:44:27.409289 np0000193820 devstack@neutron-api.service[102088]: DEBUG oslo_concurrency.processutils [None req-b37b65ef-4e99-4ba7-942c-cd16be0506dd None None] Running cmd (subprocess): ovsdb-client transact ssl:162.253.55.96:6641 --timeout 180 -p /opt/stack/data/CA/int-ca/private/devstack-cert.key -c /opt/stack/data/CA/int-ca/devstack-cert.crt -C /opt/stack/data/CA/int-ca/ca-chain.pem ["OVN_Northbound", {"op": "wait", "timeout": 0, "table": "Port_Group", "where": [["name", "==", "neutron_pg_drop"]], "until": "==", "rows": []}, {"op": "insert", "table": "ACL", "row": {"action": "drop", "direction": "to-lport", "match": "outport == @neutron_pg_drop && ip", "priority": 1000}, "uuid-name": "droptoport"}, {"op": "insert", "table": "ACL", "row": {"action": "drop", "direction": "from-lport", "match": "inport == @neutron_pg_drop && ip", "priority": 1000}, "uuid-name": "dropfromport"}, {"op": "insert", "table": "Port_Group", "row": {"name": "neutron_pg_drop", "acls": ["set", [["named-uuid", "droptoport"], ["named-uuid", "dropfromport"]]]}}] {{(pid=102088) execute /opt/stack/data/venv/lib/python3.12/site-packages/oslo_concurrency/processutils.py:440}}
Sep 23 15:44:27.413479 np0000193820 devstack@neutron-api.service[102086]: INFO neutron.db.ovn_hash_ring_db [None req-e21adfed-cb2b-4e74-b4ac-6633b1cfe54f None None] Nodes from host "np0000193820" and group "mechanism_driver" removed from the Hash Ring created at 2026-09-23 15:44:26+00:00
Sep 23 15:44:27.414362 np0000193820 devstack@neutron-api.service[102087]: DEBUG neutron.plugins.ml2.drivers.ovn.mech_driver.ovsdb.maintenance [None req-100bf94f-8571-4656-8844-9f60d3cbaa56 None None] Periodic task found: HashRingHealthCheckPeriodics.touch_hash_ring_node {{(pid=102087) add_periodics /opt/stack/neutron/neutron/plugins/ml2/drivers/ovn/mech_driver/ovsdb/maintenance.py:152}}
Sep 23 15:44:27.414980 np0000193820 devstack@neutron-api.service[102087]: INFO neutron.plugins.ml2.drivers.ovn.mech_driver.mech_driver [None req-100bf94f-8571-4656-8844-9f60d3cbaa56 None None] Hash Ring probing thread for node ba8e1d56703f5d22adac8f0b85d46e78 has started
Sep 23 15:44:27.415557 np0000193820 devstack@neutron-api.service[102087]: INFO neutron.plugins.ml2.drivers.ovn.mech_driver.ovsdb.impl_idl_ovn [None req-100bf94f-8571-4656-8844-9f60d3cbaa56 None None] Getting OvsdbNbOvnIdl for WorkerService with retry
Sep 23 15:44:27.418698 np0000193820 devstack@neutron-api.service[102086]: INFO neutron.db.ovn_hash_ring_db [None req-e21adfed-cb2b-4e74-b4ac-6633b1cfe54f None None] Node 3d417b47562c548988e16374aea81cad from host "np0000193820" and group "mechanism_driver" added to the Hash Ring
Sep 23 15:44:27.422336 np0000193820 devstack@neutron-api.service[102086]: DEBUG neutron.plugins.ml2.drivers.ovn.mech_driver.mech_driver [None req-e21adfed-cb2b-4e74-b4ac-6633b1cfe54f None None] Hash Ring setup, this worker has detected 3 OVN hash ring registers in the database {{(pid=102086) _init_hash_ring /opt/stack/neutron/neutron/plugins/ml2/drivers/ovn/mech_driver/mech_driver.py:396}}
Sep 23 15:44:27.444393 np0000193820 devstack@neutron-api.service[102088]: DEBUG oslo_concurrency.processutils [None req-b37b65ef-4e99-4ba7-942c-cd16be0506dd None None] CMD "ovsdb-client transact ssl:162.253.55.96:6641 --timeout 180 -p /opt/stack/data/CA/int-ca/private/devstack-cert.key -c /opt/stack/data/CA/int-ca/devstack-cert.crt -C /opt/stack/data/CA/int-ca/ca-chain.pem ["OVN_Northbound", {"op": "wait", "timeout": 0, "table": "Port_Group", "where": [["name", "==", "neutron_pg_drop"]], "until": "==", "rows": []}, {"op": "insert", "table": "ACL", "row": {"action": "drop", "direction": "to-lport", "match": "outport == @neutron_pg_drop && ip", "priority": 1000}, "uuid-name": "droptoport"}, {"op": "insert", "table": "ACL", "row": {"action": "drop", "direction": "from-lport", "match": "inport == @neutron_pg_drop && ip", "priority": 1000}, "uuid-name": "dropfromport"}, {"op": "insert", "table": "Port_Group", "row": {"name": "neutron_pg_drop", "acls": ["set", [["named-uuid", "droptoport"], ["named-uuid", "dropfromport"]]]}}]" returned: 0 in 0.035s {{(pid=102088) execute /opt/stack/data/venv/lib/python3.12/site-packages/oslo_concurrency/processutils.py:468}}
Sep 23 15:44:27.444642 np0000193820 devstack@neutron-api.service[102088]: DEBUG neutron_lib.callbacks.manager [None req-b37b65ef-4e99-4ba7-942c-cd16be0506dd None None] Publish callbacks ['neutron.plugins.ml2.drivers.ovn.mech_driver.mech_driver.OVNMechanismDriver.post_fork_initialize-2040159', 'neutron.services.ovn_l3.plugin.OVNL3RouterPlugin._post_fork_initialize-791497'] for process (None), after_init {{(pid=102088) _notify_loop /opt/stack/data/venv/lib/python3.12/site-packages/neutron_lib/callbacks/manager.py:184}}
Sep 23 15:44:27.444989 np0000193820 devstack@neutron-api.service[102088]: DEBUG oslo_concurrency.lockutils [None req-b37b65ef-4e99-4ba7-942c-cd16be0506dd None None] Acquiring lock "singleton_lock" {{(pid=102088) lock /opt/stack/data/venv/lib/python3.12/site-packages/oslo_concurrency/lockutils.py:396}}
Sep 23 15:44:27.445086 np0000193820 devstack@neutron-api.service[102088]: DEBUG oslo_concurrency.lockutils [None req-b37b65ef-4e99-4ba7-942c-cd16be0506dd None None] Acquired lock "singleton_lock" {{(pid=102088) lock /opt/stack/data/venv/lib/python3.12/site-packages/oslo_concurrency/lockutils.py:399}}
Sep 23 15:44:27.445354 np0000193820 devstack@neutron-api.service[102088]: DEBUG oslo_concurrency.lockutils [None req-b37b65ef-4e99-4ba7-942c-cd16be0506dd None None] Releasing lock "singleton_lock" {{(pid=102088) lock /opt/stack/data/venv/lib/python3.12/site-packages/oslo_concurrency/lockutils.py:419}}
Sep 23 15:44:27.447569 np0000193820 devstack@neutron-api.service[102088]: DEBUG neutron.plugins.ml2.drivers.ovn.mech_driver.mech_driver [None req-b37b65ef-4e99-4ba7-942c-cd16be0506dd None None] Hash Ring setup using WSGI start time 2026-09-23 15:44:26+00:00 {{(pid=102088) _init_hash_ring /opt/stack/neutron/neutron/plugins/ml2/drivers/ovn/mech_driver/mech_driver.py:386}}
Sep 23 15:44:27.451670 np0000193820 devstack@neutron-api.service[102086]: DEBUG neutron.plugins.ml2.drivers.ovn.mech_driver.ovsdb.maintenance [None req-e21adfed-cb2b-4e74-b4ac-6633b1cfe54f None None] Periodic task found: HashRingHealthCheckPeriodics.touch_hash_ring_node {{(pid=102086) add_periodics /opt/stack/neutron/neutron/plugins/ml2/drivers/ovn/mech_driver/ovsdb/maintenance.py:152}}
Sep 23 15:44:27.452433 np0000193820 devstack@neutron-api.service[102086]: INFO neutron.plugins.ml2.drivers.ovn.mech_driver.mech_driver [None req-e21adfed-cb2b-4e74-b4ac-6633b1cfe54f None None] Hash Ring probing thread for node 3d417b47562c548988e16374aea81cad has started
Sep 23 15:44:27.452978 np0000193820 devstack@neutron-api.service[102086]: INFO neutron.plugins.ml2.drivers.ovn.mech_driver.ovsdb.impl_idl_ovn [None req-e21adfed-cb2b-4e74-b4ac-6633b1cfe54f None None] Getting OvsdbNbOvnIdl for WorkerService with retry
Sep 23 15:44:27.454298 np0000193820 devstack@neutron-api.service[102088]: INFO neutron.db.ovn_hash_ring_db [None req-b37b65ef-4e99-4ba7-942c-cd16be0506dd None None] Nodes from host "np0000193820" and group "mechanism_driver" removed from the Hash Ring created at 2026-09-23 15:44:26+00:00
Sep 23 15:44:27.454336 np0000193820 devstack@neutron-api.service[102087]: DEBUG ovsdbapp.backend.ovs_idl [None req-100bf94f-8571-4656-8844-9f60d3cbaa56 None None] Created lookup_table index Logical_Switch.name {{(pid=102087) autocreate_indices /opt/stack/data/venv/lib/python3.12/site-packages/ovsdbapp/backend/ovs_idl/__init__.py:87}}
Sep 23 15:44:27.454336 np0000193820 devstack@neutron-api.service[102087]: DEBUG ovsdbapp.backend.ovs_idl [None req-100bf94f-8571-4656-8844-9f60d3cbaa56 None None] Created lookup_table index Logical_Router.name {{(pid=102087) autocreate_indices /opt/stack/data/venv/lib/python3.12/site-packages/ovsdbapp/backend/ovs_idl/__init__.py:87}}
Sep 23 15:44:27.454336 np0000193820 devstack@neutron-api.service[102087]: DEBUG ovsdbapp.backend.ovs_idl [None req-100bf94f-8571-4656-8844-9f60d3cbaa56 None None] Created lookup_table index Load_Balancer.name {{(pid=102087) autocreate_indices /opt/stack/data/venv/lib/python3.12/site-packages/ovsdbapp/backend/ovs_idl/__init__.py:87}}
Sep 23 15:44:27.454336 np0000193820 devstack@neutron-api.service[102087]: DEBUG ovsdbapp.backend.ovs_idl [None req-100bf94f-8571-4656-8844-9f60d3cbaa56 None None] Created schema index Copp.name {{(pid=102087) autocreate_indices /opt/stack/data/venv/lib/python3.12/site-packages/ovsdbapp/backend/ovs_idl/__init__.py:106}}
Sep 23 15:44:27.454434 np0000193820 devstack@neutron-api.service[102087]: DEBUG ovsdbapp.backend.ovs_idl [None req-100bf94f-8571-4656-8844-9f60d3cbaa56 None None] Created schema index Meter.name {{(pid=102087) autocreate_indices /opt/stack/data/venv/lib/python3.12/site-packages/ovsdbapp/backend/ovs_idl/__init__.py:106}}
Sep 23 15:44:27.454507 np0000193820 devstack@neutron-api.service[102087]: DEBUG ovsdbapp.backend.ovs_idl [None req-100bf94f-8571-4656-8844-9f60d3cbaa56 None None] Created schema index Load_Balancer_Group.name {{(pid=102087) autocreate_indices /opt/stack/data/venv/lib/python3.12/site-packages/ovsdbapp/backend/ovs_idl/__init__.py:106}}
Sep 23 15:44:27.454626 np0000193820 devstack@neutron-api.service[102087]: DEBUG ovsdbapp.backend.ovs_idl [None req-100bf94f-8571-4656-8844-9f60d3cbaa56 None None] Created schema index HA_Chassis_Group.name {{(pid=102087) autocreate_indices /opt/stack/data/venv/lib/python3.12/site-packages/ovsdbapp/backend/ovs_idl/__init__.py:106}}
Sep 23 15:44:27.454719 np0000193820 devstack@neutron-api.service[102087]: DEBUG ovsdbapp.backend.ovs_idl [None req-100bf94f-8571-4656-8844-9f60d3cbaa56 None None] Created schema index Address_Set.name {{(pid=102087) autocreate_indices /opt/stack/data/venv/lib/python3.12/site-packages/ovsdbapp/backend/ovs_idl/__init__.py:106}}
Sep 23 15:44:27.454807 np0000193820 devstack@neutron-api.service[102087]: DEBUG ovsdbapp.backend.ovs_idl [None req-100bf94f-8571-4656-8844-9f60d3cbaa56 None None] Created schema index Connection.target {{(pid=102087) autocreate_indices /opt/stack/data/venv/lib/python3.12/site-packages/ovsdbapp/backend/ovs_idl/__init__.py:106}}
Sep 23 15:44:27.454915 np0000193820 devstack@neutron-api.service[102087]: DEBUG ovsdbapp.backend.ovs_idl [None req-100bf94f-8571-4656-8844-9f60d3cbaa56 None None] Created schema index Gateway_Chassis.name {{(pid=102087) autocreate_indices /opt/stack/data/venv/lib/python3.12/site-packages/ovsdbapp/backend/ovs_idl/__init__.py:106}}
Sep 23 15:44:27.455022 np0000193820 devstack@neutron-api.service[102087]: DEBUG ovsdbapp.backend.ovs_idl [None req-100bf94f-8571-4656-8844-9f60d3cbaa56 None None] Created schema index Mirror.name {{(pid=102087) autocreate_indices /opt/stack/data/venv/lib/python3.12/site-packages/ovsdbapp/backend/ovs_idl/__init__.py:106}}
Sep 23 15:44:27.455117 np0000193820 devstack@neutron-api.service[102087]: DEBUG ovsdbapp.backend.ovs_idl [None req-100bf94f-8571-4656-8844-9f60d3cbaa56 None None] Created schema index Chassis_Template_Var.chassis {{(pid=102087) autocreate_indices /opt/stack/data/venv/lib/python3.12/site-packages/ovsdbapp/backend/ovs_idl/__init__.py:106}}
Sep 23 15:44:27.455222 np0000193820 devstack@neutron-api.service[102087]: DEBUG ovsdbapp.backend.ovs_idl [None req-100bf94f-8571-4656-8844-9f60d3cbaa56 None None] Created schema index Logical_Router_Port.name {{(pid=102087) autocreate_indices /opt/stack/data/venv/lib/python3.12/site-packages/ovsdbapp/backend/ovs_idl/__init__.py:106}}
Sep 23 15:44:27.455302 np0000193820 devstack@neutron-api.service[102087]: DEBUG ovsdbapp.backend.ovs_idl [None req-100bf94f-8571-4656-8844-9f60d3cbaa56 None None] Created schema index Port_Group.name {{(pid=102087) autocreate_indices /opt/stack/data/venv/lib/python3.12/site-packages/ovsdbapp/backend/ovs_idl/__init__.py:106}}
Sep 23 15:44:27.455384 np0000193820 devstack@neutron-api.service[102087]: DEBUG ovsdbapp.backend.ovs_idl [None req-100bf94f-8571-4656-8844-9f60d3cbaa56 None None] Created schema index Logical_Switch_Port.name {{(pid=102087) autocreate_indices /opt/stack/data/venv/lib/python3.12/site-packages/ovsdbapp/backend/ovs_idl/__init__.py:106}}
Sep 23 15:44:27.456468 np0000193820 devstack@neutron-api.service[102088]: INFO neutron.db.ovn_hash_ring_db [None req-b37b65ef-4e99-4ba7-942c-cd16be0506dd None None] Node 335b24868cd65d38adc9bb10819785f2 from host "np0000193820" and group "mechanism_driver" added to the Hash Ring
Sep 23 15:44:27.457612 np0000193820 devstack@neutron-api.service[102087]: INFO ovsdbapp.backend.ovs_idl.vlog [None req-100bf94f-8571-4656-8844-9f60d3cbaa56 None None] ssl:162.253.55.96:6641: connecting...
Sep 23 15:44:27.459623 np0000193820 devstack@neutron-api.service[102088]: DEBUG neutron.plugins.ml2.drivers.ovn.mech_driver.mech_driver [None req-b37b65ef-4e99-4ba7-942c-cd16be0506dd None None] Hash Ring setup, this worker has detected 4 OVN hash ring registers in the database {{(pid=102088) _init_hash_ring /opt/stack/neutron/neutron/plugins/ml2/drivers/ovn/mech_driver/mech_driver.py:396}}
Sep 23 15:44:27.465409 np0000193820 devstack@neutron-api.service[102087]: INFO ovsdbapp.backend.ovs_idl.vlog [None req-100bf94f-8571-4656-8844-9f60d3cbaa56 None None] ssl:162.253.55.96:6641: connected
Sep 23 15:44:27.484310 np0000193820 devstack@neutron-api.service[102088]: DEBUG neutron.plugins.ml2.drivers.ovn.mech_driver.ovsdb.maintenance [None req-b37b65ef-4e99-4ba7-942c-cd16be0506dd None None] Periodic task found: HashRingHealthCheckPeriodics.touch_hash_ring_node {{(pid=102088) add_periodics /opt/stack/neutron/neutron/plugins/ml2/drivers/ovn/mech_driver/ovsdb/maintenance.py:152}}
Sep 23 15:44:27.485265 np0000193820 devstack@neutron-api.service[102088]: INFO neutron.plugins.ml2.drivers.ovn.mech_driver.mech_driver [None req-b37b65ef-4e99-4ba7-942c-cd16be0506dd None None] Hash Ring probing thread for node 335b24868cd65d38adc9bb10819785f2 has started
Sep 23 15:44:27.486978 np0000193820 devstack@neutron-api.service[102088]: INFO neutron.plugins.ml2.drivers.ovn.mech_driver.ovsdb.impl_idl_ovn [None req-b37b65ef-4e99-4ba7-942c-cd16be0506dd None None] Getting OvsdbNbOvnIdl for WorkerService with retry
Sep 23 15:44:27.497146 np0000193820 devstack@neutron-api.service[102086]: DEBUG ovsdbapp.backend.ovs_idl [None req-e21adfed-cb2b-4e74-b4ac-6633b1cfe54f None None] Created lookup_table index Logical_Switch.name {{(pid=102086) autocreate_indices /opt/stack/data/venv/lib/python3.12/site-packages/ovsdbapp/backend/ovs_idl/__init__.py:87}}
Sep 23 15:44:27.497247 np0000193820 devstack@neutron-api.service[102086]: DEBUG ovsdbapp.backend.ovs_idl [None req-e21adfed-cb2b-4e74-b4ac-6633b1cfe54f None None] Created lookup_table index Logical_Router.name {{(pid=102086) autocreate_indices /opt/stack/data/venv/lib/python3.12/site-packages/ovsdbapp/backend/ovs_idl/__init__.py:87}}
Sep 23 15:44:27.497346 np0000193820 devstack@neutron-api.service[102086]: DEBUG ovsdbapp.backend.ovs_idl [None req-e21adfed-cb2b-4e74-b4ac-6633b1cfe54f None None] Created lookup_table index Load_Balancer.name {{(pid=102086) autocreate_indices /opt/stack/data/venv/lib/python3.12/site-packages/ovsdbapp/backend/ovs_idl/__init__.py:87}}
Sep 23 15:44:27.497436 np0000193820 devstack@neutron-api.service[102086]: DEBUG ovsdbapp.backend.ovs_idl [None req-e21adfed-cb2b-4e74-b4ac-6633b1cfe54f None None] Created schema index Copp.name {{(pid=102086) autocreate_indices /opt/stack/data/venv/lib/python3.12/site-packages/ovsdbapp/backend/ovs_idl/__init__.py:106}}
Sep 23 15:44:27.497523 np0000193820 devstack@neutron-api.service[102086]: DEBUG ovsdbapp.backend.ovs_idl [None req-e21adfed-cb2b-4e74-b4ac-6633b1cfe54f None None] Created schema index Meter.name {{(pid=102086) autocreate_indices /opt/stack/data/venv/lib/python3.12/site-packages/ovsdbapp/backend/ovs_idl/__init__.py:106}}
Sep 23 15:44:27.497607 np0000193820 devstack@neutron-api.service[102086]: DEBUG ovsdbapp.backend.ovs_idl [None req-e21adfed-cb2b-4e74-b4ac-6633b1cfe54f None None] Created schema index Load_Balancer_Group.name {{(pid=102086) autocreate_indices /opt/stack/data/venv/lib/python3.12/site-packages/ovsdbapp/backend/ovs_idl/__init__.py:106}}
Sep 23 15:44:27.497687 np0000193820 devstack@neutron-api.service[102086]: DEBUG ovsdbapp.backend.ovs_idl [None req-e21adfed-cb2b-4e74-b4ac-6633b1cfe54f None None] Created schema index HA_Chassis_Group.name {{(pid=102086) autocreate_indices /opt/stack/data/venv/lib/python3.12/site-packages/ovsdbapp/backend/ovs_idl/__init__.py:106}}
Sep 23 15:44:27.497768 np0000193820 devstack@neutron-api.service[102086]: DEBUG ovsdbapp.backend.ovs_idl [None req-e21adfed-cb2b-4e74-b4ac-6633b1cfe54f None None] Created schema index Address_Set.name {{(pid=102086) autocreate_indices /opt/stack/data/venv/lib/python3.12/site-packages/ovsdbapp/backend/ovs_idl/__init__.py:106}}
Sep 23 15:44:27.497872 np0000193820 devstack@neutron-api.service[102086]: DEBUG ovsdbapp.backend.ovs_idl [None req-e21adfed-cb2b-4e74-b4ac-6633b1cfe54f None None] Created schema index Connection.target {{(pid=102086) autocreate_indices /opt/stack/data/venv/lib/python3.12/site-packages/ovsdbapp/backend/ovs_idl/__init__.py:106}}
Sep 23 15:44:27.497955 np0000193820 devstack@neutron-api.service[102086]: DEBUG ovsdbapp.backend.ovs_idl [None req-e21adfed-cb2b-4e74-b4ac-6633b1cfe54f None None] Created schema index Gateway_Chassis.name {{(pid=102086) autocreate_indices /opt/stack/data/venv/lib/python3.12/site-packages/ovsdbapp/backend/ovs_idl/__init__.py:106}}
Sep 23 15:44:27.498038 np0000193820 devstack@neutron-api.service[102086]: DEBUG ovsdbapp.backend.ovs_idl [None req-e21adfed-cb2b-4e74-b4ac-6633b1cfe54f None None] Created schema index Mirror.name {{(pid=102086) autocreate_indices /opt/stack/data/venv/lib/python3.12/site-packages/ovsdbapp/backend/ovs_idl/__init__.py:106}}
Sep 23 15:44:27.498065 np0000193820 devstack@neutron-api.service[102087]: DEBUG neutron.common.ovn.hash_ring_manager [None req-100bf94f-8571-4656-8844-9f60d3cbaa56 None None] Allow caching, nodes 4>=4 {{(pid=102087) _wait_startup_before_caching /opt/stack/neutron/neutron/common/ovn/hash_ring_manager.py:71}}
Sep 23 15:44:27.498121 np0000193820 devstack@neutron-api.service[102086]: DEBUG ovsdbapp.backend.ovs_idl [None req-e21adfed-cb2b-4e74-b4ac-6633b1cfe54f None None] Created schema index Chassis_Template_Var.chassis {{(pid=102086) autocreate_indices /opt/stack/data/venv/lib/python3.12/site-packages/ovsdbapp/backend/ovs_idl/__init__.py:106}}
Sep 23 15:44:27.498220 np0000193820 devstack@neutron-api.service[102086]: DEBUG ovsdbapp.backend.ovs_idl [None req-e21adfed-cb2b-4e74-b4ac-6633b1cfe54f None None] Created schema index Logical_Router_Port.name {{(pid=102086) autocreate_indices /opt/stack/data/venv/lib/python3.12/site-packages/ovsdbapp/backend/ovs_idl/__init__.py:106}}
Sep 23 15:44:27.498301 np0000193820 devstack@neutron-api.service[102086]: DEBUG ovsdbapp.backend.ovs_idl [None req-e21adfed-cb2b-4e74-b4ac-6633b1cfe54f None None] Created schema index Port_Group.name {{(pid=102086) autocreate_indices /opt/stack/data/venv/lib/python3.12/site-packages/ovsdbapp/backend/ovs_idl/__init__.py:106}}
Sep 23 15:44:27.498382 np0000193820 devstack@neutron-api.service[102086]: DEBUG ovsdbapp.backend.ovs_idl [None req-e21adfed-cb2b-4e74-b4ac-6633b1cfe54f None None] Created schema index Logical_Switch_Port.name {{(pid=102086) autocreate_indices /opt/stack/data/venv/lib/python3.12/site-packages/ovsdbapp/backend/ovs_idl/__init__.py:106}}
Sep 23 15:44:27.500644 np0000193820 devstack@neutron-api.service[102086]: INFO ovsdbapp.backend.ovs_idl.vlog [None req-e21adfed-cb2b-4e74-b4ac-6633b1cfe54f None None] ssl:162.253.55.96:6641: connecting...
Sep 23 15:44:27.502377 np0000193820 devstack@neutron-api.service[102087]: DEBUG neutron.common.ovn.hash_ring_manager [None req-100bf94f-8571-4656-8844-9f60d3cbaa56 None None] Hash Ring loaded. 4 active nodes. 0 offline nodes {{(pid=102087) _load_hash_ring /opt/stack/neutron/neutron/common/ovn/hash_ring_manager.py:110}}
Sep 23 15:44:27.502600 np0000193820 devstack@neutron-api.service[102087]: DEBUG neutron.plugins.ml2.drivers.ovn.mech_driver.ovsdb.ovsdb_monitor [None req-100bf94f-8571-4656-8844-9f60d3cbaa56 None None] Hash Ring: Node ba8e1d56703f5d22adac8f0b85d46e78 (host: np0000193820) handling event "create" for row fad14369-e786-4597-a143-3b1dab48f8ce (table: NB_Global) {{(pid=102087) notify /opt/stack/neutron/neutron/plugins/ml2/drivers/ovn/mech_driver/ovsdb/ovsdb_monitor.py:1099}}
Sep 23 15:44:27.502763 np0000193820 devstack@neutron-api.service[102087]: DEBUG neutron.plugins.ml2.drivers.ovn.mech_driver.ovsdb.ovsdb_monitor [None req-100bf94f-8571-4656-8844-9f60d3cbaa56 None None] Hash Ring: Node ba8e1d56703f5d22adac8f0b85d46e78 (host: np0000193820) handling event "create" for row 95e9bd0e-3852-4580-a0b4-e2a905af1460 (table: SSL) {{(pid=102087) notify /opt/stack/neutron/neutron/plugins/ml2/drivers/ovn/mech_driver/ovsdb/ovsdb_monitor.py:1099}}
Sep 23 15:44:27.503490 np0000193820 devstack@neutron-api.service[102087]: INFO neutron.plugins.ml2.drivers.ovn.mech_driver.ovsdb.impl_idl_ovn [None req-100bf94f-8571-4656-8844-9f60d3cbaa56 None None] Getting OvsdbSbOvnIdl for WorkerService with retry
Sep 23 15:44:27.504929 np0000193820 devstack@neutron-api.service[102086]: INFO ovsdbapp.backend.ovs_idl.vlog [None req-e21adfed-cb2b-4e74-b4ac-6633b1cfe54f None None] ssl:162.253.55.96:6641: connected
Sep 23 15:44:27.520804 np0000193820 devstack@neutron-api.service[102088]: DEBUG ovsdbapp.backend.ovs_idl [None req-b37b65ef-4e99-4ba7-942c-cd16be0506dd None None] Created lookup_table index Logical_Switch.name {{(pid=102088) autocreate_indices /opt/stack/data/venv/lib/python3.12/site-packages/ovsdbapp/backend/ovs_idl/__init__.py:87}}
Sep 23 15:44:27.520917 np0000193820 devstack@neutron-api.service[102088]: DEBUG ovsdbapp.backend.ovs_idl [None req-b37b65ef-4e99-4ba7-942c-cd16be0506dd None None] Created lookup_table index Logical_Router.name {{(pid=102088) autocreate_indices /opt/stack/data/venv/lib/python3.12/site-packages/ovsdbapp/backend/ovs_idl/__init__.py:87}}
Sep 23 15:44:27.520998 np0000193820 devstack@neutron-api.service[102088]: DEBUG ovsdbapp.backend.ovs_idl [None req-b37b65ef-4e99-4ba7-942c-cd16be0506dd None None] Created lookup_table index Load_Balancer.name {{(pid=102088) autocreate_indices /opt/stack/data/venv/lib/python3.12/site-packages/ovsdbapp/backend/ovs_idl/__init__.py:87}}
Sep 23 15:44:27.521100 np0000193820 devstack@neutron-api.service[102088]: DEBUG ovsdbapp.backend.ovs_idl [None req-b37b65ef-4e99-4ba7-942c-cd16be0506dd None None] Created schema index Copp.name {{(pid=102088) autocreate_indices /opt/stack/data/venv/lib/python3.12/site-packages/ovsdbapp/backend/ovs_idl/__init__.py:106}}
Sep 23 15:44:27.521208 np0000193820 devstack@neutron-api.service[102088]: DEBUG ovsdbapp.backend.ovs_idl [None req-b37b65ef-4e99-4ba7-942c-cd16be0506dd None None] Created schema index Meter.name {{(pid=102088) autocreate_indices /opt/stack/data/venv/lib/python3.12/site-packages/ovsdbapp/backend/ovs_idl/__init__.py:106}}
Sep 23 15:44:27.521276 np0000193820 devstack@neutron-api.service[102088]: DEBUG ovsdbapp.backend.ovs_idl [None req-b37b65ef-4e99-4ba7-942c-cd16be0506dd None None] Created schema index Load_Balancer_Group.name {{(pid=102088) autocreate_indices /opt/stack/data/venv/lib/python3.12/site-packages/ovsdbapp/backend/ovs_idl/__init__.py:106}}
Sep 23 15:44:27.521368 np0000193820 devstack@neutron-api.service[102088]: DEBUG ovsdbapp.backend.ovs_idl [None req-b37b65ef-4e99-4ba7-942c-cd16be0506dd None None] Created schema index HA_Chassis_Group.name {{(pid=102088) autocreate_indices /opt/stack/data/venv/lib/python3.12/site-packages/ovsdbapp/backend/ovs_idl/__init__.py:106}}
Sep 23 15:44:27.521442 np0000193820 devstack@neutron-api.service[102088]: DEBUG ovsdbapp.backend.ovs_idl [None req-b37b65ef-4e99-4ba7-942c-cd16be0506dd None None] Created schema index Address_Set.name {{(pid=102088) autocreate_indices /opt/stack/data/venv/lib/python3.12/site-packages/ovsdbapp/backend/ovs_idl/__init__.py:106}}
Sep 23 15:44:27.521529 np0000193820 devstack@neutron-api.service[102088]: DEBUG ovsdbapp.backend.ovs_idl [None req-b37b65ef-4e99-4ba7-942c-cd16be0506dd None None] Created schema index Connection.target {{(pid=102088) autocreate_indices /opt/stack/data/venv/lib/python3.12/site-packages/ovsdbapp/backend/ovs_idl/__init__.py:106}}
Sep 23 15:44:27.521613 np0000193820 devstack@neutron-api.service[102088]: DEBUG ovsdbapp.backend.ovs_idl [None req-b37b65ef-4e99-4ba7-942c-cd16be0506dd None None] Created schema index Gateway_Chassis.name {{(pid=102088) autocreate_indices /opt/stack/data/venv/lib/python3.12/site-packages/ovsdbapp/backend/ovs_idl/__init__.py:106}}
Sep 23 15:44:27.521693 np0000193820 devstack@neutron-api.service[102088]: DEBUG ovsdbapp.backend.ovs_idl [None req-b37b65ef-4e99-4ba7-942c-cd16be0506dd None None] Created schema index Mirror.name {{(pid=102088) autocreate_indices /opt/stack/data/venv/lib/python3.12/site-packages/ovsdbapp/backend/ovs_idl/__init__.py:106}}
Sep 23 15:44:27.521781 np0000193820 devstack@neutron-api.service[102088]: DEBUG ovsdbapp.backend.ovs_idl [None req-b37b65ef-4e99-4ba7-942c-cd16be0506dd None None] Created schema index Chassis_Template_Var.chassis {{(pid=102088) autocreate_indices /opt/stack/data/venv/lib/python3.12/site-packages/ovsdbapp/backend/ovs_idl/__init__.py:106}}
Sep 23 15:44:27.521892 np0000193820 devstack@neutron-api.service[102088]: DEBUG ovsdbapp.backend.ovs_idl [None req-b37b65ef-4e99-4ba7-942c-cd16be0506dd None None] Created schema index Logical_Router_Port.name {{(pid=102088) autocreate_indices /opt/stack/data/venv/lib/python3.12/site-packages/ovsdbapp/backend/ovs_idl/__init__.py:106}}
Sep 23 15:44:27.521976 np0000193820 devstack@neutron-api.service[102088]: DEBUG ovsdbapp.backend.ovs_idl [None req-b37b65ef-4e99-4ba7-942c-cd16be0506dd None None] Created schema index Port_Group.name {{(pid=102088) autocreate_indices /opt/stack/data/venv/lib/python3.12/site-packages/ovsdbapp/backend/ovs_idl/__init__.py:106}}
Sep 23 15:44:27.522056 np0000193820 devstack@neutron-api.service[102088]: DEBUG ovsdbapp.backend.ovs_idl [None req-b37b65ef-4e99-4ba7-942c-cd16be0506dd None None] Created schema index Logical_Switch_Port.name {{(pid=102088) autocreate_indices /opt/stack/data/venv/lib/python3.12/site-packages/ovsdbapp/backend/ovs_idl/__init__.py:106}}
Sep 23 15:44:27.524490 np0000193820 devstack@neutron-api.service[102088]: INFO ovsdbapp.backend.ovs_idl.vlog [None req-b37b65ef-4e99-4ba7-942c-cd16be0506dd None None] ssl:162.253.55.96:6641: connecting...
Sep 23 15:44:27.528556 np0000193820 devstack@neutron-api.service[102088]: INFO ovsdbapp.backend.ovs_idl.vlog [None req-b37b65ef-4e99-4ba7-942c-cd16be0506dd None None] ssl:162.253.55.96:6641: connected
Sep 23 15:44:27.528650 np0000193820 devstack@neutron-api.service[102087]: DEBUG ovsdbapp.backend.ovs_idl [None req-100bf94f-8571-4656-8844-9f60d3cbaa56 None None] Created lookup_table index Chassis.name {{(pid=102087) autocreate_indices /opt/stack/data/venv/lib/python3.12/site-packages/ovsdbapp/backend/ovs_idl/__init__.py:87}}
Sep 23 15:44:27.528650 np0000193820 devstack@neutron-api.service[102087]: DEBUG ovsdbapp.backend.ovs_idl [None req-100bf94f-8571-4656-8844-9f60d3cbaa56 None None] Created lookup_table index Port_Binding.logical_port {{(pid=102087) autocreate_indices /opt/stack/data/venv/lib/python3.12/site-packages/ovsdbapp/backend/ovs_idl/__init__.py:87}}
Sep 23 15:44:27.528770 np0000193820 devstack@neutron-api.service[102087]: DEBUG ovsdbapp.backend.ovs_idl [None req-100bf94f-8571-4656-8844-9f60d3cbaa56 None None] Created schema index Chassis_Private.name {{(pid=102087) autocreate_indices /opt/stack/data/venv/lib/python3.12/site-packages/ovsdbapp/backend/ovs_idl/__init__.py:106}}
Sep 23 15:44:27.528888 np0000193820 devstack@neutron-api.service[102087]: DEBUG ovsdbapp.backend.ovs_idl [None req-100bf94f-8571-4656-8844-9f60d3cbaa56 None None] Created schema index Datapath_Binding.tunnel_key {{(pid=102087) autocreate_indices /opt/stack/data/venv/lib/python3.12/site-packages/ovsdbapp/backend/ovs_idl/__init__.py:106}}
Sep 23 15:44:27.530743 np0000193820 devstack@neutron-api.service[102087]: INFO ovsdbapp.backend.ovs_idl.vlog [None req-100bf94f-8571-4656-8844-9f60d3cbaa56 None None] ssl:162.253.55.96:6642: connecting...
Sep 23 15:44:27.532473 np0000193820 devstack@neutron-api.service[102086]: DEBUG neutron.common.ovn.hash_ring_manager [None req-e21adfed-cb2b-4e74-b4ac-6633b1cfe54f None None] Allow caching, nodes 4>=4 {{(pid=102086) _wait_startup_before_caching /opt/stack/neutron/neutron/common/ovn/hash_ring_manager.py:71}}
Sep 23 15:44:27.535930 np0000193820 devstack@neutron-api.service[102087]: INFO ovsdbapp.backend.ovs_idl.vlog [None req-100bf94f-8571-4656-8844-9f60d3cbaa56 None None] ssl:162.253.55.96:6642: connected
Sep 23 15:44:27.536737 np0000193820 devstack@neutron-api.service[102086]: DEBUG neutron.common.ovn.hash_ring_manager [None req-e21adfed-cb2b-4e74-b4ac-6633b1cfe54f None None] Hash Ring loaded. 4 active nodes. 0 offline nodes {{(pid=102086) _load_hash_ring /opt/stack/neutron/neutron/common/ovn/hash_ring_manager.py:110}}
Sep 23 15:44:27.537691 np0000193820 devstack@neutron-api.service[102086]: INFO neutron.plugins.ml2.drivers.ovn.mech_driver.ovsdb.impl_idl_ovn [None req-e21adfed-cb2b-4e74-b4ac-6633b1cfe54f None None] Getting OvsdbSbOvnIdl for WorkerService with retry
Sep 23 15:44:27.556688 np0000193820 devstack@neutron-api.service[102088]: DEBUG neutron.common.ovn.hash_ring_manager [None req-b37b65ef-4e99-4ba7-942c-cd16be0506dd None None] Allow caching, nodes 4>=4 {{(pid=102088) _wait_startup_before_caching /opt/stack/neutron/neutron/common/ovn/hash_ring_manager.py:71}}
Sep 23 15:44:27.560368 np0000193820 devstack@neutron-api.service[102087]: DEBUG neutron.common.ovn.hash_ring_manager [None req-100bf94f-8571-4656-8844-9f60d3cbaa56 None None] Allow caching, nodes 4>=4 {{(pid=102087) _wait_startup_before_caching /opt/stack/neutron/neutron/common/ovn/hash_ring_manager.py:71}}
Sep 23 15:44:27.561896 np0000193820 devstack@neutron-api.service[102088]: DEBUG neutron.common.ovn.hash_ring_manager [None req-b37b65ef-4e99-4ba7-942c-cd16be0506dd None None] Hash Ring loaded. 4 active nodes. 0 offline nodes {{(pid=102088) _load_hash_ring /opt/stack/neutron/neutron/common/ovn/hash_ring_manager.py:110}}
Sep 23 15:44:27.562198 np0000193820 devstack@neutron-api.service[102088]: DEBUG neutron.plugins.ml2.drivers.ovn.mech_driver.ovsdb.ovsdb_monitor [None req-b37b65ef-4e99-4ba7-942c-cd16be0506dd None None] Hash Ring: Node 335b24868cd65d38adc9bb10819785f2 (host: np0000193820) handling event "create" for row 44547097-a18f-4dca-ad0d-2a6282ca433e (table: Port_Group) {{(pid=102088) notify /opt/stack/neutron/neutron/plugins/ml2/drivers/ovn/mech_driver/ovsdb/ovsdb_monitor.py:1099}}
Sep 23 15:44:27.563198 np0000193820 devstack@neutron-api.service[102088]: INFO neutron.plugins.ml2.drivers.ovn.mech_driver.ovsdb.impl_idl_ovn [None req-b37b65ef-4e99-4ba7-942c-cd16be0506dd None None] Getting OvsdbSbOvnIdl for WorkerService with retry
Sep 23 15:44:27.563619 np0000193820 devstack@neutron-api.service[102087]: DEBUG neutron.common.ovn.hash_ring_manager [None req-100bf94f-8571-4656-8844-9f60d3cbaa56 None None] Hash Ring loaded. 4 active nodes. 0 offline nodes {{(pid=102087) _load_hash_ring /opt/stack/neutron/neutron/common/ovn/hash_ring_manager.py:110}}
Sep 23 15:44:27.564115 np0000193820 devstack@neutron-api.service[102087]: DEBUG ovsdbapp.backend.ovs_idl.event [None req-100bf94f-8571-4656-8844-9f60d3cbaa56 None None] Matched CREATE: ChassisOVNAgentWriteEvent(events=('create', 'update'), table='Chassis_Private', conditions=None, old_conditions=None), priority=20 to row=Chassis_Private(uuid=40650807-8b81-4808-a241-1a520953bd0f, chassis=460ae6af-39f4-479e-a9c7-b038187ac377, external_ids={'neutron:ovn-bridge': 'br-int', 'neutron:ovn-neutron-agent-id': '3d79a967-a9df-5455-9d6c-afa33f760e3d', 'neutron:ovn-neutron-agent-sb-cfg': '0'}, name='93138b59-17ea-43fc-9759-f8294ded8726', nb_cfg=0, nb_cfg_timestamp=0) old= {{(pid=102087) matches /opt/stack/data/venv/lib/python3.12/site-packages/ovsdbapp/backend/ovs_idl/event.py:55}}
Sep 23 15:44:27.564448 np0000193820 devstack@neutron-api.service[102087]: DEBUG ovsdbapp.backend.ovs_idl.event [None req-100bf94f-8571-4656-8844-9f60d3cbaa56 None None] Matched CREATE: ChassisAgentWriteEvent(events=('create', 'update'), table='Chassis_Private', conditions=None, old_conditions=None), priority=20 to row=Chassis_Private(uuid=40650807-8b81-4808-a241-1a520953bd0f, chassis=460ae6af-39f4-479e-a9c7-b038187ac377, external_ids={'neutron:ovn-bridge': 'br-int', 'neutron:ovn-neutron-agent-id': '3d79a967-a9df-5455-9d6c-afa33f760e3d', 'neutron:ovn-neutron-agent-sb-cfg': '0'}, name='93138b59-17ea-43fc-9759-f8294ded8726', nb_cfg=0, nb_cfg_timestamp=0) old= {{(pid=102087) matches /opt/stack/data/venv/lib/python3.12/site-packages/ovsdbapp/backend/ovs_idl/event.py:55}}
Sep 23 15:44:27.565143 np0000193820 devstack@neutron-api.service[102086]: DEBUG ovsdbapp.backend.ovs_idl [None req-e21adfed-cb2b-4e74-b4ac-6633b1cfe54f None None] Created lookup_table index Chassis.name {{(pid=102086) autocreate_indices /opt/stack/data/venv/lib/python3.12/site-packages/ovsdbapp/backend/ovs_idl/__init__.py:87}}
Sep 23 15:44:27.565261 np0000193820 devstack@neutron-api.service[102086]: DEBUG ovsdbapp.backend.ovs_idl [None req-e21adfed-cb2b-4e74-b4ac-6633b1cfe54f None None] Created lookup_table index Port_Binding.logical_port {{(pid=102086) autocreate_indices /opt/stack/data/venv/lib/python3.12/site-packages/ovsdbapp/backend/ovs_idl/__init__.py:87}}
Sep 23 15:44:27.565349 np0000193820 devstack@neutron-api.service[102086]: DEBUG ovsdbapp.backend.ovs_idl [None req-e21adfed-cb2b-4e74-b4ac-6633b1cfe54f None None] Created schema index Chassis_Private.name {{(pid=102086) autocreate_indices /opt/stack/data/venv/lib/python3.12/site-packages/ovsdbapp/backend/ovs_idl/__init__.py:106}}
