2026-09-22 03:14:45.524 8 INFO placement.requestlog [None req-b5dccd02-9aa9-48a8-944f-5e1e0912404f - - - - - -] 10.0.0.6 "GET /" status: 200 len: 136 microversion: 1.0
2026-09-22 03:14:45.525 7 INFO placement.requestlog [None req-f510dad9-97d3-4018-bea0-300008c04415 - - - - - -] 10.0.0.6 "GET /" status: 200 len: 136 microversion: 1.0
2026-09-22 03:14:55.526 7 INFO placement.requestlog [None req-c6f47dd7-763c-4901-a048-7a241648b990 - - - - - -] 10.0.0.6 "GET /" status: 200 len: 136 microversion: 1.0
2026-09-22 03:14:55.526 8 INFO placement.requestlog [None req-791feb20-3842-47a2-b948-0151ef7b69e8 - - - - - -] 10.0.0.6 "GET /" status: 200 len: 136 microversion: 1.0
2026-09-22 03:15:05.525 7 INFO placement.requestlog [None req-94da7dd9-a650-4a47-911d-ca8a539e2372 - - - - - -] 10.0.0.6 "GET /" status: 200 len: 136 microversion: 1.0
2026-09-22 03:15:05.526 8 INFO placement.requestlog [None req-6afe5312-b6f2-44d3-8700-4f9dc7aa13f9 - - - - - -] 10.0.0.6 "GET /" status: 200 len: 136 microversion: 1.0
2026-09-22 03:15:15.525 8 INFO placement.requestlog [None req-2871c521-5672-4ce3-947a-3e170053bd5d - - - - - -] 10.0.0.6 "GET /" status: 200 len: 136 microversion: 1.0
2026-09-22 03:15:15.525 7 INFO placement.requestlog [None req-087d4f6c-1be4-4f7d-90ec-aa766b551750 - - - - - -] 10.0.0.6 "GET /" status: 200 len: 136 microversion: 1.0
2026-09-22 03:15:25.525 8 INFO placement.requestlog [None req-90d45ff1-fdf5-4569-ac49-7a205fb30057 - - - - - -] 10.0.0.6 "GET /" status: 200 len: 136 microversion: 1.0
2026-09-22 03:15:25.525 7 INFO placement.requestlog [None req-a020f882-2187-46d7-9831-a14063f2a824 - - - - - -] 10.0.0.6 "GET /" status: 200 len: 136 microversion: 1.0
2026-09-22 03:15:35.526 8 INFO placement.requestlog [None req-d04e214e-a535-4735-a58f-57c6df4cacd5 - - - - - -] 10.0.0.6 "GET /" status: 200 len: 136 microversion: 1.0
2026-09-22 03:15:35.526 7 INFO placement.requestlog [None req-47b4277a-1ec1-46fb-ac77-19656a1c3976 - - - - - -] 10.0.0.6 "GET /" status: 200 len: 136 microversion: 1.0
2026-09-22 03:15:39.325 8 INFO placement.requestlog [req-22878e25-17fa-4d71-9080-248fd77abb49 req-0394cc86-9cbe-4d06-bd2e-e8430d212621 3c173f08ac7f4a23b415d3e7f391027c f7b78d56957445f4a7db4ccffdcf5e5c - - 0e90c611f4e7445d84b784b9c7736680 0e90c611f4e7445d84b784b9c7736680] 162.253.55.159 "GET /resource_providers/f04872aa-f199-4c67-9fcb-ca11082ea4fa/allocations" status: 200 len: 54 microversion: 1.0 [pid: 8|app: 0|req: 298/597] 162.253.55.159 () {32 vars in 856 bytes} [Tue Sep 22 03:15:39 2026] GET /resource_providers/f04872aa-f199-4c67-9fcb-ca11082ea4fa/allocations => generated 54 bytes in 29 msecs (HTTP/1.1 200) 6 headers in 223 bytes (1 switches on core 0)
2026-09-22 03:15:39.343 7 INFO placement.requestlog [req-22878e25-17fa-4d71-9080-248fd77abb49 req-5a60b3f3-5523-4aff-8983-ca0ce1ac4e6d 3c173f08ac7f4a23b415d3e7f391027c f7b78d56957445f4a7db4ccffdcf5e5c - - 0e90c611f4e7445d84b784b9c7736680 0e90c611f4e7445d84b784b9c7736680] 162.253.55.159 "GET /resource_providers/f04872aa-f199-4c67-9fcb-ca11082ea4fa/allocations" status: 200 len: 54 microversion: 1.0 [pid: 7|app: 0|req: 300/598] 162.253.55.159 () {32 vars in 856 bytes} [Tue Sep 22 03:15:39 2026] GET /resource_providers/f04872aa-f199-4c67-9fcb-ca11082ea4fa/allocations => generated 54 bytes in 13 msecs (HTTP/1.1 200) 6 headers in 223 bytes (1 switches on core 0)
2026-09-22 03:15:45.525 8 INFO placement.requestlog [None req-53861b56-ccf5-47eb-949b-aee7d3cc68be - - - - - -] 10.0.0.6 "GET /" status: 200 len: 136 microversion: 1.0
2026-09-22 03:15:45.525 7 INFO placement.requestlog [None req-ac92d00b-04a3-49b5-b907-8f26ee7c08e9 - - - - - -] 10.0.0.6 "GET /" status: 200 len: 136 microversion: 1.0
2026-09-22 03:15:55.526 8 INFO placement.requestlog [None req-717de36f-c367-4185-946a-fb415bfa4927 - - - - - -] 10.0.0.6 "GET /" status: 200 len: 136 microversion: 1.0
2026-09-22 03:15:55.526 7 INFO placement.requestlog [None req-937b849a-bacd-4244-9228-329413b1d4b9 - - - - - -] 10.0.0.6 "GET /" status: 200 len: 136 microversion: 1.0
2026-09-22 03:16:05.525 8 INFO placement.requestlog [None req-535f6cbc-94a2-4cf4-8656-7d0406491918 - - - - - -] 10.0.0.6 "GET /" status: 200 len: 136 microversion: 1.0
2026-09-22 03:16:05.526 7 INFO placement.requestlog [None req-e5df1838-5379-43cb-95c9-306b3ad1c55b - - - - - -] 10.0.0.6 "GET /" status: 200 len: 136 microversion: 1.0
2026-09-22 03:16:15.526 7 INFO placement.requestlog [None req-c1939a1a-012b-4664-b325-acc63c90e69a - - - - - -] 10.0.0.6 "GET /" status: 200 len: 136 microversion: 1.0
2026-09-22 03:16:15.526 8 INFO placement.requestlog [None req-d2a63d94-3813-4b2e-b099-50b872d55a2f - - - - - -] 10.0.0.6 "GET /" status: 200 len: 136 microversion: 1.0
2026-09-22 03:16:25.526 8 INFO placement.requestlog [None req-5c4d34ec-378b-47e6-a8ce-01f505e8f4b5 - - - - - -] 10.0.0.6 "GET /" status: 200 len: 136 microversion: 1.0
2026-09-22 03:16:25.526 7 INFO placement.requestlog [None req-6a90d80b-7a49-4627-be2c-87a9ae47f30f - - - - - -] 10.0.0.6 "GET /" status: 200 len: 136 microversion: 1.0
2026-09-22 03:16:35.525 7 INFO placement.requestlog [None req-cda6331e-1de3-4dc2-8006-a54ebd4d3faa - - - - - -] 10.0.0.6 "GET /" status: 200 len: 136 microversion: 1.0
2026-09-22 03:16:35.525 8 INFO placement.requestlog [None req-3578776d-5b42-4976-a6e2-39d1ce47319b - - - - - -] 10.0.0.6 "GET /" status: 200 len: 136 microversion: 1.0
2026-09-22 03:16:39.156 7 INFO placement.requestlog [req-458e3f2f-ef22-478c-a180-54f109332e43 req-8ae8409e-6c49-4b43-991f-2169722870f6 3c173f08ac7f4a23b415d3e7f391027c f7b78d56957445f4a7db4ccffdcf5e5c - - 0e90c611f4e7445d84b784b9c7736680 0e90c611f4e7445d84b784b9c7736680] 162.253.55.159 "GET /resource_providers/f04872aa-f199-4c67-9fcb-ca11082ea4fa/allocations" status: 200 len: 54 microversion: 1.0 [pid: 7|app: 0|req: 307/611] 162.253.55.159 () {32 vars in 856 bytes} [Tue Sep 22 03:16:39 2026] GET /resource_providers/f04872aa-f199-4c67-9fcb-ca11082ea4fa/allocations => generated 54 bytes in 18 msecs (HTTP/1.1 200) 6 headers in 223 bytes (1 switches on core 0)
2026-09-22 03:16:39.183 8 INFO placement.requestlog [req-458e3f2f-ef22-478c-a180-54f109332e43 req-6e9fc335-44a8-43aa-afdf-2f719aa18bdd 3c173f08ac7f4a23b415d3e7f391027c f7b78d56957445f4a7db4ccffdcf5e5c - - 0e90c611f4e7445d84b784b9c7736680 0e90c611f4e7445d84b784b9c7736680] 162.253.55.159 "GET /resource_providers/f04872aa-f199-4c67-9fcb-ca11082ea4fa/allocations" status: 200 len: 54 microversion: 1.0 [pid: 8|app: 0|req: 305/612] 162.253.55.159 () {32 vars in 856 bytes} [Tue Sep 22 03:16:39 2026] GET /resource_providers/f04872aa-f199-4c67-9fcb-ca11082ea4fa/allocations => generated 54 bytes in 20 msecs (HTTP/1.1 200) 6 headers in 223 bytes (1 switches on core 0)
2026-09-22 03:16:45.525 8 INFO placement.requestlog [None req-d139154b-be64-484e-a183-741c9b560561 - - - - - -] 10.0.0.6 "GET /" status: 200 len: 136 microversion: 1.0
2026-09-22 03:16:45.525 7 INFO placement.requestlog [None req-810ac6fc-0bc4-4e36-8249-4270a21b5366 - - - - - -] 10.0.0.6 "GET /" status: 200 len: 136 microversion: 1.0
2026-09-22 03:16:55.525 8 INFO placement.requestlog [None req-e7d411aa-de30-48d8-9ff0-64601fa768c5 - - - - - -] 10.0.0.6 "GET /" status: 200 len: 136 microversion: 1.0
2026-09-22 03:16:55.526 7 INFO placement.requestlog [None req-9f42ade5-dc5d-4b41-9de1-145cfccda3ce - - - - - -] 10.0.0.6 "GET /" status: 200 len: 136 microversion: 1.0
2026-09-22 03:17:05.526 8 INFO placement.requestlog [None req-675533d2-3cfb-4ebb-9e9c-819e1712d3dd - - - - - -] 10.0.0.6 "GET /" status: 200 len: 136 microversion: 1.0
2026-09-22 03:17:05.526 7 INFO placement.requestlog [None req-149092e1-83a3-4831-b127-14322d1fba2d - - - - - -] 10.0.0.6 "GET /" status: 200 len: 136 microversion: 1.0
2026-09-22 03:17:15.525 8 INFO placement.requestlog [None req-46c1f3d9-f046-4dd3-a0dc-4f38e0fa9131 - - - - - -] 10.0.0.6 "GET /" status: 200 len: 136 microversion: 1.0
2026-09-22 03:17:15.525 7 INFO placement.requestlog [None req-d9d48df5-7aed-4e78-a41e-2fe375814e67 - - - - - -] 10.0.0.6 "GET /" status: 200 len: 136 microversion: 1.0
2026-09-22 03:17:25.525 8 INFO placement.requestlog [None req-7ac1df4d-145a-49f5-b194-5d8b293be981 - - - - - -] 10.0.0.6 "GET /" status: 200 len: 136 microversion: 1.0
2026-09-22 03:17:25.525 7 INFO placement.requestlog [None req-7a0699c1-dbf9-4bd3-9c2a-88493dc50c81 - - - - - -] 10.0.0.6 "GET /" status: 200 len: 136 microversion: 1.0
2026-09-22 03:17:35.526 8 INFO placement.requestlog [None req-9e87adf0-b98c-424c-bcb4-fe78bc7a9c5c - - - - - -] 10.0.0.6 "GET /" status: 200 len: 136 microversion: 1.0
2026-09-22 03:17:35.526 7 INFO placement.requestlog [None req-9494763d-4d43-480c-b7ea-a931dc2a6411 - - - - - -] 10.0.0.6 "GET /" status: 200 len: 136 microversion: 1.0
2026-09-22 03:17:40.113 7 INFO placement.requestlog [req-f0ac480e-5afd-404b-a0e0-532154fae89a req-20cda232-2644-44fb-bf3e-2812c8514289 3c173f08ac7f4a23b415d3e7f391027c f7b78d56957445f4a7db4ccffdcf5e5c - - 0e90c611f4e7445d84b784b9c7736680 0e90c611f4e7445d84b784b9c7736680] 162.253.55.159 "GET /resource_providers/f04872aa-f199-4c67-9fcb-ca11082ea4fa/allocations" status: 200 len: 54 microversion: 1.0 [pid: 7|app: 0|req: 314/625] 162.253.55.159 () {32 vars in 856 bytes} [Tue Sep 22 03:17:40 2026] GET /resource_providers/f04872aa-f199-4c67-9fcb-ca11082ea4fa/allocations => generated 54 bytes in 21 msecs (HTTP/1.1 200) 6 headers in 223 bytes (1 switches on core 0)
2026-09-22 03:17:40.138 8 INFO placement.requestlog [req-f0ac480e-5afd-404b-a0e0-532154fae89a req-2dc318fa-5ae8-4c8c-b1ea-e3cb0df79352 3c173f08ac7f4a23b415d3e7f391027c f7b78d56957445f4a7db4ccffdcf5e5c - - 0e90c611f4e7445d84b784b9c7736680 0e90c611f4e7445d84b784b9c7736680] 162.253.55.159 "GET /resource_providers/f04872aa-f199-4c67-9fcb-ca11082ea4fa/allocations" status: 200 len: 54 microversion: 1.0 [pid: 8|app: 0|req: 312/626] 162.253.55.159 () {32 vars in 856 bytes} [Tue Sep 22 03:17:40 2026] GET /resource_providers/f04872aa-f199-4c67-9fcb-ca11082ea4fa/allocations => generated 54 bytes in 17 msecs (HTTP/1.1 200) 6 headers in 223 bytes (1 switches on core 0)
2026-09-22 03:17:45.525 8 INFO placement.requestlog [None req-baf72962-8839-40de-9d63-ab9932141264 - - - - - -] 10.0.0.6 "GET /" status: 200 len: 136 microversion: 1.0
2026-09-22 03:17:45.526 7 INFO placement.requestlog [None req-151a7873-1152-4982-be9e-4851eb6ebffd - - - - - -] 10.0.0.6 "GET /" status: 200 len: 136 microversion: 1.0
2026-09-22 03:17:55.526 8 INFO placement.requestlog [None req-2b7cda58-42f8-4e43-8ea6-9bfeb6ee39ef - - - - - -] 10.0.0.6 "GET /" status: 200 len: 136 microversion: 1.0
2026-09-22 03:17:55.526 7 INFO placement.requestlog [None req-c58307d9-8910-4190-a1fe-598439021c8e - - - - - -] 10.0.0.6 "GET /" status: 200 len: 136 microversion: 1.0
2026-09-22 03:18:05.525 8 INFO placement.requestlog [None req-708b125c-b1fe-4a15-b507-1fd80405f477 - - - - - -] 10.0.0.6 "GET /" status: 200 len: 136 microversion: 1.0
2026-09-22 03:18:05.526 7 INFO placement.requestlog [None req-bd85014d-7901-45fd-952c-4e1bec1d9935 - - - - - -] 10.0.0.6 "GET /" status: 200 len: 136 microversion: 1.0
2026-09-22 03:18:15.524 8 INFO placement.requestlog [None req-ac8f8eb3-34c0-413a-8222-a5cf899f7e63 - - - - - -] 10.0.0.6 "GET /" status: 200 len: 136 microversion: 1.0
2026-09-22 03:18:15.524 7 INFO placement.requestlog [None req-61774d7d-19ae-49e8-b5f9-3089824e159d - - - - - -] 10.0.0.6 "GET /" status: 200 len: 136 microversion: 1.0
2026-09-22 03:18:25.525 8 INFO placement.requestlog [None req-8cfb6022-3085-49d4-b14a-983bcf32b534 - - - - - -] 10.0.0.6 "GET /" status: 200 len: 136 microversion: 1.0
2026-09-22 03:18:25.526 7 INFO placement.requestlog [None req-c8c1ae9f-94cf-4768-b0b3-4a01dccc7454 - - - - - -] 10.0.0.6 "GET /" status: 200 len: 136 microversion: 1.0
2026-09-22 03:18:35.525 8 INFO placement.requestlog [None req-fc36790c-5861-41aa-b5c5-835f9598ab5a - - - - - -] 10.0.0.6 "GET /" status: 200 len: 136 microversion: 1.0
2026-09-22 03:18:35.526 7 INFO placement.requestlog [None req-e942002e-fabf-488d-a14e-1a4807e25a8d - - - - - -] 10.0.0.6 "GET /" status: 200 len: 136 microversion: 1.0
2026-09-22 03:18:42.374 8 INFO placement.requestlog [req-f79a7244-13b5-4f71-9f38-9f6f4800ea15 req-5db7487e-0e7b-430b-bbc8-7ca250ad06f0 3c173f08ac7f4a23b415d3e7f391027c f7b78d56957445f4a7db4ccffdcf5e5c - - 0e90c611f4e7445d84b784b9c7736680 0e90c611f4e7445d84b784b9c7736680] 162.253.55.159 "GET /resource_providers/f04872aa-f199-4c67-9fcb-ca11082ea4fa/allocations" status: 200 len: 54 microversion: 1.0 [pid: 8|app: 0|req: 319/639] 162.253.55.159 () {32 vars in 856 bytes} [Tue Sep 22 03:18:42 2026] GET /resource_providers/f04872aa-f199-4c67-9fcb-ca11082ea4fa/allocations => generated 54 bytes in 27 msecs (HTTP/1.1 200) 6 headers in 223 bytes (1 switches on core 0)
2026-09-22 03:18:42.406 7 INFO placement.requestlog [req-f79a7244-13b5-4f71-9f38-9f6f4800ea15 req-5e61e08a-6f8e-476d-bd1e-1dcc16e60ad1 3c173f08ac7f4a23b415d3e7f391027c f7b78d56957445f4a7db4ccffdcf5e5c - - 0e90c611f4e7445d84b784b9c7736680 0e90c611f4e7445d84b784b9c7736680] 162.253.55.159 "GET /resource_providers/f04872aa-f199-4c67-9fcb-ca11082ea4fa/allocations" status: 200 len: 54 microversion: 1.0 [pid: 7|app: 0|req: 321/640] 162.253.55.159 () {32 vars in 856 bytes} [Tue Sep 22 03:18:42 2026] GET /resource_providers/f04872aa-f199-4c67-9fcb-ca11082ea4fa/allocations => generated 54 bytes in 24 msecs (HTTP/1.1 200) 6 headers in 223 bytes (1 switches on core 0)
2026-09-22 03:18:45.526 7 INFO placement.requestlog [None req-92696805-a3b7-4c72-a580-62623f60b336 - - - - - -] 10.0.0.6 "GET /" status: 200 len: 136 microversion: 1.0
2026-09-22 03:18:45.526 8 INFO placement.requestlog [None req-24e68466-a182-4997-99f2-e3d9887e621f - - - - - -] 10.0.0.6 "GET /" status: 200 len: 136 microversion: 1.0
2026-09-22 03:18:55.526 7 INFO placement.requestlog [None req-930caec7-3f9e-4e17-bb77-15503d71b778 - - - - - -] 10.0.0.6 "GET /" status: 200 len: 136 microversion: 1.0
2026-09-22 03:18:55.526 8 INFO placement.requestlog [None req-b6c91565-8973-4bdd-ac11-06f244bb1953 - - - - - -] 10.0.0.6 "GET /" status: 200 len: 136 microversion: 1.0
2026-09-22 03:19:05.526 7 INFO placement.requestlog [None req-49e46f39-520d-4de2-ae67-93baf49fd4d7 - - - - - -] 10.0.0.6 "GET /" status: 200 len: 136 microversion: 1.0
2026-09-22 03:19:05.526 8 INFO placement.requestlog [None req-bc34579f-1de0-4811-b1ce-cf08006b5969 - - - - - -] 10.0.0.6 "GET /" status: 200 len: 136 microversion: 1.0
2026-09-22 03:19:15.525 7 INFO placement.requestlog [None req-6fb5f89b-a4d0-45cb-8561-70f2023d8f3b - - - - - -] 10.0.0.6 "GET /" status: 200 len: 136 microversion: 1.0
2026-09-22 03:19:15.525 8 INFO placement.requestlog [None req-e5cf9c63-1e2f-43ca-b675-eb406d7a80eb - - - - - -] 10.0.0.6 "GET /" status: 200 len: 136 microversion: 1.0
2026-09-22 03:19:25.525 8 INFO placement.requestlog [None req-8431451e-0f54-4ece-b878-b075c08b44c7 - - - - - -] 10.0.0.6 "GET /" status: 200 len: 136 microversion: 1.0
2026-09-22 03:19:25.526 7 INFO placement.requestlog [None req-1fc56648-4cf0-4384-8550-fae297942a4a - - - - - -] 10.0.0.6 "GET /" status: 200 len: 136 microversion: 1.0
2026-09-22 03:19:35.525 8 INFO placement.requestlog [None req-06eee613-ea7b-4241-8bb6-c0632352f1fa - - - - - -] 10.0.0.6 "GET /" status: 200 len: 136 microversion: 1.0
2026-09-22 03:19:35.526 7 INFO placement.requestlog [None req-ffc5be84-14a7-4a35-b0ee-bd9f5ac71516 - - - - - -] 10.0.0.6 "GET /" status: 200 len: 136 microversion: 1.0
2026-09-22 03:19:44.376 8 INFO placement.requestlog [req-73486918-5082-4776-b2b3-650661fe049e req-ee689b51-86e6-4644-8854-4b233ff70f2a 3c173f08ac7f4a23b415d3e7f391027c f7b78d56957445f4a7db4ccffdcf5e5c - - 0e90c611f4e7445d84b784b9c7736680 0e90c611f4e7445d84b784b9c7736680] 162.253.55.159 "GET /resource_providers/f04872aa-f199-4c67-9fcb-ca11082ea4fa/allocations" status: 200 len: 54 microversion: 1.0 [pid: 8|app: 0|req: 326/653] 162.253.55.159 () {32 vars in 856 bytes} [Tue Sep 22 03:19:44 2026] GET /resource_providers/f04872aa-f199-4c67-9fcb-ca11082ea4fa/allocations => generated 54 bytes in 132 msecs (HTTP/1.1 200) 6 headers in 223 bytes (1 switches on core 0)
2026-09-22 03:19:44.412 7 INFO placement.requestlog [req-73486918-5082-4776-b2b3-650661fe049e req-49fc0749-ca4c-451e-a844-d8ddbc4886e1 3c173f08ac7f4a23b415d3e7f391027c f7b78d56957445f4a7db4ccffdcf5e5c - - 0e90c611f4e7445d84b784b9c7736680 0e90c611f4e7445d84b784b9c7736680] 162.253.55.159 "GET /resource_providers?in_tree=f04872aa-f199-4c67-9fcb-ca11082ea4fa" status: 200 len: 797 microversion: 1.14 [pid: 7|app: 0|req: 328/654] 162.253.55.159 () {34 vars in 891 bytes} [Tue Sep 22 03:19:44 2026] GET /resource_providers?in_tree=f04872aa-f199-4c67-9fcb-ca11082ea4fa => generated 797 bytes in 28 msecs (HTTP/1.1 200) 6 headers in 225 bytes (1 switches on core 0)
2026-09-22 03:19:44.445 8 INFO placement.requestlog [req-73486918-5082-4776-b2b3-650661fe049e req-5eee7015-afae-4aff-b8e0-b06c5bfbfb50 3c173f08ac7f4a23b415d3e7f391027c f7b78d56957445f4a7db4ccffdcf5e5c - - 0e90c611f4e7445d84b784b9c7736680 0e90c611f4e7445d84b784b9c7736680] 162.253.55.159 "GET /resource_providers/f04872aa-f199-4c67-9fcb-ca11082ea4fa/inventories" status: 200 len: 400 microversion: 1.0 [pid: 8|app: 0|req: 327/655] 162.253.55.159 () {32 vars in 856 bytes} [Tue Sep 22 03:19:44 2026] GET /resource_providers/f04872aa-f199-4c67-9fcb-ca11082ea4fa/inventories => generated 400 bytes in 26 msecs (HTTP/1.1 200) 6 headers in 224 bytes (1 switches on core 0)
2026-09-22 03:19:44.469 7 INFO placement.requestlog [req-73486918-5082-4776-b2b3-650661fe049e req-82328110-1e97-44d8-953c-c2d4e7d4b7a9 3c173f08ac7f4a23b415d3e7f391027c f7b78d56957445f4a7db4ccffdcf5e5c - - 0e90c611f4e7445d84b784b9c7736680 0e90c611f4e7445d84b784b9c7736680] 162.253.55.159 "GET /resource_providers/f04872aa-f199-4c67-9fcb-ca11082ea4fa/aggregates" status: 200 len: 53 microversion: 1.19 [pid: 7|app: 0|req: 329/656] 162.253.55.159 () {34 vars in 898 bytes} [Tue Sep 22 03:19:44 2026] GET /resource_providers/f04872aa-f199-4c67-9fcb-ca11082ea4fa/aggregates => generated 53 bytes in 16 msecs (HTTP/1.1 200) 8 headers in 295 bytes (1 switches on core 0)
2026-09-22 03:19:44.506 8 INFO placement.requestlog [req-73486918-5082-4776-b2b3-650661fe049e req-1408e0c6-a60b-4e4b-b36c-108f0dbc18a3 3c173f08ac7f4a23b415d3e7f391027c f7b78d56957445f4a7db4ccffdcf5e5c - - 0e90c611f4e7445d84b784b9c7736680 0e90c611f4e7445d84b784b9c7736680] 162.253.55.159 "GET /resource_providers/f04872aa-f199-4c67-9fcb-ca11082ea4fa/traits" status: 200 len: 2316 microversion: 1.6 [pid: 8|app: 0|req: 328/657] 162.253.55.159 () {34 vars in 889 bytes} [Tue Sep 22 03:19:44 2026] GET /resource_providers/f04872aa-f199-4c67-9fcb-ca11082ea4fa/traits => generated 2316 bytes in 32 msecs (HTTP/1.1 200) 6 headers in 225 bytes (1 switches on core 0)
2026-09-22 03:19:44.536 7 INFO placement.requestlog [req-73486918-5082-4776-b2b3-650661fe049e req-f444d18c-a69e-4884-9607-b3b112dcc0b4 3c173f08ac7f4a23b415d3e7f391027c f7b78d56957445f4a7db4ccffdcf5e5c - - 0e90c611f4e7445d84b784b9c7736680 0e90c611f4e7445d84b784b9c7736680] 162.253.55.159 "GET /resource_providers/f04872aa-f199-4c67-9fcb-ca11082ea4fa/allocations" status: 200 len: 54 microversion: 1.0 [pid: 7|app: 0|req: 330/658] 162.253.55.159 () {32 vars in 856 bytes} [Tue Sep 22 03:19:44 2026] GET /resource_providers/f04872aa-f199-4c67-9fcb-ca11082ea4fa/allocations => generated 54 bytes in 22 msecs (HTTP/1.1 200) 6 headers in 223 bytes (1 switches on core 0)
2026-09-22 03:19:45.525 8 INFO placement.requestlog [None req-e516a022-091a-42f4-9cc5-3c58737ab3f0 - - - - - -] 10.0.0.6 "GET /" status: 200 len: 136 microversion: 1.0
2026-09-22 03:19:45.527 7 INFO placement.requestlog [None req-f304af18-323a-4c3e-975e-b175375dd8e4 - - - - - -] 10.0.0.6 "GET /" status: 200 len: 136 microversion: 1.0
2026-09-22 03:19:55.526 8 INFO placement.requestlog [None req-44c55161-d994-4ae7-9d45-277203cb0504 - - - - - -] 10.0.0.6 "GET /" status: 200 len: 136 microversion: 1.0
2026-09-22 03:19:55.526 7 INFO placement.requestlog [None req-aa36a0d6-2fa9-4dec-8424-2f0b9e4492b4 - - - - - -] 10.0.0.6 "GET /" status: 200 len: 136 microversion: 1.0
2026-09-22 03:20:05.538 8 INFO placement.requestlog [None req-5d72e56b-d0c0-4650-a77d-83d6c75db9fd - - - - - -] 10.0.0.6 "GET /" status: 200 len: 136 microversion: 1.0
2026-09-22 03:20:05.538 7 INFO placement.requestlog [None req-acbfcaa1-6d65-49fe-aad1-6bce8ad58571 - - - - - -] 10.0.0.6 "GET /" status: 200 len: 136 microversion: 1.0
2026-09-22 03:20:15.525 8 INFO placement.requestlog [None req-0123d2e3-3653-4000-9a19-2a043d48f9f3 - - - - - -] 10.0.0.6 "GET /" status: 200 len: 136 microversion: 1.0
2026-09-22 03:20:15.526 7 INFO placement.requestlog [None req-114d100c-a39e-4422-a42e-4acf785ab906 - - - - - -] 10.0.0.6 "GET /" status: 200 len: 136 microversion: 1.0
2026-09-22 03:20:25.524 8 INFO placement.requestlog [None req-27071502-d142-477e-ad5e-62334355353f - - - - - -] 10.0.0.6 "GET /" status: 200 len: 136 microversion: 1.0
2026-09-22 03:20:25.525 7 INFO placement.requestlog [None req-9adda19d-6bba-4b62-bd6a-844208cbc1f7 - - - - - -] 10.0.0.6 "GET /" status: 200 len: 136 microversion: 1.0
2026-09-22 03:20:35.526 8 INFO placement.requestlog [None req-4722aeac-9eca-4633-aaea-b5210ea068f8 - - - - - -] 10.0.0.6 "GET /" status: 200 len: 136 microversion: 1.0
2026-09-22 03:20:35.526 7 INFO placement.requestlog [None req-852bb719-9690-4c17-b143-cb6cca031602 - - - - - -] 10.0.0.6 "GET /" status: 200 len: 136 microversion: 1.0
2026-09-22 03:20:44.185 8 INFO placement.requestlog [req-35022691-98e3-4f2f-80aa-cf8d9399786c req-8f98a364-9568-4c22-94b9-73ff36abe64f 3c173f08ac7f4a23b415d3e7f391027c f7b78d56957445f4a7db4ccffdcf5e5c - - 0e90c611f4e7445d84b784b9c7736680 0e90c611f4e7445d84b784b9c7736680] 162.253.55.159 "GET /resource_providers/f04872aa-f199-4c67-9fcb-ca11082ea4fa/allocations" status: 200 len: 54 microversion: 1.0 [pid: 8|app: 0|req: 335/671] 162.253.55.159 () {32 vars in 856 bytes} [Tue Sep 22 03:20:44 2026] GET /resource_providers/f04872aa-f199-4c67-9fcb-ca11082ea4fa/allocations => generated 54 bytes in 19 msecs (HTTP/1.1 200) 6 headers in 223 bytes (1 switches on core 0)
2026-09-22 03:20:44.232 7 INFO placement.requestlog [req-35022691-98e3-4f2f-80aa-cf8d9399786c req-131b7334-0d35-4fd3-be14-dd71c145b660 3c173f08ac7f4a23b415d3e7f391027c f7b78d56957445f4a7db4ccffdcf5e5c - - 0e90c611f4e7445d84b784b9c7736680 0e90c611f4e7445d84b784b9c7736680] 162.253.55.159 "GET /resource_providers/f04872aa-f199-4c67-9fcb-ca11082ea4fa/allocations" status: 200 len: 54 microversion: 1.0 [pid: 7|app: 0|req: 337/672] 162.253.55.159 () {32 vars in 856 bytes} [Tue Sep 22 03:20:44 2026] GET /resource_providers/f04872aa-f199-4c67-9fcb-ca11082ea4fa/allocations => generated 54 bytes in 42 msecs (HTTP/1.1 200) 6 headers in 223 bytes (1 switches on core 0)
2026-09-22 03:20:45.525 8 INFO placement.requestlog [None req-74125ef8-4d14-4c04-b646-6e2262753c08 - - - - - -] 10.0.0.6 "GET /" status: 200 len: 136 microversion: 1.0
2026-09-22 03:20:45.526 7 INFO placement.requestlog [None req-c078595d-bcc8-4b1c-a46d-45af6b15933a - - - - - -] 10.0.0.6 "GET /" status: 200 len: 136 microversion: 1.0
2026-09-22 03:20:55.526 8 INFO placement.requestlog [None req-b41fb6b4-618c-4c5e-bfc8-70683dab8bd3 - - - - - -] 10.0.0.6 "GET /" status: 200 len: 136 microversion: 1.0
2026-09-22 03:20:55.526 7 INFO placement.requestlog [None req-f6c1769e-897a-423a-9269-c26b101022c2 - - - - - -] 10.0.0.6 "GET /" status: 200 len: 136 microversion: 1.0
2026-09-22 03:21:05.525 8 INFO placement.requestlog [None req-897614a8-acd9-4056-91f7-e99bbb8e4380 - - - - - -] 10.0.0.6 "GET /" status: 200 len: 136 microversion: 1.0
2026-09-22 03:21:05.526 7 INFO placement.requestlog [None req-7ef94a53-a95d-4e97-ac90-bd7623553d3a - - - - - -] 10.0.0.6 "GET /" status: 200 len: 136 microversion: 1.0
2026-09-22 03:21:14.484 8 INFO placement.requestlog [req-c71db63e-8cd8-43c4-92f6-264878e10872 req-0fc1ec75-09e7-49e8-8cf2-3f61d64273fc 3c173f08ac7f4a23b415d3e7f391027c f7b78d56957445f4a7db4ccffdcf5e5c - - 0e90c611f4e7445d84b784b9c7736680 0e90c611f4e7445d84b784b9c7736680] 10.0.0.85 "GET /allocation_candidates?limit=1000&resources=DISK_GB%3A1%2CMEMORY_MB%3A512%2CVCPU%3A1&root_required=%21COMPUTE_STATUS_DISABLED" status: 200 len: 2781 microversion: 1.36 [pid: 8|app: 0|req: 339/679] 10.0.0.85 () {34 vars in 1010 bytes} [Tue Sep 22 03:21:14 2026] GET /allocation_candidates?limit=1000&resources=DISK_GB%3A1%2CMEMORY_MB%3A512%2CVCPU%3A1&root_required=%21COMPUTE_STATUS_DISABLED => generated 2781 bytes in 141 msecs (HTTP/1.1 200) 8 headers in 297 bytes (1 switches on core 0)
2026-09-22 03:21:14.545 8 INFO placement.requestlog [req-c71db63e-8cd8-43c4-92f6-264878e10872 req-f01e4599-ce2e-424a-8452-002a42b44ad0 3c173f08ac7f4a23b415d3e7f391027c f7b78d56957445f4a7db4ccffdcf5e5c - - 0e90c611f4e7445d84b784b9c7736680 0e90c611f4e7445d84b784b9c7736680] 10.0.0.85 "GET /allocations/3b0136e5-49ee-44ea-801c-4edffccbbbd3" status: 200 len: 19 microversion: 1.28 [pid: 8|app: 0|req: 340/680] 10.0.0.85 () {34 vars in 859 bytes} [Tue Sep 22 03:21:14 2026] GET /allocations/3b0136e5-49ee-44ea-801c-4edffccbbbd3 => generated 19 bytes in 10 msecs (HTTP/1.1 200) 8 headers in 295 bytes (1 switches on core 0)
2026-09-22 03:21:14.620 7 INFO placement.requestlog [req-6e19fc20-3bbe-4e84-9bd9-1767f064877c req-8ba7acee-8a82-4056-9a73-3366bab00d4e 3c173f08ac7f4a23b415d3e7f391027c f7b78d56957445f4a7db4ccffdcf5e5c - - 0e90c611f4e7445d84b784b9c7736680 0e90c611f4e7445d84b784b9c7736680] 10.0.0.85 "GET /allocation_candidates?limit=1000&resources=DISK_GB%3A1%2CMEMORY_MB%3A512%2CVCPU%3A1&root_required=%21COMPUTE_STATUS_DISABLED" status: 200 len: 2781 microversion: 1.36 [pid: 7|app: 0|req: 341/681] 10.0.0.85 () {34 vars in 1010 bytes} [Tue Sep 22 03:21:14 2026] GET /allocation_candidates?limit=1000&resources=DISK_GB%3A1%2CMEMORY_MB%3A512%2CVCPU%3A1&root_required=%21COMPUTE_STATUS_DISABLED => generated 2781 bytes in 95 msecs (HTTP/1.1 200) 8 headers in 297 bytes (1 switches on core 0)
2026-09-22 03:21:14.654 8 INFO placement.requestlog [req-c71db63e-8cd8-43c4-92f6-264878e10872 req-5ab27d21-c6fd-4313-a124-90b5fe0ff252 3c173f08ac7f4a23b415d3e7f391027c f7b78d56957445f4a7db4ccffdcf5e5c - - 0e90c611f4e7445d84b784b9c7736680 0e90c611f4e7445d84b784b9c7736680] 10.0.0.85 "PUT /allocations/3b0136e5-49ee-44ea-801c-4edffccbbbd3" status: 204 len: 0 microversion: 1.36 [pid: 8|app: 0|req: 341/682] 10.0.0.85 () {38 vars in 912 bytes} [Tue Sep 22 03:21:14 2026] PUT /allocations/3b0136e5-49ee-44ea-801c-4edffccbbbd3 => generated 0 bytes in 103 msecs (HTTP/1.1 204) 5 headers in 199 bytes (1 switches on core 0)
2026-09-22 03:21:14.677 7 INFO placement.requestlog [req-6e19fc20-3bbe-4e84-9bd9-1767f064877c req-6016f6e8-45e2-4939-b92e-06f21b472b9b 3c173f08ac7f4a23b415d3e7f391027c f7b78d56957445f4a7db4ccffdcf5e5c - - 0e90c611f4e7445d84b784b9c7736680 0e90c611f4e7445d84b784b9c7736680] 10.0.0.85 "GET /allocations/076882f2-3d52-486b-b2dd-b05a5747eae2" status: 200 len: 19 microversion: 1.28 [pid: 7|app: 0|req: 342/683] 10.0.0.85 () {34 vars in 859 bytes} [Tue Sep 22 03:21:14 2026] GET /allocations/076882f2-3d52-486b-b2dd-b05a5747eae2 => generated 19 bytes in 23 msecs (HTTP/1.1 200) 8 headers in 295 bytes (1 switches on core 0)
2026-09-22 03:21:14.772 8 INFO placement.requestlog [req-6e19fc20-3bbe-4e84-9bd9-1767f064877c req-c36466af-9cba-4137-9926-38d537b69da1 3c173f08ac7f4a23b415d3e7f391027c f7b78d56957445f4a7db4ccffdcf5e5c - - 0e90c611f4e7445d84b784b9c7736680 0e90c611f4e7445d84b784b9c7736680] 10.0.0.85 "PUT /allocations/076882f2-3d52-486b-b2dd-b05a5747eae2" status: 204 len: 0 microversion: 1.36 [pid: 8|app: 0|req: 342/684] 10.0.0.85 () {38 vars in 912 bytes} [Tue Sep 22 03:21:14 2026] PUT /allocations/076882f2-3d52-486b-b2dd-b05a5747eae2 => generated 0 bytes in 87 msecs (HTTP/1.1 204) 5 headers in 199 bytes (1 switches on core 0)
2026-09-22 03:21:15.200 7 INFO placement.requestlog [req-c71db63e-8cd8-43c4-92f6-264878e10872 req-94c9675f-3cca-4ea5-bbdb-57f69be5d050 3c173f08ac7f4a23b415d3e7f391027c f7b78d56957445f4a7db4ccffdcf5e5c - - 0e90c611f4e7445d84b784b9c7736680 0e90c611f4e7445d84b784b9c7736680] 162.253.55.159 "GET /allocations/3b0136e5-49ee-44ea-801c-4edffccbbbd3" status: 200 len: 257 microversion: 1.28 [pid: 7|app: 0|req: 343/685] 162.253.55.159 () {34 vars in 862 bytes} [Tue Sep 22 03:21:15 2026] GET /allocations/3b0136e5-49ee-44ea-801c-4edffccbbbd3 => generated 257 bytes in 14 msecs (HTTP/1.1 200) 8 headers in 296 bytes (1 switches on core 0)
2026-09-22 03:21:15.349 8 INFO placement.requestlog [req-c71db63e-8cd8-43c4-92f6-264878e10872 req-cc57b475-7761-4827-894d-2f6067448b32 3c173f08ac7f4a23b415d3e7f391027c f7b78d56957445f4a7db4ccffdcf5e5c - - 0e90c611f4e7445d84b784b9c7736680 0e90c611f4e7445d84b784b9c7736680] 162.253.55.159 "GET /resource_providers/f04872aa-f199-4c67-9fcb-ca11082ea4fa/allocations" status: 200 len: 252 microversion: 1.0 [pid: 8|app: 0|req: 343/686] 162.253.55.159 () {32 vars in 856 bytes} [Tue Sep 22 03:21:15 2026] GET /resource_providers/f04872aa-f199-4c67-9fcb-ca11082ea4fa/allocations => generated 252 bytes in 24 msecs (HTTP/1.1 200) 6 headers in 224 bytes (1 switches on core 0)
2026-09-22 03:21:15.368 7 INFO placement.requestlog [req-c71db63e-8cd8-43c4-92f6-264878e10872 req-4d6fe605-f1d5-458e-97a5-0c9fc7d03c23 3c173f08ac7f4a23b415d3e7f391027c f7b78d56957445f4a7db4ccffdcf5e5c - - 0e90c611f4e7445d84b784b9c7736680 0e90c611f4e7445d84b784b9c7736680] 162.253.55.159 "GET /allocations/3b0136e5-49ee-44ea-801c-4edffccbbbd3" status: 200 len: 257 microversion: 1.28 [pid: 7|app: 0|req: 344/687] 162.253.55.159 () {34 vars in 862 bytes} [Tue Sep 22 03:21:15 2026] GET /allocations/3b0136e5-49ee-44ea-801c-4edffccbbbd3 => generated 257 bytes in 14 msecs (HTTP/1.1 200) 8 headers in 296 bytes (1 switches on core 0)
2026-09-22 03:21:15.384 8 INFO placement.requestlog [req-c71db63e-8cd8-43c4-92f6-264878e10872 req-f144628c-cc48-4130-8cce-663a86443454 3c173f08ac7f4a23b415d3e7f391027c f7b78d56957445f4a7db4ccffdcf5e5c - - 0e90c611f4e7445d84b784b9c7736680 0e90c611f4e7445d84b784b9c7736680] 162.253.55.159 "GET /allocations/076882f2-3d52-486b-b2dd-b05a5747eae2" status: 200 len: 257 microversion: 1.28 [pid: 8|app: 0|req: 344/688] 162.253.55.159 () {34 vars in 862 bytes} [Tue Sep 22 03:21:15 2026] GET /allocations/076882f2-3d52-486b-b2dd-b05a5747eae2 => generated 257 bytes in 10 msecs (HTTP/1.1 200) 8 headers in 296 bytes (1 switches on core 0)
2026-09-22 03:21:15.401 7 INFO placement.requestlog [req-6e19fc20-3bbe-4e84-9bd9-1767f064877c req-55dd64f0-9f9a-45d2-9ea0-2e5b09db9339 3c173f08ac7f4a23b415d3e7f391027c f7b78d56957445f4a7db4ccffdcf5e5c - - 0e90c611f4e7445d84b784b9c7736680 0e90c611f4e7445d84b784b9c7736680] 162.253.55.159 "GET /allocations/076882f2-3d52-486b-b2dd-b05a5747eae2" status: 200 len: 257 microversion: 1.28 [pid: 7|app: 0|req: 345/689] 162.253.55.159 () {34 vars in 862 bytes} [Tue Sep 22 03:21:15 2026] GET /allocations/076882f2-3d52-486b-b2dd-b05a5747eae2 => generated 257 bytes in 17 msecs (HTTP/1.1 200) 8 headers in 296 bytes (1 switches on core 0)
2026-09-22 03:21:15.526 7 INFO placement.requestlog [None req-4d7cdc8e-2ddc-4571-b1f1-0567b8550343 - - - - - -] 10.0.0.6 "GET /" status: 200 len: 136 microversion: 1.0
2026-09-22 03:21:15.536 7 INFO placement.requestlog [None req-c66fd35f-b516-4724-812d-97458e002c62 - - - - - -] 10.0.0.6 "GET /" status: 200 len: 136 microversion: 1.0
2026-09-22 03:21:15.541 8 INFO placement.requestlog [req-6e19fc20-3bbe-4e84-9bd9-1767f064877c req-0e02e5c4-60fb-4597-9a35-aa61cfc6d2dc 3c173f08ac7f4a23b415d3e7f391027c f7b78d56957445f4a7db4ccffdcf5e5c - - 0e90c611f4e7445d84b784b9c7736680 0e90c611f4e7445d84b784b9c7736680] 162.253.55.159 "GET /resource_providers/f04872aa-f199-4c67-9fcb-ca11082ea4fa/allocations" status: 200 len: 252 microversion: 1.0 [pid: 8|app: 0|req: 345/692] 162.253.55.159 () {32 vars in 856 bytes} [Tue Sep 22 03:21:15 2026] GET /resource_providers/f04872aa-f199-4c67-9fcb-ca11082ea4fa/allocations => generated 252 bytes in 39 msecs (HTTP/1.1 200) 6 headers in 224 bytes (1 switches on core 0)
2026-09-22 03:21:15.567 7 INFO placement.requestlog [req-6e19fc20-3bbe-4e84-9bd9-1767f064877c req-96a1861d-e6eb-4073-a73a-2884ff995f41 3c173f08ac7f4a23b415d3e7f391027c f7b78d56957445f4a7db4ccffdcf5e5c - - 0e90c611f4e7445d84b784b9c7736680 0e90c611f4e7445d84b784b9c7736680] 162.253.55.159 "GET /allocations/3b0136e5-49ee-44ea-801c-4edffccbbbd3" status: 200 len: 257 microversion: 1.28 [pid: 7|app: 0|req: 348/693] 162.253.55.159 () {34 vars in 862 bytes} [Tue Sep 22 03:21:15 2026] GET /allocations/3b0136e5-49ee-44ea-801c-4edffccbbbd3 => generated 257 bytes in 21 msecs (HTTP/1.1 200) 8 headers in 296 bytes (1 switches on core 0)
2026-09-22 03:21:15.593 8 INFO placement.requestlog [req-6e19fc20-3bbe-4e84-9bd9-1767f064877c req-b4934a46-7b20-4687-8a1b-21ddc17d8e2b 3c173f08ac7f4a23b415d3e7f391027c f7b78d56957445f4a7db4ccffdcf5e5c - - 0e90c611f4e7445d84b784b9c7736680 0e90c611f4e7445d84b784b9c7736680] 162.253.55.159 "GET /allocations/076882f2-3d52-486b-b2dd-b05a5747eae2" status: 200 len: 257 microversion: 1.28 [pid: 8|app: 0|req: 346/694] 162.253.55.159 () {34 vars in 862 bytes} [Tue Sep 22 03:21:15 2026] GET /allocations/076882f2-3d52-486b-b2dd-b05a5747eae2 => generated 257 bytes in 20 msecs (HTTP/1.1 200) 8 headers in 296 bytes (1 switches on core 0)
2026-09-22 03:21:16.491 7 INFO placement.requestlog [req-d2f7c94a-9666-45cb-a1ef-d4394c5615ab req-6b05a2b5-d557-479a-826d-5fc68ac0e239 3c173f08ac7f4a23b415d3e7f391027c f7b78d56957445f4a7db4ccffdcf5e5c - - 0e90c611f4e7445d84b784b9c7736680 0e90c611f4e7445d84b784b9c7736680] 10.0.0.85 "GET /allocation_candidates?limit=1000&resources=DISK_GB%3A1%2CMEMORY_MB%3A512%2CVCPU%3A1&root_required=%21COMPUTE_STATUS_DISABLED" status: 200 len: 2784 microversion: 1.36 [pid: 7|app: 0|req: 349/695] 10.0.0.85 () {34 vars in 1010 bytes} [Tue Sep 22 03:21:16 2026] GET /allocation_candidates?limit=1000&resources=DISK_GB%3A1%2CMEMORY_MB%3A512%2CVCPU%3A1&root_required=%21COMPUTE_STATUS_DISABLED => generated 2784 bytes in 59 msecs (HTTP/1.1 200) 8 headers in 297 bytes (1 switches on core 0)
2026-09-22 03:21:16.542 8 INFO placement.requestlog [req-d2f7c94a-9666-45cb-a1ef-d4394c5615ab req-890cca5e-6cf7-4247-bb5e-a2e8d44473cd 3c173f08ac7f4a23b415d3e7f391027c f7b78d56957445f4a7db4ccffdcf5e5c - - 0e90c611f4e7445d84b784b9c7736680 0e90c611f4e7445d84b784b9c7736680] 10.0.0.85 "GET /allocations/37f0a15e-7089-4ec4-b969-9cbed71d0766" status: 200 len: 19 microversion: 1.28 [pid: 8|app: 0|req: 347/696] 10.0.0.85 () {34 vars in 859 bytes} [Tue Sep 22 03:21:16 2026] GET /allocations/37f0a15e-7089-4ec4-b969-9cbed71d0766 => generated 19 bytes in 18 msecs (HTTP/1.1 200) 8 headers in 295 bytes (1 switches on core 0)
2026-09-22 03:21:16.670 7 INFO placement.requestlog [req-d2f7c94a-9666-45cb-a1ef-d4394c5615ab req-a77fc4a1-122d-41d8-9a4d-c4c8b97a33ca 3c173f08ac7f4a23b415d3e7f391027c f7b78d56957445f4a7db4ccffdcf5e5c - - 0e90c611f4e7445d84b784b9c7736680 0e90c611f4e7445d84b784b9c7736680] 10.0.0.85 "PUT /allocations/37f0a15e-7089-4ec4-b969-9cbed71d0766" status: 204 len: 0 microversion: 1.36 [pid: 7|app: 0|req: 350/697] 10.0.0.85 () {38 vars in 912 bytes} [Tue Sep 22 03:21:16 2026] PUT /allocations/37f0a15e-7089-4ec4-b969-9cbed71d0766 => generated 0 bytes in 111 msecs (HTTP/1.1 204) 5 headers in 199 bytes (1 switches on core 0)
2026-09-22 03:21:16.974 8 INFO placement.requestlog [req-d2f7c94a-9666-45cb-a1ef-d4394c5615ab req-be7f1d49-ebba-4e93-8d9f-e7d96aa148b3 3c173f08ac7f4a23b415d3e7f391027c f7b78d56957445f4a7db4ccffdcf5e5c - - 0e90c611f4e7445d84b784b9c7736680 0e90c611f4e7445d84b784b9c7736680] 162.253.55.159 "GET /allocations/37f0a15e-7089-4ec4-b969-9cbed71d0766" status: 200 len: 257 microversion: 1.28 [pid: 8|app: 0|req: 348/698] 162.253.55.159 () {34 vars in 862 bytes} [Tue Sep 22 03:21:16 2026] GET /allocations/37f0a15e-7089-4ec4-b969-9cbed71d0766 => generated 257 bytes in 21 msecs (HTTP/1.1 200) 8 headers in 296 bytes (1 switches on core 0)
2026-09-22 03:21:17.095 7 INFO placement.requestlog [req-d2f7c94a-9666-45cb-a1ef-d4394c5615ab req-4ffed165-bf27-4526-ae54-95fdd7d9bcbf 3c173f08ac7f4a23b415d3e7f391027c f7b78d56957445f4a7db4ccffdcf5e5c - - 0e90c611f4e7445d84b784b9c7736680 0e90c611f4e7445d84b784b9c7736680] 162.253.55.159 "GET /resource_providers/f04872aa-f199-4c67-9fcb-ca11082ea4fa/allocations" status: 200 len: 352 microversion: 1.0 [pid: 7|app: 0|req: 351/699] 162.253.55.159 () {32 vars in 856 bytes} [Tue Sep 22 03:21:17 2026] GET /resource_providers/f04872aa-f199-4c67-9fcb-ca11082ea4fa/allocations => generated 352 bytes in 16 msecs (HTTP/1.1 200) 6 headers in 224 bytes (1 switches on core 0)
2026-09-22 03:21:17.116 8 INFO placement.requestlog [req-d2f7c94a-9666-45cb-a1ef-d4394c5615ab req-018ae18e-0db0-4799-89fd-a28ea1cdeff8 3c173f08ac7f4a23b415d3e7f391027c f7b78d56957445f4a7db4ccffdcf5e5c - - 0e90c611f4e7445d84b784b9c7736680 0e90c611f4e7445d84b784b9c7736680] 162.253.55.159 "GET /allocations/37f0a15e-7089-4ec4-b969-9cbed71d0766" status: 200 len: 257 microversion: 1.28 [pid: 8|app: 0|req: 349/700] 162.253.55.159 () {34 vars in 862 bytes} [Tue Sep 22 03:21:17 2026] GET /allocations/37f0a15e-7089-4ec4-b969-9cbed71d0766 => generated 257 bytes in 13 msecs (HTTP/1.1 200) 8 headers in 296 bytes (1 switches on core 0)
2026-09-22 03:21:17.137 7 INFO placement.requestlog [req-d2f7c94a-9666-45cb-a1ef-d4394c5615ab req-3725b0a8-f6bb-4aca-b282-62aa4ca29ff6 3c173f08ac7f4a23b415d3e7f391027c f7b78d56957445f4a7db4ccffdcf5e5c - - 0e90c611f4e7445d84b784b9c7736680 0e90c611f4e7445d84b784b9c7736680] 162.253.55.159 "GET /allocations/3b0136e5-49ee-44ea-801c-4edffccbbbd3" status: 200 len: 257 microversion: 1.28 [pid: 7|app: 0|req: 352/701] 162.253.55.159 () {34 vars in 862 bytes} [Tue Sep 22 03:21:17 2026] GET /allocations/3b0136e5-49ee-44ea-801c-4edffccbbbd3 => generated 257 bytes in 13 msecs (HTTP/1.1 200) 8 headers in 296 bytes (1 switches on core 0)
2026-09-22 03:21:17.166 8 INFO placement.requestlog [req-d2f7c94a-9666-45cb-a1ef-d4394c5615ab req-e7f05eab-94b8-43c6-b86f-1261e4a08cb6 3c173f08ac7f4a23b415d3e7f391027c f7b78d56957445f4a7db4ccffdcf5e5c - - 0e90c611f4e7445d84b784b9c7736680 0e90c611f4e7445d84b784b9c7736680] 162.253.55.159 "GET /allocations/076882f2-3d52-486b-b2dd-b05a5747eae2" status: 200 len: 257 microversion: 1.28 [pid: 8|app: 0|req: 350/702] 162.253.55.159 () {34 vars in 862 bytes} [Tue Sep 22 03:21:17 2026] GET /allocations/076882f2-3d52-486b-b2dd-b05a5747eae2 => generated 257 bytes in 20 msecs (HTTP/1.1 200) 8 headers in 296 bytes (1 switches on core 0)
2026-09-22 03:21:17.895 8 INFO placement.requestlog [None req-95454ba3-0fdb-400a-8abb-b2e366ad182b 613947b542634954b57f0d6d998807f6 f7b78d56957445f4a7db4ccffdcf5e5c - - 0e90c611f4e7445d84b784b9c7736680 0e90c611f4e7445d84b784b9c7736680] 10.0.0.209 "GET /resource_providers/9da6dd5c-1a0c-460f-8f42-7beb9d0f893c/aggregates" status: 404 len: 235 microversion: 1.1 [pid: 8|app: 0|req: 351/703] 10.0.0.209 () {32 vars in 815 bytes} [Tue Sep 22 03:21:17 2026] GET /resource_providers/9da6dd5c-1a0c-460f-8f42-7beb9d0f893c/aggregates => generated 235 bytes in 37 msecs (HTTP/1.1 404) 5 headers in 202 bytes (1 switches on core 0)
2026-09-22 03:21:17.898 7 INFO placement.requestlog [None req-669e40b1-97f6-45d3-a37d-4fff7eed4b3b 613947b542634954b57f0d6d998807f6 f7b78d56957445f4a7db4ccffdcf5e5c - - 0e90c611f4e7445d84b784b9c7736680 0e90c611f4e7445d84b784b9c7736680] 10.0.0.209 "GET /resource_providers/9da6dd5c-1a0c-460f-8f42-7beb9d0f893c/aggregates" status: 404 len: 235 microversion: 1.1 [pid: 7|app: 0|req: 353/704] 10.0.0.209 () {32 vars in 815 bytes} [Tue Sep 22 03:21:17 2026] GET /resource_providers/9da6dd5c-1a0c-460f-8f42-7beb9d0f893c/aggregates => generated 235 bytes in 108 msecs (HTTP/1.1 404) 5 headers in 202 bytes (1 switches on core 0)
2026-09-22 03:21:17.926 8 INFO placement.requestlog [None req-fa2e2760-0210-43fe-9bab-b4360e90d073 613947b542634954b57f0d6d998807f6 f7b78d56957445f4a7db4ccffdcf5e5c - - 0e90c611f4e7445d84b784b9c7736680 0e90c611f4e7445d84b784b9c7736680] 10.0.0.209 "DELETE /resource_providers/9da6dd5c-1a0c-460f-8f42-7beb9d0f893c" status: 404 len: 246 microversion: 1.1 [pid: 8|app: 0|req: 352/705] 10.0.0.209 () {34 vars in 815 bytes} [Tue Sep 22 03:21:17 2026] DELETE /resource_providers/9da6dd5c-1a0c-460f-8f42-7beb9d0f893c => generated 246 bytes in 18 msecs (HTTP/1.1 404) 6 headers in 231 bytes (1 switches on core 0)
2026-09-22 03:21:17.929 7 INFO placement.requestlog [None req-c49c5515-dfc7-4eba-b67a-533a5560e02c 613947b542634954b57f0d6d998807f6 f7b78d56957445f4a7db4ccffdcf5e5c - - 0e90c611f4e7445d84b784b9c7736680 0e90c611f4e7445d84b784b9c7736680] 10.0.0.209 "DELETE /resource_providers/9da6dd5c-1a0c-460f-8f42-7beb9d0f893c" status: 404 len: 246 microversion: 1.1 [pid: 7|app: 0|req: 354/706] 10.0.0.209 () {34 vars in 815 bytes} [Tue Sep 22 03:21:17 2026] DELETE /resource_providers/9da6dd5c-1a0c-460f-8f42-7beb9d0f893c => generated 246 bytes in 12 msecs (HTTP/1.1 404) 6 headers in 231 bytes (1 switches on core 0)
2026-09-22 03:21:18.874 8 INFO placement.requestlog [None req-74f4a8d2-0dd4-41f6-b529-dc3b59ed9f61 613947b542634954b57f0d6d998807f6 f7b78d56957445f4a7db4ccffdcf5e5c - - 0e90c611f4e7445d84b784b9c7736680 0e90c611f4e7445d84b784b9c7736680] 10.0.0.209 "GET /resource_providers/510b720b-bba3-4057-9b3c-dadfb6759ed0/aggregates" status: 404 len: 235 microversion: 1.1 [pid: 8|app: 0|req: 353/707] 10.0.0.209 () {32 vars in 815 bytes} [Tue Sep 22 03:21:18 2026] GET /resource_providers/510b720b-bba3-4057-9b3c-dadfb6759ed0/aggregates => generated 235 bytes in 262 msecs (HTTP/1.1 404) 5 headers in 202 bytes (1 switches on core 0)
2026-09-22 03:21:18.887 7 INFO placement.requestlog [None req-585ac28e-7844-4a3f-8e34-d8bb7c9affca 613947b542634954b57f0d6d998807f6 f7b78d56957445f4a7db4ccffdcf5e5c - - 0e90c611f4e7445d84b784b9c7736680 0e90c611f4e7445d84b784b9c7736680] 10.0.0.209 "GET /resource_providers/510b720b-bba3-4057-9b3c-dadfb6759ed0/aggregates" status: 404 len: 235 microversion: 1.1 [pid: 7|app: 0|req: 355/708] 10.0.0.209 () {32 vars in 815 bytes} [Tue Sep 22 03:21:18 2026] GET /resource_providers/510b720b-bba3-4057-9b3c-dadfb6759ed0/aggregates => generated 235 bytes in 227 msecs (HTTP/1.1 404) 5 headers in 202 bytes (1 switches on core 0)
2026-09-22 03:21:18.896 8 INFO placement.requestlog [None req-76df4a92-bb81-49c9-8baa-0cd97acd5c2b 613947b542634954b57f0d6d998807f6 f7b78d56957445f4a7db4ccffdcf5e5c - - 0e90c611f4e7445d84b784b9c7736680 0e90c611f4e7445d84b784b9c7736680] 10.0.0.209 "DELETE /resource_providers/510b720b-bba3-4057-9b3c-dadfb6759ed0" status: 404 len: 246 microversion: 1.1 [pid: 8|app: 0|req: 354/709] 10.0.0.209 () {34 vars in 815 bytes} [Tue Sep 22 03:21:18 2026] DELETE /resource_providers/510b720b-bba3-4057-9b3c-dadfb6759ed0 => generated 246 bytes in 11 msecs (HTTP/1.1 404) 6 headers in 231 bytes (1 switches on core 0)
2026-09-22 03:21:18.910 7 INFO placement.requestlog [None req-f68f9cba-46ea-4103-a64e-c4fb1cbcd8e5 613947b542634954b57f0d6d998807f6 f7b78d56957445f4a7db4ccffdcf5e5c - - 0e90c611f4e7445d84b784b9c7736680 0e90c611f4e7445d84b784b9c7736680] 10.0.0.209 "DELETE /resource_providers/510b720b-bba3-4057-9b3c-dadfb6759ed0" status: 404 len: 246 microversion: 1.1 [pid: 7|app: 0|req: 356/710] 10.0.0.209 () {34 vars in 815 bytes} [Tue Sep 22 03:21:18 2026] DELETE /resource_providers/510b720b-bba3-4057-9b3c-dadfb6759ed0 => generated 246 bytes in 12 msecs (HTTP/1.1 404) 6 headers in 231 bytes (1 switches on core 0)
2026-09-22 03:21:25.525 8 INFO placement.requestlog [None req-6a2131a4-26d4-4c6f-a35f-ce264636231b - - - - - -] 10.0.0.6 "GET /" status: 200 len: 136 microversion: 1.0
2026-09-22 03:21:25.526 7 INFO placement.requestlog [None req-d472e0f8-290f-41aa-b8c4-6f472cf41a34 - - - - - -] 10.0.0.6 "GET /" status: 200 len: 136 microversion: 1.0
2026-09-22 03:21:30.686 8 INFO placement.requestlog [None req-074de298-711e-40b4-8cde-a6ce8a4b5f1b 613947b542634954b57f0d6d998807f6 f7b78d56957445f4a7db4ccffdcf5e5c - - 0e90c611f4e7445d84b784b9c7736680 0e90c611f4e7445d84b784b9c7736680] 10.0.0.209 "GET /resource_providers/306d9abb-c7f7-4edd-a33d-ad60313bb0df/aggregates" status: 404 len: 235 microversion: 1.1 [pid: 8|app: 0|req: 356/713] 10.0.0.209 () {32 vars in 815 bytes} [Tue Sep 22 03:21:30 2026] GET /resource_providers/306d9abb-c7f7-4edd-a33d-ad60313bb0df/aggregates => generated 235 bytes in 24 msecs (HTTP/1.1 404) 5 headers in 202 bytes (1 switches on core 0)
2026-09-22 03:21:30.689 7 INFO placement.requestlog [None req-b9b3e50a-47fb-4cec-aa85-278dc62f16c0 613947b542634954b57f0d6d998807f6 f7b78d56957445f4a7db4ccffdcf5e5c - - 0e90c611f4e7445d84b784b9c7736680 0e90c611f4e7445d84b784b9c7736680] 10.0.0.209 "GET /resource_providers/306d9abb-c7f7-4edd-a33d-ad60313bb0df/aggregates" status: 404 len: 235 microversion: 1.1 [pid: 7|app: 0|req: 358/714] 10.0.0.209 () {32 vars in 815 bytes} [Tue Sep 22 03:21:30 2026] GET /resource_providers/306d9abb-c7f7-4edd-a33d-ad60313bb0df/aggregates => generated 235 bytes in 20 msecs (HTTP/1.1 404) 5 headers in 202 bytes (1 switches on core 0)
2026-09-22 03:21:30.728 7 INFO placement.requestlog [None req-4d1f7316-bcec-4718-a701-5e8f71dc3fa4 613947b542634954b57f0d6d998807f6 f7b78d56957445f4a7db4ccffdcf5e5c - - 0e90c611f4e7445d84b784b9c7736680 0e90c611f4e7445d84b784b9c7736680] 10.0.0.209 "DELETE /resource_providers/306d9abb-c7f7-4edd-a33d-ad60313bb0df" status: 404 len: 246 microversion: 1.1 [pid: 7|app: 0|req: 359/715] 10.0.0.209 () {34 vars in 815 bytes} [Tue Sep 22 03:21:30 2026] DELETE /resource_providers/306d9abb-c7f7-4edd-a33d-ad60313bb0df => generated 246 bytes in 14 msecs (HTTP/1.1 404) 6 headers in 231 bytes (1 switches on core 0)
2026-09-22 03:21:30.729 8 INFO placement.requestlog [None req-117bc39c-a6a2-4453-9ca7-a48f581e2532 613947b542634954b57f0d6d998807f6 f7b78d56957445f4a7db4ccffdcf5e5c - - 0e90c611f4e7445d84b784b9c7736680 0e90c611f4e7445d84b784b9c7736680] 10.0.0.209 "DELETE /resource_providers/306d9abb-c7f7-4edd-a33d-ad60313bb0df" status: 404 len: 246 microversion: 1.1 [pid: 8|app: 0|req: 357/716] 10.0.0.209 () {34 vars in 815 bytes} [Tue Sep 22 03:21:30 2026] DELETE /resource_providers/306d9abb-c7f7-4edd-a33d-ad60313bb0df => generated 246 bytes in 20 msecs (HTTP/1.1 404) 6 headers in 231 bytes (1 switches on core 0)
2026-09-22 03:21:32.373 7 INFO placement.requestlog [req-4ff1411e-8c74-412b-91fe-92b5fb4efd74 req-659b0f8e-953e-46e8-a74d-d3e163ab04ea 3c173f08ac7f4a23b415d3e7f391027c f7b78d56957445f4a7db4ccffdcf5e5c - - 0e90c611f4e7445d84b784b9c7736680 0e90c611f4e7445d84b784b9c7736680] 162.253.55.159 "GET /resource_providers/f04872aa-f199-4c67-9fcb-ca11082ea4fa/allocations" status: 200 len: 352 microversion: 1.0 [pid: 7|app: 0|req: 360/717] 162.253.55.159 () {32 vars in 856 bytes} [Tue Sep 22 03:21:32 2026] GET /resource_providers/f04872aa-f199-4c67-9fcb-ca11082ea4fa/allocations => generated 352 bytes in 32 msecs (HTTP/1.1 200) 6 headers in 224 bytes (1 switches on core 0)
2026-09-22 03:21:32.403 8 INFO placement.requestlog [req-4ff1411e-8c74-412b-91fe-92b5fb4efd74 req-ca83226c-8d58-4f31-b97c-9ecd3877b182 3c173f08ac7f4a23b415d3e7f391027c f7b78d56957445f4a7db4ccffdcf5e5c - - 0e90c611f4e7445d84b784b9c7736680 0e90c611f4e7445d84b784b9c7736680] 162.253.55.159 "GET /allocations/37f0a15e-7089-4ec4-b969-9cbed71d0766" status: 200 len: 257 microversion: 1.28 [pid: 8|app: 0|req: 358/718] 162.253.55.159 () {34 vars in 862 bytes} [Tue Sep 22 03:21:32 2026] GET /allocations/37f0a15e-7089-4ec4-b969-9cbed71d0766 => generated 257 bytes in 25 msecs (HTTP/1.1 200) 8 headers in 296 bytes (1 switches on core 0)
2026-09-22 03:21:32.430 7 INFO placement.requestlog [req-4ff1411e-8c74-412b-91fe-92b5fb4efd74 req-d10fc87f-9a39-4a08-a8f0-85cda22a7b8b 3c173f08ac7f4a23b415d3e7f391027c f7b78d56957445f4a7db4ccffdcf5e5c - - 0e90c611f4e7445d84b784b9c7736680 0e90c611f4e7445d84b784b9c7736680] 162.253.55.159 "GET /allocations/3b0136e5-49ee-44ea-801c-4edffccbbbd3" status: 200 len: 257 microversion: 1.28 [pid: 7|app: 0|req: 361/719] 162.253.55.159 () {34 vars in 862 bytes} [Tue Sep 22 03:21:32 2026] GET /allocations/3b0136e5-49ee-44ea-801c-4edffccbbbd3 => generated 257 bytes in 21 msecs (HTTP/1.1 200) 8 headers in 296 bytes (1 switches on core 0)
2026-09-22 03:21:32.466 8 INFO placement.requestlog [req-4ff1411e-8c74-412b-91fe-92b5fb4efd74 req-adc0e26a-6ffa-4bf0-a360-66d672382d86 3c173f08ac7f4a23b415d3e7f391027c f7b78d56957445f4a7db4ccffdcf5e5c - - 0e90c611f4e7445d84b784b9c7736680 0e90c611f4e7445d84b784b9c7736680] 162.253.55.159 "GET /allocations/076882f2-3d52-486b-b2dd-b05a5747eae2" status: 200 len: 257 microversion: 1.28 [pid: 8|app: 0|req: 359/720] 162.253.55.159 () {34 vars in 862 bytes} [Tue Sep 22 03:21:32 2026] GET /allocations/076882f2-3d52-486b-b2dd-b05a5747eae2 => generated 257 bytes in 30 msecs (HTTP/1.1 200) 8 headers in 296 bytes (1 switches on core 0)
2026-09-22 03:21:32.582 7 INFO placement.requestlog [req-4ff1411e-8c74-412b-91fe-92b5fb4efd74 req-864958cb-8637-478e-9bbd-8ec7078f7b65 3c173f08ac7f4a23b415d3e7f391027c f7b78d56957445f4a7db4ccffdcf5e5c - - 0e90c611f4e7445d84b784b9c7736680 0e90c611f4e7445d84b784b9c7736680] 162.253.55.159 "DELETE /allocations/37f0a15e-7089-4ec4-b969-9cbed71d0766" status: 204 len: 0 microversion: 1.0 [pid: 7|app: 0|req: 362/721] 162.253.55.159 () {34 vars in 840 bytes} [Tue Sep 22 03:21:32 2026] DELETE /allocations/37f0a15e-7089-4ec4-b969-9cbed71d0766 => generated 0 bytes in 39 msecs (HTTP/1.1 204) 5 headers in 198 bytes (1 switches on core 0)
2026-09-22 03:21:32.755 8 INFO placement.requestlog [None req-a2a25171-bcba-44ec-a693-82b1e29a4a05 613947b542634954b57f0d6d998807f6 f7b78d56957445f4a7db4ccffdcf5e5c - - 0e90c611f4e7445d84b784b9c7736680 0e90c611f4e7445d84b784b9c7736680] 10.0.0.209 "GET /resource_providers/ced75fa2-2b4c-473c-8519-2ab039c373ca/aggregates" status: 404 len: 235 microversion: 1.1 [pid: 8|app: 0|req: 360/722] 10.0.0.209 () {32 vars in 815 bytes} [Tue Sep 22 03:21:32 2026] GET /resource_providers/ced75fa2-2b4c-473c-8519-2ab039c373ca/aggregates => generated 235 bytes in 11 msecs (HTTP/1.1 404) 5 headers in 202 bytes (1 switches on core 0)
