2026-07-15 06:09:58.044 7 INFO neutron_taas.services.taas.tap_mirror_plugin [None req-fae62fbb-a4a4-4ce1-be44-deda7fc16b7f 51fb322a73e34cc2b73fd063f22db211 d55842b175ee497eb1222b5712be3f87 - - default default] Tap Mirror: Handle Delete Port: c210ef8e-3d4e-43ad-9aeb-43424dde6800 [pid: 8|app: 0|req: 827/1647] 10.0.0.104 () {32 vars in 739 bytes} [Wed Jul 15 06:09:57 2026] DELETE /v2.0/security-groups/0fdd74e2-b485-4513-89b8-0c33140cce9f => generated 0 bytes in 228 msecs (HTTP/1.1 204) 2 headers in 112 bytes (1 switches on core 0) [pid: 7|app: 0|req: 821/1648] 10.0.0.104 () {32 vars in 731 bytes} [Wed Jul 15 06:09:57 2026] DELETE /v2.0/floatingips/199e93b2-7b79-413c-a507-35cae69a202a => generated 0 bytes in 327 msecs (HTTP/1.1 204) 2 headers in 112 bytes (1 switches on core 0) [pid: 8|app: 0|req: 828/1649] 10.0.0.104 () {32 vars in 773 bytes} [Wed Jul 15 06:09:58 2026] GET /v2.0/security-groups?tenant_id=c903fb314218420daa48aefa39db7052&name=default => generated 2925 bytes in 236 msecs (HTTP/1.1 200) 4 headers in 158 bytes (1 switches on core 0)
2026-07-15 06:09:58.501 7 INFO neutron_taas.services.taas.taas_plugin [None req-6ffe0996-817b-4d22-9198-3aca644f40cc bec178ce6b094f0099a65394dffb2e5c 8cfd61b7ea9a41b782ccdaae49f46fc0 - - default default] TaaS: Handle Delete Port: e213f245-dac3-4d26-9cf9-0631177044fc
2026-07-15 06:09:58.504 7 INFO neutron_taas.services.taas.tap_mirror_plugin [None req-6ffe0996-817b-4d22-9198-3aca644f40cc bec178ce6b094f0099a65394dffb2e5c 8cfd61b7ea9a41b782ccdaae49f46fc0 - - default default] Tap Mirror: Handle Delete Port: e213f245-dac3-4d26-9cf9-0631177044fc [pid: 8|app: 0|req: 829/1650] 10.0.0.104 () {32 vars in 739 bytes} [Wed Jul 15 06:09:58 2026] DELETE /v2.0/security-groups/0f37a825-52ae-417c-a7de-49cabebcf05c => generated 0 bytes in 260 msecs (HTTP/1.1 204) 2 headers in 112 bytes (1 switches on core 0)
2026-07-15 06:09:58.867 7 INFO neutron.services.segments.plugin [-] Segment 5c785a47-fb56-451f-8195-d121a0e2b544 resource provider aggregate not found
2026-07-15 06:09:58.885 7 INFO neutron.services.segments.plugin [-] Client error retrieving segment 5c785a47-fb56-451f-8195-d121a0e2b544 resource provider; error: Placement Client Error (4xx): {"errors": [{"status": 404, "title": "Not Found", "detail": "The resource could not be found.\n\n No resource provider with uuid 5c785a47-fb56-451f-8195-d121a0e2b544 found for delete ", "request_id": "req-701ee9ef-75f8-4ecc-a9a4-a714fc1d1334"}]}
2026-07-15 06:09:58.895 7 INFO neutron.services.segments.plugin [-] Segment 5c785a47-fb56-451f-8195-d121a0e2b544 resource provider aggregate not found
2026-07-15 06:09:58.916 7 INFO neutron.services.segments.plugin [-] Client error retrieving segment 5c785a47-fb56-451f-8195-d121a0e2b544 resource provider; error: Placement Client Error (4xx): {"errors": [{"status": 404, "title": "Not Found", "detail": "The resource could not be found.\n\n No resource provider with uuid 5c785a47-fb56-451f-8195-d121a0e2b544 found for delete ", "request_id": "req-dd9f2b43-4cfa-4656-8572-d3b0ac72e327"}]} [pid: 7|app: 0|req: 822/1651] 10.0.0.104 () {34 vars in 788 bytes} [Wed Jul 15 06:09:58 2026] PUT /v2.0/routers/8dd24805-e9e8-4106-8529-a9683c3e23d0/remove_router_interface => generated 309 bytes in 874 msecs (HTTP/1.1 200) 4 headers in 157 bytes (1 switches on core 0)
2026-07-15 06:09:59.402 8 INFO neutron_taas.services.taas.taas_plugin [None req-e2017713-1245-472e-ae2f-8c398bcf621f bec178ce6b094f0099a65394dffb2e5c 8cfd61b7ea9a41b782ccdaae49f46fc0 - - default default] TaaS: Handle Delete Port: f06512e3-9523-495a-8cce-e4d77ce9bad5
2026-07-15 06:09:59.405 8 INFO neutron_taas.services.taas.tap_mirror_plugin [None req-e2017713-1245-472e-ae2f-8c398bcf621f bec178ce6b094f0099a65394dffb2e5c 8cfd61b7ea9a41b782ccdaae49f46fc0 - - default default] Tap Mirror: Handle Delete Port: f06512e3-9523-495a-8cce-e4d77ce9bad5 [pid: 8|app: 0|req: 830/1652] 10.0.0.104 () {32 vars in 723 bytes} [Wed Jul 15 06:09:59 2026] DELETE /v2.0/routers/8dd24805-e9e8-4106-8529-a9683c3e23d0 => generated 0 bytes in 622 msecs (HTTP/1.1 204) 2 headers in 112 bytes (1 switches on core 0) /var/lib/openstack/lib/python3.12/site-packages/pycadf/identifier.py:70: UserWarning: Invalid uuid: neutron. To ensure interoperability, identifiers should be a valid uuid. warnings.warn(('Invalid uuid: %s. To ensure interoperability, ' [pid: 8|app: 0|req: 831/1653] 10.0.0.104 () {32 vars in 622 bytes} [Wed Jul 15 06:09:59 2026] GET / => generated 151 bytes in 3 msecs (HTTP/1.1 200) 3 headers in 91 bytes (1 switches on core 0) [pid: 7|app: 0|req: 823/1654] 10.0.0.104 () {32 vars in 723 bytes} [Wed Jul 15 06:09:59 2026] DELETE /v2.0/subnets/dd610d79-45d0-46cc-833b-00ceb3bb7f70 => generated 0 bytes in 174 msecs (HTTP/1.1 204) 3 headers in 131 bytes (1 switches on core 0)
2026-07-15 06:10:00.051 7 INFO neutron_taas.services.taas.taas_plugin [None req-cb39f39f-9260-4866-96f0-3a42d526bf4d bec178ce6b094f0099a65394dffb2e5c 8cfd61b7ea9a41b782ccdaae49f46fc0 - - default default] TaaS: Handle Delete Port: c8f679e1-2e9c-47c2-b449-c3649a45bc13
2026-07-15 06:10:00.054 7 INFO neutron_taas.services.taas.tap_mirror_plugin [None req-cb39f39f-9260-4866-96f0-3a42d526bf4d bec178ce6b094f0099a65394dffb2e5c 8cfd61b7ea9a41b782ccdaae49f46fc0 - - default default] Tap Mirror: Handle Delete Port: c8f679e1-2e9c-47c2-b449-c3649a45bc13 [pid: 8|app: 0|req: 832/1655] 10.0.0.104 () {32 vars in 632 bytes} [Wed Jul 15 06:09:59 2026] GET /v2.0/ => generated 632 bytes in 233 msecs (HTTP/1.1 200) 4 headers in 157 bytes (1 switches on core 0) [pid: 7|app: 0|req: 824/1656] 10.0.0.104 () {32 vars in 725 bytes} [Wed Jul 15 06:09:59 2026] DELETE /v2.0/networks/8d3b2fc3-b847-41cd-94d3-d4a900c4c840 => generated 0 bytes in 386 msecs (HTTP/1.1 204) 3 headers in 131 bytes (1 switches on core 0) [pid: 8|app: 0|req: 833/1657] 10.0.0.165 () {30 vars in 649 bytes} [Wed Jul 15 06:10:00 2026] GET /v2.0/extensions => generated 20118 bytes in 209 msecs (HTTP/1.1 200) 4 headers in 159 bytes (1 switches on core 0) [pid: 8|app: 0|req: 834/1658] 10.0.0.104 () {32 vars in 773 bytes} [Wed Jul 15 06:10:00 2026] GET /v2.0/security-groups?tenant_id=d55842b175ee497eb1222b5712be3f87&name=default => generated 2925 bytes in 39 msecs (HTTP/1.1 200) 4 headers in 158 bytes (1 switches on core 0) [pid: 7|app: 0|req: 825/1659] 10.0.0.165 () {30 vars in 723 bytes} [Wed Jul 15 06:10:00 2026] GET /v2.0/quotas/ef0abd5232694fa09665ba4268f413f5/details => generated 847 bytes in 123 msecs (HTTP/1.1 200) 4 headers in 157 bytes (1 switches on core 0) [pid: 8|app: 0|req: 835/1660] 10.0.0.104 () {32 vars in 739 bytes} [Wed Jul 15 06:10:00 2026] DELETE /v2.0/security-groups/b168f1a6-1e95-4688-a5ed-586b0cb79bd8 => generated 0 bytes in 245 msecs (HTTP/1.1 204) 2 headers in 112 bytes (1 switches on core 0)
2026-07-15 06:10:00.881 7 INFO neutron.db.ovn_revision_numbers_db [None req-3ff117da-347d-460d-8319-9b7c4ebab221 bec178ce6b094f0099a65394dffb2e5c 8cfd61b7ea9a41b782ccdaae49f46fc0 - - default default] Successfully bumped revision number for resource ce451f21-d7df-4671-a913-24422f9fca79 (type: security_groups) to 1
2026-07-15 06:10:00.908 7 INFO neutron.db.ovn_revision_numbers_db [None req-3ff117da-347d-460d-8319-9b7c4ebab221 bec178ce6b094f0099a65394dffb2e5c 8cfd61b7ea9a41b782ccdaae49f46fc0 - - default default] Successfully bumped revision number for resource 22e7a829-34be-41c2-9ae1-53ef9bfb2c13 (type: security_group_rules) to 0
2026-07-15 06:10:00.926 7 INFO neutron.services.segments.plugin [-] Segment 50aa0bee-abf3-472b-8f9c-13b5a23d18d2 resource provider aggregate not found
2026-07-15 06:10:00.947 7 INFO neutron.services.segments.plugin [-] Segment 50aa0bee-abf3-472b-8f9c-13b5a23d18d2 resource provider aggregate not found
2026-07-15 06:10:00.951 7 INFO neutron.services.segments.plugin [-] Client error retrieving segment 50aa0bee-abf3-472b-8f9c-13b5a23d18d2 resource provider; error: Placement Client Error (4xx): {"errors": [{"status": 404, "title": "Not Found", "detail": "The resource could not be found.\n\n No resource provider with uuid 50aa0bee-abf3-472b-8f9c-13b5a23d18d2 found for delete ", "request_id": "req-8d9ddacb-b5c1-4faf-95a5-a9034755ec3f"}]}
2026-07-15 06:10:00.954 7 INFO neutron.db.ovn_revision_numbers_db [None req-3ff117da-347d-460d-8319-9b7c4ebab221 bec178ce6b094f0099a65394dffb2e5c 8cfd61b7ea9a41b782ccdaae49f46fc0 - - default default] Successfully bumped revision number for resource 6e9d3fc2-c1b2-4678-bcdd-135334431c9a (type: security_group_rules) to 0
2026-07-15 06:10:00.964 7 INFO neutron.services.segments.plugin [-] Client error retrieving segment 50aa0bee-abf3-472b-8f9c-13b5a23d18d2 resource provider; error: Placement Client Error (4xx): {"errors": [{"status": 404, "title": "Not Found", "detail": "The resource could not be found.\n\n No resource provider with uuid 50aa0bee-abf3-472b-8f9c-13b5a23d18d2 found for delete ", "request_id": "req-3f9dbc8b-288b-4e65-8fd8-7bbe0daa7aa8"}]}
2026-07-15 06:10:00.968 7 INFO neutron.db.ovn_revision_numbers_db [None req-3ff117da-347d-460d-8319-9b7c4ebab221 bec178ce6b094f0099a65394dffb2e5c 8cfd61b7ea9a41b782ccdaae49f46fc0 - - default default] Successfully bumped revision number for resource 94b884f4-2592-4b8e-bced-397097945fdc (type: security_group_rules) to 0
2026-07-15 06:10:00.980 7 INFO neutron.db.ovn_revision_numbers_db [None req-3ff117da-347d-460d-8319-9b7c4ebab221 bec178ce6b094f0099a65394dffb2e5c 8cfd61b7ea9a41b782ccdaae49f46fc0 - - default default] Successfully bumped revision number for resource 9b110810-d3a4-4048-807e-ee9da997da6a (type: security_group_rules) to 0 [pid: 7|app: 0|req: 826/1661] 10.0.0.104 () {32 vars in 773 bytes} [Wed Jul 15 06:10:00 2026] GET /v2.0/security-groups?tenant_id=099045beab4743658f6928751f5c2c8c&name=default => generated 2925 bytes in 395 msecs (HTTP/1.1 200) 4 headers in 158 bytes (1 switches on core 0) [pid: 8|app: 0|req: 836/1662] 10.0.0.104 () {32 vars in 739 bytes} [Wed Jul 15 06:10:01 2026] DELETE /v2.0/security-groups/ce451f21-d7df-4671-a913-24422f9fca79 => generated 0 bytes in 256 msecs (HTTP/1.1 204) 2 headers in 112 bytes (1 switches on core 0)
2026-07-15 06:10:02.117 7 INFO neutron.db.ovn_revision_numbers_db [None req-279f1eba-34a2-45db-8e81-5e0080a87692 bec178ce6b094f0099a65394dffb2e5c 8cfd61b7ea9a41b782ccdaae49f46fc0 - - default default] Successfully bumped revision number for resource 1d04d736-098b-4b0b-a8dd-2234c83ffeda (type: security_groups) to 1
2026-07-15 06:10:02.133 7 INFO neutron.db.ovn_revision_numbers_db [None req-279f1eba-34a2-45db-8e81-5e0080a87692 bec178ce6b094f0099a65394dffb2e5c 8cfd61b7ea9a41b782ccdaae49f46fc0 - - default default] Successfully bumped revision number for resource 647c2929-8add-4eb7-ad7d-3802ee5f85eb (type: security_group_rules) to 0
2026-07-15 06:10:02.145 7 INFO neutron.db.ovn_revision_numbers_db [None req-279f1eba-34a2-45db-8e81-5e0080a87692 bec178ce6b094f0099a65394dffb2e5c 8cfd61b7ea9a41b782ccdaae49f46fc0 - - default default] Successfully bumped revision number for resource 866dc342-18c0-449c-8ee4-544ff7fe2683 (type: security_group_rules) to 0
2026-07-15 06:10:02.161 7 INFO neutron.db.ovn_revision_numbers_db [None req-279f1eba-34a2-45db-8e81-5e0080a87692 bec178ce6b094f0099a65394dffb2e5c 8cfd61b7ea9a41b782ccdaae49f46fc0 - - default default] Successfully bumped revision number for resource 974803b3-ab08-4a56-a55c-be4bd7a61729 (type: security_group_rules) to 0
2026-07-15 06:10:02.174 7 INFO neutron.db.ovn_revision_numbers_db [None req-279f1eba-34a2-45db-8e81-5e0080a87692 bec178ce6b094f0099a65394dffb2e5c 8cfd61b7ea9a41b782ccdaae49f46fc0 - - default default] Successfully bumped revision number for resource c6732aad-e9d0-4a22-92ad-5b1fde13effc (type: security_group_rules) to 0 [pid: 7|app: 0|req: 827/1663] 10.0.0.104 () {32 vars in 773 bytes} [Wed Jul 15 06:10:01 2026] GET /v2.0/security-groups?tenant_id=8fd6a4e2aa644135bfcbec3797fc92c8&name=default => generated 2925 bytes in 463 msecs (HTTP/1.1 200) 4 headers in 158 bytes (1 switches on core 0) [pid: 8|app: 0|req: 837/1664] 10.0.0.104 () {32 vars in 739 bytes} [Wed Jul 15 06:10:02 2026] DELETE /v2.0/security-groups/1d04d736-098b-4b0b-a8dd-2234c83ffeda => generated 0 bytes in 232 msecs (HTTP/1.1 204) 2 headers in 112 bytes (1 switches on core 0) [pid: 8|app: 0|req: 838/1665] 10.0.0.165 () {30 vars in 649 bytes} [Wed Jul 15 06:10:03 2026] GET /v2.0/extensions => generated 20118 bytes in 6 msecs (HTTP/1.1 200) 4 headers in 159 bytes (1 switches on core 0)
2026-07-15 06:10:03.135 7 INFO neutron.db.ovn_revision_numbers_db [None req-fede8d6f-c80b-4b3c-a84a-dc11a9c9c494 bec178ce6b094f0099a65394dffb2e5c 8cfd61b7ea9a41b782ccdaae49f46fc0 - - default default] Successfully bumped revision number for resource cc2c54bf-c0f4-4e7a-8097-9e2845cc8683 (type: security_groups) to 1
2026-07-15 06:10:03.147 7 INFO neutron.db.ovn_revision_numbers_db [None req-fede8d6f-c80b-4b3c-a84a-dc11a9c9c494 bec178ce6b094f0099a65394dffb2e5c 8cfd61b7ea9a41b782ccdaae49f46fc0 - - default default] Successfully bumped revision number for resource 5504bd63-8b06-49f0-8751-2e32c5bc7da0 (type: security_group_rules) to 0
2026-07-15 06:10:03.158 7 INFO neutron.db.ovn_revision_numbers_db [None req-fede8d6f-c80b-4b3c-a84a-dc11a9c9c494 bec178ce6b094f0099a65394dffb2e5c 8cfd61b7ea9a41b782ccdaae49f46fc0 - - default default] Successfully bumped revision number for resource b975905d-9abd-4c5e-8f3c-416105f92e6c (type: security_group_rules) to 0
2026-07-15 06:10:03.170 7 INFO neutron.db.ovn_revision_numbers_db [None req-fede8d6f-c80b-4b3c-a84a-dc11a9c9c494 bec178ce6b094f0099a65394dffb2e5c 8cfd61b7ea9a41b782ccdaae49f46fc0 - - default default] Successfully bumped revision number for resource cb818b49-a3fd-4d86-94f2-15207e5a75aa (type: security_group_rules) to 0
2026-07-15 06:10:03.184 7 INFO neutron.db.ovn_revision_numbers_db [None req-fede8d6f-c80b-4b3c-a84a-dc11a9c9c494 bec178ce6b094f0099a65394dffb2e5c 8cfd61b7ea9a41b782ccdaae49f46fc0 - - default default] Successfully bumped revision number for resource d7a64388-42d6-4cc8-8e54-65041ebaf93c (type: security_group_rules) to 0 [pid: 8|app: 0|req: 839/1666] 10.0.0.165 () {30 vars in 723 bytes} [Wed Jul 15 06:10:03 2026] GET /v2.0/quotas/ef0abd5232694fa09665ba4268f413f5/details => generated 847 bytes in 111 msecs (HTTP/1.1 200) 4 headers in 157 bytes (1 switches on core 0)
2026-07-15 06:10:03.254 7 INFO neutron.db.segments_db [None req-fede8d6f-c80b-4b3c-a84a-dc11a9c9c494 bec178ce6b094f0099a65394dffb2e5c 8cfd61b7ea9a41b782ccdaae49f46fc0 - - default default] Added segment d63c09e0-1317-4b33-bce3-f133c03119a1 of type geneve for network e0fee618-2e19-4b1b-9553-0606073943fd
2026-07-15 06:10:03.328 7 INFO neutron.db.ovn_revision_numbers_db [None req-fede8d6f-c80b-4b3c-a84a-dc11a9c9c494 bec178ce6b094f0099a65394dffb2e5c 8cfd61b7ea9a41b782ccdaae49f46fc0 - - default default] Successfully bumped revision number for resource e0fee618-2e19-4b1b-9553-0606073943fd (type: networks) to 1
2026-07-15 06:10:03.439 7 WARNING neutron.scheduler.dhcp_agent_scheduler [None req-fede8d6f-c80b-4b3c-a84a-dc11a9c9c494 bec178ce6b094f0099a65394dffb2e5c 8cfd61b7ea9a41b782ccdaae49f46fc0 - - default default] No more DHCP agents
2026-07-15 06:10:03.440 7 WARNING neutron.api.rpc.agentnotifiers.dhcp_rpc_agent_api [None req-fede8d6f-c80b-4b3c-a84a-dc11a9c9c494 bec178ce6b094f0099a65394dffb2e5c 8cfd61b7ea9a41b782ccdaae49f46fc0 - - default default] Unable to schedule network e0fee618-2e19-4b1b-9553-0606073943fd: no agents available; will retry on subsequent port and subnet creation events.
2026-07-15 06:10:03.482 7 INFO neutron.plugins.ml2.drivers.ovn.mech_driver.mech_driver [None req-45157e27-7e84-4492-8177-0136c1be1277 - - - - - -] OVN reports status down for port: ab2709e9-2d64-4495-9088-9fb6637f8c25
2026-07-15 06:10:03.537 7 INFO neutron.db.ovn_revision_numbers_db [None req-fede8d6f-c80b-4b3c-a84a-dc11a9c9c494 bec178ce6b094f0099a65394dffb2e5c 8cfd61b7ea9a41b782ccdaae49f46fc0 - - default default] Successfully bumped revision number for resource ab2709e9-2d64-4495-9088-9fb6637f8c25 (type: ports) to 1 [pid: 7|app: 0|req: 828/1667] 10.0.0.104 () {34 vars in 670 bytes} [Wed Jul 15 06:10:02 2026] POST /v2.0/networks => generated 748 bytes in 862 msecs (HTTP/1.1 201) 4 headers in 162 bytes (1 switches on core 0)
2026-07-15 06:10:03.740 8 WARNING neutron.scheduler.dhcp_agent_scheduler [None req-7cac2267-8e85-444f-80da-3e54df3996d0 bec178ce6b094f0099a65394dffb2e5c 8cfd61b7ea9a41b782ccdaae49f46fc0 - - default default] No more DHCP agents
2026-07-15 06:10:03.741 8 WARNING neutron.api.rpc.agentnotifiers.dhcp_rpc_agent_api [None req-7cac2267-8e85-444f-80da-3e54df3996d0 bec178ce6b094f0099a65394dffb2e5c 8cfd61b7ea9a41b782ccdaae49f46fc0 - - default default] Unable to schedule network e0fee618-2e19-4b1b-9553-0606073943fd: no agents available; will retry on subsequent port and subnet creation events.
2026-07-15 06:10:04.252 8 INFO neutron.db.ovn_revision_numbers_db [None req-351d10e0-b648-4473-883b-023449b43204 - - - - - -] Successfully bumped revision number for resource ab2709e9-2d64-4495-9088-9fb6637f8c25 (type: ports) to 2
2026-07-15 06:10:04.286 8 INFO neutron.db.ovn_revision_numbers_db [None req-351d10e0-b648-4473-883b-023449b43204 - - - - - -] Successfully bumped revision number for resource 4d5d8ae8-02f6-478e-ac21-0398551b9ef5 (type: subnets) to 0 [pid: 8|app: 0|req: 840/1668] 10.0.0.104 () {34 vars in 668 bytes} [Wed Jul 15 06:10:03 2026] POST /v2.0/subnets => generated 692 bytes in 729 msecs (HTTP/1.1 201) 4 headers in 162 bytes (1 switches on core 0)
2026-07-15 06:10:04.678 7 WARNING neutron.scheduler.dhcp_agent_scheduler [None req-1eca78a9-4061-4636-a584-3aa1c221d61e bec178ce6b094f0099a65394dffb2e5c 8cfd61b7ea9a41b782ccdaae49f46fc0 - - default default] No more DHCP agents
2026-07-15 06:10:04.679 7 WARNING neutron.api.rpc.agentnotifiers.dhcp_rpc_agent_api [None req-1eca78a9-4061-4636-a584-3aa1c221d61e bec178ce6b094f0099a65394dffb2e5c 8cfd61b7ea9a41b782ccdaae49f46fc0 - - default default] Unable to schedule network 6d82eaeb-e8a1-41b6-ae2b-2ec63120f51b: no agents available; will retry on subsequent port and subnet creation events.
2026-07-15 06:10:04.787 8 INFO neutron.plugins.ml2.drivers.ovn.mech_driver.mech_driver [None req-6c58bc68-8748-4d03-9e98-aec45bd1665e - - - - - -] OVN reports status down for port: 2570d564-21c4-46fb-b339-ce8a3510d6eb
2026-07-15 06:10:04.818 7 INFO neutron.db.ovn_revision_numbers_db [None req-1eca78a9-4061-4636-a584-3aa1c221d61e bec178ce6b094f0099a65394dffb2e5c 8cfd61b7ea9a41b782ccdaae49f46fc0 - - default default] Successfully bumped revision number for resource 2570d564-21c4-46fb-b339-ce8a3510d6eb (type: ports) to 1
2026-07-15 06:10:05.304 8 INFO neutron.db.ovn_revision_numbers_db [None req-c7e78b48-b0bc-4a19-9b4c-0b1fa15d701b bec178ce6b094f0099a65394dffb2e5c 8cfd61b7ea9a41b782ccdaae49f46fc0 - - default default] Successfully bumped revision number for resource b368e947-3e12-4e70-a255-89ac5359e512 (type: security_groups) to 1
2026-07-15 06:10:05.318 8 INFO neutron.db.ovn_revision_numbers_db [None req-c7e78b48-b0bc-4a19-9b4c-0b1fa15d701b bec178ce6b094f0099a65394dffb2e5c 8cfd61b7ea9a41b782ccdaae49f46fc0 - - default default] Successfully bumped revision number for resource 402206a1-c1be-4b01-8098-77d619e74f54 (type: security_group_rules) to 0
2026-07-15 06:10:05.330 8 INFO neutron.db.ovn_revision_numbers_db [None req-c7e78b48-b0bc-4a19-9b4c-0b1fa15d701b bec178ce6b094f0099a65394dffb2e5c 8cfd61b7ea9a41b782ccdaae49f46fc0 - - default default] Successfully bumped revision number for resource a5d78ad2-8a18-4369-80cc-afb125fcb1a3 (type: security_group_rules) to 0
2026-07-15 06:10:05.344 8 INFO neutron.db.ovn_revision_numbers_db [None req-c7e78b48-b0bc-4a19-9b4c-0b1fa15d701b bec178ce6b094f0099a65394dffb2e5c 8cfd61b7ea9a41b782ccdaae49f46fc0 - - default default] Successfully bumped revision number for resource c65eec08-b99c-465f-93ee-79b4a82050a2 (type: security_group_rules) to 0
2026-07-15 06:10:05.355 8 INFO neutron.db.ovn_revision_numbers_db [None req-c7e78b48-b0bc-4a19-9b4c-0b1fa15d701b bec178ce6b094f0099a65394dffb2e5c 8cfd61b7ea9a41b782ccdaae49f46fc0 - - default default] Successfully bumped revision number for resource e447f613-4b69-4380-a3ee-11544361c1c2 (type: security_group_rules) to 0 [pid: 8|app: 0|req: 841/1669] 10.0.0.104 () {32 vars in 773 bytes} [Wed Jul 15 06:10:05 2026] GET /v2.0/security-groups?tenant_id=e70545f8415b404185ad8471fcf9ac04&name=default => generated 2925 bytes in 373 msecs (HTTP/1.1 200) 4 headers in 158 bytes (1 switches on core 0)
2026-07-15 06:10:05.410 7 INFO neutron.plugins.ml2.drivers.ovn.mech_driver.ovsdb.commands [None req-621f7df0-a20e-4e3e-815e-257b8d241038 - - - - - -] Schedule LRP lrp-2570d564-21c4-46fb-b339-ce8a3510d6eb on gateway 222c97f3-7628-4f6a-89f2-f1baea55b19a with priority 1
2026-07-15 06:10:05.462 8 INFO neutron.plugins.ml2.drivers.ovn.mech_driver.mech_driver [None req-6c58bc68-8748-4d03-9e98-aec45bd1665e - - - - - -] OVN reports status up for port: 2570d564-21c4-46fb-b339-ce8a3510d6eb
2026-07-15 06:10:05.478 8 INFO neutron.plugins.ml2.plugin [None req-6c58bc68-8748-4d03-9e98-aec45bd1665e - - - - - -] Attempt 1 to provision port 2570d564-21c4-46fb-b339-ce8a3510d6eb
2026-07-15 06:10:05.495 7 INFO neutron.plugins.ml2.drivers.ovn.mech_driver.ovsdb.ovsdb_monitor [None req-1ad88220-7131-468c-be80-b2818cdab0ec - - - - - -] Router 32254731-4eda-49cc-beb5-d80e1ef718e2 is bound to host instance
2026-07-15 06:10:05.510 7 INFO neutron.db.ovn_revision_numbers_db [None req-1eca78a9-4061-4636-a584-3aa1c221d61e bec178ce6b094f0099a65394dffb2e5c 8cfd61b7ea9a41b782ccdaae49f46fc0 - - default default] Successfully bumped revision number for resource 2570d564-21c4-46fb-b339-ce8a3510d6eb (type: router_ports) to 1
2026-07-15 06:10:05.640 7 INFO neutron.db.ovn_revision_numbers_db [None req-1eca78a9-4061-4636-a584-3aa1c221d61e bec178ce6b094f0099a65394dffb2e5c 8cfd61b7ea9a41b782ccdaae49f46fc0 - - default default] Successfully bumped revision number for resource 32254731-4eda-49cc-beb5-d80e1ef718e2 (type: routers) to 2 [pid: 7|app: 0|req: 829/1670] 10.0.0.104 () {34 vars in 668 bytes} [Wed Jul 15 06:10:04 2026] POST /v2.0/routers => generated 970 bytes in 1376 msecs (HTTP/1.1 201) 4 headers in 162 bytes (1 switches on core 0)
2026-07-15 06:10:05.724 8 INFO neutron.db.ovn_revision_numbers_db [None req-5b05ba8e-2878-4518-94c4-a1e710ba0866 bec178ce6b094f0099a65394dffb2e5c 8cfd61b7ea9a41b782ccdaae49f46fc0 - - default default] Successfully bumped revision number for resource f32aadd2-8d75-4082-be85-2ce87acc504e (type: security_groups) to 1
2026-07-15 06:10:05.740 8 INFO neutron.db.ovn_revision_numbers_db [None req-5b05ba8e-2878-4518-94c4-a1e710ba0866 bec178ce6b094f0099a65394dffb2e5c 8cfd61b7ea9a41b782ccdaae49f46fc0 - - default default] Successfully bumped revision number for resource 2a8c1721-9750-4f30-b30b-7ae48271ed98 (type: security_group_rules) to 0
2026-07-15 06:10:05.755 8 INFO neutron.db.ovn_revision_numbers_db [None req-5b05ba8e-2878-4518-94c4-a1e710ba0866 bec178ce6b094f0099a65394dffb2e5c 8cfd61b7ea9a41b782ccdaae49f46fc0 - - default default] Successfully bumped revision number for resource 6036a8b2-e2f1-4834-a62a-e10bc1016b6e (type: security_group_rules) to 0
2026-07-15 06:10:05.764 8 INFO neutron.db.ovn_revision_numbers_db [None req-5b05ba8e-2878-4518-94c4-a1e710ba0866 bec178ce6b094f0099a65394dffb2e5c 8cfd61b7ea9a41b782ccdaae49f46fc0 - - default default] Successfully bumped revision number for resource 9f9ff5fe-ae94-490e-b945-4ebf7d9cf020 (type: security_group_rules) to 0
2026-07-15 06:10:05.777 8 INFO neutron.db.ovn_revision_numbers_db [None req-5b05ba8e-2878-4518-94c4-a1e710ba0866 bec178ce6b094f0099a65394dffb2e5c 8cfd61b7ea9a41b782ccdaae49f46fc0 - - default default] Successfully bumped revision number for resource f9038601-686c-4b01-8969-90e683d4885e (type: security_group_rules) to 0 [pid: 8|app: 0|req: 842/1671] 10.0.0.104 () {32 vars in 773 bytes} [Wed Jul 15 06:10:05 2026] GET /v2.0/security-groups?tenant_id=ef0abd5232694fa09665ba4268f413f5&name=default => generated 2925 bytes in 420 msecs (HTTP/1.1 200) 4 headers in 158 bytes (1 switches on core 0) [pid: 7|app: 0|req: 830/1672] 10.0.0.104 () {32 vars in 739 bytes} [Wed Jul 15 06:10:05 2026] DELETE /v2.0/security-groups/b368e947-3e12-4e70-a255-89ac5359e512 => generated 0 bytes in 452 msecs (HTTP/1.1 204) 2 headers in 112 bytes (1 switches on core 0)
2026-07-15 06:10:06.274 8 WARNING neutron.scheduler.dhcp_agent_scheduler [None req-fd4f5c23-5f1c-4d86-8e22-1225a1003da4 bec178ce6b094f0099a65394dffb2e5c 8cfd61b7ea9a41b782ccdaae49f46fc0 - - default default] No more DHCP agents
2026-07-15 06:10:06.276 8 WARNING neutron.api.rpc.agentnotifiers.dhcp_rpc_agent_api [None req-fd4f5c23-5f1c-4d86-8e22-1225a1003da4 bec178ce6b094f0099a65394dffb2e5c 8cfd61b7ea9a41b782ccdaae49f46fc0 - - default default] Unable to schedule network e0fee618-2e19-4b1b-9553-0606073943fd: no agents available; will retry on subsequent port and subnet creation events.
2026-07-15 06:10:06.436 7 INFO neutron.plugins.ml2.drivers.ovn.mech_driver.mech_driver [None req-45157e27-7e84-4492-8177-0136c1be1277 - - - - - -] OVN reports status down for port: b953b193-41f1-4a96-9846-6ee58456104c
2026-07-15 06:10:06.461 8 INFO neutron.db.ovn_revision_numbers_db [None req-fd4f5c23-5f1c-4d86-8e22-1225a1003da4 bec178ce6b094f0099a65394dffb2e5c 8cfd61b7ea9a41b782ccdaae49f46fc0 - - default default] Successfully bumped revision number for resource b953b193-41f1-4a96-9846-6ee58456104c (type: ports) to 1 [pid: 7|app: 0|req: 831/1673] 10.0.0.104 () {32 vars in 739 bytes} [Wed Jul 15 06:10:06 2026] DELETE /v2.0/security-groups/f32aadd2-8d75-4082-be85-2ce87acc504e => generated 0 bytes in 477 msecs (HTTP/1.1 204) 2 headers in 112 bytes (1 switches on core 0)
2026-07-15 06:10:06.778 7 INFO neutron.db.ovn_revision_numbers_db [None req-d5b00931-b0d6-41cd-90ba-ababbf8683ff - - - - - -] Successfully bumped revision number for resource 2570d564-21c4-46fb-b339-ce8a3510d6eb (type: ports) to 4
2026-07-15 06:10:07.196 7 INFO neutron.db.ovn_revision_numbers_db [None req-1cad449b-3e2c-49e2-b181-0945ee519b4d bf3da045346d4348a29761a44d17dd13 2626350744114ad79a6960876eaa8ee0 - - default default] Successfully bumped revision number for resource 79f316ba-9888-45e5-86e3-4f04e9a5e04b (type: security_groups) to 1
2026-07-15 06:10:07.222 7 INFO neutron.db.ovn_revision_numbers_db [None req-1cad449b-3e2c-49e2-b181-0945ee519b4d bf3da045346d4348a29761a44d17dd13 2626350744114ad79a6960876eaa8ee0 - - default default] Successfully bumped revision number for resource 1d7fb16c-05ec-41a7-8e48-87e74b563663 (type: security_group_rules) to 0
2026-07-15 06:10:07.252 7 INFO neutron.db.ovn_revision_numbers_db [None req-1cad449b-3e2c-49e2-b181-0945ee519b4d bf3da045346d4348a29761a44d17dd13 2626350744114ad79a6960876eaa8ee0 - - default default] Successfully bumped revision number for resource 1e487af6-9822-485f-8f06-ee6bbb16a18d (type: security_group_rules) to 0
2026-07-15 06:10:07.270 7 INFO neutron.db.ovn_revision_numbers_db [None req-d5b00931-b0d6-41cd-90ba-ababbf8683ff - - - - - -] Successfully bumped revision number for resource 2570d564-21c4-46fb-b339-ce8a3510d6eb (type: ports) to 5
2026-07-15 06:10:07.281 7 INFO neutron.db.ovn_revision_numbers_db [None req-1cad449b-3e2c-49e2-b181-0945ee519b4d bf3da045346d4348a29761a44d17dd13 2626350744114ad79a6960876eaa8ee0 - - default default] Successfully bumped revision number for resource 29710063-67d8-45db-9d2b-a999a395542a (type: security_group_rules) to 0
2026-07-15 06:10:07.302 7 INFO neutron.db.ovn_revision_numbers_db [None req-1cad449b-3e2c-49e2-b181-0945ee519b4d bf3da045346d4348a29761a44d17dd13 2626350744114ad79a6960876eaa8ee0 - - default default] Successfully bumped revision number for resource cc28054f-0e6d-4f26-8ef5-5cf63befe2cd (type: security_group_rules) to 0
2026-07-15 06:10:07.405 7 INFO neutron.db.segments_db [None req-1cad449b-3e2c-49e2-b181-0945ee519b4d bf3da045346d4348a29761a44d17dd13 2626350744114ad79a6960876eaa8ee0 - - default default] Added segment cb79d0aa-3a06-4553-88d2-db0a7da92e71 of type geneve for network eedf8819-f08f-4cd3-a448-d0c536ad0984
2026-07-15 06:10:07.517 7 INFO neutron.db.ovn_revision_numbers_db [None req-1cad449b-3e2c-49e2-b181-0945ee519b4d bf3da045346d4348a29761a44d17dd13 2626350744114ad79a6960876eaa8ee0 - - default default] Successfully bumped revision number for resource eedf8819-f08f-4cd3-a448-d0c536ad0984 (type: networks) to 1
2026-07-15 06:10:07.524 7 INFO neutron.plugins.ml2.drivers.ovn.mech_driver.mech_driver [None req-45157e27-7e84-4492-8177-0136c1be1277 - - - - - -] OVN reports status up for port: b953b193-41f1-4a96-9846-6ee58456104c
2026-07-15 06:10:07.546 7 INFO neutron.plugins.ml2.plugin [None req-45157e27-7e84-4492-8177-0136c1be1277 - - - - - -] Attempt 1 to provision port b953b193-41f1-4a96-9846-6ee58456104c
2026-07-15 06:10:07.588 8 WARNING neutron.scheduler.dhcp_agent_scheduler [None req-fd4f5c23-5f1c-4d86-8e22-1225a1003da4 bec178ce6b094f0099a65394dffb2e5c 8cfd61b7ea9a41b782ccdaae49f46fc0 - - default default] No more DHCP agents
2026-07-15 06:10:07.590 8 WARNING neutron.api.rpc.agentnotifiers.dhcp_rpc_agent_api [None req-fd4f5c23-5f1c-4d86-8e22-1225a1003da4 bec178ce6b094f0099a65394dffb2e5c 8cfd61b7ea9a41b782ccdaae49f46fc0 - - default default] Unable to schedule network e0fee618-2e19-4b1b-9553-0606073943fd: no agents available; will retry on subsequent port and subnet creation events.
2026-07-15 06:10:07.803 7 WARNING neutron.scheduler.dhcp_agent_scheduler [None req-1cad449b-3e2c-49e2-b181-0945ee519b4d bf3da045346d4348a29761a44d17dd13 2626350744114ad79a6960876eaa8ee0 - - default default] No more DHCP agents
2026-07-15 06:10:07.806 7 WARNING neutron.api.rpc.agentnotifiers.dhcp_rpc_agent_api [None req-1cad449b-3e2c-49e2-b181-0945ee519b4d bf3da045346d4348a29761a44d17dd13 2626350744114ad79a6960876eaa8ee0 - - default default] Unable to schedule network eedf8819-f08f-4cd3-a448-d0c536ad0984: no agents available; will retry on subsequent port and subnet creation events.
2026-07-15 06:10:07.905 8 INFO neutron.plugins.ml2.drivers.ovn.mech_driver.mech_driver [None req-6c58bc68-8748-4d03-9e98-aec45bd1665e - - - - - -] OVN reports status down for port: d2ceee1b-0ba4-4bf7-9c8b-ac2df5d2a0e3
2026-07-15 06:10:07.950 7 INFO neutron.db.ovn_revision_numbers_db [None req-1cad449b-3e2c-49e2-b181-0945ee519b4d bf3da045346d4348a29761a44d17dd13 2626350744114ad79a6960876eaa8ee0 - - default default] Successfully bumped revision number for resource d2ceee1b-0ba4-4bf7-9c8b-ac2df5d2a0e3 (type: ports) to 1 [pid: 7|app: 0|req: 834/1676] 10.0.0.104 () {34 vars in 669 bytes} [Wed Jul 15 06:10:06 2026] POST /v2.0/networks => generated 730 bytes in 1369 msecs (HTTP/1.1 201) 4 headers in 162 bytes (1 switches on core 0)
2026-07-15 06:10:08.112 7 INFO neutron.db.ovn_revision_numbers_db [None req-45157e27-7e84-4492-8177-0136c1be1277 - - - - - -] Successfully bumped revision number for resource b953b193-41f1-4a96-9846-6ee58456104c (type: ports) to 2
2026-07-15 06:10:08.124 8 INFO neutron.db.ovn_revision_numbers_db [None req-fd4f5c23-5f1c-4d86-8e22-1225a1003da4 bec178ce6b094f0099a65394dffb2e5c 8cfd61b7ea9a41b782ccdaae49f46fc0 - - default default] Successfully bumped revision number for resource b953b193-41f1-4a96-9846-6ee58456104c (type: router_ports) to 1 [pid: 8|app: 0|req: 843/1677] 10.0.0.104 () {34 vars in 782 bytes} [Wed Jul 15 06:10:05 2026] PUT /v2.0/routers/32254731-4eda-49cc-beb5-d80e1ef718e2/add_router_interface => generated 309 bytes in 2319 msecs (HTTP/1.1 200) 4 headers in 157 bytes (1 switches on core 0)
2026-07-15 06:10:08.278 8 WARNING neutron.scheduler.dhcp_agent_scheduler [None req-d36f8410-5d43-4cba-aaf6-cfe814d2744b bf3da045346d4348a29761a44d17dd13 2626350744114ad79a6960876eaa8ee0 - - default default] No more DHCP agents
2026-07-15 06:10:08.279 8 WARNING neutron.api.rpc.agentnotifiers.dhcp_rpc_agent_api [None req-d36f8410-5d43-4cba-aaf6-cfe814d2744b bf3da045346d4348a29761a44d17dd13 2626350744114ad79a6960876eaa8ee0 - - default default] Unable to schedule network eedf8819-f08f-4cd3-a448-d0c536ad0984: no agents available; will retry on subsequent port and subnet creation events.
2026-07-15 06:10:08.431 7 INFO neutron.db.ovn_revision_numbers_db [None req-051b7574-256a-4dd0-ae12-fd13daac3bd0 bec178ce6b094f0099a65394dffb2e5c 8cfd61b7ea9a41b782ccdaae49f46fc0 - - default default] Successfully bumped revision number for resource c0f2d888-2946-41f1-b83f-6a880e3d016a (type: security_groups) to 1
2026-07-15 06:10:08.440 7 INFO neutron.db.ovn_revision_numbers_db [None req-051b7574-256a-4dd0-ae12-fd13daac3bd0 bec178ce6b094f0099a65394dffb2e5c 8cfd61b7ea9a41b782ccdaae49f46fc0 - - default default] Successfully bumped revision number for resource 48137f82-c3df-415f-a557-4a456da8a288 (type: security_group_rules) to 0
2026-07-15 06:10:08.453 7 INFO neutron.db.ovn_revision_numbers_db [None req-051b7574-256a-4dd0-ae12-fd13daac3bd0 bec178ce6b094f0099a65394dffb2e5c 8cfd61b7ea9a41b782ccdaae49f46fc0 - - default default] Successfully bumped revision number for resource 95497e55-bcfe-437a-9edd-967b6c15c714 (type: security_group_rules) to 0
2026-07-15 06:10:08.465 7 INFO neutron.db.ovn_revision_numbers_db [None req-051b7574-256a-4dd0-ae12-fd13daac3bd0 bec178ce6b094f0099a65394dffb2e5c 8cfd61b7ea9a41b782ccdaae49f46fc0 - - default default] Successfully bumped revision number for resource 9ad08354-7ad3-49bc-95e8-c814e9455c21 (type: security_group_rules) to 0
2026-07-15 06:10:08.477 7 INFO neutron.db.ovn_revision_numbers_db [None req-051b7574-256a-4dd0-ae12-fd13daac3bd0 bec178ce6b094f0099a65394dffb2e5c 8cfd61b7ea9a41b782ccdaae49f46fc0 - - default default] Successfully bumped revision number for resource bd568d8a-55fc-415b-b123-4e36cf783949 (type: security_group_rules) to 0
2026-07-15 06:10:08.543 7 INFO neutron.db.segments_db [None req-051b7574-256a-4dd0-ae12-fd13daac3bd0 bec178ce6b094f0099a65394dffb2e5c 8cfd61b7ea9a41b782ccdaae49f46fc0 - - default default] Added segment 6385031a-b5e2-453c-8761-3d9f715acc35 of type geneve for network 632a5bfb-98fa-4106-93c2-f1dbbd3dd459
2026-07-15 06:10:08.627 7 INFO neutron.db.ovn_revision_numbers_db [None req-051b7574-256a-4dd0-ae12-fd13daac3bd0 bec178ce6b094f0099a65394dffb2e5c 8cfd61b7ea9a41b782ccdaae49f46fc0 - - default default] Successfully bumped revision number for resource 632a5bfb-98fa-4106-93c2-f1dbbd3dd459 (type: networks) to 1
2026-07-15 06:10:08.662 8 INFO neutron.db.ovn_revision_numbers_db [None req-67785822-2f22-4f7a-a683-408883f693dc - - - - - -] Successfully bumped revision number for resource d2ceee1b-0ba4-4bf7-9c8b-ac2df5d2a0e3 (type: ports) to 2
2026-07-15 06:10:08.687 8 INFO neutron.db.ovn_revision_numbers_db [None req-67785822-2f22-4f7a-a683-408883f693dc - - - - - -] Successfully bumped revision number for resource c2fb5149-e20e-4f64-b700-76464fbd0e6b (type: subnets) to 0 [pid: 8|app: 0|req: 844/1678] 10.0.0.104 () {34 vars in 668 bytes} [Wed Jul 15 06:10:08 2026] POST /v2.0/subnets => generated 644 bytes in 570 msecs (HTTP/1.1 201) 4 headers in 162 bytes (1 switches on core 0)
2026-07-15 06:10:08.706 8 WARNING neutron.api.v2.base [None req-fcf380a8-2d52-468b-96c1-f5cfcfc54338 bf3da045346d4348a29761a44d17dd13 2626350744114ad79a6960876eaa8ee0 - - default default] An exception happened while processing the request body. The exception message is [Invalid input for target_tenant. Reason: 'None' is not a valid string.].: webob.exc.HTTPBadRequest: Invalid input for target_tenant. Reason: 'None' is not a valid string.
2026-07-15 06:10:08.706 8 INFO neutron.api.v2.resource [None req-fcf380a8-2d52-468b-96c1-f5cfcfc54338 bf3da045346d4348a29761a44d17dd13 2626350744114ad79a6960876eaa8ee0 - - default default] create failed (client error): Invalid input for target_tenant. Reason: 'None' is not a valid string. [pid: 8|app: 0|req: 845/1679] 10.0.0.104 () {34 vars in 680 bytes} [Wed Jul 15 06:10:08 2026] POST /v2.0/rbac-policies => generated 143 bytes in 5 msecs (HTTP/1.1 400) 4 headers in 166 bytes (1 switches on core 0)
2026-07-15 06:10:08.753 7 WARNING neutron.scheduler.dhcp_agent_scheduler [None req-051b7574-256a-4dd0-ae12-fd13daac3bd0 bec178ce6b094f0099a65394dffb2e5c 8cfd61b7ea9a41b782ccdaae49f46fc0 - - default default] No more DHCP agents
2026-07-15 06:10:08.754 7 WARNING neutron.api.rpc.agentnotifiers.dhcp_rpc_agent_api [None req-051b7574-256a-4dd0-ae12-fd13daac3bd0 bec178ce6b094f0099a65394dffb2e5c 8cfd61b7ea9a41b782ccdaae49f46fc0 - - default default] Unable to schedule network 632a5bfb-98fa-4106-93c2-f1dbbd3dd459: no agents available; will retry on subsequent port and subnet creation events.
2026-07-15 06:10:08.832 7 INFO neutron.db.ovn_revision_numbers_db [None req-051b7574-256a-4dd0-ae12-fd13daac3bd0 bec178ce6b094f0099a65394dffb2e5c 8cfd61b7ea9a41b782ccdaae49f46fc0 - - default default] Successfully bumped revision number for resource e250b009-6b65-494d-876b-44224014ea7c (type: ports) to 1
2026-07-15 06:10:08.834 8 INFO neutron.plugins.ml2.drivers.ovn.mech_driver.mech_driver [None req-6c58bc68-8748-4d03-9e98-aec45bd1665e - - - - - -] OVN reports status down for port: e250b009-6b65-494d-876b-44224014ea7c [pid: 7|app: 0|req: 835/1680] 10.0.0.104 () {34 vars in 670 bytes} [Wed Jul 15 06:10:07 2026] POST /v2.0/networks => generated 744 bytes in 868 msecs (HTTP/1.1 201) 4 headers in 162 bytes (1 switches on core 0)
2026-07-15 06:10:08.898 8 INFO neutron_taas.services.taas.taas_plugin [None req-4b058758-421b-4140-a677-be8cf1f8db74 bf3da045346d4348a29761a44d17dd13 2626350744114ad79a6960876eaa8ee0 - - default default] TaaS: Handle Delete Port: d2ceee1b-0ba4-4bf7-9c8b-ac2df5d2a0e3
2026-07-15 06:10:08.901 8 INFO neutron_taas.services.taas.tap_mirror_plugin [None req-4b058758-421b-4140-a677-be8cf1f8db74 bf3da045346d4348a29761a44d17dd13 2626350744114ad79a6960876eaa8ee0 - - default default] Tap Mirror: Handle Delete Port: d2ceee1b-0ba4-4bf7-9c8b-ac2df5d2a0e3
2026-07-15 06:10:09.005 7 WARNING neutron.scheduler.dhcp_agent_scheduler [None req-9af2b8e0-b43f-49af-94b5-dd2c68c3e25f bec178ce6b094f0099a65394dffb2e5c 8cfd61b7ea9a41b782ccdaae49f46fc0 - - default default] No more DHCP agents
2026-07-15 06:10:09.005 7 WARNING neutron.api.rpc.agentnotifiers.dhcp_rpc_agent_api [None req-9af2b8e0-b43f-49af-94b5-dd2c68c3e25f bec178ce6b094f0099a65394dffb2e5c 8cfd61b7ea9a41b782ccdaae49f46fc0 - - default default] Unable to schedule network 632a5bfb-98fa-4106-93c2-f1dbbd3dd459: no agents available; will retry on subsequent port and subnet creation events.
2026-07-15 06:10:09.238 8 INFO neutron.services.segments.plugin [-] Segment cb79d0aa-3a06-4553-88d2-db0a7da92e71 resource provider aggregate not found
2026-07-15 06:10:09.245 8 INFO neutron.services.segments.plugin [-] Segment cb79d0aa-3a06-4553-88d2-db0a7da92e71 resource provider aggregate not found
2026-07-15 06:10:09.256 8 INFO neutron.services.segments.plugin [-] Client error retrieving segment cb79d0aa-3a06-4553-88d2-db0a7da92e71 resource provider; error: Placement Client Error (4xx): {"errors": [{"status": 404, "title": "Not Found", "detail": "The resource could not be found.\n\n No resource provider with uuid cb79d0aa-3a06-4553-88d2-db0a7da92e71 found for delete ", "request_id": "req-283d1f1c-197e-4db0-ab65-caac57b86c60"}]}
2026-07-15 06:10:09.263 8 INFO neutron.services.segments.plugin [-] Client error retrieving segment cb79d0aa-3a06-4553-88d2-db0a7da92e71 resource provider; error: Placement Client Error (4xx): {"errors": [{"status": 404, "title": "Not Found", "detail": "The resource could not be found.\n\n No resource provider with uuid cb79d0aa-3a06-4553-88d2-db0a7da92e71 found for delete ", "request_id": "req-6a5ecf03-75d7-46d7-b2fc-1fcceb39064e"}]} [pid: 8|app: 0|req: 846/1681] 10.0.0.104 () {32 vars in 725 bytes} [Wed Jul 15 06:10:08 2026] DELETE /v2.0/networks/eedf8819-f08f-4cd3-a448-d0c536ad0984 => generated 0 bytes in 573 msecs (HTTP/1.1 204) 3 headers in 131 bytes (1 switches on core 0) [pid: 8|app: 0|req: 847/1682] 10.0.0.87 () {34 vars in 980 bytes} [Wed Jul 15 06:10:09 2026] GET /v2.0/networks?id=e0fee618-2e19-4b1b-9553-0606073943fd => generated 677 bytes in 43 msecs (HTTP/1.1 200) 4 headers in 157 bytes (1 switches on core 0)
2026-07-15 06:10:09.416 8 INFO neutron.db.segments_db [None req-af67847b-80e1-4bdb-ae5f-0960db1fd893 bf3da045346d4348a29761a44d17dd13 2626350744114ad79a6960876eaa8ee0 - - default default] Added segment b82d8ca5-e1e7-4254-98a8-7f21776f358b of type geneve for network f3fcc71d-9855-445e-967c-f95b019bc767
2026-07-15 06:10:09.484 7 INFO neutron.db.ovn_revision_numbers_db [None req-809fb6c6-f3a4-4617-a083-5352c8446a2d - - - - - -] Successfully bumped revision number for resource e250b009-6b65-494d-876b-44224014ea7c (type: ports) to 2
2026-07-15 06:10:09.520 7 INFO neutron.db.ovn_revision_numbers_db [None req-809fb6c6-f3a4-4617-a083-5352c8446a2d - - - - - -] Successfully bumped revision number for resource cbb2053e-4360-4584-95cf-8839322e1ef7 (type: subnets) to 0
2026-07-15 06:10:09.542 8 INFO neutron.db.ovn_revision_numbers_db [None req-af67847b-80e1-4bdb-ae5f-0960db1fd893 bf3da045346d4348a29761a44d17dd13 2626350744114ad79a6960876eaa8ee0 - - default default] Successfully bumped revision number for resource f3fcc71d-9855-445e-967c-f95b019bc767 (type: networks) to 1 [pid: 7|app: 0|req: 836/1683] 10.0.0.104 () {34 vars in 668 bytes} [Wed Jul 15 06:10:08 2026] POST /v2.0/subnets => generated 688 bytes in 678 msecs (HTTP/1.1 201) 4 headers in 162 bytes (1 switches on core 0) [pid: 7|app: 0|req: 837/1684] 10.0.0.87 () {34 vars in 963 bytes} [Wed Jul 15 06:10:09 2026] GET /v2.0/quotas/a720c1bfc3414601ac82a1a29ba8b3fd => generated 292 bytes in 12 msecs (HTTP/1.1 200) 4 headers in 157 bytes (1 switches on core 0)
2026-07-15 06:10:09.693 8 WARNING neutron.scheduler.dhcp_agent_scheduler [None req-af67847b-80e1-4bdb-ae5f-0960db1fd893 bf3da045346d4348a29761a44d17dd13 2626350744114ad79a6960876eaa8ee0 - - default default] No more DHCP agents
2026-07-15 06:10:09.694 8 WARNING neutron.api.rpc.agentnotifiers.dhcp_rpc_agent_api [None req-af67847b-80e1-4bdb-ae5f-0960db1fd893 bf3da045346d4348a29761a44d17dd13 2626350744114ad79a6960876eaa8ee0 - - default default] Unable to schedule network f3fcc71d-9855-445e-967c-f95b019bc767: no agents available; will retry on subsequent port and subnet creation events.
2026-07-15 06:10:09.757 8 INFO neutron.plugins.ml2.drivers.ovn.mech_driver.mech_driver [None req-6c58bc68-8748-4d03-9e98-aec45bd1665e - - - - - -] OVN reports status down for port: 17a11c98-f649-4b5c-96d9-0adb05e57702
2026-07-15 06:10:09.837 8 INFO neutron.db.ovn_revision_numbers_db [None req-af67847b-80e1-4bdb-ae5f-0960db1fd893 bf3da045346d4348a29761a44d17dd13 2626350744114ad79a6960876eaa8ee0 - - default default] Successfully bumped revision number for resource 17a11c98-f649-4b5c-96d9-0adb05e57702 (type: ports) to 1 [pid: 8|app: 0|req: 848/1685] 10.0.0.104 () {34 vars in 669 bytes} [Wed Jul 15 06:10:09 2026] POST /v2.0/networks => generated 729 bytes in 559 msecs (HTTP/1.1 201) 4 headers in 162 bytes (1 switches on core 0) [pid: 8|app: 0|req: 849/1686] 10.0.0.87 () {34 vars in 1000 bytes} [Wed Jul 15 06:10:09 2026] GET /v2.0/ports?tenant_id=a720c1bfc3414601ac82a1a29ba8b3fd&fields=id => generated 103 bytes in 78 msecs (HTTP/1.1 200) 4 headers in 157 bytes (1 switches on core 0)
2026-07-15 06:10:10.033 7 WARNING neutron.scheduler.dhcp_agent_scheduler [None req-dc0abbd3-3610-4737-9c47-17eb85bd25e4 bec178ce6b094f0099a65394dffb2e5c 8cfd61b7ea9a41b782ccdaae49f46fc0 - - default default] No more DHCP agents
2026-07-15 06:10:10.035 7 WARNING neutron.api.rpc.agentnotifiers.dhcp_rpc_agent_api [None req-dc0abbd3-3610-4737-9c47-17eb85bd25e4 bec178ce6b094f0099a65394dffb2e5c 8cfd61b7ea9a41b782ccdaae49f46fc0 - - default default] Unable to schedule network 6d82eaeb-e8a1-41b6-ae2b-2ec63120f51b: no agents available; will retry on subsequent port and subnet creation events.
2026-07-15 06:10:10.086 8 WARNING neutron.scheduler.dhcp_agent_scheduler [None req-a640d6fc-bd8e-461c-ad7c-7679330277a0 bf3da045346d4348a29761a44d17dd13 2626350744114ad79a6960876eaa8ee0 - - default default] No more DHCP agents
2026-07-15 06:10:10.087 8 WARNING neutron.api.rpc.agentnotifiers.dhcp_rpc_agent_api [None req-a640d6fc-bd8e-461c-ad7c-7679330277a0 bf3da045346d4348a29761a44d17dd13 2626350744114ad79a6960876eaa8ee0 - - default default] Unable to schedule network f3fcc71d-9855-445e-967c-f95b019bc767: no agents available; will retry on subsequent port and subnet creation events.
2026-07-15 06:10:10.142 8 INFO neutron.plugins.ml2.drivers.ovn.mech_driver.mech_driver [None req-6c58bc68-8748-4d03-9e98-aec45bd1665e - - - - - -] OVN reports status down for port: f6c2c8ad-a10e-4812-8562-2f06b45d58ff
2026-07-15 06:10:10.161 7 INFO neutron.db.ovn_revision_numbers_db [None req-dc0abbd3-3610-4737-9c47-17eb85bd25e4 bec178ce6b094f0099a65394dffb2e5c 8cfd61b7ea9a41b782ccdaae49f46fc0 - - default default] Successfully bumped revision number for resource f6c2c8ad-a10e-4812-8562-2f06b45d58ff (type: ports) to 1
2026-07-15 06:10:10.541 8 INFO neutron.db.ovn_revision_numbers_db [None req-e7c5436f-84af-4905-98d5-da60edb43786 - - - - - -] Successfully bumped revision number for resource 17a11c98-f649-4b5c-96d9-0adb05e57702 (type: ports) to 2
2026-07-15 06:10:10.571 8 INFO neutron.db.ovn_revision_numbers_db [None req-e7c5436f-84af-4905-98d5-da60edb43786 - - - - - -] Successfully bumped revision number for resource 08c5f19a-34f7-43a8-8b15-34307caa9e8e (type: subnets) to 0 [pid: 8|app: 0|req: 850/1687] 10.0.0.104 () {34 vars in 668 bytes} [Wed Jul 15 06:10:09 2026] POST /v2.0/subnets => generated 647 bytes in 619 msecs (HTTP/1.1 201) 4 headers in 162 bytes (1 switches on core 0)
2026-07-15 06:10:10.902 8 WARNING neutron.scheduler.dhcp_agent_scheduler [None req-bf6d3442-42c7-450f-b53a-edf4d0cbd31d 2a1715e0cbfc415b86799ea675bcbbe9 cf4c65836d514f18acb0ba5aba5778ec - - default default] No more DHCP agents
2026-07-15 06:10:10.904 8 WARNING neutron.api.rpc.agentnotifiers.dhcp_rpc_agent_api [None req-bf6d3442-42c7-450f-b53a-edf4d0cbd31d 2a1715e0cbfc415b86799ea675bcbbe9 cf4c65836d514f18acb0ba5aba5778ec - - default default] Unable to schedule network 6d82eaeb-e8a1-41b6-ae2b-2ec63120f51b: no agents available; will retry on subsequent port and subnet creation events.
2026-07-15 06:10:11.156 7 INFO neutron.plugins.ml2.drivers.ovn.mech_driver.ovsdb.commands [None req-621f7df0-a20e-4e3e-815e-257b8d241038 - - - - - -] Schedule LRP lrp-f6c2c8ad-a10e-4812-8562-2f06b45d58ff on gateway 222c97f3-7628-4f6a-89f2-f1baea55b19a with priority 1 [pid: 8|app: 0|req: 851/1688] 10.0.0.104 () {34 vars in 675 bytes} [Wed Jul 15 06:10:10 2026] POST /v2.0/floatingips => generated 552 bytes in 572 msecs (HTTP/1.1 201) 4 headers in 162 bytes (1 switches on core 0)
2026-07-15 06:10:11.202 7 INFO neutron.plugins.ml2.drivers.ovn.mech_driver.ovsdb.ovsdb_monitor [None req-d5b00931-b0d6-41cd-90ba-ababbf8683ff - - - - - -] Router ad96abd5-e1ec-42ec-9493-58da2d5dbff6 is bound to host instance
2026-07-15 06:10:11.215 8 INFO neutron.plugins.ml2.drivers.ovn.mech_driver.mech_driver [None req-6c58bc68-8748-4d03-9e98-aec45bd1665e - - - - - -] OVN reports status up for port: f6c2c8ad-a10e-4812-8562-2f06b45d58ff
2026-07-15 06:10:11.232 8 INFO neutron.plugins.ml2.plugin [None req-6c58bc68-8748-4d03-9e98-aec45bd1665e - - - - - -] Attempt 1 to provision port f6c2c8ad-a10e-4812-8562-2f06b45d58ff [pid: 8|app: 0|req: 852/1689] 10.0.0.87 () {34 vars in 1006 bytes} [Wed Jul 15 06:10:11 2026] GET /v2.0/networks/e0fee618-2e19-4b1b-9553-0606073943fd?fields=segments => generated 14 bytes in 77 msecs (HTTP/1.1 200) 4 headers in 156 bytes (1 switches on core 0)
2026-07-15 06:10:11.249 8 WARNING neutron.api.v2.base [None req-088b06e7-236a-4104-8de9-ce64144b3ecb bf3da045346d4348a29761a44d17dd13 2626350744114ad79a6960876eaa8ee0 - - default default] An exception happened while processing the request body. The exception message is [Invalid input for target_tenant. Reason: '1234123412341234123412341234123412341234123412341234123412341234123412341234123412341234123412341234123412341234123412341234123412341234123412341234123412341234123412341234123412341234123412341234123412341234123412341234123412341234123412341234123412341234123412341234123412341234123412341234123412341234123412341234123412341234123412341234123412341234123412341234123412341234123412341234123412341234' exceeds maximum length of 255.].: webob.exc.HTTPBadRequest: Invalid input for target_tenant. Reason: '1234123412341234123412341234123412341234123412341234123412341234123412341234123412341234123412341234123412341234123412341234123412341234123412341234123412341234123412341234123412341234123412341234123412341234123412341234123412341234123412341234123412341234123412341234123412341234123412341234123412341234123412341234123412341234123412341234123412341234123412341234123412341234123412341234123412341234' exceeds maximum length of 255.
2026-07-15 06:10:11.249 8 INFO neutron.api.v2.resource [None req-088b06e7-236a-4104-8de9-ce64144b3ecb bf3da045346d4348a29761a44d17dd13 2626350744114ad79a6960876eaa8ee0 - - default default] create failed (client error): Invalid input for target_tenant. Reason: '1234123412341234123412341234123412341234123412341234123412341234123412341234123412341234123412341234123412341234123412341234123412341234123412341234123412341234123412341234123412341234123412341234123412341234123412341234123412341234123412341234123412341234123412341234123412341234123412341234123412341234123412341234123412341234123412341234123412341234123412341234123412341234123412341234123412341234' exceeds maximum length of 255. [pid: 8|app: 0|req: 853/1690] 10.0.0.104 () {34 vars in 680 bytes} [Wed Jul 15 06:10:11 2026] POST /v2.0/rbac-policies => generated 547 bytes in 15 msecs (HTTP/1.1 400) 4 headers in 166 bytes (1 switches on core 0)
