2026-07-15 06:09:50.621 7 INFO neutron.db.ovn_revision_numbers_db [None req-9bd81de6-15dc-44f9-a729-d456b59467bf 28d5d8974c544225b52933933c20b979 63f58d9e8b4c407f85d23ab51987db00 - - default default] Successfully bumped revision number for resource c3d03b2a-ad4c-42f2-8515-a02b28d9b569 (type: networks) to 1 [pid: 8|app: 0|req: 793/1577] 10.0.0.87 () {34 vars in 988 bytes} [Wed Jul 15 06:09:50 2026] GET /v2.0/ports?device_id=d0b454a5-911f-4a2c-a3d5-e33bee6e8684 => generated 971 bytes in 89 msecs (HTTP/1.1 200) 4 headers in 157 bytes (1 switches on core 0)
2026-07-15 06:09:50.755 7 WARNING neutron.scheduler.dhcp_agent_scheduler [None req-9bd81de6-15dc-44f9-a729-d456b59467bf 28d5d8974c544225b52933933c20b979 63f58d9e8b4c407f85d23ab51987db00 - - default default] No more DHCP agents
2026-07-15 06:09:50.756 7 WARNING neutron.api.rpc.agentnotifiers.dhcp_rpc_agent_api [None req-9bd81de6-15dc-44f9-a729-d456b59467bf 28d5d8974c544225b52933933c20b979 63f58d9e8b4c407f85d23ab51987db00 - - default default] Unable to schedule network c3d03b2a-ad4c-42f2-8515-a02b28d9b569: no agents available; will retry on subsequent port and subnet creation events.
2026-07-15 06:09:50.770 8 INFO neutron.db.segments_db [None req-e71ea0a6-18d9-4e5e-9889-b79ea0021f8a 849e3e2e83a648608593d58c5236d827 c903fb314218420daa48aefa39db7052 - - default default] Added segment e4af56af-88a2-4439-a9bb-804dabc9cf0a of type geneve for network cc76ec06-f2ef-4abf-8337-4b4ce8709232
2026-07-15 06:09:50.817 7 INFO neutron.db.ovn_revision_numbers_db [None req-9bd81de6-15dc-44f9-a729-d456b59467bf 28d5d8974c544225b52933933c20b979 63f58d9e8b4c407f85d23ab51987db00 - - default default] Successfully bumped revision number for resource da0a12fa-969d-4013-8e46-6e94568ea066 (type: ports) to 1
2026-07-15 06:09:50.817 8 INFO neutron.plugins.ml2.drivers.ovn.mech_driver.mech_driver [None req-6c58bc68-8748-4d03-9e98-aec45bd1665e - - - - - -] OVN reports status down for port: da0a12fa-969d-4013-8e46-6e94568ea066 [pid: 7|app: 0|req: 785/1578] 10.0.0.104 () {34 vars in 669 bytes} [Wed Jul 15 06:09:50 2026] POST /v2.0/networks => generated 644 bytes in 383 msecs (HTTP/1.1 201) 4 headers in 162 bytes (1 switches on core 0) [pid: 7|app: 0|req: 786/1579] 10.0.0.87 () {34 vars in 1038 bytes} [Wed Jul 15 06:09:50 2026] GET /v2.0/security-groups?id=996412bd-ab64-4439-939d-46cd5da64bf9&fields=id&fields=name => generated 113 bytes in 28 msecs (HTTP/1.1 200) 4 headers in 157 bytes (1 switches on core 0)
2026-07-15 06:09:50.932 8 INFO neutron.db.ovn_revision_numbers_db [None req-e71ea0a6-18d9-4e5e-9889-b79ea0021f8a 849e3e2e83a648608593d58c5236d827 c903fb314218420daa48aefa39db7052 - - default default] Successfully bumped revision number for resource cc76ec06-f2ef-4abf-8337-4b4ce8709232 (type: networks) to 1
2026-07-15 06:09:51.008 7 INFO neutron.db.ovn_revision_numbers_db [None req-070e25fa-07b6-4c6d-a73f-365814018553 28d5d8974c544225b52933933c20b979 63f58d9e8b4c407f85d23ab51987db00 - - default default] Successfully bumped revision number for resource c3d03b2a-ad4c-42f2-8515-a02b28d9b569 (type: networks) to 2 [pid: 7|app: 0|req: 787/1580] 10.0.0.104 () {34 vars in 742 bytes} [Wed Jul 15 06:09:50 2026] PUT /v2.0/networks/c3d03b2a-ad4c-42f2-8515-a02b28d9b569 => generated 598 bytes in 150 msecs (HTTP/1.1 200) 4 headers in 157 bytes (1 switches on core 0)
2026-07-15 06:09:51.153 8 WARNING neutron.scheduler.dhcp_agent_scheduler [None req-e71ea0a6-18d9-4e5e-9889-b79ea0021f8a 849e3e2e83a648608593d58c5236d827 c903fb314218420daa48aefa39db7052 - - default default] No more DHCP agents
2026-07-15 06:09:51.154 8 WARNING neutron.api.rpc.agentnotifiers.dhcp_rpc_agent_api [None req-e71ea0a6-18d9-4e5e-9889-b79ea0021f8a 849e3e2e83a648608593d58c5236d827 c903fb314218420daa48aefa39db7052 - - default default] Unable to schedule network cc76ec06-f2ef-4abf-8337-4b4ce8709232: no agents available; will retry on subsequent port and subnet creation events.
2026-07-15 06:09:51.214 7 INFO neutron.plugins.ml2.drivers.ovn.mech_driver.mech_driver [None req-c4f15a5a-f955-44c0-bba4-32da3d83dd54 - - - - - -] OVN reports status down for port: 25ef7c11-5189-49ef-b19b-d55f9000dc2c
2026-07-15 06:09:51.225 7 WARNING neutron.scheduler.dhcp_agent_scheduler [None req-4290c5f6-b5b5-4768-bf89-58a59a0fb994 28d5d8974c544225b52933933c20b979 63f58d9e8b4c407f85d23ab51987db00 - - default default] No more DHCP agents
2026-07-15 06:09:51.228 7 WARNING neutron.api.rpc.agentnotifiers.dhcp_rpc_agent_api [None req-4290c5f6-b5b5-4768-bf89-58a59a0fb994 28d5d8974c544225b52933933c20b979 63f58d9e8b4c407f85d23ab51987db00 - - default default] Unable to schedule network c3d03b2a-ad4c-42f2-8515-a02b28d9b569: no agents available; will retry on subsequent port and subnet creation events.
2026-07-15 06:09:51.230 8 INFO neutron.db.ovn_revision_numbers_db [None req-e71ea0a6-18d9-4e5e-9889-b79ea0021f8a 849e3e2e83a648608593d58c5236d827 c903fb314218420daa48aefa39db7052 - - default default] Successfully bumped revision number for resource 25ef7c11-5189-49ef-b19b-d55f9000dc2c (type: ports) to 1 [pid: 8|app: 0|req: 794/1583] 10.0.0.104 () {34 vars in 669 bytes} [Wed Jul 15 06:09:50 2026] POST /v2.0/networks => generated 632 bytes in 563 msecs (HTTP/1.1 201) 4 headers in 162 bytes (1 switches on core 0) [pid: 8|app: 0|req: 795/1584] 10.0.0.87 () {34 vars in 988 bytes} [Wed Jul 15 06:09:51 2026] GET /v2.0/ports?device_id=d0b454a5-911f-4a2c-a3d5-e33bee6e8684 => generated 971 bytes in 32 msecs (HTTP/1.1 200) 4 headers in 157 bytes (1 switches on core 0)
2026-07-15 06:09:51.497 8 WARNING neutron.scheduler.dhcp_agent_scheduler [None req-26d8ca1d-5356-4eb5-a276-08c0bc4aff14 849e3e2e83a648608593d58c5236d827 c903fb314218420daa48aefa39db7052 - - default default] No more DHCP agents
2026-07-15 06:09:51.498 8 WARNING neutron.api.rpc.agentnotifiers.dhcp_rpc_agent_api [None req-26d8ca1d-5356-4eb5-a276-08c0bc4aff14 849e3e2e83a648608593d58c5236d827 c903fb314218420daa48aefa39db7052 - - default default] Unable to schedule network cc76ec06-f2ef-4abf-8337-4b4ce8709232: no agents available; will retry on subsequent port and subnet creation events.
2026-07-15 06:09:51.688 7 INFO neutron.db.ovn_revision_numbers_db [None req-1b29a041-af84-4691-bf53-f2d8fe55aacf - - - - - -] Successfully bumped revision number for resource da0a12fa-969d-4013-8e46-6e94568ea066 (type: ports) to 2
2026-07-15 06:09:51.719 7 INFO neutron.db.ovn_revision_numbers_db [None req-1b29a041-af84-4691-bf53-f2d8fe55aacf - - - - - -] Successfully bumped revision number for resource aa51cb40-e389-4c8c-9914-7f35cd08cd33 (type: subnets) to 0 [pid: 7|app: 0|req: 790/1585] 10.0.0.104 () {34 vars in 668 bytes} [Wed Jul 15 06:09:51 2026] POST /v2.0/subnets => generated 626 bytes in 715 msecs (HTTP/1.1 201) 4 headers in 162 bytes (1 switches on core 0) [pid: 7|app: 0|req: 791/1586] 10.0.0.87 () {34 vars in 1038 bytes} [Wed Jul 15 06:09:51 2026] GET /v2.0/security-groups?id=996412bd-ab64-4439-939d-46cd5da64bf9&fields=id&fields=name => generated 113 bytes in 27 msecs (HTTP/1.1 200) 4 headers in 157 bytes (1 switches on core 0)
2026-07-15 06:09:51.886 8 INFO neutron.db.ovn_revision_numbers_db [None req-3231daba-d615-4642-b97f-8fe0ab03556c - - - - - -] Successfully bumped revision number for resource 25ef7c11-5189-49ef-b19b-d55f9000dc2c (type: ports) to 2
2026-07-15 06:09:51.934 8 INFO neutron.db.ovn_revision_numbers_db [None req-3231daba-d615-4642-b97f-8fe0ab03556c - - - - - -] Successfully bumped revision number for resource 27f74cf7-fafc-469c-86f0-cdd12aa0ee5b (type: subnets) to 0 [pid: 8|app: 0|req: 796/1587] 10.0.0.104 () {34 vars in 668 bytes} [Wed Jul 15 06:09:51 2026] POST /v2.0/subnets => generated 626 bytes in 675 msecs (HTTP/1.1 201) 4 headers in 162 bytes (1 switches on core 0)
2026-07-15 06:09:52.032 7 INFO neutron.db.ovn_revision_numbers_db [None req-7a78b16a-b3be-4c4a-9109-b2d47515695e 28d5d8974c544225b52933933c20b979 63f58d9e8b4c407f85d23ab51987db00 - - default default] Successfully bumped revision number for resource aa51cb40-e389-4c8c-9914-7f35cd08cd33 (type: subnets) to 1 [pid: 7|app: 0|req: 792/1588] 10.0.0.104 () {34 vars in 740 bytes} [Wed Jul 15 06:09:51 2026] PUT /v2.0/subnets/aa51cb40-e389-4c8c-9914-7f35cd08cd33 => generated 636 bytes in 274 msecs (HTTP/1.1 200) 4 headers in 157 bytes (1 switches on core 0)
2026-07-15 06:09:52.099 7 INFO neutron.plugins.ml2.drivers.ovn.mech_driver.mech_driver [None req-c4f15a5a-f955-44c0-bba4-32da3d83dd54 - - - - - -] OVN reports status down for port: 374da473-e50e-4655-9f4b-550a32dd1305
2026-07-15 06:09:52.235 7 INFO neutron_taas.services.taas.taas_plugin [None req-287947bb-5e71-404c-83ca-5ff5b6faddc9 28d5d8974c544225b52933933c20b979 63f58d9e8b4c407f85d23ab51987db00 - - default default] TaaS: Handle Delete Port: da0a12fa-969d-4013-8e46-6e94568ea066
2026-07-15 06:09:52.246 7 INFO neutron_taas.services.taas.tap_mirror_plugin [None req-287947bb-5e71-404c-83ca-5ff5b6faddc9 28d5d8974c544225b52933933c20b979 63f58d9e8b4c407f85d23ab51987db00 - - default default] Tap Mirror: Handle Delete Port: da0a12fa-969d-4013-8e46-6e94568ea066
2026-07-15 06:09:52.270 8 WARNING neutron.scheduler.dhcp_agent_scheduler [None req-625b1e53-4a82-4262-9dce-fb0c34ebfb50 849e3e2e83a648608593d58c5236d827 c903fb314218420daa48aefa39db7052 - - default default] No more DHCP agents
2026-07-15 06:09:52.271 8 WARNING neutron.api.rpc.agentnotifiers.dhcp_rpc_agent_api [None req-625b1e53-4a82-4262-9dce-fb0c34ebfb50 849e3e2e83a648608593d58c5236d827 c903fb314218420daa48aefa39db7052 - - default default] Unable to schedule network cc76ec06-f2ef-4abf-8337-4b4ce8709232: no agents available; will retry on subsequent port and subnet creation events.
2026-07-15 06:09:52.276 7 INFO neutron.notifiers.nova [-] Nova event matching ['req-7641dacb-795d-4b03-8940-b81889a84800'] response: {'server_uuid': 'd0b454a5-911f-4a2c-a3d5-e33bee6e8684', 'name': 'network-vif-unplugged', 'status': 'completed', 'tag': '374da473-e50e-4655-9f4b-550a32dd1305', 'code': 200}
2026-07-15 06:09:52.406 8 INFO neutron.db.ovn_revision_numbers_db [None req-625b1e53-4a82-4262-9dce-fb0c34ebfb50 849e3e2e83a648608593d58c5236d827 c903fb314218420daa48aefa39db7052 - - default default] Successfully bumped revision number for resource 816055d6-192e-410e-86b1-a9588d9df528 (type: ports) to 1 [pid: 8|app: 0|req: 797/1589] 10.0.0.104 () {34 vars in 664 bytes} [Wed Jul 15 06:09:51 2026] POST /v2.0/ports => generated 950 bytes in 465 msecs (HTTP/1.1 201) 4 headers in 162 bytes (1 switches on core 0) /var/lib/openstack/lib/python3.12/site-packages/pycadf/identifier.py:70: UserWarning: Invalid uuid: neutron. To ensure interoperability, identifiers should be a valid uuid. warnings.warn(('Invalid uuid: %s. To ensure interoperability, '
2026-07-15 06:09:52.483 7 INFO neutron.db.ovn_revision_numbers_db [None req-c4f15a5a-f955-44c0-bba4-32da3d83dd54 - - - - - -] Successfully bumped revision number for resource 374da473-e50e-4655-9f4b-550a32dd1305 (type: ports) to 8
2026-07-15 06:09:52.581 7 INFO neutron.plugins.ml2.drivers.ovn.mech_driver.mech_driver [None req-45157e27-7e84-4492-8177-0136c1be1277 - - - - - -] OVN reports status down for port: 816055d6-192e-410e-86b1-a9588d9df528
2026-07-15 06:09:52.584 8 INFO neutron_taas.services.taas.taas_plugin [None req-28dbce8a-3dce-484a-a220-4e7fbef70176 849e3e2e83a648608593d58c5236d827 c903fb314218420daa48aefa39db7052 - - default default] TaaS: Handle Delete Port: 816055d6-192e-410e-86b1-a9588d9df528
2026-07-15 06:09:52.587 8 INFO neutron_taas.services.taas.tap_mirror_plugin [None req-28dbce8a-3dce-484a-a220-4e7fbef70176 849e3e2e83a648608593d58c5236d827 c903fb314218420daa48aefa39db7052 - - default default] Tap Mirror: Handle Delete Port: 816055d6-192e-410e-86b1-a9588d9df528 [pid: 8|app: 0|req: 798/1590] 10.0.0.104 () {32 vars in 719 bytes} [Wed Jul 15 06:09:52 2026] DELETE /v2.0/ports/816055d6-192e-410e-86b1-a9588d9df528 => generated 0 bytes in 281 msecs (HTTP/1.1 204) 3 headers in 131 bytes (1 switches on core 0)
2026-07-15 06:09:52.724 7 INFO neutron.services.segments.plugin [-] Segment 8a1d4fe7-dda1-471d-a2e5-8eccb9db43c3 resource provider aggregate not found
2026-07-15 06:09:52.733 7 INFO neutron.services.segments.plugin [-] Segment 8a1d4fe7-dda1-471d-a2e5-8eccb9db43c3 resource provider aggregate not found
2026-07-15 06:09:52.740 8 INFO neutron.pecan_wsgi.hooks.translation [None req-fcb0f040-f308-499a-abdb-8d8e9078fb54 849e3e2e83a648608593d58c5236d827 c903fb314218420daa48aefa39db7052 - - default default] DELETE failed (client error): The resource could not be found. [pid: 8|app: 0|req: 799/1591] 10.0.0.104 () {32 vars in 719 bytes} [Wed Jul 15 06:09:52 2026] DELETE /v2.0/ports/816055d6-192e-410e-86b1-a9588d9df528 => generated 132 bytes in 18 msecs (HTTP/1.1 404) 4 headers in 164 bytes (1 switches on core 0)
2026-07-15 06:09:52.755 7 INFO neutron.services.segments.plugin [-] Client error retrieving segment 8a1d4fe7-dda1-471d-a2e5-8eccb9db43c3 resource provider; error: Placement Client Error (4xx): {"errors": [{"status": 404, "title": "Not Found", "detail": "The resource could not be found.\n\n No resource provider with uuid 8a1d4fe7-dda1-471d-a2e5-8eccb9db43c3 found for delete ", "request_id": "req-b8d58972-3274-4543-bd47-6bc14132283d"}]}
2026-07-15 06:09:52.755 7 INFO neutron.services.segments.plugin [-] Client error retrieving segment 8a1d4fe7-dda1-471d-a2e5-8eccb9db43c3 resource provider; error: Placement Client Error (4xx): {"errors": [{"status": 404, "title": "Not Found", "detail": "The resource could not be found.\n\n No resource provider with uuid 8a1d4fe7-dda1-471d-a2e5-8eccb9db43c3 found for delete ", "request_id": "req-a2342ada-7b6d-4def-984b-9a3c7eef4e29"}]}
2026-07-15 06:09:52.767 8 INFO neutron.pecan_wsgi.hooks.translation [None req-c1d90583-f783-496f-93a5-868135e3d540 849e3e2e83a648608593d58c5236d827 c903fb314218420daa48aefa39db7052 - - default default] GET failed (client error): The resource could not be found. [pid: 8|app: 0|req: 800/1592] 10.0.0.104 () {32 vars in 716 bytes} [Wed Jul 15 06:09:52 2026] GET /v2.0/ports/816055d6-192e-410e-86b1-a9588d9df528 => generated 132 bytes in 22 msecs (HTTP/1.1 404) 4 headers in 164 bytes (1 switches on core 0) [pid: 7|app: 0|req: 793/1593] 10.0.0.104 () {32 vars in 725 bytes} [Wed Jul 15 06:09:52 2026] DELETE /v2.0/networks/c3d03b2a-ad4c-42f2-8515-a02b28d9b569 => generated 0 bytes in 735 msecs (HTTP/1.1 204) 3 headers in 131 bytes (1 switches on core 0) /var/lib/openstack/lib/python3.12/site-packages/pycadf/identifier.py:70: UserWarning: Invalid uuid: neutron. To ensure interoperability, identifiers should be a valid uuid. warnings.warn(('Invalid uuid: %s. To ensure interoperability, '
2026-07-15 06:09:52.791 7 INFO neutron.pecan_wsgi.hooks.translation [None req-daf873ed-6917-46a6-a4ef-372e6970bab8 28d5d8974c544225b52933933c20b979 63f58d9e8b4c407f85d23ab51987db00 - - default default] DELETE failed (client error): The resource could not be found. [pid: 7|app: 0|req: 794/1594] 10.0.0.104 () {32 vars in 725 bytes} [Wed Jul 15 06:09:52 2026] DELETE /v2.0/networks/c3d03b2a-ad4c-42f2-8515-a02b28d9b569 => generated 138 bytes in 16 msecs (HTTP/1.1 404) 4 headers in 164 bytes (1 switches on core 0) [pid: 7|app: 0|req: 795/1595] 10.0.0.104 () {32 vars in 693 bytes} [Wed Jul 15 06:09:52 2026] GET /v2.0/networks?router%3Aexternal=True => generated 651 bytes in 59 msecs (HTTP/1.1 200) 4 headers in 157 bytes (1 switches on core 0) [pid: 8|app: 0|req: 801/1596] 10.0.0.104 () {32 vars in 723 bytes} [Wed Jul 15 06:09:52 2026] DELETE /v2.0/subnets/27f74cf7-fafc-469c-86f0-cdd12aa0ee5b => generated 0 bytes in 166 msecs (HTTP/1.1 204) 3 headers in 131 bytes (1 switches on core 0) [pid: 7|app: 0|req: 796/1597] 10.0.0.87 () {34 vars in 988 bytes} [Wed Jul 15 06:09:52 2026] GET /v2.0/ports?device_id=d0b454a5-911f-4a2c-a3d5-e33bee6e8684 => generated 969 bytes in 82 msecs (HTTP/1.1 200) 4 headers in 157 bytes (1 switches on core 0) [pid: 8|app: 0|req: 802/1598] 10.0.0.104 () {32 vars in 741 bytes} [Wed Jul 15 06:09:52 2026] GET /v2.0/subnets?network_id=6d82eaeb-e8a1-41b6-ae2b-2ec63120f51b => generated 649 bytes in 34 msecs (HTTP/1.1 200) 4 headers in 157 bytes (1 switches on core 0) [pid: 8|app: 0|req: 803/1599] 10.0.0.87 () {34 vars in 1038 bytes} [Wed Jul 15 06:09:52 2026] GET /v2.0/security-groups?id=996412bd-ab64-4439-939d-46cd5da64bf9&fields=id&fields=name => generated 113 bytes in 27 msecs (HTTP/1.1 200) 4 headers in 157 bytes (1 switches on core 0) [pid: 8|app: 0|req: 804/1600] 10.0.0.104 () {32 vars in 652 bytes} [Wed Jul 15 06:09:53 2026] GET /v2.0/extensions => generated 20118 bytes in 6 msecs (HTTP/1.1 200) 4 headers in 159 bytes (1 switches on core 0)
2026-07-15 06:09:53.069 7 INFO neutron_taas.services.taas.taas_plugin [None req-31629e7d-43bf-441b-a041-7849798bbdcd 849e3e2e83a648608593d58c5236d827 c903fb314218420daa48aefa39db7052 - - default default] TaaS: Handle Delete Port: 25ef7c11-5189-49ef-b19b-d55f9000dc2c
2026-07-15 06:09:53.073 7 INFO neutron_taas.services.taas.tap_mirror_plugin [None req-31629e7d-43bf-441b-a041-7849798bbdcd 849e3e2e83a648608593d58c5236d827 c903fb314218420daa48aefa39db7052 - - default default] Tap Mirror: Handle Delete Port: 25ef7c11-5189-49ef-b19b-d55f9000dc2c [pid: 8|app: 0|req: 805/1601] 10.0.0.104 () {32 vars in 648 bytes} [Wed Jul 15 06:09:53 2026] GET /v2.0/networks => generated 1309 bytes in 58 msecs (HTTP/1.1 200) 4 headers in 158 bytes (1 switches on core 0) [pid: 8|app: 0|req: 806/1602] 10.0.0.104 () {32 vars in 646 bytes} [Wed Jul 15 06:09:53 2026] GET /v2.0/subnets => generated 1280 bytes in 50 msecs (HTTP/1.1 200) 4 headers in 158 bytes (1 switches on core 0) [pid: 8|app: 0|req: 807/1603] 10.0.0.104 () {32 vars in 722 bytes} [Wed Jul 15 06:09:53 2026] GET /v2.0/networks/0da07687-0c82-466d-96df-8431f4d8cd08 => generated 669 bytes in 51 msecs (HTTP/1.1 200) 4 headers in 157 bytes (1 switches on core 0) [pid: 8|app: 0|req: 808/1604] 10.0.0.104 () {32 vars in 720 bytes} [Wed Jul 15 06:09:53 2026] GET /v2.0/subnets/112c9290-3da8-4ba4-b295-2106b9b05769 => generated 641 bytes in 29 msecs (HTTP/1.1 200) 4 headers in 157 bytes (1 switches on core 0)
2026-07-15 06:09:53.239 8 INFO neutron.pecan_wsgi.hooks.translation [None req-e11e5293-ec31-409e-8c2b-8c2776c1f5ee 28d5d8974c544225b52933933c20b979 63f58d9e8b4c407f85d23ab51987db00 - - default default] DELETE failed (client error): The resource could not be found. [pid: 8|app: 0|req: 809/1605] 10.0.0.104 () {32 vars in 723 bytes} [Wed Jul 15 06:09:53 2026] DELETE /v2.0/subnets/aa51cb40-e389-4c8c-9914-7f35cd08cd33 => generated 136 bytes in 13 msecs (HTTP/1.1 404) 4 headers in 164 bytes (1 switches on core 0)
2026-07-15 06:09:53.263 8 INFO neutron.pecan_wsgi.hooks.translation [None req-c2266a04-f75e-4833-8d8e-f1bf35e82b9b 28d5d8974c544225b52933933c20b979 63f58d9e8b4c407f85d23ab51987db00 - - default default] DELETE failed (client error): The resource could not be found. [pid: 8|app: 0|req: 810/1606] 10.0.0.104 () {32 vars in 725 bytes} [Wed Jul 15 06:09:53 2026] DELETE /v2.0/networks/c3d03b2a-ad4c-42f2-8515-a02b28d9b569 => generated 138 bytes in 20 msecs (HTTP/1.1 404) 4 headers in 164 bytes (1 switches on core 0) [pid: 7|app: 0|req: 797/1607] 10.0.0.104 () {32 vars in 725 bytes} [Wed Jul 15 06:09:52 2026] DELETE /v2.0/networks/cc76ec06-f2ef-4abf-8337-4b4ce8709232 => generated 0 bytes in 321 msecs (HTTP/1.1 204) 3 headers in 131 bytes (1 switches on core 0)
2026-07-15 06:09:53.359 7 INFO neutron.db.segments_db [None req-6f077079-d185-4999-9349-5022dd05bd08 849e3e2e83a648608593d58c5236d827 c903fb314218420daa48aefa39db7052 - - default default] Added segment 727a3d14-2385-41aa-9a48-1c77c69e2f2d of type geneve for network 795a5fdf-99f1-4fc4-a8cb-646b9be5c9bc [pid: 8|app: 0|req: 811/1608] 10.0.0.104 () {32 vars in 723 bytes} [Wed Jul 15 06:09:53 2026] DELETE /v2.0/subnets/112c9290-3da8-4ba4-b295-2106b9b05769 => generated 0 bytes in 155 msecs (HTTP/1.1 204) 3 headers in 131 bytes (1 switches on core 0) [pid: 8|app: 0|req: 812/1609] 199.204.45.4 () {34 vars in 991 bytes} [Wed Jul 15 06:09:53 2026] GET /v2.0/ports?device_id=d0b454a5-911f-4a2c-a3d5-e33bee6e8684 => generated 969 bytes in 35 msecs (HTTP/1.1 200) 4 headers in 157 bytes (1 switches on core 0)
2026-07-15 06:09:53.469 7 INFO neutron.db.ovn_revision_numbers_db [None req-6f077079-d185-4999-9349-5022dd05bd08 849e3e2e83a648608593d58c5236d827 c903fb314218420daa48aefa39db7052 - - default default] Successfully bumped revision number for resource 795a5fdf-99f1-4fc4-a8cb-646b9be5c9bc (type: networks) to 1
2026-07-15 06:09:53.568 8 INFO neutron_taas.services.taas.taas_plugin [None req-d4fb39b8-e6b2-4d55-9cef-b1de645b35f1 28d5d8974c544225b52933933c20b979 63f58d9e8b4c407f85d23ab51987db00 - - default default] TaaS: Handle Delete Port: 57badfd1-2664-4604-83c8-8351e15e9f0d
2026-07-15 06:09:53.571 8 INFO neutron_taas.services.taas.tap_mirror_plugin [None req-d4fb39b8-e6b2-4d55-9cef-b1de645b35f1 28d5d8974c544225b52933933c20b979 63f58d9e8b4c407f85d23ab51987db00 - - default default] Tap Mirror: Handle Delete Port: 57badfd1-2664-4604-83c8-8351e15e9f0d
2026-07-15 06:09:53.618 7 WARNING neutron.scheduler.dhcp_agent_scheduler [None req-6f077079-d185-4999-9349-5022dd05bd08 849e3e2e83a648608593d58c5236d827 c903fb314218420daa48aefa39db7052 - - default default] No more DHCP agents
2026-07-15 06:09:53.619 7 WARNING neutron.api.rpc.agentnotifiers.dhcp_rpc_agent_api [None req-6f077079-d185-4999-9349-5022dd05bd08 849e3e2e83a648608593d58c5236d827 c903fb314218420daa48aefa39db7052 - - default default] Unable to schedule network 795a5fdf-99f1-4fc4-a8cb-646b9be5c9bc: no agents available; will retry on subsequent port and subnet creation events.
2026-07-15 06:09:53.667 8 INFO neutron.plugins.ml2.drivers.ovn.mech_driver.mech_driver [None req-6c58bc68-8748-4d03-9e98-aec45bd1665e - - - - - -] OVN reports status down for port: 39075152-a0ec-4879-bc8d-01c5816bd34f
2026-07-15 06:09:53.699 7 INFO neutron.db.ovn_revision_numbers_db [None req-6f077079-d185-4999-9349-5022dd05bd08 849e3e2e83a648608593d58c5236d827 c903fb314218420daa48aefa39db7052 - - default default] Successfully bumped revision number for resource 39075152-a0ec-4879-bc8d-01c5816bd34f (type: ports) to 1 [pid: 7|app: 0|req: 798/1610] 10.0.0.104 () {34 vars in 669 bytes} [Wed Jul 15 06:09:53 2026] POST /v2.0/networks => generated 632 bytes in 460 msecs (HTTP/1.1 201) 4 headers in 162 bytes (1 switches on core 0)
2026-07-15 06:09:53.813 8 INFO neutron.services.segments.plugin [-] Segment ce4d1452-0b90-4f65-9f80-6849e4e25e48 resource provider aggregate not found
2026-07-15 06:09:53.820 8 INFO neutron.services.segments.plugin [-] Segment ce4d1452-0b90-4f65-9f80-6849e4e25e48 resource provider aggregate not found
2026-07-15 06:09:53.834 8 INFO neutron.services.segments.plugin [-] Client error retrieving segment ce4d1452-0b90-4f65-9f80-6849e4e25e48 resource provider; error: Placement Client Error (4xx): {"errors": [{"status": 404, "title": "Not Found", "detail": "The resource could not be found.\n\n No resource provider with uuid ce4d1452-0b90-4f65-9f80-6849e4e25e48 found for delete ", "request_id": "req-004789a5-c92e-41ff-b8a9-25849f89cb11"}]}
2026-07-15 06:09:53.839 8 INFO neutron.services.segments.plugin [-] Client error retrieving segment ce4d1452-0b90-4f65-9f80-6849e4e25e48 resource provider; error: Placement Client Error (4xx): {"errors": [{"status": 404, "title": "Not Found", "detail": "The resource could not be found.\n\n No resource provider with uuid ce4d1452-0b90-4f65-9f80-6849e4e25e48 found for delete ", "request_id": "req-56d94b47-ffd8-42d9-984f-a9b3917c444a"}]} [pid: 8|app: 0|req: 813/1611] 10.0.0.104 () {32 vars in 725 bytes} [Wed Jul 15 06:09:53 2026] DELETE /v2.0/networks/0da07687-0c82-466d-96df-8431f4d8cd08 => generated 0 bytes in 397 msecs (HTTP/1.1 204) 3 headers in 131 bytes (1 switches on core 0)
2026-07-15 06:09:53.860 7 INFO neutron_taas.services.taas.taas_plugin [req-609d75a8-c148-486b-b67c-85d8e52f167a req-a6effc88-00e6-442f-982b-8cc5201f5054 51fb322a73e34cc2b73fd063f22db211 d55842b175ee497eb1222b5712be3f87 - - default default] TaaS: Handle Delete Port: 374da473-e50e-4655-9f4b-550a32dd1305
2026-07-15 06:09:53.864 7 INFO neutron_taas.services.taas.tap_mirror_plugin [req-609d75a8-c148-486b-b67c-85d8e52f167a req-a6effc88-00e6-442f-982b-8cc5201f5054 51fb322a73e34cc2b73fd063f22db211 d55842b175ee497eb1222b5712be3f87 - - default default] Tap Mirror: Handle Delete Port: 374da473-e50e-4655-9f4b-550a32dd1305
2026-07-15 06:09:54.066 7 INFO neutron.db.l3_db [req-609d75a8-c148-486b-b67c-85d8e52f167a req-a6effc88-00e6-442f-982b-8cc5201f5054 51fb322a73e34cc2b73fd063f22db211 d55842b175ee497eb1222b5712be3f87 - - default default] Floating IP 199e93b2-7b79-413c-a507-35cae69a202a disassociated. External IP: 10.96.250.216, port: 374da473-e50e-4655-9f4b-550a32dd1305.
2026-07-15 06:09:54.080 8 WARNING neutron.scheduler.dhcp_agent_scheduler [None req-f41de033-7b0c-484a-bdb1-062fd27dd6f8 849e3e2e83a648608593d58c5236d827 c903fb314218420daa48aefa39db7052 - - default default] No more DHCP agents
2026-07-15 06:09:54.081 8 WARNING neutron.api.rpc.agentnotifiers.dhcp_rpc_agent_api [None req-f41de033-7b0c-484a-bdb1-062fd27dd6f8 849e3e2e83a648608593d58c5236d827 c903fb314218420daa48aefa39db7052 - - default default] Unable to schedule network 795a5fdf-99f1-4fc4-a8cb-646b9be5c9bc: no agents available; will retry on subsequent port and subnet creation events. [pid: 7|app: 0|req: 799/1612] 199.204.45.4 () {36 vars in 994 bytes} [Wed Jul 15 06:09:53 2026] DELETE /v2.0/ports/374da473-e50e-4655-9f4b-550a32dd1305 => generated 0 bytes in 456 msecs (HTTP/1.1 204) 3 headers in 131 bytes (1 switches on core 0) [pid: 7|app: 0|req: 800/1613] 10.0.0.87 () {34 vars in 988 bytes} [Wed Jul 15 06:09:54 2026] GET /v2.0/ports?device_id=d0b454a5-911f-4a2c-a3d5-e33bee6e8684 => generated 12 bytes in 15 msecs (HTTP/1.1 200) 4 headers in 156 bytes (1 switches on core 0)
2026-07-15 06:09:54.305 7 INFO neutron.notifiers.nova [-] Nova event matching ['req-477eccb5-e460-4d5c-951f-3abed328c264'] response: {'server_uuid': 'd0b454a5-911f-4a2c-a3d5-e33bee6e8684', 'name': 'network-vif-unplugged', 'status': 'completed', 'tag': '374da473-e50e-4655-9f4b-550a32dd1305', 'code': 200}
2026-07-15 06:09:54.306 7 INFO neutron.notifiers.nova [-] Nova event matching ['req-477eccb5-e460-4d5c-951f-3abed328c264'] response: {'server_uuid': 'd0b454a5-911f-4a2c-a3d5-e33bee6e8684', 'name': 'network-vif-deleted', 'tag': '374da473-e50e-4655-9f4b-550a32dd1305', 'status': 'completed', 'code': 200} [pid: 7|app: 0|req: 801/1614] 10.0.0.104 () {32 vars in 773 bytes} [Wed Jul 15 06:09:54 2026] GET /v2.0/security-groups?tenant_id=63f58d9e8b4c407f85d23ab51987db00&name=default => generated 2925 bytes in 113 msecs (HTTP/1.1 200) 4 headers in 158 bytes (1 switches on core 0)
2026-07-15 06:09:54.504 8 INFO neutron.db.ovn_revision_numbers_db [None req-2876a14a-3884-4849-b163-e65262b44042 - - - - - -] Successfully bumped revision number for resource 39075152-a0ec-4879-bc8d-01c5816bd34f (type: ports) to 2
2026-07-15 06:09:54.535 8 INFO neutron.db.ovn_revision_numbers_db [None req-2876a14a-3884-4849-b163-e65262b44042 - - - - - -] Successfully bumped revision number for resource bbbebabd-c979-41ad-8739-dd9ac2fdbb92 (type: subnets) to 0 [pid: 8|app: 0|req: 814/1615] 10.0.0.104 () {34 vars in 668 bytes} [Wed Jul 15 06:09:53 2026] POST /v2.0/subnets => generated 626 bytes in 690 msecs (HTTP/1.1 201) 4 headers in 162 bytes (1 switches on core 0) /var/lib/openstack/lib/python3.12/site-packages/pycadf/identifier.py:70: UserWarning: Invalid uuid: neutron. To ensure interoperability, identifiers should be a valid uuid. warnings.warn(('Invalid uuid: %s. To ensure interoperability, ' [pid: 7|app: 0|req: 802/1616] 10.0.0.104 () {32 vars in 739 bytes} [Wed Jul 15 06:09:54 2026] DELETE /v2.0/security-groups/27203f35-2d02-4a8e-b630-490a53a6d0c5 => generated 0 bytes in 232 msecs (HTTP/1.1 204) 2 headers in 112 bytes (1 switches on core 0)
2026-07-15 06:09:54.773 7 INFO neutron.services.segments.plugin [-] Segment e4af56af-88a2-4439-a9bb-804dabc9cf0a resource provider aggregate not found
2026-07-15 06:09:54.782 7 INFO neutron.services.segments.plugin [-] Segment e4af56af-88a2-4439-a9bb-804dabc9cf0a resource provider aggregate not found
2026-07-15 06:09:54.793 7 INFO neutron.services.segments.plugin [-] Client error retrieving segment e4af56af-88a2-4439-a9bb-804dabc9cf0a resource provider; error: Placement Client Error (4xx): {"errors": [{"status": 404, "title": "Not Found", "detail": "The resource could not be found.\n\n No resource provider with uuid e4af56af-88a2-4439-a9bb-804dabc9cf0a found for delete ", "request_id": "req-e10d2a3f-dd3a-4ba7-9044-14c712e85934"}]}
2026-07-15 06:09:54.803 7 INFO neutron.services.segments.plugin [-] Client error retrieving segment e4af56af-88a2-4439-a9bb-804dabc9cf0a resource provider; error: Placement Client Error (4xx): {"errors": [{"status": 404, "title": "Not Found", "detail": "The resource could not be found.\n\n No resource provider with uuid e4af56af-88a2-4439-a9bb-804dabc9cf0a found for delete ", "request_id": "req-92f5e0fe-30bb-4477-8bbf-f155827bb8ab"}]}
2026-07-15 06:09:54.805 8 WARNING neutron.scheduler.dhcp_agent_scheduler [None req-386ce735-5f9a-4b06-8c0e-531357f2b035 849e3e2e83a648608593d58c5236d827 c903fb314218420daa48aefa39db7052 - - default default] No more DHCP agents
2026-07-15 06:09:54.806 8 WARNING neutron.api.rpc.agentnotifiers.dhcp_rpc_agent_api [None req-386ce735-5f9a-4b06-8c0e-531357f2b035 849e3e2e83a648608593d58c5236d827 c903fb314218420daa48aefa39db7052 - - default default] Unable to schedule network 795a5fdf-99f1-4fc4-a8cb-646b9be5c9bc: no agents available; will retry on subsequent port and subnet creation events.
2026-07-15 06:09:54.919 7 INFO neutron.plugins.ml2.drivers.ovn.mech_driver.mech_driver [None req-45157e27-7e84-4492-8177-0136c1be1277 - - - - - -] OVN reports status down for port: 76027fbd-8a33-4d8d-8313-5046eea9903c
2026-07-15 06:09:54.939 8 INFO neutron.db.ovn_revision_numbers_db [None req-386ce735-5f9a-4b06-8c0e-531357f2b035 849e3e2e83a648608593d58c5236d827 c903fb314218420daa48aefa39db7052 - - default default] Successfully bumped revision number for resource 76027fbd-8a33-4d8d-8313-5046eea9903c (type: ports) to 1 [pid: 8|app: 0|req: 815/1617] 10.0.0.104 () {34 vars in 664 bytes} [Wed Jul 15 06:09:54 2026] POST /v2.0/ports => generated 915 bytes in 413 msecs (HTTP/1.1 201) 4 headers in 162 bytes (1 switches on core 0)
2026-07-15 06:09:55.165 7 INFO neutron_taas.services.taas.taas_plugin [None req-51f78b28-001c-4bf1-87bc-179a69184d19 849e3e2e83a648608593d58c5236d827 c903fb314218420daa48aefa39db7052 - - default default] TaaS: Handle Delete Port: 76027fbd-8a33-4d8d-8313-5046eea9903c
2026-07-15 06:09:55.167 7 INFO neutron_taas.services.taas.tap_mirror_plugin [None req-51f78b28-001c-4bf1-87bc-179a69184d19 849e3e2e83a648608593d58c5236d827 c903fb314218420daa48aefa39db7052 - - default default] Tap Mirror: Handle Delete Port: 76027fbd-8a33-4d8d-8313-5046eea9903c [pid: 7|app: 0|req: 803/1618] 10.0.0.104 () {32 vars in 719 bytes} [Wed Jul 15 06:09:54 2026] DELETE /v2.0/ports/76027fbd-8a33-4d8d-8313-5046eea9903c => generated 0 bytes in 336 msecs (HTTP/1.1 204) 3 headers in 131 bytes (1 switches on core 0) [pid: 8|app: 0|req: 816/1619] 10.0.0.87 () {34 vars in 988 bytes} [Wed Jul 15 06:09:55 2026] GET /v2.0/ports?device_id=d0b454a5-911f-4a2c-a3d5-e33bee6e8684 => generated 12 bytes in 51 msecs (HTTP/1.1 200) 4 headers in 156 bytes (1 switches on core 0)
2026-07-15 06:09:55.327 7 INFO neutron.pecan_wsgi.hooks.translation [None req-a2efd7bf-2b49-46c4-b3b8-c23a18f2623c 849e3e2e83a648608593d58c5236d827 c903fb314218420daa48aefa39db7052 - - default default] GET failed (client error): The resource could not be found. [pid: 7|app: 0|req: 804/1620] 10.0.0.104 () {32 vars in 716 bytes} [Wed Jul 15 06:09:55 2026] GET /v2.0/ports/76027fbd-8a33-4d8d-8313-5046eea9903c => generated 132 bytes in 13 msecs (HTTP/1.1 404) 4 headers in 164 bytes (1 switches on core 0) [pid: 8|app: 0|req: 817/1621] 10.0.0.104 () {32 vars in 723 bytes} [Wed Jul 15 06:09:55 2026] DELETE /v2.0/subnets/bbbebabd-c979-41ad-8739-dd9ac2fdbb92 => generated 0 bytes in 154 msecs (HTTP/1.1 204) 3 headers in 131 bytes (1 switches on core 0)
2026-07-15 06:09:55.611 7 INFO neutron_taas.services.taas.taas_plugin [None req-c0286a1b-081b-45ee-a13d-f2880b66dd8c 849e3e2e83a648608593d58c5236d827 c903fb314218420daa48aefa39db7052 - - default default] TaaS: Handle Delete Port: 39075152-a0ec-4879-bc8d-01c5816bd34f
2026-07-15 06:09:55.614 7 INFO neutron_taas.services.taas.tap_mirror_plugin [None req-c0286a1b-081b-45ee-a13d-f2880b66dd8c 849e3e2e83a648608593d58c5236d827 c903fb314218420daa48aefa39db7052 - - default default] Tap Mirror: Handle Delete Port: 39075152-a0ec-4879-bc8d-01c5816bd34f [pid: 7|app: 0|req: 805/1622] 10.0.0.104 () {32 vars in 725 bytes} [Wed Jul 15 06:09:55 2026] DELETE /v2.0/networks/795a5fdf-99f1-4fc4-a8cb-646b9be5c9bc => generated 0 bytes in 337 msecs (HTTP/1.1 204) 3 headers in 131 bytes (1 switches on core 0)
2026-07-15 06:09:56.067 8 WARNING neutron.scheduler.dhcp_agent_scheduler [None req-8e0fd92a-3af3-4c88-a11e-3831aa294f27 849e3e2e83a648608593d58c5236d827 c903fb314218420daa48aefa39db7052 - - default default] No more DHCP agents
2026-07-15 06:09:56.068 8 WARNING neutron.api.rpc.agentnotifiers.dhcp_rpc_agent_api [None req-8e0fd92a-3af3-4c88-a11e-3831aa294f27 849e3e2e83a648608593d58c5236d827 c903fb314218420daa48aefa39db7052 - - default default] Unable to schedule network 11f7882c-b035-451b-b4e9-67f28c6bfd0d: no agents available; will retry on subsequent port and subnet creation events.
2026-07-15 06:09:56.125 7 INFO neutron.plugins.ml2.drivers.ovn.mech_driver.mech_driver [None req-45157e27-7e84-4492-8177-0136c1be1277 - - - - - -] OVN reports status down for port: 2b627daf-264f-494e-842c-a1f5ed93f66f
2026-07-15 06:09:56.167 8 INFO neutron.db.ovn_revision_numbers_db [None req-8e0fd92a-3af3-4c88-a11e-3831aa294f27 849e3e2e83a648608593d58c5236d827 c903fb314218420daa48aefa39db7052 - - default default] Successfully bumped revision number for resource 2b627daf-264f-494e-842c-a1f5ed93f66f (type: ports) to 1 [pid: 8|app: 0|req: 818/1623] 10.0.0.104 () {34 vars in 664 bytes} [Wed Jul 15 06:09:55 2026] POST /v2.0/ports => generated 774 bytes in 381 msecs (HTTP/1.1 201) 4 headers in 162 bytes (1 switches on core 0)
2026-07-15 06:09:56.453 7 INFO neutron.plugins.ml2.drivers.ovn.mech_driver.mech_driver [None req-45157e27-7e84-4492-8177-0136c1be1277 - - - - - -] OVN reports status down for port: 2b627daf-264f-494e-842c-a1f5ed93f66f
2026-07-15 06:09:56.502 7 INFO neutron.db.ovn_revision_numbers_db [None req-be6791c2-c4d5-4135-b3f9-211b77cefa9c 849e3e2e83a648608593d58c5236d827 c903fb314218420daa48aefa39db7052 - - default default] Successfully bumped revision number for resource 2b627daf-264f-494e-842c-a1f5ed93f66f (type: ports) to 2 /var/lib/openstack/lib/python3.12/site-packages/pycadf/identifier.py:70: UserWarning: Invalid uuid: neutron. To ensure interoperability, identifiers should be a valid uuid. warnings.warn(('Invalid uuid: %s. To ensure interoperability, ' [pid: 7|app: 0|req: 806/1624] 10.0.0.104 () {34 vars in 736 bytes} [Wed Jul 15 06:09:56 2026] PUT /v2.0/ports/2b627daf-264f-494e-842c-a1f5ed93f66f => generated 752 bytes in 337 msecs (HTTP/1.1 200) 4 headers in 157 bytes (1 switches on core 0) /var/lib/openstack/lib/python3.12/site-packages/pycadf/identifier.py:70: UserWarning: Invalid uuid: neutron. To ensure interoperability, identifiers should be a valid uuid. warnings.warn(('Invalid uuid: %s. To ensure interoperability, ' [pid: 7|app: 0|req: 807/1625] 10.0.0.87 () {34 vars in 988 bytes} [Wed Jul 15 06:09:56 2026] GET /v2.0/ports?device_id=d0b454a5-911f-4a2c-a3d5-e33bee6e8684 => generated 12 bytes in 20 msecs (HTTP/1.1 200) 4 headers in 156 bytes (1 switches on core 0) [pid: 8|app: 0|req: 819/1626] 10.0.0.104 () {34 vars in 676 bytes} [Wed Jul 15 06:09:56 2026] POST /v2.0/subnetpools => generated 549 bytes in 222 msecs (HTTP/1.1 201) 4 headers in 162 bytes (1 switches on core 0)
2026-07-15 06:09:56.719 8 INFO neutron_taas.services.taas.taas_plugin [None req-3d1ed5ed-ab58-4e7f-ac6e-3a6f60e4f5de 849e3e2e83a648608593d58c5236d827 c903fb314218420daa48aefa39db7052 - - default default] TaaS: Handle Delete Port: 2b627daf-264f-494e-842c-a1f5ed93f66f
2026-07-15 06:09:56.723 8 INFO neutron_taas.services.taas.tap_mirror_plugin [None req-3d1ed5ed-ab58-4e7f-ac6e-3a6f60e4f5de 849e3e2e83a648608593d58c5236d827 c903fb314218420daa48aefa39db7052 - - default default] Tap Mirror: Handle Delete Port: 2b627daf-264f-494e-842c-a1f5ed93f66f
2026-07-15 06:09:56.769 7 INFO neutron.db.ovn_revision_numbers_db [None req-2480d34f-3402-4269-9ac4-810a17db32db bec178ce6b094f0099a65394dffb2e5c 8cfd61b7ea9a41b782ccdaae49f46fc0 - - default default] Successfully bumped revision number for resource 9efa8ef1-e119-49af-bc85-66e440faa976 (type: security_groups) to 1
2026-07-15 06:09:56.780 7 INFO neutron.db.ovn_revision_numbers_db [None req-2480d34f-3402-4269-9ac4-810a17db32db bec178ce6b094f0099a65394dffb2e5c 8cfd61b7ea9a41b782ccdaae49f46fc0 - - default default] Successfully bumped revision number for resource 224bb9d7-843f-4a94-b1a6-5080c5ba4148 (type: security_group_rules) to 0
2026-07-15 06:09:56.798 7 INFO neutron.db.ovn_revision_numbers_db [None req-2480d34f-3402-4269-9ac4-810a17db32db bec178ce6b094f0099a65394dffb2e5c 8cfd61b7ea9a41b782ccdaae49f46fc0 - - default default] Successfully bumped revision number for resource 681046eb-a2bd-439f-b729-c1e213d209db (type: security_group_rules) to 0
2026-07-15 06:09:56.810 7 INFO neutron.services.segments.plugin [-] Segment 727a3d14-2385-41aa-9a48-1c77c69e2f2d resource provider aggregate not found
2026-07-15 06:09:56.819 7 INFO neutron.db.ovn_revision_numbers_db [None req-2480d34f-3402-4269-9ac4-810a17db32db bec178ce6b094f0099a65394dffb2e5c 8cfd61b7ea9a41b782ccdaae49f46fc0 - - default default] Successfully bumped revision number for resource b6b54104-fccb-4e74-87af-9374c5138b56 (type: security_group_rules) to 0
2026-07-15 06:09:56.835 7 INFO neutron.services.segments.plugin [-] Segment 727a3d14-2385-41aa-9a48-1c77c69e2f2d resource provider aggregate not found
2026-07-15 06:09:56.837 7 INFO neutron.services.segments.plugin [-] Client error retrieving segment 727a3d14-2385-41aa-9a48-1c77c69e2f2d resource provider; error: Placement Client Error (4xx): {"errors": [{"status": 404, "title": "Not Found", "detail": "The resource could not be found.\n\n No resource provider with uuid 727a3d14-2385-41aa-9a48-1c77c69e2f2d found for delete ", "request_id": "req-f632ae17-e911-4b00-a1ad-59062e2f3cc6"}]}
2026-07-15 06:09:56.850 7 INFO neutron.db.ovn_revision_numbers_db [None req-2480d34f-3402-4269-9ac4-810a17db32db bec178ce6b094f0099a65394dffb2e5c 8cfd61b7ea9a41b782ccdaae49f46fc0 - - default default] Successfully bumped revision number for resource d9bc3ec6-cdb5-46bd-80b0-f445674ee98e (type: security_group_rules) to 0
2026-07-15 06:09:56.859 7 INFO neutron.services.segments.plugin [-] Client error retrieving segment 727a3d14-2385-41aa-9a48-1c77c69e2f2d resource provider; error: Placement Client Error (4xx): {"errors": [{"status": 404, "title": "Not Found", "detail": "The resource could not be found.\n\n No resource provider with uuid 727a3d14-2385-41aa-9a48-1c77c69e2f2d found for delete ", "request_id": "req-edef2864-5cb6-4da1-a169-08de4280e0f8"}]} [pid: 8|app: 0|req: 820/1627] 10.0.0.104 () {32 vars in 719 bytes} [Wed Jul 15 06:09:56 2026] DELETE /v2.0/ports/2b627daf-264f-494e-842c-a1f5ed93f66f => generated 0 bytes in 261 msecs (HTTP/1.1 204) 3 headers in 131 bytes (1 switches on core 0) [pid: 8|app: 0|req: 821/1628] 10.0.0.104 () {32 vars in 728 bytes} [Wed Jul 15 06:09:56 2026] GET /v2.0/subnetpools/531b665c-1ca8-4e77-844b-77a1f79b4cc7 => generated 549 bytes in 18 msecs (HTTP/1.1 200) 4 headers in 157 bytes (1 switches on core 0) [pid: 7|app: 0|req: 808/1629] 10.0.0.104 () {32 vars in 773 bytes} [Wed Jul 15 06:09:56 2026] GET /v2.0/security-groups?tenant_id=cc1bead775834a94a4451736b9de1993&name=default => generated 2925 bytes in 311 msecs (HTTP/1.1 200) 4 headers in 158 bytes (1 switches on core 0) [pid: 8|app: 0|req: 822/1630] 10.0.0.104 () {32 vars in 642 bytes} [Wed Jul 15 06:09:56 2026] GET /v2.0/ports => generated 1534 bytes in 48 msecs (HTTP/1.1 200) 4 headers in 158 bytes (1 switches on core 0) [pid: 7|app: 0|req: 809/1631] 10.0.0.104 () {34 vars in 748 bytes} [Wed Jul 15 06:09:56 2026] PUT /v2.0/subnetpools/531b665c-1ca8-4e77-844b-77a1f79b4cc7 => generated 500 bytes in 63 msecs (HTTP/1.1 200) 4 headers in 157 bytes (1 switches on core 0)
2026-07-15 06:09:56.977 7 INFO neutron.pecan_wsgi.hooks.translation [None req-5be6c1f6-8067-4127-afd9-221224980f4b 849e3e2e83a648608593d58c5236d827 c903fb314218420daa48aefa39db7052 - - default default] GET failed (client error): The resource could not be found. [pid: 7|app: 0|req: 810/1632] 10.0.0.104 () {32 vars in 716 bytes} [Wed Jul 15 06:09:56 2026] GET /v2.0/ports/2b627daf-264f-494e-842c-a1f5ed93f66f => generated 132 bytes in 17 msecs (HTTP/1.1 404) 4 headers in 164 bytes (1 switches on core 0) [pid: 7|app: 0|req: 811/1633] 10.0.0.104 () {32 vars in 731 bytes} [Wed Jul 15 06:09:56 2026] DELETE /v2.0/subnetpools/531b665c-1ca8-4e77-844b-77a1f79b4cc7 => generated 0 bytes in 50 msecs (HTTP/1.1 204) 2 headers in 112 bytes (1 switches on core 0) [pid: 7|app: 0|req: 812/1634] 10.0.0.104 () {32 vars in 642 bytes} [Wed Jul 15 06:09:57 2026] GET /v2.0/ports => generated 1534 bytes in 40 msecs (HTTP/1.1 200) 4 headers in 158 bytes (1 switches on core 0)
2026-07-15 06:09:57.079 7 INFO neutron.api.v2.resource [None req-bc9be2f3-face-42d4-b4c9-d94de402d2ac 3089f073b7f84420b7b9d4098e8a86c3 a7af39c8c4f14066bcd3fe39ff0a9dda - - default default] show failed (client error): The resource could not be found. [pid: 7|app: 0|req: 813/1635] 10.0.0.104 () {32 vars in 728 bytes} [Wed Jul 15 06:09:57 2026] GET /v2.0/subnetpools/531b665c-1ca8-4e77-844b-77a1f79b4cc7 => generated 145 bytes in 9 msecs (HTTP/1.1 404) 4 headers in 164 bytes (1 switches on core 0) [pid: 7|app: 0|req: 814/1636] 10.0.0.104 () {32 vars in 716 bytes} [Wed Jul 15 06:09:57 2026] GET /v2.0/ports/8f73e503-c50f-4b73-8b54-c00c2ed97ba7 => generated 775 bytes in 39 msecs (HTTP/1.1 200) 4 headers in 157 bytes (1 switches on core 0)
2026-07-15 06:09:57.129 7 INFO neutron.api.v2.resource [None req-0b78befd-c293-4d88-9f4f-c1511079593b 3089f073b7f84420b7b9d4098e8a86c3 a7af39c8c4f14066bcd3fe39ff0a9dda - - default default] delete failed (client error): The resource could not be found. [pid: 7|app: 0|req: 815/1637] 10.0.0.104 () {32 vars in 731 bytes} [Wed Jul 15 06:09:57 2026] DELETE /v2.0/subnetpools/531b665c-1ca8-4e77-844b-77a1f79b4cc7 => generated 145 bytes in 10 msecs (HTTP/1.1 404) 4 headers in 164 bytes (1 switches on core 0) [pid: 8|app: 0|req: 823/1638] 10.0.0.104 () {32 vars in 739 bytes} [Wed Jul 15 06:09:56 2026] DELETE /v2.0/security-groups/9efa8ef1-e119-49af-bc85-66e440faa976 => generated 0 bytes in 212 msecs (HTTP/1.1 204) 2 headers in 112 bytes (1 switches on core 0)
2026-07-15 06:09:57.148 7 INFO neutron.pecan_wsgi.hooks.translation [None req-74a03795-6929-4f0b-a902-5734c3b2dbe1 849e3e2e83a648608593d58c5236d827 c903fb314218420daa48aefa39db7052 - - default default] DELETE failed (client error): The resource could not be found. [pid: 7|app: 0|req: 816/1639] 10.0.0.104 () {32 vars in 719 bytes} [Wed Jul 15 06:09:57 2026] DELETE /v2.0/ports/76027fbd-8a33-4d8d-8313-5046eea9903c => generated 132 bytes in 21 msecs (HTTP/1.1 404) 4 headers in 164 bytes (1 switches on core 0)
2026-07-15 06:09:57.167 8 INFO neutron.pecan_wsgi.hooks.translation [None req-46367e0e-6fb8-4b3d-819a-b7d366b5e6b8 849e3e2e83a648608593d58c5236d827 c903fb314218420daa48aefa39db7052 - - default default] DELETE failed (client error): The resource could not be found. [pid: 8|app: 0|req: 824/1640] 10.0.0.104 () {32 vars in 723 bytes} [Wed Jul 15 06:09:57 2026] DELETE /v2.0/subnets/bbbebabd-c979-41ad-8739-dd9ac2fdbb92 => generated 136 bytes in 15 msecs (HTTP/1.1 404) 4 headers in 164 bytes (1 switches on core 0)
2026-07-15 06:09:57.190 7 INFO neutron.pecan_wsgi.hooks.translation [None req-f32c9e77-4294-4261-97f5-91bf310a9858 849e3e2e83a648608593d58c5236d827 c903fb314218420daa48aefa39db7052 - - default default] DELETE failed (client error): The resource could not be found. [pid: 7|app: 0|req: 817/1641] 10.0.0.104 () {32 vars in 723 bytes} [Wed Jul 15 06:09:57 2026] DELETE /v2.0/subnets/27f74cf7-fafc-469c-86f0-cdd12aa0ee5b => generated 136 bytes in 17 msecs (HTTP/1.1 404) 4 headers in 164 bytes (1 switches on core 0)
2026-07-15 06:09:57.310 8 INFO neutron_taas.services.taas.taas_plugin [None req-e0ac8522-7dc2-4a26-91da-d8cad7319746 849e3e2e83a648608593d58c5236d827 c903fb314218420daa48aefa39db7052 - - default default] TaaS: Handle Delete Port: 8f73e503-c50f-4b73-8b54-c00c2ed97ba7
2026-07-15 06:09:57.313 8 INFO neutron_taas.services.taas.tap_mirror_plugin [None req-e0ac8522-7dc2-4a26-91da-d8cad7319746 849e3e2e83a648608593d58c5236d827 c903fb314218420daa48aefa39db7052 - - default default] Tap Mirror: Handle Delete Port: 8f73e503-c50f-4b73-8b54-c00c2ed97ba7 [pid: 8|app: 0|req: 825/1642] 10.0.0.104 () {32 vars in 719 bytes} [Wed Jul 15 06:09:57 2026] DELETE /v2.0/ports/8f73e503-c50f-4b73-8b54-c00c2ed97ba7 => generated 0 bytes in 225 msecs (HTTP/1.1 204) 3 headers in 131 bytes (1 switches on core 0)
2026-07-15 06:09:57.536 7 INFO neutron_taas.services.taas.taas_plugin [None req-df6222ca-581f-44e3-8eb0-9e77eda2af66 849e3e2e83a648608593d58c5236d827 c903fb314218420daa48aefa39db7052 - - default default] TaaS: Handle Delete Port: 200abb2e-aa0b-463b-a885-10ad88011c59
2026-07-15 06:09:57.540 7 INFO neutron_taas.services.taas.tap_mirror_plugin [None req-df6222ca-581f-44e3-8eb0-9e77eda2af66 849e3e2e83a648608593d58c5236d827 c903fb314218420daa48aefa39db7052 - - default default] Tap Mirror: Handle Delete Port: 200abb2e-aa0b-463b-a885-10ad88011c59 [pid: 7|app: 0|req: 818/1643] 10.0.0.104 () {32 vars in 725 bytes} [Wed Jul 15 06:09:57 2026] DELETE /v2.0/networks/11f7882c-b035-451b-b4e9-67f28c6bfd0d => generated 0 bytes in 309 msecs (HTTP/1.1 204) 3 headers in 131 bytes (1 switches on core 0)
2026-07-15 06:09:57.843 8 INFO neutron.db.ovn_revision_numbers_db [None req-5f1f6169-ad5d-4712-90c1-1e856ba98fb4 bec178ce6b094f0099a65394dffb2e5c 8cfd61b7ea9a41b782ccdaae49f46fc0 - - default default] Successfully bumped revision number for resource 0fdd74e2-b485-4513-89b8-0c33140cce9f (type: security_groups) to 1
2026-07-15 06:09:57.859 8 INFO neutron.db.ovn_revision_numbers_db [None req-5f1f6169-ad5d-4712-90c1-1e856ba98fb4 bec178ce6b094f0099a65394dffb2e5c 8cfd61b7ea9a41b782ccdaae49f46fc0 - - default default] Successfully bumped revision number for resource 5deca690-d0d6-4f61-a16f-f9a4172d8bc1 (type: security_group_rules) to 0
2026-07-15 06:09:57.879 8 INFO neutron.db.ovn_revision_numbers_db [None req-5f1f6169-ad5d-4712-90c1-1e856ba98fb4 bec178ce6b094f0099a65394dffb2e5c 8cfd61b7ea9a41b782ccdaae49f46fc0 - - default default] Successfully bumped revision number for resource 8c142343-f60e-4f47-ad37-3c1362dc069d (type: security_group_rules) to 0 [pid: 7|app: 0|req: 819/1644] 10.0.0.104 () {32 vars in 739 bytes} [Wed Jul 15 06:09:57 2026] DELETE /v2.0/security-groups/996412bd-ab64-4439-939d-46cd5da64bf9 => generated 0 bytes in 153 msecs (HTTP/1.1 204) 2 headers in 112 bytes (1 switches on core 0)
2026-07-15 06:09:57.896 8 INFO neutron.db.ovn_revision_numbers_db [None req-5f1f6169-ad5d-4712-90c1-1e856ba98fb4 bec178ce6b094f0099a65394dffb2e5c 8cfd61b7ea9a41b782ccdaae49f46fc0 - - default default] Successfully bumped revision number for resource c32ca1fb-6160-427f-adbc-eabefbfd2d26 (type: security_group_rules) to 0
2026-07-15 06:09:57.904 7 INFO neutron.api.v2.resource [None req-55c8c809-8e47-4597-a2e2-82bd5c8d230b 51fb322a73e34cc2b73fd063f22db211 d55842b175ee497eb1222b5712be3f87 - - default default] show failed (client error): The resource could not be found. [pid: 7|app: 0|req: 820/1645] 10.0.0.104 () {32 vars in 736 bytes} [Wed Jul 15 06:09:57 2026] GET /v2.0/security-groups/996412bd-ab64-4439-939d-46cd5da64bf9 => generated 146 bytes in 13 msecs (HTTP/1.1 404) 4 headers in 164 bytes (1 switches on core 0)
2026-07-15 06:09:57.912 8 INFO neutron.db.ovn_revision_numbers_db [None req-5f1f6169-ad5d-4712-90c1-1e856ba98fb4 bec178ce6b094f0099a65394dffb2e5c 8cfd61b7ea9a41b782ccdaae49f46fc0 - - default default] Successfully bumped revision number for resource df5222cd-f466-4ead-9ad1-b53b590d262f (type: security_group_rules) to 0 [pid: 8|app: 0|req: 826/1646] 10.0.0.104 () {32 vars in 773 bytes} [Wed Jul 15 06:09:57 2026] GET /v2.0/security-groups?tenant_id=a7af39c8c4f14066bcd3fe39ff0a9dda&name=default => generated 2925 bytes in 398 msecs (HTTP/1.1 200) 4 headers in 158 bytes (1 switches on core 0)
2026-07-15 06:09:58.042 7 INFO neutron_taas.services.taas.taas_plugin [None req-fae62fbb-a4a4-4ce1-be44-deda7fc16b7f 51fb322a73e34cc2b73fd063f22db211 d55842b175ee497eb1222b5712be3f87 - - default default] TaaS: Handle Delete Port: c210ef8e-3d4e-43ad-9aeb-43424dde6800
