2026-07-15 06:09:41.681 8 INFO neutron_taas.services.taas.tap_mirror_plugin [None req-34fedbbe-5a4e-4a0b-9835-1395a26af07e 61711759727945958a1d65c6e2f3d284 7f6ebfa771e5471eb7fcaf1f9c41539a - - default default] Tap Mirror: Handle Delete Port: 6ddd5060-6487-424c-a485-fff9f1282a9d [pid: 8|app: 0|req: 770/1530] 10.0.0.104 () {32 vars in 719 bytes} [Wed Jul 15 06:09:41 2026] DELETE /v2.0/ports/6ddd5060-6487-424c-a485-fff9f1282a9d => generated 0 bytes in 248 msecs (HTTP/1.1 204) 3 headers in 131 bytes (1 switches on core 0) /var/lib/openstack/lib/python3.12/site-packages/pycadf/identifier.py:70: UserWarning: Invalid uuid: neutron. To ensure interoperability, identifiers should be a valid uuid. warnings.warn(('Invalid uuid: %s. To ensure interoperability, '
2026-07-15 06:09:41.956 7 INFO neutron_taas.services.taas.taas_plugin [None req-cad21657-c920-4f5b-a37c-9c4a396ff1b4 61711759727945958a1d65c6e2f3d284 7f6ebfa771e5471eb7fcaf1f9c41539a - - default default] TaaS: Handle Delete Port: 10ebbb51-ac95-4c87-8f4a-613e8666265c
2026-07-15 06:09:41.961 7 INFO neutron_taas.services.taas.tap_mirror_plugin [None req-cad21657-c920-4f5b-a37c-9c4a396ff1b4 61711759727945958a1d65c6e2f3d284 7f6ebfa771e5471eb7fcaf1f9c41539a - - default default] Tap Mirror: Handle Delete Port: 10ebbb51-ac95-4c87-8f4a-613e8666265c [pid: 7|app: 0|req: 761/1531] 10.0.0.104 () {32 vars in 719 bytes} [Wed Jul 15 06:09:41 2026] DELETE /v2.0/ports/10ebbb51-ac95-4c87-8f4a-613e8666265c => generated 0 bytes in 271 msecs (HTTP/1.1 204) 3 headers in 131 bytes (1 switches on core 0) [pid: 8|app: 0|req: 771/1532] 10.0.0.104 () {32 vars in 642 bytes} [Wed Jul 15 06:09:42 2026] GET /v2.0/ports => generated 1523 bytes in 74 msecs (HTTP/1.1 200) 4 headers in 158 bytes (1 switches on core 0)
2026-07-15 06:09:42.266 7 INFO neutron.db.segments_db [None req-ad60b10b-5299-48b1-b5f6-5a441d0bcb46 61711759727945958a1d65c6e2f3d284 7f6ebfa771e5471eb7fcaf1f9c41539a - - default default] Added segment 567b12f2-d55f-43c5-88bb-0d7992726271 of type geneve for network 72a5618a-e2bb-446f-8c33-821a3f12c07c
2026-07-15 06:09:42.376 7 INFO neutron.db.ovn_revision_numbers_db [None req-ad60b10b-5299-48b1-b5f6-5a441d0bcb46 61711759727945958a1d65c6e2f3d284 7f6ebfa771e5471eb7fcaf1f9c41539a - - default default] Successfully bumped revision number for resource 72a5618a-e2bb-446f-8c33-821a3f12c07c (type: networks) to 1
2026-07-15 06:09:42.541 7 WARNING neutron.scheduler.dhcp_agent_scheduler [None req-ad60b10b-5299-48b1-b5f6-5a441d0bcb46 61711759727945958a1d65c6e2f3d284 7f6ebfa771e5471eb7fcaf1f9c41539a - - default default] No more DHCP agents
2026-07-15 06:09:42.544 7 WARNING neutron.api.rpc.agentnotifiers.dhcp_rpc_agent_api [None req-ad60b10b-5299-48b1-b5f6-5a441d0bcb46 61711759727945958a1d65c6e2f3d284 7f6ebfa771e5471eb7fcaf1f9c41539a - - default default] Unable to schedule network 72a5618a-e2bb-446f-8c33-821a3f12c07c: no agents available; will retry on subsequent port and subnet creation events.
2026-07-15 06:09:42.576 8 INFO neutron.db.ovn_revision_numbers_db [None req-9de06f4a-9e68-42b0-91b6-49ad8cbb1779 5e8bd4385e1940b09ad95a69651d16ca 6f6c32b7ff02466dbe95ec75533bcf15 - - default default] Successfully bumped revision number for resource b50c18c5-5e09-44e2-82e5-dfc84b34dd60 (type: security_groups) to 1
2026-07-15 06:09:42.594 8 INFO neutron.plugins.ml2.drivers.ovn.mech_driver.mech_driver [None req-6c58bc68-8748-4d03-9e98-aec45bd1665e - - - - - -] OVN reports status down for port: 32f5d9f0-66f4-4719-8173-7e8314d238bf
2026-07-15 06:09:42.596 8 INFO neutron.db.ovn_revision_numbers_db [None req-9de06f4a-9e68-42b0-91b6-49ad8cbb1779 5e8bd4385e1940b09ad95a69651d16ca 6f6c32b7ff02466dbe95ec75533bcf15 - - default default] Successfully bumped revision number for resource 0a57dc48-db80-4de1-a9a9-82d6a89c5b6b (type: security_group_rules) to 0
2026-07-15 06:09:42.619 8 INFO neutron.db.ovn_revision_numbers_db [None req-9de06f4a-9e68-42b0-91b6-49ad8cbb1779 5e8bd4385e1940b09ad95a69651d16ca 6f6c32b7ff02466dbe95ec75533bcf15 - - default default] Successfully bumped revision number for resource 12ce968b-d694-4365-8a93-63af7f4592ac (type: security_group_rules) to 0
2026-07-15 06:09:42.626 7 INFO neutron.db.ovn_revision_numbers_db [None req-ad60b10b-5299-48b1-b5f6-5a441d0bcb46 61711759727945958a1d65c6e2f3d284 7f6ebfa771e5471eb7fcaf1f9c41539a - - default default] Successfully bumped revision number for resource 32f5d9f0-66f4-4719-8173-7e8314d238bf (type: ports) to 1
2026-07-15 06:09:42.635 8 INFO neutron.db.ovn_revision_numbers_db [None req-9de06f4a-9e68-42b0-91b6-49ad8cbb1779 5e8bd4385e1940b09ad95a69651d16ca 6f6c32b7ff02466dbe95ec75533bcf15 - - default default] Successfully bumped revision number for resource a15afbeb-85c9-4ae5-8567-1f83fac93f02 (type: security_group_rules) to 0
2026-07-15 06:09:42.647 8 INFO neutron.db.ovn_revision_numbers_db [None req-9de06f4a-9e68-42b0-91b6-49ad8cbb1779 5e8bd4385e1940b09ad95a69651d16ca 6f6c32b7ff02466dbe95ec75533bcf15 - - default default] Successfully bumped revision number for resource d6139512-ab32-4db3-a60e-b9c66824b607 (type: security_group_rules) to 0 [pid: 7|app: 0|req: 762/1533] 10.0.0.104 () {34 vars in 669 bytes} [Wed Jul 15 06:09:42 2026] POST /v2.0/networks => generated 650 bytes in 486 msecs (HTTP/1.1 201) 4 headers in 162 bytes (1 switches on core 0)
2026-07-15 06:09:42.735 7 INFO neutron.db.segments_db [None req-78549c99-0974-4159-b445-878781274bce 61711759727945958a1d65c6e2f3d284 7f6ebfa771e5471eb7fcaf1f9c41539a - - default default] Added segment b2d97dd8-2208-4a2c-9c84-a3e845f3085d of type geneve for network 27c3be30-e417-404b-a573-895a9e79cba2
2026-07-15 06:09:42.737 8 INFO neutron.db.segments_db [None req-9de06f4a-9e68-42b0-91b6-49ad8cbb1779 5e8bd4385e1940b09ad95a69651d16ca 6f6c32b7ff02466dbe95ec75533bcf15 - - default default] Added segment bd3d5e54-9324-412e-bb08-2682ab338ae1 of type geneve for network 28c52286-3384-4d92-bc04-8fd9619397fe
2026-07-15 06:09:42.842 8 INFO neutron.db.ovn_revision_numbers_db [None req-9de06f4a-9e68-42b0-91b6-49ad8cbb1779 5e8bd4385e1940b09ad95a69651d16ca 6f6c32b7ff02466dbe95ec75533bcf15 - - default default] Successfully bumped revision number for resource 28c52286-3384-4d92-bc04-8fd9619397fe (type: networks) to 1
2026-07-15 06:09:42.844 7 INFO neutron.db.ovn_revision_numbers_db [None req-78549c99-0974-4159-b445-878781274bce 61711759727945958a1d65c6e2f3d284 7f6ebfa771e5471eb7fcaf1f9c41539a - - default default] Successfully bumped revision number for resource 27c3be30-e417-404b-a573-895a9e79cba2 (type: networks) to 1
2026-07-15 06:09:42.964 7 INFO neutron.notifiers.nova [-] Nova event matching ['req-01e27014-1979-4ae8-bd97-4a2bcce348f8'] response: {'server_uuid': 'd0b454a5-911f-4a2c-a3d5-e33bee6e8684', 'name': 'network-vif-unplugged', 'status': 'completed', 'tag': '374da473-e50e-4655-9f4b-550a32dd1305', 'code': 200}
2026-07-15 06:09:42.964 7 INFO neutron.notifiers.nova [-] Nova event matching ['req-01e27014-1979-4ae8-bd97-4a2bcce348f8'] response: {'server_uuid': 'd0b454a5-911f-4a2c-a3d5-e33bee6e8684', 'name': 'network-vif-plugged', 'status': 'completed', 'tag': '374da473-e50e-4655-9f4b-550a32dd1305', 'code': 200}
2026-07-15 06:09:42.972 7 INFO neutron.notifiers.nova [-] Nova event matching ['req-01e27014-1979-4ae8-bd97-4a2bcce348f8'] response: {'server_uuid': 'd0b454a5-911f-4a2c-a3d5-e33bee6e8684', 'name': 'network-vif-plugged', 'status': 'completed', 'tag': '374da473-e50e-4655-9f4b-550a32dd1305', 'code': 200}
2026-07-15 06:09:43.018 8 WARNING neutron.scheduler.dhcp_agent_scheduler [None req-9de06f4a-9e68-42b0-91b6-49ad8cbb1779 5e8bd4385e1940b09ad95a69651d16ca 6f6c32b7ff02466dbe95ec75533bcf15 - - default default] No more DHCP agents
2026-07-15 06:09:43.020 8 WARNING neutron.api.rpc.agentnotifiers.dhcp_rpc_agent_api [None req-9de06f4a-9e68-42b0-91b6-49ad8cbb1779 5e8bd4385e1940b09ad95a69651d16ca 6f6c32b7ff02466dbe95ec75533bcf15 - - default default] Unable to schedule network 28c52286-3384-4d92-bc04-8fd9619397fe: no agents available; will retry on subsequent port and subnet creation events.
2026-07-15 06:09:43.037 7 WARNING neutron.scheduler.dhcp_agent_scheduler [None req-78549c99-0974-4159-b445-878781274bce 61711759727945958a1d65c6e2f3d284 7f6ebfa771e5471eb7fcaf1f9c41539a - - default default] No more DHCP agents
2026-07-15 06:09:43.039 7 WARNING neutron.api.rpc.agentnotifiers.dhcp_rpc_agent_api [None req-78549c99-0974-4159-b445-878781274bce 61711759727945958a1d65c6e2f3d284 7f6ebfa771e5471eb7fcaf1f9c41539a - - default default] Unable to schedule network 27c3be30-e417-404b-a573-895a9e79cba2: no agents available; will retry on subsequent port and subnet creation events.
2026-07-15 06:09:43.072 7 INFO neutron.plugins.ml2.drivers.ovn.mech_driver.mech_driver [None req-c4f15a5a-f955-44c0-bba4-32da3d83dd54 - - - - - -] OVN reports status down for port: 045f08ac-b539-46ab-9034-4a2ac74966a5
2026-07-15 06:09:43.097 8 INFO neutron.db.ovn_revision_numbers_db [None req-9de06f4a-9e68-42b0-91b6-49ad8cbb1779 5e8bd4385e1940b09ad95a69651d16ca 6f6c32b7ff02466dbe95ec75533bcf15 - - default default] Successfully bumped revision number for resource 045f08ac-b539-46ab-9034-4a2ac74966a5 (type: ports) to 1
2026-07-15 06:09:43.120 8 INFO neutron.plugins.ml2.drivers.ovn.mech_driver.mech_driver [None req-6c58bc68-8748-4d03-9e98-aec45bd1665e - - - - - -] OVN reports status down for port: 2fdf6a39-c238-442b-8e8c-d16bd0115859 [pid: 8|app: 0|req: 772/1534] 10.0.0.104 () {34 vars in 669 bytes} [Wed Jul 15 06:09:42 2026] POST /v2.0/networks => generated 647 bytes in 846 msecs (HTTP/1.1 201) 4 headers in 162 bytes (1 switches on core 0)
2026-07-15 06:09:43.161 7 INFO neutron.db.ovn_revision_numbers_db [None req-78549c99-0974-4159-b445-878781274bce 61711759727945958a1d65c6e2f3d284 7f6ebfa771e5471eb7fcaf1f9c41539a - - default default] Successfully bumped revision number for resource 2fdf6a39-c238-442b-8e8c-d16bd0115859 (type: ports) to 1 [pid: 7|app: 0|req: 763/1535] 10.0.0.104 () {34 vars in 669 bytes} [Wed Jul 15 06:09:42 2026] POST /v2.0/networks => generated 649 bytes in 543 msecs (HTTP/1.1 201) 4 headers in 162 bytes (1 switches on core 0)
2026-07-15 06:09:43.363 8 INFO neutron.db.ovn_revision_numbers_db [None req-c49c8848-bd83-4225-9ecf-a1cfa4d7dbe7 bec178ce6b094f0099a65394dffb2e5c 8cfd61b7ea9a41b782ccdaae49f46fc0 - - default default] Successfully bumped revision number for resource d2f64ccf-c5ae-43a7-8de5-a73b4e31359f (type: security_groups) to 1
2026-07-15 06:09:43.374 8 INFO neutron.db.ovn_revision_numbers_db [None req-c49c8848-bd83-4225-9ecf-a1cfa4d7dbe7 bec178ce6b094f0099a65394dffb2e5c 8cfd61b7ea9a41b782ccdaae49f46fc0 - - default default] Successfully bumped revision number for resource 1d1418fe-513e-462f-8cd7-d0b93b1874a0 (type: security_group_rules) to 0
2026-07-15 06:09:43.385 8 INFO neutron.db.ovn_revision_numbers_db [None req-c49c8848-bd83-4225-9ecf-a1cfa4d7dbe7 bec178ce6b094f0099a65394dffb2e5c 8cfd61b7ea9a41b782ccdaae49f46fc0 - - default default] Successfully bumped revision number for resource 253fc37a-339f-439f-9b5b-093666f8e23a (type: security_group_rules) to 0
2026-07-15 06:09:43.399 8 INFO neutron.db.ovn_revision_numbers_db [None req-c49c8848-bd83-4225-9ecf-a1cfa4d7dbe7 bec178ce6b094f0099a65394dffb2e5c 8cfd61b7ea9a41b782ccdaae49f46fc0 - - default default] Successfully bumped revision number for resource 35ecfca2-9210-4cfa-9159-c59ca75550a6 (type: security_group_rules) to 0
2026-07-15 06:09:43.414 8 INFO neutron.db.ovn_revision_numbers_db [None req-c49c8848-bd83-4225-9ecf-a1cfa4d7dbe7 bec178ce6b094f0099a65394dffb2e5c 8cfd61b7ea9a41b782ccdaae49f46fc0 - - default default] Successfully bumped revision number for resource c9d9ab74-c384-41f2-8e51-edc61302ef32 (type: security_group_rules) to 0 [pid: 8|app: 0|req: 773/1536] 10.0.0.104 () {32 vars in 773 bytes} [Wed Jul 15 06:09:43 2026] GET /v2.0/security-groups?tenant_id=5b24369ddc6b4aa08e4f1e113f77c703&name=default => generated 2925 bytes in 311 msecs (HTTP/1.1 200) 4 headers in 158 bytes (1 switches on core 0)
2026-07-15 06:09:43.522 7 WARNING neutron.scheduler.dhcp_agent_scheduler [None req-4af55f41-ee93-4a79-8fe2-048bdddb6c95 61711759727945958a1d65c6e2f3d284 7f6ebfa771e5471eb7fcaf1f9c41539a - - default default] No more DHCP agents
2026-07-15 06:09:43.524 7 WARNING neutron.api.rpc.agentnotifiers.dhcp_rpc_agent_api [None req-4af55f41-ee93-4a79-8fe2-048bdddb6c95 61711759727945958a1d65c6e2f3d284 7f6ebfa771e5471eb7fcaf1f9c41539a - - default default] Unable to schedule network 72a5618a-e2bb-446f-8c33-821a3f12c07c: no agents available; will retry on subsequent port and subnet creation events. [pid: 8|app: 0|req: 774/1537] 10.0.0.104 () {32 vars in 739 bytes} [Wed Jul 15 06:09:43 2026] DELETE /v2.0/security-groups/d2f64ccf-c5ae-43a7-8de5-a73b4e31359f => generated 0 bytes in 180 msecs (HTTP/1.1 204) 2 headers in 112 bytes (1 switches on core 0)
2026-07-15 06:09:43.771 8 WARNING neutron.scheduler.dhcp_agent_scheduler [None req-6a3c877a-9296-4fad-ab0a-b7158a3709e1 5e8bd4385e1940b09ad95a69651d16ca 6f6c32b7ff02466dbe95ec75533bcf15 - - default default] No more DHCP agents
2026-07-15 06:09:43.773 8 WARNING neutron.api.rpc.agentnotifiers.dhcp_rpc_agent_api [None req-6a3c877a-9296-4fad-ab0a-b7158a3709e1 5e8bd4385e1940b09ad95a69651d16ca 6f6c32b7ff02466dbe95ec75533bcf15 - - default default] Unable to schedule network 28c52286-3384-4d92-bc04-8fd9619397fe: no agents available; will retry on subsequent port and subnet creation events.
2026-07-15 06:09:43.806 8 INFO neutron.db.ovn_revision_numbers_db [None req-6a3c877a-9296-4fad-ab0a-b7158a3709e1 5e8bd4385e1940b09ad95a69651d16ca 6f6c32b7ff02466dbe95ec75533bcf15 - - default default] Successfully bumped revision number for resource cde18a3c-b65b-42a2-96c6-9b396b32bce9 (type: subnets) to 0 [pid: 8|app: 0|req: 775/1538] 10.0.0.104 () {34 vars in 668 bytes} [Wed Jul 15 06:09:43 2026] POST /v2.0/subnets => generated 673 bytes in 182 msecs (HTTP/1.1 201) 4 headers in 162 bytes (1 switches on core 0)
2026-07-15 06:09:43.919 8 INFO neutron.db.segments_db [None req-59847998-634c-4feb-aa7a-d30b2b3e28c7 5e8bd4385e1940b09ad95a69651d16ca 6f6c32b7ff02466dbe95ec75533bcf15 - - default default] Added segment 21a51983-4ed9-4052-97bf-64ca98d58e96 of type geneve for network 7f0f1065-243d-4ad0-af45-ab9d69f403e8
2026-07-15 06:09:43.934 7 INFO neutron.db.ovn_revision_numbers_db [None req-b7731df3-d8dc-4c14-a2ab-7322384de6e2 - - - - - -] Successfully bumped revision number for resource 32f5d9f0-66f4-4719-8173-7e8314d238bf (type: ports) to 2
2026-07-15 06:09:43.978 7 INFO neutron.db.ovn_revision_numbers_db [None req-b7731df3-d8dc-4c14-a2ab-7322384de6e2 - - - - - -] Successfully bumped revision number for resource c2a40eae-80fe-4684-a378-3963ae597830 (type: subnets) to 0
2026-07-15 06:09:44.012 7 WARNING neutron.scheduler.dhcp_agent_scheduler [None req-4af55f41-ee93-4a79-8fe2-048bdddb6c95 61711759727945958a1d65c6e2f3d284 7f6ebfa771e5471eb7fcaf1f9c41539a - - default default] No more DHCP agents
2026-07-15 06:09:44.013 7 WARNING neutron.api.rpc.agentnotifiers.dhcp_rpc_agent_api [None req-4af55f41-ee93-4a79-8fe2-048bdddb6c95 61711759727945958a1d65c6e2f3d284 7f6ebfa771e5471eb7fcaf1f9c41539a - - default default] Unable to schedule network 27c3be30-e417-404b-a573-895a9e79cba2: no agents available; will retry on subsequent port and subnet creation events.
2026-07-15 06:09:44.033 8 INFO neutron.db.ovn_revision_numbers_db [None req-59847998-634c-4feb-aa7a-d30b2b3e28c7 5e8bd4385e1940b09ad95a69651d16ca 6f6c32b7ff02466dbe95ec75533bcf15 - - default default] Successfully bumped revision number for resource 7f0f1065-243d-4ad0-af45-ab9d69f403e8 (type: networks) to 1
2026-07-15 06:09:44.208 8 WARNING neutron.scheduler.dhcp_agent_scheduler [None req-59847998-634c-4feb-aa7a-d30b2b3e28c7 5e8bd4385e1940b09ad95a69651d16ca 6f6c32b7ff02466dbe95ec75533bcf15 - - default default] No more DHCP agents
2026-07-15 06:09:44.209 8 WARNING neutron.api.rpc.agentnotifiers.dhcp_rpc_agent_api [None req-59847998-634c-4feb-aa7a-d30b2b3e28c7 5e8bd4385e1940b09ad95a69651d16ca 6f6c32b7ff02466dbe95ec75533bcf15 - - default default] Unable to schedule network 7f0f1065-243d-4ad0-af45-ab9d69f403e8: no agents available; will retry on subsequent port and subnet creation events.
2026-07-15 06:09:44.252 8 INFO neutron.plugins.ml2.drivers.ovn.mech_driver.mech_driver [None req-6c58bc68-8748-4d03-9e98-aec45bd1665e - - - - - -] OVN reports status down for port: 8093a8c2-1de6-4652-969f-e8f42fe6d0c3
2026-07-15 06:09:44.313 8 INFO neutron.db.ovn_revision_numbers_db [None req-59847998-634c-4feb-aa7a-d30b2b3e28c7 5e8bd4385e1940b09ad95a69651d16ca 6f6c32b7ff02466dbe95ec75533bcf15 - - default default] Successfully bumped revision number for resource 8093a8c2-1de6-4652-969f-e8f42fe6d0c3 (type: ports) to 1 [pid: 8|app: 0|req: 776/1539] 10.0.0.104 () {34 vars in 669 bytes} [Wed Jul 15 06:09:43 2026] POST /v2.0/networks => generated 648 bytes in 528 msecs (HTTP/1.1 201) 4 headers in 162 bytes (1 switches on core 0)
2026-07-15 06:09:44.486 7 INFO neutron.db.ovn_revision_numbers_db [None req-82d7690c-a2b2-4a25-8e77-64ba8bb06e72 - - - - - -] Successfully bumped revision number for resource 2fdf6a39-c238-442b-8e8c-d16bd0115859 (type: ports) to 2
2026-07-15 06:09:44.496 8 INFO neutron.db.ovn_revision_numbers_db [None req-86531327-019c-434f-b125-dcdd7bb4d1d0 5e8bd4385e1940b09ad95a69651d16ca 6f6c32b7ff02466dbe95ec75533bcf15 - - default default] Successfully bumped revision number for resource 7f0f1065-243d-4ad0-af45-ab9d69f403e8 (type: networks) to 2 [pid: 8|app: 0|req: 777/1540] 10.0.0.104 () {34 vars in 742 bytes} [Wed Jul 15 06:09:44 2026] PUT /v2.0/networks/7f0f1065-243d-4ad0-af45-ab9d69f403e8 => generated 598 bytes in 140 msecs (HTTP/1.1 200) 4 headers in 157 bytes (1 switches on core 0)
2026-07-15 06:09:44.530 7 INFO neutron.db.ovn_revision_numbers_db [None req-82d7690c-a2b2-4a25-8e77-64ba8bb06e72 - - - - - -] Successfully bumped revision number for resource 4f59954d-a0be-4dc8-abe5-1e5dee39b505 (type: subnets) to 0 [pid: 7|app: 0|req: 764/1541] 10.0.0.104 () {34 vars in 668 bytes} [Wed Jul 15 06:09:43 2026] POST /v2.0/subnets => generated 1274 bytes in 1315 msecs (HTTP/1.1 201) 4 headers in 163 bytes (1 switches on core 0) [pid: 7|app: 0|req: 765/1542] 10.0.0.104 () {32 vars in 646 bytes} [Wed Jul 15 06:09:44 2026] GET /v2.0/subnets => generated 1910 bytes in 60 msecs (HTTP/1.1 200) 4 headers in 158 bytes (1 switches on core 0)
2026-07-15 06:09:44.652 8 WARNING neutron.scheduler.dhcp_agent_scheduler [None req-764acceb-5fc6-4fb6-9ac7-105a4e0cdaab 5e8bd4385e1940b09ad95a69651d16ca 6f6c32b7ff02466dbe95ec75533bcf15 - - default default] No more DHCP agents
2026-07-15 06:09:44.653 8 WARNING neutron.api.rpc.agentnotifiers.dhcp_rpc_agent_api [None req-764acceb-5fc6-4fb6-9ac7-105a4e0cdaab 5e8bd4385e1940b09ad95a69651d16ca 6f6c32b7ff02466dbe95ec75533bcf15 - - default default] Unable to schedule network 7f0f1065-243d-4ad0-af45-ab9d69f403e8: no agents available; will retry on subsequent port and subnet creation events.
2026-07-15 06:09:44.674 8 INFO neutron.db.ovn_revision_numbers_db [None req-764acceb-5fc6-4fb6-9ac7-105a4e0cdaab 5e8bd4385e1940b09ad95a69651d16ca 6f6c32b7ff02466dbe95ec75533bcf15 - - default default] Successfully bumped revision number for resource 39f7bbe5-cb01-48de-a241-f14849748eb4 (type: subnets) to 0 [pid: 8|app: 0|req: 778/1543] 10.0.0.104 () {34 vars in 668 bytes} [Wed Jul 15 06:09:44 2026] POST /v2.0/subnets => generated 646 bytes in 182 msecs (HTTP/1.1 201) 4 headers in 162 bytes (1 switches on core 0) [pid: 7|app: 0|req: 766/1544] 10.0.0.104 () {32 vars in 723 bytes} [Wed Jul 15 06:09:44 2026] DELETE /v2.0/subnets/c2a40eae-80fe-4684-a378-3963ae597830 => generated 0 bytes in 160 msecs (HTTP/1.1 204) 3 headers in 131 bytes (1 switches on core 0) [pid: 7|app: 0|req: 767/1545] 10.0.0.104 () {32 vars in 723 bytes} [Wed Jul 15 06:09:44 2026] DELETE /v2.0/subnets/4f59954d-a0be-4dc8-abe5-1e5dee39b505 => generated 0 bytes in 153 msecs (HTTP/1.1 204) 3 headers in 131 bytes (1 switches on core 0) [pid: 7|app: 0|req: 768/1546] 10.0.0.104 () {32 vars in 646 bytes} [Wed Jul 15 06:09:44 2026] GET /v2.0/subnets => generated 649 bytes in 31 msecs (HTTP/1.1 200) 4 headers in 157 bytes (1 switches on core 0)
2026-07-15 06:09:45.098 7 INFO neutron_taas.services.taas.taas_plugin [None req-d5ded300-9ee2-4692-9562-6d812c433d92 61711759727945958a1d65c6e2f3d284 7f6ebfa771e5471eb7fcaf1f9c41539a - - default default] TaaS: Handle Delete Port: 2fdf6a39-c238-442b-8e8c-d16bd0115859
2026-07-15 06:09:45.101 7 INFO neutron_taas.services.taas.tap_mirror_plugin [None req-d5ded300-9ee2-4692-9562-6d812c433d92 61711759727945958a1d65c6e2f3d284 7f6ebfa771e5471eb7fcaf1f9c41539a - - default default] Tap Mirror: Handle Delete Port: 2fdf6a39-c238-442b-8e8c-d16bd0115859
2026-07-15 06:09:45.273 7 INFO neutron.services.segments.plugin [-] Segment b2d97dd8-2208-4a2c-9c84-a3e845f3085d resource provider aggregate not found
2026-07-15 06:09:45.285 7 INFO neutron.services.segments.plugin [-] Segment b2d97dd8-2208-4a2c-9c84-a3e845f3085d resource provider aggregate not found
2026-07-15 06:09:45.295 7 INFO neutron.services.segments.plugin [-] Client error retrieving segment b2d97dd8-2208-4a2c-9c84-a3e845f3085d resource provider; error: Placement Client Error (4xx): {"errors": [{"status": 404, "title": "Not Found", "detail": "The resource could not be found.\n\n No resource provider with uuid b2d97dd8-2208-4a2c-9c84-a3e845f3085d found for delete ", "request_id": "req-f779303e-74ee-4456-be8e-647414d98eba"}]}
2026-07-15 06:09:45.302 7 INFO neutron.services.segments.plugin [-] Client error retrieving segment b2d97dd8-2208-4a2c-9c84-a3e845f3085d resource provider; error: Placement Client Error (4xx): {"errors": [{"status": 404, "title": "Not Found", "detail": "The resource could not be found.\n\n No resource provider with uuid b2d97dd8-2208-4a2c-9c84-a3e845f3085d found for delete ", "request_id": "req-867151ad-4638-4f2a-9073-253d4be96ad9"}]}
2026-07-15 06:09:45.324 8 INFO neutron.db.ovn_revision_numbers_db [None req-8a6e3de5-b314-4ce0-a5ed-2afc1651116e - - - - - -] Successfully bumped revision number for resource 8093a8c2-1de6-4652-969f-e8f42fe6d0c3 (type: ports) to 2 [pid: 7|app: 0|req: 769/1547] 10.0.0.104 () {32 vars in 725 bytes} [Wed Jul 15 06:09:44 2026] DELETE /v2.0/networks/27c3be30-e417-404b-a573-895a9e79cba2 => generated 0 bytes in 358 msecs (HTTP/1.1 204) 3 headers in 131 bytes (1 switches on core 0)
2026-07-15 06:09:45.363 8 INFO neutron.db.ovn_revision_numbers_db [None req-8a6e3de5-b314-4ce0-a5ed-2afc1651116e - - - - - -] Successfully bumped revision number for resource 39f7bbe5-cb01-48de-a241-f14849748eb4 (type: subnets) to 1 [pid: 8|app: 0|req: 779/1548] 10.0.0.104 () {34 vars in 740 bytes} [Wed Jul 15 06:09:44 2026] PUT /v2.0/subnets/39f7bbe5-cb01-48de-a241-f14849748eb4 => generated 656 bytes in 673 msecs (HTTP/1.1 200) 4 headers in 157 bytes (1 switches on core 0)
2026-07-15 06:09:45.480 7 INFO neutron_taas.services.taas.taas_plugin [None req-12c1146b-5ed7-4262-a09a-3092e5527dfc 61711759727945958a1d65c6e2f3d284 7f6ebfa771e5471eb7fcaf1f9c41539a - - default default] TaaS: Handle Delete Port: 32f5d9f0-66f4-4719-8173-7e8314d238bf
2026-07-15 06:09:45.484 7 INFO neutron_taas.services.taas.tap_mirror_plugin [None req-12c1146b-5ed7-4262-a09a-3092e5527dfc 61711759727945958a1d65c6e2f3d284 7f6ebfa771e5471eb7fcaf1f9c41539a - - default default] Tap Mirror: Handle Delete Port: 32f5d9f0-66f4-4719-8173-7e8314d238bf
2026-07-15 06:09:45.491 8 INFO neutron_taas.services.taas.taas_plugin [None req-19783218-9e2a-4ebb-a219-8e66964d309d 5e8bd4385e1940b09ad95a69651d16ca 6f6c32b7ff02466dbe95ec75533bcf15 - - default default] TaaS: Handle Delete Port: 8093a8c2-1de6-4652-969f-e8f42fe6d0c3
2026-07-15 06:09:45.493 8 INFO neutron_taas.services.taas.tap_mirror_plugin [None req-19783218-9e2a-4ebb-a219-8e66964d309d 5e8bd4385e1940b09ad95a69651d16ca 6f6c32b7ff02466dbe95ec75533bcf15 - - default default] Tap Mirror: Handle Delete Port: 8093a8c2-1de6-4652-969f-e8f42fe6d0c3 [pid: 7|app: 0|req: 770/1549] 10.0.0.104 () {32 vars in 725 bytes} [Wed Jul 15 06:09:45 2026] DELETE /v2.0/networks/72a5618a-e2bb-446f-8c33-821a3f12c07c => generated 0 bytes in 320 msecs (HTTP/1.1 204) 3 headers in 131 bytes (1 switches on core 0)
2026-07-15 06:09:45.752 8 INFO neutron.services.segments.plugin [-] Segment 21a51983-4ed9-4052-97bf-64ca98d58e96 resource provider aggregate not found
2026-07-15 06:09:45.758 8 INFO neutron.services.segments.plugin [-] Segment 21a51983-4ed9-4052-97bf-64ca98d58e96 resource provider aggregate not found
2026-07-15 06:09:45.768 8 INFO neutron.services.segments.plugin [-] Client error retrieving segment 21a51983-4ed9-4052-97bf-64ca98d58e96 resource provider; error: Placement Client Error (4xx): {"errors": [{"status": 404, "title": "Not Found", "detail": "The resource could not be found.\n\n No resource provider with uuid 21a51983-4ed9-4052-97bf-64ca98d58e96 found for delete ", "request_id": "req-098e3727-acb0-4785-a837-8366500713d2"}]}
2026-07-15 06:09:45.782 8 INFO neutron.services.segments.plugin [-] Client error retrieving segment 21a51983-4ed9-4052-97bf-64ca98d58e96 resource provider; error: Placement Client Error (4xx): {"errors": [{"status": 404, "title": "Not Found", "detail": "The resource could not be found.\n\n No resource provider with uuid 21a51983-4ed9-4052-97bf-64ca98d58e96 found for delete ", "request_id": "req-b6505951-8ecd-474e-90b4-7868a9471dad"}]} [pid: 8|app: 0|req: 780/1550] 10.0.0.104 () {32 vars in 725 bytes} [Wed Jul 15 06:09:45 2026] DELETE /v2.0/networks/7f0f1065-243d-4ad0-af45-ab9d69f403e8 => generated 0 bytes in 434 msecs (HTTP/1.1 204) 3 headers in 131 bytes (1 switches on core 0)
2026-07-15 06:09:45.815 7 INFO neutron_taas.services.taas.taas_plugin [None req-b416eb68-1acb-4ef2-b72f-33c24f2964cf 61711759727945958a1d65c6e2f3d284 7f6ebfa771e5471eb7fcaf1f9c41539a - - default default] TaaS: Handle Delete Port: 1d319db0-3af9-4fec-97b4-1823a1ec1520
2026-07-15 06:09:45.818 7 INFO neutron_taas.services.taas.tap_mirror_plugin [None req-b416eb68-1acb-4ef2-b72f-33c24f2964cf 61711759727945958a1d65c6e2f3d284 7f6ebfa771e5471eb7fcaf1f9c41539a - - default default] Tap Mirror: Handle Delete Port: 1d319db0-3af9-4fec-97b4-1823a1ec1520 [pid: 7|app: 0|req: 771/1551] 10.0.0.104 () {32 vars in 725 bytes} [Wed Jul 15 06:09:45 2026] DELETE /v2.0/networks/b4f97707-fd2b-4586-a47c-8c372b747cab => generated 0 bytes in 335 msecs (HTTP/1.1 204) 3 headers in 131 bytes (1 switches on core 0)
2026-07-15 06:09:46.021 7 INFO neutron.pecan_wsgi.hooks.translation [None req-d15eb945-dbbe-4c45-bf38-727c1309626a 5e8bd4385e1940b09ad95a69651d16ca 6f6c32b7ff02466dbe95ec75533bcf15 - - default default] DELETE failed (client error): The resource could not be found. [pid: 7|app: 0|req: 772/1552] 10.0.0.104 () {32 vars in 725 bytes} [Wed Jul 15 06:09:46 2026] DELETE /v2.0/networks/7f0f1065-243d-4ad0-af45-ab9d69f403e8 => generated 138 bytes in 10 msecs (HTTP/1.1 404) 4 headers in 164 bytes (1 switches on core 0)
2026-07-15 06:09:46.095 8 INFO neutron.db.ovn_revision_numbers_db [None req-b3ea677e-f592-4246-8c49-e8762642110c bec178ce6b094f0099a65394dffb2e5c 8cfd61b7ea9a41b782ccdaae49f46fc0 - - default default] Successfully bumped revision number for resource b06f1375-4220-46c3-b5fc-89f863c85da5 (type: security_groups) to 1
2026-07-15 06:09:46.110 8 INFO neutron.db.ovn_revision_numbers_db [None req-b3ea677e-f592-4246-8c49-e8762642110c bec178ce6b094f0099a65394dffb2e5c 8cfd61b7ea9a41b782ccdaae49f46fc0 - - default default] Successfully bumped revision number for resource 48413bd2-b9c0-451e-89e8-11114bec8cd7 (type: security_group_rules) to 0
2026-07-15 06:09:46.120 8 INFO neutron.db.ovn_revision_numbers_db [None req-b3ea677e-f592-4246-8c49-e8762642110c bec178ce6b094f0099a65394dffb2e5c 8cfd61b7ea9a41b782ccdaae49f46fc0 - - default default] Successfully bumped revision number for resource 6f2ef23a-c600-4846-9968-e714e7f814f5 (type: security_group_rules) to 0
2026-07-15 06:09:46.133 8 INFO neutron.db.ovn_revision_numbers_db [None req-b3ea677e-f592-4246-8c49-e8762642110c bec178ce6b094f0099a65394dffb2e5c 8cfd61b7ea9a41b782ccdaae49f46fc0 - - default default] Successfully bumped revision number for resource a14c3e9e-deea-4e58-850c-d4d25b018676 (type: security_group_rules) to 0
2026-07-15 06:09:46.134 7 INFO neutron_taas.services.taas.taas_plugin [None req-63e00993-b53d-4438-b6b4-2172065b4d7e 61711759727945958a1d65c6e2f3d284 7f6ebfa771e5471eb7fcaf1f9c41539a - - default default] TaaS: Handle Delete Port: f5a0ff9c-ce8d-4831-9c7e-40aa2ec5953d
2026-07-15 06:09:46.137 7 INFO neutron_taas.services.taas.tap_mirror_plugin [None req-63e00993-b53d-4438-b6b4-2172065b4d7e 61711759727945958a1d65c6e2f3d284 7f6ebfa771e5471eb7fcaf1f9c41539a - - default default] Tap Mirror: Handle Delete Port: f5a0ff9c-ce8d-4831-9c7e-40aa2ec5953d
2026-07-15 06:09:46.146 8 INFO neutron.db.ovn_revision_numbers_db [None req-b3ea677e-f592-4246-8c49-e8762642110c bec178ce6b094f0099a65394dffb2e5c 8cfd61b7ea9a41b782ccdaae49f46fc0 - - default default] Successfully bumped revision number for resource d7f63b83-1c7f-4f13-b17e-0c68691879a9 (type: security_group_rules) to 0 [pid: 8|app: 0|req: 781/1553] 10.0.0.104 () {32 vars in 773 bytes} [Wed Jul 15 06:09:45 2026] GET /v2.0/security-groups?tenant_id=ef1439bdc6ad4472be16a6f83f86279f&name=default => generated 2925 bytes in 375 msecs (HTTP/1.1 200) 4 headers in 158 bytes (1 switches on core 0) [pid: 8|app: 0|req: 782/1554] 10.0.0.104 () {32 vars in 693 bytes} [Wed Jul 15 06:09:46 2026] GET /v2.0/networks?router%3Aexternal=True => generated 651 bytes in 69 msecs (HTTP/1.1 200) 4 headers in 157 bytes (1 switches on core 0) [pid: 7|app: 0|req: 773/1555] 10.0.0.104 () {32 vars in 725 bytes} [Wed Jul 15 06:09:46 2026] DELETE /v2.0/networks/54aad9c8-4193-46e4-ac2e-11d49f8e9935 => generated 0 bytes in 304 msecs (HTTP/1.1 204) 3 headers in 131 bytes (1 switches on core 0) [pid: 7|app: 0|req: 774/1556] 10.0.0.104 () {32 vars in 741 bytes} [Wed Jul 15 06:09:46 2026] GET /v2.0/subnets?network_id=6d82eaeb-e8a1-41b6-ae2b-2ec63120f51b => generated 649 bytes in 42 msecs (HTTP/1.1 200) 4 headers in 157 bytes (1 switches on core 0) [pid: 7|app: 0|req: 775/1557] 10.0.0.104 () {32 vars in 652 bytes} [Wed Jul 15 06:09:46 2026] GET /v2.0/extensions => generated 20118 bytes in 6 msecs (HTTP/1.1 200) 4 headers in 159 bytes (1 switches on core 0) [pid: 7|app: 0|req: 776/1558] 10.0.0.104 () {32 vars in 648 bytes} [Wed Jul 15 06:09:46 2026] GET /v2.0/networks => generated 1312 bytes in 65 msecs (HTTP/1.1 200) 4 headers in 158 bytes (1 switches on core 0) [pid: 8|app: 0|req: 783/1559] 10.0.0.104 () {32 vars in 739 bytes} [Wed Jul 15 06:09:46 2026] DELETE /v2.0/security-groups/b06f1375-4220-46c3-b5fc-89f863c85da5 => generated 0 bytes in 227 msecs (HTTP/1.1 204) 2 headers in 112 bytes (1 switches on core 0) [pid: 7|app: 0|req: 777/1560] 10.0.0.104 () {32 vars in 646 bytes} [Wed Jul 15 06:09:46 2026] GET /v2.0/subnets => generated 1312 bytes in 25 msecs (HTTP/1.1 200) 4 headers in 158 bytes (1 switches on core 0) [pid: 8|app: 0|req: 784/1561] 10.0.0.104 () {32 vars in 722 bytes} [Wed Jul 15 06:09:46 2026] GET /v2.0/networks/28c52286-3384-4d92-bc04-8fd9619397fe => generated 672 bytes in 42 msecs (HTTP/1.1 200) 4 headers in 157 bytes (1 switches on core 0) [pid: 7|app: 0|req: 778/1562] 10.0.0.104 () {32 vars in 720 bytes} [Wed Jul 15 06:09:46 2026] GET /v2.0/subnets/cde18a3c-b65b-42a2-96c6-9b396b32bce9 => generated 673 bytes in 31 msecs (HTTP/1.1 200) 4 headers in 157 bytes (1 switches on core 0)
2026-07-15 06:09:46.589 8 INFO neutron.pecan_wsgi.hooks.translation [None req-46a12e5e-caa4-4e1c-8cc8-715c1adf48f3 5e8bd4385e1940b09ad95a69651d16ca 6f6c32b7ff02466dbe95ec75533bcf15 - - default default] DELETE failed (client error): The resource could not be found. [pid: 8|app: 0|req: 785/1563] 10.0.0.104 () {32 vars in 723 bytes} [Wed Jul 15 06:09:46 2026] DELETE /v2.0/subnets/39f7bbe5-cb01-48de-a241-f14849748eb4 => generated 136 bytes in 17 msecs (HTTP/1.1 404) 4 headers in 164 bytes (1 switches on core 0)
2026-07-15 06:09:46.611 7 INFO neutron.pecan_wsgi.hooks.translation [None req-5719f00d-9d3e-42e2-8dbe-2f310f02673e 5e8bd4385e1940b09ad95a69651d16ca 6f6c32b7ff02466dbe95ec75533bcf15 - - default default] DELETE failed (client error): The resource could not be found. [pid: 7|app: 0|req: 779/1564] 10.0.0.104 () {32 vars in 725 bytes} [Wed Jul 15 06:09:46 2026] DELETE /v2.0/networks/7f0f1065-243d-4ad0-af45-ab9d69f403e8 => generated 138 bytes in 17 msecs (HTTP/1.1 404) 4 headers in 164 bytes (1 switches on core 0) [pid: 8|app: 0|req: 786/1565] 10.0.0.104 () {32 vars in 723 bytes} [Wed Jul 15 06:09:46 2026] DELETE /v2.0/subnets/cde18a3c-b65b-42a2-96c6-9b396b32bce9 => generated 0 bytes in 123 msecs (HTTP/1.1 204) 3 headers in 131 bytes (1 switches on core 0)
2026-07-15 06:09:46.875 7 INFO neutron_taas.services.taas.taas_plugin [None req-75aed5e1-f401-4817-bb25-38ef8106b79d 5e8bd4385e1940b09ad95a69651d16ca 6f6c32b7ff02466dbe95ec75533bcf15 - - default default] TaaS: Handle Delete Port: 045f08ac-b539-46ab-9034-4a2ac74966a5
2026-07-15 06:09:46.879 7 INFO neutron_taas.services.taas.tap_mirror_plugin [None req-75aed5e1-f401-4817-bb25-38ef8106b79d 5e8bd4385e1940b09ad95a69651d16ca 6f6c32b7ff02466dbe95ec75533bcf15 - - default default] Tap Mirror: Handle Delete Port: 045f08ac-b539-46ab-9034-4a2ac74966a5 [pid: 8|app: 0|req: 787/1566] 10.0.0.104 () {32 vars in 773 bytes} [Wed Jul 15 06:09:46 2026] GET /v2.0/security-groups?tenant_id=7f6ebfa771e5471eb7fcaf1f9c41539a&name=default => generated 2925 bytes in 154 msecs (HTTP/1.1 200) 4 headers in 158 bytes (1 switches on core 0) [pid: 7|app: 0|req: 780/1567] 10.0.0.104 () {32 vars in 725 bytes} [Wed Jul 15 06:09:46 2026] DELETE /v2.0/networks/28c52286-3384-4d92-bc04-8fd9619397fe => generated 0 bytes in 369 msecs (HTTP/1.1 204) 3 headers in 131 bytes (1 switches on core 0) [pid: 8|app: 0|req: 788/1568] 10.0.0.104 () {32 vars in 739 bytes} [Wed Jul 15 06:09:46 2026] DELETE /v2.0/security-groups/0b9d5cb0-f766-4b1b-92ca-f0d56efa1ab6 => generated 0 bytes in 237 msecs (HTTP/1.1 204) 2 headers in 112 bytes (1 switches on core 0)
2026-07-15 06:09:47.318 7 INFO neutron.services.segments.plugin [-] Segment 567b12f2-d55f-43c5-88bb-0d7992726271 resource provider aggregate not found
2026-07-15 06:09:47.331 7 INFO neutron.services.segments.plugin [-] Segment 567b12f2-d55f-43c5-88bb-0d7992726271 resource provider aggregate not found
2026-07-15 06:09:47.334 7 INFO neutron.services.segments.plugin [-] Client error retrieving segment 567b12f2-d55f-43c5-88bb-0d7992726271 resource provider; error: Placement Client Error (4xx): {"errors": [{"status": 404, "title": "Not Found", "detail": "The resource could not be found.\n\n No resource provider with uuid 567b12f2-d55f-43c5-88bb-0d7992726271 found for delete ", "request_id": "req-13727068-5c3a-4be0-9831-8298e5dd019e"}]}
2026-07-15 06:09:47.351 7 INFO neutron.services.segments.plugin [-] Client error retrieving segment 567b12f2-d55f-43c5-88bb-0d7992726271 resource provider; error: Placement Client Error (4xx): {"errors": [{"status": 404, "title": "Not Found", "detail": "The resource could not be found.\n\n No resource provider with uuid 567b12f2-d55f-43c5-88bb-0d7992726271 found for delete ", "request_id": "req-de13f3e6-dfc6-4ccd-b3e2-a68fc5b8e675"}]}
2026-07-15 06:09:47.354 7 INFO neutron.services.segments.plugin [-] Segment d9ed703c-3ec8-4960-85e4-bc8344b37326 resource provider aggregate not found
2026-07-15 06:09:47.382 7 INFO neutron.services.segments.plugin [-] Client error retrieving segment d9ed703c-3ec8-4960-85e4-bc8344b37326 resource provider; error: Placement Client Error (4xx): {"errors": [{"status": 404, "title": "Not Found", "detail": "The resource could not be found.\n\n No resource provider with uuid d9ed703c-3ec8-4960-85e4-bc8344b37326 found for delete ", "request_id": "req-fd2399f8-6fc9-4d4a-b362-4750d7e19693"}]}
2026-07-15 06:09:47.386 7 INFO neutron.services.segments.plugin [-] Segment d9ed703c-3ec8-4960-85e4-bc8344b37326 resource provider aggregate not found
2026-07-15 06:09:47.399 7 INFO neutron.services.segments.plugin [-] Segment a502e442-5cf6-42cb-9517-71dc068793de resource provider aggregate not found
2026-07-15 06:09:47.404 7 INFO neutron.services.segments.plugin [-] Client error retrieving segment d9ed703c-3ec8-4960-85e4-bc8344b37326 resource provider; error: Placement Client Error (4xx): {"errors": [{"status": 404, "title": "Not Found", "detail": "The resource could not be found.\n\n No resource provider with uuid d9ed703c-3ec8-4960-85e4-bc8344b37326 found for delete ", "request_id": "req-ea51f528-9d91-40eb-9df3-d87f01aa3b29"}]}
2026-07-15 06:09:47.413 7 INFO neutron.services.segments.plugin [-] Client error retrieving segment a502e442-5cf6-42cb-9517-71dc068793de resource provider; error: Placement Client Error (4xx): {"errors": [{"status": 404, "title": "Not Found", "detail": "The resource could not be found.\n\n No resource provider with uuid a502e442-5cf6-42cb-9517-71dc068793de found for delete ", "request_id": "req-e9123edb-a49b-4c8e-9b10-acb3f4d486e3"}]}
2026-07-15 06:09:47.419 7 INFO neutron.services.segments.plugin [-] Segment a502e442-5cf6-42cb-9517-71dc068793de resource provider aggregate not found
2026-07-15 06:09:47.424 7 INFO neutron.services.segments.plugin [-] Segment bd3d5e54-9324-412e-bb08-2682ab338ae1 resource provider aggregate not found
2026-07-15 06:09:47.438 7 INFO neutron.services.segments.plugin [-] Client error retrieving segment a502e442-5cf6-42cb-9517-71dc068793de resource provider; error: Placement Client Error (4xx): {"errors": [{"status": 404, "title": "Not Found", "detail": "The resource could not be found.\n\n No resource provider with uuid a502e442-5cf6-42cb-9517-71dc068793de found for delete ", "request_id": "req-abb9ae2a-5a92-4789-9799-61dcc0a26938"}]}
2026-07-15 06:09:47.438 7 INFO neutron.services.segments.plugin [-] Client error retrieving segment bd3d5e54-9324-412e-bb08-2682ab338ae1 resource provider; error: Placement Client Error (4xx): {"errors": [{"status": 404, "title": "Not Found", "detail": "The resource could not be found.\n\n No resource provider with uuid bd3d5e54-9324-412e-bb08-2682ab338ae1 found for delete ", "request_id": "req-89a26fed-2358-4f22-8098-1caabebd30b1"}]}
2026-07-15 06:09:47.451 7 INFO neutron.services.segments.plugin [-] Segment bd3d5e54-9324-412e-bb08-2682ab338ae1 resource provider aggregate not found
2026-07-15 06:09:47.465 7 INFO neutron.services.segments.plugin [-] Client error retrieving segment bd3d5e54-9324-412e-bb08-2682ab338ae1 resource provider; error: Placement Client Error (4xx): {"errors": [{"status": 404, "title": "Not Found", "detail": "The resource could not be found.\n\n No resource provider with uuid bd3d5e54-9324-412e-bb08-2682ab338ae1 found for delete ", "request_id": "req-97ce0578-582c-4178-a1fe-33a8bdec6971"}]} [pid: 7|app: 0|req: 781/1569] 10.0.0.104 () {32 vars in 773 bytes} [Wed Jul 15 06:09:47 2026] GET /v2.0/security-groups?tenant_id=6f6c32b7ff02466dbe95ec75533bcf15&name=default => generated 2925 bytes in 114 msecs (HTTP/1.1 200) 4 headers in 158 bytes (1 switches on core 0) [pid: 8|app: 0|req: 789/1570] 10.0.0.104 () {32 vars in 739 bytes} [Wed Jul 15 06:09:47 2026] DELETE /v2.0/security-groups/b50c18c5-5e09-44e2-82e5-dfc84b34dd60 => generated 0 bytes in 200 msecs (HTTP/1.1 204) 2 headers in 112 bytes (1 switches on core 0) [pid: 7|app: 0|req: 782/1571] 10.0.0.187 () {34 vars in 989 bytes} [Wed Jul 15 06:09:48 2026] GET /v2.0/ports?device_id=d0b454a5-911f-4a2c-a3d5-e33bee6e8684 => generated 1209 bytes in 34 msecs (HTTP/1.1 200) 4 headers in 158 bytes (1 switches on core 0) [pid: 8|app: 0|req: 790/1572] 10.0.0.187 () {34 vars in 1039 bytes} [Wed Jul 15 06:09:48 2026] GET /v2.0/security-groups?id=996412bd-ab64-4439-939d-46cd5da64bf9&fields=id&fields=name => generated 113 bytes in 39 msecs (HTTP/1.1 200) 4 headers in 157 bytes (1 switches on core 0)
2026-07-15 06:09:49.249 7 INFO neutron.db.ovn_revision_numbers_db [None req-6d2291e2-409b-4e3f-9a9e-897ff3366afb 28d5d8974c544225b52933933c20b979 63f58d9e8b4c407f85d23ab51987db00 - - default default] Successfully bumped revision number for resource 27203f35-2d02-4a8e-b630-490a53a6d0c5 (type: security_groups) to 1
2026-07-15 06:09:49.263 7 INFO neutron.db.ovn_revision_numbers_db [None req-6d2291e2-409b-4e3f-9a9e-897ff3366afb 28d5d8974c544225b52933933c20b979 63f58d9e8b4c407f85d23ab51987db00 - - default default] Successfully bumped revision number for resource 16dae51a-ea55-48cb-abad-751009a6235b (type: security_group_rules) to 0
2026-07-15 06:09:49.278 7 INFO neutron.db.ovn_revision_numbers_db [None req-6d2291e2-409b-4e3f-9a9e-897ff3366afb 28d5d8974c544225b52933933c20b979 63f58d9e8b4c407f85d23ab51987db00 - - default default] Successfully bumped revision number for resource d35f3b1d-b0fe-469d-a82a-f374140cb9d2 (type: security_group_rules) to 0
2026-07-15 06:09:49.302 7 INFO neutron.db.ovn_revision_numbers_db [None req-6d2291e2-409b-4e3f-9a9e-897ff3366afb 28d5d8974c544225b52933933c20b979 63f58d9e8b4c407f85d23ab51987db00 - - default default] Successfully bumped revision number for resource fa7fdae2-7f2b-433d-a795-5e782e97cf19 (type: security_group_rules) to 0
2026-07-15 06:09:49.319 7 INFO neutron.db.ovn_revision_numbers_db [None req-6d2291e2-409b-4e3f-9a9e-897ff3366afb 28d5d8974c544225b52933933c20b979 63f58d9e8b4c407f85d23ab51987db00 - - default default] Successfully bumped revision number for resource fd5beccf-9493-49dc-abd2-db6efeca9fa5 (type: security_group_rules) to 0
2026-07-15 06:09:49.400 7 INFO neutron.db.segments_db [None req-6d2291e2-409b-4e3f-9a9e-897ff3366afb 28d5d8974c544225b52933933c20b979 63f58d9e8b4c407f85d23ab51987db00 - - default default] Added segment ce4d1452-0b90-4f65-9f80-6849e4e25e48 of type geneve for network 0da07687-0c82-466d-96df-8431f4d8cd08
2026-07-15 06:09:49.502 7 INFO neutron.db.ovn_revision_numbers_db [None req-6d2291e2-409b-4e3f-9a9e-897ff3366afb 28d5d8974c544225b52933933c20b979 63f58d9e8b4c407f85d23ab51987db00 - - default default] Successfully bumped revision number for resource 0da07687-0c82-466d-96df-8431f4d8cd08 (type: networks) to 1
2026-07-15 06:09:49.654 7 WARNING neutron.scheduler.dhcp_agent_scheduler [None req-6d2291e2-409b-4e3f-9a9e-897ff3366afb 28d5d8974c544225b52933933c20b979 63f58d9e8b4c407f85d23ab51987db00 - - default default] No more DHCP agents
2026-07-15 06:09:49.655 7 WARNING neutron.api.rpc.agentnotifiers.dhcp_rpc_agent_api [None req-6d2291e2-409b-4e3f-9a9e-897ff3366afb 28d5d8974c544225b52933933c20b979 63f58d9e8b4c407f85d23ab51987db00 - - default default] Unable to schedule network 0da07687-0c82-466d-96df-8431f4d8cd08: no agents available; will retry on subsequent port and subnet creation events.
2026-07-15 06:09:49.676 8 INFO neutron.db.ovn_revision_numbers_db [None req-7df2a85c-d5ce-440b-a20e-1b9c526e03a7 849e3e2e83a648608593d58c5236d827 c903fb314218420daa48aefa39db7052 - - default default] Successfully bumped revision number for resource 0f37a825-52ae-417c-a7de-49cabebcf05c (type: security_groups) to 1
2026-07-15 06:09:49.698 8 INFO neutron.db.ovn_revision_numbers_db [None req-7df2a85c-d5ce-440b-a20e-1b9c526e03a7 849e3e2e83a648608593d58c5236d827 c903fb314218420daa48aefa39db7052 - - default default] Successfully bumped revision number for resource 1b0e0df8-5b44-4725-808d-32926098d290 (type: security_group_rules) to 0
2026-07-15 06:09:49.713 8 INFO neutron.plugins.ml2.drivers.ovn.mech_driver.mech_driver [None req-6c58bc68-8748-4d03-9e98-aec45bd1665e - - - - - -] OVN reports status down for port: 57badfd1-2664-4604-83c8-8351e15e9f0d
2026-07-15 06:09:49.715 8 INFO neutron.db.ovn_revision_numbers_db [None req-7df2a85c-d5ce-440b-a20e-1b9c526e03a7 849e3e2e83a648608593d58c5236d827 c903fb314218420daa48aefa39db7052 - - default default] Successfully bumped revision number for resource 86834131-5f93-49a7-90b6-0ba5f166db6c (type: security_group_rules) to 0
2026-07-15 06:09:49.722 7 INFO neutron.db.ovn_revision_numbers_db [None req-6d2291e2-409b-4e3f-9a9e-897ff3366afb 28d5d8974c544225b52933933c20b979 63f58d9e8b4c407f85d23ab51987db00 - - default default] Successfully bumped revision number for resource 57badfd1-2664-4604-83c8-8351e15e9f0d (type: ports) to 1
2026-07-15 06:09:49.738 8 INFO neutron.db.ovn_revision_numbers_db [None req-7df2a85c-d5ce-440b-a20e-1b9c526e03a7 849e3e2e83a648608593d58c5236d827 c903fb314218420daa48aefa39db7052 - - default default] Successfully bumped revision number for resource b0716225-47e9-4fc6-8148-a656f7f0ae15 (type: security_group_rules) to 0 [pid: 7|app: 0|req: 783/1573] 10.0.0.104 () {34 vars in 669 bytes} [Wed Jul 15 06:09:48 2026] POST /v2.0/networks => generated 644 bytes in 788 msecs (HTTP/1.1 201) 4 headers in 162 bytes (1 switches on core 0)
2026-07-15 06:09:49.754 8 INFO neutron.db.ovn_revision_numbers_db [None req-7df2a85c-d5ce-440b-a20e-1b9c526e03a7 849e3e2e83a648608593d58c5236d827 c903fb314218420daa48aefa39db7052 - - default default] Successfully bumped revision number for resource d196b586-dbe0-40fb-84e2-a1d4a4ff59e2 (type: security_group_rules) to 0
2026-07-15 06:09:49.850 8 INFO neutron.db.segments_db [None req-7df2a85c-d5ce-440b-a20e-1b9c526e03a7 849e3e2e83a648608593d58c5236d827 c903fb314218420daa48aefa39db7052 - - default default] Added segment 5c785a47-fb56-451f-8195-d121a0e2b544 of type geneve for network 11f7882c-b035-451b-b4e9-67f28c6bfd0d
2026-07-15 06:09:49.967 8 INFO neutron.db.ovn_revision_numbers_db [None req-7df2a85c-d5ce-440b-a20e-1b9c526e03a7 849e3e2e83a648608593d58c5236d827 c903fb314218420daa48aefa39db7052 - - default default] Successfully bumped revision number for resource 11f7882c-b035-451b-b4e9-67f28c6bfd0d (type: networks) to 1
2026-07-15 06:09:49.978 7 WARNING neutron.scheduler.dhcp_agent_scheduler [None req-b4bd1d80-c435-40bf-847c-65f141ce0a00 28d5d8974c544225b52933933c20b979 63f58d9e8b4c407f85d23ab51987db00 - - default default] No more DHCP agents
2026-07-15 06:09:49.979 7 WARNING neutron.api.rpc.agentnotifiers.dhcp_rpc_agent_api [None req-b4bd1d80-c435-40bf-847c-65f141ce0a00 28d5d8974c544225b52933933c20b979 63f58d9e8b4c407f85d23ab51987db00 - - default default] Unable to schedule network 0da07687-0c82-466d-96df-8431f4d8cd08: no agents available; will retry on subsequent port and subnet creation events.
2026-07-15 06:09:50.122 8 WARNING neutron.scheduler.dhcp_agent_scheduler [None req-7df2a85c-d5ce-440b-a20e-1b9c526e03a7 849e3e2e83a648608593d58c5236d827 c903fb314218420daa48aefa39db7052 - - default default] No more DHCP agents
2026-07-15 06:09:50.123 8 WARNING neutron.api.rpc.agentnotifiers.dhcp_rpc_agent_api [None req-7df2a85c-d5ce-440b-a20e-1b9c526e03a7 849e3e2e83a648608593d58c5236d827 c903fb314218420daa48aefa39db7052 - - default default] Unable to schedule network 11f7882c-b035-451b-b4e9-67f28c6bfd0d: no agents available; will retry on subsequent port and subnet creation events.
2026-07-15 06:09:50.164 8 INFO neutron.plugins.ml2.drivers.ovn.mech_driver.mech_driver [None req-6c58bc68-8748-4d03-9e98-aec45bd1665e - - - - - -] OVN reports status down for port: 200abb2e-aa0b-463b-a885-10ad88011c59
2026-07-15 06:09:50.207 8 INFO neutron.db.ovn_revision_numbers_db [None req-7df2a85c-d5ce-440b-a20e-1b9c526e03a7 849e3e2e83a648608593d58c5236d827 c903fb314218420daa48aefa39db7052 - - default default] Successfully bumped revision number for resource 200abb2e-aa0b-463b-a885-10ad88011c59 (type: ports) to 1 [pid: 8|app: 0|req: 791/1574] 10.0.0.104 () {34 vars in 669 bytes} [Wed Jul 15 06:09:49 2026] POST /v2.0/networks => generated 643 bytes in 773 msecs (HTTP/1.1 201) 4 headers in 162 bytes (1 switches on core 0)
2026-07-15 06:09:50.393 7 INFO neutron.db.ovn_revision_numbers_db [None req-7c744ae0-2523-416a-bd52-11a8589dc33e - - - - - -] Successfully bumped revision number for resource 57badfd1-2664-4604-83c8-8351e15e9f0d (type: ports) to 2
2026-07-15 06:09:50.420 8 WARNING neutron.scheduler.dhcp_agent_scheduler [None req-bf1964b9-50b3-4a06-a5a0-12479385d1ff 849e3e2e83a648608593d58c5236d827 c903fb314218420daa48aefa39db7052 - - default default] No more DHCP agents
2026-07-15 06:09:50.422 8 WARNING neutron.api.rpc.agentnotifiers.dhcp_rpc_agent_api [None req-bf1964b9-50b3-4a06-a5a0-12479385d1ff 849e3e2e83a648608593d58c5236d827 c903fb314218420daa48aefa39db7052 - - default default] Unable to schedule network 11f7882c-b035-451b-b4e9-67f28c6bfd0d: no agents available; will retry on subsequent port and subnet creation events.
2026-07-15 06:09:50.430 7 INFO neutron.db.ovn_revision_numbers_db [None req-7c744ae0-2523-416a-bd52-11a8589dc33e - - - - - -] Successfully bumped revision number for resource 112c9290-3da8-4ba4-b295-2106b9b05769 (type: subnets) to 0 [pid: 7|app: 0|req: 784/1575] 10.0.0.104 () {34 vars in 668 bytes} [Wed Jul 15 06:09:49 2026] POST /v2.0/subnets => generated 641 bytes in 671 msecs (HTTP/1.1 201) 4 headers in 162 bytes (1 switches on core 0)
2026-07-15 06:09:50.467 8 INFO neutron.plugins.ml2.drivers.ovn.mech_driver.mech_driver [None req-6c58bc68-8748-4d03-9e98-aec45bd1665e - - - - - -] OVN reports status down for port: 8f73e503-c50f-4b73-8b54-c00c2ed97ba7
2026-07-15 06:09:50.530 8 INFO neutron.db.ovn_revision_numbers_db [None req-bf1964b9-50b3-4a06-a5a0-12479385d1ff 849e3e2e83a648608593d58c5236d827 c903fb314218420daa48aefa39db7052 - - default default] Successfully bumped revision number for resource 8f73e503-c50f-4b73-8b54-c00c2ed97ba7 (type: ports) to 1
2026-07-15 06:09:50.547 7 INFO neutron.db.segments_db [None req-9bd81de6-15dc-44f9-a729-d456b59467bf 28d5d8974c544225b52933933c20b979 63f58d9e8b4c407f85d23ab51987db00 - - default default] Added segment 8a1d4fe7-dda1-471d-a2e5-8eccb9db43c3 of type geneve for network c3d03b2a-ad4c-42f2-8515-a02b28d9b569 [pid: 8|app: 0|req: 792/1576] 10.0.0.104 () {34 vars in 664 bytes} [Wed Jul 15 06:09:50 2026] POST /v2.0/ports => generated 775 bytes in 359 msecs (HTTP/1.1 201) 4 headers in 162 bytes (1 switches on core 0) /var/lib/openstack/lib/python3.12/site-packages/pycadf/identifier.py:70: UserWarning: Invalid uuid: neutron. To ensure interoperability, identifiers should be a valid uuid. warnings.warn(('Invalid uuid: %s. To ensure interoperability, '
