2026-07-15 06:09:31.768 8 WARNING neutron.api.rpc.agentnotifiers.dhcp_rpc_agent_api [None req-31c76523-0129-4a30-b877-4386cb8e0a2e 1ad5cd94b7b24e6c832bd633e17d14ae 4b224f9c180d4b92b0d162062863e303 - - default default] Unable to schedule network 6d82eaeb-e8a1-41b6-ae2b-2ec63120f51b: no agents available; will retry on subsequent port and subnet creation events. [pid: 7|app: 0|req: 731/1470] 10.0.0.104 () {32 vars in 773 bytes} [Wed Jul 15 06:09:31 2026] GET /v2.0/security-groups?tenant_id=1017d1538643448fa825df94dc8cbced&name=default => generated 2925 bytes in 155 msecs (HTTP/1.1 200) 4 headers in 158 bytes (1 switches on core 0) [pid: 7|app: 0|req: 732/1471] 199.204.45.4 () {34 vars in 983 bytes} [Wed Jul 15 06:09:31 2026] GET /v2.0/networks?id=8d3b2fc3-b847-41cd-94d3-d4a900c4c840 => generated 774 bytes in 41 msecs (HTTP/1.1 200) 4 headers in 157 bytes (1 switches on core 0) [pid: 7|app: 0|req: 733/1472] 10.0.0.104 () {32 vars in 739 bytes} [Wed Jul 15 06:09:31 2026] DELETE /v2.0/security-groups/9058f758-ebe2-4c4a-a3c3-e1bfb7cc529b => generated 0 bytes in 190 msecs (HTTP/1.1 204) 2 headers in 112 bytes (1 switches on core 0) [pid: 7|app: 0|req: 734/1473] 199.204.45.4 () {34 vars in 1055 bytes} [Wed Jul 15 06:09:32 2026] GET /v2.0/floatingips?fixed_ip_address=10.100.0.6&port_id=374da473-e50e-4655-9f4b-550a32dd1305 => generated 860 bytes in 26 msecs (HTTP/1.1 200) 4 headers in 157 bytes (1 switches on core 0) [pid: 7|app: 0|req: 735/1474] 199.204.45.4 () {34 vars in 981 bytes} [Wed Jul 15 06:09:32 2026] GET /v2.0/subnets?id=dd610d79-45d0-46cc-833b-00ceb3bb7f70 => generated 693 bytes in 28 msecs (HTTP/1.1 200) 4 headers in 157 bytes (1 switches on core 0) [pid: 7|app: 0|req: 736/1475] 199.204.45.4 () {34 vars in 1049 bytes} [Wed Jul 15 06:09:32 2026] GET /v2.0/ports?network_id=8d3b2fc3-b847-41cd-94d3-d4a900c4c840&device_owner=network%3Adhcp => generated 12 bytes in 19 msecs (HTTP/1.1 200) 4 headers in 156 bytes (1 switches on core 0) [pid: 7|app: 0|req: 737/1476] 199.204.45.4 () {34 vars in 1009 bytes} [Wed Jul 15 06:09:32 2026] GET /v2.0/networks/8d3b2fc3-b847-41cd-94d3-d4a900c4c840?fields=segments => generated 14 bytes in 46 msecs (HTTP/1.1 200) 4 headers in 156 bytes (1 switches on core 0) [pid: 7|app: 0|req: 738/1477] 199.204.45.4 () {34 vars in 1109 bytes} [Wed Jul 15 06:09:32 2026] GET /v2.0/networks/8d3b2fc3-b847-41cd-94d3-d4a900c4c840?fields=provider%3Aphysical_network&fields=provider%3Anetwork_type => generated 79 bytes in 41 msecs (HTTP/1.1 200) 4 headers in 156 bytes (1 switches on core 0)
2026-07-15 06:09:32.525 8 INFO neutron.db.ovn_revision_numbers_db [None req-31c76523-0129-4a30-b877-4386cb8e0a2e 1ad5cd94b7b24e6c832bd633e17d14ae 4b224f9c180d4b92b0d162062863e303 - - default default] Successfully bumped revision number for resource 6b091d7a-6f3d-4305-9e9f-d9c1ee75aab4 (type: floatingips) to 1
2026-07-15 06:09:32.525 8 INFO neutron.db.l3_db [None req-31c76523-0129-4a30-b877-4386cb8e0a2e 1ad5cd94b7b24e6c832bd633e17d14ae 4b224f9c180d4b92b0d162062863e303 - - default default] Floating IP 6b091d7a-6f3d-4305-9e9f-d9c1ee75aab4 associated. External IP: 10.96.250.218, port: 61897875-6a7b-461a-a59b-fe825373a9f4. [pid: 8|app: 0|req: 740/1478] 10.0.0.104 () {34 vars in 676 bytes} [Wed Jul 15 06:09:31 2026] POST /v2.0/floatingips => generated 841 bytes in 988 msecs (HTTP/1.1 201) 4 headers in 162 bytes (1 switches on core 0) /var/lib/openstack/lib/python3.12/site-packages/pycadf/identifier.py:70: UserWarning: Invalid uuid: neutron. To ensure interoperability, identifiers should be a valid uuid. warnings.warn(('Invalid uuid: %s. To ensure interoperability, '
2026-07-15 06:09:32.741 7 INFO neutron.db.ovn_revision_numbers_db [None req-37a9e27f-abd1-4595-ad19-1e3c652948a6 1ad5cd94b7b24e6c832bd633e17d14ae 4b224f9c180d4b92b0d162062863e303 - - default default] Successfully bumped revision number for resource 6b091d7a-6f3d-4305-9e9f-d9c1ee75aab4 (type: floatingips) to 2 [pid: 8|app: 0|req: 741/1479] 10.0.0.87 () {34 vars in 988 bytes} [Wed Jul 15 06:09:32 2026] GET /v2.0/ports?device_id=d0b454a5-911f-4a2c-a3d5-e33bee6e8684 => generated 971 bytes in 110 msecs (HTTP/1.1 200) 4 headers in 157 bytes (1 switches on core 0) /var/lib/openstack/lib/python3.12/site-packages/pycadf/identifier.py:70: UserWarning: Invalid uuid: neutron. To ensure interoperability, identifiers should be a valid uuid. warnings.warn(('Invalid uuid: %s. To ensure interoperability, '
2026-07-15 06:09:32.789 7 INFO neutron.db.l3_db [None req-37a9e27f-abd1-4595-ad19-1e3c652948a6 1ad5cd94b7b24e6c832bd633e17d14ae 4b224f9c180d4b92b0d162062863e303 - - default default] Floating IP 6b091d7a-6f3d-4305-9e9f-d9c1ee75aab4 disassociated. External IP: 10.96.250.218, port: 61897875-6a7b-461a-a59b-fe825373a9f4. [pid: 8|app: 0|req: 742/1480] 10.0.0.87 () {34 vars in 1038 bytes} [Wed Jul 15 06:09:32 2026] GET /v2.0/security-groups?id=996412bd-ab64-4439-939d-46cd5da64bf9&fields=id&fields=name => generated 113 bytes in 41 msecs (HTTP/1.1 200) 4 headers in 157 bytes (1 switches on core 0) [pid: 7|app: 0|req: 739/1481] 10.0.0.104 () {34 vars in 748 bytes} [Wed Jul 15 06:09:32 2026] PUT /v2.0/floatingips/6b091d7a-6f3d-4305-9e9f-d9c1ee75aab4 => generated 554 bytes in 247 msecs (HTTP/1.1 200) 4 headers in 157 bytes (1 switches on core 0)
2026-07-15 06:09:32.966 8 INFO neutron_taas.services.taas.taas_plugin [None req-8e16710a-6d8f-4ad7-a702-7258a5503267 1ad5cd94b7b24e6c832bd633e17d14ae 4b224f9c180d4b92b0d162062863e303 - - default default] TaaS: Handle Delete Port: 055fb248-650b-4daa-81e8-04deec8543d2
2026-07-15 06:09:32.968 8 INFO neutron_taas.services.taas.tap_mirror_plugin [None req-8e16710a-6d8f-4ad7-a702-7258a5503267 1ad5cd94b7b24e6c832bd633e17d14ae 4b224f9c180d4b92b0d162062863e303 - - default default] Tap Mirror: Handle Delete Port: 055fb248-650b-4daa-81e8-04deec8543d2 [pid: 8|app: 0|req: 743/1482] 10.0.0.104 () {32 vars in 731 bytes} [Wed Jul 15 06:09:32 2026] DELETE /v2.0/floatingips/6b091d7a-6f3d-4305-9e9f-d9c1ee75aab4 => generated 0 bytes in 285 msecs (HTTP/1.1 204) 2 headers in 112 bytes (1 switches on core 0)
2026-07-15 06:09:33.367 7 WARNING neutron.scheduler.dhcp_agent_scheduler [None req-7bd58539-169f-41a1-ab43-8a44566cca18 1ad5cd94b7b24e6c832bd633e17d14ae 4b224f9c180d4b92b0d162062863e303 - - default default] No more DHCP agents
2026-07-15 06:09:33.369 7 WARNING neutron.api.rpc.agentnotifiers.dhcp_rpc_agent_api [None req-7bd58539-169f-41a1-ab43-8a44566cca18 1ad5cd94b7b24e6c832bd633e17d14ae 4b224f9c180d4b92b0d162062863e303 - - default default] Unable to schedule network 6d82eaeb-e8a1-41b6-ae2b-2ec63120f51b: no agents available; will retry on subsequent port and subnet creation events.
2026-07-15 06:09:33.885 7 WARNING neutron.plugins.ml2.drivers.ovn.mech_driver.ovsdb.ovn_client [None req-e6c7e3cc-52b2-4971-8af9-7511da7db1a8 - - - - - -] No hosting information found for port 2002fc66-59e2-4a34-99da-151e6636f69d: RuntimeError: No hosting information found for port 2002fc66-59e2-4a34-99da-151e6636f69d
2026-07-15 06:09:33.885 7 INFO neutron.plugins.ml2.drivers.ovn.mech_driver.mech_driver [None req-e6c7e3cc-52b2-4971-8af9-7511da7db1a8 - - - - - -] OVN reports status down for port: 8ad49c1c-1eb1-4a63-9c8d-a3a38d959b38 [pid: 8|app: 0|req: 744/1483] 10.0.0.87 () {34 vars in 988 bytes} [Wed Jul 15 06:09:33 2026] GET /v2.0/ports?device_id=d0b454a5-911f-4a2c-a3d5-e33bee6e8684 => generated 971 bytes in 57 msecs (HTTP/1.1 200) 4 headers in 157 bytes (1 switches on core 0)
2026-07-15 06:09:34.022 7 WARNING neutron.plugins.ml2.drivers.ovn.mech_driver.ovsdb.ovn_client [None req-e6c7e3cc-52b2-4971-8af9-7511da7db1a8 - - - - - -] Logical_Switch_Port 8ad49c1c-1eb1-4a63-9c8d-a3a38d959b38 host information not removed, the port state is up
2026-07-15 06:09:34.022 7 INFO neutron.plugins.ml2.drivers.ovn.mech_driver.mech_driver [None req-e6c7e3cc-52b2-4971-8af9-7511da7db1a8 - - - - - -] OVN reports status up for port: 8ad49c1c-1eb1-4a63-9c8d-a3a38d959b38
2026-07-15 06:09:34.037 7 INFO neutron.plugins.ml2.plugin [None req-e6c7e3cc-52b2-4971-8af9-7511da7db1a8 - - - - - -] Attempt 1 to provision port 8ad49c1c-1eb1-4a63-9c8d-a3a38d959b38
2026-07-15 06:09:34.186 8 INFO neutron.db.ovn_revision_numbers_db [None req-06db6cd5-52dd-4db1-b36a-8b4b85220442 bec178ce6b094f0099a65394dffb2e5c 8cfd61b7ea9a41b782ccdaae49f46fc0 - - default default] Successfully bumped revision number for resource 9344db25-8cae-4982-9c0b-92786bab1ff5 (type: security_groups) to 1
2026-07-15 06:09:34.196 8 INFO neutron.db.ovn_revision_numbers_db [None req-06db6cd5-52dd-4db1-b36a-8b4b85220442 bec178ce6b094f0099a65394dffb2e5c 8cfd61b7ea9a41b782ccdaae49f46fc0 - - default default] Successfully bumped revision number for resource 421b3b68-019e-4db1-83bf-90aca9022bd4 (type: security_group_rules) to 0
2026-07-15 06:09:34.205 8 INFO neutron.db.ovn_revision_numbers_db [None req-06db6cd5-52dd-4db1-b36a-8b4b85220442 bec178ce6b094f0099a65394dffb2e5c 8cfd61b7ea9a41b782ccdaae49f46fc0 - - default default] Successfully bumped revision number for resource 7c462047-1845-428a-ab7b-2f742edb77c6 (type: security_group_rules) to 0
2026-07-15 06:09:34.217 8 INFO neutron.db.ovn_revision_numbers_db [None req-06db6cd5-52dd-4db1-b36a-8b4b85220442 bec178ce6b094f0099a65394dffb2e5c 8cfd61b7ea9a41b782ccdaae49f46fc0 - - default default] Successfully bumped revision number for resource 8831d1c8-8598-4bba-9afb-966501ef93ac (type: security_group_rules) to 0
2026-07-15 06:09:34.228 8 INFO neutron.db.ovn_revision_numbers_db [None req-06db6cd5-52dd-4db1-b36a-8b4b85220442 bec178ce6b094f0099a65394dffb2e5c 8cfd61b7ea9a41b782ccdaae49f46fc0 - - default default] Successfully bumped revision number for resource 8d6bcf7f-1005-4cbf-99e3-8e4aa1a43230 (type: security_group_rules) to 0 [pid: 8|app: 0|req: 745/1484] 10.0.0.104 () {32 vars in 773 bytes} [Wed Jul 15 06:09:33 2026] GET /v2.0/security-groups?tenant_id=4ed13d399313418dbd0ad6cde4d77551&name=default => generated 2925 bytes in 331 msecs (HTTP/1.1 200) 4 headers in 158 bytes (1 switches on core 0) [pid: 8|app: 0|req: 746/1485] 10.0.0.87 () {34 vars in 1038 bytes} [Wed Jul 15 06:09:34 2026] GET /v2.0/security-groups?id=996412bd-ab64-4439-939d-46cd5da64bf9&fields=id&fields=name => generated 113 bytes in 25 msecs (HTTP/1.1 200) 4 headers in 157 bytes (1 switches on core 0)
2026-07-15 06:09:34.373 7 INFO neutron.db.ovn_revision_numbers_db [None req-7bd58539-169f-41a1-ab43-8a44566cca18 1ad5cd94b7b24e6c832bd633e17d14ae 4b224f9c180d4b92b0d162062863e303 - - default default] Successfully bumped revision number for resource 48e6023c-9c19-4c87-8c83-26a81affea88 (type: floatingips) to 1
2026-07-15 06:09:34.374 7 INFO neutron.db.l3_db [None req-7bd58539-169f-41a1-ab43-8a44566cca18 1ad5cd94b7b24e6c832bd633e17d14ae 4b224f9c180d4b92b0d162062863e303 - - default default] Floating IP 48e6023c-9c19-4c87-8c83-26a81affea88 associated. External IP: 10.96.250.217, port: 2ca48e6a-c6f2-4b43-9c1a-95f8b9b282c1. [pid: 8|app: 0|req: 747/1486] 10.0.0.104 () {32 vars in 739 bytes} [Wed Jul 15 06:09:34 2026] DELETE /v2.0/security-groups/9344db25-8cae-4982-9c0b-92786bab1ff5 => generated 0 bytes in 218 msecs (HTTP/1.1 204) 2 headers in 112 bytes (1 switches on core 0)
2026-07-15 06:09:34.802 8 INFO neutron.db.ovn_revision_numbers_db [None req-130bce6b-8459-4bfd-8fb7-25f5523952f1 bec178ce6b094f0099a65394dffb2e5c 8cfd61b7ea9a41b782ccdaae49f46fc0 - - default default] Successfully bumped revision number for resource 78b3409d-fb40-49a5-a881-44756c4f8aac (type: security_groups) to 1
2026-07-15 06:09:34.815 8 INFO neutron.db.ovn_revision_numbers_db [None req-130bce6b-8459-4bfd-8fb7-25f5523952f1 bec178ce6b094f0099a65394dffb2e5c 8cfd61b7ea9a41b782ccdaae49f46fc0 - - default default] Successfully bumped revision number for resource 3500beec-f434-4a34-9449-8065df85848a (type: security_group_rules) to 0
2026-07-15 06:09:34.825 8 INFO neutron.db.ovn_revision_numbers_db [None req-130bce6b-8459-4bfd-8fb7-25f5523952f1 bec178ce6b094f0099a65394dffb2e5c 8cfd61b7ea9a41b782ccdaae49f46fc0 - - default default] Successfully bumped revision number for resource 482e596b-279a-4416-8ec5-a9c22ea4d41d (type: security_group_rules) to 0
2026-07-15 06:09:34.836 8 INFO neutron.db.ovn_revision_numbers_db [None req-130bce6b-8459-4bfd-8fb7-25f5523952f1 bec178ce6b094f0099a65394dffb2e5c 8cfd61b7ea9a41b782ccdaae49f46fc0 - - default default] Successfully bumped revision number for resource c776ae11-9dd6-4b73-a8cc-1b09ef1e593f (type: security_group_rules) to 0
2026-07-15 06:09:34.850 8 INFO neutron.db.ovn_revision_numbers_db [None req-130bce6b-8459-4bfd-8fb7-25f5523952f1 bec178ce6b094f0099a65394dffb2e5c 8cfd61b7ea9a41b782ccdaae49f46fc0 - - default default] Successfully bumped revision number for resource cf272de5-0ba8-4e05-8cce-674c5a9351d4 (type: security_group_rules) to 0 [pid: 8|app: 0|req: 748/1487] 10.0.0.104 () {32 vars in 773 bytes} [Wed Jul 15 06:09:34 2026] GET /v2.0/security-groups?tenant_id=8f1d90dc47e84bfcb8340f576244e017&name=default => generated 2925 bytes in 198 msecs (HTTP/1.1 200) 4 headers in 158 bytes (1 switches on core 0) [pid: 7|app: 0|req: 740/1488] 10.0.0.104 () {34 vars in 676 bytes} [Wed Jul 15 06:09:33 2026] POST /v2.0/floatingips => generated 842 bytes in 1800 msecs (HTTP/1.1 201) 4 headers in 162 bytes (1 switches on core 0) [pid: 7|app: 0|req: 741/1489] 10.0.0.104 () {32 vars in 728 bytes} [Wed Jul 15 06:09:34 2026] GET /v2.0/floatingips/48e6023c-9c19-4c87-8c83-26a81affea88 => generated 844 bytes in 77 msecs (HTTP/1.1 200) 4 headers in 157 bytes (1 switches on core 0) [pid: 8|app: 0|req: 749/1490] 10.0.0.104 () {32 vars in 739 bytes} [Wed Jul 15 06:09:34 2026] DELETE /v2.0/security-groups/78b3409d-fb40-49a5-a881-44756c4f8aac => generated 0 bytes in 216 msecs (HTTP/1.1 204) 2 headers in 112 bytes (1 switches on core 0) [pid: 7|app: 0|req: 742/1491] 10.0.0.104 () {32 vars in 654 bytes} [Wed Jul 15 06:09:34 2026] GET /v2.0/floatingips => generated 847 bytes in 124 msecs (HTTP/1.1 200) 4 headers in 157 bytes (1 switches on core 0)
2026-07-15 06:09:35.216 7 INFO neutron.db.ovn_revision_numbers_db [None req-e6c7e3cc-52b2-4971-8af9-7511da7db1a8 - - - - - -] Successfully bumped revision number for resource 8ad49c1c-1eb1-4a63-9c8d-a3a38d959b38 (type: ports) to 2 [pid: 7|app: 0|req: 743/1492] 10.0.0.87 () {34 vars in 988 bytes} [Wed Jul 15 06:09:35 2026] GET /v2.0/ports?device_id=d0b454a5-911f-4a2c-a3d5-e33bee6e8684 => generated 971 bytes in 89 msecs (HTTP/1.1 200) 4 headers in 157 bytes (1 switches on core 0) [pid: 7|app: 0|req: 744/1493] 10.0.0.87 () {34 vars in 1038 bytes} [Wed Jul 15 06:09:35 2026] GET /v2.0/security-groups?id=996412bd-ab64-4439-939d-46cd5da64bf9&fields=id&fields=name => generated 113 bytes in 33 msecs (HTTP/1.1 200) 4 headers in 157 bytes (1 switches on core 0)
2026-07-15 06:09:35.570 8 INFO neutron.db.ovn_revision_numbers_db [None req-5deba520-2fee-4b8d-9cb0-529e50753d02 1ad5cd94b7b24e6c832bd633e17d14ae 4b224f9c180d4b92b0d162062863e303 - - default default] Successfully bumped revision number for resource 48e6023c-9c19-4c87-8c83-26a81affea88 (type: floatingips) to 2
2026-07-15 06:09:35.668 8 INFO neutron.db.l3_db [None req-5deba520-2fee-4b8d-9cb0-529e50753d02 1ad5cd94b7b24e6c832bd633e17d14ae 4b224f9c180d4b92b0d162062863e303 - - default default] Floating IP 48e6023c-9c19-4c87-8c83-26a81affea88 associated. External IP: 10.96.250.217, port: 2ca48e6a-c6f2-4b43-9c1a-95f8b9b282c1. [pid: 8|app: 0|req: 750/1494] 10.0.0.104 () {34 vars in 748 bytes} [Wed Jul 15 06:09:35 2026] PUT /v2.0/floatingips/48e6023c-9c19-4c87-8c83-26a81affea88 => generated 843 bytes in 597 msecs (HTTP/1.1 200) 4 headers in 157 bytes (1 switches on core 0)
2026-07-15 06:09:35.885 7 INFO neutron.db.ovn_revision_numbers_db [None req-8867650d-6837-4c7b-9a5e-3438c93da57a 1ad5cd94b7b24e6c832bd633e17d14ae 4b224f9c180d4b92b0d162062863e303 - - default default] Successfully bumped revision number for resource 48e6023c-9c19-4c87-8c83-26a81affea88 (type: floatingips) to 3
2026-07-15 06:09:35.937 7 INFO neutron.db.l3_db [None req-8867650d-6837-4c7b-9a5e-3438c93da57a 1ad5cd94b7b24e6c832bd633e17d14ae 4b224f9c180d4b92b0d162062863e303 - - default default] Floating IP 48e6023c-9c19-4c87-8c83-26a81affea88 disassociated. External IP: 10.96.250.217, port: 61897875-6a7b-461a-a59b-fe825373a9f4. [pid: 7|app: 0|req: 745/1497] 10.0.0.104 () {34 vars in 748 bytes} [Wed Jul 15 06:09:35 2026] PUT /v2.0/floatingips/48e6023c-9c19-4c87-8c83-26a81affea88 => generated 554 bytes in 243 msecs (HTTP/1.1 200) 4 headers in 157 bytes (1 switches on core 0)
2026-07-15 06:09:36.104 8 INFO neutron_taas.services.taas.taas_plugin [None req-c12ed928-77f9-46a8-bfb9-e1492c085f04 1ad5cd94b7b24e6c832bd633e17d14ae 4b224f9c180d4b92b0d162062863e303 - - default default] TaaS: Handle Delete Port: 7c63d19e-1bb7-412f-bd79-44dbd0fb1f5b
2026-07-15 06:09:36.107 8 INFO neutron_taas.services.taas.tap_mirror_plugin [None req-c12ed928-77f9-46a8-bfb9-e1492c085f04 1ad5cd94b7b24e6c832bd633e17d14ae 4b224f9c180d4b92b0d162062863e303 - - default default] Tap Mirror: Handle Delete Port: 7c63d19e-1bb7-412f-bd79-44dbd0fb1f5b [pid: 8|app: 0|req: 753/1498] 10.0.0.104 () {32 vars in 731 bytes} [Wed Jul 15 06:09:35 2026] DELETE /v2.0/floatingips/48e6023c-9c19-4c87-8c83-26a81affea88 => generated 0 bytes in 302 msecs (HTTP/1.1 204) 2 headers in 112 bytes (1 switches on core 0)
2026-07-15 06:09:36.306 7 INFO neutron.api.v2.resource [None req-a94ef6f8-fc4f-4497-9dc0-9a488884daea 1ad5cd94b7b24e6c832bd633e17d14ae 4b224f9c180d4b92b0d162062863e303 - - default default] delete failed (client error): The resource could not be found. [pid: 7|app: 0|req: 746/1499] 10.0.0.104 () {32 vars in 731 bytes} [Wed Jul 15 06:09:36 2026] DELETE /v2.0/floatingips/48e6023c-9c19-4c87-8c83-26a81affea88 => generated 144 bytes in 30 msecs (HTTP/1.1 404) 4 headers in 164 bytes (1 switches on core 0)
2026-07-15 06:09:36.470 8 INFO neutron_taas.services.taas.taas_plugin [None req-f9f74eba-fd91-407f-a07e-aa9d806cae04 1ad5cd94b7b24e6c832bd633e17d14ae 4b224f9c180d4b92b0d162062863e303 - - default default] TaaS: Handle Delete Port: 61897875-6a7b-461a-a59b-fe825373a9f4
2026-07-15 06:09:36.473 8 INFO neutron_taas.services.taas.tap_mirror_plugin [None req-f9f74eba-fd91-407f-a07e-aa9d806cae04 1ad5cd94b7b24e6c832bd633e17d14ae 4b224f9c180d4b92b0d162062863e303 - - default default] Tap Mirror: Handle Delete Port: 61897875-6a7b-461a-a59b-fe825373a9f4 [pid: 7|app: 0|req: 747/1500] 10.0.0.87 () {34 vars in 988 bytes} [Wed Jul 15 06:09:36 2026] GET /v2.0/ports?device_id=d0b454a5-911f-4a2c-a3d5-e33bee6e8684 => generated 971 bytes in 51 msecs (HTTP/1.1 200) 4 headers in 157 bytes (1 switches on core 0) [pid: 8|app: 0|req: 754/1501] 10.0.0.104 () {32 vars in 719 bytes} [Wed Jul 15 06:09:36 2026] DELETE /v2.0/ports/61897875-6a7b-461a-a59b-fe825373a9f4 => generated 0 bytes in 291 msecs (HTTP/1.1 204) 3 headers in 131 bytes (1 switches on core 0) [pid: 7|app: 0|req: 748/1502] 10.0.0.87 () {34 vars in 1038 bytes} [Wed Jul 15 06:09:36 2026] GET /v2.0/security-groups?id=996412bd-ab64-4439-939d-46cd5da64bf9&fields=id&fields=name => generated 113 bytes in 30 msecs (HTTP/1.1 200) 4 headers in 157 bytes (1 switches on core 0)
2026-07-15 06:09:36.723 8 INFO neutron_taas.services.taas.taas_plugin [None req-632cf82f-9a84-4930-9e59-e673f18c95c0 1ad5cd94b7b24e6c832bd633e17d14ae 4b224f9c180d4b92b0d162062863e303 - - default default] TaaS: Handle Delete Port: 2ca48e6a-c6f2-4b43-9c1a-95f8b9b282c1
2026-07-15 06:09:36.726 8 INFO neutron_taas.services.taas.tap_mirror_plugin [None req-632cf82f-9a84-4930-9e59-e673f18c95c0 1ad5cd94b7b24e6c832bd633e17d14ae 4b224f9c180d4b92b0d162062863e303 - - default default] Tap Mirror: Handle Delete Port: 2ca48e6a-c6f2-4b43-9c1a-95f8b9b282c1 [pid: 8|app: 0|req: 755/1503] 10.0.0.104 () {32 vars in 719 bytes} [Wed Jul 15 06:09:36 2026] DELETE /v2.0/ports/2ca48e6a-c6f2-4b43-9c1a-95f8b9b282c1 => generated 0 bytes in 259 msecs (HTTP/1.1 204) 3 headers in 131 bytes (1 switches on core 0) [pid: 7|app: 0|req: 749/1504] 10.0.0.104 () {32 vars in 735 bytes} [Wed Jul 15 06:09:36 2026] GET /v2.0/ports?device_id=9cec0ee3-616f-4021-9954-3d1162e292b8 => generated 946 bytes in 101 msecs (HTTP/1.1 200) 4 headers in 157 bytes (1 switches on core 0)
2026-07-15 06:09:37.202 8 INFO neutron.db.ovn_revision_numbers_db [None req-334f8cd0-b384-4646-b132-f42f560d33b8 bec178ce6b094f0099a65394dffb2e5c 8cfd61b7ea9a41b782ccdaae49f46fc0 - - default default] Successfully bumped revision number for resource f96c4d74-485e-4fcb-9a76-ee3fb006d33f (type: security_groups) to 1
2026-07-15 06:09:37.212 7 INFO neutron.db.ovn_revision_numbers_db [None req-0fb46ef9-7458-4236-94aa-4e50b4158d8b 61711759727945958a1d65c6e2f3d284 7f6ebfa771e5471eb7fcaf1f9c41539a - - default default] Successfully bumped revision number for resource 0b9d5cb0-f766-4b1b-92ca-f0d56efa1ab6 (type: security_groups) to 1
2026-07-15 06:09:37.215 8 INFO neutron.db.ovn_revision_numbers_db [None req-334f8cd0-b384-4646-b132-f42f560d33b8 bec178ce6b094f0099a65394dffb2e5c 8cfd61b7ea9a41b782ccdaae49f46fc0 - - default default] Successfully bumped revision number for resource 0ae6d2ec-4cf0-4d90-8303-0ac052558dee (type: security_group_rules) to 0
2026-07-15 06:09:37.224 7 INFO neutron.db.ovn_revision_numbers_db [None req-0fb46ef9-7458-4236-94aa-4e50b4158d8b 61711759727945958a1d65c6e2f3d284 7f6ebfa771e5471eb7fcaf1f9c41539a - - default default] Successfully bumped revision number for resource 13e98ecd-0656-4c13-8cd9-45bc4e9bd31e (type: security_group_rules) to 0
2026-07-15 06:09:37.227 8 INFO neutron.db.ovn_revision_numbers_db [None req-334f8cd0-b384-4646-b132-f42f560d33b8 bec178ce6b094f0099a65394dffb2e5c 8cfd61b7ea9a41b782ccdaae49f46fc0 - - default default] Successfully bumped revision number for resource 25f5cda1-b426-4ade-9cbc-d39e9842ee47 (type: security_group_rules) to 0
2026-07-15 06:09:37.237 7 INFO neutron.db.ovn_revision_numbers_db [None req-0fb46ef9-7458-4236-94aa-4e50b4158d8b 61711759727945958a1d65c6e2f3d284 7f6ebfa771e5471eb7fcaf1f9c41539a - - default default] Successfully bumped revision number for resource 88a04d2b-07df-4c8d-a6f2-392bd3aa752c (type: security_group_rules) to 0
2026-07-15 06:09:37.239 8 INFO neutron.db.ovn_revision_numbers_db [None req-334f8cd0-b384-4646-b132-f42f560d33b8 bec178ce6b094f0099a65394dffb2e5c 8cfd61b7ea9a41b782ccdaae49f46fc0 - - default default] Successfully bumped revision number for resource a76a429a-3dbb-4b62-916b-bdd3f9432f82 (type: security_group_rules) to 0
2026-07-15 06:09:37.248 7 INFO neutron.db.ovn_revision_numbers_db [None req-0fb46ef9-7458-4236-94aa-4e50b4158d8b 61711759727945958a1d65c6e2f3d284 7f6ebfa771e5471eb7fcaf1f9c41539a - - default default] Successfully bumped revision number for resource 8b4b2e60-b27a-49c1-86e1-e29396032a22 (type: security_group_rules) to 0
2026-07-15 06:09:37.250 8 INFO neutron.db.ovn_revision_numbers_db [None req-334f8cd0-b384-4646-b132-f42f560d33b8 bec178ce6b094f0099a65394dffb2e5c 8cfd61b7ea9a41b782ccdaae49f46fc0 - - default default] Successfully bumped revision number for resource c662732d-5c23-41cc-869b-e8a17e82d256 (type: security_group_rules) to 0
2026-07-15 06:09:37.260 7 INFO neutron.db.ovn_revision_numbers_db [None req-0fb46ef9-7458-4236-94aa-4e50b4158d8b 61711759727945958a1d65c6e2f3d284 7f6ebfa771e5471eb7fcaf1f9c41539a - - default default] Successfully bumped revision number for resource c73f19e1-f7e6-4c91-b81d-0eae70a177a5 (type: security_group_rules) to 0 [pid: 8|app: 0|req: 756/1505] 10.0.0.104 () {32 vars in 773 bytes} [Wed Jul 15 06:09:36 2026] GET /v2.0/security-groups?tenant_id=aa0bebad4566451cbcaf61edcfbf3e67&name=default => generated 2925 bytes in 361 msecs (HTTP/1.1 200) 4 headers in 158 bytes (1 switches on core 0)
2026-07-15 06:09:37.337 7 INFO neutron.db.segments_db [None req-0fb46ef9-7458-4236-94aa-4e50b4158d8b 61711759727945958a1d65c6e2f3d284 7f6ebfa771e5471eb7fcaf1f9c41539a - - default default] Added segment b18b5ef8-2eab-494f-8399-eff99ed7c436 of type geneve for network 45cdd382-24d8-4223-a121-866366e2c2c4
2026-07-15 06:09:37.427 7 INFO neutron.db.segments_db [None req-0fb46ef9-7458-4236-94aa-4e50b4158d8b 61711759727945958a1d65c6e2f3d284 7f6ebfa771e5471eb7fcaf1f9c41539a - - default default] Added segment 43c492ec-8bb5-47f4-80a7-307a6e0231dd of type geneve for network be02f29d-0f06-48c5-96e1-bbd75097148c
2026-07-15 06:09:37.522 8 INFO neutron_taas.services.taas.taas_plugin [None req-99e86799-1692-4683-a39d-5d413c0e3677 1ad5cd94b7b24e6c832bd633e17d14ae 4b224f9c180d4b92b0d162062863e303 - - default default] TaaS: Handle Delete Port: 8ad49c1c-1eb1-4a63-9c8d-a3a38d959b38
2026-07-15 06:09:37.525 8 INFO neutron_taas.services.taas.tap_mirror_plugin [None req-99e86799-1692-4683-a39d-5d413c0e3677 1ad5cd94b7b24e6c832bd633e17d14ae 4b224f9c180d4b92b0d162062863e303 - - default default] Tap Mirror: Handle Delete Port: 8ad49c1c-1eb1-4a63-9c8d-a3a38d959b38
2026-07-15 06:09:37.531 7 INFO neutron.db.ovn_revision_numbers_db [None req-0fb46ef9-7458-4236-94aa-4e50b4158d8b 61711759727945958a1d65c6e2f3d284 7f6ebfa771e5471eb7fcaf1f9c41539a - - default default] Successfully bumped revision number for resource 45cdd382-24d8-4223-a121-866366e2c2c4 (type: networks) to 1
2026-07-15 06:09:37.715 7 WARNING neutron.scheduler.dhcp_agent_scheduler [None req-0fb46ef9-7458-4236-94aa-4e50b4158d8b 61711759727945958a1d65c6e2f3d284 7f6ebfa771e5471eb7fcaf1f9c41539a - - default default] No more DHCP agents
2026-07-15 06:09:37.716 7 WARNING neutron.api.rpc.agentnotifiers.dhcp_rpc_agent_api [None req-0fb46ef9-7458-4236-94aa-4e50b4158d8b 61711759727945958a1d65c6e2f3d284 7f6ebfa771e5471eb7fcaf1f9c41539a - - default default] Unable to schedule network 45cdd382-24d8-4223-a121-866366e2c2c4: no agents available; will retry on subsequent port and subnet creation events.
2026-07-15 06:09:37.771 8 INFO neutron.plugins.ml2.drivers.ovn.mech_driver.mech_driver [None req-6c58bc68-8748-4d03-9e98-aec45bd1665e - - - - - -] OVN reports status down for port: 50295987-dec3-4457-b2dd-113822ccff10
2026-07-15 06:09:37.799 7 INFO neutron.db.ovn_revision_numbers_db [None req-0fb46ef9-7458-4236-94aa-4e50b4158d8b 61711759727945958a1d65c6e2f3d284 7f6ebfa771e5471eb7fcaf1f9c41539a - - default default] Successfully bumped revision number for resource 50295987-dec3-4457-b2dd-113822ccff10 (type: ports) to 1
2026-07-15 06:09:37.888 7 INFO neutron.db.ovn_revision_numbers_db [None req-0fb46ef9-7458-4236-94aa-4e50b4158d8b 61711759727945958a1d65c6e2f3d284 7f6ebfa771e5471eb7fcaf1f9c41539a - - default default] Successfully bumped revision number for resource be02f29d-0f06-48c5-96e1-bbd75097148c (type: networks) to 1
2026-07-15 06:09:38.038 7 WARNING neutron.scheduler.dhcp_agent_scheduler [None req-0fb46ef9-7458-4236-94aa-4e50b4158d8b 61711759727945958a1d65c6e2f3d284 7f6ebfa771e5471eb7fcaf1f9c41539a - - default default] No more DHCP agents
2026-07-15 06:09:38.039 7 WARNING neutron.api.rpc.agentnotifiers.dhcp_rpc_agent_api [None req-0fb46ef9-7458-4236-94aa-4e50b4158d8b 61711759727945958a1d65c6e2f3d284 7f6ebfa771e5471eb7fcaf1f9c41539a - - default default] Unable to schedule network be02f29d-0f06-48c5-96e1-bbd75097148c: no agents available; will retry on subsequent port and subnet creation events.
2026-07-15 06:09:38.084 8 INFO neutron.plugins.ml2.drivers.ovn.mech_driver.mech_driver [None req-6c58bc68-8748-4d03-9e98-aec45bd1665e - - - - - -] OVN reports status down for port: 6cc944e3-a2cc-4ecf-b9d8-be98580065e4
2026-07-15 06:09:38.099 7 INFO neutron.db.ovn_revision_numbers_db [None req-0fb46ef9-7458-4236-94aa-4e50b4158d8b 61711759727945958a1d65c6e2f3d284 7f6ebfa771e5471eb7fcaf1f9c41539a - - default default] Successfully bumped revision number for resource 6cc944e3-a2cc-4ecf-b9d8-be98580065e4 (type: ports) to 1 [pid: 8|app: 0|req: 757/1506] 10.0.0.104 () {34 vars in 788 bytes} [Wed Jul 15 06:09:37 2026] PUT /v2.0/routers/9cec0ee3-616f-4021-9954-3d1162e292b8/remove_router_interface => generated 309 bytes in 832 msecs (HTTP/1.1 200) 4 headers in 157 bytes (1 switches on core 0) /var/lib/openstack/lib/python3.12/site-packages/pycadf/identifier.py:70: UserWarning: Invalid uuid: neutron. To ensure interoperability, identifiers should be a valid uuid. warnings.warn(('Invalid uuid: %s. To ensure interoperability, ' [pid: 7|app: 0|req: 750/1507] 10.0.0.104 () {34 vars in 669 bytes} [Wed Jul 15 06:09:36 2026] POST /v2.0/networks => generated 1245 bytes in 1146 msecs (HTTP/1.1 201) 4 headers in 163 bytes (1 switches on core 0) [pid: 7|app: 0|req: 751/1508] 10.0.0.87 () {34 vars in 988 bytes} [Wed Jul 15 06:09:38 2026] GET /v2.0/ports?device_id=d0b454a5-911f-4a2c-a3d5-e33bee6e8684 => generated 971 bytes in 32 msecs (HTTP/1.1 200) 4 headers in 157 bytes (1 switches on core 0) [pid: 8|app: 0|req: 758/1509] 10.0.0.104 () {32 vars in 739 bytes} [Wed Jul 15 06:09:38 2026] DELETE /v2.0/security-groups/f96c4d74-485e-4fcb-9a76-ee3fb006d33f => generated 0 bytes in 226 msecs (HTTP/1.1 204) 2 headers in 112 bytes (1 switches on core 0) [pid: 8|app: 0|req: 759/1510] 10.0.0.104 () {32 vars in 648 bytes} [Wed Jul 15 06:09:38 2026] GET /v2.0/networks => generated 1856 bytes in 67 msecs (HTTP/1.1 200) 4 headers in 158 bytes (1 switches on core 0) [pid: 8|app: 0|req: 760/1511] 10.0.0.87 () {34 vars in 1038 bytes} [Wed Jul 15 06:09:38 2026] GET /v2.0/security-groups?id=996412bd-ab64-4439-939d-46cd5da64bf9&fields=id&fields=name => generated 113 bytes in 22 msecs (HTTP/1.1 200) 4 headers in 157 bytes (1 switches on core 0)
2026-07-15 06:09:38.452 7 INFO neutron_taas.services.taas.taas_plugin [None req-64a5783e-3c09-4ee6-9d1c-9b1f27ac68f5 1ad5cd94b7b24e6c832bd633e17d14ae 4b224f9c180d4b92b0d162062863e303 - - default default] TaaS: Handle Delete Port: 2002fc66-59e2-4a34-99da-151e6636f69d
2026-07-15 06:09:38.455 7 INFO neutron_taas.services.taas.tap_mirror_plugin [None req-64a5783e-3c09-4ee6-9d1c-9b1f27ac68f5 1ad5cd94b7b24e6c832bd633e17d14ae 4b224f9c180d4b92b0d162062863e303 - - default default] Tap Mirror: Handle Delete Port: 2002fc66-59e2-4a34-99da-151e6636f69d
2026-07-15 06:09:38.551 8 INFO neutron_taas.services.taas.taas_plugin [None req-482a0a82-d93f-4ee9-8c57-69886b38ff6d 61711759727945958a1d65c6e2f3d284 7f6ebfa771e5471eb7fcaf1f9c41539a - - default default] TaaS: Handle Delete Port: 50295987-dec3-4457-b2dd-113822ccff10
2026-07-15 06:09:38.554 8 INFO neutron_taas.services.taas.tap_mirror_plugin [None req-482a0a82-d93f-4ee9-8c57-69886b38ff6d 61711759727945958a1d65c6e2f3d284 7f6ebfa771e5471eb7fcaf1f9c41539a - - default default] Tap Mirror: Handle Delete Port: 50295987-dec3-4457-b2dd-113822ccff10
2026-07-15 06:09:38.747 8 INFO neutron.services.segments.plugin [-] Segment b18b5ef8-2eab-494f-8399-eff99ed7c436 resource provider aggregate not found
2026-07-15 06:09:38.750 8 INFO neutron.services.segments.plugin [-] Segment b18b5ef8-2eab-494f-8399-eff99ed7c436 resource provider aggregate not found
2026-07-15 06:09:38.766 8 INFO neutron.services.segments.plugin [-] Client error retrieving segment b18b5ef8-2eab-494f-8399-eff99ed7c436 resource provider; error: Placement Client Error (4xx): {"errors": [{"status": 404, "title": "Not Found", "detail": "The resource could not be found.\n\n No resource provider with uuid b18b5ef8-2eab-494f-8399-eff99ed7c436 found for delete ", "request_id": "req-c09399eb-66c9-4d00-9839-125bad9793d0"}]}
2026-07-15 06:09:38.767 8 INFO neutron.services.segments.plugin [-] Client error retrieving segment b18b5ef8-2eab-494f-8399-eff99ed7c436 resource provider; error: Placement Client Error (4xx): {"errors": [{"status": 404, "title": "Not Found", "detail": "The resource could not be found.\n\n No resource provider with uuid b18b5ef8-2eab-494f-8399-eff99ed7c436 found for delete ", "request_id": "req-2ee1ec87-f2d8-43db-aab6-47d4c0ffd26b"}]} [pid: 8|app: 0|req: 761/1512] 10.0.0.104 () {32 vars in 725 bytes} [Wed Jul 15 06:09:38 2026] DELETE /v2.0/networks/45cdd382-24d8-4223-a121-866366e2c2c4 => generated 0 bytes in 348 msecs (HTTP/1.1 204) 3 headers in 131 bytes (1 switches on core 0) [pid: 7|app: 0|req: 752/1513] 10.0.0.104 () {32 vars in 723 bytes} [Wed Jul 15 06:09:38 2026] DELETE /v2.0/routers/9cec0ee3-616f-4021-9954-3d1162e292b8 => generated 0 bytes in 683 msecs (HTTP/1.1 204) 2 headers in 112 bytes (1 switches on core 0)
2026-07-15 06:09:38.913 8 INFO neutron.db.ovn_revision_numbers_db [None req-8150c14d-bffa-46b2-a921-9505521ad799 bec178ce6b094f0099a65394dffb2e5c 8cfd61b7ea9a41b782ccdaae49f46fc0 - - default default] Successfully bumped revision number for resource 40a4ed84-4f3b-4f81-921e-79eaccff8ccb (type: security_groups) to 1
2026-07-15 06:09:38.938 8 INFO neutron.db.ovn_revision_numbers_db [None req-8150c14d-bffa-46b2-a921-9505521ad799 bec178ce6b094f0099a65394dffb2e5c 8cfd61b7ea9a41b782ccdaae49f46fc0 - - default default] Successfully bumped revision number for resource 6d57f944-2eee-41ab-84b0-7e3db7a8a972 (type: security_group_rules) to 0
2026-07-15 06:09:38.952 8 INFO neutron.db.ovn_revision_numbers_db [None req-8150c14d-bffa-46b2-a921-9505521ad799 bec178ce6b094f0099a65394dffb2e5c 8cfd61b7ea9a41b782ccdaae49f46fc0 - - default default] Successfully bumped revision number for resource 79dff0b8-bdbf-4e79-9b06-529739b7dff4 (type: security_group_rules) to 0
2026-07-15 06:09:38.961 7 INFO neutron_taas.services.taas.taas_plugin [None req-17317d3a-690b-45a7-85ac-a5d107071521 61711759727945958a1d65c6e2f3d284 7f6ebfa771e5471eb7fcaf1f9c41539a - - default default] TaaS: Handle Delete Port: 6cc944e3-a2cc-4ecf-b9d8-be98580065e4
2026-07-15 06:09:38.964 7 INFO neutron_taas.services.taas.tap_mirror_plugin [None req-17317d3a-690b-45a7-85ac-a5d107071521 61711759727945958a1d65c6e2f3d284 7f6ebfa771e5471eb7fcaf1f9c41539a - - default default] Tap Mirror: Handle Delete Port: 6cc944e3-a2cc-4ecf-b9d8-be98580065e4
2026-07-15 06:09:38.964 8 INFO neutron.db.ovn_revision_numbers_db [None req-8150c14d-bffa-46b2-a921-9505521ad799 bec178ce6b094f0099a65394dffb2e5c 8cfd61b7ea9a41b782ccdaae49f46fc0 - - default default] Successfully bumped revision number for resource ab097713-a6dd-4a6c-bb88-8b686ebd7528 (type: security_group_rules) to 0
2026-07-15 06:09:38.975 8 INFO neutron.db.ovn_revision_numbers_db [None req-8150c14d-bffa-46b2-a921-9505521ad799 bec178ce6b094f0099a65394dffb2e5c 8cfd61b7ea9a41b782ccdaae49f46fc0 - - default default] Successfully bumped revision number for resource d92ed0a6-7df7-4c2c-82c3-95a509eb09bf (type: security_group_rules) to 0 [pid: 8|app: 0|req: 762/1514] 10.0.0.104 () {32 vars in 773 bytes} [Wed Jul 15 06:09:38 2026] GET /v2.0/security-groups?tenant_id=b024eb03dc21410ca2adf9e49ee7e2db&name=default => generated 2925 bytes in 233 msecs (HTTP/1.1 200) 4 headers in 158 bytes (1 switches on core 0)
2026-07-15 06:09:39.129 7 INFO neutron.services.segments.plugin [-] Segment 43c492ec-8bb5-47f4-80a7-307a6e0231dd resource provider aggregate not found
2026-07-15 06:09:39.132 7 INFO neutron.services.segments.plugin [-] Segment 43c492ec-8bb5-47f4-80a7-307a6e0231dd resource provider aggregate not found [pid: 8|app: 0|req: 763/1515] 10.0.0.104 () {32 vars in 723 bytes} [Wed Jul 15 06:09:39 2026] DELETE /v2.0/subnets/b29f18ae-220d-4e8f-afeb-a06010ee4be3 => generated 0 bytes in 129 msecs (HTTP/1.1 204) 3 headers in 131 bytes (1 switches on core 0)
2026-07-15 06:09:39.149 7 INFO neutron.services.segments.plugin [-] Client error retrieving segment 43c492ec-8bb5-47f4-80a7-307a6e0231dd resource provider; error: Placement Client Error (4xx): {"errors": [{"status": 404, "title": "Not Found", "detail": "The resource could not be found.\n\n No resource provider with uuid 43c492ec-8bb5-47f4-80a7-307a6e0231dd found for delete ", "request_id": "req-22e0f583-4fd7-48d5-8d8c-9abaf86bf5c6"}]}
2026-07-15 06:09:39.152 7 INFO neutron.services.segments.plugin [-] Client error retrieving segment 43c492ec-8bb5-47f4-80a7-307a6e0231dd resource provider; error: Placement Client Error (4xx): {"errors": [{"status": 404, "title": "Not Found", "detail": "The resource could not be found.\n\n No resource provider with uuid 43c492ec-8bb5-47f4-80a7-307a6e0231dd found for delete ", "request_id": "req-0939c9ce-acb0-4c2f-8a65-294bc434566d"}]} [pid: 7|app: 0|req: 753/1516] 10.0.0.104 () {32 vars in 725 bytes} [Wed Jul 15 06:09:38 2026] DELETE /v2.0/networks/be02f29d-0f06-48c5-96e1-bbd75097148c => generated 0 bytes in 339 msecs (HTTP/1.1 204) 3 headers in 131 bytes (1 switches on core 0)
2026-07-15 06:09:39.297 7 INFO neutron_taas.services.taas.taas_plugin [None req-fd0b73b5-bae5-422e-a9c7-bd9cb92e4676 1ad5cd94b7b24e6c832bd633e17d14ae 4b224f9c180d4b92b0d162062863e303 - - default default] TaaS: Handle Delete Port: 5f995cac-5458-4cd5-8b06-5bb70660a6f6
2026-07-15 06:09:39.300 7 INFO neutron_taas.services.taas.tap_mirror_plugin [None req-fd0b73b5-bae5-422e-a9c7-bd9cb92e4676 1ad5cd94b7b24e6c832bd633e17d14ae 4b224f9c180d4b92b0d162062863e303 - - default default] Tap Mirror: Handle Delete Port: 5f995cac-5458-4cd5-8b06-5bb70660a6f6 [pid: 8|app: 0|req: 764/1517] 10.0.0.104 () {32 vars in 739 bytes} [Wed Jul 15 06:09:39 2026] DELETE /v2.0/security-groups/40a4ed84-4f3b-4f81-921e-79eaccff8ccb => generated 0 bytes in 206 msecs (HTTP/1.1 204) 2 headers in 112 bytes (1 switches on core 0) [pid: 8|app: 0|req: 765/1518] 10.0.0.104 () {32 vars in 648 bytes} [Wed Jul 15 06:09:39 2026] GET /v2.0/networks => generated 651 bytes in 52 msecs (HTTP/1.1 200) 4 headers in 157 bytes (1 switches on core 0) [pid: 7|app: 0|req: 754/1519] 10.0.0.104 () {32 vars in 725 bytes} [Wed Jul 15 06:09:39 2026] DELETE /v2.0/networks/02ca7803-4a7e-48bf-89b3-b34eba2d9ede => generated 0 bytes in 301 msecs (HTTP/1.1 204) 3 headers in 131 bytes (1 switches on core 0)
2026-07-15 06:09:39.507 8 INFO neutron.db.segments_db [None req-f8c8050f-cf58-4a0c-9068-91417a8f0aec 61711759727945958a1d65c6e2f3d284 7f6ebfa771e5471eb7fcaf1f9c41539a - - default default] Added segment a502e442-5cf6-42cb-9517-71dc068793de of type geneve for network 54aad9c8-4193-46e4-ac2e-11d49f8e9935 [pid: 7|app: 0|req: 755/1520] 10.0.0.87 () {34 vars in 988 bytes} [Wed Jul 15 06:09:39 2026] GET /v2.0/ports?device_id=d0b454a5-911f-4a2c-a3d5-e33bee6e8684 => generated 971 bytes in 34 msecs (HTTP/1.1 200) 4 headers in 157 bytes (1 switches on core 0) [pid: 7|app: 0|req: 756/1521] 10.0.0.87 () {34 vars in 1038 bytes} [Wed Jul 15 06:09:39 2026] GET /v2.0/security-groups?id=996412bd-ab64-4439-939d-46cd5da64bf9&fields=id&fields=name => generated 113 bytes in 27 msecs (HTTP/1.1 200) 4 headers in 157 bytes (1 switches on core 0)
2026-07-15 06:09:39.629 8 INFO neutron.db.ovn_revision_numbers_db [None req-f8c8050f-cf58-4a0c-9068-91417a8f0aec 61711759727945958a1d65c6e2f3d284 7f6ebfa771e5471eb7fcaf1f9c41539a - - default default] Successfully bumped revision number for resource 54aad9c8-4193-46e4-ac2e-11d49f8e9935 (type: networks) to 1
2026-07-15 06:09:39.832 8 WARNING neutron.scheduler.dhcp_agent_scheduler [None req-f8c8050f-cf58-4a0c-9068-91417a8f0aec 61711759727945958a1d65c6e2f3d284 7f6ebfa771e5471eb7fcaf1f9c41539a - - default default] No more DHCP agents
2026-07-15 06:09:39.833 8 WARNING neutron.api.rpc.agentnotifiers.dhcp_rpc_agent_api [None req-f8c8050f-cf58-4a0c-9068-91417a8f0aec 61711759727945958a1d65c6e2f3d284 7f6ebfa771e5471eb7fcaf1f9c41539a - - default default] Unable to schedule network 54aad9c8-4193-46e4-ac2e-11d49f8e9935: no agents available; will retry on subsequent port and subnet creation events.
2026-07-15 06:09:39.878 8 INFO neutron.plugins.ml2.drivers.ovn.mech_driver.mech_driver [None req-6c58bc68-8748-4d03-9e98-aec45bd1665e - - - - - -] OVN reports status down for port: f5a0ff9c-ce8d-4831-9c7e-40aa2ec5953d
2026-07-15 06:09:39.940 8 INFO neutron.db.ovn_revision_numbers_db [None req-f8c8050f-cf58-4a0c-9068-91417a8f0aec 61711759727945958a1d65c6e2f3d284 7f6ebfa771e5471eb7fcaf1f9c41539a - - default default] Successfully bumped revision number for resource f5a0ff9c-ce8d-4831-9c7e-40aa2ec5953d (type: ports) to 1 [pid: 8|app: 0|req: 766/1522] 10.0.0.104 () {34 vars in 669 bytes} [Wed Jul 15 06:09:39 2026] POST /v2.0/networks => generated 649 bytes in 558 msecs (HTTP/1.1 201) 4 headers in 162 bytes (1 switches on core 0)
2026-07-15 06:09:40.055 7 INFO neutron.db.segments_db [None req-4cc63cff-9ceb-4d8b-b0af-e68bb9e8b435 61711759727945958a1d65c6e2f3d284 7f6ebfa771e5471eb7fcaf1f9c41539a - - default default] Added segment d9ed703c-3ec8-4960-85e4-bc8344b37326 of type geneve for network b4f97707-fd2b-4586-a47c-8c372b747cab [pid: 8|app: 0|req: 767/1523] 10.0.0.104 () {32 vars in 773 bytes} [Wed Jul 15 06:09:40 2026] GET /v2.0/security-groups?tenant_id=4b224f9c180d4b92b0d162062863e303&name=default => generated 2925 bytes in 101 msecs (HTTP/1.1 200) 4 headers in 158 bytes (1 switches on core 0)
2026-07-15 06:09:40.146 7 INFO neutron.db.ovn_revision_numbers_db [None req-4cc63cff-9ceb-4d8b-b0af-e68bb9e8b435 61711759727945958a1d65c6e2f3d284 7f6ebfa771e5471eb7fcaf1f9c41539a - - default default] Successfully bumped revision number for resource b4f97707-fd2b-4586-a47c-8c372b747cab (type: networks) to 1
2026-07-15 06:09:40.304 7 WARNING neutron.scheduler.dhcp_agent_scheduler [None req-4cc63cff-9ceb-4d8b-b0af-e68bb9e8b435 61711759727945958a1d65c6e2f3d284 7f6ebfa771e5471eb7fcaf1f9c41539a - - default default] No more DHCP agents
2026-07-15 06:09:40.306 7 WARNING neutron.api.rpc.agentnotifiers.dhcp_rpc_agent_api [None req-4cc63cff-9ceb-4d8b-b0af-e68bb9e8b435 61711759727945958a1d65c6e2f3d284 7f6ebfa771e5471eb7fcaf1f9c41539a - - default default] Unable to schedule network b4f97707-fd2b-4586-a47c-8c372b747cab: no agents available; will retry on subsequent port and subnet creation events. [pid: 8|app: 0|req: 768/1524] 10.0.0.104 () {32 vars in 739 bytes} [Wed Jul 15 06:09:40 2026] DELETE /v2.0/security-groups/a2895a13-381c-48fa-a5f7-120787425a7c => generated 0 bytes in 254 msecs (HTTP/1.1 204) 2 headers in 112 bytes (1 switches on core 0)
2026-07-15 06:09:40.410 7 INFO neutron.db.ovn_revision_numbers_db [None req-4cc63cff-9ceb-4d8b-b0af-e68bb9e8b435 61711759727945958a1d65c6e2f3d284 7f6ebfa771e5471eb7fcaf1f9c41539a - - default default] Successfully bumped revision number for resource 1d319db0-3af9-4fec-97b4-1823a1ec1520 (type: ports) to 1 [pid: 7|app: 0|req: 757/1525] 10.0.0.104 () {34 vars in 669 bytes} [Wed Jul 15 06:09:39 2026] POST /v2.0/networks => generated 650 bytes in 478 msecs (HTTP/1.1 201) 4 headers in 162 bytes (1 switches on core 0) [pid: 7|app: 0|req: 758/1526] 10.0.0.87 () {34 vars in 988 bytes} [Wed Jul 15 06:09:40 2026] GET /v2.0/ports?device_id=d0b454a5-911f-4a2c-a3d5-e33bee6e8684 => generated 971 bytes in 82 msecs (HTTP/1.1 200) 4 headers in 157 bytes (1 switches on core 0)
2026-07-15 06:09:40.752 7 WARNING neutron.plugins.ml2.drivers.ovn.mech_driver.ovsdb.ovn_client [None req-8f0238ec-8988-4007-a064-095627137b3a - - - - - -] No port found with ID 8ad49c1c-1eb1-4a63-9c8d-a3a38d959b38: RuntimeError: No port found with ID 8ad49c1c-1eb1-4a63-9c8d-a3a38d959b38 [pid: 7|app: 0|req: 759/1527] 10.0.0.87 () {34 vars in 1038 bytes} [Wed Jul 15 06:09:40 2026] GET /v2.0/security-groups?id=996412bd-ab64-4439-939d-46cd5da64bf9&fields=id&fields=name => generated 113 bytes in 70 msecs (HTTP/1.1 200) 4 headers in 157 bytes (1 switches on core 0)
2026-07-15 06:09:40.791 7 INFO neutron.plugins.ml2.drivers.ovn.mech_driver.mech_driver [None req-8f0238ec-8988-4007-a064-095627137b3a - - - - - -] OVN reports status down for port: 374da473-e50e-4655-9f4b-550a32dd1305
2026-07-15 06:09:40.919 7 INFO neutron.notifiers.nova [-] Nova event matching ['req-cb149b8e-04e0-4dc8-88e7-eb6d3d9f69e1'] response: {'server_uuid': 'd0b454a5-911f-4a2c-a3d5-e33bee6e8684', 'name': 'network-vif-unplugged', 'status': 'completed', 'tag': '374da473-e50e-4655-9f4b-550a32dd1305', 'code': 200}
2026-07-15 06:09:40.935 8 WARNING neutron.scheduler.dhcp_agent_scheduler [None req-c8588706-6d8d-494f-894f-f99c8a8a771b 61711759727945958a1d65c6e2f3d284 7f6ebfa771e5471eb7fcaf1f9c41539a - - default default] No more DHCP agents
2026-07-15 06:09:40.937 8 WARNING neutron.api.rpc.agentnotifiers.dhcp_rpc_agent_api [None req-c8588706-6d8d-494f-894f-f99c8a8a771b 61711759727945958a1d65c6e2f3d284 7f6ebfa771e5471eb7fcaf1f9c41539a - - default default] Unable to schedule network 54aad9c8-4193-46e4-ac2e-11d49f8e9935: no agents available; will retry on subsequent port and subnet creation events.
2026-07-15 06:09:41.038 7 INFO neutron.db.ovn_revision_numbers_db [None req-8f0238ec-8988-4007-a064-095627137b3a - - - - - -] Successfully bumped revision number for resource 374da473-e50e-4655-9f4b-550a32dd1305 (type: ports) to 6
2026-07-15 06:09:41.061 8 INFO neutron.db.ovn_revision_numbers_db [None req-c8588706-6d8d-494f-894f-f99c8a8a771b 61711759727945958a1d65c6e2f3d284 7f6ebfa771e5471eb7fcaf1f9c41539a - - default default] Successfully bumped revision number for resource 6ddd5060-6487-424c-a485-fff9f1282a9d (type: ports) to 1
2026-07-15 06:09:41.088 7 WARNING neutron.plugins.ml2.drivers.ovn.mech_driver.ovsdb.ovn_client [None req-1d3bcf7a-7289-4cc0-b6b1-d74328c119b3 - - - - - -] Logical_Switch_Port 374da473-e50e-4655-9f4b-550a32dd1305 host information not removed, the port state is up
2026-07-15 06:09:41.102 8 WARNING neutron.scheduler.dhcp_agent_scheduler [None req-c8588706-6d8d-494f-894f-f99c8a8a771b 61711759727945958a1d65c6e2f3d284 7f6ebfa771e5471eb7fcaf1f9c41539a - - default default] No more DHCP agents
2026-07-15 06:09:41.103 8 WARNING neutron.api.rpc.agentnotifiers.dhcp_rpc_agent_api [None req-c8588706-6d8d-494f-894f-f99c8a8a771b 61711759727945958a1d65c6e2f3d284 7f6ebfa771e5471eb7fcaf1f9c41539a - - default default] Unable to schedule network b4f97707-fd2b-4586-a47c-8c372b747cab: no agents available; will retry on subsequent port and subnet creation events.
2026-07-15 06:09:41.138 8 INFO neutron.plugins.ml2.drivers.ovn.mech_driver.mech_driver [None req-6c58bc68-8748-4d03-9e98-aec45bd1665e - - - - - -] OVN reports status down for port: 10ebbb51-ac95-4c87-8f4a-613e8666265c
2026-07-15 06:09:41.189 7 INFO neutron.services.segments.plugin [-] Segment 0cd2fe03-4f3b-4c91-9c6d-fd79fd167efc resource provider aggregate not found
2026-07-15 06:09:41.192 7 INFO neutron.services.segments.plugin [-] Segment 0cd2fe03-4f3b-4c91-9c6d-fd79fd167efc resource provider aggregate not found
2026-07-15 06:09:41.195 7 INFO neutron.plugins.ml2.drivers.ovn.mech_driver.mech_driver [None req-1d3bcf7a-7289-4cc0-b6b1-d74328c119b3 - - - - - -] OVN reports status up for port: 374da473-e50e-4655-9f4b-550a32dd1305
2026-07-15 06:09:41.206 8 INFO neutron.db.ovn_revision_numbers_db [None req-c8588706-6d8d-494f-894f-f99c8a8a771b 61711759727945958a1d65c6e2f3d284 7f6ebfa771e5471eb7fcaf1f9c41539a - - default default] Successfully bumped revision number for resource 10ebbb51-ac95-4c87-8f4a-613e8666265c (type: ports) to 1
2026-07-15 06:09:41.210 7 INFO neutron.services.segments.plugin [-] Client error retrieving segment 0cd2fe03-4f3b-4c91-9c6d-fd79fd167efc resource provider; error: Placement Client Error (4xx): {"errors": [{"status": 404, "title": "Not Found", "detail": "The resource could not be found.\n\n No resource provider with uuid 0cd2fe03-4f3b-4c91-9c6d-fd79fd167efc found for delete ", "request_id": "req-fc2f3dd9-e972-460b-86ee-638c21160564"}]}
2026-07-15 06:09:41.212 7 INFO neutron.plugins.ml2.plugin [None req-1d3bcf7a-7289-4cc0-b6b1-d74328c119b3 - - - - - -] Attempt 1 to provision port 374da473-e50e-4655-9f4b-550a32dd1305
2026-07-15 06:09:41.215 7 INFO neutron.services.segments.plugin [-] Client error retrieving segment 0cd2fe03-4f3b-4c91-9c6d-fd79fd167efc resource provider; error: Placement Client Error (4xx): {"errors": [{"status": 404, "title": "Not Found", "detail": "The resource could not be found.\n\n No resource provider with uuid 0cd2fe03-4f3b-4c91-9c6d-fd79fd167efc found for delete ", "request_id": "req-1ffe8a9a-0b37-4b33-abdc-7ab248f51fd5"}]} [pid: 8|app: 0|req: 769/1528] 10.0.0.104 () {34 vars in 664 bytes} [Wed Jul 15 06:09:40 2026] POST /v2.0/ports => generated 1505 bytes in 869 msecs (HTTP/1.1 201) 4 headers in 163 bytes (1 switches on core 0) /var/lib/openstack/lib/python3.12/site-packages/pycadf/identifier.py:70: UserWarning: Invalid uuid: neutron. To ensure interoperability, identifiers should be a valid uuid. warnings.warn(('Invalid uuid: %s. To ensure interoperability, '
2026-07-15 06:09:41.478 7 INFO neutron.db.ovn_revision_numbers_db [None req-1d3bcf7a-7289-4cc0-b6b1-d74328c119b3 - - - - - -] Successfully bumped revision number for resource 374da473-e50e-4655-9f4b-550a32dd1305 (type: ports) to 7 [pid: 7|app: 0|req: 760/1529] 10.0.0.104 () {32 vars in 642 bytes} [Wed Jul 15 06:09:41 2026] GET /v2.0/ports => generated 3017 bytes in 214 msecs (HTTP/1.1 200) 4 headers in 158 bytes (1 switches on core 0) /var/lib/openstack/lib/python3.12/site-packages/pycadf/identifier.py:70: UserWarning: Invalid uuid: neutron. To ensure interoperability, identifiers should be a valid uuid. warnings.warn(('Invalid uuid: %s. To ensure interoperability, '
2026-07-15 06:09:41.579 7 INFO neutron.plugins.ml2.drivers.ovn.mech_driver.mech_driver [None req-c4f15a5a-f955-44c0-bba4-32da3d83dd54 - - - - - -] OVN reports status down for port: 1d319db0-3af9-4fec-97b4-1823a1ec1520
2026-07-15 06:09:41.643 7 INFO neutron.plugins.ml2.drivers.ovn.mech_driver.mech_driver [None req-c4f15a5a-f955-44c0-bba4-32da3d83dd54 - - - - - -] OVN reports status down for port: 6ddd5060-6487-424c-a485-fff9f1282a9d
2026-07-15 06:09:41.678 8 INFO neutron_taas.services.taas.taas_plugin [None req-34fedbbe-5a4e-4a0b-9835-1395a26af07e 61711759727945958a1d65c6e2f3d284 7f6ebfa771e5471eb7fcaf1f9c41539a - - default default] TaaS: Handle Delete Port: 6ddd5060-6487-424c-a485-fff9f1282a9d
