2026-07-15 06:11:08.960 7 INFO neutron.db.ovn_revision_numbers_db [None req-182c3a84-480b-4c72-8d4e-ea6760ce6e28 1c6ce4ba4a384e478c57fcd9b9e7a697 c8822daaebe84be09733e250fcc35ce9 - - default default] Successfully bumped revision number for resource 7ab36e5a-1cb4-4997-b13f-2a99e0db1540 (type: networks) to 1
2026-07-15 06:11:09.294 7 WARNING neutron.scheduler.dhcp_agent_scheduler [None req-182c3a84-480b-4c72-8d4e-ea6760ce6e28 1c6ce4ba4a384e478c57fcd9b9e7a697 c8822daaebe84be09733e250fcc35ce9 - - default default] No more DHCP agents
2026-07-15 06:11:09.309 7 WARNING neutron.api.rpc.agentnotifiers.dhcp_rpc_agent_api [None req-182c3a84-480b-4c72-8d4e-ea6760ce6e28 1c6ce4ba4a384e478c57fcd9b9e7a697 c8822daaebe84be09733e250fcc35ce9 - - default default] Unable to schedule network 7ab36e5a-1cb4-4997-b13f-2a99e0db1540: no agents available; will retry on subsequent port and subnet creation events.
2026-07-15 06:11:09.316 8 WARNING neutron.scheduler.dhcp_agent_scheduler [None req-73bc566b-5948-43cf-8876-24cb9ee193c3 66a3da3981ff45d9b1089510db3f5e86 cb6d5f8a92334a888183d4653492fcde - - default default] No more DHCP agents
2026-07-15 06:11:09.317 8 WARNING neutron.api.rpc.agentnotifiers.dhcp_rpc_agent_api [None req-73bc566b-5948-43cf-8876-24cb9ee193c3 66a3da3981ff45d9b1089510db3f5e86 cb6d5f8a92334a888183d4653492fcde - - default default] Unable to schedule network b3219e7b-c9ac-485b-a75e-8faf98a45217: no agents available; will retry on subsequent port and subnet creation events.
2026-07-15 06:11:09.463 8 INFO neutron.db.ovn_revision_numbers_db [None req-73bc566b-5948-43cf-8876-24cb9ee193c3 66a3da3981ff45d9b1089510db3f5e86 cb6d5f8a92334a888183d4653492fcde - - default default] Successfully bumped revision number for resource 4a2c6044-b409-48b1-a1e7-8058f3ab58d9 (type: ports) to 1
2026-07-15 06:11:09.505 7 INFO neutron.db.ovn_revision_numbers_db [None req-182c3a84-480b-4c72-8d4e-ea6760ce6e28 1c6ce4ba4a384e478c57fcd9b9e7a697 c8822daaebe84be09733e250fcc35ce9 - - default default] Successfully bumped revision number for resource 30749a38-3470-49ad-bf28-38f6fabb184d (type: ports) to 1 [pid: 7|app: 0|req: 1028/2128] 10.0.0.104 () {34 vars in 669 bytes} [Wed Jul 15 06:11:08 2026] POST /v2.0/networks => generated 631 bytes in 1003 msecs (HTTP/1.1 201) 4 headers in 162 bytes (1 switches on core 0)
2026-07-15 06:11:09.853 7 INFO neutron.db.ovn_revision_numbers_db [None req-0cde2354-1813-4e02-89e8-9ba62e63eba4 - - - - - -] Successfully bumped revision number for resource 0866ef3d-4e55-47cd-b0fc-27317b112e93 (type: ports) to 4
2026-07-15 06:11:10.193 8 WARNING neutron.scheduler.dhcp_agent_scheduler [None req-73bc566b-5948-43cf-8876-24cb9ee193c3 66a3da3981ff45d9b1089510db3f5e86 cb6d5f8a92334a888183d4653492fcde - - default default] No more DHCP agents
2026-07-15 06:11:10.195 8 WARNING neutron.api.rpc.agentnotifiers.dhcp_rpc_agent_api [None req-73bc566b-5948-43cf-8876-24cb9ee193c3 66a3da3981ff45d9b1089510db3f5e86 cb6d5f8a92334a888183d4653492fcde - - default default] Unable to schedule network b3219e7b-c9ac-485b-a75e-8faf98a45217: no agents available; will retry on subsequent port and subnet creation events.
2026-07-15 06:11:10.335 7 WARNING neutron.scheduler.dhcp_agent_scheduler [None req-e7f5a9ec-3778-4350-979c-1da52c6abeca bec178ce6b094f0099a65394dffb2e5c 8cfd61b7ea9a41b782ccdaae49f46fc0 - - default default] No more DHCP agents
2026-07-15 06:11:10.338 7 WARNING neutron.api.rpc.agentnotifiers.dhcp_rpc_agent_api [None req-e7f5a9ec-3778-4350-979c-1da52c6abeca bec178ce6b094f0099a65394dffb2e5c 8cfd61b7ea9a41b782ccdaae49f46fc0 - - default default] Unable to schedule network 6d82eaeb-e8a1-41b6-ae2b-2ec63120f51b: no agents available; will retry on subsequent port and subnet creation events.
2026-07-15 06:11:10.474 7 INFO neutron.db.ovn_revision_numbers_db [None req-0cde2354-1813-4e02-89e8-9ba62e63eba4 - - - - - -] Successfully bumped revision number for resource 0866ef3d-4e55-47cd-b0fc-27317b112e93 (type: ports) to 5
2026-07-15 06:11:10.518 8 INFO neutron.db.ovn_revision_numbers_db [None req-73bc566b-5948-43cf-8876-24cb9ee193c3 66a3da3981ff45d9b1089510db3f5e86 cb6d5f8a92334a888183d4653492fcde - - default default] Successfully bumped revision number for resource 4a2c6044-b409-48b1-a1e7-8058f3ab58d9 (type: router_ports) to 1 [pid: 8|app: 0|req: 1101/2129] 10.0.0.104 () {34 vars in 782 bytes} [Wed Jul 15 06:11:08 2026] PUT /v2.0/routers/cc5fde5d-7af1-4318-98c1-51442ed87bb8/add_router_interface => generated 309 bytes in 1712 msecs (HTTP/1.1 200) 4 headers in 157 bytes (1 switches on core 0) [pid: 8|app: 0|req: 1102/2130] 10.0.0.104 () {34 vars in 752 bytes} [Wed Jul 15 06:11:10 2026] PUT /v2.0/networks/ad22a8ed-863c-4753-90f6-9602d0322e8a/tags => generated 17 bytes in 43 msecs (HTTP/1.1 200) 4 headers in 156 bytes (1 switches on core 0)
2026-07-15 06:11:10.671 7 INFO neutron.db.ovn_revision_numbers_db [None req-e7f5a9ec-3778-4350-979c-1da52c6abeca bec178ce6b094f0099a65394dffb2e5c 8cfd61b7ea9a41b782ccdaae49f46fc0 - - default default] Successfully bumped revision number for resource 609e07da-3ceb-438a-9d4e-d00e36b0896b (type: ports) to 1
2026-07-15 06:11:11.082 8 WARNING neutron.scheduler.dhcp_agent_scheduler [None req-91653499-f445-43fa-b455-d53f72257515 66a3da3981ff45d9b1089510db3f5e86 cb6d5f8a92334a888183d4653492fcde - - default default] No more DHCP agents
2026-07-15 06:11:11.084 8 WARNING neutron.api.rpc.agentnotifiers.dhcp_rpc_agent_api [None req-91653499-f445-43fa-b455-d53f72257515 66a3da3981ff45d9b1089510db3f5e86 cb6d5f8a92334a888183d4653492fcde - - default default] Unable to schedule network 738b7c71-f182-4f50-b750-0afda533803b: no agents available; will retry on subsequent port and subnet creation events.
2026-07-15 06:11:11.227 8 INFO neutron.db.ovn_revision_numbers_db [None req-91653499-f445-43fa-b455-d53f72257515 66a3da3981ff45d9b1089510db3f5e86 cb6d5f8a92334a888183d4653492fcde - - default default] Successfully bumped revision number for resource ab73b0d5-eade-4084-ba05-999179d150c7 (type: ports) to 1
2026-07-15 06:11:11.238 7 INFO neutron.plugins.ml2.drivers.ovn.mech_driver.ovsdb.commands [None req-621f7df0-a20e-4e3e-815e-257b8d241038 - - - - - -] Schedule LRP lrp-609e07da-3ceb-438a-9d4e-d00e36b0896b on gateway 222c97f3-7628-4f6a-89f2-f1baea55b19a with priority 1
2026-07-15 06:11:11.296 7 INFO neutron.db.ovn_revision_numbers_db [None req-e7f5a9ec-3778-4350-979c-1da52c6abeca bec178ce6b094f0099a65394dffb2e5c 8cfd61b7ea9a41b782ccdaae49f46fc0 - - default default] Successfully bumped revision number for resource 609e07da-3ceb-438a-9d4e-d00e36b0896b (type: router_ports) to 1
2026-07-15 06:11:11.325 8 INFO neutron.plugins.ml2.drivers.ovn.mech_driver.ovsdb.ovsdb_monitor [None req-432a86f9-8f8c-43bb-8069-019b0a3fbf32 - - - - - -] Router 7c1f7024-7354-4013-8b6a-1db8d92ad1bb is bound to host instance
2026-07-15 06:11:11.366 7 INFO neutron.db.ovn_revision_numbers_db [None req-e7f5a9ec-3778-4350-979c-1da52c6abeca bec178ce6b094f0099a65394dffb2e5c 8cfd61b7ea9a41b782ccdaae49f46fc0 - - default default] Successfully bumped revision number for resource 7c1f7024-7354-4013-8b6a-1db8d92ad1bb (type: routers) to 2 [pid: 7|app: 0|req: 1029/2131] 10.0.0.104 () {34 vars in 668 bytes} [Wed Jul 15 06:11:09 2026] POST /v2.0/routers => generated 966 bytes in 1840 msecs (HTTP/1.1 201) 4 headers in 162 bytes (1 switches on core 0)
2026-07-15 06:11:11.436 7 INFO neutron.plugins.ml2.drivers.ovn.mech_driver.mech_driver [None req-b73b9cc2-66ea-4d4f-a2d0-d35a95a46b94 - - - - - -] OVN reports status down for port: 30749a38-3470-49ad-bf28-38f6fabb184d [pid: 7|app: 0|req: 1030/2132] 10.0.0.104 () {34 vars in 752 bytes} [Wed Jul 15 06:11:11 2026] PUT /v2.0/networks/c42a512c-c2a6-4975-b92d-f7b38b5bb2b7/tags => generated 25 bytes in 90 msecs (HTTP/1.1 200) 4 headers in 156 bytes (1 switches on core 0)
2026-07-15 06:11:11.538 7 INFO neutron.plugins.ml2.drivers.ovn.mech_driver.mech_driver [None req-b73b9cc2-66ea-4d4f-a2d0-d35a95a46b94 - - - - - -] OVN reports status down for port: 4a2c6044-b409-48b1-a1e7-8058f3ab58d9
2026-07-15 06:11:11.648 7 WARNING neutron.plugins.ml2.drivers.ovn.mech_driver.ovsdb.ovn_client [None req-b73b9cc2-66ea-4d4f-a2d0-d35a95a46b94 - - - - - -] Logical_Switch_Port 4a2c6044-b409-48b1-a1e7-8058f3ab58d9 host information not removed, the port state is up
2026-07-15 06:11:11.649 7 INFO neutron.plugins.ml2.drivers.ovn.mech_driver.mech_driver [None req-b73b9cc2-66ea-4d4f-a2d0-d35a95a46b94 - - - - - -] OVN reports status up for port: 4a2c6044-b409-48b1-a1e7-8058f3ab58d9
2026-07-15 06:11:11.667 7 INFO neutron.plugins.ml2.plugin [None req-b73b9cc2-66ea-4d4f-a2d0-d35a95a46b94 - - - - - -] Attempt 1 to provision port 4a2c6044-b409-48b1-a1e7-8058f3ab58d9
2026-07-15 06:11:12.221 7 WARNING neutron.scheduler.dhcp_agent_scheduler [None req-bbd46d8a-b61a-4b85-83e5-f56c86118665 bec178ce6b094f0099a65394dffb2e5c 8cfd61b7ea9a41b782ccdaae49f46fc0 - - default default] No more DHCP agents
2026-07-15 06:11:12.224 7 WARNING neutron.api.rpc.agentnotifiers.dhcp_rpc_agent_api [None req-bbd46d8a-b61a-4b85-83e5-f56c86118665 bec178ce6b094f0099a65394dffb2e5c 8cfd61b7ea9a41b782ccdaae49f46fc0 - - default default] Unable to schedule network 14762703-0c94-4edc-b17d-c7fb0d22c112: no agents available; will retry on subsequent port and subnet creation events.
2026-07-15 06:11:12.413 7 INFO neutron.db.ovn_revision_numbers_db [None req-b73b9cc2-66ea-4d4f-a2d0-d35a95a46b94 - - - - - -] Successfully bumped revision number for resource 4a2c6044-b409-48b1-a1e7-8058f3ab58d9 (type: ports) to 2
2026-07-15 06:11:12.534 8 WARNING neutron.scheduler.dhcp_agent_scheduler [None req-91653499-f445-43fa-b455-d53f72257515 66a3da3981ff45d9b1089510db3f5e86 cb6d5f8a92334a888183d4653492fcde - - default default] No more DHCP agents
2026-07-15 06:11:12.538 8 WARNING neutron.api.rpc.agentnotifiers.dhcp_rpc_agent_api [None req-91653499-f445-43fa-b455-d53f72257515 66a3da3981ff45d9b1089510db3f5e86 cb6d5f8a92334a888183d4653492fcde - - default default] Unable to schedule network 738b7c71-f182-4f50-b750-0afda533803b: no agents available; will retry on subsequent port and subnet creation events.
2026-07-15 06:11:12.539 7 INFO neutron.db.ovn_revision_numbers_db [None req-bbd46d8a-b61a-4b85-83e5-f56c86118665 bec178ce6b094f0099a65394dffb2e5c 8cfd61b7ea9a41b782ccdaae49f46fc0 - - default default] Successfully bumped revision number for resource 1fd602f9-aa5c-4af9-995a-0c3df0b2ddaa (type: ports) to 1
2026-07-15 06:11:12.799 8 INFO neutron.db.ovn_revision_numbers_db [None req-a0edcd02-66ee-49be-889c-da6a37a593da - - - - - -] Successfully bumped revision number for resource 609e07da-3ceb-438a-9d4e-d00e36b0896b (type: ports) to 4
2026-07-15 06:11:13.148 8 INFO neutron.db.ovn_revision_numbers_db [None req-91653499-f445-43fa-b455-d53f72257515 66a3da3981ff45d9b1089510db3f5e86 cb6d5f8a92334a888183d4653492fcde - - default default] Successfully bumped revision number for resource ab73b0d5-eade-4084-ba05-999179d150c7 (type: router_ports) to 1 [pid: 8|app: 0|req: 1103/2133] 10.0.0.104 () {34 vars in 782 bytes} [Wed Jul 15 06:11:10 2026] PUT /v2.0/routers/cc5fde5d-7af1-4318-98c1-51442ed87bb8/add_router_interface => generated 309 bytes in 2589 msecs (HTTP/1.1 200) 4 headers in 157 bytes (1 switches on core 0) [pid: 8|app: 0|req: 1104/2134] 10.0.0.104 () {34 vars in 752 bytes} [Wed Jul 15 06:11:13 2026] PUT /v2.0/networks/f6e5a8d9-1c0e-493d-9dcf-1851dd52b5b7/tags => generated 34 bytes in 109 msecs (HTTP/1.1 200) 4 headers in 156 bytes (1 switches on core 0)
2026-07-15 06:11:13.333 7 WARNING neutron.scheduler.dhcp_agent_scheduler [None req-bbd46d8a-b61a-4b85-83e5-f56c86118665 bec178ce6b094f0099a65394dffb2e5c 8cfd61b7ea9a41b782ccdaae49f46fc0 - - default default] No more DHCP agents
2026-07-15 06:11:13.334 7 WARNING neutron.api.rpc.agentnotifiers.dhcp_rpc_agent_api [None req-bbd46d8a-b61a-4b85-83e5-f56c86118665 bec178ce6b094f0099a65394dffb2e5c 8cfd61b7ea9a41b782ccdaae49f46fc0 - - default default] Unable to schedule network 14762703-0c94-4edc-b17d-c7fb0d22c112: no agents available; will retry on subsequent port and subnet creation events.
2026-07-15 06:11:13.423 8 INFO neutron.db.ovn_revision_numbers_db [None req-a0edcd02-66ee-49be-889c-da6a37a593da - - - - - -] Successfully bumped revision number for resource 609e07da-3ceb-438a-9d4e-d00e36b0896b (type: ports) to 5
2026-07-15 06:11:13.867 7 INFO neutron.db.ovn_revision_numbers_db [None req-bbd46d8a-b61a-4b85-83e5-f56c86118665 bec178ce6b094f0099a65394dffb2e5c 8cfd61b7ea9a41b782ccdaae49f46fc0 - - default default] Successfully bumped revision number for resource 1fd602f9-aa5c-4af9-995a-0c3df0b2ddaa (type: router_ports) to 1 [pid: 7|app: 0|req: 1031/2135] 10.0.0.104 () {34 vars in 782 bytes} [Wed Jul 15 06:11:11 2026] PUT /v2.0/routers/7c1f7024-7354-4013-8b6a-1db8d92ad1bb/add_router_interface => generated 309 bytes in 2398 msecs (HTTP/1.1 200) 4 headers in 157 bytes (1 switches on core 0)
2026-07-15 06:11:13.936 8 WARNING neutron.scheduler.dhcp_agent_scheduler [None req-c901f2f5-02b0-4f94-9a4e-d3fc1c2baeb1 66a3da3981ff45d9b1089510db3f5e86 cb6d5f8a92334a888183d4653492fcde - - default default] No more DHCP agents
2026-07-15 06:11:13.938 8 WARNING neutron.api.rpc.agentnotifiers.dhcp_rpc_agent_api [None req-c901f2f5-02b0-4f94-9a4e-d3fc1c2baeb1 66a3da3981ff45d9b1089510db3f5e86 cb6d5f8a92334a888183d4653492fcde - - default default] Unable to schedule network 34ce256c-728e-4c06-96e0-5dffe6244778: no agents available; will retry on subsequent port and subnet creation events. [pid: 7|app: 0|req: 1032/2136] 10.0.0.104 () {34 vars in 752 bytes} [Wed Jul 15 06:11:13 2026] PUT /v2.0/networks/c3275af5-a8dd-4598-8023-e06d9c131750/tags => generated 19 bytes in 65 msecs (HTTP/1.1 200) 4 headers in 156 bytes (1 switches on core 0) [pid: 7|app: 0|req: 1033/2137] 10.0.0.104 () {32 vars in 665 bytes} [Wed Jul 15 06:11:13 2026] GET /v2.0/networks?tags=red => generated 1875 bytes in 64 msecs (HTTP/1.1 200) 4 headers in 158 bytes (1 switches on core 0)
2026-07-15 06:11:14.042 8 INFO neutron.plugins.ml2.drivers.ovn.mech_driver.mech_driver [None req-619045f4-a41c-4d17-8859-5e33137e771b - - - - - -] OVN reports status down for port: c62c7338-22b6-453d-9eae-771c2c7cc707 [pid: 7|app: 0|req: 1034/2138] 10.0.0.104 () {32 vars in 679 bytes} [Wed Jul 15 06:11:14 2026] GET /v2.0/networks?tags=red%2Cblue => generated 1262 bytes in 89 msecs (HTTP/1.1 200) 4 headers in 158 bytes (1 switches on core 0)
2026-07-15 06:11:14.106 8 INFO neutron.db.ovn_revision_numbers_db [None req-c901f2f5-02b0-4f94-9a4e-d3fc1c2baeb1 66a3da3981ff45d9b1089510db3f5e86 cb6d5f8a92334a888183d4653492fcde - - default default] Successfully bumped revision number for resource c62c7338-22b6-453d-9eae-771c2c7cc707 (type: ports) to 1 [pid: 7|app: 0|req: 1035/2139] 10.0.0.104 () {32 vars in 675 bytes} [Wed Jul 15 06:11:14 2026] GET /v2.0/networks?tags-any=blue => generated 1262 bytes in 50 msecs (HTTP/1.1 200) 4 headers in 158 bytes (1 switches on core 0) [pid: 7|app: 0|req: 1036/2140] 10.0.0.104 () {32 vars in 687 bytes} [Wed Jul 15 06:11:14 2026] GET /v2.0/networks?tags-any=red%2Cblue => generated 1875 bytes in 34 msecs (HTTP/1.1 200) 4 headers in 158 bytes (1 switches on core 0) [pid: 7|app: 0|req: 1037/2141] 10.0.0.104 () {32 vars in 673 bytes} [Wed Jul 15 06:11:14 2026] GET /v2.0/networks?not-tags=red => generated 1872 bytes in 70 msecs (HTTP/1.1 200) 4 headers in 158 bytes (1 switches on core 0) [pid: 7|app: 0|req: 1038/2142] 10.0.0.104 () {32 vars in 687 bytes} [Wed Jul 15 06:11:14 2026] GET /v2.0/networks?not-tags=red%2Cblue => generated 2485 bytes in 62 msecs (HTTP/1.1 200) 4 headers in 158 bytes (1 switches on core 0) [pid: 7|app: 0|req: 1039/2143] 10.0.0.104 () {32 vars in 683 bytes} [Wed Jul 15 06:11:14 2026] GET /v2.0/networks?not-tags-any=blue => generated 2485 bytes in 65 msecs (HTTP/1.1 200) 4 headers in 158 bytes (1 switches on core 0) [pid: 7|app: 0|req: 1040/2144] 10.0.0.104 () {32 vars in 695 bytes} [Wed Jul 15 06:11:14 2026] GET /v2.0/networks?not-tags-any=red%2Cblue => generated 1872 bytes in 55 msecs (HTTP/1.1 200) 4 headers in 158 bytes (1 switches on core 0)
2026-07-15 06:11:14.619 7 INFO neutron_taas.services.taas.taas_plugin [None req-6e00e5ad-7886-40f6-a397-2056bef7a547 1c6ce4ba4a384e478c57fcd9b9e7a697 c8822daaebe84be09733e250fcc35ce9 - - default default] TaaS: Handle Delete Port: b0ee31b3-a921-4db9-973d-77c0551f3423
2026-07-15 06:11:14.623 7 INFO neutron_taas.services.taas.tap_mirror_plugin [None req-6e00e5ad-7886-40f6-a397-2056bef7a547 1c6ce4ba4a384e478c57fcd9b9e7a697 c8822daaebe84be09733e250fcc35ce9 - - default default] Tap Mirror: Handle Delete Port: b0ee31b3-a921-4db9-973d-77c0551f3423
2026-07-15 06:11:14.819 7 INFO neutron.services.segments.plugin [-] Segment 5fadd494-9869-4403-93ef-be60131e95ab resource provider aggregate not found
2026-07-15 06:11:14.830 7 INFO neutron.services.segments.plugin [-] Segment 5fadd494-9869-4403-93ef-be60131e95ab resource provider aggregate not found
2026-07-15 06:11:14.839 8 INFO neutron.plugins.ml2.drivers.ovn.mech_driver.mech_driver [None req-619045f4-a41c-4d17-8859-5e33137e771b - - - - - -] OVN reports status up for port: c62c7338-22b6-453d-9eae-771c2c7cc707
2026-07-15 06:11:14.852 7 INFO neutron.services.segments.plugin [-] Client error retrieving segment 5fadd494-9869-4403-93ef-be60131e95ab resource provider; error: Placement Client Error (4xx): {"errors": [{"status": 404, "title": "Not Found", "detail": "The resource could not be found.\n\n No resource provider with uuid 5fadd494-9869-4403-93ef-be60131e95ab found for delete ", "request_id": "req-24b71b62-6edc-41fc-8085-82511491de75"}]}
2026-07-15 06:11:14.853 7 INFO neutron.services.segments.plugin [-] Client error retrieving segment 5fadd494-9869-4403-93ef-be60131e95ab resource provider; error: Placement Client Error (4xx): {"errors": [{"status": 404, "title": "Not Found", "detail": "The resource could not be found.\n\n No resource provider with uuid 5fadd494-9869-4403-93ef-be60131e95ab found for delete ", "request_id": "req-5e479483-4671-4b79-a618-3ca10b814755"}]}
2026-07-15 06:11:14.875 8 INFO neutron.plugins.ml2.plugin [None req-619045f4-a41c-4d17-8859-5e33137e771b - - - - - -] Attempt 1 to provision port c62c7338-22b6-453d-9eae-771c2c7cc707 [pid: 7|app: 0|req: 1041/2145] 10.0.0.104 () {32 vars in 725 bytes} [Wed Jul 15 06:11:14 2026] DELETE /v2.0/networks/ad22a8ed-863c-4753-90f6-9602d0322e8a => generated 0 bytes in 411 msecs (HTTP/1.1 204) 3 headers in 131 bytes (1 switches on core 0)
2026-07-15 06:11:15.006 7 INFO neutron_taas.services.taas.taas_plugin [None req-77d948b4-1d05-4d15-863f-35a79bfafcf5 1c6ce4ba4a384e478c57fcd9b9e7a697 c8822daaebe84be09733e250fcc35ce9 - - default default] TaaS: Handle Delete Port: 9fcf4e03-dfa6-42fb-bd72-5be97929e109
2026-07-15 06:11:15.006 8 WARNING neutron.scheduler.dhcp_agent_scheduler [None req-c901f2f5-02b0-4f94-9a4e-d3fc1c2baeb1 66a3da3981ff45d9b1089510db3f5e86 cb6d5f8a92334a888183d4653492fcde - - default default] No more DHCP agents
2026-07-15 06:11:15.008 7 INFO neutron_taas.services.taas.tap_mirror_plugin [None req-77d948b4-1d05-4d15-863f-35a79bfafcf5 1c6ce4ba4a384e478c57fcd9b9e7a697 c8822daaebe84be09733e250fcc35ce9 - - default default] Tap Mirror: Handle Delete Port: 9fcf4e03-dfa6-42fb-bd72-5be97929e109
2026-07-15 06:11:15.011 8 WARNING neutron.api.rpc.agentnotifiers.dhcp_rpc_agent_api [None req-c901f2f5-02b0-4f94-9a4e-d3fc1c2baeb1 66a3da3981ff45d9b1089510db3f5e86 cb6d5f8a92334a888183d4653492fcde - - default default] Unable to schedule network 34ce256c-728e-4c06-96e0-5dffe6244778: no agents available; will retry on subsequent port and subnet creation events. [pid: 7|app: 0|req: 1042/2146] 10.0.0.104 () {32 vars in 725 bytes} [Wed Jul 15 06:11:14 2026] DELETE /v2.0/networks/c42a512c-c2a6-4975-b92d-f7b38b5bb2b7 => generated 0 bytes in 292 msecs (HTTP/1.1 204) 3 headers in 131 bytes (1 switches on core 0)
2026-07-15 06:11:15.277 7 INFO neutron_taas.services.taas.taas_plugin [None req-b15f5d82-697c-4acd-9b2e-07e79ba88b5b 1c6ce4ba4a384e478c57fcd9b9e7a697 c8822daaebe84be09733e250fcc35ce9 - - default default] TaaS: Handle Delete Port: 0cafc07a-681d-469e-8809-946211ac4338
2026-07-15 06:11:15.279 7 INFO neutron_taas.services.taas.tap_mirror_plugin [None req-b15f5d82-697c-4acd-9b2e-07e79ba88b5b 1c6ce4ba4a384e478c57fcd9b9e7a697 c8822daaebe84be09733e250fcc35ce9 - - default default] Tap Mirror: Handle Delete Port: 0cafc07a-681d-469e-8809-946211ac4338 [pid: 7|app: 0|req: 1043/2147] 10.0.0.104 () {32 vars in 725 bytes} [Wed Jul 15 06:11:15 2026] DELETE /v2.0/networks/f6e5a8d9-1c0e-493d-9dcf-1851dd52b5b7 => generated 0 bytes in 250 msecs (HTTP/1.1 204) 3 headers in 131 bytes (1 switches on core 0)
2026-07-15 06:11:15.511 8 INFO neutron.db.ovn_revision_numbers_db [None req-619045f4-a41c-4d17-8859-5e33137e771b - - - - - -] Successfully bumped revision number for resource c62c7338-22b6-453d-9eae-771c2c7cc707 (type: ports) to 2
2026-07-15 06:11:15.596 7 INFO neutron_taas.services.taas.taas_plugin [None req-6424cd84-0f38-48d0-a3f2-12d35e7b3e65 1c6ce4ba4a384e478c57fcd9b9e7a697 c8822daaebe84be09733e250fcc35ce9 - - default default] TaaS: Handle Delete Port: 65d9fd25-c27d-4bd6-bc25-ddaaf9ff878e
2026-07-15 06:11:15.599 7 INFO neutron_taas.services.taas.tap_mirror_plugin [None req-6424cd84-0f38-48d0-a3f2-12d35e7b3e65 1c6ce4ba4a384e478c57fcd9b9e7a697 c8822daaebe84be09733e250fcc35ce9 - - default default] Tap Mirror: Handle Delete Port: 65d9fd25-c27d-4bd6-bc25-ddaaf9ff878e
2026-07-15 06:11:15.702 8 INFO neutron.db.ovn_revision_numbers_db [None req-c901f2f5-02b0-4f94-9a4e-d3fc1c2baeb1 66a3da3981ff45d9b1089510db3f5e86 cb6d5f8a92334a888183d4653492fcde - - default default] Successfully bumped revision number for resource c62c7338-22b6-453d-9eae-771c2c7cc707 (type: router_ports) to 1 [pid: 8|app: 0|req: 1105/2148] 10.0.0.104 () {34 vars in 782 bytes} [Wed Jul 15 06:11:13 2026] PUT /v2.0/routers/cc5fde5d-7af1-4318-98c1-51442ed87bb8/add_router_interface => generated 309 bytes in 2443 msecs (HTTP/1.1 200) 4 headers in 157 bytes (1 switches on core 0) [pid: 7|app: 0|req: 1044/2149] 10.0.0.104 () {32 vars in 725 bytes} [Wed Jul 15 06:11:15 2026] DELETE /v2.0/networks/c3275af5-a8dd-4598-8023-e06d9c131750 => generated 0 bytes in 358 msecs (HTTP/1.1 204) 3 headers in 131 bytes (1 switches on core 0)
2026-07-15 06:11:15.892 8 INFO neutron.db.ovn_revision_numbers_db [None req-38b7d6d1-4298-4683-8355-fdcd799c171d 66a3da3981ff45d9b1089510db3f5e86 cb6d5f8a92334a888183d4653492fcde - - default default] Successfully bumped revision number for resource 2f56e543-0cb9-4d6c-a78b-5efa85ace949 (type: security_groups) to 1
2026-07-15 06:11:15.906 8 INFO neutron.db.ovn_revision_numbers_db [None req-38b7d6d1-4298-4683-8355-fdcd799c171d 66a3da3981ff45d9b1089510db3f5e86 cb6d5f8a92334a888183d4653492fcde - - default default] Successfully bumped revision number for resource 05f6df62-a4a3-4ac9-8f9e-dd8becb1cffd (type: security_group_rules) to 0
2026-07-15 06:11:15.917 8 INFO neutron.db.ovn_revision_numbers_db [None req-38b7d6d1-4298-4683-8355-fdcd799c171d 66a3da3981ff45d9b1089510db3f5e86 cb6d5f8a92334a888183d4653492fcde - - default default] Successfully bumped revision number for resource bc1edcc1-bb5a-49c8-a538-340eee0f5bc5 (type: security_group_rules) to 0
2026-07-15 06:11:15.921 7 INFO neutron_taas.services.taas.taas_plugin [None req-bf70b663-e5c7-4a53-82cb-30f50093593c 1c6ce4ba4a384e478c57fcd9b9e7a697 c8822daaebe84be09733e250fcc35ce9 - - default default] TaaS: Handle Delete Port: 30749a38-3470-49ad-bf28-38f6fabb184d
2026-07-15 06:11:15.925 7 INFO neutron_taas.services.taas.tap_mirror_plugin [None req-bf70b663-e5c7-4a53-82cb-30f50093593c 1c6ce4ba4a384e478c57fcd9b9e7a697 c8822daaebe84be09733e250fcc35ce9 - - default default] Tap Mirror: Handle Delete Port: 30749a38-3470-49ad-bf28-38f6fabb184d [pid: 8|app: 0|req: 1106/2150] 10.0.0.104 () {34 vars in 683 bytes} [Wed Jul 15 06:11:15 2026] POST /v2.0/security-groups => generated 1628 bytes in 203 msecs (HTTP/1.1 201) 4 headers in 163 bytes (1 switches on core 0)
2026-07-15 06:11:16.102 8 INFO neutron.db.ovn_revision_numbers_db [None req-319d87ae-4b85-4e5c-ad8a-b9ec729e29df 66a3da3981ff45d9b1089510db3f5e86 cb6d5f8a92334a888183d4653492fcde - - default default] Successfully bumped revision number for resource 1953f5e9-59dc-4ddf-8a72-360c9a532e3a (type: security_group_rules) to 0 [pid: 7|app: 0|req: 1045/2151] 10.0.0.104 () {32 vars in 725 bytes} [Wed Jul 15 06:11:15 2026] DELETE /v2.0/networks/7ab36e5a-1cb4-4997-b13f-2a99e0db1540 => generated 0 bytes in 327 msecs (HTTP/1.1 204) 3 headers in 131 bytes (1 switches on core 0) [pid: 8|app: 0|req: 1107/2152] 10.0.0.104 () {34 vars in 694 bytes} [Wed Jul 15 06:11:15 2026] POST /v2.0/security-group-rules => generated 597 bytes in 182 msecs (HTTP/1.1 201) 4 headers in 162 bytes (1 switches on core 0) [pid: 7|app: 0|req: 1046/2153] 10.0.0.87 () {34 vars in 980 bytes} [Wed Jul 15 06:11:16 2026] GET /v2.0/networks?id=14762703-0c94-4edc-b17d-c7fb0d22c112 => generated 673 bytes in 38 msecs (HTTP/1.1 200) 4 headers in 157 bytes (1 switches on core 0) [pid: 7|app: 0|req: 1047/2154] 10.0.0.87 () {34 vars in 963 bytes} [Wed Jul 15 06:11:16 2026] GET /v2.0/quotas/f7a083c4651d475c83f5898ef99b6636 => generated 292 bytes in 11 msecs (HTTP/1.1 200) 4 headers in 157 bytes (1 switches on core 0)
2026-07-15 06:11:16.260 8 INFO neutron.db.ovn_revision_numbers_db [None req-2e7d2874-8a01-48fa-9c57-5caef7ae5118 66a3da3981ff45d9b1089510db3f5e86 cb6d5f8a92334a888183d4653492fcde - - default default] Successfully bumped revision number for resource cf2a7403-d321-4352-9f8a-093e39284036 (type: security_group_rules) to 0 [pid: 7|app: 0|req: 1048/2155] 10.0.0.87 () {34 vars in 1000 bytes} [Wed Jul 15 06:11:16 2026] GET /v2.0/ports?tenant_id=f7a083c4651d475c83f5898ef99b6636&fields=id => generated 103 bytes in 73 msecs (HTTP/1.1 200) 4 headers in 157 bytes (1 switches on core 0) [pid: 8|app: 0|req: 1108/2156] 10.0.0.104 () {34 vars in 694 bytes} [Wed Jul 15 06:11:16 2026] POST /v2.0/security-group-rules => generated 597 bytes in 146 msecs (HTTP/1.1 201) 4 headers in 162 bytes (1 switches on core 0) [pid: 7|app: 0|req: 1049/2157] 10.0.0.87 () {34 vars in 1006 bytes} [Wed Jul 15 06:11:16 2026] GET /v2.0/networks/14762703-0c94-4edc-b17d-c7fb0d22c112?fields=segments => generated 14 bytes in 51 msecs (HTTP/1.1 200) 4 headers in 156 bytes (1 switches on core 0) [pid: 7|app: 0|req: 1050/2158] 10.0.0.87 () {34 vars in 1106 bytes} [Wed Jul 15 06:11:16 2026] GET /v2.0/networks/14762703-0c94-4edc-b17d-c7fb0d22c112?fields=provider%3Aphysical_network&fields=provider%3Anetwork_type => generated 79 bytes in 34 msecs (HTTP/1.1 200) 4 headers in 156 bytes (1 switches on core 0)
2026-07-15 06:11:16.425 8 INFO neutron.db.ovn_revision_numbers_db [None req-f3bfd396-6452-4d3b-8642-01878d314534 66a3da3981ff45d9b1089510db3f5e86 cb6d5f8a92334a888183d4653492fcde - - default default] Successfully bumped revision number for resource eb70b0a1-a207-4722-9545-ba6063ba8961 (type: security_group_rules) to 0 [pid: 8|app: 0|req: 1109/2159] 10.0.0.104 () {34 vars in 694 bytes} [Wed Jul 15 06:11:16 2026] POST /v2.0/security-group-rules => generated 599 bytes in 172 msecs (HTTP/1.1 201) 4 headers in 162 bytes (1 switches on core 0) [pid: 8|app: 0|req: 1110/2160] 10.0.0.87 () {34 vars in 988 bytes} [Wed Jul 15 06:11:16 2026] GET /v2.0/ports?device_id=a55ab087-9deb-40ec-8573-ba5524b46039 => generated 12 bytes in 22 msecs (HTTP/1.1 200) 4 headers in 156 bytes (1 switches on core 0)
2026-07-15 06:11:16.608 7 INFO neutron.db.ovn_revision_numbers_db [None req-96d58544-2e63-44e6-9ca2-47f660bd7a55 66a3da3981ff45d9b1089510db3f5e86 cb6d5f8a92334a888183d4653492fcde - - default default] Successfully bumped revision number for resource aab2c171-32c5-48e3-a4c3-78e058ec1f08 (type: security_group_rules) to 0 [pid: 7|app: 0|req: 1051/2161] 10.0.0.104 () {34 vars in 694 bytes} [Wed Jul 15 06:11:16 2026] POST /v2.0/security-group-rules => generated 601 bytes in 167 msecs (HTTP/1.1 201) 4 headers in 162 bytes (1 switches on core 0)
2026-07-15 06:11:16.784 8 INFO neutron.db.ovn_revision_numbers_db [None req-e4ed27e5-d753-4e87-83e5-b5235b4fe07b 66a3da3981ff45d9b1089510db3f5e86 cb6d5f8a92334a888183d4653492fcde - - default default] Successfully bumped revision number for resource 2af62450-880d-49e2-9905-d9b0a97d58ed (type: security_group_rules) to 0 [pid: 8|app: 0|req: 1111/2162] 10.0.0.104 () {34 vars in 694 bytes} [Wed Jul 15 06:11:16 2026] POST /v2.0/security-group-rules => generated 601 bytes in 177 msecs (HTTP/1.1 201) 4 headers in 162 bytes (1 switches on core 0)
2026-07-15 06:11:16.870 7 INFO neutron.services.segments.plugin [-] Segment 83734ccc-888b-4369-b440-b32e6e6b12e1 resource provider aggregate not found
2026-07-15 06:11:16.877 7 INFO neutron.services.segments.plugin [-] Segment 83734ccc-888b-4369-b440-b32e6e6b12e1 resource provider aggregate not found
2026-07-15 06:11:16.893 7 INFO neutron.services.segments.plugin [-] Client error retrieving segment 83734ccc-888b-4369-b440-b32e6e6b12e1 resource provider; error: Placement Client Error (4xx): {"errors": [{"status": 404, "title": "Not Found", "detail": "The resource could not be found.\n\n No resource provider with uuid 83734ccc-888b-4369-b440-b32e6e6b12e1 found for delete ", "request_id": "req-460bac29-04bb-4a3f-a1e9-c2f068ac19a7"}]}
2026-07-15 06:11:16.894 7 INFO neutron.services.segments.plugin [-] Client error retrieving segment 83734ccc-888b-4369-b440-b32e6e6b12e1 resource provider; error: Placement Client Error (4xx): {"errors": [{"status": 404, "title": "Not Found", "detail": "The resource could not be found.\n\n No resource provider with uuid 83734ccc-888b-4369-b440-b32e6e6b12e1 found for delete ", "request_id": "req-9722b97e-e991-4033-be17-0609a20eff10"}]}
2026-07-15 06:11:16.915 7 INFO neutron.services.segments.plugin [-] Segment 501c4d62-f2a4-4f5d-a420-3be620a366a7 resource provider aggregate not found
2026-07-15 06:11:16.920 7 INFO neutron.services.segments.plugin [-] Segment 501c4d62-f2a4-4f5d-a420-3be620a366a7 resource provider aggregate not found
2026-07-15 06:11:16.937 7 INFO neutron.services.segments.plugin [-] Client error retrieving segment 501c4d62-f2a4-4f5d-a420-3be620a366a7 resource provider; error: Placement Client Error (4xx): {"errors": [{"status": 404, "title": "Not Found", "detail": "The resource could not be found.\n\n No resource provider with uuid 501c4d62-f2a4-4f5d-a420-3be620a366a7 found for delete ", "request_id": "req-823679d6-93cb-47c1-849a-d134a4e2f1ec"}]}
2026-07-15 06:11:16.948 7 INFO neutron.services.segments.plugin [-] Client error retrieving segment 501c4d62-f2a4-4f5d-a420-3be620a366a7 resource provider; error: Placement Client Error (4xx): {"errors": [{"status": 404, "title": "Not Found", "detail": "The resource could not be found.\n\n No resource provider with uuid 501c4d62-f2a4-4f5d-a420-3be620a366a7 found for delete ", "request_id": "req-d436cb42-b75d-4f09-89d7-5ffd35f76a2c"}]}
2026-07-15 06:11:16.957 7 INFO neutron.services.segments.plugin [-] Segment 3857b9c1-2395-485b-8483-d6375654c13c resource provider aggregate not found
2026-07-15 06:11:16.965 7 INFO neutron.services.segments.plugin [-] Segment 3857b9c1-2395-485b-8483-d6375654c13c resource provider aggregate not found
2026-07-15 06:11:16.980 7 INFO neutron.services.segments.plugin [-] Client error retrieving segment 3857b9c1-2395-485b-8483-d6375654c13c resource provider; error: Placement Client Error (4xx): {"errors": [{"status": 404, "title": "Not Found", "detail": "The resource could not be found.\n\n No resource provider with uuid 3857b9c1-2395-485b-8483-d6375654c13c found for delete ", "request_id": "req-522f54f1-8821-4edf-a931-2855bd744efc"}]}
2026-07-15 06:11:16.989 7 INFO neutron.services.segments.plugin [-] Client error retrieving segment 3857b9c1-2395-485b-8483-d6375654c13c resource provider; error: Placement Client Error (4xx): {"errors": [{"status": 404, "title": "Not Found", "detail": "The resource could not be found.\n\n No resource provider with uuid 3857b9c1-2395-485b-8483-d6375654c13c found for delete ", "request_id": "req-ba61916d-fa70-45ab-acd1-90a11d3b65a5"}]}
2026-07-15 06:11:17.007 7 INFO neutron.services.segments.plugin [-] Segment 7aa2b9d4-fc61-41d7-89cf-2890f9b3aa0a resource provider aggregate not found
2026-07-15 06:11:17.009 8 INFO neutron.db.ovn_revision_numbers_db [None req-ccb04946-4665-4d7b-9353-1171d3be81b7 66a3da3981ff45d9b1089510db3f5e86 cb6d5f8a92334a888183d4653492fcde - - default default] Successfully bumped revision number for resource 69b31b49-53fd-44b2-b968-88d1bf70e8c2 (type: security_group_rules) to 0
2026-07-15 06:11:17.014 7 INFO neutron.services.segments.plugin [-] Segment 7aa2b9d4-fc61-41d7-89cf-2890f9b3aa0a resource provider aggregate not found
2026-07-15 06:11:17.032 7 INFO neutron.services.segments.plugin [-] Client error retrieving segment 7aa2b9d4-fc61-41d7-89cf-2890f9b3aa0a resource provider; error: Placement Client Error (4xx): {"errors": [{"status": 404, "title": "Not Found", "detail": "The resource could not be found.\n\n No resource provider with uuid 7aa2b9d4-fc61-41d7-89cf-2890f9b3aa0a found for delete ", "request_id": "req-116d4f56-0b65-4b19-a520-ad1ccb0fdea4"}]}
2026-07-15 06:11:17.034 7 INFO neutron.services.segments.plugin [-] Client error retrieving segment 7aa2b9d4-fc61-41d7-89cf-2890f9b3aa0a resource provider; error: Placement Client Error (4xx): {"errors": [{"status": 404, "title": "Not Found", "detail": "The resource could not be found.\n\n No resource provider with uuid 7aa2b9d4-fc61-41d7-89cf-2890f9b3aa0a found for delete ", "request_id": "req-b0969b88-939f-474f-95da-f711108cd464"}]} [pid: 8|app: 0|req: 1112/2163] 10.0.0.104 () {34 vars in 694 bytes} [Wed Jul 15 06:11:16 2026] POST /v2.0/security-group-rules => generated 597 bytes in 227 msecs (HTTP/1.1 201) 4 headers in 162 bytes (1 switches on core 0)
2026-07-15 06:11:17.117 7 WARNING neutron.plugins.ml2.drivers.ovn.mech_driver.ovsdb.ovn_client [None req-cb6b10e1-9143-4726-baab-839bc63c9b72 - - - - - -] No hosting information found for port 4a2c6044-b409-48b1-a1e7-8058f3ab58d9: RuntimeError: No hosting information found for port 4a2c6044-b409-48b1-a1e7-8058f3ab58d9
2026-07-15 06:11:17.196 7 INFO neutron.db.ovn_revision_numbers_db [None req-436f0559-b40c-44fb-825d-294a15effd2e bec178ce6b094f0099a65394dffb2e5c 8cfd61b7ea9a41b782ccdaae49f46fc0 - - default default] Successfully bumped revision number for resource 91c50a8e-30c0-4a3b-8564-f6ef0a2a4698 (type: security_groups) to 1
2026-07-15 06:11:17.215 7 INFO neutron.db.ovn_revision_numbers_db [None req-436f0559-b40c-44fb-825d-294a15effd2e bec178ce6b094f0099a65394dffb2e5c 8cfd61b7ea9a41b782ccdaae49f46fc0 - - default default] Successfully bumped revision number for resource 3e73df66-ae90-41e7-b4ec-529ed6672209 (type: security_group_rules) to 0
2026-07-15 06:11:17.219 8 INFO neutron.db.ovn_revision_numbers_db [None req-71379994-65d8-43fe-99e5-7032f0d868d2 66a3da3981ff45d9b1089510db3f5e86 cb6d5f8a92334a888183d4653492fcde - - default default] Successfully bumped revision number for resource 14ba6fd1-3587-4113-b909-7dc49b83585e (type: security_group_rules) to 0
2026-07-15 06:11:17.222 7 INFO neutron.db.ovn_revision_numbers_db [None req-cb6b10e1-9143-4726-baab-839bc63c9b72 - - - - - -] Successfully bumped revision number for resource 4a2c6044-b409-48b1-a1e7-8058f3ab58d9 (type: router_ports) to 2
2026-07-15 06:11:17.222 7 INFO neutron.plugins.ml2.drivers.ovn.mech_driver.mech_driver [None req-cb6b10e1-9143-4726-baab-839bc63c9b72 - - - - - -] OVN reports status down for port: 609e07da-3ceb-438a-9d4e-d00e36b0896b
2026-07-15 06:11:17.233 7 INFO neutron.db.ovn_revision_numbers_db [None req-436f0559-b40c-44fb-825d-294a15effd2e bec178ce6b094f0099a65394dffb2e5c 8cfd61b7ea9a41b782ccdaae49f46fc0 - - default default] Successfully bumped revision number for resource 9d83933b-ba6a-4612-9151-a822ee7e3929 (type: security_group_rules) to 0 [pid: 8|app: 0|req: 1113/2164] 10.0.0.104 () {34 vars in 694 bytes} [Wed Jul 15 06:11:17 2026] POST /v2.0/security-group-rules => generated 597 bytes in 195 msecs (HTTP/1.1 201) 4 headers in 162 bytes (1 switches on core 0)
2026-07-15 06:11:17.253 7 INFO neutron.db.ovn_revision_numbers_db [None req-436f0559-b40c-44fb-825d-294a15effd2e bec178ce6b094f0099a65394dffb2e5c 8cfd61b7ea9a41b782ccdaae49f46fc0 - - default default] Successfully bumped revision number for resource dc40246e-49bd-4bdb-b61b-6766c8cf7277 (type: security_group_rules) to 0
2026-07-15 06:11:17.273 7 INFO neutron.db.ovn_revision_numbers_db [None req-436f0559-b40c-44fb-825d-294a15effd2e bec178ce6b094f0099a65394dffb2e5c 8cfd61b7ea9a41b782ccdaae49f46fc0 - - default default] Successfully bumped revision number for resource ff43ca7e-8837-4e8a-906a-f9bca15716de (type: security_group_rules) to 0 [pid: 7|app: 0|req: 1052/2165] 10.0.0.104 () {32 vars in 773 bytes} [Wed Jul 15 06:11:16 2026] GET /v2.0/security-groups?tenant_id=4e6ee5c3a07849c596eedecd7ced2719&name=default => generated 2925 bytes in 549 msecs (HTTP/1.1 200) 4 headers in 158 bytes (1 switches on core 0)
2026-07-15 06:11:17.418 8 INFO neutron.db.ovn_revision_numbers_db [None req-90c989c5-7fee-45ee-bf65-cc278b6e106f 66a3da3981ff45d9b1089510db3f5e86 cb6d5f8a92334a888183d4653492fcde - - default default] Successfully bumped revision number for resource edd396c3-30e8-4fc8-92a2-93ca96a8bd19 (type: security_group_rules) to 0 [pid: 8|app: 0|req: 1114/2166] 10.0.0.104 () {34 vars in 694 bytes} [Wed Jul 15 06:11:17 2026] POST /v2.0/security-group-rules => generated 597 bytes in 190 msecs (HTTP/1.1 201) 4 headers in 162 bytes (1 switches on core 0)
2026-07-15 06:11:17.601 8 INFO neutron.db.ovn_revision_numbers_db [None req-ea94dd7c-15c2-4f70-9960-73d6ddc1011c 66a3da3981ff45d9b1089510db3f5e86 cb6d5f8a92334a888183d4653492fcde - - default default] Successfully bumped revision number for resource 7a6e6f36-80f4-455c-9ed0-b17ce730ef0d (type: security_group_rules) to 0 [pid: 8|app: 0|req: 1115/2167] 10.0.0.104 () {34 vars in 694 bytes} [Wed Jul 15 06:11:17 2026] POST /v2.0/security-group-rules => generated 599 bytes in 196 msecs (HTTP/1.1 201) 4 headers in 162 bytes (1 switches on core 0) [pid: 8|app: 0|req: 1116/2168] 10.0.0.87 () {34 vars in 988 bytes} [Wed Jul 15 06:11:17 2026] GET /v2.0/ports?device_id=a55ab087-9deb-40ec-8573-ba5524b46039 => generated 12 bytes in 16 msecs (HTTP/1.1 200) 4 headers in 156 bytes (1 switches on core 0)
2026-07-15 06:11:17.819 8 INFO neutron.db.ovn_revision_numbers_db [None req-f823ceaa-e272-4028-a278-db086f0d4a87 66a3da3981ff45d9b1089510db3f5e86 cb6d5f8a92334a888183d4653492fcde - - default default] Successfully bumped revision number for resource e0f339f5-dea9-4239-a484-77f47f5d92cc (type: security_group_rules) to 0 [pid: 8|app: 0|req: 1117/2169] 10.0.0.104 () {34 vars in 694 bytes} [Wed Jul 15 06:11:17 2026] POST /v2.0/security-group-rules => generated 601 bytes in 186 msecs (HTTP/1.1 201) 4 headers in 162 bytes (1 switches on core 0)
2026-07-15 06:11:18.043 8 INFO neutron.db.ovn_revision_numbers_db [None req-4c999ead-6296-4771-98c7-bb478c1db77d 66a3da3981ff45d9b1089510db3f5e86 cb6d5f8a92334a888183d4653492fcde - - default default] Successfully bumped revision number for resource d03d3462-ed64-4c0c-be17-d0e94936ceb2 (type: security_group_rules) to 0 [pid: 8|app: 0|req: 1118/2170] 10.0.0.104 () {34 vars in 694 bytes} [Wed Jul 15 06:11:17 2026] POST /v2.0/security-group-rules => generated 597 bytes in 219 msecs (HTTP/1.1 201) 4 headers in 162 bytes (1 switches on core 0) [pid: 7|app: 0|req: 1053/2171] 10.0.0.104 () {32 vars in 739 bytes} [Wed Jul 15 06:11:17 2026] DELETE /v2.0/security-groups/91c50a8e-30c0-4a3b-8564-f6ef0a2a4698 => generated 0 bytes in 871 msecs (HTTP/1.1 204) 2 headers in 112 bytes (1 switches on core 0)
2026-07-15 06:11:18.241 7 INFO neutron.db.ovn_revision_numbers_db [None req-cb6b10e1-9143-4726-baab-839bc63c9b72 - - - - - -] Successfully bumped revision number for resource 609e07da-3ceb-438a-9d4e-d00e36b0896b (type: ports) to 6
2026-07-15 06:11:18.304 7 WARNING neutron.plugins.ml2.drivers.ovn.mech_driver.ovsdb.ovn_client [None req-b54fa01b-8c7f-4a31-ab26-e0b8bce82da1 - - - - - -] Logical_Switch_Port 609e07da-3ceb-438a-9d4e-d00e36b0896b host information not removed, the port state is up
2026-07-15 06:11:18.304 7 INFO neutron.plugins.ml2.drivers.ovn.mech_driver.mech_driver [None req-b54fa01b-8c7f-4a31-ab26-e0b8bce82da1 - - - - - -] OVN reports status down for port: ab73b0d5-eade-4084-ba05-999179d150c7
2026-07-15 06:11:18.352 7 WARNING neutron.plugins.ml2.drivers.ovn.mech_driver.ovsdb.ovn_client [None req-b54fa01b-8c7f-4a31-ab26-e0b8bce82da1 - - - - - -] Logical_Switch_Port ab73b0d5-eade-4084-ba05-999179d150c7 host information not removed, the port state is up
2026-07-15 06:11:18.353 7 INFO neutron.plugins.ml2.drivers.ovn.mech_driver.mech_driver [None req-b54fa01b-8c7f-4a31-ab26-e0b8bce82da1 - - - - - -] OVN reports status up for port: 609e07da-3ceb-438a-9d4e-d00e36b0896b
2026-07-15 06:11:18.362 7 INFO neutron.plugins.ml2.plugin [None req-b54fa01b-8c7f-4a31-ab26-e0b8bce82da1 - - - - - -] Attempt 1 to provision port 609e07da-3ceb-438a-9d4e-d00e36b0896b [pid: 8|app: 0|req: 1119/2172] 10.0.0.104 () {32 vars in 773 bytes} [Wed Jul 15 06:11:18 2026] GET /v2.0/security-groups?tenant_id=c8822daaebe84be09733e250fcc35ce9&name=default => generated 2925 bytes in 28 msecs (HTTP/1.1 200) 4 headers in 158 bytes (1 switches on core 0) [pid: 8|app: 0|req: 1120/2173] 10.0.0.87 () {34 vars in 1094 bytes} [Wed Jul 15 06:11:18 2026] GET /v2.0/security-groups?name=tempest-lb_member_SG-1326944880&fields=id&tenant_id=cb6d5f8a92334a888183d4653492fcde => generated 69 bytes in 31 msecs (HTTP/1.1 200) 4 headers in 156 bytes (1 switches on core 0) [pid: 8|app: 0|req: 1121/2174] 10.0.0.87 () {34 vars in 980 bytes} [Wed Jul 15 06:11:18 2026] GET /v2.0/networks?id=738b7c71-f182-4f50-b750-0afda533803b => generated 705 bytes in 42 msecs (HTTP/1.1 200) 4 headers in 157 bytes (1 switches on core 0) [pid: 8|app: 0|req: 1122/2175] 10.0.0.87 () {34 vars in 963 bytes} [Wed Jul 15 06:11:18 2026] GET /v2.0/quotas/cb6d5f8a92334a888183d4653492fcde => generated 292 bytes in 13 msecs (HTTP/1.1 200) 4 headers in 157 bytes (1 switches on core 0) [pid: 8|app: 0|req: 1123/2176] 10.0.0.87 () {34 vars in 1000 bytes} [Wed Jul 15 06:11:18 2026] GET /v2.0/ports?tenant_id=cb6d5f8a92334a888183d4653492fcde&fields=id => generated 287 bytes in 141 msecs (HTTP/1.1 200) 4 headers in 157 bytes (1 switches on core 0) [pid: 8|app: 0|req: 1124/2177] 10.0.0.87 () {34 vars in 1006 bytes} [Wed Jul 15 06:11:18 2026] GET /v2.0/networks/738b7c71-f182-4f50-b750-0afda533803b?fields=segments => generated 14 bytes in 50 msecs (HTTP/1.1 200) 4 headers in 156 bytes (1 switches on core 0) [pid: 8|app: 0|req: 1125/2178] 10.0.0.87 () {34 vars in 988 bytes} [Wed Jul 15 06:11:18 2026] GET /v2.0/ports?device_id=a55ab087-9deb-40ec-8573-ba5524b46039 => generated 12 bytes in 15 msecs (HTTP/1.1 200) 4 headers in 156 bytes (1 switches on core 0) [pid: 7|app: 0|req: 1054/2179] 10.0.0.104 () {32 vars in 739 bytes} [Wed Jul 15 06:11:18 2026] DELETE /v2.0/security-groups/e176ec8d-3d89-4f04-9113-d9d066891c4f => generated 0 bytes in 394 msecs (HTTP/1.1 204) 2 headers in 112 bytes (1 switches on core 0) [pid: 8|app: 0|req: 1126/2180] 10.0.0.87 () {34 vars in 1106 bytes} [Wed Jul 15 06:11:18 2026] GET /v2.0/networks/738b7c71-f182-4f50-b750-0afda533803b?fields=provider%3Aphysical_network&fields=provider%3Anetwork_type => generated 79 bytes in 36 msecs (HTTP/1.1 200) 4 headers in 156 bytes (1 switches on core 0)
2026-07-15 06:11:18.844 7 INFO neutron.db.ovn_revision_numbers_db [None req-b54fa01b-8c7f-4a31-ab26-e0b8bce82da1 - - - - - -] Successfully bumped revision number for resource 609e07da-3ceb-438a-9d4e-d00e36b0896b (type: ports) to 7 [pid: 7|app: 0|req: 1055/2181] 10.0.0.87 () {34 vars in 988 bytes} [Wed Jul 15 06:11:18 2026] GET /v2.0/ports?device_id=def8a1fe-3225-4b11-b4aa-2be2673d72e7 => generated 12 bytes in 34 msecs (HTTP/1.1 200) 4 headers in 156 bytes (1 switches on core 0)
2026-07-15 06:11:18.992 7 INFO neutron.plugins.ml2.drivers.ovn.mech_driver.mech_driver [None req-b053aae4-ed03-46c7-85fe-4d5cfb26d95e - - - - - -] OVN reports status up for port: ab73b0d5-eade-4084-ba05-999179d150c7
2026-07-15 06:11:19.004 7 INFO neutron.plugins.ml2.plugin [None req-b053aae4-ed03-46c7-85fe-4d5cfb26d95e - - - - - -] Attempt 1 to provision port ab73b0d5-eade-4084-ba05-999179d150c7
2026-07-15 06:11:19.058 8 INFO neutron.db.ovn_revision_numbers_db [None req-1d30c86d-3545-4e6c-b664-d3bcc70a2cf4 bec178ce6b094f0099a65394dffb2e5c 8cfd61b7ea9a41b782ccdaae49f46fc0 - - default default] Successfully bumped revision number for resource 765306a6-f538-4f76-8932-40ac86917305 (type: security_groups) to 1
2026-07-15 06:11:19.071 8 INFO neutron.db.ovn_revision_numbers_db [None req-1d30c86d-3545-4e6c-b664-d3bcc70a2cf4 bec178ce6b094f0099a65394dffb2e5c 8cfd61b7ea9a41b782ccdaae49f46fc0 - - default default] Successfully bumped revision number for resource 38521c6f-870c-46ef-9035-4e967f4b6bd6 (type: security_group_rules) to 0
2026-07-15 06:11:19.083 8 INFO neutron.db.ovn_revision_numbers_db [None req-1d30c86d-3545-4e6c-b664-d3bcc70a2cf4 bec178ce6b094f0099a65394dffb2e5c 8cfd61b7ea9a41b782ccdaae49f46fc0 - - default default] Successfully bumped revision number for resource 5a5b0c61-57b4-4f5e-a3f2-01e2cede60d2 (type: security_group_rules) to 0
2026-07-15 06:11:19.097 8 INFO neutron.db.ovn_revision_numbers_db [None req-1d30c86d-3545-4e6c-b664-d3bcc70a2cf4 bec178ce6b094f0099a65394dffb2e5c 8cfd61b7ea9a41b782ccdaae49f46fc0 - - default default] Successfully bumped revision number for resource b5d74684-5ded-4d37-9999-5d923b109f70 (type: security_group_rules) to 0
2026-07-15 06:11:19.107 8 INFO neutron.db.ovn_revision_numbers_db [None req-1d30c86d-3545-4e6c-b664-d3bcc70a2cf4 bec178ce6b094f0099a65394dffb2e5c 8cfd61b7ea9a41b782ccdaae49f46fc0 - - default default] Successfully bumped revision number for resource d7eca5de-9bf5-40b6-a1c8-d4fb392630b3 (type: security_group_rules) to 0 [pid: 8|app: 0|req: 1127/2182] 10.0.0.104 () {32 vars in 773 bytes} [Wed Jul 15 06:11:18 2026] GET /v2.0/security-groups?tenant_id=8ad431e80111437698404b55f120eb60&name=default => generated 2925 bytes in 205 msecs (HTTP/1.1 200) 4 headers in 158 bytes (1 switches on core 0)
2026-07-15 06:11:19.528 7 INFO neutron.db.ovn_revision_numbers_db [None req-b053aae4-ed03-46c7-85fe-4d5cfb26d95e - - - - - -] Successfully bumped revision number for resource ab73b0d5-eade-4084-ba05-999179d150c7 (type: ports) to 2 [pid: 7|app: 0|req: 1056/2183] 10.0.0.104 () {32 vars in 739 bytes} [Wed Jul 15 06:11:19 2026] DELETE /v2.0/security-groups/765306a6-f538-4f76-8932-40ac86917305 => generated 0 bytes in 411 msecs (HTTP/1.1 204) 2 headers in 112 bytes (1 switches on core 0) [pid: 8|app: 0|req: 1128/2184] 10.0.0.87 () {34 vars in 988 bytes} [Wed Jul 15 06:11:19 2026] GET /v2.0/ports?device_id=a55ab087-9deb-40ec-8573-ba5524b46039 => generated 12 bytes in 20 msecs (HTTP/1.1 200) 4 headers in 156 bytes (1 switches on core 0) [pid: 7|app: 0|req: 1057/2185] 199.204.45.4 () {34 vars in 983 bytes} [Wed Jul 15 06:11:20 2026] GET /v2.0/networks?id=14762703-0c94-4edc-b17d-c7fb0d22c112 => generated 673 bytes in 40 msecs (HTTP/1.1 200) 4 headers in 157 bytes (1 switches on core 0) [pid: 7|app: 0|req: 1060/2188] 10.0.0.87 () {34 vars in 988 bytes} [Wed Jul 15 06:11:20 2026] GET /v2.0/ports?device_id=a55ab087-9deb-40ec-8573-ba5524b46039 => generated 12 bytes in 25 msecs (HTTP/1.1 200) 4 headers in 156 bytes (1 switches on core 0)
2026-07-15 06:11:21.054 8 WARNING neutron.scheduler.dhcp_agent_scheduler [req-ae631332-b19d-472b-8598-d95d1d062c19 req-810e5c59-8ac9-40fc-b8c1-2584197e04d3 c544a39a847a4ecfbfd4cb320e007bd6 f7a083c4651d475c83f5898ef99b6636 - - default default] No more DHCP agents
2026-07-15 06:11:21.056 8 WARNING neutron.api.rpc.agentnotifiers.dhcp_rpc_agent_api [req-ae631332-b19d-472b-8598-d95d1d062c19 req-810e5c59-8ac9-40fc-b8c1-2584197e04d3 c544a39a847a4ecfbfd4cb320e007bd6 f7a083c4651d475c83f5898ef99b6636 - - default default] Unable to schedule network 14762703-0c94-4edc-b17d-c7fb0d22c112: no agents available; will retry on subsequent port and subnet creation events.
2026-07-15 06:11:21.183 8 INFO neutron.db.ovn_revision_numbers_db [req-ae631332-b19d-472b-8598-d95d1d062c19 req-810e5c59-8ac9-40fc-b8c1-2584197e04d3 c544a39a847a4ecfbfd4cb320e007bd6 f7a083c4651d475c83f5898ef99b6636 - - default default] Successfully bumped revision number for resource 4fa272bf-94e8-49c5-89dc-ef1e94a2a0ed (type: ports) to 1 [pid: 8|app: 0|req: 1129/2189] 199.204.45.4 () {38 vars in 952 bytes} [Wed Jul 15 06:11:20 2026] POST /v2.0/ports => generated 954 bytes in 460 msecs (HTTP/1.1 201) 4 headers in 162 bytes (1 switches on core 0)
2026-07-15 06:11:21.293 8 WARNING neutron.plugins.ml2.drivers.ovn.mech_driver.ovsdb.ovn_client [None req-ea759f0b-2275-4224-967a-e6891dcc7340 - - - - - -] No hosting information found for port c62c7338-22b6-453d-9eae-771c2c7cc707: RuntimeError: No hosting information found for port c62c7338-22b6-453d-9eae-771c2c7cc707
2026-07-15 06:11:21.357 8 INFO neutron.db.ovn_revision_numbers_db [None req-ea759f0b-2275-4224-967a-e6891dcc7340 - - - - - -] Successfully bumped revision number for resource c62c7338-22b6-453d-9eae-771c2c7cc707 (type: router_ports) to 2
2026-07-15 06:11:21.614 7 INFO neutron.db.ovn_revision_numbers_db [req-ae631332-b19d-472b-8598-d95d1d062c19 req-62b1853b-c259-4c03-a941-1d5cc5f50946 ad5aab43d21644458e26ad444d973cb8 c1e7203e4ac949c589e820fa18799d34 - - 9f2f15a7317542998d053920c5defbf0 9f2f15a7317542998d053920c5defbf0] Successfully bumped revision number for resource 4fa272bf-94e8-49c5-89dc-ef1e94a2a0ed (type: ports) to 2
