2026-07-15 06:10:56.947 7 INFO neutron_taas.services.taas.tap_mirror_plugin [None req-7c3217c6-31d0-45c3-bc4d-fc6f9ae7c48d bec178ce6b094f0099a65394dffb2e5c 8cfd61b7ea9a41b782ccdaae49f46fc0 - - default default] Tap Mirror: Handle Delete Port: f6c2c8ad-a10e-4812-8562-2f06b45d58ff [pid: 8|app: 0|req: 1066/2075] 10.0.0.104 () {32 vars in 746 bytes} [Wed Jul 15 06:10:56 2026] GET /v2.0/security-group-rules/7b5890a7-205b-42bb-9856-26d715bda08b => generated 601 bytes in 16 msecs (HTTP/1.1 200) 4 headers in 157 bytes (1 switches on core 0) [pid: 8|app: 0|req: 1067/2076] 10.0.0.104 () {32 vars in 672 bytes} [Wed Jul 15 06:10:56 2026] GET /v2.0/security-group-rules => generated 4138 bytes in 65 msecs (HTTP/1.1 200) 4 headers in 158 bytes (1 switches on core 0) [pid: 8|app: 0|req: 1068/2077] 10.0.0.104 () {32 vars in 749 bytes} [Wed Jul 15 06:10:57 2026] DELETE /v2.0/security-group-rules/7b5890a7-205b-42bb-9856-26d715bda08b => generated 0 bytes in 129 msecs (HTTP/1.1 204) 2 headers in 112 bytes (1 switches on core 0) [pid: 8|app: 0|req: 1069/2078] 10.0.0.104 () {32 vars in 672 bytes} [Wed Jul 15 06:10:57 2026] GET /v2.0/security-group-rules => generated 3560 bytes in 46 msecs (HTTP/1.1 200) 4 headers in 158 bytes (1 switches on core 0)
2026-07-15 06:10:57.357 8 INFO neutron.db.ovn_revision_numbers_db [None req-65ec955e-c5eb-42dd-9af0-d1235b496fef 4673fa0e32914203b9fe5c515532e36e 5d96cd67b6e34d0e980df76adedcd483 - - default default] Successfully bumped revision number for resource a800f139-cc0b-4257-9419-c6e7c0cc3a4e (type: security_group_rules) to 0 [pid: 7|app: 0|req: 1010/2079] 10.0.0.104 () {32 vars in 723 bytes} [Wed Jul 15 06:10:56 2026] DELETE /v2.0/routers/ad96abd5-e1ec-42ec-9493-58da2d5dbff6 => generated 0 bytes in 759 msecs (HTTP/1.1 204) 2 headers in 112 bytes (1 switches on core 0) [pid: 8|app: 0|req: 1070/2080] 10.0.0.104 () {34 vars in 694 bytes} [Wed Jul 15 06:10:57 2026] POST /v2.0/security-group-rules => generated 601 bytes in 165 msecs (HTTP/1.1 201) 4 headers in 162 bytes (1 switches on core 0) [pid: 8|app: 0|req: 1071/2081] 10.0.0.104 () {32 vars in 746 bytes} [Wed Jul 15 06:10:57 2026] GET /v2.0/security-group-rules/a800f139-cc0b-4257-9419-c6e7c0cc3a4e => generated 601 bytes in 20 msecs (HTTP/1.1 200) 4 headers in 157 bytes (1 switches on core 0) [pid: 8|app: 0|req: 1072/2082] 10.0.0.104 () {32 vars in 672 bytes} [Wed Jul 15 06:10:57 2026] GET /v2.0/security-group-rules => generated 4138 bytes in 50 msecs (HTTP/1.1 200) 4 headers in 158 bytes (1 switches on core 0) [pid: 7|app: 0|req: 1011/2083] 10.0.0.104 () {32 vars in 723 bytes} [Wed Jul 15 06:10:57 2026] DELETE /v2.0/subnets/cbb2053e-4360-4584-95cf-8839322e1ef7 => generated 0 bytes in 152 msecs (HTTP/1.1 204) 3 headers in 131 bytes (1 switches on core 0) [pid: 8|app: 0|req: 1073/2084] 10.0.0.104 () {32 vars in 749 bytes} [Wed Jul 15 06:10:57 2026] DELETE /v2.0/security-group-rules/a800f139-cc0b-4257-9419-c6e7c0cc3a4e => generated 0 bytes in 94 msecs (HTTP/1.1 204) 2 headers in 112 bytes (1 switches on core 0) [pid: 8|app: 0|req: 1074/2085] 10.0.0.104 () {32 vars in 672 bytes} [Wed Jul 15 06:10:57 2026] GET /v2.0/security-group-rules => generated 3560 bytes in 68 msecs (HTTP/1.1 200) 4 headers in 158 bytes (1 switches on core 0)
2026-07-15 06:10:57.665 7 INFO neutron_taas.services.taas.taas_plugin [None req-ac984e36-e5cc-4230-9298-548894f846ec bec178ce6b094f0099a65394dffb2e5c 8cfd61b7ea9a41b782ccdaae49f46fc0 - - default default] TaaS: Handle Delete Port: e250b009-6b65-494d-876b-44224014ea7c
2026-07-15 06:10:57.669 7 INFO neutron_taas.services.taas.tap_mirror_plugin [None req-ac984e36-e5cc-4230-9298-548894f846ec bec178ce6b094f0099a65394dffb2e5c 8cfd61b7ea9a41b782ccdaae49f46fc0 - - default default] Tap Mirror: Handle Delete Port: e250b009-6b65-494d-876b-44224014ea7c
2026-07-15 06:10:57.675 8 INFO neutron.db.securitygroups_db [None req-e8eed6c4-713c-4110-a99e-686672c4fc2e 4673fa0e32914203b9fe5c515532e36e 5d96cd67b6e34d0e980df76adedcd483 - - default default] Project 5d96cd67b6e34d0e980df76adedcd483 added a security group rule with legacy IPv6 ICMP protocol name icmp, ipv6-icmp should be used instead. It was automatically converted.
2026-07-15 06:10:57.768 8 INFO neutron.db.ovn_revision_numbers_db [None req-e8eed6c4-713c-4110-a99e-686672c4fc2e 4673fa0e32914203b9fe5c515532e36e 5d96cd67b6e34d0e980df76adedcd483 - - default default] Successfully bumped revision number for resource fa4e32b5-a6da-483f-8c9c-44bfb0beba35 (type: security_group_rules) to 0 [pid: 8|app: 0|req: 1075/2086] 10.0.0.104 () {34 vars in 694 bytes} [Wed Jul 15 06:10:57 2026] POST /v2.0/security-group-rules => generated 607 bytes in 152 msecs (HTTP/1.1 201) 4 headers in 162 bytes (1 switches on core 0) [pid: 8|app: 0|req: 1076/2087] 10.0.0.104 () {32 vars in 746 bytes} [Wed Jul 15 06:10:57 2026] GET /v2.0/security-group-rules/fa4e32b5-a6da-483f-8c9c-44bfb0beba35 => generated 607 bytes in 13 msecs (HTTP/1.1 200) 4 headers in 157 bytes (1 switches on core 0)
2026-07-15 06:10:57.834 7 INFO neutron.services.segments.plugin [-] Segment 6385031a-b5e2-453c-8761-3d9f715acc35 resource provider aggregate not found
2026-07-15 06:10:57.838 7 INFO neutron.services.segments.plugin [-] Segment 6385031a-b5e2-453c-8761-3d9f715acc35 resource provider aggregate not found
2026-07-15 06:10:57.859 7 INFO neutron.services.segments.plugin [-] Client error retrieving segment 6385031a-b5e2-453c-8761-3d9f715acc35 resource provider; error: Placement Client Error (4xx): {"errors": [{"status": 404, "title": "Not Found", "detail": "The resource could not be found.\n\n No resource provider with uuid 6385031a-b5e2-453c-8761-3d9f715acc35 found for delete ", "request_id": "req-cacc765d-9b4a-4cc7-9af2-c10feba3bed8"}]}
2026-07-15 06:10:57.864 7 INFO neutron.services.segments.plugin [-] Client error retrieving segment 6385031a-b5e2-453c-8761-3d9f715acc35 resource provider; error: Placement Client Error (4xx): {"errors": [{"status": 404, "title": "Not Found", "detail": "The resource could not be found.\n\n No resource provider with uuid 6385031a-b5e2-453c-8761-3d9f715acc35 found for delete ", "request_id": "req-c573ed95-f30f-4e53-a2ae-ae6ca0c8c573"}]} [pid: 8|app: 0|req: 1077/2088] 10.0.0.104 () {32 vars in 672 bytes} [Wed Jul 15 06:10:57 2026] GET /v2.0/security-group-rules => generated 4144 bytes in 63 msecs (HTTP/1.1 200) 4 headers in 158 bytes (1 switches on core 0) [pid: 7|app: 0|req: 1012/2089] 10.0.0.104 () {32 vars in 725 bytes} [Wed Jul 15 06:10:57 2026] DELETE /v2.0/networks/632a5bfb-98fa-4106-93c2-f1dbbd3dd459 => generated 0 bytes in 366 msecs (HTTP/1.1 204) 3 headers in 131 bytes (1 switches on core 0) [pid: 8|app: 0|req: 1078/2090] 10.0.0.104 () {32 vars in 749 bytes} [Wed Jul 15 06:10:57 2026] DELETE /v2.0/security-group-rules/fa4e32b5-a6da-483f-8c9c-44bfb0beba35 => generated 0 bytes in 114 msecs (HTTP/1.1 204) 2 headers in 112 bytes (1 switches on core 0) [pid: 8|app: 0|req: 1079/2091] 10.0.0.104 () {32 vars in 672 bytes} [Wed Jul 15 06:10:58 2026] GET /v2.0/security-group-rules => generated 3560 bytes in 44 msecs (HTTP/1.1 200) 4 headers in 158 bytes (1 switches on core 0) [pid: 8|app: 0|req: 1080/2092] 10.0.0.104 () {32 vars in 739 bytes} [Wed Jul 15 06:10:58 2026] DELETE /v2.0/security-groups/442b71ef-dbd9-49fe-abdc-df72d6cd9c35 => generated 0 bytes in 109 msecs (HTTP/1.1 204) 2 headers in 112 bytes (1 switches on core 0)
2026-07-15 06:10:58.175 7 INFO neutron_taas.services.taas.taas_plugin [None req-ad0ca71a-707a-491c-8390-1e52b7c46492 bec178ce6b094f0099a65394dffb2e5c 8cfd61b7ea9a41b782ccdaae49f46fc0 - - default default] TaaS: Handle Delete Port: 81cb751e-8307-44c2-a1af-7be69fde3785
2026-07-15 06:10:58.178 7 INFO neutron_taas.services.taas.tap_mirror_plugin [None req-ad0ca71a-707a-491c-8390-1e52b7c46492 bec178ce6b094f0099a65394dffb2e5c 8cfd61b7ea9a41b782ccdaae49f46fc0 - - default default] Tap Mirror: Handle Delete Port: 81cb751e-8307-44c2-a1af-7be69fde3785 [pid: 8|app: 0|req: 1081/2093] 10.0.0.104 () {32 vars in 662 bytes} [Wed Jul 15 06:10:58 2026] GET /v2.0/security-groups => generated 2925 bytes in 31 msecs (HTTP/1.1 200) 4 headers in 158 bytes (1 switches on core 0) [pid: 8|app: 0|req: 1082/2094] 10.0.0.104 () {32 vars in 662 bytes} [Wed Jul 15 06:10:58 2026] GET /v2.0/security-groups => generated 2925 bytes in 31 msecs (HTTP/1.1 200) 4 headers in 158 bytes (1 switches on core 0) [pid: 7|app: 0|req: 1013/2095] 10.0.0.104 () {34 vars in 788 bytes} [Wed Jul 15 06:10:57 2026] PUT /v2.0/routers/6c1a91fc-9e2d-4043-9f87-15a670148d93/remove_router_interface => generated 309 bytes in 829 msecs (HTTP/1.1 200) 4 headers in 157 bytes (1 switches on core 0) /var/lib/openstack/lib/python3.12/site-packages/pycadf/identifier.py:70: UserWarning: Invalid uuid: neutron. To ensure interoperability, identifiers should be a valid uuid. warnings.warn(('Invalid uuid: %s. To ensure interoperability, ' [pid: 8|app: 0|req: 1083/2096] 10.0.0.104 () {32 vars in 773 bytes} [Wed Jul 15 06:10:58 2026] GET /v2.0/security-groups?tenant_id=5d96cd67b6e34d0e980df76adedcd483&name=default => generated 2925 bytes in 229 msecs (HTTP/1.1 200) 4 headers in 158 bytes (1 switches on core 0)
2026-07-15 06:10:58.993 7 INFO neutron_taas.services.taas.taas_plugin [None req-3fb56412-d614-4925-bc36-bd2c0912c96c bec178ce6b094f0099a65394dffb2e5c 8cfd61b7ea9a41b782ccdaae49f46fc0 - - default default] TaaS: Handle Delete Port: eafd6325-c620-435b-9046-8fc57b776353
2026-07-15 06:10:58.997 7 INFO neutron_taas.services.taas.tap_mirror_plugin [None req-3fb56412-d614-4925-bc36-bd2c0912c96c bec178ce6b094f0099a65394dffb2e5c 8cfd61b7ea9a41b782ccdaae49f46fc0 - - default default] Tap Mirror: Handle Delete Port: eafd6325-c620-435b-9046-8fc57b776353 [pid: 8|app: 0|req: 1084/2097] 10.0.0.104 () {32 vars in 739 bytes} [Wed Jul 15 06:10:58 2026] DELETE /v2.0/security-groups/c238ac0e-3e23-4474-a66a-7a2f0a1f56c4 => generated 0 bytes in 205 msecs (HTTP/1.1 204) 2 headers in 112 bytes (1 switches on core 0) [pid: 7|app: 0|req: 1014/2098] 10.0.0.104 () {32 vars in 723 bytes} [Wed Jul 15 06:10:58 2026] DELETE /v2.0/routers/6c1a91fc-9e2d-4043-9f87-15a670148d93 => generated 0 bytes in 682 msecs (HTTP/1.1 204) 2 headers in 112 bytes (1 switches on core 0) [pid: 8|app: 0|req: 1085/2099] 10.0.0.104 () {32 vars in 723 bytes} [Wed Jul 15 06:10:59 2026] DELETE /v2.0/subnets/29a710f7-be65-48a4-bc54-4d814efa7b27 => generated 0 bytes in 150 msecs (HTTP/1.1 204) 3 headers in 131 bytes (1 switches on core 0)
2026-07-15 06:10:59.679 7 INFO neutron_taas.services.taas.taas_plugin [None req-99bcfc6d-5a3d-44fc-89b6-b8defa4d3e18 bec178ce6b094f0099a65394dffb2e5c 8cfd61b7ea9a41b782ccdaae49f46fc0 - - default default] TaaS: Handle Delete Port: 4b86173a-5c7a-43c5-a92d-4f4093528890
2026-07-15 06:10:59.682 7 INFO neutron_taas.services.taas.tap_mirror_plugin [None req-99bcfc6d-5a3d-44fc-89b6-b8defa4d3e18 bec178ce6b094f0099a65394dffb2e5c 8cfd61b7ea9a41b782ccdaae49f46fc0 - - default default] Tap Mirror: Handle Delete Port: 4b86173a-5c7a-43c5-a92d-4f4093528890
2026-07-15 06:10:59.891 7 INFO neutron.services.segments.plugin [-] Segment 0fd188f8-f77b-4bbb-ba98-a0238fccaa58 resource provider aggregate not found
2026-07-15 06:10:59.895 7 INFO neutron.services.segments.plugin [-] Segment 0fd188f8-f77b-4bbb-ba98-a0238fccaa58 resource provider aggregate not found
2026-07-15 06:10:59.914 7 INFO neutron.services.segments.plugin [-] Client error retrieving segment 0fd188f8-f77b-4bbb-ba98-a0238fccaa58 resource provider; error: Placement Client Error (4xx): {"errors": [{"status": 404, "title": "Not Found", "detail": "The resource could not be found.\n\n No resource provider with uuid 0fd188f8-f77b-4bbb-ba98-a0238fccaa58 found for delete ", "request_id": "req-ab50042f-2428-4fbe-b3d3-3b356391616c"}]}
2026-07-15 06:10:59.920 7 INFO neutron.services.segments.plugin [-] Client error retrieving segment 0fd188f8-f77b-4bbb-ba98-a0238fccaa58 resource provider; error: Placement Client Error (4xx): {"errors": [{"status": 404, "title": "Not Found", "detail": "The resource could not be found.\n\n No resource provider with uuid 0fd188f8-f77b-4bbb-ba98-a0238fccaa58 found for delete ", "request_id": "req-c046690f-d4b0-4973-ba37-10e08d05c98a"}]} [pid: 7|app: 0|req: 1015/2100] 10.0.0.104 () {32 vars in 725 bytes} [Wed Jul 15 06:10:59 2026] DELETE /v2.0/networks/7f15fb8a-dae9-4f8b-97c9-ecd78366bec2 => generated 0 bytes in 382 msecs (HTTP/1.1 204) 3 headers in 131 bytes (1 switches on core 0) [pid: 8|app: 0|req: 1086/2101] 10.0.0.104 () {32 vars in 773 bytes} [Wed Jul 15 06:11:00 2026] GET /v2.0/security-groups?tenant_id=46b611a95e3c458d97c455e9c874d408&name=default => generated 2925 bytes in 32 msecs (HTTP/1.1 200) 4 headers in 158 bytes (1 switches on core 0) [pid: 7|app: 0|req: 1016/2102] 10.0.0.104 () {32 vars in 739 bytes} [Wed Jul 15 06:11:00 2026] DELETE /v2.0/security-groups/47a8bdfb-671c-4f80-b95e-23a3b512ff8d => generated 0 bytes in 243 msecs (HTTP/1.1 204) 2 headers in 112 bytes (1 switches on core 0) [pid: 8|app: 0|req: 1087/2103] 10.0.0.104 () {32 vars in 773 bytes} [Wed Jul 15 06:11:00 2026] GET /v2.0/security-groups?tenant_id=101b227e3249416c97d6c2359cd8d1e3&name=default => generated 2925 bytes in 30 msecs (HTTP/1.1 200) 4 headers in 158 bytes (1 switches on core 0) [pid: 7|app: 0|req: 1017/2104] 10.0.0.104 () {32 vars in 739 bytes} [Wed Jul 15 06:11:00 2026] DELETE /v2.0/security-groups/c0f2d888-2946-41f1-b83f-6a880e3d016a => generated 0 bytes in 251 msecs (HTTP/1.1 204) 2 headers in 112 bytes (1 switches on core 0)
2026-07-15 06:11:01.933 8 INFO neutron.db.ovn_revision_numbers_db [None req-b38465f9-8f97-4e1b-86fa-896810795c1e 66a3da3981ff45d9b1089510db3f5e86 cb6d5f8a92334a888183d4653492fcde - - default default] Successfully bumped revision number for resource 7e312b18-7237-4f53-8260-381d34fc02fa (type: security_groups) to 1
2026-07-15 06:11:01.945 8 INFO neutron.db.ovn_revision_numbers_db [None req-b38465f9-8f97-4e1b-86fa-896810795c1e 66a3da3981ff45d9b1089510db3f5e86 cb6d5f8a92334a888183d4653492fcde - - default default] Successfully bumped revision number for resource 1576568f-eb72-49ac-a270-e671ca9b9c15 (type: security_group_rules) to 0
2026-07-15 06:11:01.962 8 INFO neutron.db.ovn_revision_numbers_db [None req-b38465f9-8f97-4e1b-86fa-896810795c1e 66a3da3981ff45d9b1089510db3f5e86 cb6d5f8a92334a888183d4653492fcde - - default default] Successfully bumped revision number for resource 985da2f6-8be1-48b8-9867-b107fd6c5af5 (type: security_group_rules) to 0
2026-07-15 06:11:01.975 8 INFO neutron.db.ovn_revision_numbers_db [None req-b38465f9-8f97-4e1b-86fa-896810795c1e 66a3da3981ff45d9b1089510db3f5e86 cb6d5f8a92334a888183d4653492fcde - - default default] Successfully bumped revision number for resource b462639d-6818-4824-bed9-32315c247048 (type: security_group_rules) to 0
2026-07-15 06:11:01.987 8 INFO neutron.db.ovn_revision_numbers_db [None req-b38465f9-8f97-4e1b-86fa-896810795c1e 66a3da3981ff45d9b1089510db3f5e86 cb6d5f8a92334a888183d4653492fcde - - default default] Successfully bumped revision number for resource efc4db1e-3186-43c2-ba13-2716102b9517 (type: security_group_rules) to 0
2026-07-15 06:11:02.057 8 INFO neutron.db.segments_db [None req-b38465f9-8f97-4e1b-86fa-896810795c1e 66a3da3981ff45d9b1089510db3f5e86 cb6d5f8a92334a888183d4653492fcde - - default default] Added segment ec640979-a167-4271-b809-f8fe863a256a of type geneve for network b3219e7b-c9ac-485b-a75e-8faf98a45217
2026-07-15 06:11:02.158 8 INFO neutron.db.ovn_revision_numbers_db [None req-b38465f9-8f97-4e1b-86fa-896810795c1e 66a3da3981ff45d9b1089510db3f5e86 cb6d5f8a92334a888183d4653492fcde - - default default] Successfully bumped revision number for resource b3219e7b-c9ac-485b-a75e-8faf98a45217 (type: networks) to 1
2026-07-15 06:11:02.306 8 WARNING neutron.scheduler.dhcp_agent_scheduler [None req-b38465f9-8f97-4e1b-86fa-896810795c1e 66a3da3981ff45d9b1089510db3f5e86 cb6d5f8a92334a888183d4653492fcde - - default default] No more DHCP agents
2026-07-15 06:11:02.308 8 WARNING neutron.api.rpc.agentnotifiers.dhcp_rpc_agent_api [None req-b38465f9-8f97-4e1b-86fa-896810795c1e 66a3da3981ff45d9b1089510db3f5e86 cb6d5f8a92334a888183d4653492fcde - - default default] Unable to schedule network b3219e7b-c9ac-485b-a75e-8faf98a45217: no agents available; will retry on subsequent port and subnet creation events.
2026-07-15 06:11:02.357 8 INFO neutron.plugins.ml2.drivers.ovn.mech_driver.mech_driver [None req-619045f4-a41c-4d17-8859-5e33137e771b - - - - - -] OVN reports status down for port: 4ab35940-e80d-4709-8b8e-7d8bcccfc461
2026-07-15 06:11:02.410 8 INFO neutron.db.ovn_revision_numbers_db [None req-b38465f9-8f97-4e1b-86fa-896810795c1e 66a3da3981ff45d9b1089510db3f5e86 cb6d5f8a92334a888183d4653492fcde - - default default] Successfully bumped revision number for resource 4ab35940-e80d-4709-8b8e-7d8bcccfc461 (type: ports) to 1 [pid: 8|app: 0|req: 1088/2105] 10.0.0.104 () {34 vars in 669 bytes} [Wed Jul 15 06:11:01 2026] POST /v2.0/networks => generated 640 bytes in 854 msecs (HTTP/1.1 201) 4 headers in 162 bytes (1 switches on core 0)
2026-07-15 06:11:02.633 7 WARNING neutron.scheduler.dhcp_agent_scheduler [None req-fdb0d432-dff0-46bb-9bf9-5845e84808e5 66a3da3981ff45d9b1089510db3f5e86 cb6d5f8a92334a888183d4653492fcde - - default default] No more DHCP agents
2026-07-15 06:11:02.634 7 WARNING neutron.api.rpc.agentnotifiers.dhcp_rpc_agent_api [None req-fdb0d432-dff0-46bb-9bf9-5845e84808e5 66a3da3981ff45d9b1089510db3f5e86 cb6d5f8a92334a888183d4653492fcde - - default default] Unable to schedule network b3219e7b-c9ac-485b-a75e-8faf98a45217: no agents available; will retry on subsequent port and subnet creation events.
2026-07-15 06:11:03.101 7 INFO neutron.db.ovn_revision_numbers_db [None req-0c016844-0607-4b0a-a0a5-169985430018 - - - - - -] Successfully bumped revision number for resource 4ab35940-e80d-4709-8b8e-7d8bcccfc461 (type: ports) to 2
2026-07-15 06:11:03.147 7 INFO neutron.db.ovn_revision_numbers_db [None req-0c016844-0607-4b0a-a0a5-169985430018 - - - - - -] Successfully bumped revision number for resource e6ce0ee4-d6ff-4c55-919a-ec544a2f6b1f (type: subnets) to 0 [pid: 7|app: 0|req: 1018/2106] 10.0.0.104 () {34 vars in 668 bytes} [Wed Jul 15 06:11:02 2026] POST /v2.0/subnets => generated 658 bytes in 710 msecs (HTTP/1.1 201) 4 headers in 162 bytes (1 switches on core 0) [pid: 8|app: 0|req: 1089/2107] 10.0.0.104 () {32 vars in 721 bytes} [Wed Jul 15 06:11:03 2026] GET /v2.0/subnetpools?name=shared-default-subnetpool-v6 => generated 19 bytes in 178 msecs (HTTP/1.1 200) 4 headers in 156 bytes (1 switches on core 0)
2026-07-15 06:11:03.579 7 WARNING neutron.scheduler.dhcp_agent_scheduler [None req-cd914fcf-6fe7-4585-b7f5-33eddc16e188 66a3da3981ff45d9b1089510db3f5e86 cb6d5f8a92334a888183d4653492fcde - - default default] No more DHCP agents
2026-07-15 06:11:03.580 7 WARNING neutron.api.rpc.agentnotifiers.dhcp_rpc_agent_api [None req-cd914fcf-6fe7-4585-b7f5-33eddc16e188 66a3da3981ff45d9b1089510db3f5e86 cb6d5f8a92334a888183d4653492fcde - - default default] Unable to schedule network b3219e7b-c9ac-485b-a75e-8faf98a45217: no agents available; will retry on subsequent port and subnet creation events.
2026-07-15 06:11:03.610 7 INFO neutron.db.ovn_revision_numbers_db [None req-cd914fcf-6fe7-4585-b7f5-33eddc16e188 66a3da3981ff45d9b1089510db3f5e86 cb6d5f8a92334a888183d4653492fcde - - default default] Successfully bumped revision number for resource 113a1604-98af-4178-b6ba-85b23cace286 (type: subnets) to 0 [pid: 7|app: 0|req: 1019/2108] 10.0.0.104 () {34 vars in 668 bytes} [Wed Jul 15 06:11:03 2026] POST /v2.0/subnets => generated 730 bytes in 270 msecs (HTTP/1.1 201) 4 headers in 162 bytes (1 switches on core 0)
2026-07-15 06:11:03.710 8 INFO neutron.db.segments_db [None req-2abb53f2-f565-4a38-9e71-7ea4b41abdfd 66a3da3981ff45d9b1089510db3f5e86 cb6d5f8a92334a888183d4653492fcde - - default default] Added segment af70db8f-815a-4b9c-b45e-1333879a7cde of type geneve for network 738b7c71-f182-4f50-b750-0afda533803b
2026-07-15 06:11:03.808 8 INFO neutron.db.ovn_revision_numbers_db [None req-2abb53f2-f565-4a38-9e71-7ea4b41abdfd 66a3da3981ff45d9b1089510db3f5e86 cb6d5f8a92334a888183d4653492fcde - - default default] Successfully bumped revision number for resource 738b7c71-f182-4f50-b750-0afda533803b (type: networks) to 1
2026-07-15 06:11:03.977 8 WARNING neutron.scheduler.dhcp_agent_scheduler [None req-2abb53f2-f565-4a38-9e71-7ea4b41abdfd 66a3da3981ff45d9b1089510db3f5e86 cb6d5f8a92334a888183d4653492fcde - - default default] No more DHCP agents
2026-07-15 06:11:03.978 8 WARNING neutron.api.rpc.agentnotifiers.dhcp_rpc_agent_api [None req-2abb53f2-f565-4a38-9e71-7ea4b41abdfd 66a3da3981ff45d9b1089510db3f5e86 cb6d5f8a92334a888183d4653492fcde - - default default] Unable to schedule network 738b7c71-f182-4f50-b750-0afda533803b: no agents available; will retry on subsequent port and subnet creation events.
2026-07-15 06:11:04.032 8 INFO neutron.plugins.ml2.drivers.ovn.mech_driver.mech_driver [None req-619045f4-a41c-4d17-8859-5e33137e771b - - - - - -] OVN reports status down for port: fb401a25-c205-45a2-8365-18ed3220fa06
2026-07-15 06:11:04.091 8 INFO neutron.db.ovn_revision_numbers_db [None req-2abb53f2-f565-4a38-9e71-7ea4b41abdfd 66a3da3981ff45d9b1089510db3f5e86 cb6d5f8a92334a888183d4653492fcde - - default default] Successfully bumped revision number for resource fb401a25-c205-45a2-8365-18ed3220fa06 (type: ports) to 1 [pid: 8|app: 0|req: 1090/2109] 10.0.0.104 () {34 vars in 669 bytes} [Wed Jul 15 06:11:03 2026] POST /v2.0/networks => generated 638 bytes in 499 msecs (HTTP/1.1 201) 4 headers in 162 bytes (1 switches on core 0)
2026-07-15 06:11:04.279 8 WARNING neutron.scheduler.dhcp_agent_scheduler [None req-00b9b3a4-d67d-4db0-b757-1c164cd57fc7 66a3da3981ff45d9b1089510db3f5e86 cb6d5f8a92334a888183d4653492fcde - - default default] No more DHCP agents
2026-07-15 06:11:04.280 8 WARNING neutron.api.rpc.agentnotifiers.dhcp_rpc_agent_api [None req-00b9b3a4-d67d-4db0-b757-1c164cd57fc7 66a3da3981ff45d9b1089510db3f5e86 cb6d5f8a92334a888183d4653492fcde - - default default] Unable to schedule network 738b7c71-f182-4f50-b750-0afda533803b: no agents available; will retry on subsequent port and subnet creation events.
2026-07-15 06:11:04.377 7 INFO neutron.db.ovn_revision_numbers_db [None req-fa8cade3-1bcc-4c0a-bab2-ea0d95c305c5 bec178ce6b094f0099a65394dffb2e5c 8cfd61b7ea9a41b782ccdaae49f46fc0 - - default default] Successfully bumped revision number for resource d281787a-1677-4916-993f-58a5880d5e8f (type: security_groups) to 1
2026-07-15 06:11:04.389 7 INFO neutron.db.ovn_revision_numbers_db [None req-fa8cade3-1bcc-4c0a-bab2-ea0d95c305c5 bec178ce6b094f0099a65394dffb2e5c 8cfd61b7ea9a41b782ccdaae49f46fc0 - - default default] Successfully bumped revision number for resource 0c459c3f-f98c-4fa0-aa3e-6f373806d712 (type: security_group_rules) to 0
2026-07-15 06:11:04.401 7 INFO neutron.db.ovn_revision_numbers_db [None req-fa8cade3-1bcc-4c0a-bab2-ea0d95c305c5 bec178ce6b094f0099a65394dffb2e5c 8cfd61b7ea9a41b782ccdaae49f46fc0 - - default default] Successfully bumped revision number for resource 7b03d940-9ed0-40f3-8525-ceb8db648a16 (type: security_group_rules) to 0
2026-07-15 06:11:04.412 7 INFO neutron.db.ovn_revision_numbers_db [None req-fa8cade3-1bcc-4c0a-bab2-ea0d95c305c5 bec178ce6b094f0099a65394dffb2e5c 8cfd61b7ea9a41b782ccdaae49f46fc0 - - default default] Successfully bumped revision number for resource 8d96f574-7489-48a1-8339-aec65da03ad3 (type: security_group_rules) to 0
2026-07-15 06:11:04.423 7 INFO neutron.db.ovn_revision_numbers_db [None req-fa8cade3-1bcc-4c0a-bab2-ea0d95c305c5 bec178ce6b094f0099a65394dffb2e5c 8cfd61b7ea9a41b782ccdaae49f46fc0 - - default default] Successfully bumped revision number for resource a45f38de-8b93-4a5b-a115-ad9c701975c1 (type: security_group_rules) to 0 [pid: 7|app: 0|req: 1020/2110] 10.0.0.104 () {32 vars in 773 bytes} [Wed Jul 15 06:11:04 2026] GET /v2.0/security-groups?tenant_id=2d15a2cc0f9c43278473863407088b55&name=default => generated 2925 bytes in 369 msecs (HTTP/1.1 200) 4 headers in 158 bytes (1 switches on core 0) [pid: 7|app: 0|req: 1021/2111] 10.0.0.104 () {32 vars in 739 bytes} [Wed Jul 15 06:11:04 2026] DELETE /v2.0/security-groups/d281787a-1677-4916-993f-58a5880d5e8f => generated 0 bytes in 223 msecs (HTTP/1.1 204) 2 headers in 112 bytes (1 switches on core 0)
2026-07-15 06:11:04.748 8 INFO neutron.db.ovn_revision_numbers_db [None req-33beeb9a-903d-4d0d-805e-a513439ca798 - - - - - -] Successfully bumped revision number for resource fb401a25-c205-45a2-8365-18ed3220fa06 (type: ports) to 2
2026-07-15 06:11:04.783 8 INFO neutron.db.ovn_revision_numbers_db [None req-33beeb9a-903d-4d0d-805e-a513439ca798 - - - - - -] Successfully bumped revision number for resource e0f23c79-b536-4af2-821f-20e790ee81a1 (type: subnets) to 0 [pid: 8|app: 0|req: 1091/2112] 10.0.0.104 () {34 vars in 668 bytes} [Wed Jul 15 06:11:04 2026] POST /v2.0/subnets => generated 656 bytes in 665 msecs (HTTP/1.1 201) 4 headers in 162 bytes (1 switches on core 0)
2026-07-15 06:11:04.988 8 INFO neutron.db.ovn_revision_numbers_db [None req-8e6ce5db-46c3-46e1-91ce-d3e63954a631 bec178ce6b094f0099a65394dffb2e5c 8cfd61b7ea9a41b782ccdaae49f46fc0 - - default default] Successfully bumped revision number for resource da24a887-21f5-4586-a05e-244e495dbf08 (type: security_groups) to 1
2026-07-15 06:11:04.997 8 INFO neutron.db.ovn_revision_numbers_db [None req-8e6ce5db-46c3-46e1-91ce-d3e63954a631 bec178ce6b094f0099a65394dffb2e5c 8cfd61b7ea9a41b782ccdaae49f46fc0 - - default default] Successfully bumped revision number for resource 7939e8c2-5f33-474b-b1f1-036a215f5909 (type: security_group_rules) to 0
2026-07-15 06:11:05.005 8 INFO neutron.db.ovn_revision_numbers_db [None req-8e6ce5db-46c3-46e1-91ce-d3e63954a631 bec178ce6b094f0099a65394dffb2e5c 8cfd61b7ea9a41b782ccdaae49f46fc0 - - default default] Successfully bumped revision number for resource a01bc0c9-fa60-4704-ad1a-908df4283664 (type: security_group_rules) to 0
2026-07-15 06:11:05.014 8 INFO neutron.db.ovn_revision_numbers_db [None req-8e6ce5db-46c3-46e1-91ce-d3e63954a631 bec178ce6b094f0099a65394dffb2e5c 8cfd61b7ea9a41b782ccdaae49f46fc0 - - default default] Successfully bumped revision number for resource de298265-77c3-41bd-8fa7-5d77da45782a (type: security_group_rules) to 0
2026-07-15 06:11:05.024 8 INFO neutron.db.ovn_revision_numbers_db [None req-8e6ce5db-46c3-46e1-91ce-d3e63954a631 bec178ce6b094f0099a65394dffb2e5c 8cfd61b7ea9a41b782ccdaae49f46fc0 - - default default] Successfully bumped revision number for resource e067edb1-bda0-4974-8fb1-68e3de65b3b4 (type: security_group_rules) to 0
2026-07-15 06:11:05.034 7 WARNING neutron.scheduler.dhcp_agent_scheduler [None req-294e53cb-c927-49d2-8fd9-6b1252ddc08f 66a3da3981ff45d9b1089510db3f5e86 cb6d5f8a92334a888183d4653492fcde - - default default] No more DHCP agents
2026-07-15 06:11:05.035 7 WARNING neutron.api.rpc.agentnotifiers.dhcp_rpc_agent_api [None req-294e53cb-c927-49d2-8fd9-6b1252ddc08f 66a3da3981ff45d9b1089510db3f5e86 cb6d5f8a92334a888183d4653492fcde - - default default] Unable to schedule network 738b7c71-f182-4f50-b750-0afda533803b: no agents available; will retry on subsequent port and subnet creation events. [pid: 8|app: 0|req: 1092/2113] 10.0.0.104 () {32 vars in 773 bytes} [Wed Jul 15 06:11:04 2026] GET /v2.0/security-groups?tenant_id=afb818b943924c72a142e2aa6504d3ed&name=default => generated 2925 bytes in 168 msecs (HTTP/1.1 200) 4 headers in 158 bytes (1 switches on core 0)
2026-07-15 06:11:05.075 7 INFO neutron.db.ovn_revision_numbers_db [None req-294e53cb-c927-49d2-8fd9-6b1252ddc08f 66a3da3981ff45d9b1089510db3f5e86 cb6d5f8a92334a888183d4653492fcde - - default default] Successfully bumped revision number for resource 52ae3031-37cf-4c89-8782-a0c783fde160 (type: subnets) to 0 [pid: 7|app: 0|req: 1022/2114] 10.0.0.104 () {34 vars in 668 bytes} [Wed Jul 15 06:11:04 2026] POST /v2.0/subnets => generated 725 bytes in 288 msecs (HTTP/1.1 201) 4 headers in 162 bytes (1 switches on core 0) [pid: 7|app: 0|req: 1023/2115] 10.0.0.104 () {32 vars in 739 bytes} [Wed Jul 15 06:11:05 2026] DELETE /v2.0/security-groups/da24a887-21f5-4586-a05e-244e495dbf08 => generated 0 bytes in 236 msecs (HTTP/1.1 204) 2 headers in 112 bytes (1 switches on core 0)
2026-07-15 06:11:05.339 8 INFO neutron.db.ovn_revision_numbers_db [None req-fd23138b-e68a-4a98-b41c-40fe90812c9e 1c6ce4ba4a384e478c57fcd9b9e7a697 c8822daaebe84be09733e250fcc35ce9 - - default default] Successfully bumped revision number for resource e176ec8d-3d89-4f04-9113-d9d066891c4f (type: security_groups) to 1
2026-07-15 06:11:05.352 8 INFO neutron.db.ovn_revision_numbers_db [None req-fd23138b-e68a-4a98-b41c-40fe90812c9e 1c6ce4ba4a384e478c57fcd9b9e7a697 c8822daaebe84be09733e250fcc35ce9 - - default default] Successfully bumped revision number for resource 716be05f-b6e2-4572-836e-d797c2d250b9 (type: security_group_rules) to 0
2026-07-15 06:11:05.363 8 INFO neutron.db.ovn_revision_numbers_db [None req-fd23138b-e68a-4a98-b41c-40fe90812c9e 1c6ce4ba4a384e478c57fcd9b9e7a697 c8822daaebe84be09733e250fcc35ce9 - - default default] Successfully bumped revision number for resource a9aecc1c-9d41-4571-8519-ae1ae42d22d8 (type: security_group_rules) to 0
2026-07-15 06:11:05.377 8 INFO neutron.db.ovn_revision_numbers_db [None req-fd23138b-e68a-4a98-b41c-40fe90812c9e 1c6ce4ba4a384e478c57fcd9b9e7a697 c8822daaebe84be09733e250fcc35ce9 - - default default] Successfully bumped revision number for resource bcd03964-aa37-4059-8c08-bfcd400953d3 (type: security_group_rules) to 0
2026-07-15 06:11:05.390 8 INFO neutron.db.ovn_revision_numbers_db [None req-fd23138b-e68a-4a98-b41c-40fe90812c9e 1c6ce4ba4a384e478c57fcd9b9e7a697 c8822daaebe84be09733e250fcc35ce9 - - default default] Successfully bumped revision number for resource f577967b-114a-4084-a57b-f03dc012d1d3 (type: security_group_rules) to 0
2026-07-15 06:11:05.404 7 INFO neutron.db.segments_db [None req-8e758c55-4334-47a2-91cc-dfe3287089ae 66a3da3981ff45d9b1089510db3f5e86 cb6d5f8a92334a888183d4653492fcde - - default default] Added segment 386d4c4d-e5bc-43eb-9e52-e5e09779d1f0 of type geneve for network 34ce256c-728e-4c06-96e0-5dffe6244778
2026-07-15 06:11:05.466 8 INFO neutron.db.segments_db [None req-fd23138b-e68a-4a98-b41c-40fe90812c9e 1c6ce4ba4a384e478c57fcd9b9e7a697 c8822daaebe84be09733e250fcc35ce9 - - default default] Added segment 5fadd494-9869-4403-93ef-be60131e95ab of type geneve for network ad22a8ed-863c-4753-90f6-9602d0322e8a
2026-07-15 06:11:05.494 7 INFO neutron.db.ovn_revision_numbers_db [None req-8e758c55-4334-47a2-91cc-dfe3287089ae 66a3da3981ff45d9b1089510db3f5e86 cb6d5f8a92334a888183d4653492fcde - - default default] Successfully bumped revision number for resource 34ce256c-728e-4c06-96e0-5dffe6244778 (type: networks) to 1
2026-07-15 06:11:05.571 8 INFO neutron.db.ovn_revision_numbers_db [None req-fd23138b-e68a-4a98-b41c-40fe90812c9e 1c6ce4ba4a384e478c57fcd9b9e7a697 c8822daaebe84be09733e250fcc35ce9 - - default default] Successfully bumped revision number for resource ad22a8ed-863c-4753-90f6-9602d0322e8a (type: networks) to 1
2026-07-15 06:11:05.653 7 WARNING neutron.scheduler.dhcp_agent_scheduler [None req-8e758c55-4334-47a2-91cc-dfe3287089ae 66a3da3981ff45d9b1089510db3f5e86 cb6d5f8a92334a888183d4653492fcde - - default default] No more DHCP agents
2026-07-15 06:11:05.654 7 WARNING neutron.api.rpc.agentnotifiers.dhcp_rpc_agent_api [None req-8e758c55-4334-47a2-91cc-dfe3287089ae 66a3da3981ff45d9b1089510db3f5e86 cb6d5f8a92334a888183d4653492fcde - - default default] Unable to schedule network 34ce256c-728e-4c06-96e0-5dffe6244778: no agents available; will retry on subsequent port and subnet creation events.
2026-07-15 06:11:05.704 8 INFO neutron.plugins.ml2.drivers.ovn.mech_driver.mech_driver [None req-619045f4-a41c-4d17-8859-5e33137e771b - - - - - -] OVN reports status down for port: d95180a2-0908-4131-800d-ee0f456436e3
2026-07-15 06:11:05.735 7 INFO neutron.db.ovn_revision_numbers_db [None req-8e758c55-4334-47a2-91cc-dfe3287089ae 66a3da3981ff45d9b1089510db3f5e86 cb6d5f8a92334a888183d4653492fcde - - default default] Successfully bumped revision number for resource d95180a2-0908-4131-800d-ee0f456436e3 (type: ports) to 1 [pid: 7|app: 0|req: 1024/2116] 10.0.0.104 () {34 vars in 669 bytes} [Wed Jul 15 06:11:05 2026] POST /v2.0/networks => generated 637 bytes in 430 msecs (HTTP/1.1 201) 4 headers in 162 bytes (1 switches on core 0)
2026-07-15 06:11:05.761 8 WARNING neutron.scheduler.dhcp_agent_scheduler [None req-fd23138b-e68a-4a98-b41c-40fe90812c9e 1c6ce4ba4a384e478c57fcd9b9e7a697 c8822daaebe84be09733e250fcc35ce9 - - default default] No more DHCP agents
2026-07-15 06:11:05.763 8 WARNING neutron.api.rpc.agentnotifiers.dhcp_rpc_agent_api [None req-fd23138b-e68a-4a98-b41c-40fe90812c9e 1c6ce4ba4a384e478c57fcd9b9e7a697 c8822daaebe84be09733e250fcc35ce9 - - default default] Unable to schedule network ad22a8ed-863c-4753-90f6-9602d0322e8a: no agents available; will retry on subsequent port and subnet creation events.
2026-07-15 06:11:05.827 8 INFO neutron.plugins.ml2.drivers.ovn.mech_driver.mech_driver [None req-619045f4-a41c-4d17-8859-5e33137e771b - - - - - -] OVN reports status down for port: b0ee31b3-a921-4db9-973d-77c0551f3423
2026-07-15 06:11:05.900 8 INFO neutron.db.ovn_revision_numbers_db [None req-fd23138b-e68a-4a98-b41c-40fe90812c9e 1c6ce4ba4a384e478c57fcd9b9e7a697 c8822daaebe84be09733e250fcc35ce9 - - default default] Successfully bumped revision number for resource b0ee31b3-a921-4db9-973d-77c0551f3423 (type: ports) to 1
2026-07-15 06:11:05.970 7 WARNING neutron.scheduler.dhcp_agent_scheduler [None req-23158472-a67c-46bd-8a9b-f14e21fec636 66a3da3981ff45d9b1089510db3f5e86 cb6d5f8a92334a888183d4653492fcde - - default default] No more DHCP agents
2026-07-15 06:11:05.971 7 WARNING neutron.api.rpc.agentnotifiers.dhcp_rpc_agent_api [None req-23158472-a67c-46bd-8a9b-f14e21fec636 66a3da3981ff45d9b1089510db3f5e86 cb6d5f8a92334a888183d4653492fcde - - default default] Unable to schedule network 34ce256c-728e-4c06-96e0-5dffe6244778: no agents available; will retry on subsequent port and subnet creation events. [pid: 8|app: 0|req: 1093/2117] 10.0.0.104 () {34 vars in 669 bytes} [Wed Jul 15 06:11:05 2026] POST /v2.0/networks => generated 632 bytes in 916 msecs (HTTP/1.1 201) 4 headers in 162 bytes (1 switches on core 0)
2026-07-15 06:11:06.063 8 INFO neutron.db.segments_db [None req-384eaeac-d232-4b1d-b750-78abb08ff12b 1c6ce4ba4a384e478c57fcd9b9e7a697 c8822daaebe84be09733e250fcc35ce9 - - default default] Added segment 83734ccc-888b-4369-b440-b32e6e6b12e1 of type geneve for network c42a512c-c2a6-4975-b92d-f7b38b5bb2b7
2026-07-15 06:11:06.176 8 INFO neutron.db.ovn_revision_numbers_db [None req-384eaeac-d232-4b1d-b750-78abb08ff12b 1c6ce4ba4a384e478c57fcd9b9e7a697 c8822daaebe84be09733e250fcc35ce9 - - default default] Successfully bumped revision number for resource c42a512c-c2a6-4975-b92d-f7b38b5bb2b7 (type: networks) to 1
2026-07-15 06:11:06.326 8 WARNING neutron.scheduler.dhcp_agent_scheduler [None req-384eaeac-d232-4b1d-b750-78abb08ff12b 1c6ce4ba4a384e478c57fcd9b9e7a697 c8822daaebe84be09733e250fcc35ce9 - - default default] No more DHCP agents
2026-07-15 06:11:06.327 8 WARNING neutron.api.rpc.agentnotifiers.dhcp_rpc_agent_api [None req-384eaeac-d232-4b1d-b750-78abb08ff12b 1c6ce4ba4a384e478c57fcd9b9e7a697 c8822daaebe84be09733e250fcc35ce9 - - default default] Unable to schedule network c42a512c-c2a6-4975-b92d-f7b38b5bb2b7: no agents available; will retry on subsequent port and subnet creation events.
2026-07-15 06:11:06.381 7 INFO neutron.plugins.ml2.drivers.ovn.mech_driver.mech_driver [None req-b73b9cc2-66ea-4d4f-a2d0-d35a95a46b94 - - - - - -] OVN reports status down for port: 9fcf4e03-dfa6-42fb-bd72-5be97929e109
2026-07-15 06:11:06.415 8 INFO neutron.db.ovn_revision_numbers_db [None req-384eaeac-d232-4b1d-b750-78abb08ff12b 1c6ce4ba4a384e478c57fcd9b9e7a697 c8822daaebe84be09733e250fcc35ce9 - - default default] Successfully bumped revision number for resource 9fcf4e03-dfa6-42fb-bd72-5be97929e109 (type: ports) to 1 [pid: 8|app: 0|req: 1096/2120] 10.0.0.104 () {34 vars in 669 bytes} [Wed Jul 15 06:11:05 2026] POST /v2.0/networks => generated 632 bytes in 459 msecs (HTTP/1.1 201) 4 headers in 162 bytes (1 switches on core 0)
2026-07-15 06:11:06.482 7 INFO neutron.db.ovn_revision_numbers_db [None req-09c4867f-df9a-48b5-9f61-c75155c809e4 - - - - - -] Successfully bumped revision number for resource d95180a2-0908-4131-800d-ee0f456436e3 (type: ports) to 2
2026-07-15 06:11:06.518 8 INFO neutron.db.segments_db [None req-6a517616-4c22-470f-b4a3-bc2c9d5e88fb 1c6ce4ba4a384e478c57fcd9b9e7a697 c8822daaebe84be09733e250fcc35ce9 - - default default] Added segment 501c4d62-f2a4-4f5d-a420-3be620a366a7 of type geneve for network f6e5a8d9-1c0e-493d-9dcf-1851dd52b5b7
2026-07-15 06:11:06.521 7 INFO neutron.db.ovn_revision_numbers_db [None req-09c4867f-df9a-48b5-9f61-c75155c809e4 - - - - - -] Successfully bumped revision number for resource d1171ea9-0843-4350-95f0-5bba1787a6e3 (type: subnets) to 0 [pid: 7|app: 0|req: 1025/2121] 10.0.0.104 () {34 vars in 668 bytes} [Wed Jul 15 06:11:05 2026] POST /v2.0/subnets => generated 654 bytes in 775 msecs (HTTP/1.1 201) 4 headers in 162 bytes (1 switches on core 0)
2026-07-15 06:11:06.628 8 INFO neutron.db.ovn_revision_numbers_db [None req-6a517616-4c22-470f-b4a3-bc2c9d5e88fb 1c6ce4ba4a384e478c57fcd9b9e7a697 c8822daaebe84be09733e250fcc35ce9 - - default default] Successfully bumped revision number for resource f6e5a8d9-1c0e-493d-9dcf-1851dd52b5b7 (type: networks) to 1
2026-07-15 06:11:06.729 7 WARNING neutron.scheduler.dhcp_agent_scheduler [None req-30328027-bc88-4ae5-a2b1-e95f38dfc957 66a3da3981ff45d9b1089510db3f5e86 cb6d5f8a92334a888183d4653492fcde - - default default] No more DHCP agents
2026-07-15 06:11:06.730 7 WARNING neutron.api.rpc.agentnotifiers.dhcp_rpc_agent_api [None req-30328027-bc88-4ae5-a2b1-e95f38dfc957 66a3da3981ff45d9b1089510db3f5e86 cb6d5f8a92334a888183d4653492fcde - - default default] Unable to schedule network 34ce256c-728e-4c06-96e0-5dffe6244778: no agents available; will retry on subsequent port and subnet creation events.
2026-07-15 06:11:06.759 7 INFO neutron.db.ovn_revision_numbers_db [None req-30328027-bc88-4ae5-a2b1-e95f38dfc957 66a3da3981ff45d9b1089510db3f5e86 cb6d5f8a92334a888183d4653492fcde - - default default] Successfully bumped revision number for resource 7baa3524-b2f0-4432-9eb7-bf3c7f8cc08d (type: subnets) to 0 [pid: 7|app: 0|req: 1026/2122] 10.0.0.104 () {34 vars in 668 bytes} [Wed Jul 15 06:11:06 2026] POST /v2.0/subnets => generated 730 bytes in 231 msecs (HTTP/1.1 201) 4 headers in 162 bytes (1 switches on core 0)
2026-07-15 06:11:06.803 8 WARNING neutron.scheduler.dhcp_agent_scheduler [None req-6a517616-4c22-470f-b4a3-bc2c9d5e88fb 1c6ce4ba4a384e478c57fcd9b9e7a697 c8822daaebe84be09733e250fcc35ce9 - - default default] No more DHCP agents
2026-07-15 06:11:06.804 8 WARNING neutron.api.rpc.agentnotifiers.dhcp_rpc_agent_api [None req-6a517616-4c22-470f-b4a3-bc2c9d5e88fb 1c6ce4ba4a384e478c57fcd9b9e7a697 c8822daaebe84be09733e250fcc35ce9 - - default default] Unable to schedule network f6e5a8d9-1c0e-493d-9dcf-1851dd52b5b7: no agents available; will retry on subsequent port and subnet creation events.
2026-07-15 06:11:06.865 8 INFO neutron.plugins.ml2.drivers.ovn.mech_driver.mech_driver [None req-619045f4-a41c-4d17-8859-5e33137e771b - - - - - -] OVN reports status down for port: 0cafc07a-681d-469e-8809-946211ac4338
2026-07-15 06:11:06.932 8 INFO neutron.db.ovn_revision_numbers_db [None req-6a517616-4c22-470f-b4a3-bc2c9d5e88fb 1c6ce4ba4a384e478c57fcd9b9e7a697 c8822daaebe84be09733e250fcc35ce9 - - default default] Successfully bumped revision number for resource 0cafc07a-681d-469e-8809-946211ac4338 (type: ports) to 1 [pid: 8|app: 0|req: 1097/2123] 10.0.0.104 () {34 vars in 669 bytes} [Wed Jul 15 06:11:06 2026] POST /v2.0/networks => generated 632 bytes in 549 msecs (HTTP/1.1 201) 4 headers in 162 bytes (1 switches on core 0)
2026-07-15 06:11:07.223 7 WARNING neutron.scheduler.dhcp_agent_scheduler [None req-8bda432a-0c10-40d6-b8f7-a90879eb94cf 66a3da3981ff45d9b1089510db3f5e86 cb6d5f8a92334a888183d4653492fcde - - default default] No more DHCP agents
2026-07-15 06:11:07.225 7 WARNING neutron.api.rpc.agentnotifiers.dhcp_rpc_agent_api [None req-8bda432a-0c10-40d6-b8f7-a90879eb94cf 66a3da3981ff45d9b1089510db3f5e86 cb6d5f8a92334a888183d4653492fcde - - default default] Unable to schedule network 6d82eaeb-e8a1-41b6-ae2b-2ec63120f51b: no agents available; will retry on subsequent port and subnet creation events.
2026-07-15 06:11:07.267 8 INFO neutron.db.ovn_revision_numbers_db [None req-5c8026b3-0918-46b9-94c4-f8bdaeebf1f4 bec178ce6b094f0099a65394dffb2e5c 8cfd61b7ea9a41b782ccdaae49f46fc0 - - default default] Successfully bumped revision number for resource 7aac38b5-57d6-4d11-a346-64fa35bf69e1 (type: security_groups) to 1
2026-07-15 06:11:07.280 8 INFO neutron.db.ovn_revision_numbers_db [None req-5c8026b3-0918-46b9-94c4-f8bdaeebf1f4 bec178ce6b094f0099a65394dffb2e5c 8cfd61b7ea9a41b782ccdaae49f46fc0 - - default default] Successfully bumped revision number for resource 2be94e9f-b7c6-41d6-bd50-325859db2463 (type: security_group_rules) to 0
2026-07-15 06:11:07.295 8 INFO neutron.db.ovn_revision_numbers_db [None req-5c8026b3-0918-46b9-94c4-f8bdaeebf1f4 bec178ce6b094f0099a65394dffb2e5c 8cfd61b7ea9a41b782ccdaae49f46fc0 - - default default] Successfully bumped revision number for resource 3ad860b4-be1c-49f9-8a30-bf5db10493f7 (type: security_group_rules) to 0
2026-07-15 06:11:07.308 8 INFO neutron.db.ovn_revision_numbers_db [None req-5c8026b3-0918-46b9-94c4-f8bdaeebf1f4 bec178ce6b094f0099a65394dffb2e5c 8cfd61b7ea9a41b782ccdaae49f46fc0 - - default default] Successfully bumped revision number for resource c621fb66-3c40-4a55-b1a8-c33ca9a5d18d (type: security_group_rules) to 0
2026-07-15 06:11:07.318 8 INFO neutron.db.ovn_revision_numbers_db [None req-5c8026b3-0918-46b9-94c4-f8bdaeebf1f4 bec178ce6b094f0099a65394dffb2e5c 8cfd61b7ea9a41b782ccdaae49f46fc0 - - default default] Successfully bumped revision number for resource e3d5a4e5-a593-4d2d-a9a2-5426ccbade71 (type: security_group_rules) to 0
2026-07-15 06:11:07.343 7 INFO neutron.plugins.ml2.drivers.ovn.mech_driver.mech_driver [None req-b73b9cc2-66ea-4d4f-a2d0-d35a95a46b94 - - - - - -] OVN reports status down for port: 0866ef3d-4e55-47cd-b0fc-27317b112e93
2026-07-15 06:11:07.411 7 INFO neutron.db.ovn_revision_numbers_db [None req-8bda432a-0c10-40d6-b8f7-a90879eb94cf 66a3da3981ff45d9b1089510db3f5e86 cb6d5f8a92334a888183d4653492fcde - - default default] Successfully bumped revision number for resource 0866ef3d-4e55-47cd-b0fc-27317b112e93 (type: ports) to 1
2026-07-15 06:11:07.411 8 INFO neutron.db.segments_db [None req-5c8026b3-0918-46b9-94c4-f8bdaeebf1f4 bec178ce6b094f0099a65394dffb2e5c 8cfd61b7ea9a41b782ccdaae49f46fc0 - - default default] Added segment e2acb664-21e3-4005-94b3-69acd3906153 of type geneve for network 14762703-0c94-4edc-b17d-c7fb0d22c112
2026-07-15 06:11:07.516 8 INFO neutron.db.ovn_revision_numbers_db [None req-5c8026b3-0918-46b9-94c4-f8bdaeebf1f4 bec178ce6b094f0099a65394dffb2e5c 8cfd61b7ea9a41b782ccdaae49f46fc0 - - default default] Successfully bumped revision number for resource 14762703-0c94-4edc-b17d-c7fb0d22c112 (type: networks) to 1
2026-07-15 06:11:07.649 8 WARNING neutron.scheduler.dhcp_agent_scheduler [None req-5c8026b3-0918-46b9-94c4-f8bdaeebf1f4 bec178ce6b094f0099a65394dffb2e5c 8cfd61b7ea9a41b782ccdaae49f46fc0 - - default default] No more DHCP agents
2026-07-15 06:11:07.651 8 WARNING neutron.api.rpc.agentnotifiers.dhcp_rpc_agent_api [None req-5c8026b3-0918-46b9-94c4-f8bdaeebf1f4 bec178ce6b094f0099a65394dffb2e5c 8cfd61b7ea9a41b782ccdaae49f46fc0 - - default default] Unable to schedule network 14762703-0c94-4edc-b17d-c7fb0d22c112: no agents available; will retry on subsequent port and subnet creation events.
2026-07-15 06:11:07.722 7 INFO neutron.plugins.ml2.drivers.ovn.mech_driver.mech_driver [None req-b73b9cc2-66ea-4d4f-a2d0-d35a95a46b94 - - - - - -] OVN reports status down for port: fed0e692-3d95-4bf3-af6d-10ba82c6ab00
2026-07-15 06:11:07.725 8 INFO neutron.db.ovn_revision_numbers_db [None req-5c8026b3-0918-46b9-94c4-f8bdaeebf1f4 bec178ce6b094f0099a65394dffb2e5c 8cfd61b7ea9a41b782ccdaae49f46fc0 - - default default] Successfully bumped revision number for resource fed0e692-3d95-4bf3-af6d-10ba82c6ab00 (type: ports) to 1 [pid: 8|app: 0|req: 1098/2124] 10.0.0.104 () {34 vars in 670 bytes} [Wed Jul 15 06:11:06 2026] POST /v2.0/networks => generated 744 bytes in 760 msecs (HTTP/1.1 201) 4 headers in 162 bytes (1 switches on core 0)
2026-07-15 06:11:07.834 8 INFO neutron.db.segments_db [None req-58831141-1e23-4270-a0c3-b67b12d9b028 1c6ce4ba4a384e478c57fcd9b9e7a697 c8822daaebe84be09733e250fcc35ce9 - - default default] Added segment 3857b9c1-2395-485b-8483-d6375654c13c of type geneve for network c3275af5-a8dd-4598-8023-e06d9c131750
2026-07-15 06:11:07.970 8 INFO neutron.db.ovn_revision_numbers_db [None req-58831141-1e23-4270-a0c3-b67b12d9b028 1c6ce4ba4a384e478c57fcd9b9e7a697 c8822daaebe84be09733e250fcc35ce9 - - default default] Successfully bumped revision number for resource c3275af5-a8dd-4598-8023-e06d9c131750 (type: networks) to 1
2026-07-15 06:11:08.118 8 WARNING neutron.scheduler.dhcp_agent_scheduler [None req-58831141-1e23-4270-a0c3-b67b12d9b028 1c6ce4ba4a384e478c57fcd9b9e7a697 c8822daaebe84be09733e250fcc35ce9 - - default default] No more DHCP agents
2026-07-15 06:11:08.119 8 WARNING neutron.api.rpc.agentnotifiers.dhcp_rpc_agent_api [None req-58831141-1e23-4270-a0c3-b67b12d9b028 1c6ce4ba4a384e478c57fcd9b9e7a697 c8822daaebe84be09733e250fcc35ce9 - - default default] Unable to schedule network c3275af5-a8dd-4598-8023-e06d9c131750: no agents available; will retry on subsequent port and subnet creation events.
2026-07-15 06:11:08.147 7 INFO neutron.plugins.ml2.drivers.ovn.mech_driver.ovsdb.commands [None req-621f7df0-a20e-4e3e-815e-257b8d241038 - - - - - -] Schedule LRP lrp-0866ef3d-4e55-47cd-b0fc-27317b112e93 on gateway 222c97f3-7628-4f6a-89f2-f1baea55b19a with priority 1
2026-07-15 06:11:08.176 7 INFO neutron.plugins.ml2.drivers.ovn.mech_driver.mech_driver [None req-b73b9cc2-66ea-4d4f-a2d0-d35a95a46b94 - - - - - -] OVN reports status down for port: 65d9fd25-c27d-4bd6-bc25-ddaaf9ff878e
2026-07-15 06:11:08.212 7 INFO neutron.plugins.ml2.drivers.ovn.mech_driver.ovsdb.ovsdb_monitor [None req-d34e89b8-31ec-4963-aa5c-cd85488bbc95 - - - - - -] Router cc5fde5d-7af1-4318-98c1-51442ed87bb8 is bound to host instance
2026-07-15 06:11:08.216 8 INFO neutron.db.ovn_revision_numbers_db [None req-58831141-1e23-4270-a0c3-b67b12d9b028 1c6ce4ba4a384e478c57fcd9b9e7a697 c8822daaebe84be09733e250fcc35ce9 - - default default] Successfully bumped revision number for resource 65d9fd25-c27d-4bd6-bc25-ddaaf9ff878e (type: ports) to 1 [pid: 8|app: 0|req: 1099/2125] 10.0.0.104 () {34 vars in 669 bytes} [Wed Jul 15 06:11:07 2026] POST /v2.0/networks => generated 631 bytes in 490 msecs (HTTP/1.1 201) 4 headers in 162 bytes (1 switches on core 0)
2026-07-15 06:11:08.323 7 INFO neutron.db.ovn_revision_numbers_db [None req-8bda432a-0c10-40d6-b8f7-a90879eb94cf 66a3da3981ff45d9b1089510db3f5e86 cb6d5f8a92334a888183d4653492fcde - - default default] Successfully bumped revision number for resource 0866ef3d-4e55-47cd-b0fc-27317b112e93 (type: router_ports) to 1
2026-07-15 06:11:08.369 8 WARNING neutron.scheduler.dhcp_agent_scheduler [None req-089a9577-4038-4887-a0fd-7e164c80fe7e bec178ce6b094f0099a65394dffb2e5c 8cfd61b7ea9a41b782ccdaae49f46fc0 - - default default] No more DHCP agents
2026-07-15 06:11:08.370 8 WARNING neutron.api.rpc.agentnotifiers.dhcp_rpc_agent_api [None req-089a9577-4038-4887-a0fd-7e164c80fe7e bec178ce6b094f0099a65394dffb2e5c 8cfd61b7ea9a41b782ccdaae49f46fc0 - - default default] Unable to schedule network 14762703-0c94-4edc-b17d-c7fb0d22c112: no agents available; will retry on subsequent port and subnet creation events.
2026-07-15 06:11:08.447 7 INFO neutron.plugins.ml2.drivers.ovn.mech_driver.mech_driver [None req-b73b9cc2-66ea-4d4f-a2d0-d35a95a46b94 - - - - - -] OVN reports status up for port: 0866ef3d-4e55-47cd-b0fc-27317b112e93
2026-07-15 06:11:08.484 7 INFO neutron.plugins.ml2.plugin [None req-b73b9cc2-66ea-4d4f-a2d0-d35a95a46b94 - - - - - -] Attempt 1 to provision port 0866ef3d-4e55-47cd-b0fc-27317b112e93
2026-07-15 06:11:08.489 7 INFO neutron.db.ovn_revision_numbers_db [None req-8bda432a-0c10-40d6-b8f7-a90879eb94cf 66a3da3981ff45d9b1089510db3f5e86 cb6d5f8a92334a888183d4653492fcde - - default default] Successfully bumped revision number for resource cc5fde5d-7af1-4318-98c1-51442ed87bb8 (type: routers) to 2 [pid: 7|app: 0|req: 1027/2126] 10.0.0.104 () {34 vars in 668 bytes} [Wed Jul 15 06:11:06 2026] POST /v2.0/routers => generated 945 bytes in 1759 msecs (HTTP/1.1 201) 4 headers in 162 bytes (1 switches on core 0)
2026-07-15 06:11:08.729 7 INFO neutron.db.segments_db [None req-182c3a84-480b-4c72-8d4e-ea6760ce6e28 1c6ce4ba4a384e478c57fcd9b9e7a697 c8822daaebe84be09733e250fcc35ce9 - - default default] Added segment 7aa2b9d4-fc61-41d7-89cf-2890f9b3aa0a of type geneve for network 7ab36e5a-1cb4-4997-b13f-2a99e0db1540
2026-07-15 06:11:08.762 8 INFO neutron.db.ovn_revision_numbers_db [None req-94a477bd-38ba-420c-8c87-93849ccc7613 - - - - - -] Successfully bumped revision number for resource fed0e692-3d95-4bf3-af6d-10ba82c6ab00 (type: ports) to 2
2026-07-15 06:11:08.796 8 INFO neutron.db.ovn_revision_numbers_db [None req-94a477bd-38ba-420c-8c87-93849ccc7613 - - - - - -] Successfully bumped revision number for resource 7eaf2afa-7901-423b-9a16-6b3305253ea7 (type: subnets) to 0 [pid: 8|app: 0|req: 1100/2127] 10.0.0.104 () {34 vars in 668 bytes} [Wed Jul 15 06:11:08 2026] POST /v2.0/subnets => generated 688 bytes in 567 msecs (HTTP/1.1 201) 4 headers in 162 bytes (1 switches on core 0)
