Jul 03 22:02:02.727756 np0000184110 systemd[1]: Starting devstack@n-api-meta.service - Devstack devstack@n-api-meta.service...
Jul 03 22:02:02.734673 np0000184110 devstack@n-api-meta.service[107280]: [uWSGI] getting INI configuration from /etc/nova/nova-metadata-uwsgi.ini
Jul 03 22:02:02.738280 np0000184110 devstack@n-api-meta.service[107280]: *** Starting uWSGI 2.0.24-debian (64bit) on [Fri Jul 3 22:02:02 2026] ***
Jul 03 22:02:02.738280 np0000184110 devstack@n-api-meta.service[107280]: compiled with version: 13.2.0 on 17 April 2024 16:23:48
Jul 03 22:02:02.738280 np0000184110 devstack@n-api-meta.service[107280]: os: Linux-6.8.0-134-generic #134-Ubuntu SMP PREEMPT_DYNAMIC Fri Jun 26 18:43:11 UTC 2026
Jul 03 22:02:02.738280 np0000184110 devstack@n-api-meta.service[107280]: nodename: np0000184110
Jul 03 22:02:02.738280 np0000184110 devstack@n-api-meta.service[107280]: machine: x86_64
Jul 03 22:02:02.738280 np0000184110 devstack@n-api-meta.service[107280]: clock source: unix
Jul 03 22:02:02.738280 np0000184110 devstack@n-api-meta.service[107280]: pcre jit disabled
Jul 03 22:02:02.738280 np0000184110 devstack@n-api-meta.service[107280]: detected number of CPU cores: 16
Jul 03 22:02:02.738280 np0000184110 devstack@n-api-meta.service[107280]: current working directory: /
Jul 03 22:02:02.738280 np0000184110 devstack@n-api-meta.service[107280]: detected binary path: /usr/bin/uwsgi-core
Jul 03 22:02:02.738280 np0000184110 devstack@n-api-meta.service[107280]: your processes number limit is 256916
Jul 03 22:02:02.738280 np0000184110 devstack@n-api-meta.service[107280]: your memory page size is 4096 bytes
Jul 03 22:02:02.738280 np0000184110 devstack@n-api-meta.service[107280]: detected max file descriptor number: 2048
Jul 03 22:02:02.738280 np0000184110 devstack@n-api-meta.service[107280]: lock engine: pthread robust mutexes
Jul 03 22:02:02.739036 np0000184110 devstack@n-api-meta.service[107280]: thunder lock: enabled
Jul 03 22:02:02.739036 np0000184110 devstack@n-api-meta.service[107280]: uWSGI http bound on 0.0.0.0:8775 fd 5
Jul 03 22:02:02.739036 np0000184110 devstack@n-api-meta.service[107280]: uwsgi socket 0 bound to TCP address 127.0.0.1:36345 (port auto-assigned) fd 4
Jul 03 22:02:02.739036 np0000184110 devstack@n-api-meta.service[107280]: Python version: 3.12.3 (main, Mar 23 2026, 19:04:32) [GCC 13.3.0]
Jul 03 22:02:02.739036 np0000184110 devstack@n-api-meta.service[107280]: PEP 405 virtualenv detected: /opt/stack/data/venv
Jul 03 22:02:02.739036 np0000184110 devstack@n-api-meta.service[107280]: Set PythonHome to /opt/stack/data/venv
Jul 03 22:02:02.786811 np0000184110 devstack@n-api-meta.service[107280]: Python main interpreter initialized at 0x7a26758a3668
Jul 03 22:02:02.786811 np0000184110 devstack@n-api-meta.service[107280]: python threads support enabled
Jul 03 22:02:02.786811 np0000184110 devstack@n-api-meta.service[107280]: your server socket listen backlog is limited to 100 connections
Jul 03 22:02:02.786811 np0000184110 devstack@n-api-meta.service[107280]: your mercy for graceful operations on workers is 80 seconds
Jul 03 22:02:02.787581 np0000184110 devstack@n-api-meta.service[107280]: mapped 671795 bytes (656 KB) for 4 cores
Jul 03 22:02:02.787778 np0000184110 devstack@n-api-meta.service[107280]: *** Operational MODE: preforking ***
Jul 03 22:02:02.788096 np0000184110 devstack@n-api-meta.service[107280]: *** uWSGI is running in multiple interpreter mode ***
Jul 03 22:02:02.788096 np0000184110 devstack@n-api-meta.service[107280]: spawned uWSGI master process (pid: 107280)
Jul 03 22:02:02.788341 np0000184110 systemd[1]: Started devstack@n-api-meta.service - Devstack devstack@n-api-meta.service.
Jul 03 22:02:02.789110 np0000184110 devstack@n-api-meta.service[107280]: spawned uWSGI worker 1 (pid: 107281, cores: 1)
Jul 03 22:02:02.789845 np0000184110 devstack@n-api-meta.service[107280]: spawned uWSGI worker 2 (pid: 107282, cores: 1)
Jul 03 22:02:02.790548 np0000184110 devstack@n-api-meta.service[107280]: spawned uWSGI worker 3 (pid: 107283, cores: 1)
Jul 03 22:02:02.791099 np0000184110 devstack@n-api-meta.service[107280]: spawned uWSGI worker 4 (pid: 107284, cores: 1)
Jul 03 22:02:02.791807 np0000184110 devstack@n-api-meta.service[107280]: spawned uWSGI http 1 (pid: 107285)
Jul 03 22:02:02.791807 np0000184110 devstack@n-api-meta.service[107280]: running "unix_signal:15 gracefully_kill_them_all" (master-start)...
Jul 03 22:02:04.536676 np0000184110 devstack@n-api-meta.service[107281]: INFO dbcounter [None req-5311cf64-620a-470a-ae35-af6a6a5a6d8b None None] Registered counter for database nova_api
Jul 03 22:02:04.581254 np0000184110 devstack@n-api-meta.service[107284]: INFO dbcounter [None req-0e3f47b9-e665-4920-b9d5-47c7fe16da31 None None] Registered counter for database nova_api
Jul 03 22:02:04.584552 np0000184110 devstack@n-api-meta.service[107281]: DEBUG oslo_db.sqlalchemy.engines [None req-5311cf64-620a-470a-ae35-af6a6a5a6d8b None None] MySQL server mode set to STRICT_TRANS_TABLES,STRICT_ALL_TABLES,NO_ZERO_IN_DATE,NO_ZERO_DATE,ERROR_FOR_DIVISION_BY_ZERO,TRADITIONAL,NO_ENGINE_SUBSTITUTION {{(pid=107281) _check_effective_sql_mode /opt/stack/data/venv/lib/python3.12/site-packages/oslo_db/sqlalchemy/engines.py:325}}
Jul 03 22:02:04.615950 np0000184110 devstack@n-api-meta.service[107281]: DEBUG dbcounter [-] [107281] Writer thread running {{(pid=107281) stat_writer /opt/stack/data/venv/lib/python3.12/site-packages/dbcounter.py:102}}
Jul 03 22:02:04.618698 np0000184110 devstack@n-api-meta.service[107281]: DEBUG nova.context [None req-5311cf64-620a-470a-ae35-af6a6a5a6d8b None None] Found 2 cells: 00000000-0000-0000-0000-000000000000(cell0),4ee2eae0-4f1c-47fc-b22d-9466faeb797a(cell1) {{(pid=107281) load_cells /opt/stack/nova/nova/context.py:509}}
Jul 03 22:02:04.618939 np0000184110 devstack@n-api-meta.service[107281]: INFO nova.utils [None req-5311cf64-620a-470a-ae35-af6a6a5a6d8b None None] The cell worker thread pool MainProcess.cell_worker is initialized
Jul 03 22:02:04.620873 np0000184110 devstack@n-api-meta.service[107281]: DEBUG oslo_concurrency.lockutils [None req-5311cf64-620a-470a-ae35-af6a6a5a6d8b None None] Acquiring lock "00000000-0000-0000-0000-000000000000" by "nova.context.set_target_cell..get_or_set_cached_cell_and_set_connections" {{(pid=107281) inner /opt/stack/data/venv/lib/python3.12/site-packages/oslo_concurrency/lockutils.py:511}}
Jul 03 22:02:04.621045 np0000184110 devstack@n-api-meta.service[107281]: DEBUG oslo_concurrency.lockutils [None req-5311cf64-620a-470a-ae35-af6a6a5a6d8b None None] Lock "00000000-0000-0000-0000-000000000000" acquired by "nova.context.set_target_cell..get_or_set_cached_cell_and_set_connections" :: waited 0.000s {{(pid=107281) inner /opt/stack/data/venv/lib/python3.12/site-packages/oslo_concurrency/lockutils.py:524}}
Jul 03 22:02:04.621427 np0000184110 devstack@n-api-meta.service[107281]: DEBUG oslo_concurrency.lockutils [None req-5311cf64-620a-470a-ae35-af6a6a5a6d8b None None] Lock "00000000-0000-0000-0000-000000000000" "released" by "nova.context.set_target_cell..get_or_set_cached_cell_and_set_connections" :: held 0.000s {{(pid=107281) inner /opt/stack/data/venv/lib/python3.12/site-packages/oslo_concurrency/lockutils.py:543}}
Jul 03 22:02:04.622309 np0000184110 devstack@n-api-meta.service[107281]: DEBUG oslo_concurrency.lockutils [None req-5311cf64-620a-470a-ae35-af6a6a5a6d8b None None] Acquiring lock "4ee2eae0-4f1c-47fc-b22d-9466faeb797a" by "nova.context.set_target_cell..get_or_set_cached_cell_and_set_connections" {{(pid=107281) inner /opt/stack/data/venv/lib/python3.12/site-packages/oslo_concurrency/lockutils.py:511}}
Jul 03 22:02:04.622451 np0000184110 devstack@n-api-meta.service[107281]: DEBUG oslo_concurrency.lockutils [None req-5311cf64-620a-470a-ae35-af6a6a5a6d8b None None] Lock "4ee2eae0-4f1c-47fc-b22d-9466faeb797a" acquired by "nova.context.set_target_cell..get_or_set_cached_cell_and_set_connections" :: waited 0.000s {{(pid=107281) inner /opt/stack/data/venv/lib/python3.12/site-packages/oslo_concurrency/lockutils.py:524}}
Jul 03 22:02:04.623360 np0000184110 devstack@n-api-meta.service[107281]: DEBUG oslo_concurrency.lockutils [None req-5311cf64-620a-470a-ae35-af6a6a5a6d8b None None] Lock "4ee2eae0-4f1c-47fc-b22d-9466faeb797a" "released" by "nova.context.set_target_cell..get_or_set_cached_cell_and_set_connections" :: held 0.001s {{(pid=107281) inner /opt/stack/data/venv/lib/python3.12/site-packages/oslo_concurrency/lockutils.py:543}}
Jul 03 22:02:04.626887 np0000184110 devstack@n-api-meta.service[107281]: INFO dbcounter [None req-5311cf64-620a-470a-ae35-af6a6a5a6d8b None None] Registered counter for database nova_cell0
Jul 03 22:02:04.633064 np0000184110 devstack@n-api-meta.service[107281]: INFO dbcounter [None req-5311cf64-620a-470a-ae35-af6a6a5a6d8b None None] Registered counter for database nova_cell1
Jul 03 22:02:04.633319 np0000184110 devstack@n-api-meta.service[107284]: DEBUG oslo_db.sqlalchemy.engines [None req-0e3f47b9-e665-4920-b9d5-47c7fe16da31 None None] MySQL server mode set to STRICT_TRANS_TABLES,STRICT_ALL_TABLES,NO_ZERO_IN_DATE,NO_ZERO_DATE,ERROR_FOR_DIVISION_BY_ZERO,TRADITIONAL,NO_ENGINE_SUBSTITUTION {{(pid=107284) _check_effective_sql_mode /opt/stack/data/venv/lib/python3.12/site-packages/oslo_db/sqlalchemy/engines.py:325}}
Jul 03 22:02:04.645824 np0000184110 devstack@n-api-meta.service[107283]: INFO dbcounter [None req-0210f482-3b35-4b87-8e7c-3d73f514d65b None None] Registered counter for database nova_api
Jul 03 22:02:04.667098 np0000184110 devstack@n-api-meta.service[107282]: INFO dbcounter [None req-ccc2f94b-9177-4f62-aa71-27b75bd904df None None] Registered counter for database nova_api
Jul 03 22:02:04.669949 np0000184110 devstack@n-api-meta.service[107284]: DEBUG dbcounter [-] [107284] Writer thread running {{(pid=107284) stat_writer /opt/stack/data/venv/lib/python3.12/site-packages/dbcounter.py:102}}
Jul 03 22:02:04.672704 np0000184110 devstack@n-api-meta.service[107284]: DEBUG nova.context [None req-0e3f47b9-e665-4920-b9d5-47c7fe16da31 None None] Found 2 cells: 00000000-0000-0000-0000-000000000000(cell0),4ee2eae0-4f1c-47fc-b22d-9466faeb797a(cell1) {{(pid=107284) load_cells /opt/stack/nova/nova/context.py:509}}
Jul 03 22:02:04.672948 np0000184110 devstack@n-api-meta.service[107284]: INFO nova.utils [None req-0e3f47b9-e665-4920-b9d5-47c7fe16da31 None None] The cell worker thread pool MainProcess.cell_worker is initialized
Jul 03 22:02:04.674875 np0000184110 devstack@n-api-meta.service[107284]: DEBUG oslo_concurrency.lockutils [None req-0e3f47b9-e665-4920-b9d5-47c7fe16da31 None None] Acquiring lock "00000000-0000-0000-0000-000000000000" by "nova.context.set_target_cell..get_or_set_cached_cell_and_set_connections" {{(pid=107284) inner /opt/stack/data/venv/lib/python3.12/site-packages/oslo_concurrency/lockutils.py:511}}
Jul 03 22:02:04.675023 np0000184110 devstack@n-api-meta.service[107284]: DEBUG oslo_concurrency.lockutils [None req-0e3f47b9-e665-4920-b9d5-47c7fe16da31 None None] Lock "00000000-0000-0000-0000-000000000000" acquired by "nova.context.set_target_cell..get_or_set_cached_cell_and_set_connections" :: waited 0.000s {{(pid=107284) inner /opt/stack/data/venv/lib/python3.12/site-packages/oslo_concurrency/lockutils.py:524}}
Jul 03 22:02:04.675419 np0000184110 devstack@n-api-meta.service[107284]: DEBUG oslo_concurrency.lockutils [None req-0e3f47b9-e665-4920-b9d5-47c7fe16da31 None None] Lock "00000000-0000-0000-0000-000000000000" "released" by "nova.context.set_target_cell..get_or_set_cached_cell_and_set_connections" :: held 0.000s {{(pid=107284) inner /opt/stack/data/venv/lib/python3.12/site-packages/oslo_concurrency/lockutils.py:543}}
Jul 03 22:02:04.676188 np0000184110 devstack@n-api-meta.service[107284]: DEBUG oslo_concurrency.lockutils [None req-0e3f47b9-e665-4920-b9d5-47c7fe16da31 None None] Acquiring lock "4ee2eae0-4f1c-47fc-b22d-9466faeb797a" by "nova.context.set_target_cell..get_or_set_cached_cell_and_set_connections" {{(pid=107284) inner /opt/stack/data/venv/lib/python3.12/site-packages/oslo_concurrency/lockutils.py:511}}
Jul 03 22:02:04.676318 np0000184110 devstack@n-api-meta.service[107284]: DEBUG oslo_concurrency.lockutils [None req-0e3f47b9-e665-4920-b9d5-47c7fe16da31 None None] Lock "4ee2eae0-4f1c-47fc-b22d-9466faeb797a" acquired by "nova.context.set_target_cell..get_or_set_cached_cell_and_set_connections" :: waited 0.000s {{(pid=107284) inner /opt/stack/data/venv/lib/python3.12/site-packages/oslo_concurrency/lockutils.py:524}}
Jul 03 22:02:04.677278 np0000184110 devstack@n-api-meta.service[107284]: DEBUG oslo_concurrency.lockutils [None req-0e3f47b9-e665-4920-b9d5-47c7fe16da31 None None] Lock "4ee2eae0-4f1c-47fc-b22d-9466faeb797a" "released" by "nova.context.set_target_cell..get_or_set_cached_cell_and_set_connections" :: held 0.001s {{(pid=107284) inner /opt/stack/data/venv/lib/python3.12/site-packages/oslo_concurrency/lockutils.py:543}}
Jul 03 22:02:04.680992 np0000184110 devstack@n-api-meta.service[107284]: INFO dbcounter [None req-0e3f47b9-e665-4920-b9d5-47c7fe16da31 None None] Registered counter for database nova_cell0
Jul 03 22:02:04.686254 np0000184110 devstack@n-api-meta.service[107284]: INFO dbcounter [None req-0e3f47b9-e665-4920-b9d5-47c7fe16da31 None None] Registered counter for database nova_cell1
Jul 03 22:02:04.706398 np0000184110 devstack@n-api-meta.service[107281]: DEBUG oslo_db.sqlalchemy.engines [None req-5311cf64-620a-470a-ae35-af6a6a5a6d8b None None] MySQL server mode set to STRICT_TRANS_TABLES,STRICT_ALL_TABLES,NO_ZERO_IN_DATE,NO_ZERO_DATE,ERROR_FOR_DIVISION_BY_ZERO,TRADITIONAL,NO_ENGINE_SUBSTITUTION {{(pid=107281) _check_effective_sql_mode /opt/stack/data/venv/lib/python3.12/site-packages/oslo_db/sqlalchemy/engines.py:325}}
Jul 03 22:02:04.709568 np0000184110 devstack@n-api-meta.service[107281]: DEBUG oslo_db.sqlalchemy.engines [None req-5311cf64-620a-470a-ae35-af6a6a5a6d8b None None] MySQL server mode set to STRICT_TRANS_TABLES,STRICT_ALL_TABLES,NO_ZERO_IN_DATE,NO_ZERO_DATE,ERROR_FOR_DIVISION_BY_ZERO,TRADITIONAL,NO_ENGINE_SUBSTITUTION {{(pid=107281) _check_effective_sql_mode /opt/stack/data/venv/lib/python3.12/site-packages/oslo_db/sqlalchemy/engines.py:325}}
Jul 03 22:02:04.714333 np0000184110 devstack@n-api-meta.service[107283]: DEBUG oslo_db.sqlalchemy.engines [None req-0210f482-3b35-4b87-8e7c-3d73f514d65b None None] MySQL server mode set to STRICT_TRANS_TABLES,STRICT_ALL_TABLES,NO_ZERO_IN_DATE,NO_ZERO_DATE,ERROR_FOR_DIVISION_BY_ZERO,TRADITIONAL,NO_ENGINE_SUBSTITUTION {{(pid=107283) _check_effective_sql_mode /opt/stack/data/venv/lib/python3.12/site-packages/oslo_db/sqlalchemy/engines.py:325}}
Jul 03 22:02:04.717329 np0000184110 devstack@n-api-meta.service[107282]: DEBUG oslo_db.sqlalchemy.engines [None req-ccc2f94b-9177-4f62-aa71-27b75bd904df None None] MySQL server mode set to STRICT_TRANS_TABLES,STRICT_ALL_TABLES,NO_ZERO_IN_DATE,NO_ZERO_DATE,ERROR_FOR_DIVISION_BY_ZERO,TRADITIONAL,NO_ENGINE_SUBSTITUTION {{(pid=107282) _check_effective_sql_mode /opt/stack/data/venv/lib/python3.12/site-packages/oslo_db/sqlalchemy/engines.py:325}}
Jul 03 22:02:04.747080 np0000184110 devstack@n-api-meta.service[107284]: DEBUG oslo_db.sqlalchemy.engines [None req-0e3f47b9-e665-4920-b9d5-47c7fe16da31 None None] MySQL server mode set to STRICT_TRANS_TABLES,STRICT_ALL_TABLES,NO_ZERO_IN_DATE,NO_ZERO_DATE,ERROR_FOR_DIVISION_BY_ZERO,TRADITIONAL,NO_ENGINE_SUBSTITUTION {{(pid=107284) _check_effective_sql_mode /opt/stack/data/venv/lib/python3.12/site-packages/oslo_db/sqlalchemy/engines.py:325}}
Jul 03 22:02:04.747614 np0000184110 devstack@n-api-meta.service[107282]: DEBUG dbcounter [-] [107282] Writer thread running {{(pid=107282) stat_writer /opt/stack/data/venv/lib/python3.12/site-packages/dbcounter.py:102}}
Jul 03 22:02:04.752013 np0000184110 devstack@n-api-meta.service[107282]: DEBUG nova.context [None req-ccc2f94b-9177-4f62-aa71-27b75bd904df None None] Found 2 cells: 00000000-0000-0000-0000-000000000000(cell0),4ee2eae0-4f1c-47fc-b22d-9466faeb797a(cell1) {{(pid=107282) load_cells /opt/stack/nova/nova/context.py:509}}
Jul 03 22:02:04.752288 np0000184110 devstack@n-api-meta.service[107282]: INFO nova.utils [None req-ccc2f94b-9177-4f62-aa71-27b75bd904df None None] The cell worker thread pool MainProcess.cell_worker is initialized
Jul 03 22:02:04.753359 np0000184110 devstack@n-api-meta.service[107283]: DEBUG dbcounter [-] [107283] Writer thread running {{(pid=107283) stat_writer /opt/stack/data/venv/lib/python3.12/site-packages/dbcounter.py:102}}
Jul 03 22:02:04.754252 np0000184110 devstack@n-api-meta.service[107282]: DEBUG oslo_concurrency.lockutils [None req-ccc2f94b-9177-4f62-aa71-27b75bd904df None None] Acquiring lock "00000000-0000-0000-0000-000000000000" by "nova.context.set_target_cell..get_or_set_cached_cell_and_set_connections" {{(pid=107282) inner /opt/stack/data/venv/lib/python3.12/site-packages/oslo_concurrency/lockutils.py:511}}
Jul 03 22:02:04.754713 np0000184110 devstack@n-api-meta.service[107282]: DEBUG oslo_concurrency.lockutils [None req-ccc2f94b-9177-4f62-aa71-27b75bd904df None None] Lock "00000000-0000-0000-0000-000000000000" acquired by "nova.context.set_target_cell..get_or_set_cached_cell_and_set_connections" :: waited 0.000s {{(pid=107282) inner /opt/stack/data/venv/lib/python3.12/site-packages/oslo_concurrency/lockutils.py:524}}
Jul 03 22:02:04.755087 np0000184110 devstack@n-api-meta.service[107282]: DEBUG oslo_concurrency.lockutils [None req-ccc2f94b-9177-4f62-aa71-27b75bd904df None None] Lock "00000000-0000-0000-0000-000000000000" "released" by "nova.context.set_target_cell..get_or_set_cached_cell_and_set_connections" :: held 0.000s {{(pid=107282) inner /opt/stack/data/venv/lib/python3.12/site-packages/oslo_concurrency/lockutils.py:543}}
Jul 03 22:02:04.756795 np0000184110 devstack@n-api-meta.service[107282]: DEBUG oslo_concurrency.lockutils [None req-ccc2f94b-9177-4f62-aa71-27b75bd904df None None] Acquiring lock "4ee2eae0-4f1c-47fc-b22d-9466faeb797a" by "nova.context.set_target_cell..get_or_set_cached_cell_and_set_connections" {{(pid=107282) inner /opt/stack/data/venv/lib/python3.12/site-packages/oslo_concurrency/lockutils.py:511}}
Jul 03 22:02:04.757013 np0000184110 devstack@n-api-meta.service[107283]: DEBUG nova.context [None req-0210f482-3b35-4b87-8e7c-3d73f514d65b None None] Found 2 cells: 00000000-0000-0000-0000-000000000000(cell0),4ee2eae0-4f1c-47fc-b22d-9466faeb797a(cell1) {{(pid=107283) load_cells /opt/stack/nova/nova/context.py:509}}
Jul 03 22:02:04.757372 np0000184110 devstack@n-api-meta.service[107283]: INFO nova.utils [None req-0210f482-3b35-4b87-8e7c-3d73f514d65b None None] The cell worker thread pool MainProcess.cell_worker is initialized
Jul 03 22:02:04.759306 np0000184110 devstack@n-api-meta.service[107282]: INFO dbcounter [None req-ccc2f94b-9177-4f62-aa71-27b75bd904df None None] Registered counter for database nova_cell0
Jul 03 22:02:04.760080 np0000184110 devstack@n-api-meta.service[107283]: DEBUG oslo_concurrency.lockutils [None req-0210f482-3b35-4b87-8e7c-3d73f514d65b None None] Acquiring lock "00000000-0000-0000-0000-000000000000" by "nova.context.set_target_cell..get_or_set_cached_cell_and_set_connections" {{(pid=107283) inner /opt/stack/data/venv/lib/python3.12/site-packages/oslo_concurrency/lockutils.py:511}}
Jul 03 22:02:04.760341 np0000184110 devstack@n-api-meta.service[107283]: DEBUG oslo_concurrency.lockutils [None req-0210f482-3b35-4b87-8e7c-3d73f514d65b None None] Lock "00000000-0000-0000-0000-000000000000" acquired by "nova.context.set_target_cell..get_or_set_cached_cell_and_set_connections" :: waited 0.000s {{(pid=107283) inner /opt/stack/data/venv/lib/python3.12/site-packages/oslo_concurrency/lockutils.py:524}}
Jul 03 22:02:04.760887 np0000184110 devstack@n-api-meta.service[107283]: DEBUG oslo_concurrency.lockutils [None req-0210f482-3b35-4b87-8e7c-3d73f514d65b None None] Lock "00000000-0000-0000-0000-000000000000" "released" by "nova.context.set_target_cell..get_or_set_cached_cell_and_set_connections" :: held 0.001s {{(pid=107283) inner /opt/stack/data/venv/lib/python3.12/site-packages/oslo_concurrency/lockutils.py:543}}
Jul 03 22:02:04.761141 np0000184110 devstack@n-api-meta.service[107282]: DEBUG oslo_concurrency.lockutils [None req-ccc2f94b-9177-4f62-aa71-27b75bd904df None None] Lock "4ee2eae0-4f1c-47fc-b22d-9466faeb797a" acquired by "nova.context.set_target_cell..get_or_set_cached_cell_and_set_connections" :: waited 0.002s {{(pid=107282) inner /opt/stack/data/venv/lib/python3.12/site-packages/oslo_concurrency/lockutils.py:524}}
Jul 03 22:02:04.761818 np0000184110 devstack@n-api-meta.service[107283]: DEBUG oslo_concurrency.lockutils [None req-0210f482-3b35-4b87-8e7c-3d73f514d65b None None] Acquiring lock "4ee2eae0-4f1c-47fc-b22d-9466faeb797a" by "nova.context.set_target_cell..get_or_set_cached_cell_and_set_connections" {{(pid=107283) inner /opt/stack/data/venv/lib/python3.12/site-packages/oslo_concurrency/lockutils.py:511}}
Jul 03 22:02:04.762462 np0000184110 devstack@n-api-meta.service[107282]: DEBUG oslo_concurrency.lockutils [None req-ccc2f94b-9177-4f62-aa71-27b75bd904df None None] Lock "4ee2eae0-4f1c-47fc-b22d-9466faeb797a" "released" by "nova.context.set_target_cell..get_or_set_cached_cell_and_set_connections" :: held 0.003s {{(pid=107282) inner /opt/stack/data/venv/lib/python3.12/site-packages/oslo_concurrency/lockutils.py:543}}
Jul 03 22:02:04.764362 np0000184110 devstack@n-api-meta.service[107283]: INFO dbcounter [None req-0210f482-3b35-4b87-8e7c-3d73f514d65b None None] Registered counter for database nova_cell0
Jul 03 22:02:04.765687 np0000184110 devstack@n-api-meta.service[107284]: DEBUG oslo_db.sqlalchemy.engines [None req-0e3f47b9-e665-4920-b9d5-47c7fe16da31 None None] MySQL server mode set to STRICT_TRANS_TABLES,STRICT_ALL_TABLES,NO_ZERO_IN_DATE,NO_ZERO_DATE,ERROR_FOR_DIVISION_BY_ZERO,TRADITIONAL,NO_ENGINE_SUBSTITUTION {{(pid=107284) _check_effective_sql_mode /opt/stack/data/venv/lib/python3.12/site-packages/oslo_db/sqlalchemy/engines.py:325}}
Jul 03 22:02:04.765889 np0000184110 devstack@n-api-meta.service[107283]: DEBUG oslo_concurrency.lockutils [None req-0210f482-3b35-4b87-8e7c-3d73f514d65b None None] Lock "4ee2eae0-4f1c-47fc-b22d-9466faeb797a" acquired by "nova.context.set_target_cell..get_or_set_cached_cell_and_set_connections" :: waited 0.002s {{(pid=107283) inner /opt/stack/data/venv/lib/python3.12/site-packages/oslo_concurrency/lockutils.py:524}}
Jul 03 22:02:04.767196 np0000184110 devstack@n-api-meta.service[107283]: DEBUG oslo_concurrency.lockutils [None req-0210f482-3b35-4b87-8e7c-3d73f514d65b None None] Lock "4ee2eae0-4f1c-47fc-b22d-9466faeb797a" "released" by "nova.context.set_target_cell..get_or_set_cached_cell_and_set_connections" :: held 0.003s {{(pid=107283) inner /opt/stack/data/venv/lib/python3.12/site-packages/oslo_concurrency/lockutils.py:543}}
Jul 03 22:02:04.767461 np0000184110 devstack@n-api-meta.service[107282]: INFO dbcounter [None req-ccc2f94b-9177-4f62-aa71-27b75bd904df None None] Registered counter for database nova_cell1
Jul 03 22:02:04.771212 np0000184110 devstack@n-api-meta.service[107283]: INFO dbcounter [None req-0210f482-3b35-4b87-8e7c-3d73f514d65b None None] Registered counter for database nova_cell1
Jul 03 22:02:04.807323 np0000184110 devstack@n-api-meta.service[107282]: DEBUG oslo_db.sqlalchemy.engines [None req-ccc2f94b-9177-4f62-aa71-27b75bd904df None None] MySQL server mode set to STRICT_TRANS_TABLES,STRICT_ALL_TABLES,NO_ZERO_IN_DATE,NO_ZERO_DATE,ERROR_FOR_DIVISION_BY_ZERO,TRADITIONAL,NO_ENGINE_SUBSTITUTION {{(pid=107282) _check_effective_sql_mode /opt/stack/data/venv/lib/python3.12/site-packages/oslo_db/sqlalchemy/engines.py:325}}
Jul 03 22:02:04.807956 np0000184110 devstack@n-api-meta.service[107281]: DEBUG dbcounter [-] [107281] Writer thread running {{(pid=107281) stat_writer /opt/stack/data/venv/lib/python3.12/site-packages/dbcounter.py:102}}
Jul 03 22:02:04.810238 np0000184110 devstack@n-api-meta.service[107281]: DEBUG dbcounter [-] [107281] Writer thread running {{(pid=107281) stat_writer /opt/stack/data/venv/lib/python3.12/site-packages/dbcounter.py:102}}
Jul 03 22:02:04.816007 np0000184110 devstack@n-api-meta.service[107281]: INFO dbcounter [None req-5311cf64-620a-470a-ae35-af6a6a5a6d8b None None] Registered counter for database nova_cell0
Jul 03 22:02:04.820679 np0000184110 devstack@n-api-meta.service[107282]: DEBUG oslo_db.sqlalchemy.engines [None req-ccc2f94b-9177-4f62-aa71-27b75bd904df None None] MySQL server mode set to STRICT_TRANS_TABLES,STRICT_ALL_TABLES,NO_ZERO_IN_DATE,NO_ZERO_DATE,ERROR_FOR_DIVISION_BY_ZERO,TRADITIONAL,NO_ENGINE_SUBSTITUTION {{(pid=107282) _check_effective_sql_mode /opt/stack/data/venv/lib/python3.12/site-packages/oslo_db/sqlalchemy/engines.py:325}}
Jul 03 22:02:04.834242 np0000184110 devstack@n-api-meta.service[107283]: DEBUG oslo_db.sqlalchemy.engines [None req-0210f482-3b35-4b87-8e7c-3d73f514d65b None None] MySQL server mode set to STRICT_TRANS_TABLES,STRICT_ALL_TABLES,NO_ZERO_IN_DATE,NO_ZERO_DATE,ERROR_FOR_DIVISION_BY_ZERO,TRADITIONAL,NO_ENGINE_SUBSTITUTION {{(pid=107283) _check_effective_sql_mode /opt/stack/data/venv/lib/python3.12/site-packages/oslo_db/sqlalchemy/engines.py:325}}
Jul 03 22:02:04.837239 np0000184110 devstack@n-api-meta.service[107283]: DEBUG oslo_db.sqlalchemy.engines [None req-0210f482-3b35-4b87-8e7c-3d73f514d65b None None] MySQL server mode set to STRICT_TRANS_TABLES,STRICT_ALL_TABLES,NO_ZERO_IN_DATE,NO_ZERO_DATE,ERROR_FOR_DIVISION_BY_ZERO,TRADITIONAL,NO_ENGINE_SUBSTITUTION {{(pid=107283) _check_effective_sql_mode /opt/stack/data/venv/lib/python3.12/site-packages/oslo_db/sqlalchemy/engines.py:325}}
Jul 03 22:02:04.848329 np0000184110 devstack@n-api-meta.service[107284]: DEBUG dbcounter [-] [107284] Writer thread running {{(pid=107284) stat_writer /opt/stack/data/venv/lib/python3.12/site-packages/dbcounter.py:102}}
Jul 03 22:02:04.853295 np0000184110 devstack@n-api-meta.service[107281]: DEBUG oslo_db.sqlalchemy.engines [None req-5311cf64-620a-470a-ae35-af6a6a5a6d8b None None] MySQL server mode set to STRICT_TRANS_TABLES,STRICT_ALL_TABLES,NO_ZERO_IN_DATE,NO_ZERO_DATE,ERROR_FOR_DIVISION_BY_ZERO,TRADITIONAL,NO_ENGINE_SUBSTITUTION {{(pid=107281) _check_effective_sql_mode /opt/stack/data/venv/lib/python3.12/site-packages/oslo_db/sqlalchemy/engines.py:325}}
Jul 03 22:02:04.855518 np0000184110 devstack@n-api-meta.service[107284]: DEBUG dbcounter [-] [107284] Writer thread running {{(pid=107284) stat_writer /opt/stack/data/venv/lib/python3.12/site-packages/dbcounter.py:102}}
Jul 03 22:02:04.859895 np0000184110 devstack@n-api-meta.service[107284]: INFO dbcounter [None req-0e3f47b9-e665-4920-b9d5-47c7fe16da31 None None] Registered counter for database nova_cell0
Jul 03 22:02:04.860555 np0000184110 devstack@n-api-meta.service[107281]: DEBUG dbcounter [-] [107281] Writer thread running {{(pid=107281) stat_writer /opt/stack/data/venv/lib/python3.12/site-packages/dbcounter.py:102}}
Jul 03 22:02:04.898237 np0000184110 devstack@n-api-meta.service[107282]: DEBUG dbcounter [-] [107282] Writer thread running {{(pid=107282) stat_writer /opt/stack/data/venv/lib/python3.12/site-packages/dbcounter.py:102}}
Jul 03 22:02:04.903236 np0000184110 devstack@n-api-meta.service[107281]: WARNING nova.api.metadata.handler [None req-5311cf64-620a-470a-ae35-af6a6a5a6d8b None None] metadata_proxy_shared_secret is not configured, the metadata information returned by the proxy cannot be trusted
Jul 03 22:02:04.903486 np0000184110 devstack@n-api-meta.service[107284]: DEBUG oslo_db.sqlalchemy.engines [None req-0e3f47b9-e665-4920-b9d5-47c7fe16da31 None None] MySQL server mode set to STRICT_TRANS_TABLES,STRICT_ALL_TABLES,NO_ZERO_IN_DATE,NO_ZERO_DATE,ERROR_FOR_DIVISION_BY_ZERO,TRADITIONAL,NO_ENGINE_SUBSTITUTION {{(pid=107284) _check_effective_sql_mode /opt/stack/data/venv/lib/python3.12/site-packages/oslo_db/sqlalchemy/engines.py:325}}
Jul 03 22:02:04.904820 np0000184110 devstack@n-api-meta.service[107282]: DEBUG dbcounter [-] [107282] Writer thread running {{(pid=107282) stat_writer /opt/stack/data/venv/lib/python3.12/site-packages/dbcounter.py:102}}
Jul 03 22:02:04.905793 np0000184110 devstack@n-api-meta.service[107281]: DEBUG nova.api.openstack.wsgi_app [None req-5311cf64-620a-470a-ae35-af6a6a5a6d8b None None] ******************************************************************************** {{(pid=107281) log_opt_values /opt/stack/data/venv/lib/python3.12/site-packages/oslo_config/cfg.py:3226}}
Jul 03 22:02:04.905937 np0000184110 devstack@n-api-meta.service[107281]: DEBUG nova.api.openstack.wsgi_app [None req-5311cf64-620a-470a-ae35-af6a6a5a6d8b None None] Configuration options gathered from: {{(pid=107281) log_opt_values /opt/stack/data/venv/lib/python3.12/site-packages/oslo_config/cfg.py:3227}}
Jul 03 22:02:04.906015 np0000184110 devstack@n-api-meta.service[107281]: DEBUG nova.api.openstack.wsgi_app [None req-5311cf64-620a-470a-ae35-af6a6a5a6d8b None None] command line args: [] {{(pid=107281) log_opt_values /opt/stack/data/venv/lib/python3.12/site-packages/oslo_config/cfg.py:3228}}
Jul 03 22:02:04.906156 np0000184110 devstack@n-api-meta.service[107281]: DEBUG nova.api.openstack.wsgi_app [None req-5311cf64-620a-470a-ae35-af6a6a5a6d8b None None] config files: ['/etc/nova/api-paste.ini', '/etc/nova/nova.conf'] {{(pid=107281) log_opt_values /opt/stack/data/venv/lib/python3.12/site-packages/oslo_config/cfg.py:3229}}
Jul 03 22:02:04.906356 np0000184110 devstack@n-api-meta.service[107281]: DEBUG nova.api.openstack.wsgi_app [None req-5311cf64-620a-470a-ae35-af6a6a5a6d8b None None] ================================================================================ {{(pid=107281) log_opt_values /opt/stack/data/venv/lib/python3.12/site-packages/oslo_config/cfg.py:3234}}
Jul 03 22:02:04.906453 np0000184110 devstack@n-api-meta.service[107281]: DEBUG nova.api.openstack.wsgi_app [None req-5311cf64-620a-470a-ae35-af6a6a5a6d8b None None] allow_resize_to_same_host = True {{(pid=107281) log_opt_values /opt/stack/data/venv/lib/python3.12/site-packages/oslo_config/cfg.py:3242}}
Jul 03 22:02:04.906594 np0000184110 devstack@n-api-meta.service[107281]: DEBUG nova.api.openstack.wsgi_app [None req-5311cf64-620a-470a-ae35-af6a6a5a6d8b None None] arq_binding_timeout = 300 {{(pid=107281) log_opt_values /opt/stack/data/venv/lib/python3.12/site-packages/oslo_config/cfg.py:3242}}
Jul 03 22:02:04.906707 np0000184110 devstack@n-api-meta.service[107281]: DEBUG nova.api.openstack.wsgi_app [None req-5311cf64-620a-470a-ae35-af6a6a5a6d8b None None] block_device_allocate_retries = 60 {{(pid=107281) log_opt_values /opt/stack/data/venv/lib/python3.12/site-packages/oslo_config/cfg.py:3242}}
Jul 03 22:02:04.906857 np0000184110 devstack@n-api-meta.service[107281]: DEBUG nova.api.openstack.wsgi_app [None req-5311cf64-620a-470a-ae35-af6a6a5a6d8b None None] block_device_allocate_retries_interval = 3 {{(pid=107281) log_opt_values /opt/stack/data/venv/lib/python3.12/site-packages/oslo_config/cfg.py:3242}}
Jul 03 22:02:04.906973 np0000184110 devstack@n-api-meta.service[107281]: DEBUG nova.api.openstack.wsgi_app [None req-5311cf64-620a-470a-ae35-af6a6a5a6d8b None None] cell_worker_thread_pool_size = 5 {{(pid=107281) log_opt_values /opt/stack/data/venv/lib/python3.12/site-packages/oslo_config/cfg.py:3242}}
Jul 03 22:02:04.907127 np0000184110 devstack@n-api-meta.service[107281]: DEBUG nova.api.openstack.wsgi_app [None req-5311cf64-620a-470a-ae35-af6a6a5a6d8b None None] cert = self.pem {{(pid=107281) log_opt_values /opt/stack/data/venv/lib/python3.12/site-packages/oslo_config/cfg.py:3242}}
Jul 03 22:02:04.907267 np0000184110 devstack@n-api-meta.service[107281]: DEBUG nova.api.openstack.wsgi_app [None req-5311cf64-620a-470a-ae35-af6a6a5a6d8b None None] compute_driver = libvirt.LibvirtDriver {{(pid=107281) log_opt_values /opt/stack/data/venv/lib/python3.12/site-packages/oslo_config/cfg.py:3242}}
Jul 03 22:02:04.907407 np0000184110 devstack@n-api-meta.service[107281]: DEBUG nova.api.openstack.wsgi_app [None req-5311cf64-620a-470a-ae35-af6a6a5a6d8b None None] compute_monitors = [] {{(pid=107281) log_opt_values /opt/stack/data/venv/lib/python3.12/site-packages/oslo_config/cfg.py:3242}}
Jul 03 22:02:04.907542 np0000184110 devstack@n-api-meta.service[107281]: DEBUG nova.api.openstack.wsgi_app [None req-5311cf64-620a-470a-ae35-af6a6a5a6d8b None None] config_dir = [] {{(pid=107281) log_opt_values /opt/stack/data/venv/lib/python3.12/site-packages/oslo_config/cfg.py:3242}}
Jul 03 22:02:04.907686 np0000184110 devstack@n-api-meta.service[107281]: DEBUG nova.api.openstack.wsgi_app [None req-5311cf64-620a-470a-ae35-af6a6a5a6d8b None None] config_drive_format = iso9660 {{(pid=107281) log_opt_values /opt/stack/data/venv/lib/python3.12/site-packages/oslo_config/cfg.py:3242}}
Jul 03 22:02:04.907796 np0000184110 devstack@n-api-meta.service[107281]: DEBUG nova.api.openstack.wsgi_app [None req-5311cf64-620a-470a-ae35-af6a6a5a6d8b None None] config_file = ['/etc/nova/api-paste.ini', '/etc/nova/nova.conf'] {{(pid=107281) log_opt_values /opt/stack/data/venv/lib/python3.12/site-packages/oslo_config/cfg.py:3242}}
Jul 03 22:02:04.907930 np0000184110 devstack@n-api-meta.service[107281]: DEBUG nova.api.openstack.wsgi_app [None req-5311cf64-620a-470a-ae35-af6a6a5a6d8b None None] config_source = [] {{(pid=107281) log_opt_values /opt/stack/data/venv/lib/python3.12/site-packages/oslo_config/cfg.py:3242}}
Jul 03 22:02:04.908086 np0000184110 devstack@n-api-meta.service[107281]: DEBUG nova.api.openstack.wsgi_app [None req-5311cf64-620a-470a-ae35-af6a6a5a6d8b None None] console_host = np0000184110 {{(pid=107281) log_opt_values /opt/stack/data/venv/lib/python3.12/site-packages/oslo_config/cfg.py:3242}}
Jul 03 22:02:04.908258 np0000184110 devstack@n-api-meta.service[107281]: DEBUG nova.api.openstack.wsgi_app [None req-5311cf64-620a-470a-ae35-af6a6a5a6d8b None None] control_exchange = nova {{(pid=107281) log_opt_values /opt/stack/data/venv/lib/python3.12/site-packages/oslo_config/cfg.py:3242}}
Jul 03 22:02:04.908401 np0000184110 devstack@n-api-meta.service[107281]: DEBUG nova.api.openstack.wsgi_app [None req-5311cf64-620a-470a-ae35-af6a6a5a6d8b None None] cpu_allocation_ratio = None {{(pid=107281) log_opt_values /opt/stack/data/venv/lib/python3.12/site-packages/oslo_config/cfg.py:3242}}
Jul 03 22:02:04.908531 np0000184110 devstack@n-api-meta.service[107281]: DEBUG nova.api.openstack.wsgi_app [None req-5311cf64-620a-470a-ae35-af6a6a5a6d8b None None] daemon = False {{(pid=107281) log_opt_values /opt/stack/data/venv/lib/python3.12/site-packages/oslo_config/cfg.py:3242}}
Jul 03 22:02:04.908671 np0000184110 devstack@n-api-meta.service[107281]: DEBUG nova.api.openstack.wsgi_app [None req-5311cf64-620a-470a-ae35-af6a6a5a6d8b None None] debug = True {{(pid=107281) log_opt_values /opt/stack/data/venv/lib/python3.12/site-packages/oslo_config/cfg.py:3242}}
Jul 03 22:02:04.908802 np0000184110 devstack@n-api-meta.service[107281]: DEBUG nova.api.openstack.wsgi_app [None req-5311cf64-620a-470a-ae35-af6a6a5a6d8b None None] default_access_ip_network_name = None {{(pid=107281) log_opt_values /opt/stack/data/venv/lib/python3.12/site-packages/oslo_config/cfg.py:3242}}
Jul 03 22:02:04.908941 np0000184110 devstack@n-api-meta.service[107281]: DEBUG nova.api.openstack.wsgi_app [None req-5311cf64-620a-470a-ae35-af6a6a5a6d8b None None] default_availability_zone = nova {{(pid=107281) log_opt_values /opt/stack/data/venv/lib/python3.12/site-packages/oslo_config/cfg.py:3242}}
Jul 03 22:02:04.909074 np0000184110 devstack@n-api-meta.service[107281]: DEBUG nova.api.openstack.wsgi_app [None req-5311cf64-620a-470a-ae35-af6a6a5a6d8b None None] default_ephemeral_format = ext4 {{(pid=107281) log_opt_values /opt/stack/data/venv/lib/python3.12/site-packages/oslo_config/cfg.py:3242}}
Jul 03 22:02:04.909239 np0000184110 devstack@n-api-meta.service[107281]: DEBUG nova.api.openstack.wsgi_app [None req-5311cf64-620a-470a-ae35-af6a6a5a6d8b None None] default_green_pool_size = 1000 {{(pid=107281) log_opt_values /opt/stack/data/venv/lib/python3.12/site-packages/oslo_config/cfg.py:3242}}
Jul 03 22:02:04.909459 np0000184110 devstack@n-api-meta.service[107281]: DEBUG nova.api.openstack.wsgi_app [None req-5311cf64-620a-470a-ae35-af6a6a5a6d8b None None] default_log_levels = ['amqp=WARN', 'boto=WARN', 'sqlalchemy=WARN', 'suds=INFO', 'oslo.messaging=INFO', 'oslo_messaging=INFO', 'iso8601=WARN', 'requests.packages.urllib3.connectionpool=WARN', 'urllib3.connectionpool=WARN', 'websocket=WARN', 'requests.packages.urllib3.util.retry=WARN', 'urllib3.util.retry=WARN', 'keystonemiddleware=WARN', 'routes.middleware=WARN', 'stevedore=WARN', 'taskflow=WARN', 'keystoneauth=WARN', 'oslo.cache=INFO', 'oslo_policy=INFO', 'dogpile.core.dogpile=INFO', 'glanceclient=WARN', 'oslo.privsep.daemon=INFO'] {{(pid=107281) log_opt_values /opt/stack/data/venv/lib/python3.12/site-packages/oslo_config/cfg.py:3242}}
Jul 03 22:02:04.909624 np0000184110 devstack@n-api-meta.service[107281]: DEBUG nova.api.openstack.wsgi_app [None req-5311cf64-620a-470a-ae35-af6a6a5a6d8b None None] default_schedule_zone = None {{(pid=107281) log_opt_values /opt/stack/data/venv/lib/python3.12/site-packages/oslo_config/cfg.py:3242}}
Jul 03 22:02:04.909688 np0000184110 devstack@n-api-meta.service[107281]: DEBUG nova.api.openstack.wsgi_app [None req-5311cf64-620a-470a-ae35-af6a6a5a6d8b None None] default_thread_pool_size = 10 {{(pid=107281) log_opt_values /opt/stack/data/venv/lib/python3.12/site-packages/oslo_config/cfg.py:3242}}
Jul 03 22:02:04.909831 np0000184110 devstack@n-api-meta.service[107281]: DEBUG nova.api.openstack.wsgi_app [None req-5311cf64-620a-470a-ae35-af6a6a5a6d8b None None] disk_allocation_ratio = None {{(pid=107281) log_opt_values /opt/stack/data/venv/lib/python3.12/site-packages/oslo_config/cfg.py:3242}}
Jul 03 22:02:04.909958 np0000184110 devstack@n-api-meta.service[107281]: DEBUG nova.api.openstack.wsgi_app [None req-5311cf64-620a-470a-ae35-af6a6a5a6d8b None None] enable_new_services = True {{(pid=107281) log_opt_values /opt/stack/data/venv/lib/python3.12/site-packages/oslo_config/cfg.py:3242}}
Jul 03 22:02:04.910090 np0000184110 devstack@n-api-meta.service[107281]: DEBUG nova.api.openstack.wsgi_app [None req-5311cf64-620a-470a-ae35-af6a6a5a6d8b None None] flat_injected = False {{(pid=107281) log_opt_values /opt/stack/data/venv/lib/python3.12/site-packages/oslo_config/cfg.py:3242}}
Jul 03 22:02:04.910225 np0000184110 devstack@n-api-meta.service[107281]: DEBUG nova.api.openstack.wsgi_app [None req-5311cf64-620a-470a-ae35-af6a6a5a6d8b None None] force_config_drive = False {{(pid=107281) log_opt_values /opt/stack/data/venv/lib/python3.12/site-packages/oslo_config/cfg.py:3242}}
Jul 03 22:02:04.910342 np0000184110 devstack@n-api-meta.service[107282]: INFO dbcounter [None req-ccc2f94b-9177-4f62-aa71-27b75bd904df None None] Registered counter for database nova_cell0
Jul 03 22:02:04.910408 np0000184110 devstack@n-api-meta.service[107281]: DEBUG nova.api.openstack.wsgi_app [None req-5311cf64-620a-470a-ae35-af6a6a5a6d8b None None] force_raw_images = True {{(pid=107281) log_opt_values /opt/stack/data/venv/lib/python3.12/site-packages/oslo_config/cfg.py:3242}}
Jul 03 22:02:04.910503 np0000184110 devstack@n-api-meta.service[107281]: DEBUG nova.api.openstack.wsgi_app [None req-5311cf64-620a-470a-ae35-af6a6a5a6d8b None None] graceful_shutdown_timeout = 5 {{(pid=107281) log_opt_values /opt/stack/data/venv/lib/python3.12/site-packages/oslo_config/cfg.py:3242}}
Jul 03 22:02:04.910637 np0000184110 devstack@n-api-meta.service[107281]: DEBUG nova.api.openstack.wsgi_app [None req-5311cf64-620a-470a-ae35-af6a6a5a6d8b None None] heal_instance_info_cache_interval = -1 {{(pid=107281) log_opt_values /opt/stack/data/venv/lib/python3.12/site-packages/oslo_config/cfg.py:3242}}
Jul 03 22:02:04.910828 np0000184110 devstack@n-api-meta.service[107281]: DEBUG nova.api.openstack.wsgi_app [None req-5311cf64-620a-470a-ae35-af6a6a5a6d8b None None] host = np0000184110 {{(pid=107281) log_opt_values /opt/stack/data/venv/lib/python3.12/site-packages/oslo_config/cfg.py:3242}}
Jul 03 22:02:04.910969 np0000184110 devstack@n-api-meta.service[107281]: DEBUG nova.api.openstack.wsgi_app [None req-5311cf64-620a-470a-ae35-af6a6a5a6d8b None None] initial_cpu_allocation_ratio = 4.0 {{(pid=107281) log_opt_values /opt/stack/data/venv/lib/python3.12/site-packages/oslo_config/cfg.py:3242}}
Jul 03 22:02:04.911103 np0000184110 devstack@n-api-meta.service[107281]: DEBUG nova.api.openstack.wsgi_app [None req-5311cf64-620a-470a-ae35-af6a6a5a6d8b None None] initial_disk_allocation_ratio = 1.0 {{(pid=107281) log_opt_values /opt/stack/data/venv/lib/python3.12/site-packages/oslo_config/cfg.py:3242}}
Jul 03 22:02:04.911240 np0000184110 devstack@n-api-meta.service[107281]: DEBUG nova.api.openstack.wsgi_app [None req-5311cf64-620a-470a-ae35-af6a6a5a6d8b None None] initial_ram_allocation_ratio = 1.0 {{(pid=107281) log_opt_values /opt/stack/data/venv/lib/python3.12/site-packages/oslo_config/cfg.py:3242}}
Jul 03 22:02:04.911438 np0000184110 devstack@n-api-meta.service[107281]: DEBUG nova.api.openstack.wsgi_app [None req-5311cf64-620a-470a-ae35-af6a6a5a6d8b None None] injected_network_template = /opt/stack/nova/nova/virt/interfaces.template {{(pid=107281) log_opt_values /opt/stack/data/venv/lib/python3.12/site-packages/oslo_config/cfg.py:3242}}
Jul 03 22:02:04.911570 np0000184110 devstack@n-api-meta.service[107281]: DEBUG nova.api.openstack.wsgi_app [None req-5311cf64-620a-470a-ae35-af6a6a5a6d8b None None] instance_build_timeout = 0 {{(pid=107281) log_opt_values /opt/stack/data/venv/lib/python3.12/site-packages/oslo_config/cfg.py:3242}}
Jul 03 22:02:04.911703 np0000184110 devstack@n-api-meta.service[107281]: DEBUG nova.api.openstack.wsgi_app [None req-5311cf64-620a-470a-ae35-af6a6a5a6d8b None None] instance_delete_interval = 300 {{(pid=107281) log_opt_values /opt/stack/data/venv/lib/python3.12/site-packages/oslo_config/cfg.py:3242}}
Jul 03 22:02:04.911839 np0000184110 devstack@n-api-meta.service[107281]: DEBUG nova.api.openstack.wsgi_app [None req-5311cf64-620a-470a-ae35-af6a6a5a6d8b None None] instance_format = [instance: %(uuid)s] {{(pid=107281) log_opt_values /opt/stack/data/venv/lib/python3.12/site-packages/oslo_config/cfg.py:3242}}
Jul 03 22:02:04.911980 np0000184110 devstack@n-api-meta.service[107281]: DEBUG nova.api.openstack.wsgi_app [None req-5311cf64-620a-470a-ae35-af6a6a5a6d8b None None] instance_name_template = instance-%08x {{(pid=107281) log_opt_values /opt/stack/data/venv/lib/python3.12/site-packages/oslo_config/cfg.py:3242}}
Jul 03 22:02:04.912111 np0000184110 devstack@n-api-meta.service[107281]: DEBUG nova.api.openstack.wsgi_app [None req-5311cf64-620a-470a-ae35-af6a6a5a6d8b None None] instance_usage_audit = False {{(pid=107281) log_opt_values /opt/stack/data/venv/lib/python3.12/site-packages/oslo_config/cfg.py:3242}}
Jul 03 22:02:04.912365 np0000184110 devstack@n-api-meta.service[107281]: DEBUG nova.api.openstack.wsgi_app [None req-5311cf64-620a-470a-ae35-af6a6a5a6d8b None None] instance_usage_audit_period = month {{(pid=107281) log_opt_values /opt/stack/data/venv/lib/python3.12/site-packages/oslo_config/cfg.py:3242}}
Jul 03 22:02:04.912503 np0000184110 devstack@n-api-meta.service[107281]: DEBUG nova.api.openstack.wsgi_app [None req-5311cf64-620a-470a-ae35-af6a6a5a6d8b None None] instance_uuid_format = [instance: %(uuid)s] {{(pid=107281) log_opt_values /opt/stack/data/venv/lib/python3.12/site-packages/oslo_config/cfg.py:3242}}
Jul 03 22:02:04.912639 np0000184110 devstack@n-api-meta.service[107281]: DEBUG nova.api.openstack.wsgi_app [None req-5311cf64-620a-470a-ae35-af6a6a5a6d8b None None] instances_path = /opt/stack/data/nova/instances {{(pid=107281) log_opt_values /opt/stack/data/venv/lib/python3.12/site-packages/oslo_config/cfg.py:3242}}
Jul 03 22:02:04.912774 np0000184110 devstack@n-api-meta.service[107281]: DEBUG nova.api.openstack.wsgi_app [None req-5311cf64-620a-470a-ae35-af6a6a5a6d8b None None] internal_service_availability_zone = internal {{(pid=107281) log_opt_values /opt/stack/data/venv/lib/python3.12/site-packages/oslo_config/cfg.py:3242}}
Jul 03 22:02:04.912902 np0000184110 devstack@n-api-meta.service[107281]: DEBUG nova.api.openstack.wsgi_app [None req-5311cf64-620a-470a-ae35-af6a6a5a6d8b None None] key = None {{(pid=107281) log_opt_values /opt/stack/data/venv/lib/python3.12/site-packages/oslo_config/cfg.py:3242}}
Jul 03 22:02:04.913032 np0000184110 devstack@n-api-meta.service[107281]: DEBUG nova.api.openstack.wsgi_app [None req-5311cf64-620a-470a-ae35-af6a6a5a6d8b None None] live_migration_retry_count = 30 {{(pid=107281) log_opt_values /opt/stack/data/venv/lib/python3.12/site-packages/oslo_config/cfg.py:3242}}
Jul 03 22:02:04.913172 np0000184110 devstack@n-api-meta.service[107281]: DEBUG nova.api.openstack.wsgi_app [None req-5311cf64-620a-470a-ae35-af6a6a5a6d8b None None] log_color = False {{(pid=107281) log_opt_values /opt/stack/data/venv/lib/python3.12/site-packages/oslo_config/cfg.py:3242}}
Jul 03 22:02:04.913327 np0000184110 devstack@n-api-meta.service[107281]: DEBUG nova.api.openstack.wsgi_app [None req-5311cf64-620a-470a-ae35-af6a6a5a6d8b None None] log_config_append = None {{(pid=107281) log_opt_values /opt/stack/data/venv/lib/python3.12/site-packages/oslo_config/cfg.py:3242}}
Jul 03 22:02:04.913469 np0000184110 devstack@n-api-meta.service[107281]: DEBUG nova.api.openstack.wsgi_app [None req-5311cf64-620a-470a-ae35-af6a6a5a6d8b None None] log_date_format = %Y-%m-%d %H:%M:%S {{(pid=107281) log_opt_values /opt/stack/data/venv/lib/python3.12/site-packages/oslo_config/cfg.py:3242}}
Jul 03 22:02:04.913603 np0000184110 devstack@n-api-meta.service[107281]: DEBUG nova.api.openstack.wsgi_app [None req-5311cf64-620a-470a-ae35-af6a6a5a6d8b None None] log_dir = None {{(pid=107281) log_opt_values /opt/stack/data/venv/lib/python3.12/site-packages/oslo_config/cfg.py:3242}}
Jul 03 22:02:04.913914 np0000184110 devstack@n-api-meta.service[107281]: DEBUG nova.api.openstack.wsgi_app [None req-5311cf64-620a-470a-ae35-af6a6a5a6d8b None None] log_file = None {{(pid=107281) log_opt_values /opt/stack/data/venv/lib/python3.12/site-packages/oslo_config/cfg.py:3242}}
Jul 03 22:02:04.914013 np0000184110 devstack@n-api-meta.service[107281]: DEBUG nova.api.openstack.wsgi_app [None req-5311cf64-620a-470a-ae35-af6a6a5a6d8b None None] log_options = True {{(pid=107281) log_opt_values /opt/stack/data/venv/lib/python3.12/site-packages/oslo_config/cfg.py:3242}}
Jul 03 22:02:04.914149 np0000184110 devstack@n-api-meta.service[107281]: DEBUG nova.api.openstack.wsgi_app [None req-5311cf64-620a-470a-ae35-af6a6a5a6d8b None None] log_rotate_interval = 1 {{(pid=107281) log_opt_values /opt/stack/data/venv/lib/python3.12/site-packages/oslo_config/cfg.py:3242}}
Jul 03 22:02:04.914308 np0000184110 devstack@n-api-meta.service[107281]: DEBUG nova.api.openstack.wsgi_app [None req-5311cf64-620a-470a-ae35-af6a6a5a6d8b None None] log_rotate_interval_type = days {{(pid=107281) log_opt_values /opt/stack/data/venv/lib/python3.12/site-packages/oslo_config/cfg.py:3242}}
Jul 03 22:02:04.914390 np0000184110 devstack@n-api-meta.service[107284]: DEBUG dbcounter [-] [107284] Writer thread running {{(pid=107284) stat_writer /opt/stack/data/venv/lib/python3.12/site-packages/dbcounter.py:102}}
Jul 03 22:02:04.914454 np0000184110 devstack@n-api-meta.service[107281]: DEBUG nova.api.openstack.wsgi_app [None req-5311cf64-620a-470a-ae35-af6a6a5a6d8b None None] log_rotation_type = none {{(pid=107281) log_opt_values /opt/stack/data/venv/lib/python3.12/site-packages/oslo_config/cfg.py:3242}}
Jul 03 22:02:04.914525 np0000184110 devstack@n-api-meta.service[107281]: DEBUG nova.api.openstack.wsgi_app [None req-5311cf64-620a-470a-ae35-af6a6a5a6d8b None None] logging_context_format_string = %(color)s%(levelname)s %(name)s [%(global_request_id)s %(request_id)s %(project_name)s %(user_name)s%(color)s] %(instance)s%(color)s%(message)s {{(pid=107281) log_opt_values /opt/stack/data/venv/lib/python3.12/site-packages/oslo_config/cfg.py:3242}}
Jul 03 22:02:04.914650 np0000184110 devstack@n-api-meta.service[107281]: DEBUG nova.api.openstack.wsgi_app [None req-5311cf64-620a-470a-ae35-af6a6a5a6d8b None None] logging_debug_format_suffix = {{(pid=%(process)d) %(funcName)s %(pathname)s:%(lineno)d}} {{(pid=107281) log_opt_values /opt/stack/data/venv/lib/python3.12/site-packages/oslo_config/cfg.py:3242}}
Jul 03 22:02:04.914788 np0000184110 devstack@n-api-meta.service[107281]: DEBUG nova.api.openstack.wsgi_app [None req-5311cf64-620a-470a-ae35-af6a6a5a6d8b None None] logging_default_format_string = %(color)s%(levelname)s %(name)s [-%(color)s] %(instance)s%(color)s%(message)s {{(pid=107281) log_opt_values /opt/stack/data/venv/lib/python3.12/site-packages/oslo_config/cfg.py:3242}}
Jul 03 22:02:04.914921 np0000184110 devstack@n-api-meta.service[107281]: DEBUG nova.api.openstack.wsgi_app [None req-5311cf64-620a-470a-ae35-af6a6a5a6d8b None None] logging_exception_prefix = ERROR %(name)s %(instance)s {{(pid=107281) log_opt_values /opt/stack/data/venv/lib/python3.12/site-packages/oslo_config/cfg.py:3242}}
Jul 03 22:02:04.915025 np0000184110 devstack@n-api-meta.service[107281]: DEBUG nova.api.openstack.wsgi_app [None req-5311cf64-620a-470a-ae35-af6a6a5a6d8b None None] logging_user_identity_format = %(user)s %(project)s %(domain)s %(system_scope)s %(user_domain)s %(project_domain)s {{(pid=107281) log_opt_values /opt/stack/data/venv/lib/python3.12/site-packages/oslo_config/cfg.py:3242}}
Jul 03 22:02:04.915156 np0000184110 devstack@n-api-meta.service[107281]: DEBUG nova.api.openstack.wsgi_app [None req-5311cf64-620a-470a-ae35-af6a6a5a6d8b None None] long_rpc_timeout = 1800 {{(pid=107281) log_opt_values /opt/stack/data/venv/lib/python3.12/site-packages/oslo_config/cfg.py:3242}}
Jul 03 22:02:04.915355 np0000184110 devstack@n-api-meta.service[107281]: DEBUG nova.api.openstack.wsgi_app [None req-5311cf64-620a-470a-ae35-af6a6a5a6d8b None None] manager_shutdown_timeout = 160 {{(pid=107281) log_opt_values /opt/stack/data/venv/lib/python3.12/site-packages/oslo_config/cfg.py:3242}}
