+ COMMAND=start + start + for KEYSTONE_WSGI_SCRIPT in keystone-wsgi-public ++ type -p keystone-wsgi-public + cp -a /var/lib/openstack/bin/keystone-wsgi-public /var/www/cgi-bin/keystone/ + '[' -f /etc/apache2/envvars ']' + source /etc/apache2/envvars ++ unset HOME ++ '[' '' '!=' '' ']' ++ SUFFIX= ++ export APACHE_RUN_USER=www-data ++ APACHE_RUN_USER=www-data ++ export APACHE_RUN_GROUP=www-data ++ APACHE_RUN_GROUP=www-data ++ export APACHE_PID_FILE=/var/run/apache2/apache2.pid ++ APACHE_PID_FILE=/var/run/apache2/apache2.pid ++ export APACHE_RUN_DIR=/var/run/apache2 ++ APACHE_RUN_DIR=/var/run/apache2 ++ export APACHE_LOCK_DIR=/var/lock/apache2 ++ APACHE_LOCK_DIR=/var/lock/apache2 ++ export APACHE_LOG_DIR=/var/log/apache2 ++ APACHE_LOG_DIR=/var/log/apache2 ++ export LANG=C ++ LANG=C ++ export LANG + '[' -f /var/run/apache2/apache2.pid ']' + exec apache2 -DFOREGROUND AH00558: apache2: Could not reliably determine the server's fully qualified domain name, using 10.0.0.135. Set the 'ServerName' directive globally to suppress this message AH00558: apache2: Could not reliably determine the server's fully qualified domain name, using 10.0.0.135. Set the 'ServerName' directive globally to suppress this message
[Sun Jul 12 02:02:18.706431 2026] [mpm_event:notice] [pid 1:tid 140057041840000] AH00489: Apache/2.4.58 (Ubuntu) mod_wsgi/5.0.0 Python/3.12 configured -- resuming normal operations
[Sun Jul 12 02:02:18.706585 2026] [core:notice] [pid 1:tid 140057041840000] AH00094: Command line: 'apache2 -D FOREGROUND'
[Sun Jul 12 02:03:19.470915 2026] [wsgi:error] [pid 11:tid 140056404018880] /var/lib/openstack/lib/python3.12/site-packages/oslo_utils/importutils.py:77: EventletDeprecationWarning:
[Sun Jul 12 02:03:19.471016 2026] [wsgi:error] [pid 11:tid 140056404018880] Eventlet is deprecated. It is currently being maintained in bugfix mode, and
[Sun Jul 12 02:03:19.471029 2026] [wsgi:error] [pid 11:tid 140056404018880] we strongly recommend against using it for new projects.
[Sun Jul 12 02:03:19.471040 2026] [wsgi:error] [pid 11:tid 140056404018880]
[Sun Jul 12 02:03:19.471050 2026] [wsgi:error] [pid 11:tid 140056404018880] If you are already using Eventlet, we recommend migrating to a different
[Sun Jul 12 02:03:19.471062 2026] [wsgi:error] [pid 11:tid 140056404018880] framework. For more detail see
[Sun Jul 12 02:03:19.471071 2026] [wsgi:error] [pid 11:tid 140056404018880] https://eventlet.readthedocs.io/en/latest/asyncio/migration.html
[Sun Jul 12 02:03:19.471083 2026] [wsgi:error] [pid 11:tid 140056404018880]
[Sun Jul 12 02:03:19.471092 2026] [wsgi:error] [pid 11:tid 140056404018880] __import__(import_str)
[Sun Jul 12 02:03:19.489809 2026] [wsgi:error] [pid 10:tid 140056404018880] /var/lib/openstack/lib/python3.12/site-packages/oslo_utils/importutils.py:77: EventletDeprecationWarning:
[Sun Jul 12 02:03:19.489847 2026] [wsgi:error] [pid 10:tid 140056404018880] Eventlet is deprecated. It is currently being maintained in bugfix mode, and
[Sun Jul 12 02:03:19.489848 2026] [wsgi:error] [pid 10:tid 140056404018880] we strongly recommend against using it for new projects.
[Sun Jul 12 02:03:19.489850 2026] [wsgi:error] [pid 10:tid 140056404018880]
[Sun Jul 12 02:03:19.489851 2026] [wsgi:error] [pid 10:tid 140056404018880] If you are already using Eventlet, we recommend migrating to a different
[Sun Jul 12 02:03:19.489852 2026] [wsgi:error] [pid 10:tid 140056404018880] framework. For more detail see
[Sun Jul 12 02:03:19.489853 2026] [wsgi:error] [pid 10:tid 140056404018880] https://eventlet.readthedocs.io/en/latest/asyncio/migration.html
[Sun Jul 12 02:03:19.489854 2026] [wsgi:error] [pid 10:tid 140056404018880]
[Sun Jul 12 02:03:19.489856 2026] [wsgi:error] [pid 10:tid 140056404018880] __import__(import_str) 10.0.0.235 - - [12/Jul/2026:02:03:18 +0000] "GET /v3/ HTTP/1.1" 200 250 10.0.0.235 - - [12/Jul/2026:02:03:18 +0000] "GET /v3/ HTTP/1.1" 200 250
[Sun Jul 12 02:03:32.724308 2026] [wsgi:error] [pid 12:tid 140056404018880] /var/lib/openstack/lib/python3.12/site-packages/oslo_utils/importutils.py:77: EventletDeprecationWarning:
[Sun Jul 12 02:03:32.724350 2026] [wsgi:error] [pid 12:tid 140056404018880] Eventlet is deprecated. It is currently being maintained in bugfix mode, and
[Sun Jul 12 02:03:32.724352 2026] [wsgi:error] [pid 12:tid 140056404018880] we strongly recommend against using it for new projects.
[Sun Jul 12 02:03:32.724354 2026] [wsgi:error] [pid 12:tid 140056404018880]
[Sun Jul 12 02:03:32.724355 2026] [wsgi:error] [pid 12:tid 140056404018880] If you are already using Eventlet, we recommend migrating to a different
[Sun Jul 12 02:03:32.724356 2026] [wsgi:error] [pid 12:tid 140056404018880] framework. For more detail see
[Sun Jul 12 02:03:32.724357 2026] [wsgi:error] [pid 12:tid 140056404018880] https://eventlet.readthedocs.io/en/latest/asyncio/migration.html
[Sun Jul 12 02:03:32.724358 2026] [wsgi:error] [pid 12:tid 140056404018880]
[Sun Jul 12 02:03:32.724359 2026] [wsgi:error] [pid 12:tid 140056404018880] __import__(import_str) 10.0.0.115 - - [12/Jul/2026:02:03:31 +0000] "GET / HTTP/1.1" 300 295
[Sun Jul 12 02:03:38.031426 2026] [wsgi:error] [pid 9:tid 140056404018880] /var/lib/openstack/lib/python3.12/site-packages/oslo_utils/importutils.py:77: EventletDeprecationWarning:
[Sun Jul 12 02:03:38.031463 2026] [wsgi:error] [pid 9:tid 140056404018880] Eventlet is deprecated. It is currently being maintained in bugfix mode, and
[Sun Jul 12 02:03:38.031465 2026] [wsgi:error] [pid 9:tid 140056404018880] we strongly recommend against using it for new projects.
[Sun Jul 12 02:03:38.031466 2026] [wsgi:error] [pid 9:tid 140056404018880]
[Sun Jul 12 02:03:38.031467 2026] [wsgi:error] [pid 9:tid 140056404018880] If you are already using Eventlet, we recommend migrating to a different
[Sun Jul 12 02:03:38.031469 2026] [wsgi:error] [pid 9:tid 140056404018880] framework. For more detail see
[Sun Jul 12 02:03:38.031470 2026] [wsgi:error] [pid 9:tid 140056404018880] https://eventlet.readthedocs.io/en/latest/asyncio/migration.html
[Sun Jul 12 02:03:38.031471 2026] [wsgi:error] [pid 9:tid 140056404018880]
[Sun Jul 12 02:03:38.031472 2026] [wsgi:error] [pid 9:tid 140056404018880] __import__(import_str)
[Sun Jul 12 02:03:42.811319 2026] [wsgi:error] [pid 9:tid 140056404018880] [remote 10.0.0.115:33622] 2026-07-12 02:03:42.808 9 WARNING keystone.identity.core [None req-d2c3c75e-ae8d-44b4-ab41-f8e97cc15250 - - - - - -] Invalid domain name (atmosphere) found in config file name: keystone.exception.DomainNotFound: Could not find domain: atmosphere.
[Sun Jul 12 02:03:42.866086 2026] [wsgi:error] [pid 9:tid 140056404018880] [remote 10.0.0.115:33622] 2026-07-12 02:03:42.865 9 WARNING keystone.common.password_hashing [None req-d2c3c75e-ae8d-44b4-ab41-f8e97cc15250 - - - - - -] Truncating password to algorithm specific maximum length 72 characters.
[Sun Jul 12 02:03:43.160898 2026] [wsgi:error] [pid 9:tid 140056404018880] [remote 10.0.0.115:33622] 2026-07-12 02:03:43.160 9 WARNING keystone.common.fernet_utils [None req-d2c3c75e-ae8d-44b4-ab41-f8e97cc15250 - - - - - -] key_repository is world readable: /etc/keystone/fernet-keys/ 10.0.0.115 - - [12/Jul/2026:02:03:37 +0000] "POST /v3/auth/tokens HTTP/1.1" 201 1360
[Sun Jul 12 02:03:43.538920 2026] [wsgi:error] [pid 11:tid 140056404018880] [remote 10.0.0.115:33622] 2026-07-12 02:03:43.535 11 WARNING keystone.identity.core [None req-e624f6ce-08bf-4e5b-bb49-c342932685ff - - - - - -] Invalid domain name (atmosphere) found in config file name: keystone.exception.DomainNotFound: Could not find domain: atmosphere. 10.0.0.115 - - [12/Jul/2026:02:03:43 +0000] "POST /v3/domains HTTP/1.1" 201 261 10.0.0.104 - - [12/Jul/2026:02:03:56 +0000] "GET / HTTP/1.1" 300 295
[Sun Jul 12 02:03:56.605225 2026] [wsgi:error] [pid 12:tid 140056404018880] [remote 10.0.0.104:55630] 2026-07-12 02:03:56.604 12 WARNING keystone.common.password_hashing [None req-24e840a1-9374-4b0f-a29d-f5027a9730d9 - - - - - -] Truncating password to algorithm specific maximum length 72 characters.
[Sun Jul 12 02:03:56.877363 2026] [wsgi:error] [pid 12:tid 140056404018880] [remote 10.0.0.104:55630] 2026-07-12 02:03:56.876 12 WARNING keystone.common.fernet_utils [None req-24e840a1-9374-4b0f-a29d-f5027a9730d9 - - - - - -] key_repository is world readable: /etc/keystone/fernet-keys/ 10.0.0.104 - - [12/Jul/2026:02:03:56 +0000] "POST /v3/auth/tokens HTTP/1.1" 201 1360 10.0.0.104 - - [12/Jul/2026:02:03:57 +0000] "GET /v3/roles/admin HTTP/1.1" 404 83
[Sun Jul 12 02:03:57.144222 2026] [wsgi:error] [pid 11:tid 140056404018880] [remote 10.0.0.104:55630] 2026-07-12 02:03:57.143 11 WARNING keystone.common.rbac_enforcer.enforcer [None req-5c27afed-2437-446d-a472-cbb628a52788 73c87c74924e43ec99d488a7201884e4 f31f3208ec054e73a3074958b07fa407 - - default default] Deprecated policy rules found. Use oslopolicy-policy-generator and oslopolicy-policy-upgrade to detect and resolve deprecated policies in your configuration. 10.0.0.104 - - [12/Jul/2026:02:03:57 +0000] "GET /v3/roles?name=admin HTTP/1.1" 200 389
[Sun Jul 12 02:03:57.643542 2026] [wsgi:error] [pid 10:tid 140056404018880] [remote 10.0.0.104:55630] 2026-07-12 02:03:57.643 10 WARNING keystone.common.rbac_enforcer.enforcer [None req-594bef2d-e056-4117-84ff-372cd02401f5 73c87c74924e43ec99d488a7201884e4 f31f3208ec054e73a3074958b07fa407 - - default default] Deprecated policy rules found. Use oslopolicy-policy-generator and oslopolicy-policy-upgrade to detect and resolve deprecated policies in your configuration. 10.0.0.104 - - [12/Jul/2026:02:03:57 +0000] "GET /v3/users/admin-RegionOne HTTP/1.1" 404 93
[Sun Jul 12 02:03:57.788062 2026] [wsgi:error] [pid 12:tid 140056404018880] [remote 10.0.0.104:55630] 2026-07-12 02:03:57.787 12 WARNING keystone.common.rbac_enforcer.enforcer [None req-290121b6-fe27-4728-b1ba-2b81b1194de1 73c87c74924e43ec99d488a7201884e4 f31f3208ec054e73a3074958b07fa407 - - default default] Deprecated policy rules found. Use oslopolicy-policy-generator and oslopolicy-policy-upgrade to detect and resolve deprecated policies in your configuration. 10.0.0.104 - - [12/Jul/2026:02:03:57 +0000] "GET /v3/users?name=admin-RegionOne HTTP/1.1" 200 422
[Sun Jul 12 02:03:58.042869 2026] [wsgi:error] [pid 9:tid 140056404018880] [remote 10.0.0.104:55630] 2026-07-12 02:03:58.042 9 WARNING keystone.common.rbac_enforcer.enforcer [None req-ba212e4c-faa2-44f0-9e55-37c91458a9ea 73c87c74924e43ec99d488a7201884e4 f31f3208ec054e73a3074958b07fa407 - - default default] Deprecated policy rules found. Use oslopolicy-policy-generator and oslopolicy-policy-upgrade to detect and resolve deprecated policies in your configuration. 10.0.0.104 - - [12/Jul/2026:02:03:57 +0000] "GET /v3/domains/default HTTP/1.1" 200 224 10.0.0.104 - - [12/Jul/2026:02:03:58 +0000] "PUT /v3/domains/default/users/73c87c74924e43ec99d488a7201884e4/roles/bf5513539a09434b9a5a66f45cbcd9fc HTTP/1.1" 204 - 10.0.0.235 - - [12/Jul/2026:02:04:08 +0000] "GET / HTTP/1.1" 300 281 10.0.0.235 - - [12/Jul/2026:02:04:09 +0000] "GET /v3 HTTP/1.1" 200 266
[Sun Jul 12 02:04:09.673866 2026] [wsgi:error] [pid 9:tid 140056404018880] [remote 10.0.0.235:45544] 2026-07-12 02:04:09.673 9 WARNING keystone.common.password_hashing [None req-4bc00f9c-9f76-42ea-bb2d-c7545ec6bb4b - - - - - -] Truncating password to algorithm specific maximum length 72 characters.
[Sun Jul 12 02:04:09.952802 2026] [wsgi:error] [pid 9:tid 140056404018880] [remote 10.0.0.235:45544] 2026-07-12 02:04:09.952 9 WARNING keystone.common.fernet_utils [None req-4bc00f9c-9f76-42ea-bb2d-c7545ec6bb4b - - - - - -] key_repository is world readable: /etc/keystone/fernet-keys/ 10.0.0.235 - - [12/Jul/2026:02:04:09 +0000] "POST /v3/auth/tokens HTTP/1.1" 201 1360 10.0.0.235 - - [12/Jul/2026:02:04:10 +0000] "GET / HTTP/1.1" 300 281 10.0.0.235 - - [12/Jul/2026:02:04:10 +0000] "GET /v3/domains/atmosphere HTTP/1.1" 404 90 10.0.0.235 - - [12/Jul/2026:02:04:10 +0000] "GET /v3/domains?name=atmosphere HTTP/1.1" 200 370 10.0.0.235 - - [12/Jul/2026:02:04:10 +0000] "GET /v3/domains/3fdaa44f9aaa45059502fee614b11a57 HTTP/1.1" 200 247 10.0.0.235 - - [12/Jul/2026:02:04:11 +0000] "GET /v3 HTTP/1.1" 200 266
[Sun Jul 12 02:04:11.059135 2026] [wsgi:error] [pid 10:tid 140056404018880] [remote 10.0.0.235:45542] 2026-07-12 02:04:11.058 10 WARNING keystone.common.password_hashing [None req-8a784ea9-8bcf-4532-bfc5-29b80340dea0 - - - - - -] Truncating password to algorithm specific maximum length 72 characters.
[Sun Jul 12 02:04:11.340311 2026] [wsgi:error] [pid 10:tid 140056404018880] [remote 10.0.0.235:45542] 2026-07-12 02:04:11.339 10 WARNING keystone.common.fernet_utils [None req-8a784ea9-8bcf-4532-bfc5-29b80340dea0 - - - - - -] key_repository is world readable: /etc/keystone/fernet-keys/ 10.0.0.235 - - [12/Jul/2026:02:04:11 +0000] "POST /v3/auth/tokens HTTP/1.1" 201 1360 10.0.0.235 - - [12/Jul/2026:02:04:11 +0000] "GET / HTTP/1.1" 300 281 10.0.0.235 - - [12/Jul/2026:02:04:11 +0000] "GET /v3/OS-FEDERATION/identity_providers/atmosphere HTTP/1.1" 404 101 10.0.0.235 - - [12/Jul/2026:02:04:11 +0000] "GET /v3/OS-FEDERATION/identity_providers HTTP/1.1" 200 156 10.0.0.235 - - [12/Jul/2026:02:04:11 +0000] "PUT /v3/OS-FEDERATION/identity_providers/atmosphere HTTP/1.1" 201 342 10.0.0.235 - - [12/Jul/2026:02:04:12 +0000] "GET /v3 HTTP/1.1" 200 266
[Sun Jul 12 02:04:12.291464 2026] [wsgi:error] [pid 9:tid 140056404018880] [remote 10.0.0.235:45542] 2026-07-12 02:04:12.291 9 WARNING keystone.common.password_hashing [None req-ec167b53-d339-4d93-8729-a981f5ab89d9 - - - - - -] Truncating password to algorithm specific maximum length 72 characters.
[Sun Jul 12 02:04:12.563623 2026] [wsgi:error] [pid 9:tid 140056404018880] [remote 10.0.0.235:45542] 2026-07-12 02:04:12.563 9 WARNING keystone.common.fernet_utils [None req-ec167b53-d339-4d93-8729-a981f5ab89d9 - - - - - -] key_repository is world readable: /etc/keystone/fernet-keys/ 10.0.0.235 - - [12/Jul/2026:02:04:12 +0000] "POST /v3/auth/tokens HTTP/1.1" 201 1360 10.0.0.235 - - [12/Jul/2026:02:04:12 +0000] "GET / HTTP/1.1" 300 281 10.0.0.235 - - [12/Jul/2026:02:04:12 +0000] "GET /v3/OS-FEDERATION/mappings/atmosphere-openid HTTP/1.1" 404 98 10.0.0.235 - - [12/Jul/2026:02:04:12 +0000] "GET /v3/OS-FEDERATION/mappings HTTP/1.1" 200 136 10.0.0.235 - - [12/Jul/2026:02:04:12 +0000] "PUT /v3/OS-FEDERATION/mappings/atmosphere-openid HTTP/1.1" 201 357 10.0.0.235 - - [12/Jul/2026:02:04:13 +0000] "GET /v3 HTTP/1.1" 200 266
[Sun Jul 12 02:04:13.483390 2026] [wsgi:error] [pid 10:tid 140056404018880] [remote 10.0.0.235:45542] 2026-07-12 02:04:13.483 10 WARNING keystone.common.password_hashing [None req-9e986e11-6c77-432a-89eb-0c5d1d98ebad - - - - - -] Truncating password to algorithm specific maximum length 72 characters.
[Sun Jul 12 02:04:13.766780 2026] [wsgi:error] [pid 10:tid 140056404018880] [remote 10.0.0.235:45542] 2026-07-12 02:04:13.766 10 WARNING keystone.common.fernet_utils [None req-9e986e11-6c77-432a-89eb-0c5d1d98ebad - - - - - -] key_repository is world readable: /etc/keystone/fernet-keys/ 10.0.0.235 - - [12/Jul/2026:02:04:13 +0000] "POST /v3/auth/tokens HTTP/1.1" 201 1360 10.0.0.235 - - [12/Jul/2026:02:04:13 +0000] "GET / HTTP/1.1" 300 281 10.0.0.235 - - [12/Jul/2026:02:04:13 +0000] "GET /v3/OS-FEDERATION/identity_providers/atmosphere/protocols/openid?idp_id=atmosphere HTTP/1.1" 404 131 10.0.0.235 - - [12/Jul/2026:02:04:13 +0000] "GET /v3/OS-FEDERATION/identity_providers/atmosphere/protocols HTTP/1.1" 200 168 10.0.0.235 - - [12/Jul/2026:02:04:13 +0000] "PUT /v3/OS-FEDERATION/identity_providers/atmosphere/protocols/openid HTTP/1.1" 201 224 10.0.0.235 - - [12/Jul/2026:02:04:18 +0000] "GET /v3/ HTTP/1.1" 200 250 10.0.0.235 - - [12/Jul/2026:02:04:18 +0000] "GET /v3/ HTTP/1.1" 200 250 10.0.0.235 - - [12/Jul/2026:02:05:18 +0000] "GET /v3/ HTTP/1.1" 200 250 10.0.0.235 - - [12/Jul/2026:02:05:18 +0000] "GET /v3/ HTTP/1.1" 200 250 10.0.0.59 - - [12/Jul/2026:02:05:33 +0000] "GET / HTTP/1.1" 300 295
[Sun Jul 12 02:05:33.985777 2026] [wsgi:error] [pid 9:tid 140056404018880] [remote 10.0.0.59:58008] 2026-07-12 02:05:33.985 9 WARNING keystone.common.password_hashing [None req-71beb94f-b18c-46af-b7d8-53db1a806bf4 - - - - - -] Truncating password to algorithm specific maximum length 72 characters.
[Sun Jul 12 02:05:34.257510 2026] [wsgi:error] [pid 9:tid 140056404018880] [remote 10.0.0.59:58008] 2026-07-12 02:05:34.257 9 WARNING keystone.common.fernet_utils [None req-71beb94f-b18c-46af-b7d8-53db1a806bf4 - - - - - -] key_repository is world readable: /etc/keystone/fernet-keys/ 10.0.0.59 - - [12/Jul/2026:02:05:33 +0000] "POST /v3/auth/tokens HTTP/1.1" 201 1360 10.0.0.59 - - [12/Jul/2026:02:05:34 +0000] "GET /v3/services HTTP/1.1" 200 355 10.0.0.59 - - [12/Jul/2026:02:05:37 +0000] "GET / HTTP/1.1" 300 295
[Sun Jul 12 02:05:37.899787 2026] [wsgi:error] [pid 12:tid 140056404018880] [remote 10.0.0.59:58016] 2026-07-12 02:05:37.899 12 WARNING keystone.common.password_hashing [None req-ad82d0f5-e145-45a6-b07e-237b7cf9401d - - - - - -] Truncating password to algorithm specific maximum length 72 characters.
[Sun Jul 12 02:05:38.176819 2026] [wsgi:error] [pid 12:tid 140056404018880] [remote 10.0.0.59:58016] 2026-07-12 02:05:38.176 12 WARNING keystone.common.fernet_utils [None req-ad82d0f5-e145-45a6-b07e-237b7cf9401d - - - - - -] key_repository is world readable: /etc/keystone/fernet-keys/ 10.0.0.59 - - [12/Jul/2026:02:05:37 +0000] "POST /v3/auth/tokens HTTP/1.1" 201 1360 10.0.0.59 - - [12/Jul/2026:02:05:38 +0000] "GET /v3/services HTTP/1.1" 200 355 10.0.0.59 - - [12/Jul/2026:02:05:41 +0000] "GET / HTTP/1.1" 300 295
[Sun Jul 12 02:05:41.818653 2026] [wsgi:error] [pid 11:tid 140056404018880] [remote 10.0.0.59:58270] 2026-07-12 02:05:41.818 11 WARNING keystone.common.password_hashing [None req-59b2bdc3-8e13-41f7-bee1-26c45b01af27 - - - - - -] Truncating password to algorithm specific maximum length 72 characters.
[Sun Jul 12 02:05:42.096756 2026] [wsgi:error] [pid 11:tid 140056404018880] [remote 10.0.0.59:58270] 2026-07-12 02:05:42.096 11 WARNING keystone.common.fernet_utils [None req-59b2bdc3-8e13-41f7-bee1-26c45b01af27 - - - - - -] key_repository is world readable: /etc/keystone/fernet-keys/ 10.0.0.59 - - [12/Jul/2026:02:05:41 +0000] "POST /v3/auth/tokens HTTP/1.1" 201 1360 10.0.0.59 - - [12/Jul/2026:02:05:42 +0000] "GET /v3/services HTTP/1.1" 200 355 10.0.0.59 - - [12/Jul/2026:02:05:45 +0000] "GET / HTTP/1.1" 300 295
[Sun Jul 12 02:05:45.936827 2026] [wsgi:error] [pid 10:tid 140056404018880] [remote 10.0.0.59:58276] 2026-07-12 02:05:45.936 10 WARNING keystone.common.password_hashing [None req-e2ddb34f-1032-45dd-afca-268d35f54cc7 - - - - - -] Truncating password to algorithm specific maximum length 72 characters.
[Sun Jul 12 02:05:46.220491 2026] [wsgi:error] [pid 10:tid 140056404018880] [remote 10.0.0.59:58276] 2026-07-12 02:05:46.220 10 WARNING keystone.common.fernet_utils [None req-e2ddb34f-1032-45dd-afca-268d35f54cc7 - - - - - -] key_repository is world readable: /etc/keystone/fernet-keys/ 10.0.0.59 - - [12/Jul/2026:02:05:45 +0000] "POST /v3/auth/tokens HTTP/1.1" 201 1360 10.0.0.59 - - [12/Jul/2026:02:05:46 +0000] "POST /v3/services HTTP/1.1" 201 296 10.0.0.31 - - [12/Jul/2026:02:05:57 +0000] "GET / HTTP/1.1" 300 295
[Sun Jul 12 02:05:57.224108 2026] [wsgi:error] [pid 9:tid 140056404018880] [remote 10.0.0.31:38748] 2026-07-12 02:05:57.223 9 WARNING keystone.common.password_hashing [None req-a14d8545-d3e9-442e-a902-513f726e5ff7 - - - - - -] Truncating password to algorithm specific maximum length 72 characters. 10.0.0.31 - - [12/Jul/2026:02:05:57 +0000] "GET / HTTP/1.1" 300 295
[Sun Jul 12 02:05:57.447707 2026] [wsgi:error] [pid 11:tid 140056404018880] [remote 10.0.0.31:38764] 2026-07-12 02:05:57.447 11 WARNING keystone.common.password_hashing [None req-6da5d813-2c56-463d-a39b-deb6204412b8 - - - - - -] Truncating password to algorithm specific maximum length 72 characters.
[Sun Jul 12 02:05:57.497967 2026] [wsgi:error] [pid 9:tid 140056404018880] [remote 10.0.0.31:38748] 2026-07-12 02:05:57.497 9 WARNING keystone.common.fernet_utils [None req-a14d8545-d3e9-442e-a902-513f726e5ff7 - - - - - -] key_repository is world readable: /etc/keystone/fernet-keys/ 10.0.0.31 - - [12/Jul/2026:02:05:57 +0000] "POST /v3/auth/tokens HTTP/1.1" 201 1464 10.0.0.31 - - [12/Jul/2026:02:05:57 +0000] "GET /v3/services HTTP/1.1" 200 639 10.0.0.31 - - [12/Jul/2026:02:05:57 +0000] "GET / HTTP/1.1" 300 295
[Sun Jul 12 02:05:57.665756 2026] [wsgi:error] [pid 9:tid 140056404018880] [remote 10.0.0.31:38770] 2026-07-12 02:05:57.665 9 WARNING keystone.common.password_hashing [None req-51bf2524-5158-4510-ba3a-5e6f060ca2a1 - - - - - -] Truncating password to algorithm specific maximum length 72 characters.
[Sun Jul 12 02:05:57.730761 2026] [wsgi:error] [pid 11:tid 140056404018880] [remote 10.0.0.31:38764] 2026-07-12 02:05:57.730 11 WARNING keystone.common.fernet_utils [None req-6da5d813-2c56-463d-a39b-deb6204412b8 - - - - - -] key_repository is world readable: /etc/keystone/fernet-keys/ 10.0.0.31 - - [12/Jul/2026:02:05:57 +0000] "POST /v3/auth/tokens HTTP/1.1" 201 1464 10.0.0.31 - - [12/Jul/2026:02:05:57 +0000] "GET /v3/services HTTP/1.1" 200 639
[Sun Jul 12 02:05:57.942828 2026] [wsgi:error] [pid 9:tid 140056404018880] [remote 10.0.0.31:38770] 2026-07-12 02:05:57.942 9 WARNING keystone.common.fernet_utils [None req-51bf2524-5158-4510-ba3a-5e6f060ca2a1 - - - - - -] key_repository is world readable: /etc/keystone/fernet-keys/ 10.0.0.31 - - [12/Jul/2026:02:05:57 +0000] "POST /v3/auth/tokens HTTP/1.1" 201 1464 10.0.0.31 - - [12/Jul/2026:02:05:58 +0000] "GET /v3/services HTTP/1.1" 200 639 10.0.0.31 - - [12/Jul/2026:02:05:59 +0000] "GET / HTTP/1.1" 300 295
[Sun Jul 12 02:05:59.238755 2026] [wsgi:error] [pid 12:tid 140056404018880] [remote 10.0.0.31:38774] 2026-07-12 02:05:59.238 12 WARNING keystone.common.password_hashing [None req-db37c90b-752f-4027-b2e8-a5224c0091a0 - - - - - -] Truncating password to algorithm specific maximum length 72 characters. 10.0.0.31 - - [12/Jul/2026:02:05:59 +0000] "GET / HTTP/1.1" 300 295
[Sun Jul 12 02:05:59.455536 2026] [wsgi:error] [pid 10:tid 140056404018880] [remote 10.0.0.31:38776] 2026-07-12 02:05:59.455 10 WARNING keystone.common.password_hashing [None req-1e6d6236-8247-452c-9d1e-4737518bf480 - - - - - -] Truncating password to algorithm specific maximum length 72 characters.
[Sun Jul 12 02:05:59.507470 2026] [wsgi:error] [pid 12:tid 140056404018880] [remote 10.0.0.31:38774] 2026-07-12 02:05:59.507 12 WARNING keystone.common.fernet_utils [None req-db37c90b-752f-4027-b2e8-a5224c0091a0 - - - - - -] key_repository is world readable: /etc/keystone/fernet-keys/ 10.0.0.31 - - [12/Jul/2026:02:05:59 +0000] "POST /v3/auth/tokens HTTP/1.1" 201 1464 10.0.0.31 - - [12/Jul/2026:02:05:59 +0000] "GET /v3/endpoints HTTP/1.1" 200 1227 10.0.0.31 - - [12/Jul/2026:02:05:59 +0000] "GET /v3/services/4c67c01650f24276a1f61a40e697fe8d HTTP/1.1" 200 233 10.0.0.31 - - [12/Jul/2026:02:05:59 +0000] "GET /v3/services/4c67c01650f24276a1f61a40e697fe8d HTTP/1.1" 200 233 10.0.0.31 - - [12/Jul/2026:02:05:59 +0000] "GET /v3/services/4c67c01650f24276a1f61a40e697fe8d HTTP/1.1" 200 233
[Sun Jul 12 02:05:59.728384 2026] [wsgi:error] [pid 10:tid 140056404018880] [remote 10.0.0.31:38776] 2026-07-12 02:05:59.728 10 WARNING keystone.common.fernet_utils [None req-1e6d6236-8247-452c-9d1e-4737518bf480 - - - - - -] key_repository is world readable: /etc/keystone/fernet-keys/ 10.0.0.31 - - [12/Jul/2026:02:05:59 +0000] "POST /v3/auth/tokens HTTP/1.1" 201 1464 10.0.0.31 - - [12/Jul/2026:02:05:59 +0000] "GET /v3/endpoints HTTP/1.1" 200 1227 10.0.0.31 - - [12/Jul/2026:02:05:59 +0000] "GET /v3/services/4c67c01650f24276a1f61a40e697fe8d HTTP/1.1" 200 233 10.0.0.31 - - [12/Jul/2026:02:05:59 +0000] "GET /v3/services/4c67c01650f24276a1f61a40e697fe8d HTTP/1.1" 200 233 10.0.0.31 - - [12/Jul/2026:02:05:59 +0000] "GET /v3/services/4c67c01650f24276a1f61a40e697fe8d HTTP/1.1" 200 233 10.0.0.31 - - [12/Jul/2026:02:05:59 +0000] "GET / HTTP/1.1" 300 295
[Sun Jul 12 02:06:00.003680 2026] [wsgi:error] [pid 12:tid 140056404018880] [remote 10.0.0.31:38788] 2026-07-12 02:06:00.003 12 WARNING keystone.common.password_hashing [None req-63ab719a-18a2-4326-b12b-74aff8dde6ac - - - - - -] Truncating password to algorithm specific maximum length 72 characters.
[Sun Jul 12 02:06:00.275494 2026] [wsgi:error] [pid 12:tid 140056404018880] [remote 10.0.0.31:38788] 2026-07-12 02:06:00.275 12 WARNING keystone.common.fernet_utils [None req-63ab719a-18a2-4326-b12b-74aff8dde6ac - - - - - -] key_repository is world readable: /etc/keystone/fernet-keys/ 10.0.0.31 - - [12/Jul/2026:02:05:59 +0000] "POST /v3/auth/tokens HTTP/1.1" 201 1464 10.0.0.31 - - [12/Jul/2026:02:06:00 +0000] "GET /v3/endpoints HTTP/1.1" 200 1227 10.0.0.31 - - [12/Jul/2026:02:06:00 +0000] "GET /v3/services/4c67c01650f24276a1f61a40e697fe8d HTTP/1.1" 200 233 10.0.0.31 - - [12/Jul/2026:02:06:00 +0000] "GET /v3/services/4c67c01650f24276a1f61a40e697fe8d HTTP/1.1" 200 233 10.0.0.31 - - [12/Jul/2026:02:06:00 +0000] "GET /v3/services/4c67c01650f24276a1f61a40e697fe8d HTTP/1.1" 200 233 10.0.0.31 - - [12/Jul/2026:02:06:01 +0000] "GET / HTTP/1.1" 300 295
[Sun Jul 12 02:06:01.210412 2026] [wsgi:error] [pid 10:tid 140056404018880] [remote 10.0.0.31:41024] 2026-07-12 02:06:01.210 10 WARNING keystone.common.password_hashing [None req-62c4c6c3-b384-4907-abeb-e7354708f5fe - - - - - -] Truncating password to algorithm specific maximum length 72 characters. 10.0.0.31 - - [12/Jul/2026:02:06:01 +0000] "GET / HTTP/1.1" 300 295
[Sun Jul 12 02:06:01.355226 2026] [wsgi:error] [pid 12:tid 140056404018880] [remote 10.0.0.31:41038] 2026-07-12 02:06:01.354 12 WARNING keystone.common.password_hashing [None req-4728ea09-b799-4fd7-aeb3-d5717117280d - - - - - -] Truncating password to algorithm specific maximum length 72 characters.
[Sun Jul 12 02:06:01.484417 2026] [wsgi:error] [pid 10:tid 140056404018880] [remote 10.0.0.31:41024] 2026-07-12 02:06:01.484 10 WARNING keystone.common.fernet_utils [None req-62c4c6c3-b384-4907-abeb-e7354708f5fe - - - - - -] key_repository is world readable: /etc/keystone/fernet-keys/ 10.0.0.31 - - [12/Jul/2026:02:06:01 +0000] "POST /v3/auth/tokens HTTP/1.1" 201 1464
[Sun Jul 12 02:06:01.635291 2026] [wsgi:error] [pid 12:tid 140056404018880] [remote 10.0.0.31:41038] 2026-07-12 02:06:01.635 12 WARNING keystone.common.fernet_utils [None req-4728ea09-b799-4fd7-aeb3-d5717117280d - - - - - -] key_repository is world readable: /etc/keystone/fernet-keys/ 10.0.0.31 - - [12/Jul/2026:02:06:01 +0000] "POST /v3/auth/tokens HTTP/1.1" 201 1464 10.0.0.31 - - [12/Jul/2026:02:06:01 +0000] "GET /v3/services/c37904eaa1134a4d932de24681a2afa8 HTTP/1.1" 200 296 10.0.0.31 - - [12/Jul/2026:02:06:01 +0000] "GET /v3/regions/RegionOne HTTP/1.1" 200 173 10.0.0.31 - - [12/Jul/2026:02:06:01 +0000] "GET /v3/services/c37904eaa1134a4d932de24681a2afa8 HTTP/1.1" 200 296 10.0.0.31 - - [12/Jul/2026:02:06:01 +0000] "GET /v3/regions/RegionOne HTTP/1.1" 200 173 10.0.0.31 - - [12/Jul/2026:02:06:01 +0000] "POST /v3/endpoints HTTP/1.1" 201 380 10.0.0.31 - - [12/Jul/2026:02:06:01 +0000] "POST /v3/endpoints HTTP/1.1" 201 383 10.0.0.31 - - [12/Jul/2026:02:06:02 +0000] "GET / HTTP/1.1" 300 295
[Sun Jul 12 02:06:02.173953 2026] [wsgi:error] [pid 11:tid 140056404018880] [remote 10.0.0.31:41044] 2026-07-12 02:06:02.173 11 WARNING keystone.common.password_hashing [None req-aa3b7a10-3002-4b18-844a-98bb9ee4fbed - - - - - -] Truncating password to algorithm specific maximum length 72 characters.
[Sun Jul 12 02:06:02.448289 2026] [wsgi:error] [pid 11:tid 140056404018880] [remote 10.0.0.31:41044] 2026-07-12 02:06:02.448 11 WARNING keystone.common.fernet_utils [None req-aa3b7a10-3002-4b18-844a-98bb9ee4fbed - - - - - -] key_repository is world readable: /etc/keystone/fernet-keys/ 10.0.0.31 - - [12/Jul/2026:02:06:02 +0000] "POST /v3/auth/tokens HTTP/1.1" 201 1823 10.0.0.31 - - [12/Jul/2026:02:06:02 +0000] "GET /v3/services/c37904eaa1134a4d932de24681a2afa8 HTTP/1.1" 200 296 10.0.0.31 - - [12/Jul/2026:02:06:02 +0000] "GET /v3/regions/RegionOne HTTP/1.1" 200 173 10.0.0.31 - - [12/Jul/2026:02:06:02 +0000] "POST /v3/endpoints HTTP/1.1" 201 370 10.0.0.31 - - [12/Jul/2026:02:06:03 +0000] "GET / HTTP/1.1" 300 295
[Sun Jul 12 02:06:03.524955 2026] [wsgi:error] [pid 10:tid 140056404018880] [remote 10.0.0.31:41054] 2026-07-12 02:06:03.524 10 WARNING keystone.common.password_hashing [None req-a0cce8e4-9ed6-4689-97ff-59283b5a04d7 - - - - - -] Truncating password to algorithm specific maximum length 72 characters. 10.0.0.31 - - [12/Jul/2026:02:06:03 +0000] "GET / HTTP/1.1" 300 295
[Sun Jul 12 02:06:03.582405 2026] [wsgi:error] [pid 12:tid 140056404018880] [remote 10.0.0.31:41064] 2026-07-12 02:06:03.582 12 WARNING keystone.common.password_hashing [None req-fe7b10c7-9667-4115-afe1-dc92e47d8148 - - - - - -] Truncating password to algorithm specific maximum length 72 characters.
[Sun Jul 12 02:06:03.806672 2026] [wsgi:error] [pid 10:tid 140056404018880] [remote 10.0.0.31:41054] 2026-07-12 02:06:03.806 10 WARNING keystone.common.fernet_utils [None req-a0cce8e4-9ed6-4689-97ff-59283b5a04d7 - - - - - -] key_repository is world readable: /etc/keystone/fernet-keys/ 10.0.0.31 - - [12/Jul/2026:02:06:03 +0000] "POST /v3/auth/tokens HTTP/1.1" 201 1992
[Sun Jul 12 02:06:03.853562 2026] [wsgi:error] [pid 12:tid 140056404018880] [remote 10.0.0.31:41064] 2026-07-12 02:06:03.853 12 WARNING keystone.common.fernet_utils [None req-fe7b10c7-9667-4115-afe1-dc92e47d8148 - - - - - -] key_repository is world readable: /etc/keystone/fernet-keys/ 10.0.0.31 - - [12/Jul/2026:02:06:03 +0000] "POST /v3/auth/tokens HTTP/1.1" 201 1992 10.0.0.31 - - [12/Jul/2026:02:06:03 +0000] "GET /v3/endpoints/284e5ee6edd442b1a4783ae6f011f240 HTTP/1.1" 200 383 10.0.0.31 - - [12/Jul/2026:02:06:03 +0000] "GET /v3/services/c37904eaa1134a4d932de24681a2afa8 HTTP/1.1" 200 296 10.0.0.31 - - [12/Jul/2026:02:06:03 +0000] "GET /v3/endpoints/9c517d3f785f4a80a6aecec4f2a5633d HTTP/1.1" 200 380 10.0.0.31 - - [12/Jul/2026:02:06:03 +0000] "GET /v3/services/c37904eaa1134a4d932de24681a2afa8 HTTP/1.1" 200 296 10.0.0.31 - - [12/Jul/2026:02:06:04 +0000] "GET / HTTP/1.1" 300 295
[Sun Jul 12 02:06:04.414751 2026] [wsgi:error] [pid 9:tid 140056404018880] [remote 10.0.0.31:41080] 2026-07-12 02:06:04.414 9 WARNING keystone.common.password_hashing [None req-ef4277cf-cbd0-4a5f-a6db-e981a1bc33cf - - - - - -] Truncating password to algorithm specific maximum length 72 characters.
[Sun Jul 12 02:06:04.697631 2026] [wsgi:error] [pid 9:tid 140056404018880] [remote 10.0.0.31:41080] 2026-07-12 02:06:04.697 9 WARNING keystone.common.fernet_utils [None req-ef4277cf-cbd0-4a5f-a6db-e981a1bc33cf - - - - - -] key_repository is world readable: /etc/keystone/fernet-keys/ 10.0.0.31 - - [12/Jul/2026:02:06:04 +0000] "POST /v3/auth/tokens HTTP/1.1" 201 1992 10.0.0.31 - - [12/Jul/2026:02:06:04 +0000] "GET /v3/endpoints/c439b330711e48bfaedeca528352de0b HTTP/1.1" 200 370 10.0.0.31 - - [12/Jul/2026:02:06:04 +0000] "GET /v3/services/c37904eaa1134a4d932de24681a2afa8 HTTP/1.1" 200 296 10.0.0.166 - - [12/Jul/2026:02:06:16 +0000] "GET / HTTP/1.1" 300 295
[Sun Jul 12 02:06:16.405052 2026] [wsgi:error] [pid 9:tid 140056404018880] [remote 10.0.0.166:45132] 2026-07-12 02:06:16.404 9 WARNING keystone.common.password_hashing [None req-435d48f4-a807-4b22-98b6-030af6ab8218 - - - - - -] Truncating password to algorithm specific maximum length 72 characters.
[Sun Jul 12 02:06:16.674434 2026] [wsgi:error] [pid 9:tid 140056404018880] [remote 10.0.0.166:45132] 2026-07-12 02:06:16.674 9 WARNING keystone.common.fernet_utils [None req-435d48f4-a807-4b22-98b6-030af6ab8218 - - - - - -] key_repository is world readable: /etc/keystone/fernet-keys/ 10.0.0.166 - - [12/Jul/2026:02:06:16 +0000] "POST /v3/auth/tokens HTTP/1.1" 201 1992 10.0.0.166 - - [12/Jul/2026:02:06:16 +0000] "POST /v3/domains HTTP/1.1" 201 284 10.0.0.166 - - [12/Jul/2026:02:06:18 +0000] "GET / HTTP/1.1" 300 295
[Sun Jul 12 02:06:18.341876 2026] [wsgi:error] [pid 11:tid 140056404018880] [remote 10.0.0.166:45144] 2026-07-12 02:06:18.341 11 WARNING keystone.common.password_hashing [None req-7102dd30-1cd1-4bcf-876b-bb8d63be7b24 - - - - - -] Truncating password to algorithm specific maximum length 72 characters.
[Sun Jul 12 02:06:18.615269 2026] [wsgi:error] [pid 11:tid 140056404018880] [remote 10.0.0.166:45144] 2026-07-12 02:06:18.615 11 WARNING keystone.common.fernet_utils [None req-7102dd30-1cd1-4bcf-876b-bb8d63be7b24 - - - - - -] key_repository is world readable: /etc/keystone/fernet-keys/ 10.0.0.235 - - [12/Jul/2026:02:06:18 +0000] "GET /v3/ HTTP/1.1" 200 250 10.0.0.235 - - [12/Jul/2026:02:06:18 +0000] "GET /v3/ HTTP/1.1" 200 250 10.0.0.166 - - [12/Jul/2026:02:06:18 +0000] "POST /v3/auth/tokens HTTP/1.1" 201 1992
[Sun Jul 12 02:06:18.803187 2026] [wsgi:error] [pid 12:tid 140056404018880] [remote 10.0.0.166:45144] 2026-07-12 02:06:18.788 12 ERROR keystone.server.flask.application [None req-534bd665-575f-4e8f-8939-1ae87ec828f3 73c87c74924e43ec99d488a7201884e4 f31f3208ec054e73a3074958b07fa407 - - default default] Conflict occurred attempting to store project - it is not permitted to have two projects acting as domains with the same name: service.: keystone.exception.Conflict: Conflict occurred attempting to store project - it is not permitted to have two projects acting as domains with the same name: service.
[Sun Jul 12 02:06:18.803272 2026] [wsgi:error] [pid 12:tid 140056404018880] [remote 10.0.0.166:45144] 2026-07-12 02:06:18.788 12 ERROR keystone.server.flask.application
Traceback (most recent call last):
[Sun Jul 12 02:06:18.803286 2026] [wsgi:error] [pid 12:tid 140056404018880] [remote 10.0.0.166:45144] 2026-07-12 02:06:18.788 12 ERROR keystone.server.flask.application
File "/var/lib/openstack/lib/python3.12/site-packages/sqlalchemy/engine/base.py", line 1969, in _exec_single_context
[Sun Jul 12 02:06:18.803298 2026] [wsgi:error] [pid 12:tid 140056404018880] [remote 10.0.0.166:45144] 2026-07-12 02:06:18.788 12 ERROR keystone.server.flask.application self.dialect.do_execute(
[Sun Jul 12 02:06:18.803310 2026] [wsgi:error] [pid 12:tid 140056404018880] [remote 10.0.0.166:45144] 2026-07-12 02:06:18.788 12 ERROR keystone.server.flask.application
File "/var/lib/openstack/lib/python3.12/site-packages/sqlalchemy/engine/default.py", line 952, in do_execute
[Sun Jul 12 02:06:18.803320 2026] [wsgi:error] [pid 12:tid 140056404018880] [remote 10.0.0.166:45144] 2026-07-12 02:06:18.788 12 ERROR keystone.server.flask.application cursor.execute(statement, parameters)
[Sun Jul 12 02:06:18.803331 2026] [wsgi:error] [pid 12:tid 140056404018880] [remote 10.0.0.166:45144] 2026-07-12 02:06:18.788 12 ERROR keystone.server.flask.application
File "/var/lib/openstack/lib/python3.12/site-packages/pymysql/cursors.py", line 159, in execute
[Sun Jul 12 02:06:18.803341 2026] [wsgi:error] [pid 12:tid 140056404018880] [remote 10.0.0.166:45144] 2026-07-12 02:06:18.788 12 ERROR keystone.server.flask.application result = self._query(query)
[Sun Jul 12 02:06:18.803351 2026] [wsgi:error] [pid 12:tid 140056404018880] [remote 10.0.0.166:45144] 2026-07-12 02:06:18.788 12 ERROR keystone.server.flask.application ^^^^^^^^^^^^^^^^^^
[Sun Jul 12 02:06:18.803361 2026] [wsgi:error] [pid 12:tid 140056404018880] [remote 10.0.0.166:45144] 2026-07-12 02:06:18.788 12 ERROR keystone.server.flask.application
File "/var/lib/openstack/lib/python3.12/site-packages/pymysql/cursors.py", line 330, in _query
[Sun Jul 12 02:06:18.803371 2026] [wsgi:error] [pid 12:tid 140056404018880] [remote 10.0.0.166:45144] 2026-07-12 02:06:18.788 12 ERROR keystone.server.flask.application conn.query(q)
[Sun Jul 12 02:06:18.803386 2026] [wsgi:error] [pid 12:tid 140056404018880] [remote 10.0.0.166:45144] 2026-07-12 02:06:18.788 12 ERROR keystone.server.flask.application
File "/var/lib/openstack/lib/python3.12/site-packages/pymysql/connections.py", line 582, in query
[Sun Jul 12 02:06:18.803403 2026] [wsgi:error] [pid 12:tid 140056404018880] [remote 10.0.0.166:45144] 2026-07-12 02:06:18.788 12 ERROR keystone.server.flask.application self._affected_rows = self._read_query_result(unbuffered=unbuffered)
[Sun Jul 12 02:06:18.803415 2026] [wsgi:error] [pid 12:tid 140056404018880] [remote 10.0.0.166:45144] 2026-07-12 02:06:18.788 12 ERROR keystone.server.flask.application ^^^^^^^^^^^^^^^^^^^^^^^^^^^^^^^^^^^^^^^^^^^^^^
[Sun Jul 12 02:06:18.803426 2026] [wsgi:error] [pid 12:tid 140056404018880] [remote 10.0.0.166:45144] 2026-07-12 02:06:18.788 12 ERROR keystone.server.flask.application
File "/var/lib/openstack/lib/python3.12/site-packages/pymysql/connections.py", line 847, in _read_query_result
[Sun Jul 12 02:06:18.803436 2026] [wsgi:error] [pid 12:tid 140056404018880] [remote 10.0.0.166:45144] 2026-07-12 02:06:18.788 12 ERROR keystone.server.flask.application result.read()
[Sun Jul 12 02:06:18.803446 2026] [wsgi:error] [pid 12:tid 140056404018880] [remote 10.0.0.166:45144] 2026-07-12 02:06:18.788 12 ERROR keystone.server.flask.application
File "/var/lib/openstack/lib/python3.12/site-packages/pymysql/connections.py", line 1245, in read
[Sun Jul 12 02:06:18.803459 2026] [wsgi:error] [pid 12:tid 140056404018880] [remote 10.0.0.166:45144] 2026-07-12 02:06:18.788 12 ERROR keystone.server.flask.application first_packet = self.connection._read_packet()
[Sun Jul 12 02:06:18.803470 2026] [wsgi:error] [pid 12:tid 140056404018880] [remote 10.0.0.166:45144] 2026-07-12 02:06:18.788 12 ERROR keystone.server.flask.application ^^^^^^^^^^^^^^^^^^^^^^^^^^^^^^
[Sun Jul 12 02:06:18.803480 2026] [wsgi:error] [pid 12:tid 140056404018880] [remote 10.0.0.166:45144] 2026-07-12 02:06:18.788 12 ERROR keystone.server.flask.application
File "/var/lib/openstack/lib/python3.12/site-packages/pymysql/connections.py", line 803, in _read_packet
[Sun Jul 12 02:06:18.803492 2026] [wsgi:error] [pid 12:tid 140056404018880] [remote 10.0.0.166:45144] 2026-07-12 02:06:18.788 12 ERROR keystone.server.flask.application packet.raise_for_error()
[Sun Jul 12 02:06:18.803503 2026] [wsgi:error] [pid 12:tid 140056404018880] [remote 10.0.0.166:45144] 2026-07-12 02:06:18.788 12 ERROR keystone.server.flask.application
File "/var/lib/openstack/lib/python3.12/site-packages/pymysql/protocol.py", line 219, in raise_for_error
[Sun Jul 12 02:06:18.803513 2026] [wsgi:error] [pid 12:tid 140056404018880] [remote 10.0.0.166:45144] 2026-07-12 02:06:18.788 12 ERROR keystone.server.flask.application err.raise_mysql_exception(self._data)
[Sun Jul 12 02:06:18.803523 2026] [wsgi:error] [pid 12:tid 140056404018880] [remote 10.0.0.166:45144] 2026-07-12 02:06:18.788 12 ERROR keystone.server.flask.application
File "/var/lib/openstack/lib/python3.12/site-packages/pymysql/err.py", line 154, in raise_mysql_exception
[Sun Jul 12 02:06:18.803533 2026] [wsgi:error] [pid 12:tid 140056404018880] [remote 10.0.0.166:45144] 2026-07-12 02:06:18.788 12 ERROR keystone.server.flask.application raise errorclass(errno, errval, sqlstate=sqlstate)
[Sun Jul 12 02:06:18.803546 2026] [wsgi:error] [pid 12:tid 140056404018880] [remote 10.0.0.166:45144] 2026-07-12 02:06:18.788 12 ERROR keystone.server.flask.application pymysql.err.IntegrityError: (1062, "Duplicate entry '<>-service' for key 'project.ixu_project_name_domain_id'")
[Sun Jul 12 02:06:18.803557 2026] [wsgi:error] [pid 12:tid 140056404018880] [remote 10.0.0.166:45144] 2026-07-12 02:06:18.788 12 ERROR keystone.server.flask.application
[Sun Jul 12 02:06:18.803568 2026] [wsgi:error] [pid 12:tid 140056404018880] [remote 10.0.0.166:45144] 2026-07-12 02:06:18.788 12 ERROR keystone.server.flask.application The above exception was the direct cause of the following exception:
[Sun Jul 12 02:06:18.803591 2026] [wsgi:error] [pid 12:tid 140056404018880] [remote 10.0.0.166:45144] 2026-07-12 02:06:18.788 12 ERROR keystone.server.flask.application
[Sun Jul 12 02:06:18.803603 2026] [wsgi:error] [pid 12:tid 140056404018880] [remote 10.0.0.166:45144] 2026-07-12 02:06:18.788 12 ERROR keystone.server.flask.application
Traceback (most recent call last):
[Sun Jul 12 02:06:18.803614 2026] [wsgi:error] [pid 12:tid 140056404018880] [remote 10.0.0.166:45144] 2026-07-12 02:06:18.788 12 ERROR keystone.server.flask.application
File "/var/lib/openstack/lib/python3.12/site-packages/keystone/common/sql/core.py", line 575, in wrapper
[Sun Jul 12 02:06:18.803624 2026] [wsgi:error] [pid 12:tid 140056404018880] [remote 10.0.0.166:45144] 2026-07-12 02:06:18.788 12 ERROR keystone.server.flask.application return method(*args, **kwargs)
[Sun Jul 12 02:06:18.803643 2026] [wsgi:error] [pid 12:tid 140056404018880] [remote 10.0.0.166:45144] 2026-07-12 02:06:18.788 12 ERROR keystone.server.flask.application ^^^^^^^^^^^^^^^^^^^^^^^
[Sun Jul 12 02:06:18.803654 2026] [wsgi:error] [pid 12:tid 140056404018880] [remote 10.0.0.166:45144] 2026-07-12 02:06:18.788 12 ERROR keystone.server.flask.application
File "/var/lib/openstack/lib/python3.12/site-packages/keystone/resource/backends/sql.py", line 278, in create_project
[Sun Jul 12 02:06:18.803670 2026] [wsgi:error] [pid 12:tid 140056404018880] [remote 10.0.0.166:45144] 2026-07-12 02:06:18.788 12 ERROR keystone.server.flask.application with sql.session_for_write() as session:
[Sun Jul 12 02:06:18.803680 2026] [wsgi:error] [pid 12:tid 140056404018880] [remote 10.0.0.166:45144] 2026-07-12 02:06:18.788 12 ERROR keystone.server.flask.application
File "/usr/lib/python3.12/contextlib.py", line 144, in __exit__
[Sun Jul 12 02:06:18.803693 2026] [wsgi:error] [pid 12:tid 140056404018880] [remote 10.0.0.166:45144] 2026-07-12 02:06:18.788 12 ERROR keystone.server.flask.application next(self.gen)
[Sun Jul 12 02:06:18.803704 2026] [wsgi:error] [pid 12:tid 140056404018880] [remote 10.0.0.166:45144] 2026-07-12 02:06:18.788 12 ERROR keystone.server.flask.application
File "/var/lib/openstack/lib/python3.12/site-packages/oslo_db/sqlalchemy/enginefacade.py", line 1175, in _transaction_scope
[Sun Jul 12 02:06:18.803715 2026] [wsgi:error] [pid 12:tid 140056404018880] [remote 10.0.0.166:45144] 2026-07-12 02:06:18.788 12 ERROR keystone.server.flask.application with current._produce_block(
[Sun Jul 12 02:06:18.803730 2026] [wsgi:error] [pid 12:tid 140056404018880] [remote 10.0.0.166:45144] 2026-07-12 02:06:18.788 12 ERROR keystone.server.flask.application
File "/usr/lib/python3.12/contextlib.py", line 144, in __exit__
[Sun Jul 12 02:06:18.803741 2026] [wsgi:error] [pid 12:tid 140056404018880] [remote 10.0.0.166:45144] 2026-07-12 02:06:18.788 12 ERROR keystone.server.flask.application next(self.gen)
[Sun Jul 12 02:06:18.803754 2026] [wsgi:error] [pid 12:tid 140056404018880] [remote 10.0.0.166:45144] 2026-07-12 02:06:18.788 12 ERROR keystone.server.flask.application
File "/var/lib/openstack/lib/python3.12/site-packages/oslo_db/sqlalchemy/enginefacade.py", line 837, in _session
[Sun Jul 12 02:06:18.803769 2026] [wsgi:error] [pid 12:tid 140056404018880] [remote 10.0.0.166:45144] 2026-07-12 02:06:18.788 12 ERROR keystone.server.flask.application with excutils.save_and_reraise_exception():
[Sun Jul 12 02:06:18.803780 2026] [wsgi:error] [pid 12:tid 140056404018880] [remote 10.0.0.166:45144] 2026-07-12 02:06:18.788 12 ERROR keystone.server.flask.application
File "/var/lib/openstack/lib/python3.12/site-packages/oslo_utils/excutils.py", line 266, in __exit__
[Sun Jul 12 02:06:18.803792 2026] [wsgi:error] [pid 12:tid 140056404018880] [remote 10.0.0.166:45144] 2026-07-12 02:06:18.788 12 ERROR keystone.server.flask.application self.force_reraise()
[Sun Jul 12 02:06:18.803804 2026] [wsgi:error] [pid 12:tid 140056404018880] [remote 10.0.0.166:45144] 2026-07-12 02:06:18.788 12 ERROR keystone.server.flask.application
File "/var/lib/openstack/lib/python3.12/site-packages/oslo_utils/excutils.py", line 232, in force_reraise
[Sun Jul 12 02:06:18.803815 2026] [wsgi:error] [pid 12:tid 140056404018880] [remote 10.0.0.166:45144] 2026-07-12 02:06:18.788 12 ERROR keystone.server.flask.application raise self.value
[Sun Jul 12 02:06:18.803829 2026] [wsgi:error] [pid 12:tid 140056404018880] [remote 10.0.0.166:45144] 2026-07-12 02:06:18.788 12 ERROR keystone.server.flask.application
File "/var/lib/openstack/lib/python3.12/site-packages/oslo_db/sqlalchemy/enginefacade.py", line 835, in _session
[Sun Jul 12 02:06:18.803840 2026] [wsgi:error] [pid 12:tid 140056404018880] [remote 10.0.0.166:45144] 2026-07-12 02:06:18.788 12 ERROR keystone.server.flask.application self._end_session_transaction(self.session)
[Sun Jul 12 02:06:18.803854 2026] [wsgi:error] [pid 12:tid 140056404018880] [remote 10.0.0.166:45144] 2026-07-12 02:06:18.788 12 ERROR keystone.server.flask.application
File "/var/lib/openstack/lib/python3.12/site-packages/oslo_db/sqlalchemy/enginefacade.py", line 748, in _end_session_transaction
[Sun Jul 12 02:06:18.803865 2026] [wsgi:error] [pid 12:tid 140056404018880] [remote 10.0.0.166:45144] 2026-07-12 02:06:18.788 12 ERROR keystone.server.flask.application session.commit()
[Sun Jul 12 02:06:18.803913 2026] [wsgi:error] [pid 12:tid 140056404018880] [remote 10.0.0.166:45144] 2026-07-12 02:06:18.788 12 ERROR keystone.server.flask.application
File "/var/lib/openstack/lib/python3.12/site-packages/sqlalchemy/orm/session.py", line 2034, in commit
[Sun Jul 12 02:06:18.803930 2026] [wsgi:error] [pid 12:tid 140056404018880] [remote 10.0.0.166:45144] 2026-07-12 02:06:18.788 12 ERROR keystone.server.flask.application trans.commit(_to_root=True)
[Sun Jul 12 02:06:18.803942 2026] [wsgi:error] [pid 12:tid 140056404018880] [remote 10.0.0.166:45144] 2026-07-12 02:06:18.788 12 ERROR keystone.server.flask.application File "", line 2, in commit
[Sun Jul 12 02:06:18.803956 2026] [wsgi:error] [pid 12:tid 140056404018880] [remote 10.0.0.166:45144] 2026-07-12 02:06:18.788 12 ERROR keystone.server.flask.application
File "/var/lib/openstack/lib/python3.12/site-packages/sqlalchemy/orm/state_changes.py", line 137, in _go
[Sun Jul 12 02:06:18.803969 2026] [wsgi:error] [pid 12:tid 140056404018880] [remote 10.0.0.166:45144] 2026-07-12 02:06:18.788 12 ERROR keystone.server.flask.application ret_value = fn(self, *arg, **kw)
[Sun Jul 12 02:06:18.803982 2026] [wsgi:error] [pid 12:tid 140056404018880] [remote 10.0.0.166:45144] 2026-07-12 02:06:18.788 12 ERROR keystone.server.flask.application ^^^^^^^^^^^^^^^^^^^^
[Sun Jul 12 02:06:18.804000 2026] [wsgi:error] [pid 12:tid 140056404018880] [remote 10.0.0.166:45144] 2026-07-12 02:06:18.788 12 ERROR keystone.server.flask.application
File "/var/lib/openstack/lib/python3.12/site-packages/sqlalchemy/orm/session.py", line 1315, in commit
[Sun Jul 12 02:06:18.804011 2026] [wsgi:error] [pid 12:tid 140056404018880] [remote 10.0.0.166:45144] 2026-07-12 02:06:18.788 12 ERROR keystone.server.flask.application self._prepare_impl()
[Sun Jul 12 02:06:18.804022 2026] [wsgi:error] [pid 12:tid 140056404018880] [remote 10.0.0.166:45144] 2026-07-12 02:06:18.788 12 ERROR keystone.server.flask.application File "", line 2, in _prepare_impl
[Sun Jul 12 02:06:18.804032 2026] [wsgi:error] [pid 12:tid 140056404018880] [remote 10.0.0.166:45144] 2026-07-12 02:06:18.788 12 ERROR keystone.server.flask.application
File "/var/lib/openstack/lib/python3.12/site-packages/sqlalchemy/orm/state_changes.py", line 137, in _go
[Sun Jul 12 02:06:18.804043 2026] [wsgi:error] [pid 12:tid 140056404018880] [remote 10.0.0.166:45144] 2026-07-12 02:06:18.788 12 ERROR keystone.server.flask.application ret_value = fn(self, *arg, **kw)
[Sun Jul 12 02:06:18.804058 2026] [wsgi:error] [pid 12:tid 140056404018880] [remote 10.0.0.166:45144] 2026-07-12 02:06:18.788 12 ERROR keystone.server.flask.application ^^^^^^^^^^^^^^^^^^^^
[Sun Jul 12 02:06:18.804079 2026] [wsgi:error] [pid 12:tid 140056404018880] [remote 10.0.0.166:45144] 2026-07-12 02:06:18.788 12 ERROR keystone.server.flask.application
File "/var/lib/openstack/lib/python3.12/site-packages/sqlalchemy/orm/session.py", line 1290, in _prepare_impl
[Sun Jul 12 02:06:18.804094 2026] [wsgi:error] [pid 12:tid 140056404018880] [remote 10.0.0.166:45144] 2026-07-12 02:06:18.788 12 ERROR keystone.server.flask.application self.session.flush()
[Sun Jul 12 02:06:18.804106 2026] [wsgi:error] [pid 12:tid 140056404018880] [remote 10.0.0.166:45144] 2026-07-12 02:06:18.788 12 ERROR keystone.server.flask.application
File "/var/lib/openstack/lib/python3.12/site-packages/sqlalchemy/orm/session.py", line 4352, in flush
[Sun Jul 12 02:06:18.804116 2026] [wsgi:error] [pid 12:tid 140056404018880] [remote 10.0.0.166:45144] 2026-07-12 02:06:18.788 12 ERROR keystone.server.flask.application self._flush(objects)
[Sun Jul 12 02:06:18.804126 2026] [wsgi:error] [pid 12:tid 140056404018880] [remote 10.0.0.166:45144] 2026-07-12 02:06:18.788 12 ERROR keystone.server.flask.application
File "/var/lib/openstack/lib/python3.12/site-packages/sqlalchemy/orm/session.py", line 4487, in _flush
[Sun Jul 12 02:06:18.804137 2026] [wsgi:error] [pid 12:tid 140056404018880] [remote 10.0.0.166:45144] 2026-07-12 02:06:18.788 12 ERROR keystone.server.flask.application with util.safe_reraise():
[Sun Jul 12 02:06:18.804148 2026] [wsgi:error] [pid 12:tid 140056404018880] [remote 10.0.0.166:45144] 2026-07-12 02:06:18.788 12 ERROR keystone.server.flask.application
File "/var/lib/openstack/lib/python3.12/site-packages/sqlalchemy/util/langhelpers.py", line 122, in __exit__
[Sun Jul 12 02:06:18.804159 2026] [wsgi:error] [pid 12:tid 140056404018880] [remote 10.0.0.166:45144] 2026-07-12 02:06:18.788 12 ERROR keystone.server.flask.application raise exc_value.with_traceback(exc_tb)
[Sun Jul 12 02:06:18.804184 2026] [wsgi:error] [pid 12:tid 140056404018880] [remote 10.0.0.166:45144] 2026-07-12 02:06:18.788 12 ERROR keystone.server.flask.application
File "/var/lib/openstack/lib/python3.12/site-packages/sqlalchemy/orm/session.py", line 4448, in _flush
[Sun Jul 12 02:06:18.804195 2026] [wsgi:error] [pid 12:tid 140056404018880] [remote 10.0.0.166:45144] 2026-07-12 02:06:18.788 12 ERROR keystone.server.flask.application flush_context.execute()
[Sun Jul 12 02:06:18.804206 2026] [wsgi:error] [pid 12:tid 140056404018880] [remote 10.0.0.166:45144] 2026-07-12 02:06:18.788 12 ERROR keystone.server.flask.application
