2026-07-12 03:09:29.692 8 INFO neutron.db.ovn_revision_numbers_db [None req-a2e336f9-6d95-40d1-be38-bc4f9a92efe3 1851cc1301fc4dfd80b5070e50747569 72571b4cb1f7448d9f178e346a10651d - - default default] Successfully bumped revision number for resource a97a690f-2c48-44d3-bb33-a2e954f02274 (type: ports) to 1 [pid: 8|app: 0|req: 1014/2047] 10.0.0.12 () {34 vars in 668 bytes} [Sun Jul 12 03:09:28 2026] POST /v2.0/networks => generated 768 bytes in 886 msecs (HTTP/1.1 201) 4 headers in 162 bytes (1 switches on core 0)
2026-07-12 03:09:29.781 7 WARNING neutron.db.securitygroups_db [None req-0aef5c91-97d7-4c83-a71f-b3b98fa5a66c 73c87c74924e43ec99d488a7201884e4 f31f3208ec054e73a3074958b07fa407 - - default default] project_id key not found in filters, using tenant_id instead. This support has been deprecated and will be removed in a future release.
2026-07-12 03:09:29.845 8 WARNING neutron.scheduler.dhcp_agent_scheduler [None req-841fc2dd-3fe0-41aa-8726-6d13269784ab 1851cc1301fc4dfd80b5070e50747569 72571b4cb1f7448d9f178e346a10651d - - default default] No more DHCP agents
2026-07-12 03:09:29.847 8 WARNING neutron.api.rpc.agentnotifiers.dhcp_rpc_agent_api [None req-841fc2dd-3fe0-41aa-8726-6d13269784ab 1851cc1301fc4dfd80b5070e50747569 72571b4cb1f7448d9f178e346a10651d - - default default] Unable to schedule network bdca650d-78e8-4c0d-9e78-dd7b9c3596be: no agents available; will retry on subsequent port and subnet creation events.
2026-07-12 03:09:29.899 7 INFO neutron.db.ovn_revision_numbers_db [None req-0aef5c91-97d7-4c83-a71f-b3b98fa5a66c 73c87c74924e43ec99d488a7201884e4 f31f3208ec054e73a3074958b07fa407 - - default default] Successfully bumped revision number for resource 64032dc2-7dec-4ccd-80c1-689b9007da29 (type: security_groups) to 1
2026-07-12 03:09:29.912 7 INFO neutron.db.ovn_revision_numbers_db [None req-0aef5c91-97d7-4c83-a71f-b3b98fa5a66c 73c87c74924e43ec99d488a7201884e4 f31f3208ec054e73a3074958b07fa407 - - default default] Successfully bumped revision number for resource 5a8df718-a4f3-4c2b-a183-ccb759514e62 (type: security_group_rules) to 0
2026-07-12 03:09:29.931 7 INFO neutron.db.ovn_revision_numbers_db [None req-0aef5c91-97d7-4c83-a71f-b3b98fa5a66c 73c87c74924e43ec99d488a7201884e4 f31f3208ec054e73a3074958b07fa407 - - default default] Successfully bumped revision number for resource 6bdcb473-929e-4fed-a14a-d06e6584c7d0 (type: security_group_rules) to 0
2026-07-12 03:09:29.945 7 INFO neutron.db.ovn_revision_numbers_db [None req-0aef5c91-97d7-4c83-a71f-b3b98fa5a66c 73c87c74924e43ec99d488a7201884e4 f31f3208ec054e73a3074958b07fa407 - - default default] Successfully bumped revision number for resource 90a3f8ec-f147-4555-a235-872936ffbc74 (type: security_group_rules) to 0
2026-07-12 03:09:29.958 7 INFO neutron.db.ovn_revision_numbers_db [None req-0aef5c91-97d7-4c83-a71f-b3b98fa5a66c 73c87c74924e43ec99d488a7201884e4 f31f3208ec054e73a3074958b07fa407 - - default default] Successfully bumped revision number for resource c98c97f2-22a4-4b37-9ef1-719a997b2027 (type: security_group_rules) to 0 [pid: 7|app: 0|req: 1034/2048] 10.0.0.12 () {32 vars in 772 bytes} [Sun Jul 12 03:09:29 2026] GET /v2.0/security-groups?tenant_id=38d00bff5b804c02a5c9f35954413e44&name=default => generated 2925 bytes in 329 msecs (HTTP/1.1 200) 4 headers in 158 bytes (1 switches on core 0)
2026-07-12 03:09:30.216 7 INFO neutron.db.ovn_revision_numbers_db [None req-696bc487-e95e-49f6-97fb-51dc763858b2 3473131c33924c45b07b94c774c5a9c8 49bc753cfebd421f8aec3194b309a59f - - default default] Successfully bumped revision number for resource 354e25fe-38c8-49c4-9fa6-2c0d3fc8ebdd (type: security_groups) to 1
2026-07-12 03:09:30.227 7 INFO neutron.db.ovn_revision_numbers_db [None req-696bc487-e95e-49f6-97fb-51dc763858b2 3473131c33924c45b07b94c774c5a9c8 49bc753cfebd421f8aec3194b309a59f - - default default] Successfully bumped revision number for resource 2cc49a67-eb02-45f7-8e82-af9b148072d7 (type: security_group_rules) to 0
2026-07-12 03:09:30.238 7 INFO neutron.db.ovn_revision_numbers_db [None req-696bc487-e95e-49f6-97fb-51dc763858b2 3473131c33924c45b07b94c774c5a9c8 49bc753cfebd421f8aec3194b309a59f - - default default] Successfully bumped revision number for resource 2ed4d30f-469c-421c-ac34-53184fc5c90c (type: security_group_rules) to 0
2026-07-12 03:09:30.249 7 INFO neutron.db.ovn_revision_numbers_db [None req-696bc487-e95e-49f6-97fb-51dc763858b2 3473131c33924c45b07b94c774c5a9c8 49bc753cfebd421f8aec3194b309a59f - - default default] Successfully bumped revision number for resource 82171931-241a-4a6a-9998-493f6c4bd884 (type: security_group_rules) to 0
2026-07-12 03:09:30.261 7 INFO neutron.db.ovn_revision_numbers_db [None req-696bc487-e95e-49f6-97fb-51dc763858b2 3473131c33924c45b07b94c774c5a9c8 49bc753cfebd421f8aec3194b309a59f - - default default] Successfully bumped revision number for resource d92c80b7-eadc-4e9e-a507-367c1b087003 (type: security_group_rules) to 0
2026-07-12 03:09:30.320 7 INFO neutron.db.segments_db [None req-696bc487-e95e-49f6-97fb-51dc763858b2 3473131c33924c45b07b94c774c5a9c8 49bc753cfebd421f8aec3194b309a59f - - default default] Added segment 4a0c6ffe-bbc3-4605-9938-86232d5e7a1d of type geneve for network 0732ee77-578f-43e2-9e44-99db2efbb327
2026-07-12 03:09:30.344 8 INFO neutron.db.ovn_revision_numbers_db [None req-841fc2dd-3fe0-41aa-8726-6d13269784ab 1851cc1301fc4dfd80b5070e50747569 72571b4cb1f7448d9f178e346a10651d - - default default] Successfully bumped revision number for resource a97a690f-2c48-44d3-bb33-a2e954f02274 (type: ports) to 2
2026-07-12 03:09:30.379 8 INFO neutron.db.ovn_revision_numbers_db [None req-841fc2dd-3fe0-41aa-8726-6d13269784ab 1851cc1301fc4dfd80b5070e50747569 72571b4cb1f7448d9f178e346a10651d - - default default] Successfully bumped revision number for resource 2e9eead1-949a-4a84-815c-a55e5181fb84 (type: subnets) to 0 [pid: 8|app: 0|req: 1015/2049] 10.0.0.12 () {34 vars in 667 bytes} [Sun Jul 12 03:09:29 2026] POST /v2.0/subnets => generated 644 bytes in 685 msecs (HTTP/1.1 201) 4 headers in 162 bytes (1 switches on core 0)
2026-07-12 03:09:30.408 7 INFO neutron.db.ovn_revision_numbers_db [None req-696bc487-e95e-49f6-97fb-51dc763858b2 3473131c33924c45b07b94c774c5a9c8 49bc753cfebd421f8aec3194b309a59f - - default default] Successfully bumped revision number for resource 0732ee77-578f-43e2-9e44-99db2efbb327 (type: networks) to 1 [pid: 8|app: 0|req: 1016/2050] 10.0.0.12 () {32 vars in 738 bytes} [Sun Jul 12 03:09:30 2026] DELETE /v2.0/security-groups/64032dc2-7dec-4ccd-80c1-689b9007da29 => generated 0 bytes in 165 msecs (HTTP/1.1 204) 2 headers in 112 bytes (1 switches on core 0)
2026-07-12 03:09:30.573 7 WARNING neutron.scheduler.dhcp_agent_scheduler [None req-696bc487-e95e-49f6-97fb-51dc763858b2 3473131c33924c45b07b94c774c5a9c8 49bc753cfebd421f8aec3194b309a59f - - default default] No more DHCP agents
2026-07-12 03:09:30.577 7 WARNING neutron.api.rpc.agentnotifiers.dhcp_rpc_agent_api [None req-696bc487-e95e-49f6-97fb-51dc763858b2 3473131c33924c45b07b94c774c5a9c8 49bc753cfebd421f8aec3194b309a59f - - default default] Unable to schedule network 0732ee77-578f-43e2-9e44-99db2efbb327: no agents available; will retry on subsequent port and subnet creation events.
2026-07-12 03:09:30.578 8 WARNING neutron.api.v2.base [None req-6044476f-ebdb-4a7a-81f5-42f177ac2f64 1851cc1301fc4dfd80b5070e50747569 72571b4cb1f7448d9f178e346a10651d - - default default] An exception happened while processing the request body. The exception message is [Invalid input for target_tenant. Reason: 'None' is not a valid string.].: webob.exc.HTTPBadRequest: Invalid input for target_tenant. Reason: 'None' is not a valid string.
2026-07-12 03:09:30.579 8 INFO neutron.api.v2.resource [None req-6044476f-ebdb-4a7a-81f5-42f177ac2f64 1851cc1301fc4dfd80b5070e50747569 72571b4cb1f7448d9f178e346a10651d - - default default] create failed (client error): Invalid input for target_tenant. Reason: 'None' is not a valid string. [pid: 8|app: 0|req: 1019/2053] 10.0.0.12 () {34 vars in 679 bytes} [Sun Jul 12 03:09:30 2026] POST /v2.0/rbac-policies => generated 143 bytes in 9 msecs (HTTP/1.1 400) 4 headers in 166 bytes (1 switches on core 0)
2026-07-12 03:09:30.626 8 INFO neutron.plugins.ml2.drivers.ovn.mech_driver.mech_driver [None req-c8e7484f-c793-4483-8037-ac915511db6a - - - - - -] OVN reports status down for port: 703719a7-e849-473c-83c8-8d07bd01da38
2026-07-12 03:09:30.653 7 INFO neutron.db.ovn_revision_numbers_db [None req-696bc487-e95e-49f6-97fb-51dc763858b2 3473131c33924c45b07b94c774c5a9c8 49bc753cfebd421f8aec3194b309a59f - - default default] Successfully bumped revision number for resource 703719a7-e849-473c-83c8-8d07bd01da38 (type: ports) to 1 [pid: 7|app: 0|req: 1035/2054] 10.0.0.12 () {34 vars in 668 bytes} [Sun Jul 12 03:09:30 2026] POST /v2.0/networks => generated 670 bytes in 673 msecs (HTTP/1.1 201) 4 headers in 162 bytes (1 switches on core 0)
2026-07-12 03:09:30.678 7 WARNING neutron.db.securitygroups_db [None req-8e54ce73-0193-4f32-90ab-1a95374f8b1d 73c87c74924e43ec99d488a7201884e4 f31f3208ec054e73a3074958b07fa407 - - default default] project_id key not found in filters, using tenant_id instead. This support has been deprecated and will be removed in a future release.
2026-07-12 03:09:30.770 8 INFO neutron_taas.services.taas.taas_plugin [None req-baaf35c9-7e8f-47d1-a08f-624659427aa9 1851cc1301fc4dfd80b5070e50747569 72571b4cb1f7448d9f178e346a10651d - - default default] TaaS: Handle Delete Port: a97a690f-2c48-44d3-bb33-a2e954f02274
2026-07-12 03:09:30.773 8 INFO neutron_taas.services.taas.tap_mirror_plugin [None req-baaf35c9-7e8f-47d1-a08f-624659427aa9 1851cc1301fc4dfd80b5070e50747569 72571b4cb1f7448d9f178e346a10651d - - default default] Tap Mirror: Handle Delete Port: a97a690f-2c48-44d3-bb33-a2e954f02274
2026-07-12 03:09:30.801 7 INFO neutron.db.ovn_revision_numbers_db [None req-8e54ce73-0193-4f32-90ab-1a95374f8b1d 73c87c74924e43ec99d488a7201884e4 f31f3208ec054e73a3074958b07fa407 - - default default] Successfully bumped revision number for resource 59258f41-9021-49f8-bce3-f8ac7540b1de (type: security_groups) to 1
2026-07-12 03:09:30.813 7 INFO neutron.db.ovn_revision_numbers_db [None req-8e54ce73-0193-4f32-90ab-1a95374f8b1d 73c87c74924e43ec99d488a7201884e4 f31f3208ec054e73a3074958b07fa407 - - default default] Successfully bumped revision number for resource 30d1ba34-b2b3-4773-950b-7af2a456d02f (type: security_group_rules) to 0
2026-07-12 03:09:30.825 7 INFO neutron.db.ovn_revision_numbers_db [None req-8e54ce73-0193-4f32-90ab-1a95374f8b1d 73c87c74924e43ec99d488a7201884e4 f31f3208ec054e73a3074958b07fa407 - - default default] Successfully bumped revision number for resource 442f9d94-9d1e-4b20-b47c-256dc2ff57db (type: security_group_rules) to 0
2026-07-12 03:09:30.835 7 INFO neutron.db.ovn_revision_numbers_db [None req-8e54ce73-0193-4f32-90ab-1a95374f8b1d 73c87c74924e43ec99d488a7201884e4 f31f3208ec054e73a3074958b07fa407 - - default default] Successfully bumped revision number for resource 96ae3b3d-d464-4d3f-9321-c321dd25c437 (type: security_group_rules) to 0
2026-07-12 03:09:30.846 7 INFO neutron.db.ovn_revision_numbers_db [None req-8e54ce73-0193-4f32-90ab-1a95374f8b1d 73c87c74924e43ec99d488a7201884e4 f31f3208ec054e73a3074958b07fa407 - - default default] Successfully bumped revision number for resource df4826a9-8c63-4a44-a715-f34d72a310ca (type: security_group_rules) to 0 [pid: 7|app: 0|req: 1036/2055] 10.0.0.12 () {32 vars in 772 bytes} [Sun Jul 12 03:09:30 2026] GET /v2.0/security-groups?tenant_id=d7d960f6005e44539b10dbb31defe524&name=default => generated 2925 bytes in 207 msecs (HTTP/1.1 200) 4 headers in 158 bytes (1 switches on core 0)
2026-07-12 03:09:31.091 7 WARNING neutron.scheduler.dhcp_agent_scheduler [None req-6c364c88-de07-4e44-9d54-9e60a8239700 3473131c33924c45b07b94c774c5a9c8 49bc753cfebd421f8aec3194b309a59f - - default default] No more DHCP agents
2026-07-12 03:09:31.092 7 WARNING neutron.api.rpc.agentnotifiers.dhcp_rpc_agent_api [None req-6c364c88-de07-4e44-9d54-9e60a8239700 3473131c33924c45b07b94c774c5a9c8 49bc753cfebd421f8aec3194b309a59f - - default default] Unable to schedule network 0732ee77-578f-43e2-9e44-99db2efbb327: no agents available; will retry on subsequent port and subnet creation events.
2026-07-12 03:09:31.131 8 INFO neutron.services.segments.plugin [-] Segment 4bbdd623-2ddc-485e-8e9e-46891b95ac37 resource provider aggregate not found
2026-07-12 03:09:31.134 8 INFO neutron.services.segments.plugin [-] Segment 4bbdd623-2ddc-485e-8e9e-46891b95ac37 resource provider aggregate not found
2026-07-12 03:09:31.147 8 INFO neutron.services.segments.plugin [-] Client error retrieving segment 4bbdd623-2ddc-485e-8e9e-46891b95ac37 resource provider; error: Placement Client Error (4xx): {"errors": [{"status": 404, "title": "Not Found", "detail": "The resource could not be found.\n\n No resource provider with uuid 4bbdd623-2ddc-485e-8e9e-46891b95ac37 found for delete ", "request_id": "req-06902e80-2ce6-467d-aa16-ac4069397f43"}]}
2026-07-12 03:09:31.157 8 INFO neutron.services.segments.plugin [-] Client error retrieving segment 4bbdd623-2ddc-485e-8e9e-46891b95ac37 resource provider; error: Placement Client Error (4xx): {"errors": [{"status": 404, "title": "Not Found", "detail": "The resource could not be found.\n\n No resource provider with uuid 4bbdd623-2ddc-485e-8e9e-46891b95ac37 found for delete ", "request_id": "req-13e5e54e-4719-4ef8-ae41-47a79764e21b"}]} [pid: 8|app: 0|req: 1020/2056] 10.0.0.12 () {32 vars in 724 bytes} [Sun Jul 12 03:09:30 2026] DELETE /v2.0/networks/bdca650d-78e8-4c0d-9e78-dd7b9c3596be => generated 0 bytes in 604 msecs (HTTP/1.1 204) 3 headers in 131 bytes (1 switches on core 0) [pid: 8|app: 0|req: 1021/2057] 10.0.0.12 () {32 vars in 738 bytes} [Sun Jul 12 03:09:31 2026] DELETE /v2.0/security-groups/59258f41-9021-49f8-bce3-f8ac7540b1de => generated 0 bytes in 162 msecs (HTTP/1.1 204) 2 headers in 112 bytes (1 switches on core 0)
2026-07-12 03:09:31.459 8 INFO neutron.db.segments_db [None req-7a1aeeb8-68f4-44b2-8fee-1f410adbeac1 1851cc1301fc4dfd80b5070e50747569 72571b4cb1f7448d9f178e346a10651d - - default default] Added segment 9dc6e099-7f3e-4d86-a030-4c15715ff004 of type geneve for network 622e38ba-c188-4809-abe7-e993aaea495d
2026-07-12 03:09:31.588 8 INFO neutron.db.ovn_revision_numbers_db [None req-7a1aeeb8-68f4-44b2-8fee-1f410adbeac1 1851cc1301fc4dfd80b5070e50747569 72571b4cb1f7448d9f178e346a10651d - - default default] Successfully bumped revision number for resource 622e38ba-c188-4809-abe7-e993aaea495d (type: networks) to 1
2026-07-12 03:09:31.599 7 INFO neutron.db.ovn_revision_numbers_db [None req-6c364c88-de07-4e44-9d54-9e60a8239700 3473131c33924c45b07b94c774c5a9c8 49bc753cfebd421f8aec3194b309a59f - - default default] Successfully bumped revision number for resource 703719a7-e849-473c-83c8-8d07bd01da38 (type: ports) to 2
2026-07-12 03:09:31.635 7 INFO neutron.db.ovn_revision_numbers_db [None req-6c364c88-de07-4e44-9d54-9e60a8239700 3473131c33924c45b07b94c774c5a9c8 49bc753cfebd421f8aec3194b309a59f - - default default] Successfully bumped revision number for resource 0bad0125-5bea-4825-946c-7ec7a34b8a47 (type: subnets) to 0 [pid: 7|app: 0|req: 1037/2058] 10.0.0.12 () {34 vars in 667 bytes} [Sun Jul 12 03:09:30 2026] POST /v2.0/subnets => generated 626 bytes in 767 msecs (HTTP/1.1 201) 4 headers in 162 bytes (1 switches on core 0)
2026-07-12 03:09:31.762 7 INFO neutron.db.segments_db [None req-c7251d8d-a2e4-4773-b167-fb9934f9a76a 3473131c33924c45b07b94c774c5a9c8 49bc753cfebd421f8aec3194b309a59f - - default default] Added segment 72d70ac4-80cc-4562-a630-bf9366060675 of type geneve for network 72c1c2c9-3942-4a5a-970d-d3ba98a66b98
2026-07-12 03:09:31.767 8 WARNING neutron.scheduler.dhcp_agent_scheduler [None req-7a1aeeb8-68f4-44b2-8fee-1f410adbeac1 1851cc1301fc4dfd80b5070e50747569 72571b4cb1f7448d9f178e346a10651d - - default default] No more DHCP agents
2026-07-12 03:09:31.768 8 WARNING neutron.api.rpc.agentnotifiers.dhcp_rpc_agent_api [None req-7a1aeeb8-68f4-44b2-8fee-1f410adbeac1 1851cc1301fc4dfd80b5070e50747569 72571b4cb1f7448d9f178e346a10651d - - default default] Unable to schedule network 622e38ba-c188-4809-abe7-e993aaea495d: no agents available; will retry on subsequent port and subnet creation events.
2026-07-12 03:09:31.821 7 INFO neutron.plugins.ml2.drivers.ovn.mech_driver.mech_driver [None req-bacace20-42c0-4805-b4e5-c12fbc9e8e29 - - - - - -] OVN reports status down for port: 1203874c-6632-4de3-94ec-3ee2be937bec
2026-07-12 03:09:31.845 8 INFO neutron.db.ovn_revision_numbers_db [None req-7a1aeeb8-68f4-44b2-8fee-1f410adbeac1 1851cc1301fc4dfd80b5070e50747569 72571b4cb1f7448d9f178e346a10651d - - default default] Successfully bumped revision number for resource 1203874c-6632-4de3-94ec-3ee2be937bec (type: ports) to 1 [pid: 8|app: 0|req: 1022/2059] 10.0.0.12 () {34 vars in 668 bytes} [Sun Jul 12 03:09:31 2026] POST /v2.0/networks => generated 768 bytes in 521 msecs (HTTP/1.1 201) 4 headers in 162 bytes (1 switches on core 0)
2026-07-12 03:09:31.942 7 INFO neutron.db.ovn_revision_numbers_db [None req-c7251d8d-a2e4-4773-b167-fb9934f9a76a 3473131c33924c45b07b94c774c5a9c8 49bc753cfebd421f8aec3194b309a59f - - default default] Successfully bumped revision number for resource 72c1c2c9-3942-4a5a-970d-d3ba98a66b98 (type: networks) to 1
2026-07-12 03:09:32.060 8 WARNING neutron.scheduler.dhcp_agent_scheduler [None req-2f210d0e-fb24-4116-ba1f-4517a6270184 1851cc1301fc4dfd80b5070e50747569 72571b4cb1f7448d9f178e346a10651d - - default default] No more DHCP agents
2026-07-12 03:09:32.061 8 WARNING neutron.api.rpc.agentnotifiers.dhcp_rpc_agent_api [None req-2f210d0e-fb24-4116-ba1f-4517a6270184 1851cc1301fc4dfd80b5070e50747569 72571b4cb1f7448d9f178e346a10651d - - default default] Unable to schedule network 622e38ba-c188-4809-abe7-e993aaea495d: no agents available; will retry on subsequent port and subnet creation events.
2026-07-12 03:09:32.133 7 WARNING neutron.scheduler.dhcp_agent_scheduler [None req-c7251d8d-a2e4-4773-b167-fb9934f9a76a 3473131c33924c45b07b94c774c5a9c8 49bc753cfebd421f8aec3194b309a59f - - default default] No more DHCP agents
2026-07-12 03:09:32.136 7 WARNING neutron.api.rpc.agentnotifiers.dhcp_rpc_agent_api [None req-c7251d8d-a2e4-4773-b167-fb9934f9a76a 3473131c33924c45b07b94c774c5a9c8 49bc753cfebd421f8aec3194b309a59f - - default default] Unable to schedule network 72c1c2c9-3942-4a5a-970d-d3ba98a66b98: no agents available; will retry on subsequent port and subnet creation events.
2026-07-12 03:09:32.178 7 INFO neutron.plugins.ml2.drivers.ovn.mech_driver.mech_driver [None req-bacace20-42c0-4805-b4e5-c12fbc9e8e29 - - - - - -] OVN reports status down for port: 5c6e78a6-41ea-4997-b29f-1bc617222037
2026-07-12 03:09:32.227 7 INFO neutron.db.ovn_revision_numbers_db [None req-c7251d8d-a2e4-4773-b167-fb9934f9a76a 3473131c33924c45b07b94c774c5a9c8 49bc753cfebd421f8aec3194b309a59f - - default default] Successfully bumped revision number for resource 5c6e78a6-41ea-4997-b29f-1bc617222037 (type: ports) to 1 [pid: 7|app: 0|req: 1038/2060] 10.0.0.12 () {34 vars in 668 bytes} [Sun Jul 12 03:09:31 2026] POST /v2.0/networks => generated 667 bytes in 620 msecs (HTTP/1.1 201) 4 headers in 162 bytes (1 switches on core 0)
2026-07-12 03:09:32.455 7 WARNING neutron.scheduler.dhcp_agent_scheduler [None req-3b7ee4e5-0df0-47ce-9ce8-0eea40e65a99 3473131c33924c45b07b94c774c5a9c8 49bc753cfebd421f8aec3194b309a59f - - default default] No more DHCP agents
2026-07-12 03:09:32.456 7 WARNING neutron.api.rpc.agentnotifiers.dhcp_rpc_agent_api [None req-3b7ee4e5-0df0-47ce-9ce8-0eea40e65a99 3473131c33924c45b07b94c774c5a9c8 49bc753cfebd421f8aec3194b309a59f - - default default] Unable to schedule network 72c1c2c9-3942-4a5a-970d-d3ba98a66b98: no agents available; will retry on subsequent port and subnet creation events.
2026-07-12 03:09:32.512 8 INFO neutron.db.ovn_revision_numbers_db [None req-2f210d0e-fb24-4116-ba1f-4517a6270184 1851cc1301fc4dfd80b5070e50747569 72571b4cb1f7448d9f178e346a10651d - - default default] Successfully bumped revision number for resource 1203874c-6632-4de3-94ec-3ee2be937bec (type: ports) to 2
2026-07-12 03:09:32.546 8 INFO neutron.db.ovn_revision_numbers_db [None req-2f210d0e-fb24-4116-ba1f-4517a6270184 1851cc1301fc4dfd80b5070e50747569 72571b4cb1f7448d9f178e346a10651d - - default default] Successfully bumped revision number for resource 7a2aef84-7d75-46c3-82bb-8abd05b6d524 (type: subnets) to 0 [pid: 8|app: 0|req: 1023/2061] 10.0.0.12 () {34 vars in 667 bytes} [Sun Jul 12 03:09:31 2026] POST /v2.0/subnets => generated 647 bytes in 683 msecs (HTTP/1.1 201) 4 headers in 162 bytes (1 switches on core 0)
2026-07-12 03:09:32.571 8 WARNING neutron.api.v2.base [None req-059d5ed0-4974-4df7-9b69-cab044a3055d 1851cc1301fc4dfd80b5070e50747569 72571b4cb1f7448d9f178e346a10651d - - default default] An exception happened while processing the request body. The exception message is [Invalid input for target_tenant. Reason: '1234123412341234123412341234123412341234123412341234123412341234123412341234123412341234123412341234123412341234123412341234123412341234123412341234123412341234123412341234123412341234123412341234123412341234123412341234123412341234123412341234123412341234123412341234123412341234123412341234123412341234123412341234123412341234123412341234123412341234123412341234123412341234123412341234123412341234' exceeds maximum length of 255.].: webob.exc.HTTPBadRequest: Invalid input for target_tenant. Reason: '1234123412341234123412341234123412341234123412341234123412341234123412341234123412341234123412341234123412341234123412341234123412341234123412341234123412341234123412341234123412341234123412341234123412341234123412341234123412341234123412341234123412341234123412341234123412341234123412341234123412341234123412341234123412341234123412341234123412341234123412341234123412341234123412341234123412341234' exceeds maximum length of 255.
2026-07-12 03:09:32.571 8 INFO neutron.api.v2.resource [None req-059d5ed0-4974-4df7-9b69-cab044a3055d 1851cc1301fc4dfd80b5070e50747569 72571b4cb1f7448d9f178e346a10651d - - default default] create failed (client error): Invalid input for target_tenant. Reason: '1234123412341234123412341234123412341234123412341234123412341234123412341234123412341234123412341234123412341234123412341234123412341234123412341234123412341234123412341234123412341234123412341234123412341234123412341234123412341234123412341234123412341234123412341234123412341234123412341234123412341234123412341234123412341234123412341234123412341234123412341234123412341234123412341234123412341234' exceeds maximum length of 255. [pid: 8|app: 0|req: 1024/2062] 10.0.0.12 () {34 vars in 679 bytes} [Sun Jul 12 03:09:32 2026] POST /v2.0/rbac-policies => generated 547 bytes in 6 msecs (HTTP/1.1 400) 4 headers in 166 bytes (1 switches on core 0)
2026-07-12 03:09:32.705 8 INFO neutron_taas.services.taas.taas_plugin [None req-b2a9cc90-fbbb-440d-8b83-ab805b6206d0 1851cc1301fc4dfd80b5070e50747569 72571b4cb1f7448d9f178e346a10651d - - default default] TaaS: Handle Delete Port: 1203874c-6632-4de3-94ec-3ee2be937bec
2026-07-12 03:09:32.708 8 INFO neutron_taas.services.taas.tap_mirror_plugin [None req-b2a9cc90-fbbb-440d-8b83-ab805b6206d0 1851cc1301fc4dfd80b5070e50747569 72571b4cb1f7448d9f178e346a10651d - - default default] Tap Mirror: Handle Delete Port: 1203874c-6632-4de3-94ec-3ee2be937bec
2026-07-12 03:09:32.874 7 INFO neutron.db.ovn_revision_numbers_db [None req-3b7ee4e5-0df0-47ce-9ce8-0eea40e65a99 3473131c33924c45b07b94c774c5a9c8 49bc753cfebd421f8aec3194b309a59f - - default default] Successfully bumped revision number for resource 5c6e78a6-41ea-4997-b29f-1bc617222037 (type: ports) to 2
2026-07-12 03:09:32.910 7 INFO neutron.db.ovn_revision_numbers_db [None req-3b7ee4e5-0df0-47ce-9ce8-0eea40e65a99 3473131c33924c45b07b94c774c5a9c8 49bc753cfebd421f8aec3194b309a59f - - default default] Successfully bumped revision number for resource ab10a91b-e961-42e9-9103-cbb785044b8a (type: subnets) to 0 [pid: 7|app: 0|req: 1039/2063] 10.0.0.12 () {34 vars in 667 bytes} [Sun Jul 12 03:09:32 2026] POST /v2.0/subnets => generated 629 bytes in 665 msecs (HTTP/1.1 201) 4 headers in 162 bytes (1 switches on core 0)
2026-07-12 03:09:33.040 7 INFO neutron.db.segments_db [None req-8258f6c1-8fde-46f9-849c-544cb16386af 3473131c33924c45b07b94c774c5a9c8 49bc753cfebd421f8aec3194b309a59f - - default default] Added segment 1fc054be-f8c0-49e7-bcb1-1fdce94b805f of type geneve for network 80630966-037d-4133-b761-8c5f5bcd9da9 [pid: 8|app: 0|req: 1025/2064] 10.0.0.12 () {32 vars in 724 bytes} [Sun Jul 12 03:09:32 2026] DELETE /v2.0/networks/622e38ba-c188-4809-abe7-e993aaea495d => generated 0 bytes in 476 msecs (HTTP/1.1 204) 3 headers in 131 bytes (1 switches on core 0)
2026-07-12 03:09:33.132 7 INFO neutron.db.ovn_revision_numbers_db [None req-8258f6c1-8fde-46f9-849c-544cb16386af 3473131c33924c45b07b94c774c5a9c8 49bc753cfebd421f8aec3194b309a59f - - default default] Successfully bumped revision number for resource 80630966-037d-4133-b761-8c5f5bcd9da9 (type: networks) to 1
2026-07-12 03:09:33.155 8 INFO neutron.db.segments_db [None req-ad7aadfe-413a-4115-86b4-b564c4c1fc9a 1851cc1301fc4dfd80b5070e50747569 72571b4cb1f7448d9f178e346a10651d - - default default] Added segment cf44c2ef-861a-4179-be4f-de2f5aa1e210 of type geneve for network ac10e779-edc1-4d7e-bf16-f99e4165ca6c
2026-07-12 03:09:33.168 8 INFO neutron.services.segments.plugin [-] Segment 9dc6e099-7f3e-4d86-a030-4c15715ff004 resource provider aggregate not found
2026-07-12 03:09:33.183 8 INFO neutron.services.segments.plugin [-] Segment 9dc6e099-7f3e-4d86-a030-4c15715ff004 resource provider aggregate not found
2026-07-12 03:09:33.188 8 INFO neutron.services.segments.plugin [-] Client error retrieving segment 9dc6e099-7f3e-4d86-a030-4c15715ff004 resource provider; error: Placement Client Error (4xx): {"errors": [{"status": 404, "title": "Not Found", "detail": "The resource could not be found.\n\n No resource provider with uuid 9dc6e099-7f3e-4d86-a030-4c15715ff004 found for delete ", "request_id": "req-c0bea189-c289-4418-9685-1adc5c39ea70"}]}
2026-07-12 03:09:33.199 8 INFO neutron.services.segments.plugin [-] Client error retrieving segment 9dc6e099-7f3e-4d86-a030-4c15715ff004 resource provider; error: Placement Client Error (4xx): {"errors": [{"status": 404, "title": "Not Found", "detail": "The resource could not be found.\n\n No resource provider with uuid 9dc6e099-7f3e-4d86-a030-4c15715ff004 found for delete ", "request_id": "req-eb8e3154-d71c-45ee-82cd-c51f9fada568"}]}
2026-07-12 03:09:33.287 8 INFO neutron.db.ovn_revision_numbers_db [None req-ad7aadfe-413a-4115-86b4-b564c4c1fc9a 1851cc1301fc4dfd80b5070e50747569 72571b4cb1f7448d9f178e346a10651d - - default default] Successfully bumped revision number for resource ac10e779-edc1-4d7e-bf16-f99e4165ca6c (type: networks) to 1
2026-07-12 03:09:33.297 7 WARNING neutron.scheduler.dhcp_agent_scheduler [None req-8258f6c1-8fde-46f9-849c-544cb16386af 3473131c33924c45b07b94c774c5a9c8 49bc753cfebd421f8aec3194b309a59f - - default default] No more DHCP agents
2026-07-12 03:09:33.298 7 WARNING neutron.api.rpc.agentnotifiers.dhcp_rpc_agent_api [None req-8258f6c1-8fde-46f9-849c-544cb16386af 3473131c33924c45b07b94c774c5a9c8 49bc753cfebd421f8aec3194b309a59f - - default default] Unable to schedule network 80630966-037d-4133-b761-8c5f5bcd9da9: no agents available; will retry on subsequent port and subnet creation events.
2026-07-12 03:09:33.345 7 INFO neutron.plugins.ml2.drivers.ovn.mech_driver.mech_driver [None req-bacace20-42c0-4805-b4e5-c12fbc9e8e29 - - - - - -] OVN reports status down for port: 58acff8e-2fc1-4cb9-bb1f-9602c474c530
2026-07-12 03:09:33.402 7 INFO neutron.db.ovn_revision_numbers_db [None req-8258f6c1-8fde-46f9-849c-544cb16386af 3473131c33924c45b07b94c774c5a9c8 49bc753cfebd421f8aec3194b309a59f - - default default] Successfully bumped revision number for resource 58acff8e-2fc1-4cb9-bb1f-9602c474c530 (type: ports) to 1 [pid: 7|app: 0|req: 1040/2065] 10.0.0.12 () {34 vars in 668 bytes} [Sun Jul 12 03:09:32 2026] POST /v2.0/networks => generated 670 bytes in 505 msecs (HTTP/1.1 201) 4 headers in 162 bytes (1 switches on core 0)
2026-07-12 03:09:33.487 8 WARNING neutron.scheduler.dhcp_agent_scheduler [None req-ad7aadfe-413a-4115-86b4-b564c4c1fc9a 1851cc1301fc4dfd80b5070e50747569 72571b4cb1f7448d9f178e346a10651d - - default default] No more DHCP agents
2026-07-12 03:09:33.488 8 WARNING neutron.api.rpc.agentnotifiers.dhcp_rpc_agent_api [None req-ad7aadfe-413a-4115-86b4-b564c4c1fc9a 1851cc1301fc4dfd80b5070e50747569 72571b4cb1f7448d9f178e346a10651d - - default default] Unable to schedule network ac10e779-edc1-4d7e-bf16-f99e4165ca6c: no agents available; will retry on subsequent port and subnet creation events.
2026-07-12 03:09:33.536 8 INFO neutron.plugins.ml2.drivers.ovn.mech_driver.mech_driver [None req-c8e7484f-c793-4483-8037-ac915511db6a - - - - - -] OVN reports status down for port: 9c237653-4ab6-418c-a845-296dc2b547ed
2026-07-12 03:09:33.601 8 INFO neutron.db.ovn_revision_numbers_db [None req-ad7aadfe-413a-4115-86b4-b564c4c1fc9a 1851cc1301fc4dfd80b5070e50747569 72571b4cb1f7448d9f178e346a10651d - - default default] Successfully bumped revision number for resource 9c237653-4ab6-418c-a845-296dc2b547ed (type: ports) to 1 [pid: 8|app: 0|req: 1026/2066] 10.0.0.12 () {34 vars in 668 bytes} [Sun Jul 12 03:09:33 2026] POST /v2.0/networks => generated 767 bytes in 593 msecs (HTTP/1.1 201) 4 headers in 162 bytes (1 switches on core 0)
2026-07-12 03:09:33.657 7 WARNING neutron.scheduler.dhcp_agent_scheduler [None req-be249ea3-9d3a-4dfd-b884-e876a68b670c 3473131c33924c45b07b94c774c5a9c8 49bc753cfebd421f8aec3194b309a59f - - default default] No more DHCP agents
2026-07-12 03:09:33.659 7 WARNING neutron.api.rpc.agentnotifiers.dhcp_rpc_agent_api [None req-be249ea3-9d3a-4dfd-b884-e876a68b670c 3473131c33924c45b07b94c774c5a9c8 49bc753cfebd421f8aec3194b309a59f - - default default] Unable to schedule network 80630966-037d-4133-b761-8c5f5bcd9da9: no agents available; will retry on subsequent port and subnet creation events.
2026-07-12 03:09:33.790 8 WARNING neutron.scheduler.dhcp_agent_scheduler [None req-c33cde00-f3ee-4d96-a12e-3bba3e6c5225 1851cc1301fc4dfd80b5070e50747569 72571b4cb1f7448d9f178e346a10651d - - default default] No more DHCP agents
2026-07-12 03:09:33.792 8 WARNING neutron.api.rpc.agentnotifiers.dhcp_rpc_agent_api [None req-c33cde00-f3ee-4d96-a12e-3bba3e6c5225 1851cc1301fc4dfd80b5070e50747569 72571b4cb1f7448d9f178e346a10651d - - default default] Unable to schedule network ac10e779-edc1-4d7e-bf16-f99e4165ca6c: no agents available; will retry on subsequent port and subnet creation events.
2026-07-12 03:09:34.119 7 INFO neutron.db.ovn_revision_numbers_db [None req-be249ea3-9d3a-4dfd-b884-e876a68b670c 3473131c33924c45b07b94c774c5a9c8 49bc753cfebd421f8aec3194b309a59f - - default default] Successfully bumped revision number for resource 58acff8e-2fc1-4cb9-bb1f-9602c474c530 (type: ports) to 2
2026-07-12 03:09:34.152 7 INFO neutron.db.ovn_revision_numbers_db [None req-be249ea3-9d3a-4dfd-b884-e876a68b670c 3473131c33924c45b07b94c774c5a9c8 49bc753cfebd421f8aec3194b309a59f - - default default] Successfully bumped revision number for resource 9684aab1-c052-41c8-86ed-0685dd3bef8d (type: subnets) to 0 [pid: 7|app: 0|req: 1041/2067] 10.0.0.12 () {34 vars in 667 bytes} [Sun Jul 12 03:09:33 2026] POST /v2.0/subnets => generated 629 bytes in 710 msecs (HTTP/1.1 201) 4 headers in 162 bytes (1 switches on core 0)
2026-07-12 03:09:34.266 7 INFO neutron.db.segments_db [None req-b792d353-447d-47a2-898d-a46c6508b70b 3473131c33924c45b07b94c774c5a9c8 49bc753cfebd421f8aec3194b309a59f - - default default] Added segment 3bc24862-ce64-4fdb-83c6-2a79cf1b74ed of type geneve for network 673cfc9d-2fe6-4031-8d0b-e3a315ad2e37
2026-07-12 03:09:34.273 8 INFO neutron.db.ovn_revision_numbers_db [None req-c33cde00-f3ee-4d96-a12e-3bba3e6c5225 1851cc1301fc4dfd80b5070e50747569 72571b4cb1f7448d9f178e346a10651d - - default default] Successfully bumped revision number for resource 9c237653-4ab6-418c-a845-296dc2b547ed (type: ports) to 2
2026-07-12 03:09:34.315 8 INFO neutron.db.ovn_revision_numbers_db [None req-c33cde00-f3ee-4d96-a12e-3bba3e6c5225 1851cc1301fc4dfd80b5070e50747569 72571b4cb1f7448d9f178e346a10651d - - default default] Successfully bumped revision number for resource 05841a1c-e683-40d2-a7c2-7a6837c34bdd (type: subnets) to 0 [pid: 8|app: 0|req: 1027/2068] 10.0.0.12 () {34 vars in 667 bytes} [Sun Jul 12 03:09:33 2026] POST /v2.0/subnets => generated 647 bytes in 674 msecs (HTTP/1.1 201) 4 headers in 162 bytes (1 switches on core 0)
2026-07-12 03:09:34.371 7 INFO neutron.db.ovn_revision_numbers_db [None req-b792d353-447d-47a2-898d-a46c6508b70b 3473131c33924c45b07b94c774c5a9c8 49bc753cfebd421f8aec3194b309a59f - - default default] Successfully bumped revision number for resource 673cfc9d-2fe6-4031-8d0b-e3a315ad2e37 (type: networks) to 1 [pid: 8|app: 0|req: 1028/2069] 10.0.0.12 () {34 vars in 679 bytes} [Sun Jul 12 03:09:34 2026] POST /v2.0/rbac-policies => generated 324 bytes in 178 msecs (HTTP/1.1 201) 4 headers in 162 bytes (1 switches on core 0)
2026-07-12 03:09:34.570 7 WARNING neutron.scheduler.dhcp_agent_scheduler [None req-b792d353-447d-47a2-898d-a46c6508b70b 3473131c33924c45b07b94c774c5a9c8 49bc753cfebd421f8aec3194b309a59f - - default default] No more DHCP agents
2026-07-12 03:09:34.572 7 WARNING neutron.api.rpc.agentnotifiers.dhcp_rpc_agent_api [None req-b792d353-447d-47a2-898d-a46c6508b70b 3473131c33924c45b07b94c774c5a9c8 49bc753cfebd421f8aec3194b309a59f - - default default] Unable to schedule network 673cfc9d-2fe6-4031-8d0b-e3a315ad2e37: no agents available; will retry on subsequent port and subnet creation events.
2026-07-12 03:09:34.627 7 INFO neutron.plugins.ml2.drivers.ovn.mech_driver.mech_driver [None req-bacace20-42c0-4805-b4e5-c12fbc9e8e29 - - - - - -] OVN reports status down for port: 26735cdb-2b53-4dee-9e4e-422bc981e01f
2026-07-12 03:09:34.687 7 INFO neutron.db.ovn_revision_numbers_db [None req-b792d353-447d-47a2-898d-a46c6508b70b 3473131c33924c45b07b94c774c5a9c8 49bc753cfebd421f8aec3194b309a59f - - default default] Successfully bumped revision number for resource 26735cdb-2b53-4dee-9e4e-422bc981e01f (type: ports) to 1 [pid: 7|app: 0|req: 1042/2070] 10.0.0.12 () {34 vars in 668 bytes} [Sun Jul 12 03:09:34 2026] POST /v2.0/networks => generated 670 bytes in 553 msecs (HTTP/1.1 201) 4 headers in 162 bytes (1 switches on core 0)
2026-07-12 03:09:34.881 8 WARNING neutron.scheduler.dhcp_agent_scheduler [None req-a8ed41f9-6083-4c68-8a39-8cf55f976334 3473131c33924c45b07b94c774c5a9c8 49bc753cfebd421f8aec3194b309a59f - - default default] No more DHCP agents
2026-07-12 03:09:34.882 8 WARNING neutron.api.rpc.agentnotifiers.dhcp_rpc_agent_api [None req-a8ed41f9-6083-4c68-8a39-8cf55f976334 3473131c33924c45b07b94c774c5a9c8 49bc753cfebd421f8aec3194b309a59f - - default default] Unable to schedule network 673cfc9d-2fe6-4031-8d0b-e3a315ad2e37: no agents available; will retry on subsequent port and subnet creation events. [pid: 7|app: 0|req: 1043/2071] 10.0.0.12 () {32 vars in 721 bytes} [Sun Jul 12 03:09:34 2026] GET /v2.0/networks/ac10e779-edc1-4d7e-bf16-f99e4165ca6c => generated 692 bytes in 162 msecs (HTTP/1.1 200) 4 headers in 157 bytes (1 switches on core 0)
2026-07-12 03:09:35.400 8 INFO neutron.db.ovn_revision_numbers_db [None req-a8ed41f9-6083-4c68-8a39-8cf55f976334 3473131c33924c45b07b94c774c5a9c8 49bc753cfebd421f8aec3194b309a59f - - default default] Successfully bumped revision number for resource 26735cdb-2b53-4dee-9e4e-422bc981e01f (type: ports) to 2
2026-07-12 03:09:35.432 8 INFO neutron.db.ovn_revision_numbers_db [None req-a8ed41f9-6083-4c68-8a39-8cf55f976334 3473131c33924c45b07b94c774c5a9c8 49bc753cfebd421f8aec3194b309a59f - - default default] Successfully bumped revision number for resource 668ba1fd-7561-4377-b2f0-398098b75443 (type: subnets) to 0
2026-07-12 03:09:35.439 7 INFO neutron.pecan_wsgi.hooks.translation [None req-f96dd5e3-47fe-41a1-850e-aa212c6d4e9d e6ed3873fcf248a9bcae2a68501e57cf 97501aa2b82442f6a14be4dab48a5946 - - default default] GET failed (client error): The resource could not be found. [pid: 7|app: 0|req: 1044/2072] 10.0.0.12 () {32 vars in 721 bytes} [Sun Jul 12 03:09:35 2026] GET /v2.0/networks/ac10e779-edc1-4d7e-bf16-f99e4165ca6c => generated 138 bytes in 45 msecs (HTTP/1.1 404) 4 headers in 164 bytes (1 switches on core 0) [pid: 8|app: 0|req: 1029/2073] 10.0.0.12 () {34 vars in 667 bytes} [Sun Jul 12 03:09:34 2026] POST /v2.0/subnets => generated 629 bytes in 727 msecs (HTTP/1.1 201) 4 headers in 162 bytes (1 switches on core 0)
2026-07-12 03:09:35.542 8 INFO neutron.db.segments_db [None req-53456fd6-46e7-4341-ab03-19164de8594a 3473131c33924c45b07b94c774c5a9c8 49bc753cfebd421f8aec3194b309a59f - - default default] Added segment 859d166d-2532-49d5-9f64-b5dce6413f80 of type geneve for network 42a66094-44ef-4e20-ad47-bbe93325b018
2026-07-12 03:09:35.591 7 INFO neutron_taas.services.taas.taas_plugin [None req-4ef307b8-0d49-4ca5-8fda-352c95d63190 1851cc1301fc4dfd80b5070e50747569 72571b4cb1f7448d9f178e346a10651d - - default default] TaaS: Handle Delete Port: 9c237653-4ab6-418c-a845-296dc2b547ed
2026-07-12 03:09:35.594 7 INFO neutron_taas.services.taas.tap_mirror_plugin [None req-4ef307b8-0d49-4ca5-8fda-352c95d63190 1851cc1301fc4dfd80b5070e50747569 72571b4cb1f7448d9f178e346a10651d - - default default] Tap Mirror: Handle Delete Port: 9c237653-4ab6-418c-a845-296dc2b547ed
2026-07-12 03:09:35.655 8 INFO neutron.db.ovn_revision_numbers_db [None req-53456fd6-46e7-4341-ab03-19164de8594a 3473131c33924c45b07b94c774c5a9c8 49bc753cfebd421f8aec3194b309a59f - - default default] Successfully bumped revision number for resource 42a66094-44ef-4e20-ad47-bbe93325b018 (type: networks) to 1
2026-07-12 03:09:35.835 8 WARNING neutron.scheduler.dhcp_agent_scheduler [None req-53456fd6-46e7-4341-ab03-19164de8594a 3473131c33924c45b07b94c774c5a9c8 49bc753cfebd421f8aec3194b309a59f - - default default] No more DHCP agents
2026-07-12 03:09:35.836 8 WARNING neutron.api.rpc.agentnotifiers.dhcp_rpc_agent_api [None req-53456fd6-46e7-4341-ab03-19164de8594a 3473131c33924c45b07b94c774c5a9c8 49bc753cfebd421f8aec3194b309a59f - - default default] Unable to schedule network 42a66094-44ef-4e20-ad47-bbe93325b018: no agents available; will retry on subsequent port and subnet creation events.
2026-07-12 03:09:35.881 7 INFO neutron.plugins.ml2.drivers.ovn.mech_driver.mech_driver [None req-bacace20-42c0-4805-b4e5-c12fbc9e8e29 - - - - - -] OVN reports status down for port: 38622b58-b627-4d9b-8c3e-57beaae6bec8
2026-07-12 03:09:35.910 7 INFO neutron.services.segments.plugin [-] Segment cf44c2ef-861a-4179-be4f-de2f5aa1e210 resource provider aggregate not found
2026-07-12 03:09:35.919 8 INFO neutron.db.ovn_revision_numbers_db [None req-53456fd6-46e7-4341-ab03-19164de8594a 3473131c33924c45b07b94c774c5a9c8 49bc753cfebd421f8aec3194b309a59f - - default default] Successfully bumped revision number for resource 38622b58-b627-4d9b-8c3e-57beaae6bec8 (type: ports) to 1
2026-07-12 03:09:35.919 7 INFO neutron.services.segments.plugin [-] Segment cf44c2ef-861a-4179-be4f-de2f5aa1e210 resource provider aggregate not found
2026-07-12 03:09:35.952 7 INFO neutron.services.segments.plugin [-] Client error retrieving segment cf44c2ef-861a-4179-be4f-de2f5aa1e210 resource provider; error: Placement Client Error (4xx): {"errors": [{"status": 404, "title": "Not Found", "detail": "The resource could not be found.\n\n No resource provider with uuid cf44c2ef-861a-4179-be4f-de2f5aa1e210 found for delete ", "request_id": "req-981e4bbf-c541-41ce-b288-66bb8095f077"}]} [pid: 8|app: 0|req: 1030/2074] 10.0.0.12 () {34 vars in 668 bytes} [Sun Jul 12 03:09:35 2026] POST /v2.0/networks => generated 669 bytes in 501 msecs (HTTP/1.1 201) 4 headers in 162 bytes (1 switches on core 0)
2026-07-12 03:09:35.957 7 INFO neutron.services.segments.plugin [-] Client error retrieving segment cf44c2ef-861a-4179-be4f-de2f5aa1e210 resource provider; error: Placement Client Error (4xx): {"errors": [{"status": 404, "title": "Not Found", "detail": "The resource could not be found.\n\n No resource provider with uuid cf44c2ef-861a-4179-be4f-de2f5aa1e210 found for delete ", "request_id": "req-8b993a9e-ac40-4fc6-b79b-f71d856ad371"}]} [pid: 7|app: 0|req: 1045/2075] 10.0.0.12 () {32 vars in 724 bytes} [Sun Jul 12 03:09:35 2026] DELETE /v2.0/networks/ac10e779-edc1-4d7e-bf16-f99e4165ca6c => generated 0 bytes in 562 msecs (HTTP/1.1 204) 3 headers in 131 bytes (1 switches on core 0)
2026-07-12 03:09:36.035 7 INFO neutron.pecan_wsgi.hooks.translation [None req-dfc67e50-d6e1-4ad5-ac0b-8ba10b1d3b47 1851cc1301fc4dfd80b5070e50747569 72571b4cb1f7448d9f178e346a10651d - - default default] DELETE failed (client error): The resource could not be found. [pid: 7|app: 0|req: 1046/2076] 10.0.0.12 () {32 vars in 722 bytes} [Sun Jul 12 03:09:36 2026] DELETE /v2.0/subnets/2e9eead1-949a-4a84-815c-a55e5181fb84 => generated 136 bytes in 29 msecs (HTTP/1.1 404) 4 headers in 164 bytes (1 switches on core 0)
2026-07-12 03:09:36.062 7 INFO neutron.pecan_wsgi.hooks.translation [None req-cd5217f3-73e2-4e58-a04b-87627c68ce45 1851cc1301fc4dfd80b5070e50747569 72571b4cb1f7448d9f178e346a10651d - - default default] DELETE failed (client error): The resource could not be found. [pid: 7|app: 0|req: 1047/2077] 10.0.0.12 () {32 vars in 722 bytes} [Sun Jul 12 03:09:36 2026] DELETE /v2.0/subnets/7a2aef84-7d75-46c3-82bb-8abd05b6d524 => generated 136 bytes in 18 msecs (HTTP/1.1 404) 4 headers in 164 bytes (1 switches on core 0)
2026-07-12 03:09:36.082 7 INFO neutron.pecan_wsgi.hooks.translation [None req-a30643c3-bd98-4f6f-b31a-cb129e24670e 1851cc1301fc4dfd80b5070e50747569 72571b4cb1f7448d9f178e346a10651d - - default default] DELETE failed (client error): The resource could not be found. [pid: 7|app: 0|req: 1048/2078] 10.0.0.12 () {32 vars in 722 bytes} [Sun Jul 12 03:09:36 2026] DELETE /v2.0/subnets/05841a1c-e683-40d2-a7c2-7a6837c34bdd => generated 136 bytes in 13 msecs (HTTP/1.1 404) 4 headers in 164 bytes (1 switches on core 0)
2026-07-12 03:09:36.141 8 WARNING neutron.scheduler.dhcp_agent_scheduler [None req-23845312-eba7-42dd-b997-836ce76496ac 3473131c33924c45b07b94c774c5a9c8 49bc753cfebd421f8aec3194b309a59f - - default default] No more DHCP agents
2026-07-12 03:09:36.143 8 WARNING neutron.api.rpc.agentnotifiers.dhcp_rpc_agent_api [None req-23845312-eba7-42dd-b997-836ce76496ac 3473131c33924c45b07b94c774c5a9c8 49bc753cfebd421f8aec3194b309a59f - - default default] Unable to schedule network 42a66094-44ef-4e20-ad47-bbe93325b018: no agents available; will retry on subsequent port and subnet creation events.
2026-07-12 03:09:36.634 8 INFO neutron.db.ovn_revision_numbers_db [None req-23845312-eba7-42dd-b997-836ce76496ac 3473131c33924c45b07b94c774c5a9c8 49bc753cfebd421f8aec3194b309a59f - - default default] Successfully bumped revision number for resource 38622b58-b627-4d9b-8c3e-57beaae6bec8 (type: ports) to 2
2026-07-12 03:09:36.693 8 INFO neutron.db.ovn_revision_numbers_db [None req-23845312-eba7-42dd-b997-836ce76496ac 3473131c33924c45b07b94c774c5a9c8 49bc753cfebd421f8aec3194b309a59f - - default default] Successfully bumped revision number for resource 6b4b1b3f-bfff-4531-80d9-035d61d18500 (type: subnets) to 0 [pid: 8|app: 0|req: 1031/2079] 10.0.0.12 () {34 vars in 667 bytes} [Sun Jul 12 03:09:35 2026] POST /v2.0/subnets => generated 629 bytes in 751 msecs (HTTP/1.1 201) 4 headers in 162 bytes (1 switches on core 0) [pid: 7|app: 0|req: 1049/2080] 10.0.0.12 () {34 vars in 749 bytes} [Sun Jul 12 03:09:36 2026] PUT /v2.0/subnets/0bad0125-5bea-4825-946c-7ec7a34b8a47/tags => generated 17 bytes in 65 msecs (HTTP/1.1 200) 4 headers in 156 bytes (1 switches on core 0) [pid: 8|app: 0|req: 1032/2081] 10.0.0.12 () {34 vars in 749 bytes} [Sun Jul 12 03:09:36 2026] PUT /v2.0/subnets/ab10a91b-e961-42e9-9103-cbb785044b8a/tags => generated 25 bytes in 66 msecs (HTTP/1.1 200) 4 headers in 156 bytes (1 switches on core 0) [pid: 7|app: 0|req: 1050/2082] 10.0.0.12 () {34 vars in 749 bytes} [Sun Jul 12 03:09:36 2026] PUT /v2.0/subnets/9684aab1-c052-41c8-86ed-0685dd3bef8d/tags => generated 34 bytes in 47 msecs (HTTP/1.1 200) 4 headers in 156 bytes (1 switches on core 0) [pid: 7|app: 0|req: 1051/2083] 10.0.0.12 () {34 vars in 749 bytes} [Sun Jul 12 03:09:36 2026] PUT /v2.0/subnets/668ba1fd-7561-4377-b2f0-398098b75443/tags => generated 19 bytes in 51 msecs (HTTP/1.1 200) 4 headers in 156 bytes (1 switches on core 0) [pid: 7|app: 0|req: 1052/2084] 10.0.0.12 () {32 vars in 662 bytes} [Sun Jul 12 03:09:36 2026] GET /v2.0/subnets?tags=red => generated 1904 bytes in 47 msecs (HTTP/1.1 200) 4 headers in 158 bytes (1 switches on core 0) [pid: 7|app: 0|req: 1053/2085] 10.0.0.12 () {32 vars in 676 bytes} [Sun Jul 12 03:09:37 2026] GET /v2.0/subnets?tags=red%2Cblue => generated 1283 bytes in 47 msecs (HTTP/1.1 200) 4 headers in 158 bytes (1 switches on core 0)
2026-07-12 03:09:37.080 8 WARNING neutron.db.securitygroups_db [None req-168b0f9a-d9d2-488f-9e35-a059357f5603 73c87c74924e43ec99d488a7201884e4 f31f3208ec054e73a3074958b07fa407 - - default default] project_id key not found in filters, using tenant_id instead. This support has been deprecated and will be removed in a future release. [pid: 7|app: 0|req: 1054/2086] 10.0.0.12 () {32 vars in 672 bytes} [Sun Jul 12 03:09:37 2026] GET /v2.0/subnets?tags-any=blue => generated 1283 bytes in 39 msecs (HTTP/1.1 200) 4 headers in 158 bytes (1 switches on core 0) [pid: 7|app: 0|req: 1055/2087] 10.0.0.12 () {32 vars in 684 bytes} [Sun Jul 12 03:09:37 2026] GET /v2.0/subnets?tags-any=red%2Cblue => generated 1904 bytes in 21 msecs (HTTP/1.1 200) 4 headers in 158 bytes (1 switches on core 0) [pid: 7|app: 0|req: 1056/2088] 10.0.0.12 () {32 vars in 670 bytes} [Sun Jul 12 03:09:37 2026] GET /v2.0/subnets?not-tags=red => generated 1894 bytes in 43 msecs (HTTP/1.1 200) 4 headers in 158 bytes (1 switches on core 0)
2026-07-12 03:09:37.190 8 INFO neutron.db.ovn_revision_numbers_db [None req-168b0f9a-d9d2-488f-9e35-a059357f5603 73c87c74924e43ec99d488a7201884e4 f31f3208ec054e73a3074958b07fa407 - - default default] Successfully bumped revision number for resource 36ca5b94-3518-4e8f-aa9d-8e685cf9433d (type: security_groups) to 1
2026-07-12 03:09:37.222 8 INFO neutron.db.ovn_revision_numbers_db [None req-168b0f9a-d9d2-488f-9e35-a059357f5603 73c87c74924e43ec99d488a7201884e4 f31f3208ec054e73a3074958b07fa407 - - default default] Successfully bumped revision number for resource 89edc03c-35b0-4f13-bdd4-174dfcc93d08 (type: security_group_rules) to 0
2026-07-12 03:09:37.234 8 INFO neutron.db.ovn_revision_numbers_db [None req-168b0f9a-d9d2-488f-9e35-a059357f5603 73c87c74924e43ec99d488a7201884e4 f31f3208ec054e73a3074958b07fa407 - - default default] Successfully bumped revision number for resource 96bf9326-d84c-453f-92c6-1ba929e97702 (type: security_group_rules) to 0 [pid: 7|app: 0|req: 1057/2089] 10.0.0.12 () {32 vars in 684 bytes} [Sun Jul 12 03:09:37 2026] GET /v2.0/subnets?not-tags=red%2Cblue => generated 2515 bytes in 48 msecs (HTTP/1.1 200) 4 headers in 158 bytes (1 switches on core 0)
2026-07-12 03:09:37.244 8 INFO neutron.db.ovn_revision_numbers_db [None req-168b0f9a-d9d2-488f-9e35-a059357f5603 73c87c74924e43ec99d488a7201884e4 f31f3208ec054e73a3074958b07fa407 - - default default] Successfully bumped revision number for resource a29a0d2e-3727-4b34-8093-4c2b67e063f4 (type: security_group_rules) to 0
2026-07-12 03:09:37.254 8 INFO neutron.db.ovn_revision_numbers_db [None req-168b0f9a-d9d2-488f-9e35-a059357f5603 73c87c74924e43ec99d488a7201884e4 f31f3208ec054e73a3074958b07fa407 - - default default] Successfully bumped revision number for resource cd5c6277-7103-480c-91d8-9017004a1569 (type: security_group_rules) to 0 [pid: 8|app: 0|req: 1033/2090] 10.0.0.12 () {32 vars in 772 bytes} [Sun Jul 12 03:09:36 2026] GET /v2.0/security-groups?tenant_id=97501aa2b82442f6a14be4dab48a5946&name=default => generated 2925 bytes in 380 msecs (HTTP/1.1 200) 4 headers in 158 bytes (1 switches on core 0) [pid: 7|app: 0|req: 1058/2091] 10.0.0.12 () {32 vars in 680 bytes} [Sun Jul 12 03:09:37 2026] GET /v2.0/subnets?not-tags-any=blue => generated 2515 bytes in 47 msecs (HTTP/1.1 200) 4 headers in 158 bytes (1 switches on core 0) [pid: 7|app: 0|req: 1059/2092] 10.0.0.12 () {32 vars in 692 bytes} [Sun Jul 12 03:09:37 2026] GET /v2.0/subnets?not-tags-any=red%2Cblue => generated 1894 bytes in 43 msecs (HTTP/1.1 200) 4 headers in 158 bytes (1 switches on core 0) [pid: 8|app: 0|req: 1034/2093] 10.0.0.12 () {32 vars in 738 bytes} [Sun Jul 12 03:09:37 2026] DELETE /v2.0/security-groups/36ca5b94-3518-4e8f-aa9d-8e685cf9433d => generated 0 bytes in 172 msecs (HTTP/1.1 204) 2 headers in 112 bytes (1 switches on core 0) [pid: 7|app: 0|req: 1060/2094] 10.0.0.12 () {32 vars in 722 bytes} [Sun Jul 12 03:09:37 2026] DELETE /v2.0/subnets/0bad0125-5bea-4825-946c-7ec7a34b8a47 => generated 0 bytes in 171 msecs (HTTP/1.1 204) 3 headers in 131 bytes (1 switches on core 0)
2026-07-12 03:09:37.557 7 WARNING neutron.db.securitygroups_db [None req-fe6ce144-f96c-4936-a57d-8e59f6a2247b 73c87c74924e43ec99d488a7201884e4 f31f3208ec054e73a3074958b07fa407 - - default default] project_id key not found in filters, using tenant_id instead. This support has been deprecated and will be removed in a future release.
2026-07-12 03:09:37.677 7 INFO neutron.db.ovn_revision_numbers_db [None req-fe6ce144-f96c-4936-a57d-8e59f6a2247b 73c87c74924e43ec99d488a7201884e4 f31f3208ec054e73a3074958b07fa407 - - default default] Successfully bumped revision number for resource 91cb145e-fc05-41e3-bd9f-ec3515c096ef (type: security_groups) to 1
2026-07-12 03:09:37.687 7 INFO neutron.db.ovn_revision_numbers_db [None req-fe6ce144-f96c-4936-a57d-8e59f6a2247b 73c87c74924e43ec99d488a7201884e4 f31f3208ec054e73a3074958b07fa407 - - default default] Successfully bumped revision number for resource 19faf189-f9bf-4af9-8c77-93b3b6c781be (type: security_group_rules) to 0
