2026-07-12 03:10:42.768 7 INFO neutron_taas.services.taas.taas_plugin [None req-7127c16f-bbdd-414f-ab2a-a0f8e9f47374 acd89a00434142c29527c2e5bf82f0c7 02e7574a368d4d2ca3a3f240ed3889d4 - - default default] TaaS: Handle Delete Port: a74fef83-4f19-4173-a4b1-7256ba24e6ac
2026-07-12 03:10:42.782 7 INFO neutron_taas.services.taas.tap_mirror_plugin [None req-7127c16f-bbdd-414f-ab2a-a0f8e9f47374 acd89a00434142c29527c2e5bf82f0c7 02e7574a368d4d2ca3a3f240ed3889d4 - - default default] Tap Mirror: Handle Delete Port: a74fef83-4f19-4173-a4b1-7256ba24e6ac [pid: 7|app: 0|req: 1250/2507] 10.0.0.12 () {32 vars in 718 bytes} [Sun Jul 12 03:10:42 2026] DELETE /v2.0/ports/a74fef83-4f19-4173-a4b1-7256ba24e6ac => generated 0 bytes in 315 msecs (HTTP/1.1 204) 3 headers in 131 bytes (1 switches on core 0)
2026-07-12 03:10:43.061 7 INFO neutron_taas.services.taas.taas_plugin [None req-530f4ef2-341b-443d-933b-aaf4bc133869 acd89a00434142c29527c2e5bf82f0c7 02e7574a368d4d2ca3a3f240ed3889d4 - - default default] TaaS: Handle Delete Port: a85e6283-2d31-442e-acc0-70a93baa51da
2026-07-12 03:10:43.063 7 INFO neutron_taas.services.taas.tap_mirror_plugin [None req-530f4ef2-341b-443d-933b-aaf4bc133869 acd89a00434142c29527c2e5bf82f0c7 02e7574a368d4d2ca3a3f240ed3889d4 - - default default] Tap Mirror: Handle Delete Port: a85e6283-2d31-442e-acc0-70a93baa51da
2026-07-12 03:10:43.222 7 INFO neutron.services.segments.plugin [-] Segment fc6516b9-7595-4604-9f71-7fb4c81d6693 resource provider aggregate not found
2026-07-12 03:10:43.228 7 INFO neutron.services.segments.plugin [-] Segment fc6516b9-7595-4604-9f71-7fb4c81d6693 resource provider aggregate not found
2026-07-12 03:10:43.246 7 INFO neutron.services.segments.plugin [-] Client error retrieving segment fc6516b9-7595-4604-9f71-7fb4c81d6693 resource provider; error: Placement Client Error (4xx): {"errors": [{"status": 404, "title": "Not Found", "detail": "The resource could not be found.\n\n No resource provider with uuid fc6516b9-7595-4604-9f71-7fb4c81d6693 found for delete ", "request_id": "req-71b49cf0-ac29-466b-bdb8-cbf5c26ebec3"}]}
2026-07-12 03:10:43.250 7 INFO neutron.services.segments.plugin [-] Client error retrieving segment fc6516b9-7595-4604-9f71-7fb4c81d6693 resource provider; error: Placement Client Error (4xx): {"errors": [{"status": 404, "title": "Not Found", "detail": "The resource could not be found.\n\n No resource provider with uuid fc6516b9-7595-4604-9f71-7fb4c81d6693 found for delete ", "request_id": "req-d763b834-8a8f-4d47-97e4-16080c584272"}]} [pid: 7|app: 0|req: 1251/2508] 10.0.0.12 () {32 vars in 724 bytes} [Sun Jul 12 03:10:42 2026] DELETE /v2.0/networks/cb5be060-1855-4bfc-b567-cdeb49c2d54f => generated 0 bytes in 372 msecs (HTTP/1.1 204) 3 headers in 131 bytes (1 switches on core 0)
2026-07-12 03:10:43.314 7 INFO neutron.plugins.ml2.drivers.ovn.mech_driver.mech_driver [None req-bacace20-42c0-4805-b4e5-c12fbc9e8e29 - - - - - -] OVN reports status up for port: ed8ba874-be3c-4686-afd8-3eb2a2767a82
2026-07-12 03:10:43.333 7 INFO neutron.plugins.ml2.plugin [None req-bacace20-42c0-4805-b4e5-c12fbc9e8e29 - - - - - -] Attempt 1 to provision port ed8ba874-be3c-4686-afd8-3eb2a2767a82
2026-07-12 03:10:43.336 8 INFO neutron.plugins.ml2.drivers.ovn.mech_driver.ovsdb.ovsdb_monitor [None req-30407620-786c-4830-a4b1-3a53715c2599 - - - - - -] Router 186b9d51-d2f7-42d5-954e-76ad54cf4248 is bound to host instance
2026-07-12 03:10:43.387 8 INFO neutron.db.ovn_revision_numbers_db [None req-5b3f1678-5f15-4898-8f42-69257e1d4c4d ef4b7729bb2c449baa555ae297a6c405 24e8f10b4e34417aa4ccbbb14df7b3ee - - default default] Successfully bumped revision number for resource ed8ba874-be3c-4686-afd8-3eb2a2767a82 (type: router_ports) to 1
2026-07-12 03:10:43.539 8 INFO neutron.db.ovn_revision_numbers_db [None req-5b3f1678-5f15-4898-8f42-69257e1d4c4d ef4b7729bb2c449baa555ae297a6c405 24e8f10b4e34417aa4ccbbb14df7b3ee - - default default] Successfully bumped revision number for resource 186b9d51-d2f7-42d5-954e-76ad54cf4248 (type: routers) to 2 [pid: 8|app: 0|req: 1258/2509] 10.0.0.12 () {34 vars in 667 bytes} [Sun Jul 12 03:10:42 2026] POST /v2.0/routers => generated 966 bytes in 1484 msecs (HTTP/1.1 201) 4 headers in 162 bytes (1 switches on core 0)
2026-07-12 03:10:44.047 8 WARNING neutron.db.securitygroups_db [None req-6fb902ae-dd59-4ecc-9ae4-897290fc06a2 73c87c74924e43ec99d488a7201884e4 f31f3208ec054e73a3074958b07fa407 - - default default] project_id key not found in filters, using tenant_id instead. This support has been deprecated and will be removed in a future release. [pid: 8|app: 0|req: 1259/2510] 10.0.0.12 () {32 vars in 772 bytes} [Sun Jul 12 03:10:43 2026] GET /v2.0/security-groups?tenant_id=02e7574a368d4d2ca3a3f240ed3889d4&name=default => generated 2929 bytes in 219 msecs (HTTP/1.1 200) 4 headers in 158 bytes (1 switches on core 0)
2026-07-12 03:10:44.165 7 WARNING neutron.scheduler.dhcp_agent_scheduler [None req-bc911f3f-6bc7-4d95-b98c-2bc76b18b784 ef4b7729bb2c449baa555ae297a6c405 24e8f10b4e34417aa4ccbbb14df7b3ee - - default default] No more DHCP agents
2026-07-12 03:10:44.167 7 WARNING neutron.api.rpc.agentnotifiers.dhcp_rpc_agent_api [None req-bc911f3f-6bc7-4d95-b98c-2bc76b18b784 ef4b7729bb2c449baa555ae297a6c405 24e8f10b4e34417aa4ccbbb14df7b3ee - - default default] Unable to schedule network b9d84660-bb45-4879-ad50-0acb79a04c9b: no agents available; will retry on subsequent port and subnet creation events.
2026-07-12 03:10:44.353 7 INFO neutron.db.ovn_revision_numbers_db [None req-bc911f3f-6bc7-4d95-b98c-2bc76b18b784 ef4b7729bb2c449baa555ae297a6c405 24e8f10b4e34417aa4ccbbb14df7b3ee - - default default] Successfully bumped revision number for resource 5eb945d4-3add-4ab1-8306-b1c79e96a719 (type: ports) to 1 [pid: 8|app: 0|req: 1260/2511] 10.0.0.12 () {32 vars in 738 bytes} [Sun Jul 12 03:10:44 2026] DELETE /v2.0/security-groups/abb61d2a-71eb-4bdc-ab32-3a9052537ece => generated 0 bytes in 370 msecs (HTTP/1.1 204) 2 headers in 112 bytes (1 switches on core 0)
2026-07-12 03:10:44.550 8 INFO neutron.db.ovn_revision_numbers_db [None req-002bf46d-299c-4266-8c87-3bb701bc7c17 - - - - - -] Successfully bumped revision number for resource ed8ba874-be3c-4686-afd8-3eb2a2767a82 (type: ports) to 4
2026-07-12 03:10:44.617 8 WARNING neutron.db.securitygroups_db [None req-33cf8177-1555-439b-92ad-cdc1e2ac3f14 73c87c74924e43ec99d488a7201884e4 f31f3208ec054e73a3074958b07fa407 - - default default] project_id key not found in filters, using tenant_id instead. This support has been deprecated and will be removed in a future release.
2026-07-12 03:10:44.852 8 INFO neutron.db.ovn_revision_numbers_db [None req-33cf8177-1555-439b-92ad-cdc1e2ac3f14 73c87c74924e43ec99d488a7201884e4 f31f3208ec054e73a3074958b07fa407 - - default default] Successfully bumped revision number for resource 24a7c549-420c-4a69-b9ac-9188193adfd4 (type: security_groups) to 1
2026-07-12 03:10:44.887 8 INFO neutron.db.ovn_revision_numbers_db [None req-33cf8177-1555-439b-92ad-cdc1e2ac3f14 73c87c74924e43ec99d488a7201884e4 f31f3208ec054e73a3074958b07fa407 - - default default] Successfully bumped revision number for resource 24142be6-e035-4fa4-8c43-ee8dbd51972a (type: security_group_rules) to 0
2026-07-12 03:10:44.911 8 INFO neutron.db.ovn_revision_numbers_db [None req-33cf8177-1555-439b-92ad-cdc1e2ac3f14 73c87c74924e43ec99d488a7201884e4 f31f3208ec054e73a3074958b07fa407 - - default default] Successfully bumped revision number for resource aca8b8c5-5791-4b9a-8838-142ef2c4250c (type: security_group_rules) to 0
2026-07-12 03:10:44.953 8 INFO neutron.db.ovn_revision_numbers_db [None req-33cf8177-1555-439b-92ad-cdc1e2ac3f14 73c87c74924e43ec99d488a7201884e4 f31f3208ec054e73a3074958b07fa407 - - default default] Successfully bumped revision number for resource afea3d75-a081-4327-af95-2f34d29b5287 (type: security_group_rules) to 0
2026-07-12 03:10:44.974 8 INFO neutron.db.ovn_revision_numbers_db [None req-33cf8177-1555-439b-92ad-cdc1e2ac3f14 73c87c74924e43ec99d488a7201884e4 f31f3208ec054e73a3074958b07fa407 - - default default] Successfully bumped revision number for resource cced8565-af51-454b-a782-65031272f6a4 (type: security_group_rules) to 0
2026-07-12 03:10:44.992 8 INFO neutron.db.ovn_revision_numbers_db [None req-002bf46d-299c-4266-8c87-3bb701bc7c17 - - - - - -] Successfully bumped revision number for resource ed8ba874-be3c-4686-afd8-3eb2a2767a82 (type: ports) to 5 [pid: 8|app: 0|req: 1261/2512] 10.0.0.12 () {32 vars in 772 bytes} [Sun Jul 12 03:10:44 2026] GET /v2.0/security-groups?tenant_id=98aece4492ba4084922e08819b267487&name=default => generated 2929 bytes in 458 msecs (HTTP/1.1 200) 4 headers in 158 bytes (1 switches on core 0) [pid: 8|app: 0|req: 1262/2513] 10.0.0.12 () {32 vars in 738 bytes} [Sun Jul 12 03:10:45 2026] DELETE /v2.0/security-groups/24a7c549-420c-4a69-b9ac-9188193adfd4 => generated 0 bytes in 219 msecs (HTTP/1.1 204) 2 headers in 112 bytes (1 switches on core 0)
2026-07-12 03:10:45.821 7 WARNING neutron.scheduler.dhcp_agent_scheduler [None req-bc911f3f-6bc7-4d95-b98c-2bc76b18b784 ef4b7729bb2c449baa555ae297a6c405 24e8f10b4e34417aa4ccbbb14df7b3ee - - default default] No more DHCP agents
2026-07-12 03:10:45.823 7 WARNING neutron.api.rpc.agentnotifiers.dhcp_rpc_agent_api [None req-bc911f3f-6bc7-4d95-b98c-2bc76b18b784 ef4b7729bb2c449baa555ae297a6c405 24e8f10b4e34417aa4ccbbb14df7b3ee - - default default] Unable to schedule network b9d84660-bb45-4879-ad50-0acb79a04c9b: no agents available; will retry on subsequent port and subnet creation events.
2026-07-12 03:10:46.208 7 INFO neutron.db.ovn_revision_numbers_db [None req-bc911f3f-6bc7-4d95-b98c-2bc76b18b784 ef4b7729bb2c449baa555ae297a6c405 24e8f10b4e34417aa4ccbbb14df7b3ee - - default default] Successfully bumped revision number for resource 5eb945d4-3add-4ab1-8306-b1c79e96a719 (type: router_ports) to 1 [pid: 7|app: 0|req: 1252/2516] 10.0.0.12 () {34 vars in 781 bytes} [Sun Jul 12 03:10:43 2026] PUT /v2.0/routers/186b9d51-d2f7-42d5-954e-76ad54cf4248/add_router_interface => generated 310 bytes in 2622 msecs (HTTP/1.1 200) 4 headers in 157 bytes (1 switches on core 0)
2026-07-12 03:10:46.410 7 INFO neutron.plugins.ml2.drivers.ovn.mech_driver.mech_driver [None req-bacace20-42c0-4805-b4e5-c12fbc9e8e29 - - - - - -] OVN reports status down for port: 5eb945d4-3add-4ab1-8306-b1c79e96a719
2026-07-12 03:10:46.471 7 WARNING neutron.plugins.ml2.drivers.ovn.mech_driver.ovsdb.ovn_client [None req-bacace20-42c0-4805-b4e5-c12fbc9e8e29 - - - - - -] Logical_Switch_Port 5eb945d4-3add-4ab1-8306-b1c79e96a719 host information not removed, the port state is up
2026-07-12 03:10:46.471 7 INFO neutron.plugins.ml2.drivers.ovn.mech_driver.mech_driver [None req-bacace20-42c0-4805-b4e5-c12fbc9e8e29 - - - - - -] OVN reports status up for port: 5eb945d4-3add-4ab1-8306-b1c79e96a719
2026-07-12 03:10:46.482 7 INFO neutron.plugins.ml2.plugin [None req-bacace20-42c0-4805-b4e5-c12fbc9e8e29 - - - - - -] Attempt 1 to provision port 5eb945d4-3add-4ab1-8306-b1c79e96a719
2026-07-12 03:10:46.621 8 WARNING neutron.scheduler.dhcp_agent_scheduler [None req-795f0470-2d3f-45dd-9916-dadff8211ea9 ef4b7729bb2c449baa555ae297a6c405 24e8f10b4e34417aa4ccbbb14df7b3ee - - default default] No more DHCP agents
2026-07-12 03:10:46.622 8 WARNING neutron.api.rpc.agentnotifiers.dhcp_rpc_agent_api [None req-795f0470-2d3f-45dd-9916-dadff8211ea9 ef4b7729bb2c449baa555ae297a6c405 24e8f10b4e34417aa4ccbbb14df7b3ee - - default default] Unable to schedule network e8acbd0d-d250-4987-a04c-868060356705: no agents available; will retry on subsequent port and subnet creation events.
2026-07-12 03:10:46.756 8 INFO neutron.db.ovn_revision_numbers_db [None req-795f0470-2d3f-45dd-9916-dadff8211ea9 ef4b7729bb2c449baa555ae297a6c405 24e8f10b4e34417aa4ccbbb14df7b3ee - - default default] Successfully bumped revision number for resource c4a326e7-810d-4302-b7dd-38f31fe1f8fc (type: ports) to 1
2026-07-12 03:10:46.896 7 INFO neutron.db.ovn_revision_numbers_db [None req-bacace20-42c0-4805-b4e5-c12fbc9e8e29 - - - - - -] Successfully bumped revision number for resource 5eb945d4-3add-4ab1-8306-b1c79e96a719 (type: ports) to 2
2026-07-12 03:10:47.546 8 WARNING neutron.scheduler.dhcp_agent_scheduler [None req-795f0470-2d3f-45dd-9916-dadff8211ea9 ef4b7729bb2c449baa555ae297a6c405 24e8f10b4e34417aa4ccbbb14df7b3ee - - default default] No more DHCP agents
2026-07-12 03:10:47.547 8 WARNING neutron.api.rpc.agentnotifiers.dhcp_rpc_agent_api [None req-795f0470-2d3f-45dd-9916-dadff8211ea9 ef4b7729bb2c449baa555ae297a6c405 24e8f10b4e34417aa4ccbbb14df7b3ee - - default default] Unable to schedule network e8acbd0d-d250-4987-a04c-868060356705: no agents available; will retry on subsequent port and subnet creation events.
2026-07-12 03:10:47.866 8 INFO neutron.db.ovn_revision_numbers_db [None req-795f0470-2d3f-45dd-9916-dadff8211ea9 ef4b7729bb2c449baa555ae297a6c405 24e8f10b4e34417aa4ccbbb14df7b3ee - - default default] Successfully bumped revision number for resource c4a326e7-810d-4302-b7dd-38f31fe1f8fc (type: router_ports) to 1 [pid: 8|app: 0|req: 1265/2517] 10.0.0.12 () {34 vars in 781 bytes} [Sun Jul 12 03:10:46 2026] PUT /v2.0/routers/186b9d51-d2f7-42d5-954e-76ad54cf4248/add_router_interface => generated 310 bytes in 1657 msecs (HTTP/1.1 200) 4 headers in 157 bytes (1 switches on core 0)
2026-07-12 03:10:47.878 8 INFO neutron.common.ovn.utils [None req-cb6ee820-f942-4a74-be62-3a3aeaa63a31 - - - - - -] HA Chassis Group neutron-e8acbd0d-d250-4987-a04c-868060356705 synchronized; highest priority chassis ed0d378e-3b58-43dd-960e-0d0b7f1afa65
2026-07-12 03:10:48.413 7 WARNING neutron.scheduler.dhcp_agent_scheduler [None req-c8c0dd82-4c35-4ab5-8a93-491beb7853bc ef4b7729bb2c449baa555ae297a6c405 24e8f10b4e34417aa4ccbbb14df7b3ee - - default default] No more DHCP agents
2026-07-12 03:10:48.414 7 WARNING neutron.api.rpc.agentnotifiers.dhcp_rpc_agent_api [None req-c8c0dd82-4c35-4ab5-8a93-491beb7853bc ef4b7729bb2c449baa555ae297a6c405 24e8f10b4e34417aa4ccbbb14df7b3ee - - default default] Unable to schedule network 0c4fb8e3-0727-46a2-8079-f06476d4897e: no agents available; will retry on subsequent port and subnet creation events.
2026-07-12 03:10:48.540 8 INFO neutron.plugins.ml2.drivers.ovn.mech_driver.mech_driver [None req-cb6ee820-f942-4a74-be62-3a3aeaa63a31 - - - - - -] OVN reports status down for port: 8d54b7c9-7f40-495f-a156-a451792b42d3
2026-07-12 03:10:48.566 7 INFO neutron.db.ovn_revision_numbers_db [None req-c8c0dd82-4c35-4ab5-8a93-491beb7853bc ef4b7729bb2c449baa555ae297a6c405 24e8f10b4e34417aa4ccbbb14df7b3ee - - default default] Successfully bumped revision number for resource 8d54b7c9-7f40-495f-a156-a451792b42d3 (type: ports) to 1
2026-07-12 03:10:49.242 8 INFO neutron.plugins.ml2.drivers.ovn.mech_driver.mech_driver [None req-cb6ee820-f942-4a74-be62-3a3aeaa63a31 - - - - - -] OVN reports status up for port: 8d54b7c9-7f40-495f-a156-a451792b42d3
2026-07-12 03:10:49.254 8 INFO neutron.plugins.ml2.plugin [None req-cb6ee820-f942-4a74-be62-3a3aeaa63a31 - - - - - -] Attempt 1 to provision port 8d54b7c9-7f40-495f-a156-a451792b42d3
2026-07-12 03:10:49.261 7 INFO neutron.plugins.ml2.plugin [None req-c8c0dd82-4c35-4ab5-8a93-491beb7853bc ef4b7729bb2c449baa555ae297a6c405 24e8f10b4e34417aa4ccbbb14df7b3ee - - default default] Attempt 1 to provision port 8d54b7c9-7f40-495f-a156-a451792b42d3
2026-07-12 03:10:49.327 7 WARNING neutron.scheduler.dhcp_agent_scheduler [None req-c8c0dd82-4c35-4ab5-8a93-491beb7853bc ef4b7729bb2c449baa555ae297a6c405 24e8f10b4e34417aa4ccbbb14df7b3ee - - default default] No more DHCP agents
2026-07-12 03:10:49.329 7 WARNING neutron.api.rpc.agentnotifiers.dhcp_rpc_agent_api [None req-c8c0dd82-4c35-4ab5-8a93-491beb7853bc ef4b7729bb2c449baa555ae297a6c405 24e8f10b4e34417aa4ccbbb14df7b3ee - - default default] Unable to schedule network 0c4fb8e3-0727-46a2-8079-f06476d4897e: no agents available; will retry on subsequent port and subnet creation events.
2026-07-12 03:10:49.573 7 INFO neutron.db.ovn_revision_numbers_db [None req-c8c0dd82-4c35-4ab5-8a93-491beb7853bc ef4b7729bb2c449baa555ae297a6c405 24e8f10b4e34417aa4ccbbb14df7b3ee - - default default] Successfully bumped revision number for resource 8d54b7c9-7f40-495f-a156-a451792b42d3 (type: router_ports) to 1 [pid: 7|app: 0|req: 1253/2518] 10.0.0.12 () {34 vars in 781 bytes} [Sun Jul 12 03:10:47 2026] PUT /v2.0/routers/186b9d51-d2f7-42d5-954e-76ad54cf4248/add_router_interface => generated 310 bytes in 1698 msecs (HTTP/1.1 200) 4 headers in 157 bytes (1 switches on core 0)
2026-07-12 03:10:49.838 8 INFO neutron.db.ovn_revision_numbers_db [None req-cb6ee820-f942-4a74-be62-3a3aeaa63a31 - - - - - -] Successfully bumped revision number for resource 8d54b7c9-7f40-495f-a156-a451792b42d3 (type: ports) to 2
2026-07-12 03:10:49.864 8 INFO neutron.db.ovn_revision_numbers_db [None req-13942123-ae04-44bd-aa45-f4a7cba2f2e5 ef4b7729bb2c449baa555ae297a6c405 24e8f10b4e34417aa4ccbbb14df7b3ee - - default default] Successfully bumped revision number for resource 8415142d-56c7-41f5-9e1f-825dfdce1ce8 (type: security_groups) to 1
2026-07-12 03:10:49.885 8 INFO neutron.db.ovn_revision_numbers_db [None req-13942123-ae04-44bd-aa45-f4a7cba2f2e5 ef4b7729bb2c449baa555ae297a6c405 24e8f10b4e34417aa4ccbbb14df7b3ee - - default default] Successfully bumped revision number for resource 48c8162c-71c4-40aa-a971-baad29bc3452 (type: security_group_rules) to 0
2026-07-12 03:10:49.905 8 INFO neutron.db.ovn_revision_numbers_db [None req-13942123-ae04-44bd-aa45-f4a7cba2f2e5 ef4b7729bb2c449baa555ae297a6c405 24e8f10b4e34417aa4ccbbb14df7b3ee - - default default] Successfully bumped revision number for resource 97b99327-ff7d-4030-b0b2-ba4fd51c72a0 (type: security_group_rules) to 0 [pid: 8|app: 0|req: 1266/2519] 10.0.0.12 () {34 vars in 682 bytes} [Sun Jul 12 03:10:49 2026] POST /v2.0/security-groups => generated 1628 bytes in 355 msecs (HTTP/1.1 201) 4 headers in 163 bytes (1 switches on core 0)
2026-07-12 03:10:50.113 7 INFO neutron.db.ovn_revision_numbers_db [None req-59a6dd0b-34d6-4a66-9c56-ed0fa661cfd3 ef4b7729bb2c449baa555ae297a6c405 24e8f10b4e34417aa4ccbbb14df7b3ee - - default default] Successfully bumped revision number for resource 29c80d4e-dad8-4dd7-b645-e78f9492a76c (type: security_group_rules) to 0 [pid: 7|app: 0|req: 1254/2520] 10.0.0.12 () {34 vars in 693 bytes} [Sun Jul 12 03:10:49 2026] POST /v2.0/security-group-rules => generated 597 bytes in 155 msecs (HTTP/1.1 201) 4 headers in 162 bytes (1 switches on core 0)
2026-07-12 03:10:50.256 8 INFO neutron.db.ovn_revision_numbers_db [None req-5d58a091-c2b0-4e2b-8e9a-ee09442af6ae ef4b7729bb2c449baa555ae297a6c405 24e8f10b4e34417aa4ccbbb14df7b3ee - - default default] Successfully bumped revision number for resource 660585b2-8da5-4a3b-b838-fe50d5528ae2 (type: security_group_rules) to 0 [pid: 8|app: 0|req: 1267/2521] 10.0.0.12 () {34 vars in 693 bytes} [Sun Jul 12 03:10:50 2026] POST /v2.0/security-group-rules => generated 597 bytes in 135 msecs (HTTP/1.1 201) 4 headers in 162 bytes (1 switches on core 0)
2026-07-12 03:10:50.420 7 INFO neutron.db.ovn_revision_numbers_db [None req-09ab55aa-86d7-4905-a676-57587877806a ef4b7729bb2c449baa555ae297a6c405 24e8f10b4e34417aa4ccbbb14df7b3ee - - default default] Successfully bumped revision number for resource 15282dd0-e44d-475f-889b-91e751adaf6b (type: security_group_rules) to 0 [pid: 7|app: 0|req: 1255/2522] 10.0.0.12 () {34 vars in 693 bytes} [Sun Jul 12 03:10:50 2026] POST /v2.0/security-group-rules => generated 599 bytes in 162 msecs (HTTP/1.1 201) 4 headers in 162 bytes (1 switches on core 0)
2026-07-12 03:10:50.593 8 INFO neutron.db.ovn_revision_numbers_db [None req-994c82ff-f1b5-4b13-8a95-d94f2ff5ee06 ef4b7729bb2c449baa555ae297a6c405 24e8f10b4e34417aa4ccbbb14df7b3ee - - default default] Successfully bumped revision number for resource 24323019-a52d-474f-a85f-119b3484e4d7 (type: security_group_rules) to 0 [pid: 8|app: 0|req: 1268/2523] 10.0.0.12 () {34 vars in 693 bytes} [Sun Jul 12 03:10:50 2026] POST /v2.0/security-group-rules => generated 601 bytes in 163 msecs (HTTP/1.1 201) 4 headers in 162 bytes (1 switches on core 0)
2026-07-12 03:10:50.755 7 INFO neutron.db.ovn_revision_numbers_db [None req-ca594470-c48e-4128-8999-84cc4c3eb520 ef4b7729bb2c449baa555ae297a6c405 24e8f10b4e34417aa4ccbbb14df7b3ee - - default default] Successfully bumped revision number for resource a51a7ac7-58ed-47fa-a265-ae806dd28674 (type: security_group_rules) to 0 [pid: 7|app: 0|req: 1256/2524] 10.0.0.12 () {34 vars in 693 bytes} [Sun Jul 12 03:10:50 2026] POST /v2.0/security-group-rules => generated 601 bytes in 161 msecs (HTTP/1.1 201) 4 headers in 162 bytes (1 switches on core 0)
2026-07-12 03:10:50.906 8 INFO neutron.db.ovn_revision_numbers_db [None req-e53dca4b-8c5f-4e80-894f-a00d49a2397d ef4b7729bb2c449baa555ae297a6c405 24e8f10b4e34417aa4ccbbb14df7b3ee - - default default] Successfully bumped revision number for resource 5273bf55-2b7d-40f1-9c85-5b63871f4424 (type: security_group_rules) to 0 [pid: 8|app: 0|req: 1269/2525] 10.0.0.12 () {34 vars in 693 bytes} [Sun Jul 12 03:10:50 2026] POST /v2.0/security-group-rules => generated 597 bytes in 155 msecs (HTTP/1.1 201) 4 headers in 162 bytes (1 switches on core 0)
2026-07-12 03:10:51.089 7 INFO neutron.db.ovn_revision_numbers_db [None req-caa493e5-992f-49e4-9e72-a98a1f8db4a2 ef4b7729bb2c449baa555ae297a6c405 24e8f10b4e34417aa4ccbbb14df7b3ee - - default default] Successfully bumped revision number for resource 971fd131-bfc7-40b5-b9aa-b7e80512cdee (type: security_group_rules) to 0 [pid: 7|app: 0|req: 1257/2526] 10.0.0.12 () {34 vars in 693 bytes} [Sun Jul 12 03:10:50 2026] POST /v2.0/security-group-rules => generated 597 bytes in 164 msecs (HTTP/1.1 201) 4 headers in 162 bytes (1 switches on core 0)
2026-07-12 03:10:51.246 8 INFO neutron.db.ovn_revision_numbers_db [None req-1a175ee3-83db-4611-aa9d-6cc149305952 ef4b7729bb2c449baa555ae297a6c405 24e8f10b4e34417aa4ccbbb14df7b3ee - - default default] Successfully bumped revision number for resource 3dae609e-977f-48f6-800e-046a64b2d852 (type: security_group_rules) to 0 [pid: 8|app: 0|req: 1270/2527] 10.0.0.12 () {34 vars in 693 bytes} [Sun Jul 12 03:10:51 2026] POST /v2.0/security-group-rules => generated 597 bytes in 152 msecs (HTTP/1.1 201) 4 headers in 162 bytes (1 switches on core 0)
2026-07-12 03:10:51.424 7 INFO neutron.db.ovn_revision_numbers_db [None req-fb137c7e-da68-40e6-a54f-2b4216042a98 ef4b7729bb2c449baa555ae297a6c405 24e8f10b4e34417aa4ccbbb14df7b3ee - - default default] Successfully bumped revision number for resource a954ecee-8010-4faf-8741-6398e3c2570c (type: security_group_rules) to 0 [pid: 7|app: 0|req: 1258/2528] 10.0.0.12 () {34 vars in 693 bytes} [Sun Jul 12 03:10:51 2026] POST /v2.0/security-group-rules => generated 599 bytes in 179 msecs (HTTP/1.1 201) 4 headers in 162 bytes (1 switches on core 0)
2026-07-12 03:10:51.597 8 INFO neutron.db.ovn_revision_numbers_db [None req-c6ea3b71-63fb-4ece-96be-123d843c2185 ef4b7729bb2c449baa555ae297a6c405 24e8f10b4e34417aa4ccbbb14df7b3ee - - default default] Successfully bumped revision number for resource 058275e7-61fb-4f26-9524-f4360d29b02e (type: security_group_rules) to 0 [pid: 8|app: 0|req: 1271/2529] 10.0.0.12 () {34 vars in 693 bytes} [Sun Jul 12 03:10:51 2026] POST /v2.0/security-group-rules => generated 601 bytes in 161 msecs (HTTP/1.1 201) 4 headers in 162 bytes (1 switches on core 0)
2026-07-12 03:10:51.785 7 INFO neutron.db.ovn_revision_numbers_db [None req-0226b6bb-e4da-496e-a1d0-70e8cbc26974 ef4b7729bb2c449baa555ae297a6c405 24e8f10b4e34417aa4ccbbb14df7b3ee - - default default] Successfully bumped revision number for resource 2d46e262-b348-4caa-800e-b12916764cfc (type: security_group_rules) to 0 [pid: 7|app: 0|req: 1259/2530] 10.0.0.12 () {34 vars in 693 bytes} [Sun Jul 12 03:10:51 2026] POST /v2.0/security-group-rules => generated 597 bytes in 183 msecs (HTTP/1.1 201) 4 headers in 162 bytes (1 switches on core 0)
2026-07-12 03:10:52.060 7 WARNING neutron.plugins.ml2.drivers.ovn.mech_driver.ovsdb.ovn_client [None req-b85ccc10-073e-4df2-8c02-87f4b375d9a5 - - - - - -] No hosting information found for port 5eb945d4-3add-4ab1-8306-b1c79e96a719: RuntimeError: No hosting information found for port 5eb945d4-3add-4ab1-8306-b1c79e96a719
2026-07-12 03:10:52.099 7 INFO neutron.common.ovn.utils [None req-b85ccc10-073e-4df2-8c02-87f4b375d9a5 - - - - - -] HA Chassis Group neutron-b9d84660-bb45-4879-ad50-0acb79a04c9b synchronized; highest priority chassis ed0d378e-3b58-43dd-960e-0d0b7f1afa65
2026-07-12 03:10:52.197 8 WARNING neutron.db.securitygroups_db [req-bf4e4af9-0145-4ba8-aea6-bb8b08a81925 req-ee802aec-a84b-4128-8c2c-d64db79b5938 ef4b7729bb2c449baa555ae297a6c405 24e8f10b4e34417aa4ccbbb14df7b3ee - - default default] project_id key not found in filters, using tenant_id instead. This support has been deprecated and will be removed in a future release.
2026-07-12 03:10:52.212 7 INFO neutron.db.ovn_revision_numbers_db [None req-b85ccc10-073e-4df2-8c02-87f4b375d9a5 - - - - - -] Successfully bumped revision number for resource 5eb945d4-3add-4ab1-8306-b1c79e96a719 (type: router_ports) to 2
2026-07-12 03:10:52.213 7 INFO neutron.plugins.ml2.drivers.ovn.mech_driver.mech_driver [None req-b85ccc10-073e-4df2-8c02-87f4b375d9a5 - - - - - -] OVN reports status down for port: c4a326e7-810d-4302-b7dd-38f31fe1f8fc [pid: 8|app: 0|req: 1272/2531] 10.0.0.23 () {34 vars in 1090 bytes} [Sun Jul 12 03:10:52 2026] GET /v2.0/security-groups?name=tempest-lb_member_SG-62630489&fields=id&tenant_id=24e8f10b4e34417aa4ccbbb14df7b3ee => generated 69 bytes in 33 msecs (HTTP/1.1 200) 4 headers in 156 bytes (1 switches on core 0) [pid: 7|app: 0|req: 1260/2532] 10.0.0.23 () {34 vars in 980 bytes} [Sun Jul 12 03:10:52 2026] GET /v2.0/networks?id=e8acbd0d-d250-4987-a04c-868060356705 => generated 743 bytes in 100 msecs (HTTP/1.1 200) 4 headers in 157 bytes (1 switches on core 0)
2026-07-12 03:10:52.334 7 WARNING neutron.plugins.ml2.drivers.ovn.mech_driver.ovsdb.ovn_client [None req-b85ccc10-073e-4df2-8c02-87f4b375d9a5 - - - - - -] Logical_Switch_Port c4a326e7-810d-4302-b7dd-38f31fe1f8fc host information not removed, the port state is up [pid: 8|app: 0|req: 1273/2533] 10.0.0.23 () {34 vars in 963 bytes} [Sun Jul 12 03:10:52 2026] GET /v2.0/quotas/24e8f10b4e34417aa4ccbbb14df7b3ee => generated 312 bytes in 10 msecs (HTTP/1.1 200) 4 headers in 157 bytes (1 switches on core 0)
2026-07-12 03:10:52.430 7 INFO neutron.plugins.ml2.drivers.ovn.mech_driver.mech_driver [None req-b85ccc10-073e-4df2-8c02-87f4b375d9a5 - - - - - -] OVN reports status up for port: c4a326e7-810d-4302-b7dd-38f31fe1f8fc
2026-07-12 03:10:52.457 7 INFO neutron.plugins.ml2.plugin [None req-b85ccc10-073e-4df2-8c02-87f4b375d9a5 - - - - - -] Attempt 1 to provision port c4a326e7-810d-4302-b7dd-38f31fe1f8fc [pid: 7|app: 0|req: 1261/2534] 10.0.0.23 () {34 vars in 1000 bytes} [Sun Jul 12 03:10:52 2026] GET /v2.0/ports?tenant_id=24e8f10b4e34417aa4ccbbb14df7b3ee&fields=id => generated 287 bytes in 298 msecs (HTTP/1.1 200) 4 headers in 157 bytes (1 switches on core 0) [pid: 8|app: 0|req: 1274/2535] 10.0.0.23 () {34 vars in 1006 bytes} [Sun Jul 12 03:10:52 2026] GET /v2.0/networks/e8acbd0d-d250-4987-a04c-868060356705?fields=segments => generated 14 bytes in 47 msecs (HTTP/1.1 200) 4 headers in 156 bytes (1 switches on core 0) [pid: 7|app: 0|req: 1262/2536] 10.0.0.23 () {34 vars in 1106 bytes} [Sun Jul 12 03:10:52 2026] GET /v2.0/networks/e8acbd0d-d250-4987-a04c-868060356705?fields=provider%3Aphysical_network&fields=provider%3Anetwork_type => generated 79 bytes in 73 msecs (HTTP/1.1 200) 4 headers in 156 bytes (1 switches on core 0) [pid: 8|app: 0|req: 1275/2537] 10.0.0.23 () {34 vars in 1068 bytes} [Sun Jul 12 03:10:52 2026] GET /v2.0/ports?fields=security_groups&fields=device_id&device_id=c5d4fda2-b8df-4849-9f6f-ae276e26e119 => generated 12 bytes in 28 msecs (HTTP/1.1 200) 4 headers in 156 bytes (1 switches on core 0)
2026-07-12 03:10:53.014 7 INFO neutron.db.ovn_revision_numbers_db [None req-b85ccc10-073e-4df2-8c02-87f4b375d9a5 - - - - - -] Successfully bumped revision number for resource c4a326e7-810d-4302-b7dd-38f31fe1f8fc (type: ports) to 2
2026-07-12 03:10:55.240 8 WARNING neutron.plugins.ml2.drivers.ovn.mech_driver.ovsdb.ovn_client [None req-74a87981-edd4-4c28-a880-29e0c30aa794 - - - - - -] No hosting information found for port 8d54b7c9-7f40-495f-a156-a451792b42d3: RuntimeError: No hosting information found for port 8d54b7c9-7f40-495f-a156-a451792b42d3
2026-07-12 03:10:55.274 8 INFO neutron.common.ovn.utils [None req-74a87981-edd4-4c28-a880-29e0c30aa794 - - - - - -] HA Chassis Group neutron-0c4fb8e3-0727-46a2-8079-f06476d4897e synchronized; highest priority chassis ed0d378e-3b58-43dd-960e-0d0b7f1afa65
2026-07-12 03:10:55.367 8 INFO neutron.db.ovn_revision_numbers_db [None req-74a87981-edd4-4c28-a880-29e0c30aa794 - - - - - -] Successfully bumped revision number for resource 8d54b7c9-7f40-495f-a156-a451792b42d3 (type: router_ports) to 2 [pid: 7|app: 0|req: 1263/2538] 199.204.45.229 () {34 vars in 985 bytes} [Sun Jul 12 03:10:57 2026] GET /v2.0/networks?id=e8acbd0d-d250-4987-a04c-868060356705 => generated 743 bytes in 56 msecs (HTTP/1.1 200) 4 headers in 157 bytes (1 switches on core 0)
2026-07-12 03:10:57.244 8 WARNING neutron.db.securitygroups_db [req-bf4e4af9-0145-4ba8-aea6-bb8b08a81925 req-7e0cddcb-08b9-406d-b3c2-5c64214bb9b9 ef4b7729bb2c449baa555ae297a6c405 24e8f10b4e34417aa4ccbbb14df7b3ee - - default default] project_id key not found in filters, using tenant_id instead. This support has been deprecated and will be removed in a future release. [pid: 8|app: 0|req: 1276/2539] 199.204.45.229 () {34 vars in 1049 bytes} [Sun Jul 12 03:10:57 2026] GET /v2.0/security-groups?fields=id&fields=name&tenant_id=24e8f10b4e34417aa4ccbbb14df7b3ee => generated 177 bytes in 46 msecs (HTTP/1.1 200) 4 headers in 157 bytes (1 switches on core 0)
2026-07-12 03:10:57.518 7 WARNING neutron.plugins.ml2.drivers.ovn.mech_driver.ovsdb.ovn_client [None req-9c221236-8581-46a3-9694-3954ffe66768 - - - - - -] No hosting information found for port c4a326e7-810d-4302-b7dd-38f31fe1f8fc: RuntimeError: No hosting information found for port c4a326e7-810d-4302-b7dd-38f31fe1f8fc
2026-07-12 03:10:57.646 7 INFO neutron.db.ovn_revision_numbers_db [None req-9c221236-8581-46a3-9694-3954ffe66768 - - - - - -] Successfully bumped revision number for resource c4a326e7-810d-4302-b7dd-38f31fe1f8fc (type: router_ports) to 2
2026-07-12 03:10:57.671 7 WARNING neutron.scheduler.dhcp_agent_scheduler [req-bf4e4af9-0145-4ba8-aea6-bb8b08a81925 req-6b0c7a77-f4e4-49b0-9ef5-a4d286b41fb0 ef4b7729bb2c449baa555ae297a6c405 24e8f10b4e34417aa4ccbbb14df7b3ee - - default default] No more DHCP agents
2026-07-12 03:10:57.674 7 WARNING neutron.api.rpc.agentnotifiers.dhcp_rpc_agent_api [req-bf4e4af9-0145-4ba8-aea6-bb8b08a81925 req-6b0c7a77-f4e4-49b0-9ef5-a4d286b41fb0 ef4b7729bb2c449baa555ae297a6c405 24e8f10b4e34417aa4ccbbb14df7b3ee - - default default] Unable to schedule network e8acbd0d-d250-4987-a04c-868060356705: no agents available; will retry on subsequent port and subnet creation events.
2026-07-12 03:10:57.852 8 INFO neutron.plugins.ml2.drivers.ovn.mech_driver.mech_driver [None req-74a87981-edd4-4c28-a880-29e0c30aa794 - - - - - -] OVN reports status down for port: 952be617-bb20-4e65-ac68-b9629b7b38f0
2026-07-12 03:10:57.899 7 INFO neutron.db.ovn_revision_numbers_db [req-bf4e4af9-0145-4ba8-aea6-bb8b08a81925 req-6b0c7a77-f4e4-49b0-9ef5-a4d286b41fb0 ef4b7729bb2c449baa555ae297a6c405 24e8f10b4e34417aa4ccbbb14df7b3ee - - default default] Successfully bumped revision number for resource 952be617-bb20-4e65-ac68-b9629b7b38f0 (type: ports) to 1 [pid: 7|app: 0|req: 1264/2540] 199.204.45.229 () {38 vars in 954 bytes} [Sun Jul 12 03:10:57 2026] POST /v2.0/ports => generated 1183 bytes in 691 msecs (HTTP/1.1 201) 4 headers in 163 bytes (1 switches on core 0) /var/lib/openstack/lib/python3.12/site-packages/pycadf/identifier.py:70: UserWarning: Invalid uuid: neutron. To ensure interoperability, identifiers should be a valid uuid. warnings.warn(('Invalid uuid: %s. To ensure interoperability, ' [pid: 7|app: 0|req: 1265/2541] 10.0.0.23 () {34 vars in 1068 bytes} [Sun Jul 12 03:10:58 2026] GET /v2.0/ports?fields=security_groups&fields=device_id&device_id=c5d4fda2-b8df-4849-9f6f-ae276e26e119 => generated 123 bytes in 40 msecs (HTTP/1.1 200) 4 headers in 157 bytes (1 switches on core 0) [pid: 7|app: 0|req: 1266/2542] 10.0.0.23 () {34 vars in 1038 bytes} [Sun Jul 12 03:10:58 2026] GET /v2.0/security-groups?id=8415142d-56c7-41f5-9e1f-825dfdce1ce8&fields=id&fields=name => generated 110 bytes in 42 msecs (HTTP/1.1 200) 4 headers in 157 bytes (1 switches on core 0)
2026-07-12 03:10:58.383 8 INFO neutron.db.ovn_revision_numbers_db [req-bf4e4af9-0145-4ba8-aea6-bb8b08a81925 req-8566ae3e-8600-49e4-9ad4-4176e6f358d2 b360a7d2f8ab4344b817f6abbad00aae a6cfba9d2cff4b0193481bceef61191b - - 7c4fee9bcefb4f789340ca590d3b5b45 7c4fee9bcefb4f789340ca590d3b5b45] Successfully bumped revision number for resource 952be617-bb20-4e65-ac68-b9629b7b38f0 (type: ports) to 2
2026-07-12 03:10:58.622 8 INFO neutron.db.ovn_revision_numbers_db [req-bf4e4af9-0145-4ba8-aea6-bb8b08a81925 req-8566ae3e-8600-49e4-9ad4-4176e6f358d2 b360a7d2f8ab4344b817f6abbad00aae a6cfba9d2cff4b0193481bceef61191b - - 7c4fee9bcefb4f789340ca590d3b5b45 7c4fee9bcefb4f789340ca590d3b5b45] Successfully bumped revision number for resource 952be617-bb20-4e65-ac68-b9629b7b38f0 (type: ports) to 4 [pid: 8|app: 0|req: 1277/2543] 199.204.45.229 () {38 vars in 1027 bytes} [Sun Jul 12 03:10:57 2026] PUT /v2.0/ports/952be617-bb20-4e65-ac68-b9629b7b38f0 => generated 1455 bytes in 664 msecs (HTTP/1.1 200) 4 headers in 158 bytes (1 switches on core 0)
2026-07-12 03:10:58.676 8 INFO neutron.notifiers.nova [-] Nova event matching ['req-719fd59b-8f31-4f3d-9a22-b12731d89def'] response: {'name': 'network-changed', 'server_uuid': 'c5d4fda2-b8df-4849-9f6f-ae276e26e119', 'tag': '952be617-bb20-4e65-ac68-b9629b7b38f0', 'status': 'completed', 'code': 200} [pid: 7|app: 0|req: 1267/2544] 199.204.45.229 () {34 vars in 1079 bytes} [Sun Jul 12 03:10:59 2026] GET /v2.0/ports?tenant_id=24e8f10b4e34417aa4ccbbb14df7b3ee&device_id=c5d4fda2-b8df-4849-9f6f-ae276e26e119 => generated 1458 bytes in 61 msecs (HTTP/1.1 200) 4 headers in 158 bytes (1 switches on core 0) /var/lib/openstack/lib/python3.12/site-packages/pycadf/identifier.py:70: UserWarning: Invalid uuid: neutron. To ensure interoperability, identifiers should be a valid uuid. warnings.warn(('Invalid uuid: %s. To ensure interoperability, ' [pid: 8|app: 0|req: 1278/2545] 199.204.45.229 () {34 vars in 1017 bytes} [Sun Jul 12 03:10:59 2026] GET /v2.0/networks?tenant_id=24e8f10b4e34417aa4ccbbb14df7b3ee&shared=False => generated 2498 bytes in 45 msecs (HTTP/1.1 200) 4 headers in 158 bytes (1 switches on core 0) [pid: 7|app: 0|req: 1268/2546] 199.204.45.229 () {34 vars in 929 bytes} [Sun Jul 12 03:10:59 2026] GET /v2.0/networks?shared=True => generated 791 bytes in 57 msecs (HTTP/1.1 200) 4 headers in 157 bytes (1 switches on core 0) [pid: 8|app: 0|req: 1280/2549] 199.204.45.229 () {34 vars in 1079 bytes} [Sun Jul 12 03:11:00 2026] GET /v2.0/ports?tenant_id=24e8f10b4e34417aa4ccbbb14df7b3ee&device_id=c5d4fda2-b8df-4849-9f6f-ae276e26e119 => generated 1458 bytes in 41 msecs (HTTP/1.1 200) 4 headers in 158 bytes (1 switches on core 0) [pid: 7|app: 0|req: 1270/2550] 199.204.45.229 () {34 vars in 1057 bytes} [Sun Jul 12 03:11:00 2026] GET /v2.0/floatingips?fixed_ip_address=10.2.1.162&port_id=952be617-bb20-4e65-ac68-b9629b7b38f0 => generated 19 bytes in 46 msecs (HTTP/1.1 200) 4 headers in 156 bytes (1 switches on core 0) [pid: 8|app: 0|req: 1281/2551] 199.204.45.229 () {34 vars in 1103 bytes} [Sun Jul 12 03:11:00 2026] GET /v2.0/floatingips?fixed_ip_address=fd7b%3Af9f7%3Afff%3A4eca%3A%3A348&port_id=952be617-bb20-4e65-ac68-b9629b7b38f0 => generated 19 bytes in 24 msecs (HTTP/1.1 200) 4 headers in 156 bytes (1 switches on core 0) [pid: 7|app: 0|req: 1271/2552] 199.204.45.229 () {34 vars in 1063 bytes} [Sun Jul 12 03:11:00 2026] GET /v2.0/subnets?id=94995dc2-8df6-4f0d-acac-750c9ea5a3bc&id=7530cd0e-6bf9-4e8c-951f-760999d4df37 => generated 1411 bytes in 39 msecs (HTTP/1.1 200) 4 headers in 158 bytes (1 switches on core 0) [pid: 8|app: 0|req: 1282/2553] 199.204.45.229 () {34 vars in 1051 bytes} [Sun Jul 12 03:11:00 2026] GET /v2.0/ports?network_id=e8acbd0d-d250-4987-a04c-868060356705&device_owner=network%3Adhcp => generated 12 bytes in 22 msecs (HTTP/1.1 200) 4 headers in 156 bytes (1 switches on core 0) [pid: 7|app: 0|req: 1272/2554] 199.204.45.229 () {34 vars in 1051 bytes} [Sun Jul 12 03:11:00 2026] GET /v2.0/ports?network_id=e8acbd0d-d250-4987-a04c-868060356705&device_owner=network%3Adhcp => generated 12 bytes in 43 msecs (HTTP/1.1 200) 4 headers in 156 bytes (1 switches on core 0) [pid: 8|app: 0|req: 1283/2555] 199.204.45.229 () {34 vars in 1011 bytes} [Sun Jul 12 03:11:00 2026] GET /v2.0/networks/e8acbd0d-d250-4987-a04c-868060356705?fields=segments => generated 14 bytes in 43 msecs (HTTP/1.1 200) 4 headers in 156 bytes (1 switches on core 0) [pid: 7|app: 0|req: 1273/2556] 199.204.45.229 () {34 vars in 1111 bytes} [Sun Jul 12 03:11:00 2026] GET /v2.0/networks/e8acbd0d-d250-4987-a04c-868060356705?fields=provider%3Aphysical_network&fields=provider%3Anetwork_type => generated 79 bytes in 43 msecs (HTTP/1.1 200) 4 headers in 156 bytes (1 switches on core 0) [pid: 8|app: 0|req: 1284/2557] 10.0.0.23 () {34 vars in 1068 bytes} [Sun Jul 12 03:11:03 2026] GET /v2.0/ports?fields=security_groups&fields=device_id&device_id=c5d4fda2-b8df-4849-9f6f-ae276e26e119 => generated 123 bytes in 73 msecs (HTTP/1.1 200) 4 headers in 157 bytes (1 switches on core 0) [pid: 7|app: 0|req: 1274/2558] 10.0.0.23 () {34 vars in 1038 bytes} [Sun Jul 12 03:11:03 2026] GET /v2.0/security-groups?id=8415142d-56c7-41f5-9e1f-825dfdce1ce8&fields=id&fields=name => generated 110 bytes in 47 msecs (HTTP/1.1 200) 4 headers in 157 bytes (1 switches on core 0) [pid: 8|app: 0|req: 1285/2559] 199.204.45.229 () {34 vars in 993 bytes} [Sun Jul 12 03:11:04 2026] GET /v2.0/ports?device_id=c5d4fda2-b8df-4849-9f6f-ae276e26e119 => generated 1198 bytes in 46 msecs (HTTP/1.1 200) 4 headers in 158 bytes (1 switches on core 0)
2026-07-12 03:11:05.120 7 INFO neutron_taas.services.taas.taas_plugin [req-bf4e4af9-0145-4ba8-aea6-bb8b08a81925 req-534d4838-31c0-47e6-9fa3-c96842710e99 ef4b7729bb2c449baa555ae297a6c405 24e8f10b4e34417aa4ccbbb14df7b3ee - - default default] TaaS: Handle Delete Port: 952be617-bb20-4e65-ac68-b9629b7b38f0
2026-07-12 03:11:05.123 7 INFO neutron_taas.services.taas.tap_mirror_plugin [req-bf4e4af9-0145-4ba8-aea6-bb8b08a81925 req-534d4838-31c0-47e6-9fa3-c96842710e99 ef4b7729bb2c449baa555ae297a6c405 24e8f10b4e34417aa4ccbbb14df7b3ee - - default default] Tap Mirror: Handle Delete Port: 952be617-bb20-4e65-ac68-b9629b7b38f0 [pid: 7|app: 0|req: 1275/2560] 199.204.45.229 () {36 vars in 996 bytes} [Sun Jul 12 03:11:04 2026] DELETE /v2.0/ports/952be617-bb20-4e65-ac68-b9629b7b38f0 => generated 0 bytes in 341 msecs (HTTP/1.1 204) 3 headers in 131 bytes (1 switches on core 0)
2026-07-12 03:11:05.319 7 WARNING neutron.notifiers.nova [-] Nova event matching ['req-ad8cbd7c-3b2f-4c2e-a953-b9f7b0c356b9']: {'server_uuid': 'c5d4fda2-b8df-4849-9f6f-ae276e26e119', 'name': 'network-vif-deleted', 'tag': '952be617-bb20-4e65-ac68-b9629b7b38f0', 'status': 'failed', 'code': 422} returned with failed status [pid: 8|app: 0|req: 1286/2561] 10.0.0.186 () {34 vars in 989 bytes} [Sun Jul 12 03:11:07 2026] GET /v2.0/ports?device_id=c5d4fda2-b8df-4849-9f6f-ae276e26e119 => generated 12 bytes in 33 msecs (HTTP/1.1 200) 4 headers in 156 bytes (1 switches on core 0) [pid: 7|app: 0|req: 1276/2562] 10.0.0.23 () {34 vars in 1068 bytes} [Sun Jul 12 03:11:08 2026] GET /v2.0/ports?fields=security_groups&fields=device_id&device_id=c5d4fda2-b8df-4849-9f6f-ae276e26e119 => generated 12 bytes in 25 msecs (HTTP/1.1 200) 4 headers in 156 bytes (1 switches on core 0) [pid: 8|app: 0|req: 1287/2563] 10.0.0.23 () {34 vars in 988 bytes} [Sun Jul 12 03:11:08 2026] GET /v2.0/ports?device_id=c5d4fda2-b8df-4849-9f6f-ae276e26e119 => generated 12 bytes in 28 msecs (HTTP/1.1 200) 4 headers in 156 bytes (1 switches on core 0) [pid: 7|app: 0|req: 1277/2564] 10.0.0.12 () {32 vars in 748 bytes} [Sun Jul 12 03:11:08 2026] DELETE /v2.0/security-group-rules/2d46e262-b348-4caa-800e-b12916764cfc => generated 0 bytes in 141 msecs (HTTP/1.1 204) 2 headers in 112 bytes (1 switches on core 0)
2026-07-12 03:11:08.928 8 INFO neutron.api.v2.resource [None req-2c49e5cc-f626-4311-89ae-e053dc9b58b3 ef4b7729bb2c449baa555ae297a6c405 24e8f10b4e34417aa4ccbbb14df7b3ee - - default default] show failed (client error): The resource could not be found. [pid: 8|app: 0|req: 1288/2565] 10.0.0.12 () {32 vars in 745 bytes} [Sun Jul 12 03:11:08 2026] GET /v2.0/security-group-rules/2d46e262-b348-4caa-800e-b12916764cfc => generated 155 bytes in 15 msecs (HTTP/1.1 404) 4 headers in 164 bytes (1 switches on core 0) [pid: 7|app: 0|req: 1278/2566] 10.0.0.12 () {32 vars in 748 bytes} [Sun Jul 12 03:11:08 2026] DELETE /v2.0/security-group-rules/058275e7-61fb-4f26-9524-f4360d29b02e => generated 0 bytes in 142 msecs (HTTP/1.1 204) 2 headers in 112 bytes (1 switches on core 0)
2026-07-12 03:11:09.095 8 INFO neutron.api.v2.resource [None req-c20c3d1d-56dd-4a3f-b180-8ed54f047237 ef4b7729bb2c449baa555ae297a6c405 24e8f10b4e34417aa4ccbbb14df7b3ee - - default default] show failed (client error): The resource could not be found. [pid: 8|app: 0|req: 1289/2567] 10.0.0.12 () {32 vars in 745 bytes} [Sun Jul 12 03:11:09 2026] GET /v2.0/security-group-rules/058275e7-61fb-4f26-9524-f4360d29b02e => generated 155 bytes in 12 msecs (HTTP/1.1 404) 4 headers in 164 bytes (1 switches on core 0) [pid: 7|app: 0|req: 1279/2568] 10.0.0.12 () {32 vars in 748 bytes} [Sun Jul 12 03:11:09 2026] DELETE /v2.0/security-group-rules/a954ecee-8010-4faf-8741-6398e3c2570c => generated 0 bytes in 128 msecs (HTTP/1.1 204) 2 headers in 112 bytes (1 switches on core 0)
2026-07-12 03:11:09.245 8 INFO neutron.api.v2.resource [None req-6d91fa6f-c127-4e74-a2bd-f5880e140317 ef4b7729bb2c449baa555ae297a6c405 24e8f10b4e34417aa4ccbbb14df7b3ee - - default default] show failed (client error): The resource could not be found. [pid: 8|app: 0|req: 1290/2569] 10.0.0.12 () {32 vars in 745 bytes} [Sun Jul 12 03:11:09 2026] GET /v2.0/security-group-rules/a954ecee-8010-4faf-8741-6398e3c2570c => generated 155 bytes in 12 msecs (HTTP/1.1 404) 4 headers in 164 bytes (1 switches on core 0) [pid: 7|app: 0|req: 1280/2570] 10.0.0.12 () {32 vars in 748 bytes} [Sun Jul 12 03:11:09 2026] DELETE /v2.0/security-group-rules/3dae609e-977f-48f6-800e-046a64b2d852 => generated 0 bytes in 134 msecs (HTTP/1.1 204) 2 headers in 112 bytes (1 switches on core 0)
2026-07-12 03:11:09.403 8 INFO neutron.api.v2.resource [None req-c9fd849c-ec49-47ad-b3a5-2ae62c9632c5 ef4b7729bb2c449baa555ae297a6c405 24e8f10b4e34417aa4ccbbb14df7b3ee - - default default] show failed (client error): The resource could not be found. [pid: 8|app: 0|req: 1291/2571] 10.0.0.12 () {32 vars in 745 bytes} [Sun Jul 12 03:11:09 2026] GET /v2.0/security-group-rules/3dae609e-977f-48f6-800e-046a64b2d852 => generated 155 bytes in 15 msecs (HTTP/1.1 404) 4 headers in 164 bytes (1 switches on core 0) [pid: 7|app: 0|req: 1281/2572] 10.0.0.12 () {32 vars in 748 bytes} [Sun Jul 12 03:11:09 2026] DELETE /v2.0/security-group-rules/971fd131-bfc7-40b5-b9aa-b7e80512cdee => generated 0 bytes in 109 msecs (HTTP/1.1 204) 2 headers in 112 bytes (1 switches on core 0)
2026-07-12 03:11:09.530 8 INFO neutron.api.v2.resource [None req-6f5cb654-31b7-4833-a5d5-2d6305004847 ef4b7729bb2c449baa555ae297a6c405 24e8f10b4e34417aa4ccbbb14df7b3ee - - default default] show failed (client error): The resource could not be found. [pid: 8|app: 0|req: 1292/2573] 10.0.0.12 () {32 vars in 745 bytes} [Sun Jul 12 03:11:09 2026] GET /v2.0/security-group-rules/971fd131-bfc7-40b5-b9aa-b7e80512cdee => generated 155 bytes in 8 msecs (HTTP/1.1 404) 4 headers in 164 bytes (1 switches on core 0) [pid: 7|app: 0|req: 1282/2574] 10.0.0.12 () {32 vars in 748 bytes} [Sun Jul 12 03:11:09 2026] DELETE /v2.0/security-group-rules/5273bf55-2b7d-40f1-9c85-5b63871f4424 => generated 0 bytes in 122 msecs (HTTP/1.1 204) 2 headers in 112 bytes (1 switches on core 0)
2026-07-12 03:11:09.676 8 INFO neutron.api.v2.resource [None req-b0d00908-b437-4ac3-bcea-42bc3eaec863 ef4b7729bb2c449baa555ae297a6c405 24e8f10b4e34417aa4ccbbb14df7b3ee - - default default] show failed (client error): The resource could not be found. [pid: 8|app: 0|req: 1293/2575] 10.0.0.12 () {32 vars in 745 bytes} [Sun Jul 12 03:11:09 2026] GET /v2.0/security-group-rules/5273bf55-2b7d-40f1-9c85-5b63871f4424 => generated 155 bytes in 15 msecs (HTTP/1.1 404) 4 headers in 164 bytes (1 switches on core 0) [pid: 7|app: 0|req: 1283/2576] 10.0.0.12 () {32 vars in 748 bytes} [Sun Jul 12 03:11:09 2026] DELETE /v2.0/security-group-rules/a51a7ac7-58ed-47fa-a265-ae806dd28674 => generated 0 bytes in 117 msecs (HTTP/1.1 204) 2 headers in 112 bytes (1 switches on core 0)
2026-07-12 03:11:09.817 8 INFO neutron.api.v2.resource [None req-cec75557-b469-4ae1-9ed2-2690eb894fff ef4b7729bb2c449baa555ae297a6c405 24e8f10b4e34417aa4ccbbb14df7b3ee - - default default] show failed (client error): The resource could not be found. [pid: 8|app: 0|req: 1294/2577] 10.0.0.12 () {32 vars in 745 bytes} [Sun Jul 12 03:11:09 2026] GET /v2.0/security-group-rules/a51a7ac7-58ed-47fa-a265-ae806dd28674 => generated 155 bytes in 13 msecs (HTTP/1.1 404) 4 headers in 164 bytes (1 switches on core 0) [pid: 7|app: 0|req: 1284/2578] 10.0.0.12 () {32 vars in 748 bytes} [Sun Jul 12 03:11:09 2026] DELETE /v2.0/security-group-rules/24323019-a52d-474f-a85f-119b3484e4d7 => generated 0 bytes in 146 msecs (HTTP/1.1 204) 2 headers in 112 bytes (1 switches on core 0)
2026-07-12 03:11:09.993 8 INFO neutron.api.v2.resource [None req-fa6d61a2-f6c5-40d6-bdd5-49bbed934520 ef4b7729bb2c449baa555ae297a6c405 24e8f10b4e34417aa4ccbbb14df7b3ee - - default default] show failed (client error): The resource could not be found. [pid: 8|app: 0|req: 1295/2579] 10.0.0.12 () {32 vars in 745 bytes} [Sun Jul 12 03:11:09 2026] GET /v2.0/security-group-rules/24323019-a52d-474f-a85f-119b3484e4d7 => generated 155 bytes in 22 msecs (HTTP/1.1 404) 4 headers in 164 bytes (1 switches on core 0) [pid: 7|app: 0|req: 1285/2580] 10.0.0.12 () {32 vars in 748 bytes} [Sun Jul 12 03:11:09 2026] DELETE /v2.0/security-group-rules/15282dd0-e44d-475f-889b-91e751adaf6b => generated 0 bytes in 107 msecs (HTTP/1.1 204) 2 headers in 112 bytes (1 switches on core 0)
2026-07-12 03:11:10.119 8 INFO neutron.api.v2.resource [None req-5fd9d082-62c8-43bc-8726-9ae8d48d7473 ef4b7729bb2c449baa555ae297a6c405 24e8f10b4e34417aa4ccbbb14df7b3ee - - default default] show failed (client error): The resource could not be found. [pid: 8|app: 0|req: 1296/2581] 10.0.0.12 () {32 vars in 745 bytes} [Sun Jul 12 03:11:10 2026] GET /v2.0/security-group-rules/15282dd0-e44d-475f-889b-91e751adaf6b => generated 155 bytes in 11 msecs (HTTP/1.1 404) 4 headers in 164 bytes (1 switches on core 0) [pid: 7|app: 0|req: 1286/2582] 10.0.0.12 () {32 vars in 748 bytes} [Sun Jul 12 03:11:10 2026] DELETE /v2.0/security-group-rules/660585b2-8da5-4a3b-b838-fe50d5528ae2 => generated 0 bytes in 132 msecs (HTTP/1.1 204) 2 headers in 112 bytes (1 switches on core 0)
2026-07-12 03:11:10.282 8 INFO neutron.api.v2.resource [None req-03b17afc-dacc-4b2e-b273-26cb4782c547 ef4b7729bb2c449baa555ae297a6c405 24e8f10b4e34417aa4ccbbb14df7b3ee - - default default] show failed (client error): The resource could not be found. [pid: 8|app: 0|req: 1297/2583] 10.0.0.12 () {32 vars in 745 bytes} [Sun Jul 12 03:11:10 2026] GET /v2.0/security-group-rules/660585b2-8da5-4a3b-b838-fe50d5528ae2 => generated 155 bytes in 18 msecs (HTTP/1.1 404) 4 headers in 164 bytes (1 switches on core 0) [pid: 7|app: 0|req: 1287/2584] 10.0.0.12 () {32 vars in 748 bytes} [Sun Jul 12 03:11:10 2026] DELETE /v2.0/security-group-rules/29c80d4e-dad8-4dd7-b645-e78f9492a76c => generated 0 bytes in 124 msecs (HTTP/1.1 204) 2 headers in 112 bytes (1 switches on core 0)
2026-07-12 03:11:10.426 8 INFO neutron.api.v2.resource [None req-a50ab690-076a-49fc-8481-ea275fa2c90e ef4b7729bb2c449baa555ae297a6c405 24e8f10b4e34417aa4ccbbb14df7b3ee - - default default] show failed (client error): The resource could not be found. [pid: 8|app: 0|req: 1298/2585] 10.0.0.12 () {32 vars in 745 bytes} [Sun Jul 12 03:11:10 2026] GET /v2.0/security-group-rules/29c80d4e-dad8-4dd7-b645-e78f9492a76c => generated 155 bytes in 11 msecs (HTTP/1.1 404) 4 headers in 164 bytes (1 switches on core 0) [pid: 7|app: 0|req: 1288/2586] 10.0.0.12 () {32 vars in 738 bytes} [Sun Jul 12 03:11:10 2026] DELETE /v2.0/security-groups/8415142d-56c7-41f5-9e1f-825dfdce1ce8 => generated 0 bytes in 126 msecs (HTTP/1.1 204) 2 headers in 112 bytes (1 switches on core 0)
2026-07-12 03:11:10.577 8 INFO neutron.api.v2.resource [None req-49dea0c1-9fdc-4add-9c6a-6fbfd51d40e7 ef4b7729bb2c449baa555ae297a6c405 24e8f10b4e34417aa4ccbbb14df7b3ee - - default default] show failed (client error): The resource could not be found. [pid: 8|app: 0|req: 1299/2587] 10.0.0.12 () {32 vars in 735 bytes} [Sun Jul 12 03:11:10 2026] GET /v2.0/security-groups/8415142d-56c7-41f5-9e1f-825dfdce1ce8 => generated 146 bytes in 15 msecs (HTTP/1.1 404) 4 headers in 164 bytes (1 switches on core 0)
2026-07-12 03:11:10.917 7 INFO neutron_taas.services.taas.taas_plugin [None req-6b1afcae-9075-4ed7-9491-1d210bf4de93 ef4b7729bb2c449baa555ae297a6c405 24e8f10b4e34417aa4ccbbb14df7b3ee - - default default] TaaS: Handle Delete Port: 8d54b7c9-7f40-495f-a156-a451792b42d3
