2026-07-12 03:10:14.097 7 WARNING tagging [None req-e024c776-f1bd-41da-a5c6-5959c06dbab0 4df31c5517824a55ba798bf3715494c8 98ac71de423045e1a958cf104b1079b5 - - default default] project_id key not found in request, using tenant_id instead. This support has been deprecated and will be removed in a future release. [pid: 7|app: 0|req: 1158/2326] 10.0.0.12 () {34 vars in 765 bytes} [Sun Jul 12 03:10:14 2026] PUT /v2.0/security-groups/30d026bc-6ea1-48d7-b6fa-fb2307ec463c/tags => generated 25 bytes in 54 msecs (HTTP/1.1 200) 4 headers in 156 bytes (1 switches on core 0) [pid: 8|app: 0|req: 1169/2327] 10.0.0.12 () {32 vars in 738 bytes} [Sun Jul 12 03:10:13 2026] DELETE /v2.0/security-groups/973f7ef9-b8a4-4bd6-849e-481d2e026609 => generated 0 bytes in 303 msecs (HTTP/1.1 204) 2 headers in 112 bytes (1 switches on core 0)
2026-07-12 03:10:14.221 8 WARNING tagging [None req-dfbb7a36-7c27-4c54-91b8-e1d80ea99bb4 4df31c5517824a55ba798bf3715494c8 98ac71de423045e1a958cf104b1079b5 - - default default] project_id key not found in request, using tenant_id instead. This support has been deprecated and will be removed in a future release. [pid: 8|app: 0|req: 1170/2328] 10.0.0.12 () {32 vars in 745 bytes} [Sun Jul 12 03:10:14 2026] GET /v2.0/security-groups/30d026bc-6ea1-48d7-b6fa-fb2307ec463c/tags => generated 25 bytes in 48 msecs (HTTP/1.1 200) 4 headers in 156 bytes (1 switches on core 0)
2026-07-12 03:10:14.278 8 WARNING tagging [None req-388e6a39-5906-42b5-8566-fe0b8aafa288 4df31c5517824a55ba798bf3715494c8 98ac71de423045e1a958cf104b1079b5 - - default default] project_id key not found in request, using tenant_id instead. This support has been deprecated and will be removed in a future release.
2026-07-12 03:10:14.298 7 WARNING neutron.scheduler.dhcp_agent_scheduler [None req-cb7ccd13-f703-4f1a-85d2-4e1d480c10c9 58e569b3e263429185a76abf2e361242 e5b294463aaf4878b6aaa5c410c8afeb - - default default] No more DHCP agents
2026-07-12 03:10:14.299 7 WARNING neutron.api.rpc.agentnotifiers.dhcp_rpc_agent_api [None req-cb7ccd13-f703-4f1a-85d2-4e1d480c10c9 58e569b3e263429185a76abf2e361242 e5b294463aaf4878b6aaa5c410c8afeb - - default default] Unable to schedule network 37bc2d70-fa3b-41a3-ab77-b40a347e77ac: no agents available; will retry on subsequent port and subnet creation events. [pid: 8|app: 0|req: 1171/2329] 10.0.0.12 () {34 vars in 776 bytes} [Sun Jul 12 03:10:14 2026] PUT /v2.0/security-groups/30d026bc-6ea1-48d7-b6fa-fb2307ec463c/tags/green => generated 4 bytes in 62 msecs (HTTP/1.1 201) 4 headers in 160 bytes (1 switches on core 0)
2026-07-12 03:10:14.349 8 WARNING tagging [None req-f8a2e617-0587-49ad-b99e-45502e9189dc 4df31c5517824a55ba798bf3715494c8 98ac71de423045e1a958cf104b1079b5 - - default default] project_id key not found in request, using tenant_id instead. This support has been deprecated and will be removed in a future release. [pid: 8|app: 0|req: 1172/2330] 10.0.0.12 () {32 vars in 745 bytes} [Sun Jul 12 03:10:14 2026] GET /v2.0/security-groups/30d026bc-6ea1-48d7-b6fa-fb2307ec463c/tags => generated 34 bytes in 39 msecs (HTTP/1.1 200) 4 headers in 156 bytes (1 switches on core 0)
2026-07-12 03:10:14.395 8 WARNING tagging [None req-54bb7cf8-da1d-49ce-9591-89a612881895 4df31c5517824a55ba798bf3715494c8 98ac71de423045e1a958cf104b1079b5 - - default default] project_id key not found in request, using tenant_id instead. This support has been deprecated and will be removed in a future release. [pid: 8|app: 0|req: 1173/2331] 10.0.0.12 () {34 vars in 772 bytes} [Sun Jul 12 03:10:14 2026] PUT /v2.0/security-groups/30d026bc-6ea1-48d7-b6fa-fb2307ec463c/tags/red => generated 4 bytes in 52 msecs (HTTP/1.1 201) 4 headers in 160 bytes (1 switches on core 0)
2026-07-12 03:10:14.451 8 WARNING tagging [None req-80517dbe-ea58-4d95-8de4-1bd6fe150a77 4df31c5517824a55ba798bf3715494c8 98ac71de423045e1a958cf104b1079b5 - - default default] project_id key not found in request, using tenant_id instead. This support has been deprecated and will be removed in a future release. [pid: 8|app: 0|req: 1174/2332] 10.0.0.12 () {32 vars in 745 bytes} [Sun Jul 12 03:10:14 2026] GET /v2.0/security-groups/30d026bc-6ea1-48d7-b6fa-fb2307ec463c/tags => generated 34 bytes in 40 msecs (HTTP/1.1 200) 4 headers in 156 bytes (1 switches on core 0)
2026-07-12 03:10:14.496 8 WARNING tagging [None req-823cda59-4f48-4a16-8826-eb91791639f8 4df31c5517824a55ba798bf3715494c8 98ac71de423045e1a958cf104b1079b5 - - default default] project_id key not found in request, using tenant_id instead. This support has been deprecated and will be removed in a future release. [pid: 8|app: 0|req: 1175/2333] 10.0.0.12 () {34 vars in 794 bytes} [Sun Jul 12 03:10:14 2026] PUT /v2.0/security-groups/30d026bc-6ea1-48d7-b6fa-fb2307ec463c/tags/black.or.white => generated 4 bytes in 60 msecs (HTTP/1.1 201) 4 headers in 160 bytes (1 switches on core 0)
2026-07-12 03:10:14.554 8 WARNING tagging [None req-6fbd8d3f-014d-42c5-bfbe-f2664b2b4fdc 4df31c5517824a55ba798bf3715494c8 98ac71de423045e1a958cf104b1079b5 - - default default] project_id key not found in request, using tenant_id instead. This support has been deprecated and will be removed in a future release. [pid: 8|app: 0|req: 1176/2334] 10.0.0.12 () {32 vars in 745 bytes} [Sun Jul 12 03:10:14 2026] GET /v2.0/security-groups/30d026bc-6ea1-48d7-b6fa-fb2307ec463c/tags => generated 52 bytes in 29 msecs (HTTP/1.1 200) 4 headers in 156 bytes (1 switches on core 0)
2026-07-12 03:10:14.591 8 WARNING tagging [None req-ea5e8eff-63f6-4790-800d-09342bfc6e70 4df31c5517824a55ba798bf3715494c8 98ac71de423045e1a958cf104b1079b5 - - default default] project_id key not found in request, using tenant_id instead. This support has been deprecated and will be removed in a future release. [pid: 8|app: 0|req: 1177/2335] 10.0.0.12 () {34 vars in 765 bytes} [Sun Jul 12 03:10:14 2026] PUT /v2.0/security-groups/30d026bc-6ea1-48d7-b6fa-fb2307ec463c/tags => generated 37 bytes in 46 msecs (HTTP/1.1 200) 4 headers in 156 bytes (1 switches on core 0)
2026-07-12 03:10:14.641 8 WARNING tagging [None req-5385b4c7-c706-4f52-b03c-75178f20ae1c 4df31c5517824a55ba798bf3715494c8 98ac71de423045e1a958cf104b1079b5 - - default default] project_id key not found in request, using tenant_id instead. This support has been deprecated and will be removed in a future release. [pid: 8|app: 0|req: 1178/2336] 10.0.0.12 () {32 vars in 745 bytes} [Sun Jul 12 03:10:14 2026] GET /v2.0/security-groups/30d026bc-6ea1-48d7-b6fa-fb2307ec463c/tags => generated 37 bytes in 31 msecs (HTTP/1.1 200) 4 headers in 156 bytes (1 switches on core 0)
2026-07-12 03:10:14.677 8 WARNING tagging [None req-588ecc93-d9c5-4d48-b06c-71b5f1925fcf 4df31c5517824a55ba798bf3715494c8 98ac71de423045e1a958cf104b1079b5 - - default default] project_id key not found in request, using tenant_id instead. This support has been deprecated and will be removed in a future release. [pid: 8|app: 0|req: 1179/2337] 10.0.0.12 () {32 vars in 753 bytes} [Sun Jul 12 03:10:14 2026] GET /v2.0/security-groups/30d026bc-6ea1-48d7-b6fa-fb2307ec463c/tags/red => generated 0 bytes in 30 msecs (HTTP/1.1 204) 2 headers in 112 bytes (1 switches on core 0)
2026-07-12 03:10:14.713 8 WARNING tagging [None req-7cf6b67a-802a-4064-8b9d-c4b2201a4ce8 4df31c5517824a55ba798bf3715494c8 98ac71de423045e1a958cf104b1079b5 - - default default] project_id key not found in request, using tenant_id instead. This support has been deprecated and will be removed in a future release.
2026-07-12 03:10:14.722 8 INFO neutron.api.v2.resource [None req-7cf6b67a-802a-4064-8b9d-c4b2201a4ce8 4df31c5517824a55ba798bf3715494c8 98ac71de423045e1a958cf104b1079b5 - - default default] show failed (client error): The resource could not be found. [pid: 8|app: 0|req: 1180/2338] 10.0.0.12 () {32 vars in 757 bytes} [Sun Jul 12 03:10:14 2026] GET /v2.0/security-groups/30d026bc-6ea1-48d7-b6fa-fb2307ec463c/tags/green => generated 99 bytes in 30 msecs (HTTP/1.1 404) 4 headers in 163 bytes (1 switches on core 0)
2026-07-12 03:10:14.765 8 WARNING tagging [None req-71919e99-515c-4717-81ad-18f6df285db2 4df31c5517824a55ba798bf3715494c8 98ac71de423045e1a958cf104b1079b5 - - default default] project_id key not found in request, using tenant_id instead. This support has been deprecated and will be removed in a future release.
2026-07-12 03:10:14.775 7 INFO neutron.db.ovn_revision_numbers_db [None req-cb7ccd13-f703-4f1a-85d2-4e1d480c10c9 58e569b3e263429185a76abf2e361242 e5b294463aaf4878b6aaa5c410c8afeb - - default default] Successfully bumped revision number for resource 3699aea9-2fab-4b22-88c2-d831941898f7 (type: ports) to 2 [pid: 8|app: 0|req: 1181/2339] 10.0.0.12 () {32 vars in 756 bytes} [Sun Jul 12 03:10:14 2026] DELETE /v2.0/security-groups/30d026bc-6ea1-48d7-b6fa-fb2307ec463c/tags/red => generated 0 bytes in 61 msecs (HTTP/1.1 204) 2 headers in 112 bytes (1 switches on core 0)
2026-07-12 03:10:14.805 7 INFO neutron.db.ovn_revision_numbers_db [None req-cb7ccd13-f703-4f1a-85d2-4e1d480c10c9 58e569b3e263429185a76abf2e361242 e5b294463aaf4878b6aaa5c410c8afeb - - default default] Successfully bumped revision number for resource 82fb9d26-4371-4742-8ba4-261cf203d2d3 (type: subnets) to 0
2026-07-12 03:10:14.815 8 WARNING tagging [None req-90bd1406-9bd1-49e5-b264-1b60218c310e 4df31c5517824a55ba798bf3715494c8 98ac71de423045e1a958cf104b1079b5 - - default default] project_id key not found in request, using tenant_id instead. This support has been deprecated and will be removed in a future release. [pid: 7|app: 0|req: 1159/2340] 10.0.0.12 () {34 vars in 667 bytes} [Sun Jul 12 03:10:14 2026] POST /v2.0/subnets => generated 626 bytes in 700 msecs (HTTP/1.1 201) 4 headers in 162 bytes (1 switches on core 0) [pid: 8|app: 0|req: 1182/2341] 10.0.0.12 () {32 vars in 745 bytes} [Sun Jul 12 03:10:14 2026] GET /v2.0/security-groups/30d026bc-6ea1-48d7-b6fa-fb2307ec463c/tags => generated 30 bytes in 31 msecs (HTTP/1.1 200) 4 headers in 156 bytes (1 switches on core 0)
2026-07-12 03:10:14.851 8 WARNING tagging [None req-732fe998-60cc-4986-bc23-c16796a952a5 4df31c5517824a55ba798bf3715494c8 98ac71de423045e1a958cf104b1079b5 - - default default] project_id key not found in request, using tenant_id instead. This support has been deprecated and will be removed in a future release.
2026-07-12 03:10:14.863 8 INFO neutron.api.v2.resource [None req-732fe998-60cc-4986-bc23-c16796a952a5 4df31c5517824a55ba798bf3715494c8 98ac71de423045e1a958cf104b1079b5 - - default default] delete failed (client error): The resource could not be found. [pid: 8|app: 0|req: 1183/2342] 10.0.0.12 () {32 vars in 760 bytes} [Sun Jul 12 03:10:14 2026] DELETE /v2.0/security-groups/30d026bc-6ea1-48d7-b6fa-fb2307ec463c/tags/green => generated 99 bytes in 35 msecs (HTTP/1.1 404) 4 headers in 163 bytes (1 switches on core 0)
2026-07-12 03:10:14.890 8 WARNING tagging [None req-752cf5b6-fb33-4f19-a526-48b9a8278bb8 4df31c5517824a55ba798bf3715494c8 98ac71de423045e1a958cf104b1079b5 - - default default] project_id key not found in request, using tenant_id instead. This support has been deprecated and will be removed in a future release. [pid: 8|app: 0|req: 1184/2343] 10.0.0.12 () {32 vars in 748 bytes} [Sun Jul 12 03:10:14 2026] DELETE /v2.0/security-groups/30d026bc-6ea1-48d7-b6fa-fb2307ec463c/tags => generated 0 bytes in 48 msecs (HTTP/1.1 204) 2 headers in 112 bytes (1 switches on core 0)
2026-07-12 03:10:14.944 8 WARNING tagging [None req-ba97099b-04f0-4a3c-885d-536e007b7768 4df31c5517824a55ba798bf3715494c8 98ac71de423045e1a958cf104b1079b5 - - default default] project_id key not found in request, using tenant_id instead. This support has been deprecated and will be removed in a future release. [pid: 8|app: 0|req: 1185/2344] 10.0.0.12 () {32 vars in 745 bytes} [Sun Jul 12 03:10:14 2026] GET /v2.0/security-groups/30d026bc-6ea1-48d7-b6fa-fb2307ec463c/tags => generated 12 bytes in 32 msecs (HTTP/1.1 200) 4 headers in 156 bytes (1 switches on core 0) [pid: 8|app: 0|req: 1186/2345] 10.0.0.12 () {32 vars in 738 bytes} [Sun Jul 12 03:10:14 2026] DELETE /v2.0/security-groups/30d026bc-6ea1-48d7-b6fa-fb2307ec463c => generated 0 bytes in 130 msecs (HTTP/1.1 204) 2 headers in 112 bytes (1 switches on core 0)
2026-07-12 03:10:15.269 7 WARNING neutron.scheduler.dhcp_agent_scheduler [None req-06c8f82c-0e93-45ce-8e25-28c52f634c95 58e569b3e263429185a76abf2e361242 e5b294463aaf4878b6aaa5c410c8afeb - - default default] No more DHCP agents
2026-07-12 03:10:15.270 7 WARNING neutron.api.rpc.agentnotifiers.dhcp_rpc_agent_api [None req-06c8f82c-0e93-45ce-8e25-28c52f634c95 58e569b3e263429185a76abf2e361242 e5b294463aaf4878b6aaa5c410c8afeb - - default default] Unable to schedule network 95a4c6f0-3d0d-44d9-bf85-f16724df4325: no agents available; will retry on subsequent port and subnet creation events.
2026-07-12 03:10:15.411 7 INFO neutron.plugins.ml2.drivers.ovn.mech_driver.mech_driver [None req-bacace20-42c0-4805-b4e5-c12fbc9e8e29 - - - - - -] OVN reports status down for port: ed2bb0b3-6d4d-4235-a14e-e77f5e14731c
2026-07-12 03:10:15.482 7 INFO neutron.db.ovn_revision_numbers_db [None req-06c8f82c-0e93-45ce-8e25-28c52f634c95 58e569b3e263429185a76abf2e361242 e5b294463aaf4878b6aaa5c410c8afeb - - default default] Successfully bumped revision number for resource ed2bb0b3-6d4d-4235-a14e-e77f5e14731c (type: ports) to 1
2026-07-12 03:10:15.843 8 WARNING neutron.db.securitygroups_db [None req-c7742be4-af75-4f2d-af52-87397447f29a 73c87c74924e43ec99d488a7201884e4 f31f3208ec054e73a3074958b07fa407 - - default default] project_id key not found in filters, using tenant_id instead. This support has been deprecated and will be removed in a future release.
2026-07-12 03:10:15.974 8 INFO neutron.db.ovn_revision_numbers_db [None req-c7742be4-af75-4f2d-af52-87397447f29a 73c87c74924e43ec99d488a7201884e4 f31f3208ec054e73a3074958b07fa407 - - default default] Successfully bumped revision number for resource f6289820-0187-466e-8dd2-150c0e26b51a (type: security_groups) to 1
2026-07-12 03:10:15.985 8 INFO neutron.db.ovn_revision_numbers_db [None req-c7742be4-af75-4f2d-af52-87397447f29a 73c87c74924e43ec99d488a7201884e4 f31f3208ec054e73a3074958b07fa407 - - default default] Successfully bumped revision number for resource 39581c3b-081b-41d7-bab4-42319c512a37 (type: security_group_rules) to 0
2026-07-12 03:10:15.998 8 INFO neutron.db.ovn_revision_numbers_db [None req-c7742be4-af75-4f2d-af52-87397447f29a 73c87c74924e43ec99d488a7201884e4 f31f3208ec054e73a3074958b07fa407 - - default default] Successfully bumped revision number for resource 7527ea69-dcd9-4daa-a925-07d30f2a0760 (type: security_group_rules) to 0
2026-07-12 03:10:16.010 8 INFO neutron.db.ovn_revision_numbers_db [None req-c7742be4-af75-4f2d-af52-87397447f29a 73c87c74924e43ec99d488a7201884e4 f31f3208ec054e73a3074958b07fa407 - - default default] Successfully bumped revision number for resource 94358d1c-5e95-4806-b6d4-29831693da94 (type: security_group_rules) to 0
2026-07-12 03:10:16.024 8 INFO neutron.db.ovn_revision_numbers_db [None req-c7742be4-af75-4f2d-af52-87397447f29a 73c87c74924e43ec99d488a7201884e4 f31f3208ec054e73a3074958b07fa407 - - default default] Successfully bumped revision number for resource ba2513ff-d5ef-4ec2-b266-0d5e7f1e630c (type: security_group_rules) to 0 [pid: 8|app: 0|req: 1189/2348] 10.0.0.12 () {32 vars in 772 bytes} [Sun Jul 12 03:10:15 2026] GET /v2.0/security-groups?tenant_id=afcf8260b33e474388629e97540e0373&name=default => generated 2929 bytes in 459 msecs (HTTP/1.1 200) 4 headers in 158 bytes (1 switches on core 0)
2026-07-12 03:10:16.110 7 INFO neutron.plugins.ml2.drivers.ovn.mech_driver.mech_driver [None req-bacace20-42c0-4805-b4e5-c12fbc9e8e29 - - - - - -] OVN reports status up for port: ed2bb0b3-6d4d-4235-a14e-e77f5e14731c
2026-07-12 03:10:16.132 7 INFO neutron.plugins.ml2.plugin [None req-bacace20-42c0-4805-b4e5-c12fbc9e8e29 - - - - - -] Attempt 1 to provision port ed2bb0b3-6d4d-4235-a14e-e77f5e14731c
2026-07-12 03:10:16.159 7 INFO neutron.db.ovn_revision_numbers_db [None req-06c8f82c-0e93-45ce-8e25-28c52f634c95 58e569b3e263429185a76abf2e361242 e5b294463aaf4878b6aaa5c410c8afeb - - default default] Successfully bumped revision number for resource ed2bb0b3-6d4d-4235-a14e-e77f5e14731c (type: router_ports) to 1
2026-07-12 03:10:16.274 7 INFO neutron.db.ovn_revision_numbers_db [None req-06c8f82c-0e93-45ce-8e25-28c52f634c95 58e569b3e263429185a76abf2e361242 e5b294463aaf4878b6aaa5c410c8afeb - - default default] Successfully bumped revision number for resource 7cb00a8d-e8a3-4c58-909d-215af3948dc2 (type: routers) to 2 [pid: 8|app: 0|req: 1190/2349] 10.0.0.12 () {32 vars in 738 bytes} [Sun Jul 12 03:10:16 2026] DELETE /v2.0/security-groups/f6289820-0187-466e-8dd2-150c0e26b51a => generated 0 bytes in 192 msecs (HTTP/1.1 204) 2 headers in 112 bytes (1 switches on core 0) [pid: 7|app: 0|req: 1160/2350] 10.0.0.12 () {34 vars in 667 bytes} [Sun Jul 12 03:10:14 2026] POST /v2.0/routers => generated 956 bytes in 1465 msecs (HTTP/1.1 201) 4 headers in 162 bytes (1 switches on core 0)
2026-07-12 03:10:16.383 7 WARNING neutron.db.securitygroups_db [None req-edadd227-e931-4d12-887d-74df292199e4 73c87c74924e43ec99d488a7201884e4 f31f3208ec054e73a3074958b07fa407 - - default default] project_id key not found in filters, using tenant_id instead. This support has been deprecated and will be removed in a future release. [pid: 7|app: 0|req: 1161/2351] 10.0.0.12 () {32 vars in 772 bytes} [Sun Jul 12 03:10:16 2026] GET /v2.0/security-groups?tenant_id=98ac71de423045e1a958cf104b1079b5&name=default => generated 2929 bytes in 33 msecs (HTTP/1.1 200) 4 headers in 158 bytes (1 switches on core 0) [pid: 7|app: 0|req: 1162/2352] 10.0.0.12 () {32 vars in 738 bytes} [Sun Jul 12 03:10:16 2026] DELETE /v2.0/security-groups/9f264e68-b4ba-4eed-9e75-62c7dd7c6ae3 => generated 0 bytes in 161 msecs (HTTP/1.1 204) 2 headers in 112 bytes (1 switches on core 0)
2026-07-12 03:10:16.774 8 WARNING neutron.scheduler.dhcp_agent_scheduler [None req-1aa660d7-0d60-49db-9eb3-b74e0e182d64 58e569b3e263429185a76abf2e361242 e5b294463aaf4878b6aaa5c410c8afeb - - default default] No more DHCP agents
2026-07-12 03:10:16.775 8 WARNING neutron.api.rpc.agentnotifiers.dhcp_rpc_agent_api [None req-1aa660d7-0d60-49db-9eb3-b74e0e182d64 58e569b3e263429185a76abf2e361242 e5b294463aaf4878b6aaa5c410c8afeb - - default default] Unable to schedule network 37bc2d70-fa3b-41a3-ab77-b40a347e77ac: no agents available; will retry on subsequent port and subnet creation events.
2026-07-12 03:10:16.918 8 INFO neutron.plugins.ml2.drivers.ovn.mech_driver.mech_driver [None req-c8e7484f-c793-4483-8037-ac915511db6a - - - - - -] OVN reports status down for port: 6521d87d-e32f-46de-af75-9f4a8e20307c
2026-07-12 03:10:16.979 8 INFO neutron.db.ovn_revision_numbers_db [None req-1aa660d7-0d60-49db-9eb3-b74e0e182d64 58e569b3e263429185a76abf2e361242 e5b294463aaf4878b6aaa5c410c8afeb - - default default] Successfully bumped revision number for resource 6521d87d-e32f-46de-af75-9f4a8e20307c (type: ports) to 1
2026-07-12 03:10:17.706 8 INFO neutron.plugins.ml2.drivers.ovn.mech_driver.mech_driver [None req-c8e7484f-c793-4483-8037-ac915511db6a - - - - - -] OVN reports status up for port: 6521d87d-e32f-46de-af75-9f4a8e20307c
2026-07-12 03:10:17.746 8 INFO neutron.plugins.ml2.plugin [None req-c8e7484f-c793-4483-8037-ac915511db6a - - - - - -] Attempt 1 to provision port 6521d87d-e32f-46de-af75-9f4a8e20307c
2026-07-12 03:10:17.907 8 WARNING neutron.scheduler.dhcp_agent_scheduler [None req-1aa660d7-0d60-49db-9eb3-b74e0e182d64 58e569b3e263429185a76abf2e361242 e5b294463aaf4878b6aaa5c410c8afeb - - default default] No more DHCP agents
2026-07-12 03:10:17.915 8 WARNING neutron.api.rpc.agentnotifiers.dhcp_rpc_agent_api [None req-1aa660d7-0d60-49db-9eb3-b74e0e182d64 58e569b3e263429185a76abf2e361242 e5b294463aaf4878b6aaa5c410c8afeb - - default default] Unable to schedule network 37bc2d70-fa3b-41a3-ab77-b40a347e77ac: no agents available; will retry on subsequent port and subnet creation events.
2026-07-12 03:10:18.438 8 INFO neutron.db.ovn_revision_numbers_db [None req-c8e7484f-c793-4483-8037-ac915511db6a - - - - - -] Successfully bumped revision number for resource 6521d87d-e32f-46de-af75-9f4a8e20307c (type: ports) to 2
2026-07-12 03:10:18.561 8 INFO neutron.db.ovn_revision_numbers_db [None req-1aa660d7-0d60-49db-9eb3-b74e0e182d64 58e569b3e263429185a76abf2e361242 e5b294463aaf4878b6aaa5c410c8afeb - - default default] Successfully bumped revision number for resource 6521d87d-e32f-46de-af75-9f4a8e20307c (type: router_ports) to 1 [pid: 8|app: 0|req: 1191/2353] 10.0.0.12 () {34 vars in 781 bytes} [Sun Jul 12 03:10:16 2026] PUT /v2.0/routers/7cb00a8d-e8a3-4c58-909d-215af3948dc2/add_router_interface => generated 310 bytes in 2278 msecs (HTTP/1.1 200) 4 headers in 157 bytes (1 switches on core 0)
2026-07-12 03:10:18.830 7 INFO neutron.db.ovn_revision_numbers_db [None req-27f528bf-ced4-42bc-897e-f77a1a4ed1f7 9f404c3327284730ac30b020bec39458 6f5d0b28c29c49768980c956a4d81aa1 - - default default] Successfully bumped revision number for resource 3a0a0df1-abde-4bad-bbdd-e66b4c78148b (type: routers) to 1 [pid: 7|app: 0|req: 1163/2354] 10.0.0.12 () {34 vars in 666 bytes} [Sun Jul 12 03:10:18 2026] POST /v2.0/routers => generated 591 bytes in 340 msecs (HTTP/1.1 201) 4 headers in 162 bytes (1 switches on core 0)
2026-07-12 03:10:19.018 7 INFO neutron.db.ovn_revision_numbers_db [None req-a989849c-e4f5-4a38-ba12-a7e2bb7e8fdc 9f404c3327284730ac30b020bec39458 6f5d0b28c29c49768980c956a4d81aa1 - - default default] Successfully bumped revision number for resource 8972a82e-7081-4f29-a353-f9c2a03be71b (type: routers) to 1 [pid: 7|app: 0|req: 1164/2355] 10.0.0.12 () {34 vars in 666 bytes} [Sun Jul 12 03:10:18 2026] POST /v2.0/routers => generated 591 bytes in 177 msecs (HTTP/1.1 201) 4 headers in 162 bytes (1 switches on core 0)
2026-07-12 03:10:19.163 7 INFO neutron.db.ovn_revision_numbers_db [None req-631d97c1-54e1-4e57-ae4c-3482c8fd4d0f 9f404c3327284730ac30b020bec39458 6f5d0b28c29c49768980c956a4d81aa1 - - default default] Successfully bumped revision number for resource 425432ed-cfe1-4a24-94e6-3d468c46bbbe (type: routers) to 1 [pid: 7|app: 0|req: 1165/2356] 10.0.0.12 () {34 vars in 666 bytes} [Sun Jul 12 03:10:19 2026] POST /v2.0/routers => generated 591 bytes in 135 msecs (HTTP/1.1 201) 4 headers in 162 bytes (1 switches on core 0)
2026-07-12 03:10:19.328 8 WARNING neutron.scheduler.dhcp_agent_scheduler [None req-b0693fd3-951e-4895-a427-ccd29d18b692 - - - - - -] No more DHCP agents
2026-07-12 03:10:19.329 8 WARNING neutron.api.rpc.agentnotifiers.dhcp_rpc_agent_api [None req-b0693fd3-951e-4895-a427-ccd29d18b692 - - - - - -] Unable to schedule network 95a4c6f0-3d0d-44d9-bf85-f16724df4325: no agents available; will retry on subsequent port and subnet creation events.
2026-07-12 03:10:19.479 8 INFO neutron.db.ovn_revision_numbers_db [None req-b0693fd3-951e-4895-a427-ccd29d18b692 - - - - - -] Successfully bumped revision number for resource d491d20e-641e-4f88-9793-c9283567d8a5 (type: ports) to 1
2026-07-12 03:10:19.724 8 INFO neutron.db.ovn_revision_numbers_db [None req-b0693fd3-951e-4895-a427-ccd29d18b692 - - - - - -] Successfully bumped revision number for resource d491d20e-641e-4f88-9793-c9283567d8a5 (type: ports) to 3
2026-07-12 03:10:19.780 7 INFO neutron.db.ovn_revision_numbers_db [None req-b3a0f06d-f172-49b8-8a1f-f4dd8ba12fff 9f404c3327284730ac30b020bec39458 6f5d0b28c29c49768980c956a4d81aa1 - - default default] Successfully bumped revision number for resource 5d55a8ce-953f-4703-8c0a-812ff170c619 (type: routers) to 1
2026-07-12 03:10:19.787 8 INFO neutron.db.segments_db [None req-b0693fd3-951e-4895-a427-ccd29d18b692 - - - - - -] Added segment 4fc6aef2-237f-4778-b758-e0c4889563a6 of type geneve for network 39c46ffa-5dfa-4607-b32c-972a32f7c996 [pid: 7|app: 0|req: 1166/2357] 10.0.0.12 () {34 vars in 666 bytes} [Sun Jul 12 03:10:19 2026] POST /v2.0/routers => generated 591 bytes in 609 msecs (HTTP/1.1 201) 4 headers in 162 bytes (1 switches on core 0)
2026-07-12 03:10:19.910 8 INFO neutron.db.ovn_revision_numbers_db [None req-3b5c452c-16f9-48ad-ab8f-624d372446a1 - - - - - -] Successfully bumped revision number for resource 39c46ffa-5dfa-4607-b32c-972a32f7c996 (type: networks) to 1
2026-07-12 03:10:19.916 7 INFO neutron.db.ovn_revision_numbers_db [None req-85872fae-8873-4ad7-b5f7-c5b12b3de5de 9f404c3327284730ac30b020bec39458 6f5d0b28c29c49768980c956a4d81aa1 - - default default] Successfully bumped revision number for resource 0ef6fe3d-e79f-4408-9562-590b6d9f6a71 (type: routers) to 1 [pid: 7|app: 0|req: 1167/2358] 10.0.0.12 () {34 vars in 666 bytes} [Sun Jul 12 03:10:19 2026] POST /v2.0/routers => generated 591 bytes in 136 msecs (HTTP/1.1 201) 4 headers in 162 bytes (1 switches on core 0)
2026-07-12 03:10:20.057 8 WARNING neutron.scheduler.dhcp_agent_scheduler [None req-3b5c452c-16f9-48ad-ab8f-624d372446a1 - - - - - -] No more DHCP agents
2026-07-12 03:10:20.058 8 WARNING neutron.api.rpc.agentnotifiers.dhcp_rpc_agent_api [None req-3b5c452c-16f9-48ad-ab8f-624d372446a1 - - - - - -] Unable to schedule network 39c46ffa-5dfa-4607-b32c-972a32f7c996: no agents available; will retry on subsequent port and subnet creation events.
2026-07-12 03:10:20.137 8 INFO neutron.db.ovn_revision_numbers_db [None req-3b5c452c-16f9-48ad-ab8f-624d372446a1 - - - - - -] Successfully bumped revision number for resource b096a124-498e-4094-88af-d4ef21e1a21d (type: ports) to 1
2026-07-12 03:10:20.252 7 INFO neutron.db.ovn_revision_numbers_db [None req-8d3287c2-66cb-47ef-8e33-ab50c859e31e 8afd062dd0ed4e4089a96415f38b989b a70b9a5de15e4b158b06ba8dc99c9850 - - default default] Successfully bumped revision number for resource d914afca-6074-47bb-8a0c-13a11ed6588c (type: security_groups) to 1
2026-07-12 03:10:20.265 7 INFO neutron.db.ovn_revision_numbers_db [None req-8d3287c2-66cb-47ef-8e33-ab50c859e31e 8afd062dd0ed4e4089a96415f38b989b a70b9a5de15e4b158b06ba8dc99c9850 - - default default] Successfully bumped revision number for resource a46a11a8-ca45-4777-a7d5-fab9c9595b44 (type: security_group_rules) to 0
2026-07-12 03:10:20.273 8 WARNING neutron.scheduler.dhcp_agent_scheduler [None req-3b5c452c-16f9-48ad-ab8f-624d372446a1 - - - - - -] No more DHCP agents
2026-07-12 03:10:20.274 8 WARNING neutron.api.rpc.agentnotifiers.dhcp_rpc_agent_api [None req-3b5c452c-16f9-48ad-ab8f-624d372446a1 - - - - - -] Unable to schedule network 39c46ffa-5dfa-4607-b32c-972a32f7c996: no agents available; will retry on subsequent port and subnet creation events.
2026-07-12 03:10:20.278 7 INFO neutron.db.ovn_revision_numbers_db [None req-8d3287c2-66cb-47ef-8e33-ab50c859e31e 8afd062dd0ed4e4089a96415f38b989b a70b9a5de15e4b158b06ba8dc99c9850 - - default default] Successfully bumped revision number for resource af8d7015-f31c-409d-82ce-4e3935601148 (type: security_group_rules) to 0
2026-07-12 03:10:20.291 7 INFO neutron.db.ovn_revision_numbers_db [None req-8d3287c2-66cb-47ef-8e33-ab50c859e31e 8afd062dd0ed4e4089a96415f38b989b a70b9a5de15e4b158b06ba8dc99c9850 - - default default] Successfully bumped revision number for resource c293f385-fab1-4848-a1ce-69b171eed4a4 (type: security_group_rules) to 0
2026-07-12 03:10:20.302 8 INFO neutron.db.ovn_revision_numbers_db [None req-3b5c452c-16f9-48ad-ab8f-624d372446a1 - - - - - -] Successfully bumped revision number for resource 546c63ea-13d2-41ab-abc5-1895913d42e0 (type: subnets) to 0
2026-07-12 03:10:20.303 7 INFO neutron.db.ovn_revision_numbers_db [None req-8d3287c2-66cb-47ef-8e33-ab50c859e31e 8afd062dd0ed4e4089a96415f38b989b a70b9a5de15e4b158b06ba8dc99c9850 - - default default] Successfully bumped revision number for resource f2a5438c-e120-4261-bfeb-f2be57ea92e4 (type: security_group_rules) to 0
2026-07-12 03:10:20.394 7 INFO neutron.db.segments_db [None req-8d3287c2-66cb-47ef-8e33-ab50c859e31e 8afd062dd0ed4e4089a96415f38b989b a70b9a5de15e4b158b06ba8dc99c9850 - - default default] Added segment 3dc02eb5-438f-483a-985b-28cef801376d of type geneve for network 46a2bc7a-a602-4f29-a5e2-826cbd96778e
2026-07-12 03:10:20.516 7 INFO neutron.db.ovn_revision_numbers_db [None req-8d3287c2-66cb-47ef-8e33-ab50c859e31e 8afd062dd0ed4e4089a96415f38b989b a70b9a5de15e4b158b06ba8dc99c9850 - - default default] Successfully bumped revision number for resource 46a2bc7a-a602-4f29-a5e2-826cbd96778e (type: networks) to 1
2026-07-12 03:10:20.700 8 WARNING neutron.scheduler.dhcp_agent_scheduler [None req-3b5c452c-16f9-48ad-ab8f-624d372446a1 - - - - - -] No more DHCP agents
2026-07-12 03:10:20.702 8 WARNING neutron.api.rpc.agentnotifiers.dhcp_rpc_agent_api [None req-3b5c452c-16f9-48ad-ab8f-624d372446a1 - - - - - -] Unable to schedule network 39c46ffa-5dfa-4607-b32c-972a32f7c996: no agents available; will retry on subsequent port and subnet creation events.
2026-07-12 03:10:20.716 7 WARNING neutron.scheduler.dhcp_agent_scheduler [None req-8d3287c2-66cb-47ef-8e33-ab50c859e31e 8afd062dd0ed4e4089a96415f38b989b a70b9a5de15e4b158b06ba8dc99c9850 - - default default] No more DHCP agents
2026-07-12 03:10:20.718 7 WARNING neutron.api.rpc.agentnotifiers.dhcp_rpc_agent_api [None req-8d3287c2-66cb-47ef-8e33-ab50c859e31e 8afd062dd0ed4e4089a96415f38b989b a70b9a5de15e4b158b06ba8dc99c9850 - - default default] Unable to schedule network 46a2bc7a-a602-4f29-a5e2-826cbd96778e: no agents available; will retry on subsequent port and subnet creation events.
2026-07-12 03:10:20.807 7 INFO neutron.db.ovn_revision_numbers_db [None req-8d3287c2-66cb-47ef-8e33-ab50c859e31e 8afd062dd0ed4e4089a96415f38b989b a70b9a5de15e4b158b06ba8dc99c9850 - - default default] Successfully bumped revision number for resource c5f4b230-6d27-4dde-a7ee-f39d178f82f7 (type: ports) to 1 [pid: 7|app: 0|req: 1168/2359] 10.0.0.12 () {34 vars in 668 bytes} [Sun Jul 12 03:10:19 2026] POST /v2.0/networks => generated 669 bytes in 927 msecs (HTTP/1.1 201) 4 headers in 162 bytes (1 switches on core 0)
2026-07-12 03:10:20.883 8 INFO neutron.db.ovn_revision_numbers_db [None req-3b5c452c-16f9-48ad-ab8f-624d372446a1 - - - - - -] Successfully bumped revision number for resource 10fe4a08-602b-42e0-bf46-d5fd773901a6 (type: ports) to 1
2026-07-12 03:10:20.894 7 WARNING tagging [None req-4f6b91c1-4936-4644-9127-8aead8996339 9f404c3327284730ac30b020bec39458 6f5d0b28c29c49768980c956a4d81aa1 - - default default] project_id key not found in request, using tenant_id instead. This support has been deprecated and will be removed in a future release. [pid: 7|app: 0|req: 1169/2360] 10.0.0.12 () {34 vars in 749 bytes} [Sun Jul 12 03:10:20 2026] PUT /v2.0/routers/3a0a0df1-abde-4bad-bbdd-e66b4c78148b/tags => generated 17 bytes in 93 msecs (HTTP/1.1 200) 4 headers in 156 bytes (1 switches on core 0)
2026-07-12 03:10:21.155 7 WARNING neutron.scheduler.dhcp_agent_scheduler [None req-13cb855f-89c2-41b9-893f-3ec87670fe27 8afd062dd0ed4e4089a96415f38b989b a70b9a5de15e4b158b06ba8dc99c9850 - - default default] No more DHCP agents
2026-07-12 03:10:21.157 7 WARNING neutron.api.rpc.agentnotifiers.dhcp_rpc_agent_api [None req-13cb855f-89c2-41b9-893f-3ec87670fe27 8afd062dd0ed4e4089a96415f38b989b a70b9a5de15e4b158b06ba8dc99c9850 - - default default] Unable to schedule network 46a2bc7a-a602-4f29-a5e2-826cbd96778e: no agents available; will retry on subsequent port and subnet creation events.
2026-07-12 03:10:21.625 7 INFO neutron.db.ovn_revision_numbers_db [None req-13cb855f-89c2-41b9-893f-3ec87670fe27 8afd062dd0ed4e4089a96415f38b989b a70b9a5de15e4b158b06ba8dc99c9850 - - default default] Successfully bumped revision number for resource c5f4b230-6d27-4dde-a7ee-f39d178f82f7 (type: ports) to 2
2026-07-12 03:10:21.633 8 WARNING neutron.scheduler.dhcp_agent_scheduler [None req-3b5c452c-16f9-48ad-ab8f-624d372446a1 - - - - - -] No more DHCP agents
2026-07-12 03:10:21.634 8 WARNING neutron.api.rpc.agentnotifiers.dhcp_rpc_agent_api [None req-3b5c452c-16f9-48ad-ab8f-624d372446a1 - - - - - -] Unable to schedule network 39c46ffa-5dfa-4607-b32c-972a32f7c996: no agents available; will retry on subsequent port and subnet creation events.
2026-07-12 03:10:21.651 7 INFO neutron.db.ovn_revision_numbers_db [None req-13cb855f-89c2-41b9-893f-3ec87670fe27 8afd062dd0ed4e4089a96415f38b989b a70b9a5de15e4b158b06ba8dc99c9850 - - default default] Successfully bumped revision number for resource 57c22374-1914-49e0-8714-b0ceefedecf5 (type: subnets) to 0 [pid: 7|app: 0|req: 1170/2361] 10.0.0.12 () {34 vars in 667 bytes} [Sun Jul 12 03:10:20 2026] POST /v2.0/subnets => generated 626 bytes in 713 msecs (HTTP/1.1 201) 4 headers in 162 bytes (1 switches on core 0)
2026-07-12 03:10:21.700 7 WARNING tagging [None req-bfdfe4da-76f4-41dc-99ac-1bd5acba3232 9f404c3327284730ac30b020bec39458 6f5d0b28c29c49768980c956a4d81aa1 - - default default] project_id key not found in request, using tenant_id instead. This support has been deprecated and will be removed in a future release. [pid: 7|app: 0|req: 1171/2362] 10.0.0.12 () {34 vars in 749 bytes} [Sun Jul 12 03:10:21 2026] PUT /v2.0/routers/8972a82e-7081-4f29-a353-f9c2a03be71b/tags => generated 25 bytes in 70 msecs (HTTP/1.1 200) 4 headers in 156 bytes (1 switches on core 0) [pid: 7|app: 0|req: 1172/2363] 10.0.0.12 () {34 vars in 749 bytes} [Sun Jul 12 03:10:21 2026] PUT /v2.0/subnets/57c22374-1914-49e0-8714-b0ceefedecf5/tags => generated 25 bytes in 37 msecs (HTTP/1.1 200) 4 headers in 156 bytes (1 switches on core 0)
2026-07-12 03:10:21.804 7 WARNING tagging [None req-2c4b32cb-4019-4e08-9c74-d5138de5a80c 9f404c3327284730ac30b020bec39458 6f5d0b28c29c49768980c956a4d81aa1 - - default default] project_id key not found in request, using tenant_id instead. This support has been deprecated and will be removed in a future release. [pid: 7|app: 0|req: 1173/2364] 10.0.0.12 () {34 vars in 749 bytes} [Sun Jul 12 03:10:21 2026] PUT /v2.0/routers/425432ed-cfe1-4a24-94e6-3d468c46bbbe/tags => generated 34 bytes in 89 msecs (HTTP/1.1 200) 4 headers in 156 bytes (1 switches on core 0)
2026-07-12 03:10:21.874 7 WARNING neutron.plugins.ml2.drivers.ovn.mech_driver.ovsdb.ovn_client [None req-bacace20-42c0-4805-b4e5-c12fbc9e8e29 - - - - - -] No hosting information found for port ed2bb0b3-6d4d-4235-a14e-e77f5e14731c: RuntimeError: No hosting information found for port ed2bb0b3-6d4d-4235-a14e-e77f5e14731c
2026-07-12 03:10:21.934 7 INFO neutron.common.ovn.utils [None req-bacace20-42c0-4805-b4e5-c12fbc9e8e29 - - - - - -] HA Chassis Group neutron-37bc2d70-fa3b-41a3-ab77-b40a347e77ac synchronized; highest priority chassis ed0d378e-3b58-43dd-960e-0d0b7f1afa65 [pid: 7|app: 0|req: 1174/2365] 10.0.0.12 () {32 vars in 729 bytes} [Sun Jul 12 03:10:21 2026] GET /v2.0/subnets/57c22374-1914-49e0-8714-b0ceefedecf5/tags => generated 25 bytes in 74 msecs (HTTP/1.1 200) 4 headers in 156 bytes (1 switches on core 0)
2026-07-12 03:10:21.954 7 INFO neutron.plugins.ml2.drivers.ovn.mech_driver.mech_driver [None req-bacace20-42c0-4805-b4e5-c12fbc9e8e29 - - - - - -] OVN reports status down for port: b096a124-498e-4094-88af-d4ef21e1a21d
2026-07-12 03:10:22.056 7 WARNING tagging [None req-f3a2fe50-5ecb-4857-b181-2fae4bf67b31 9f404c3327284730ac30b020bec39458 6f5d0b28c29c49768980c956a4d81aa1 - - default default] project_id key not found in request, using tenant_id instead. This support has been deprecated and will be removed in a future release.
2026-07-12 03:10:22.095 8 INFO neutron.db.ovn_revision_numbers_db [None req-3b5c452c-16f9-48ad-ab8f-624d372446a1 - - - - - -] Successfully bumped revision number for resource 10fe4a08-602b-42e0-bf46-d5fd773901a6 (type: router_ports) to 1 [pid: 7|app: 0|req: 1175/2366] 10.0.0.12 () {34 vars in 749 bytes} [Sun Jul 12 03:10:21 2026] PUT /v2.0/routers/5d55a8ce-953f-4703-8c0a-812ff170c619/tags => generated 19 bytes in 196 msecs (HTTP/1.1 200) 4 headers in 156 bytes (1 switches on core 0)
2026-07-12 03:10:22.218 7 INFO neutron.common.ovn.utils [None req-bacace20-42c0-4805-b4e5-c12fbc9e8e29 - - - - - -] HA Chassis Group neutron-39c46ffa-5dfa-4607-b32c-972a32f7c996 synchronized; highest priority chassis ed0d378e-3b58-43dd-960e-0d0b7f1afa65 [pid: 7|app: 0|req: 1176/2367] 10.0.0.12 () {34 vars in 760 bytes} [Sun Jul 12 03:10:22 2026] PUT /v2.0/subnets/57c22374-1914-49e0-8714-b0ceefedecf5/tags/green => generated 4 bytes in 125 msecs (HTTP/1.1 201) 4 headers in 160 bytes (1 switches on core 0) [pid: 7|app: 0|req: 1177/2368] 10.0.0.12 () {32 vars in 662 bytes} [Sun Jul 12 03:10:22 2026] GET /v2.0/routers?tags=red => generated 1814 bytes in 60 msecs (HTTP/1.1 200) 4 headers in 158 bytes (1 switches on core 0)
2026-07-12 03:10:22.340 8 WARNING neutron.scheduler.dhcp_agent_scheduler [None req-3b5c452c-16f9-48ad-ab8f-624d372446a1 - - - - - -] No more DHCP agents
2026-07-12 03:10:22.341 8 WARNING neutron.api.rpc.agentnotifiers.dhcp_rpc_agent_api [None req-3b5c452c-16f9-48ad-ab8f-624d372446a1 - - - - - -] Unable to schedule network 39c46ffa-5dfa-4607-b32c-972a32f7c996: no agents available; will retry on subsequent port and subnet creation events. [pid: 7|app: 0|req: 1178/2369] 10.0.0.12 () {32 vars in 729 bytes} [Sun Jul 12 03:10:22 2026] GET /v2.0/subnets/57c22374-1914-49e0-8714-b0ceefedecf5/tags => generated 34 bytes in 37 msecs (HTTP/1.1 200) 4 headers in 156 bytes (1 switches on core 0) [pid: 7|app: 0|req: 1179/2370] 10.0.0.12 () {32 vars in 676 bytes} [Sun Jul 12 03:10:22 2026] GET /v2.0/routers?tags=red%2Cblue => generated 1222 bytes in 54 msecs (HTTP/1.1 200) 4 headers in 158 bytes (1 switches on core 0)
2026-07-12 03:10:22.476 7 INFO neutron.plugins.ml2.drivers.ovn.mech_driver.mech_driver [None req-bacace20-42c0-4805-b4e5-c12fbc9e8e29 - - - - - -] OVN reports status down for port: e681d646-491c-4703-b049-abe1f6325b68
2026-07-12 03:10:22.486 8 INFO neutron.db.ovn_revision_numbers_db [None req-3b5c452c-16f9-48ad-ab8f-624d372446a1 - - - - - -] Successfully bumped revision number for resource e681d646-491c-4703-b049-abe1f6325b68 (type: ports) to 1 [pid: 7|app: 0|req: 1180/2371] 10.0.0.12 () {34 vars in 756 bytes} [Sun Jul 12 03:10:22 2026] PUT /v2.0/subnets/57c22374-1914-49e0-8714-b0ceefedecf5/tags/red => generated 4 bytes in 96 msecs (HTTP/1.1 201) 4 headers in 160 bytes (1 switches on core 0) [pid: 7|app: 0|req: 1181/2372] 10.0.0.12 () {32 vars in 672 bytes} [Sun Jul 12 03:10:22 2026] GET /v2.0/routers?tags-any=blue => generated 1222 bytes in 95 msecs (HTTP/1.1 200) 4 headers in 158 bytes (1 switches on core 0) [pid: 7|app: 0|req: 1182/2373] 10.0.0.12 () {32 vars in 729 bytes} [Sun Jul 12 03:10:22 2026] GET /v2.0/subnets/57c22374-1914-49e0-8714-b0ceefedecf5/tags => generated 34 bytes in 44 msecs (HTTP/1.1 200) 4 headers in 156 bytes (1 switches on core 0) [pid: 7|app: 0|req: 1183/2374] 10.0.0.12 () {32 vars in 684 bytes} [Sun Jul 12 03:10:22 2026] GET /v2.0/routers?tags-any=red%2Cblue => generated 1814 bytes in 36 msecs (HTTP/1.1 200) 4 headers in 158 bytes (1 switches on core 0)
2026-07-12 03:10:22.743 8 INFO neutron.db.ovn_revision_numbers_db [None req-3b5c452c-16f9-48ad-ab8f-624d372446a1 - - - - - -] Successfully bumped revision number for resource e681d646-491c-4703-b049-abe1f6325b68 (type: ports) to 3 [pid: 7|app: 0|req: 1184/2375] 10.0.0.12 () {34 vars in 778 bytes} [Sun Jul 12 03:10:22 2026] PUT /v2.0/subnets/57c22374-1914-49e0-8714-b0ceefedecf5/tags/black.or.white => generated 4 bytes in 75 msecs (HTTP/1.1 201) 4 headers in 160 bytes (1 switches on core 0) [pid: 7|app: 0|req: 1185/2376] 10.0.0.12 () {32 vars in 670 bytes} [Sun Jul 12 03:10:22 2026] GET /v2.0/routers?not-tags=red => generated 1194 bytes in 58 msecs (HTTP/1.1 200) 4 headers in 158 bytes (1 switches on core 0) [pid: 7|app: 0|req: 1186/2377] 10.0.0.12 () {32 vars in 729 bytes} [Sun Jul 12 03:10:22 2026] GET /v2.0/subnets/57c22374-1914-49e0-8714-b0ceefedecf5/tags => generated 52 bytes in 35 msecs (HTTP/1.1 200) 4 headers in 156 bytes (1 switches on core 0) [pid: 7|app: 0|req: 1187/2378] 10.0.0.12 () {32 vars in 684 bytes} [Sun Jul 12 03:10:22 2026] GET /v2.0/routers?not-tags=red%2Cblue => generated 1786 bytes in 61 msecs (HTTP/1.1 200) 4 headers in 158 bytes (1 switches on core 0) [pid: 7|app: 0|req: 1188/2379] 10.0.0.12 () {34 vars in 749 bytes} [Sun Jul 12 03:10:22 2026] PUT /v2.0/subnets/57c22374-1914-49e0-8714-b0ceefedecf5/tags => generated 37 bytes in 53 msecs (HTTP/1.1 200) 4 headers in 156 bytes (1 switches on core 0) [pid: 8|app: 0|req: 1192/2380] 10.0.0.12 () {34 vars in 683 bytes} [Sun Jul 12 03:10:18 2026] POST /v2.0/vpn/vpnservices => generated 458 bytes in 4439 msecs (HTTP/1.1 201) 4 headers in 162 bytes (1 switches on core 0) [pid: 7|app: 0|req: 1189/2381] 10.0.0.12 () {32 vars in 680 bytes} [Sun Jul 12 03:10:22 2026] GET /v2.0/routers?not-tags-any=blue => generated 1786 bytes in 75 msecs (HTTP/1.1 200) 4 headers in 158 bytes (1 switches on core 0) [pid: 8|app: 0|req: 1193/2382] 10.0.0.12 () {32 vars in 729 bytes} [Sun Jul 12 03:10:23 2026] GET /v2.0/subnets/57c22374-1914-49e0-8714-b0ceefedecf5/tags => generated 37 bytes in 59 msecs (HTTP/1.1 200) 4 headers in 156 bytes (1 switches on core 0) [pid: 8|app: 0|req: 1194/2383] 10.0.0.12 () {32 vars in 692 bytes} [Sun Jul 12 03:10:23 2026] GET /v2.0/routers?not-tags-any=red%2Cblue => generated 1194 bytes in 57 msecs (HTTP/1.1 200) 4 headers in 158 bytes (1 switches on core 0) [pid: 8|app: 0|req: 1195/2384] 10.0.0.12 () {32 vars in 737 bytes} [Sun Jul 12 03:10:23 2026] GET /v2.0/subnets/57c22374-1914-49e0-8714-b0ceefedecf5/tags/red => generated 0 bytes in 36 msecs (HTTP/1.1 204) 2 headers in 112 bytes (1 switches on core 0) [pid: 8|app: 0|req: 1196/2385] 10.0.0.12 () {32 vars in 719 bytes} [Sun Jul 12 03:10:23 2026] GET /v2.0/routers/3a0a0df1-abde-4bad-bbdd-e66b4c78148b => generated 602 bytes in 35 msecs (HTTP/1.1 200) 4 headers in 157 bytes (1 switches on core 0)
2026-07-12 03:10:23.245 8 INFO neutron.api.v2.resource [None req-39b06d0d-0611-4d0a-8bc7-f346aa454859 8afd062dd0ed4e4089a96415f38b989b a70b9a5de15e4b158b06ba8dc99c9850 - - default default] show failed (client error): The resource could not be found. [pid: 8|app: 0|req: 1197/2386] 10.0.0.12 () {32 vars in 741 bytes} [Sun Jul 12 03:10:23 2026] GET /v2.0/subnets/57c22374-1914-49e0-8714-b0ceefedecf5/tags/green => generated 99 bytes in 41 msecs (HTTP/1.1 404) 4 headers in 163 bytes (1 switches on core 0) [pid: 7|app: 0|req: 1190/2387] 10.0.0.12 () {34 vars in 683 bytes} [Sun Jul 12 03:10:23 2026] POST /v2.0/vpn/vpnservices => generated 423 bytes in 424 msecs (HTTP/1.1 201) 4 headers in 162 bytes (1 switches on core 0) [pid: 7|app: 0|req: 1191/2388] 10.0.0.12 () {32 vars in 740 bytes} [Sun Jul 12 03:10:23 2026] DELETE /v2.0/subnets/57c22374-1914-49e0-8714-b0ceefedecf5/tags/red => generated 0 bytes in 54 msecs (HTTP/1.1 204) 2 headers in 112 bytes (1 switches on core 0)
2026-07-12 03:10:23.539 8 INFO neutron.db.ovn_revision_numbers_db [None req-db11d426-b542-4925-80cf-b7dae246d76d 9f404c3327284730ac30b020bec39458 6f5d0b28c29c49768980c956a4d81aa1 - - default default] Successfully bumped revision number for resource 3a0a0df1-abde-4bad-bbdd-e66b4c78148b (type: routers) to 2 [pid: 8|app: 0|req: 1198/2389] 10.0.0.12 () {34 vars in 740 bytes} [Sun Jul 12 03:10:23 2026] PUT /v2.0/routers/3a0a0df1-abde-4bad-bbdd-e66b4c78148b => generated 602 bytes in 297 msecs (HTTP/1.1 200) 4 headers in 157 bytes (1 switches on core 0)
2026-07-12 03:10:23.559 7 ERROR neutron.api.v2.resource [None req-670c5a3e-841b-41be-a67d-16e5f6afdbf2 58e569b3e263429185a76abf2e361242 e5b294463aaf4878b6aaa5c410c8afeb - - default default] create failed: No details.: oslo_db.exception.DBDataError: (pymysql.err.DataError) (1265, "Data truncated for column 'auth_algorithm' at row 1") [SQL: INSERT INTO ikepolicies (name, description, auth_algorithm, encryption_algorithm, phase1_negotiation_mode, lifetime_units, lifetime_value, ike_version, pfs, id, project_id) VALUES (%(name)s, %(description)s, %(auth_algorithm)s, %(encryption_algorithm)s, %(phase1_negotiation_mode)s, %(lifetime_units)s, %(lifetime_value)s, %(ike_version)s, %(pfs)s, %(id)s, %(project_id)s)] [parameters: {'name': 'tempest-ike-policy--1466879003', 'description': '', 'auth_algorithm': 'sha1', 'encryption_algorithm': 'aes-128', 'phase1_negotiation_mode': 'main', 'lifetime_units': 'seconds', 'lifetime_value': 3600, 'ike_version': 'v1', 'pfs': 'group5', 'id': '44a8bd24-28de-4f1b-a6a0-451a9889fbf3', 'project_id': 'e5b294463aaf4878b6aaa5c410c8afeb'}] (Background on this error at: https://sqlalche.me/e/20/9h9h)
2026-07-12 03:10:23.559 7 ERROR neutron.api.v2.resource
Traceback (most recent call last):
2026-07-12 03:10:23.559 7 ERROR neutron.api.v2.resource
File "/var/lib/openstack/lib/python3.12/site-packages/sqlalchemy/engine/base.py", line 1969, in _exec_single_context
2026-07-12 03:10:23.559 7 ERROR neutron.api.v2.resource self.dialect.do_execute(
2026-07-12 03:10:23.559 7 ERROR neutron.api.v2.resource
File "/var/lib/openstack/lib/python3.12/site-packages/sqlalchemy/engine/default.py", line 952, in do_execute
2026-07-12 03:10:23.559 7 ERROR neutron.api.v2.resource cursor.execute(statement, parameters)
2026-07-12 03:10:23.559 7 ERROR neutron.api.v2.resource
File "/var/lib/openstack/lib/python3.12/site-packages/pymysql/cursors.py", line 159, in execute
2026-07-12 03:10:23.559 7 ERROR neutron.api.v2.resource result = self._query(query)
2026-07-12 03:10:23.559 7 ERROR neutron.api.v2.resource ^^^^^^^^^^^^^^^^^^
2026-07-12 03:10:23.559 7 ERROR neutron.api.v2.resource
File "/var/lib/openstack/lib/python3.12/site-packages/pymysql/cursors.py", line 330, in _query
2026-07-12 03:10:23.559 7 ERROR neutron.api.v2.resource conn.query(q)
2026-07-12 03:10:23.559 7 ERROR neutron.api.v2.resource
File "/var/lib/openstack/lib/python3.12/site-packages/pymysql/connections.py", line 582, in query
2026-07-12 03:10:23.559 7 ERROR neutron.api.v2.resource self._affected_rows = self._read_query_result(unbuffered=unbuffered)
2026-07-12 03:10:23.559 7 ERROR neutron.api.v2.resource ^^^^^^^^^^^^^^^^^^^^^^^^^^^^^^^^^^^^^^^^^^^^^^
2026-07-12 03:10:23.559 7 ERROR neutron.api.v2.resource
File "/var/lib/openstack/lib/python3.12/site-packages/pymysql/connections.py", line 847, in _read_query_result
2026-07-12 03:10:23.559 7 ERROR neutron.api.v2.resource result.read()
2026-07-12 03:10:23.559 7 ERROR neutron.api.v2.resource
File "/var/lib/openstack/lib/python3.12/site-packages/pymysql/connections.py", line 1245, in read
2026-07-12 03:10:23.559 7 ERROR neutron.api.v2.resource first_packet = self.connection._read_packet()
2026-07-12 03:10:23.559 7 ERROR neutron.api.v2.resource ^^^^^^^^^^^^^^^^^^^^^^^^^^^^^^
2026-07-12 03:10:23.559 7 ERROR neutron.api.v2.resource
File "/var/lib/openstack/lib/python3.12/site-packages/pymysql/connections.py", line 803, in _read_packet
2026-07-12 03:10:23.559 7 ERROR neutron.api.v2.resource packet.raise_for_error()
2026-07-12 03:10:23.559 7 ERROR neutron.api.v2.resource
File "/var/lib/openstack/lib/python3.12/site-packages/pymysql/protocol.py", line 219, in raise_for_error
2026-07-12 03:10:23.559 7 ERROR neutron.api.v2.resource err.raise_mysql_exception(self._data)
2026-07-12 03:10:23.559 7 ERROR neutron.api.v2.resource
File "/var/lib/openstack/lib/python3.12/site-packages/pymysql/err.py", line 154, in raise_mysql_exception
2026-07-12 03:10:23.559 7 ERROR neutron.api.v2.resource raise errorclass(errno, errval, sqlstate=sqlstate)
2026-07-12 03:10:23.559 7 ERROR neutron.api.v2.resource pymysql.err.DataError: (1265, "Data truncated for column 'auth_algorithm' at row 1")
2026-07-12 03:10:23.559 7 ERROR neutron.api.v2.resource
2026-07-12 03:10:23.559 7 ERROR neutron.api.v2.resource The above exception was the direct cause of the following exception:
2026-07-12 03:10:23.559 7 ERROR neutron.api.v2.resource
2026-07-12 03:10:23.559 7 ERROR neutron.api.v2.resource
Traceback (most recent call last):
2026-07-12 03:10:23.559 7 ERROR neutron.api.v2.resource
File "/var/lib/openstack/lib/python3.12/site-packages/neutron/api/v2/resource.py", line 96, in resource
2026-07-12 03:10:23.559 7 ERROR neutron.api.v2.resource result = method(request=request, **args)
2026-07-12 03:10:23.559 7 ERROR neutron.api.v2.resource ^^^^^^^^^^^^^^^^^^^^^^^^^^^^^^^
2026-07-12 03:10:23.559 7 ERROR neutron.api.v2.resource
File "/var/lib/openstack/lib/python3.12/site-packages/neutron/api/v2/base.py", line 442, in create
2026-07-12 03:10:23.559 7 ERROR neutron.api.v2.resource return self._create(request, body, **kwargs)
2026-07-12 03:10:23.559 7 ERROR neutron.api.v2.resource ^^^^^^^^^^^^^^^^^^^^^^^^^^^^^^^^^^^^^
2026-07-12 03:10:23.559 7 ERROR neutron.api.v2.resource
File "/var/lib/openstack/lib/python3.12/site-packages/neutron_lib/db/api.py", line 137, in wrapped
2026-07-12 03:10:23.559 7 ERROR neutron.api.v2.resource with excutils.save_and_reraise_exception():
2026-07-12 03:10:23.559 7 ERROR neutron.api.v2.resource
File "/var/lib/openstack/lib/python3.12/site-packages/oslo_utils/excutils.py", line 266, in __exit__
2026-07-12 03:10:23.559 7 ERROR neutron.api.v2.resource self.force_reraise()
2026-07-12 03:10:23.559 7 ERROR neutron.api.v2.resource
File "/var/lib/openstack/lib/python3.12/site-packages/oslo_utils/excutils.py", line 232, in force_reraise
2026-07-12 03:10:23.559 7 ERROR neutron.api.v2.resource raise self.value
2026-07-12 03:10:23.559 7 ERROR neutron.api.v2.resource
File "/var/lib/openstack/lib/python3.12/site-packages/neutron_lib/db/api.py", line 135, in wrapped
2026-07-12 03:10:23.559 7 ERROR neutron.api.v2.resource return f(*args, **kwargs)
2026-07-12 03:10:23.559 7 ERROR neutron.api.v2.resource ^^^^^^^^^^^^^^^^^^
2026-07-12 03:10:23.559 7 ERROR neutron.api.v2.resource
File "/var/lib/openstack/lib/python3.12/site-packages/oslo_db/api.py", line 144, in wrapper
2026-07-12 03:10:23.559 7 ERROR neutron.api.v2.resource with excutils.save_and_reraise_exception() as ectxt:
2026-07-12 03:10:23.559 7 ERROR neutron.api.v2.resource
File "/var/lib/openstack/lib/python3.12/site-packages/oslo_utils/excutils.py", line 266, in __exit__
2026-07-12 03:10:23.559 7 ERROR neutron.api.v2.resource self.force_reraise()
2026-07-12 03:10:23.559 7 ERROR neutron.api.v2.resource
File "/var/lib/openstack/lib/python3.12/site-packages/oslo_utils/excutils.py", line 232, in force_reraise
2026-07-12 03:10:23.559 7 ERROR neutron.api.v2.resource raise self.value
