2026-07-12 03:07:01.314 7 WARNING neutron.api.rpc.agentnotifiers.dhcp_rpc_agent_api [None req-f917d466-d852-46da-a9bf-00c020ee5464 214fedf45e1e4b83aca52bdc0759cc44 dda4c9b967ac4a799ac41312e6005627 - - default default] Unable to schedule network 63fc4460-aa3a-4e34-8ea9-f6a37811ddb8: no agents available; will retry on subsequent port and subnet creation events.
2026-07-12 03:07:01.379 7 INFO neutron.plugins.ml2.drivers.ovn.mech_driver.mech_driver [None req-d4b585d4-8fdb-4d4e-8e37-e1625f99cfc2 - - - - - -] OVN reports status down for port: fd0876bf-607c-4067-9843-175fc2af128c [pid: 8|app: 0|req: 544/1021] 10.0.0.186 () {34 vars in 989 bytes} [Sun Jul 12 03:07:01 2026] GET /v2.0/ports?device_id=c4573465-2bc2-48fb-a1b9-80fad8cd3e72 => generated 12 bytes in 20 msecs (HTTP/1.1 200) 4 headers in 156 bytes (1 switches on core 0)
2026-07-12 03:07:01.443 7 INFO neutron.db.ovn_revision_numbers_db [None req-f917d466-d852-46da-a9bf-00c020ee5464 214fedf45e1e4b83aca52bdc0759cc44 dda4c9b967ac4a799ac41312e6005627 - - default default] Successfully bumped revision number for resource fd0876bf-607c-4067-9843-175fc2af128c (type: ports) to 1 [pid: 7|app: 0|req: 478/1022] 10.0.0.12 () {34 vars in 668 bytes} [Sun Jul 12 03:07:00 2026] POST /v2.0/networks => generated 692 bytes in 569 msecs (HTTP/1.1 201) 4 headers in 162 bytes (1 switches on core 0) [pid: 7|app: 0|req: 479/1023] 10.0.0.23 () {34 vars in 1068 bytes} [Sun Jul 12 03:07:01 2026] GET /v2.0/ports?fields=security_groups&fields=device_id&device_id=c4573465-2bc2-48fb-a1b9-80fad8cd3e72 => generated 12 bytes in 21 msecs (HTTP/1.1 200) 4 headers in 156 bytes (1 switches on core 0) [pid: 7|app: 0|req: 480/1024] 10.0.0.23 () {34 vars in 1068 bytes} [Sun Jul 12 03:07:01 2026] GET /v2.0/ports?fields=security_groups&fields=device_id&device_id=1f0bfd72-c28c-408d-bb31-f30c26d884e3 => generated 123 bytes in 36 msecs (HTTP/1.1 200) 4 headers in 157 bytes (1 switches on core 0) [pid: 7|app: 0|req: 481/1025] 10.0.0.23 () {34 vars in 988 bytes} [Sun Jul 12 03:07:01 2026] GET /v2.0/ports?device_id=c4573465-2bc2-48fb-a1b9-80fad8cd3e72 => generated 12 bytes in 19 msecs (HTTP/1.1 200) 4 headers in 156 bytes (1 switches on core 0) [pid: 7|app: 0|req: 482/1026] 10.0.0.23 () {34 vars in 1038 bytes} [Sun Jul 12 03:07:01 2026] GET /v2.0/security-groups?id=59de7fec-ecf4-433e-b8fe-da148365ced7&fields=id&fields=name => generated 113 bytes in 37 msecs (HTTP/1.1 200) 4 headers in 157 bytes (1 switches on core 0)
2026-07-12 03:07:01.913 8 WARNING neutron.scheduler.dhcp_agent_scheduler [None req-39d58878-95af-42fb-a262-37ec0d65c16b 214fedf45e1e4b83aca52bdc0759cc44 dda4c9b967ac4a799ac41312e6005627 - - default default] No more DHCP agents
2026-07-12 03:07:01.917 8 WARNING neutron.api.rpc.agentnotifiers.dhcp_rpc_agent_api [None req-39d58878-95af-42fb-a262-37ec0d65c16b 214fedf45e1e4b83aca52bdc0759cc44 dda4c9b967ac4a799ac41312e6005627 - - default default] Unable to schedule network 7f1932fe-f2f5-4f7d-b595-8be9ec830581: no agents available; will retry on subsequent port and subnet creation events.
2026-07-12 03:07:01.971 8 INFO neutron.services.segments.plugin [-] Segment ae7fc5b4-24c9-42d2-ba39-60dbe0cebad0 resource provider aggregate not found
2026-07-12 03:07:01.980 8 INFO neutron.services.segments.plugin [-] Segment ae7fc5b4-24c9-42d2-ba39-60dbe0cebad0 resource provider aggregate not found
2026-07-12 03:07:01.996 8 INFO neutron.services.segments.plugin [-] Client error retrieving segment ae7fc5b4-24c9-42d2-ba39-60dbe0cebad0 resource provider; error: Placement Client Error (4xx): {"errors": [{"status": 404, "title": "Not Found", "detail": "The resource could not be found.\n\n No resource provider with uuid ae7fc5b4-24c9-42d2-ba39-60dbe0cebad0 found for delete ", "request_id": "req-299fa32f-e7c7-4886-9c80-2a29d8027b7a"}]}
2026-07-12 03:07:01.999 8 INFO neutron.services.segments.plugin [-] Client error retrieving segment ae7fc5b4-24c9-42d2-ba39-60dbe0cebad0 resource provider; error: Placement Client Error (4xx): {"errors": [{"status": 404, "title": "Not Found", "detail": "The resource could not be found.\n\n No resource provider with uuid ae7fc5b4-24c9-42d2-ba39-60dbe0cebad0 found for delete ", "request_id": "req-225dd95b-9e2b-4669-b127-0c8967201a7c"}]}
2026-07-12 03:07:02.004 8 INFO neutron.plugins.ml2.drivers.ovn.mech_driver.mech_driver [None req-34ee3114-e736-4677-844c-af6a01f48622 - - - - - -] OVN reports status down for port: 1374a872-e636-44b5-ba33-8c0efd0122a3
2026-07-12 03:07:02.073 8 INFO neutron.db.ovn_revision_numbers_db [None req-39d58878-95af-42fb-a262-37ec0d65c16b 214fedf45e1e4b83aca52bdc0759cc44 dda4c9b967ac4a799ac41312e6005627 - - default default] Successfully bumped revision number for resource 1374a872-e636-44b5-ba33-8c0efd0122a3 (type: ports) to 1
2026-07-12 03:07:02.158 8 WARNING neutron.scheduler.dhcp_agent_scheduler [None req-39d58878-95af-42fb-a262-37ec0d65c16b 214fedf45e1e4b83aca52bdc0759cc44 dda4c9b967ac4a799ac41312e6005627 - - default default] No more DHCP agents
2026-07-12 03:07:02.160 8 WARNING neutron.api.rpc.agentnotifiers.dhcp_rpc_agent_api [None req-39d58878-95af-42fb-a262-37ec0d65c16b 214fedf45e1e4b83aca52bdc0759cc44 dda4c9b967ac4a799ac41312e6005627 - - default default] Unable to schedule network 63fc4460-aa3a-4e34-8ea9-f6a37811ddb8: no agents available; will retry on subsequent port and subnet creation events.
2026-07-12 03:07:02.219 8 INFO neutron.plugins.ml2.drivers.ovn.mech_driver.mech_driver [None req-34ee3114-e736-4677-844c-af6a01f48622 - - - - - -] OVN reports status down for port: 2395a9f7-8289-41c3-81f7-bbe6e5182c01
2026-07-12 03:07:02.288 8 INFO neutron.db.ovn_revision_numbers_db [None req-39d58878-95af-42fb-a262-37ec0d65c16b 214fedf45e1e4b83aca52bdc0759cc44 dda4c9b967ac4a799ac41312e6005627 - - default default] Successfully bumped revision number for resource 2395a9f7-8289-41c3-81f7-bbe6e5182c01 (type: ports) to 1 [pid: 8|app: 0|req: 545/1027] 10.0.0.12 () {34 vars in 663 bytes} [Sun Jul 12 03:07:01 2026] POST /v2.0/ports => generated 1504 bytes in 869 msecs (HTTP/1.1 201) 4 headers in 163 bytes (1 switches on core 0) [pid: 7|app: 0|req: 483/1028] 10.0.0.12 () {32 vars in 641 bytes} [Sun Jul 12 03:07:02 2026] GET /v2.0/ports => generated 3016 bytes in 131 msecs (HTTP/1.1 200) 4 headers in 158 bytes (1 switches on core 0) /var/lib/openstack/lib/python3.12/site-packages/pycadf/identifier.py:70: UserWarning: Invalid uuid: neutron. To ensure interoperability, identifiers should be a valid uuid. warnings.warn(('Invalid uuid: %s. To ensure interoperability, '
2026-07-12 03:07:02.624 8 INFO neutron_taas.services.taas.taas_plugin [None req-e5f33b99-af98-4874-9b02-ebf3cf2293fe 214fedf45e1e4b83aca52bdc0759cc44 dda4c9b967ac4a799ac41312e6005627 - - default default] TaaS: Handle Delete Port: 1374a872-e636-44b5-ba33-8c0efd0122a3
2026-07-12 03:07:02.627 8 INFO neutron_taas.services.taas.tap_mirror_plugin [None req-e5f33b99-af98-4874-9b02-ebf3cf2293fe 214fedf45e1e4b83aca52bdc0759cc44 dda4c9b967ac4a799ac41312e6005627 - - default default] Tap Mirror: Handle Delete Port: 1374a872-e636-44b5-ba33-8c0efd0122a3 [pid: 8|app: 0|req: 546/1029] 10.0.0.12 () {32 vars in 718 bytes} [Sun Jul 12 03:07:02 2026] DELETE /v2.0/ports/1374a872-e636-44b5-ba33-8c0efd0122a3 => generated 0 bytes in 247 msecs (HTTP/1.1 204) 3 headers in 131 bytes (1 switches on core 0) [pid: 7|app: 0|req: 484/1030] 10.0.0.12 () {32 vars in 738 bytes} [Sun Jul 12 03:07:02 2026] DELETE /v2.0/security-groups/50c61515-b4cf-431f-88ca-87792b4be7d4 => generated 0 bytes in 179 msecs (HTTP/1.1 204) 2 headers in 112 bytes (1 switches on core 0)
2026-07-12 03:07:02.846 7 INFO neutron.api.v2.resource [None req-99d39408-9604-4ed6-ade9-59073dab4975 40f06ddb6e9b43a8b9af4aceb3ad5249 878a9cca248f465983af22de347cbe04 - - default default] show failed (client error): The resource could not be found. [pid: 7|app: 0|req: 485/1031] 10.0.0.12 () {32 vars in 735 bytes} [Sun Jul 12 03:07:02 2026] GET /v2.0/security-groups/50c61515-b4cf-431f-88ca-87792b4be7d4 => generated 146 bytes in 16 msecs (HTTP/1.1 404) 4 headers in 164 bytes (1 switches on core 0)
2026-07-12 03:07:02.895 8 INFO neutron_taas.services.taas.taas_plugin [None req-dc92e764-e728-4917-a68a-d4da444acb38 214fedf45e1e4b83aca52bdc0759cc44 dda4c9b967ac4a799ac41312e6005627 - - default default] TaaS: Handle Delete Port: 2395a9f7-8289-41c3-81f7-bbe6e5182c01
2026-07-12 03:07:02.897 8 INFO neutron_taas.services.taas.tap_mirror_plugin [None req-dc92e764-e728-4917-a68a-d4da444acb38 214fedf45e1e4b83aca52bdc0759cc44 dda4c9b967ac4a799ac41312e6005627 - - default default] Tap Mirror: Handle Delete Port: 2395a9f7-8289-41c3-81f7-bbe6e5182c01 [pid: 8|app: 0|req: 547/1032] 10.0.0.12 () {32 vars in 718 bytes} [Sun Jul 12 03:07:02 2026] DELETE /v2.0/ports/2395a9f7-8289-41c3-81f7-bbe6e5182c01 => generated 0 bytes in 242 msecs (HTTP/1.1 204) 3 headers in 131 bytes (1 switches on core 0)
2026-07-12 03:07:03.030 7 INFO neutron_taas.services.taas.taas_plugin [None req-58396906-47df-4c79-b014-6d183fa627e8 40f06ddb6e9b43a8b9af4aceb3ad5249 878a9cca248f465983af22de347cbe04 - - default default] TaaS: Handle Delete Port: d8ace7cf-97fd-4f38-867a-38d0a4b41888
2026-07-12 03:07:03.033 7 INFO neutron_taas.services.taas.tap_mirror_plugin [None req-58396906-47df-4c79-b014-6d183fa627e8 40f06ddb6e9b43a8b9af4aceb3ad5249 878a9cca248f465983af22de347cbe04 - - default default] Tap Mirror: Handle Delete Port: d8ace7cf-97fd-4f38-867a-38d0a4b41888 [pid: 8|app: 0|req: 548/1033] 10.0.0.23 () {34 vars in 1068 bytes} [Sun Jul 12 03:07:03 2026] GET /v2.0/ports?fields=security_groups&fields=device_id&device_id=1f0bfd72-c28c-408d-bb31-f30c26d884e3 => generated 123 bytes in 80 msecs (HTTP/1.1 200) 4 headers in 157 bytes (1 switches on core 0) [pid: 8|app: 0|req: 549/1034] 10.0.0.12 () {32 vars in 641 bytes} [Sun Jul 12 03:07:03 2026] GET /v2.0/ports => generated 1523 bytes in 68 msecs (HTTP/1.1 200) 4 headers in 158 bytes (1 switches on core 0) [pid: 8|app: 0|req: 550/1035] 10.0.0.23 () {34 vars in 1038 bytes} [Sun Jul 12 03:07:03 2026] GET /v2.0/security-groups?id=59de7fec-ecf4-433e-b8fe-da148365ced7&fields=id&fields=name => generated 113 bytes in 26 msecs (HTTP/1.1 200) 4 headers in 157 bytes (1 switches on core 0) [pid: 7|app: 0|req: 486/1036] 10.0.0.12 () {32 vars in 730 bytes} [Sun Jul 12 03:07:02 2026] DELETE /v2.0/floatingips/43243a6c-cd31-4585-adbb-167b8120dcc6 => generated 0 bytes in 358 msecs (HTTP/1.1 204) 2 headers in 112 bytes (1 switches on core 0)
2026-07-12 03:07:03.259 8 INFO neutron.db.segments_db [None req-7934cf32-ba54-44b5-88d3-501cf4ca079b 214fedf45e1e4b83aca52bdc0759cc44 dda4c9b967ac4a799ac41312e6005627 - - default default] Added segment 419489b8-24ee-4fa8-9e03-404afcf7a924 of type geneve for network ddf7595c-a0ac-486a-81c9-85078900c2d6
2026-07-12 03:07:03.390 8 INFO neutron.db.ovn_revision_numbers_db [None req-7934cf32-ba54-44b5-88d3-501cf4ca079b 214fedf45e1e4b83aca52bdc0759cc44 dda4c9b967ac4a799ac41312e6005627 - - default default] Successfully bumped revision number for resource ddf7595c-a0ac-486a-81c9-85078900c2d6 (type: networks) to 1
2026-07-12 03:07:03.506 7 INFO neutron_taas.services.taas.taas_plugin [None req-54ce6d6e-198f-431c-be38-382a6cf5d5bf 73c87c74924e43ec99d488a7201884e4 f31f3208ec054e73a3074958b07fa407 - - default default] TaaS: Handle Delete Port: 5e0f7824-dafe-48c9-b265-7761dda75c89
2026-07-12 03:07:03.509 7 INFO neutron_taas.services.taas.tap_mirror_plugin [None req-54ce6d6e-198f-431c-be38-382a6cf5d5bf 73c87c74924e43ec99d488a7201884e4 f31f3208ec054e73a3074958b07fa407 - - default default] Tap Mirror: Handle Delete Port: 5e0f7824-dafe-48c9-b265-7761dda75c89
2026-07-12 03:07:03.539 8 WARNING neutron.scheduler.dhcp_agent_scheduler [None req-7934cf32-ba54-44b5-88d3-501cf4ca079b 214fedf45e1e4b83aca52bdc0759cc44 dda4c9b967ac4a799ac41312e6005627 - - default default] No more DHCP agents
2026-07-12 03:07:03.541 8 WARNING neutron.api.rpc.agentnotifiers.dhcp_rpc_agent_api [None req-7934cf32-ba54-44b5-88d3-501cf4ca079b 214fedf45e1e4b83aca52bdc0759cc44 dda4c9b967ac4a799ac41312e6005627 - - default default] Unable to schedule network ddf7595c-a0ac-486a-81c9-85078900c2d6: no agents available; will retry on subsequent port and subnet creation events.
2026-07-12 03:07:03.610 8 INFO neutron.db.ovn_revision_numbers_db [None req-7934cf32-ba54-44b5-88d3-501cf4ca079b 214fedf45e1e4b83aca52bdc0759cc44 dda4c9b967ac4a799ac41312e6005627 - - default default] Successfully bumped revision number for resource 7de50df6-a4a3-45ac-8605-a9b51104ecbb (type: ports) to 1
2026-07-12 03:07:03.620 7 INFO neutron.plugins.ml2.drivers.ovn.mech_driver.mech_driver [None req-d4b585d4-8fdb-4d4e-8e37-e1625f99cfc2 - - - - - -] OVN reports status down for port: 7de50df6-a4a3-45ac-8605-a9b51104ecbb [pid: 8|app: 0|req: 551/1037] 10.0.0.12 () {34 vars in 668 bytes} [Sun Jul 12 03:07:03 2026] POST /v2.0/networks => generated 691 bytes in 460 msecs (HTTP/1.1 201) 4 headers in 162 bytes (1 switches on core 0)
2026-07-12 03:07:03.734 8 INFO neutron.db.segments_db [None req-0475c8bd-3270-4a31-a10c-86d4640aaebe 214fedf45e1e4b83aca52bdc0759cc44 dda4c9b967ac4a799ac41312e6005627 - - default default] Added segment 82473631-6830-4ebd-b443-8010a1d70760 of type geneve for network 707cb5a7-f5fb-4e52-bbb0-c32e723494dc
2026-07-12 03:07:03.872 8 INFO neutron.db.ovn_revision_numbers_db [None req-0475c8bd-3270-4a31-a10c-86d4640aaebe 214fedf45e1e4b83aca52bdc0759cc44 dda4c9b967ac4a799ac41312e6005627 - - default default] Successfully bumped revision number for resource 707cb5a7-f5fb-4e52-bbb0-c32e723494dc (type: networks) to 1
2026-07-12 03:07:04.022 8 WARNING neutron.scheduler.dhcp_agent_scheduler [None req-0475c8bd-3270-4a31-a10c-86d4640aaebe 214fedf45e1e4b83aca52bdc0759cc44 dda4c9b967ac4a799ac41312e6005627 - - default default] No more DHCP agents
2026-07-12 03:07:04.024 8 WARNING neutron.api.rpc.agentnotifiers.dhcp_rpc_agent_api [None req-0475c8bd-3270-4a31-a10c-86d4640aaebe 214fedf45e1e4b83aca52bdc0759cc44 dda4c9b967ac4a799ac41312e6005627 - - default default] Unable to schedule network 707cb5a7-f5fb-4e52-bbb0-c32e723494dc: no agents available; will retry on subsequent port and subnet creation events.
2026-07-12 03:07:04.088 8 INFO neutron.plugins.ml2.drivers.ovn.mech_driver.mech_driver [None req-34ee3114-e736-4677-844c-af6a01f48622 - - - - - -] OVN reports status down for port: 78ebcb4c-9cce-41c4-bb56-f40568472c88
2026-07-12 03:07:04.145 8 INFO neutron.db.ovn_revision_numbers_db [None req-0475c8bd-3270-4a31-a10c-86d4640aaebe 214fedf45e1e4b83aca52bdc0759cc44 dda4c9b967ac4a799ac41312e6005627 - - default default] Successfully bumped revision number for resource 78ebcb4c-9cce-41c4-bb56-f40568472c88 (type: ports) to 1 [pid: 7|app: 0|req: 487/1038] 10.0.0.12 () {34 vars in 787 bytes} [Sun Jul 12 03:07:03 2026] PUT /v2.0/routers/7ce103ae-97a5-4c5a-bb54-f15ea1040a85/remove_router_interface => generated 310 bytes in 985 msecs (HTTP/1.1 200) 4 headers in 157 bytes (1 switches on core 0) [pid: 8|app: 0|req: 552/1039] 10.0.0.12 () {34 vars in 668 bytes} [Sun Jul 12 03:07:03 2026] POST /v2.0/networks => generated 691 bytes in 568 msecs (HTTP/1.1 201) 4 headers in 162 bytes (1 switches on core 0) /var/lib/openstack/lib/python3.12/site-packages/pycadf/identifier.py:70: UserWarning: Invalid uuid: neutron. To ensure interoperability, identifiers should be a valid uuid. warnings.warn(('Invalid uuid: %s. To ensure interoperability, ' [pid: 8|app: 0|req: 553/1040] 10.0.0.23 () {34 vars in 1068 bytes} [Sun Jul 12 03:07:04 2026] GET /v2.0/ports?fields=security_groups&fields=device_id&device_id=1f0bfd72-c28c-408d-bb31-f30c26d884e3 => generated 123 bytes in 28 msecs (HTTP/1.1 200) 4 headers in 157 bytes (1 switches on core 0) [pid: 8|app: 0|req: 554/1041] 10.0.0.23 () {34 vars in 1038 bytes} [Sun Jul 12 03:07:04 2026] GET /v2.0/security-groups?id=59de7fec-ecf4-433e-b8fe-da148365ced7&fields=id&fields=name => generated 113 bytes in 24 msecs (HTTP/1.1 200) 4 headers in 157 bytes (1 switches on core 0)
2026-07-12 03:07:04.523 7 INFO neutron_taas.services.taas.taas_plugin [None req-7e71fa00-3dec-43f5-a104-28f0367273e4 73c87c74924e43ec99d488a7201884e4 f31f3208ec054e73a3074958b07fa407 - - default default] TaaS: Handle Delete Port: 9dc5788d-c70b-4560-8bf6-fdfc8d789a6f
2026-07-12 03:07:04.528 7 INFO neutron_taas.services.taas.tap_mirror_plugin [None req-7e71fa00-3dec-43f5-a104-28f0367273e4 73c87c74924e43ec99d488a7201884e4 f31f3208ec054e73a3074958b07fa407 - - default default] Tap Mirror: Handle Delete Port: 9dc5788d-c70b-4560-8bf6-fdfc8d789a6f [pid: 7|app: 0|req: 488/1042] 10.0.0.12 () {32 vars in 722 bytes} [Sun Jul 12 03:07:04 2026] DELETE /v2.0/routers/7ce103ae-97a5-4c5a-bb54-f15ea1040a85 => generated 0 bytes in 740 msecs (HTTP/1.1 204) 2 headers in 112 bytes (1 switches on core 0)
2026-07-12 03:07:04.980 8 WARNING neutron.scheduler.dhcp_agent_scheduler [None req-208c6a4b-f113-4efd-834d-589121ebc989 214fedf45e1e4b83aca52bdc0759cc44 dda4c9b967ac4a799ac41312e6005627 - - default default] No more DHCP agents
2026-07-12 03:07:04.981 8 WARNING neutron.api.rpc.agentnotifiers.dhcp_rpc_agent_api [None req-208c6a4b-f113-4efd-834d-589121ebc989 214fedf45e1e4b83aca52bdc0759cc44 dda4c9b967ac4a799ac41312e6005627 - - default default] Unable to schedule network ddf7595c-a0ac-486a-81c9-85078900c2d6: no agents available; will retry on subsequent port and subnet creation events.
2026-07-12 03:07:05.021 8 INFO neutron.db.ovn_revision_numbers_db [None req-208c6a4b-f113-4efd-834d-589121ebc989 214fedf45e1e4b83aca52bdc0759cc44 dda4c9b967ac4a799ac41312e6005627 - - default default] Successfully bumped revision number for resource 608e1b6f-7edc-482f-962a-2bdad916fbeb (type: subnets) to 0
2026-07-12 03:07:05.060 8 WARNING neutron.scheduler.dhcp_agent_scheduler [None req-208c6a4b-f113-4efd-834d-589121ebc989 214fedf45e1e4b83aca52bdc0759cc44 dda4c9b967ac4a799ac41312e6005627 - - default default] No more DHCP agents
2026-07-12 03:07:05.062 8 WARNING neutron.api.rpc.agentnotifiers.dhcp_rpc_agent_api [None req-208c6a4b-f113-4efd-834d-589121ebc989 214fedf45e1e4b83aca52bdc0759cc44 dda4c9b967ac4a799ac41312e6005627 - - default default] Unable to schedule network 707cb5a7-f5fb-4e52-bbb0-c32e723494dc: no agents available; will retry on subsequent port and subnet creation events.
2026-07-12 03:07:05.096 8 INFO neutron.db.ovn_revision_numbers_db [None req-208c6a4b-f113-4efd-834d-589121ebc989 214fedf45e1e4b83aca52bdc0759cc44 dda4c9b967ac4a799ac41312e6005627 - - default default] Successfully bumped revision number for resource adc8d936-d7cd-4956-8b51-ad59c3d7e18b (type: subnets) to 0 [pid: 8|app: 0|req: 555/1043] 10.0.0.12 () {34 vars in 667 bytes} [Sun Jul 12 03:07:04 2026] POST /v2.0/subnets => generated 1324 bytes in 450 msecs (HTTP/1.1 201) 4 headers in 163 bytes (1 switches on core 0)
2026-07-12 03:07:05.143 7 WARNING neutron.db.securitygroups_db [None req-7be7a89e-1f59-4286-99cb-a48e3914859a 73c87c74924e43ec99d488a7201884e4 f31f3208ec054e73a3074958b07fa407 - - default default] project_id key not found in filters, using tenant_id instead. This support has been deprecated and will be removed in a future release.
2026-07-12 03:07:05.263 7 INFO neutron.db.ovn_revision_numbers_db [None req-7be7a89e-1f59-4286-99cb-a48e3914859a 73c87c74924e43ec99d488a7201884e4 f31f3208ec054e73a3074958b07fa407 - - default default] Successfully bumped revision number for resource 01b78633-5b65-4ab4-b8f3-49a46904e2d3 (type: security_groups) to 1
2026-07-12 03:07:05.277 7 INFO neutron.db.ovn_revision_numbers_db [None req-7be7a89e-1f59-4286-99cb-a48e3914859a 73c87c74924e43ec99d488a7201884e4 f31f3208ec054e73a3074958b07fa407 - - default default] Successfully bumped revision number for resource 25118cd6-81a8-4921-b6a3-4acfa619771e (type: security_group_rules) to 0 [pid: 8|app: 0|req: 556/1044] 10.0.0.12 () {32 vars in 722 bytes} [Sun Jul 12 03:07:05 2026] DELETE /v2.0/subnets/8cc63e6a-1a59-4804-a208-19401bf3615d => generated 0 bytes in 171 msecs (HTTP/1.1 204) 3 headers in 131 bytes (1 switches on core 0)
2026-07-12 03:07:05.289 7 INFO neutron.db.ovn_revision_numbers_db [None req-7be7a89e-1f59-4286-99cb-a48e3914859a 73c87c74924e43ec99d488a7201884e4 f31f3208ec054e73a3074958b07fa407 - - default default] Successfully bumped revision number for resource 451dd2ac-dce0-46a6-9b9c-31e25d650909 (type: security_group_rules) to 0
2026-07-12 03:07:05.301 7 INFO neutron.db.ovn_revision_numbers_db [None req-7be7a89e-1f59-4286-99cb-a48e3914859a 73c87c74924e43ec99d488a7201884e4 f31f3208ec054e73a3074958b07fa407 - - default default] Successfully bumped revision number for resource 9afe3946-c4dd-4a0b-bf14-caf4f39b74ed (type: security_group_rules) to 0
2026-07-12 03:07:05.314 7 INFO neutron.db.ovn_revision_numbers_db [None req-7be7a89e-1f59-4286-99cb-a48e3914859a 73c87c74924e43ec99d488a7201884e4 f31f3208ec054e73a3074958b07fa407 - - default default] Successfully bumped revision number for resource d9b4f98b-baab-4f13-9ace-82950cf3707f (type: security_group_rules) to 0 [pid: 8|app: 0|req: 557/1045] 10.0.0.12 () {32 vars in 645 bytes} [Sun Jul 12 03:07:05 2026] GET /v2.0/subnets => generated 1960 bytes in 38 msecs (HTTP/1.1 200) 4 headers in 158 bytes (1 switches on core 0) [pid: 7|app: 0|req: 489/1046] 10.0.0.12 () {32 vars in 772 bytes} [Sun Jul 12 03:07:04 2026] GET /v2.0/security-groups?tenant_id=a0882c3c94fe4e5589812cd9aa25c6b2&name=default => generated 2925 bytes in 404 msecs (HTTP/1.1 200) 4 headers in 158 bytes (1 switches on core 0)
2026-07-12 03:07:05.439 8 INFO neutron_taas.services.taas.taas_plugin [None req-63ef24f7-690f-47a4-829b-02257ec0e05c 73c87c74924e43ec99d488a7201884e4 f31f3208ec054e73a3074958b07fa407 - - default default] TaaS: Handle Delete Port: 1ceaa206-b6fd-4745-8b21-b01534cce5ce
2026-07-12 03:07:05.442 8 INFO neutron_taas.services.taas.tap_mirror_plugin [None req-63ef24f7-690f-47a4-829b-02257ec0e05c 73c87c74924e43ec99d488a7201884e4 f31f3208ec054e73a3074958b07fa407 - - default default] Tap Mirror: Handle Delete Port: 1ceaa206-b6fd-4745-8b21-b01534cce5ce [pid: 7|app: 0|req: 490/1047] 10.0.0.12 () {32 vars in 722 bytes} [Sun Jul 12 03:07:05 2026] DELETE /v2.0/subnets/608e1b6f-7edc-482f-962a-2bdad916fbeb => generated 0 bytes in 130 msecs (HTTP/1.1 204) 3 headers in 131 bytes (1 switches on core 0)
2026-07-12 03:07:05.631 8 INFO neutron.services.segments.plugin [-] Segment 49e62114-f857-4e3d-8b10-4a2a5daf9b9f resource provider aggregate not found
2026-07-12 03:07:05.638 8 INFO neutron.services.segments.plugin [-] Segment 49e62114-f857-4e3d-8b10-4a2a5daf9b9f resource provider aggregate not found
2026-07-12 03:07:05.661 8 INFO neutron.services.segments.plugin [-] Client error retrieving segment 49e62114-f857-4e3d-8b10-4a2a5daf9b9f resource provider; error: Placement Client Error (4xx): {"errors": [{"status": 404, "title": "Not Found", "detail": "The resource could not be found.\n\n No resource provider with uuid 49e62114-f857-4e3d-8b10-4a2a5daf9b9f found for delete ", "request_id": "req-4ce025c7-5419-405c-8b6f-acdce4167bb5"}]}
2026-07-12 03:07:05.664 8 INFO neutron.services.segments.plugin [-] Client error retrieving segment 49e62114-f857-4e3d-8b10-4a2a5daf9b9f resource provider; error: Placement Client Error (4xx): {"errors": [{"status": 404, "title": "Not Found", "detail": "The resource could not be found.\n\n No resource provider with uuid 49e62114-f857-4e3d-8b10-4a2a5daf9b9f found for delete ", "request_id": "req-6e9dcbe9-2992-4181-9dfa-bb8bbe4e6397"}]} [pid: 7|app: 0|req: 491/1048] 10.0.0.12 () {32 vars in 738 bytes} [Sun Jul 12 03:07:05 2026] DELETE /v2.0/security-groups/01b78633-5b65-4ab4-b8f3-49a46904e2d3 => generated 0 bytes in 208 msecs (HTTP/1.1 204) 2 headers in 112 bytes (1 switches on core 0) [pid: 8|app: 0|req: 558/1049] 10.0.0.12 () {32 vars in 724 bytes} [Sun Jul 12 03:07:05 2026] DELETE /v2.0/networks/bbfaf170-2ab1-449c-a443-4b6b66229b44 => generated 0 bytes in 377 msecs (HTTP/1.1 204) 3 headers in 131 bytes (1 switches on core 0) [pid: 7|app: 0|req: 492/1050] 10.0.0.23 () {34 vars in 1068 bytes} [Sun Jul 12 03:07:05 2026] GET /v2.0/ports?fields=security_groups&fields=device_id&device_id=1f0bfd72-c28c-408d-bb31-f30c26d884e3 => generated 123 bytes in 67 msecs (HTTP/1.1 200) 4 headers in 157 bytes (1 switches on core 0)
2026-07-12 03:07:05.776 7 WARNING neutron.db.securitygroups_db [None req-d7bf5fc3-f70c-45db-bcb3-bb2c021f61b7 73c87c74924e43ec99d488a7201884e4 f31f3208ec054e73a3074958b07fa407 - - default default] project_id key not found in filters, using tenant_id instead. This support has been deprecated and will be removed in a future release. [pid: 8|app: 0|req: 559/1051] 10.0.0.12 () {32 vars in 722 bytes} [Sun Jul 12 03:07:05 2026] DELETE /v2.0/subnets/adc8d936-d7cd-4956-8b51-ad59c3d7e18b => generated 0 bytes in 144 msecs (HTTP/1.1 204) 3 headers in 131 bytes (1 switches on core 0) [pid: 8|app: 0|req: 560/1052] 10.0.0.23 () {34 vars in 1038 bytes} [Sun Jul 12 03:07:05 2026] GET /v2.0/security-groups?id=59de7fec-ecf4-433e-b8fe-da148365ced7&fields=id&fields=name => generated 113 bytes in 23 msecs (HTTP/1.1 200) 4 headers in 157 bytes (1 switches on core 0)
2026-07-12 03:07:05.888 8 WARNING neutron.db.securitygroups_db [None req-b8db8eca-c238-4436-be70-468067b65a3a 73c87c74924e43ec99d488a7201884e4 f31f3208ec054e73a3074958b07fa407 - - default default] project_id key not found in filters, using tenant_id instead. This support has been deprecated and will be removed in a future release.
2026-07-12 03:07:05.893 7 INFO neutron.db.ovn_revision_numbers_db [None req-d7bf5fc3-f70c-45db-bcb3-bb2c021f61b7 73c87c74924e43ec99d488a7201884e4 f31f3208ec054e73a3074958b07fa407 - - default default] Successfully bumped revision number for resource 24625d53-b468-4b9f-88c1-8b21ba4943c7 (type: security_groups) to 1
2026-07-12 03:07:05.906 7 INFO neutron.db.ovn_revision_numbers_db [None req-d7bf5fc3-f70c-45db-bcb3-bb2c021f61b7 73c87c74924e43ec99d488a7201884e4 f31f3208ec054e73a3074958b07fa407 - - default default] Successfully bumped revision number for resource 0b0b0bbd-a5fa-4f17-bd0f-ecac1b839208 (type: security_group_rules) to 0
2026-07-12 03:07:05.920 7 INFO neutron.db.ovn_revision_numbers_db [None req-d7bf5fc3-f70c-45db-bcb3-bb2c021f61b7 73c87c74924e43ec99d488a7201884e4 f31f3208ec054e73a3074958b07fa407 - - default default] Successfully bumped revision number for resource 50cd4bac-3c34-4649-a905-5a1e7b9c59b5 (type: security_group_rules) to 0 [pid: 8|app: 0|req: 561/1053] 10.0.0.12 () {32 vars in 772 bytes} [Sun Jul 12 03:07:05 2026] GET /v2.0/security-groups?tenant_id=878a9cca248f465983af22de347cbe04&name=default => generated 2925 bytes in 50 msecs (HTTP/1.1 200) 4 headers in 158 bytes (1 switches on core 0)
2026-07-12 03:07:05.936 7 INFO neutron.db.ovn_revision_numbers_db [None req-d7bf5fc3-f70c-45db-bcb3-bb2c021f61b7 73c87c74924e43ec99d488a7201884e4 f31f3208ec054e73a3074958b07fa407 - - default default] Successfully bumped revision number for resource b2b42e7a-6593-4cdc-a242-421cf42fe513 (type: security_group_rules) to 0 [pid: 8|app: 0|req: 562/1054] 10.0.0.12 () {32 vars in 645 bytes} [Sun Jul 12 03:07:05 2026] GET /v2.0/subnets => generated 649 bytes in 30 msecs (HTTP/1.1 200) 4 headers in 157 bytes (1 switches on core 0)
2026-07-12 03:07:05.956 7 INFO neutron.db.ovn_revision_numbers_db [None req-d7bf5fc3-f70c-45db-bcb3-bb2c021f61b7 73c87c74924e43ec99d488a7201884e4 f31f3208ec054e73a3074958b07fa407 - - default default] Successfully bumped revision number for resource bd05c977-8a35-4f2e-a652-d1f40469c623 (type: security_group_rules) to 0 [pid: 7|app: 0|req: 493/1055] 10.0.0.12 () {32 vars in 772 bytes} [Sun Jul 12 03:07:05 2026] GET /v2.0/security-groups?tenant_id=1133347ccd6a459c8f7052fc3a4c89a2&name=default => generated 2925 bytes in 229 msecs (HTTP/1.1 200) 4 headers in 158 bytes (1 switches on core 0)
2026-07-12 03:07:06.120 7 INFO neutron_taas.services.taas.taas_plugin [None req-62e09fb7-ac82-4c18-be70-f80a0ee6d0d3 214fedf45e1e4b83aca52bdc0759cc44 dda4c9b967ac4a799ac41312e6005627 - - default default] TaaS: Handle Delete Port: 78ebcb4c-9cce-41c4-bb56-f40568472c88
2026-07-12 03:07:06.123 7 INFO neutron_taas.services.taas.tap_mirror_plugin [None req-62e09fb7-ac82-4c18-be70-f80a0ee6d0d3 214fedf45e1e4b83aca52bdc0759cc44 dda4c9b967ac4a799ac41312e6005627 - - default default] Tap Mirror: Handle Delete Port: 78ebcb4c-9cce-41c4-bb56-f40568472c88 [pid: 8|app: 0|req: 563/1056] 10.0.0.12 () {32 vars in 738 bytes} [Sun Jul 12 03:07:05 2026] DELETE /v2.0/security-groups/521e80ea-d839-4897-baea-6d226a938daa => generated 0 bytes in 178 msecs (HTTP/1.1 204) 2 headers in 112 bytes (1 switches on core 0)
2026-07-12 03:07:06.319 7 INFO neutron.services.segments.plugin [-] Segment 82473631-6830-4ebd-b443-8010a1d70760 resource provider aggregate not found [pid: 8|app: 0|req: 564/1057] 10.0.0.12 () {32 vars in 738 bytes} [Sun Jul 12 03:07:06 2026] DELETE /v2.0/security-groups/24625d53-b468-4b9f-88c1-8b21ba4943c7 => generated 0 bytes in 194 msecs (HTTP/1.1 204) 2 headers in 112 bytes (1 switches on core 0)
2026-07-12 03:07:06.325 7 INFO neutron.services.segments.plugin [-] Segment 82473631-6830-4ebd-b443-8010a1d70760 resource provider aggregate not found
2026-07-12 03:07:06.342 7 INFO neutron.services.segments.plugin [-] Client error retrieving segment 82473631-6830-4ebd-b443-8010a1d70760 resource provider; error: Placement Client Error (4xx): {"errors": [{"status": 404, "title": "Not Found", "detail": "The resource could not be found.\n\n No resource provider with uuid 82473631-6830-4ebd-b443-8010a1d70760 found for delete ", "request_id": "req-3cc676ab-73e7-46fb-bdf1-c31da97f639c"}]}
2026-07-12 03:07:06.348 7 INFO neutron.services.segments.plugin [-] Client error retrieving segment 82473631-6830-4ebd-b443-8010a1d70760 resource provider; error: Placement Client Error (4xx): {"errors": [{"status": 404, "title": "Not Found", "detail": "The resource could not be found.\n\n No resource provider with uuid 82473631-6830-4ebd-b443-8010a1d70760 found for delete ", "request_id": "req-5215be9d-0f49-4e1a-8d1c-dcb74cad4875"}]} [pid: 7|app: 0|req: 494/1058] 10.0.0.12 () {32 vars in 724 bytes} [Sun Jul 12 03:07:05 2026] DELETE /v2.0/networks/707cb5a7-f5fb-4e52-bbb0-c32e723494dc => generated 0 bytes in 371 msecs (HTTP/1.1 204) 3 headers in 131 bytes (1 switches on core 0) [pid: 8|app: 0|req: 565/1059] 199.204.45.229 () {34 vars in 993 bytes} [Sun Jul 12 03:07:06 2026] GET /v2.0/ports?device_id=1f0bfd72-c28c-408d-bb31-f30c26d884e3 => generated 973 bytes in 46 msecs (HTTP/1.1 200) 4 headers in 157 bytes (1 switches on core 0)
2026-07-12 03:07:06.497 7 INFO neutron_taas.services.taas.taas_plugin [None req-ad50bf8d-55dc-46ec-b842-f0f699dd8eb5 214fedf45e1e4b83aca52bdc0759cc44 dda4c9b967ac4a799ac41312e6005627 - - default default] TaaS: Handle Delete Port: 7de50df6-a4a3-45ac-8605-a9b51104ecbb
2026-07-12 03:07:06.499 7 INFO neutron_taas.services.taas.tap_mirror_plugin [None req-ad50bf8d-55dc-46ec-b842-f0f699dd8eb5 214fedf45e1e4b83aca52bdc0759cc44 dda4c9b967ac4a799ac41312e6005627 - - default default] Tap Mirror: Handle Delete Port: 7de50df6-a4a3-45ac-8605-a9b51104ecbb
2026-07-12 03:07:06.578 8 INFO neutron_taas.services.taas.taas_plugin [req-c8a4e62f-67d6-4dc6-8031-f2eacbc407b9 req-c70cd58d-4d4b-437d-a1f2-87442d099810 7d22d910589c45c58523b6387c8d4e59 06e75c9f925d4ed79224c1cddd09089d - - default default] TaaS: Handle Delete Port: 8e886067-d921-45e5-b56f-8750054060f7
2026-07-12 03:07:06.581 8 INFO neutron_taas.services.taas.tap_mirror_plugin [req-c8a4e62f-67d6-4dc6-8031-f2eacbc407b9 req-c70cd58d-4d4b-437d-a1f2-87442d099810 7d22d910589c45c58523b6387c8d4e59 06e75c9f925d4ed79224c1cddd09089d - - default default] Tap Mirror: Handle Delete Port: 8e886067-d921-45e5-b56f-8750054060f7 [pid: 8|app: 0|req: 566/1060] 199.204.45.229 () {36 vars in 996 bytes} [Sun Jul 12 03:07:06 2026] DELETE /v2.0/ports/8e886067-d921-45e5-b56f-8750054060f7 => generated 0 bytes in 364 msecs (HTTP/1.1 204) 3 headers in 131 bytes (1 switches on core 0)
2026-07-12 03:07:06.774 8 WARNING neutron.notifiers.nova [-] Nova event matching ['req-a1bef38c-def8-4b8d-b118-79278f05a05a']: {'server_uuid': '1f0bfd72-c28c-408d-bb31-f30c26d884e3', 'name': 'network-vif-deleted', 'tag': '8e886067-d921-45e5-b56f-8750054060f7', 'status': 'failed', 'code': 422} returned with failed status [pid: 7|app: 0|req: 495/1061] 10.0.0.12 () {32 vars in 724 bytes} [Sun Jul 12 03:07:06 2026] DELETE /v2.0/networks/ddf7595c-a0ac-486a-81c9-85078900c2d6 => generated 0 bytes in 402 msecs (HTTP/1.1 204) 3 headers in 131 bytes (1 switches on core 0)
2026-07-12 03:07:06.896 8 INFO neutron_taas.services.taas.taas_plugin [None req-68680fc9-8d70-4267-92d8-f399589fff31 214fedf45e1e4b83aca52bdc0759cc44 dda4c9b967ac4a799ac41312e6005627 - - default default] TaaS: Handle Delete Port: fd0876bf-607c-4067-9843-175fc2af128c
2026-07-12 03:07:06.900 8 INFO neutron_taas.services.taas.tap_mirror_plugin [None req-68680fc9-8d70-4267-92d8-f399589fff31 214fedf45e1e4b83aca52bdc0759cc44 dda4c9b967ac4a799ac41312e6005627 - - default default] Tap Mirror: Handle Delete Port: fd0876bf-607c-4067-9843-175fc2af128c [pid: 7|app: 0|req: 496/1062] 10.0.0.23 () {34 vars in 1068 bytes} [Sun Jul 12 03:07:06 2026] GET /v2.0/ports?fields=security_groups&fields=device_id&device_id=1f0bfd72-c28c-408d-bb31-f30c26d884e3 => generated 12 bytes in 23 msecs (HTTP/1.1 200) 4 headers in 156 bytes (1 switches on core 0) [pid: 8|app: 0|req: 567/1063] 10.0.0.12 () {32 vars in 724 bytes} [Sun Jul 12 03:07:06 2026] DELETE /v2.0/networks/63fc4460-aa3a-4e34-8ea9-f6a37811ddb8 => generated 0 bytes in 380 msecs (HTTP/1.1 204) 3 headers in 131 bytes (1 switches on core 0)
2026-07-12 03:07:07.280 7 INFO neutron_taas.services.taas.taas_plugin [None req-c502398b-7385-41c3-b3df-e86cc955a2e2 214fedf45e1e4b83aca52bdc0759cc44 dda4c9b967ac4a799ac41312e6005627 - - default default] TaaS: Handle Delete Port: bc9e67f1-e81f-4e88-bff8-fb140e22b913
2026-07-12 03:07:07.285 7 INFO neutron_taas.services.taas.tap_mirror_plugin [None req-c502398b-7385-41c3-b3df-e86cc955a2e2 214fedf45e1e4b83aca52bdc0759cc44 dda4c9b967ac4a799ac41312e6005627 - - default default] Tap Mirror: Handle Delete Port: bc9e67f1-e81f-4e88-bff8-fb140e22b913 [pid: 7|app: 0|req: 497/1064] 10.0.0.12 () {32 vars in 724 bytes} [Sun Jul 12 03:07:07 2026] DELETE /v2.0/networks/7f1932fe-f2f5-4f7d-b595-8be9ec830581 => generated 0 bytes in 344 msecs (HTTP/1.1 204) 3 headers in 131 bytes (1 switches on core 0)
2026-07-12 03:07:07.694 8 INFO neutron.services.segments.plugin [-] Segment 59d8c8ba-b748-4acf-a3cf-8edb926059b9 resource provider aggregate not found
2026-07-12 03:07:07.702 8 INFO neutron.services.segments.plugin [-] Segment 59d8c8ba-b748-4acf-a3cf-8edb926059b9 resource provider aggregate not found
2026-07-12 03:07:07.719 8 INFO neutron.services.segments.plugin [-] Client error retrieving segment 59d8c8ba-b748-4acf-a3cf-8edb926059b9 resource provider; error: Placement Client Error (4xx): {"errors": [{"status": 404, "title": "Not Found", "detail": "The resource could not be found.\n\n No resource provider with uuid 59d8c8ba-b748-4acf-a3cf-8edb926059b9 found for delete ", "request_id": "req-392a6ab3-6db2-4f84-931d-48d28f216aac"}]}
2026-07-12 03:07:07.720 8 INFO neutron.services.segments.plugin [-] Client error retrieving segment 59d8c8ba-b748-4acf-a3cf-8edb926059b9 resource provider; error: Placement Client Error (4xx): {"errors": [{"status": 404, "title": "Not Found", "detail": "The resource could not be found.\n\n No resource provider with uuid 59d8c8ba-b748-4acf-a3cf-8edb926059b9 found for delete ", "request_id": "req-b4898353-8b08-452a-a3ca-7142271494db"}]}
2026-07-12 03:07:08.110 7 WARNING neutron.db.securitygroups_db [None req-d622d21b-5c61-4927-b782-bb168982683f 73c87c74924e43ec99d488a7201884e4 f31f3208ec054e73a3074958b07fa407 - - default default] project_id key not found in filters, using tenant_id instead. This support has been deprecated and will be removed in a future release. [pid: 7|app: 0|req: 498/1065] 10.0.0.12 () {32 vars in 772 bytes} [Sun Jul 12 03:07:08 2026] GET /v2.0/security-groups?tenant_id=dda4c9b967ac4a799ac41312e6005627&name=default => generated 2925 bytes in 146 msecs (HTTP/1.1 200) 4 headers in 158 bytes (1 switches on core 0) [pid: 7|app: 0|req: 499/1066] 10.0.0.23 () {34 vars in 1068 bytes} [Sun Jul 12 03:07:08 2026] GET /v2.0/ports?fields=security_groups&fields=device_id&device_id=1f0bfd72-c28c-408d-bb31-f30c26d884e3 => generated 12 bytes in 18 msecs (HTTP/1.1 200) 4 headers in 156 bytes (1 switches on core 0)
2026-07-12 03:07:08.323 8 INFO neutron.db.ovn_revision_numbers_db [None req-a8d146ba-c519-42af-b43e-98c678298d5c 73c87c74924e43ec99d488a7201884e4 f31f3208ec054e73a3074958b07fa407 - - default default] Successfully bumped revision number for resource e938809c-49e0-4d3c-8a9a-ae78ba9e690b (type: security_groups) to 1
2026-07-12 03:07:08.347 8 INFO neutron.db.ovn_revision_numbers_db [None req-a8d146ba-c519-42af-b43e-98c678298d5c 73c87c74924e43ec99d488a7201884e4 f31f3208ec054e73a3074958b07fa407 - - default default] Successfully bumped revision number for resource 4d6bf549-7add-4d0f-b5d0-18e734bf3d61 (type: security_group_rules) to 0
2026-07-12 03:07:08.365 7 INFO neutron.services.segments.plugin [-] Segment 419489b8-24ee-4fa8-9e03-404afcf7a924 resource provider aggregate not found
2026-07-12 03:07:08.368 7 INFO neutron.services.segments.plugin [-] Segment 419489b8-24ee-4fa8-9e03-404afcf7a924 resource provider aggregate not found
2026-07-12 03:07:08.368 8 INFO neutron.db.ovn_revision_numbers_db [None req-a8d146ba-c519-42af-b43e-98c678298d5c 73c87c74924e43ec99d488a7201884e4 f31f3208ec054e73a3074958b07fa407 - - default default] Successfully bumped revision number for resource bd59dc8d-c3e2-498d-baf8-19ab147c8eb8 (type: security_group_rules) to 0
2026-07-12 03:07:08.381 8 INFO neutron.db.ovn_revision_numbers_db [None req-a8d146ba-c519-42af-b43e-98c678298d5c 73c87c74924e43ec99d488a7201884e4 f31f3208ec054e73a3074958b07fa407 - - default default] Successfully bumped revision number for resource ecb1f1ca-e1e5-4a81-a71e-45bffc866449 (type: security_group_rules) to 0
2026-07-12 03:07:08.383 7 INFO neutron.services.segments.plugin [-] Client error retrieving segment 419489b8-24ee-4fa8-9e03-404afcf7a924 resource provider; error: Placement Client Error (4xx): {"errors": [{"status": 404, "title": "Not Found", "detail": "The resource could not be found.\n\n No resource provider with uuid 419489b8-24ee-4fa8-9e03-404afcf7a924 found for delete ", "request_id": "req-e8208d4f-f436-4415-a768-ca51343967a7"}]}
2026-07-12 03:07:08.388 7 INFO neutron.services.segments.plugin [-] Client error retrieving segment 419489b8-24ee-4fa8-9e03-404afcf7a924 resource provider; error: Placement Client Error (4xx): {"errors": [{"status": 404, "title": "Not Found", "detail": "The resource could not be found.\n\n No resource provider with uuid 419489b8-24ee-4fa8-9e03-404afcf7a924 found for delete ", "request_id": "req-03160987-f03d-42f7-8cae-43cc5e022025"}]}
2026-07-12 03:07:08.398 8 INFO neutron.db.ovn_revision_numbers_db [None req-a8d146ba-c519-42af-b43e-98c678298d5c 73c87c74924e43ec99d488a7201884e4 f31f3208ec054e73a3074958b07fa407 - - default default] Successfully bumped revision number for resource f258bafd-4557-4115-a09c-628e2d628f6c (type: security_group_rules) to 0 [pid: 7|app: 0|req: 500/1067] 10.0.0.12 () {32 vars in 738 bytes} [Sun Jul 12 03:07:08 2026] DELETE /v2.0/security-groups/9a7b419c-04fc-4e8a-8b05-6f19a51a106f => generated 0 bytes in 238 msecs (HTTP/1.1 204) 2 headers in 112 bytes (1 switches on core 0)
2026-07-12 03:07:08.405 7 INFO neutron.services.segments.plugin [-] Segment 75f48705-a889-43f5-b128-9d77cdd3a761 resource provider aggregate not found
2026-07-12 03:07:08.409 7 INFO neutron.services.segments.plugin [-] Segment 75f48705-a889-43f5-b128-9d77cdd3a761 resource provider aggregate not found
2026-07-12 03:07:08.421 7 INFO neutron.services.segments.plugin [-] Client error retrieving segment 75f48705-a889-43f5-b128-9d77cdd3a761 resource provider; error: Placement Client Error (4xx): {"errors": [{"status": 404, "title": "Not Found", "detail": "The resource could not be found.\n\n No resource provider with uuid 75f48705-a889-43f5-b128-9d77cdd3a761 found for delete ", "request_id": "req-86f18fa9-d927-4336-9821-629a00f4fd77"}]}
2026-07-12 03:07:08.422 7 INFO neutron.services.segments.plugin [-] Client error retrieving segment 75f48705-a889-43f5-b128-9d77cdd3a761 resource provider; error: Placement Client Error (4xx): {"errors": [{"status": 404, "title": "Not Found", "detail": "The resource could not be found.\n\n No resource provider with uuid 75f48705-a889-43f5-b128-9d77cdd3a761 found for delete ", "request_id": "req-f5734837-2906-4a5e-8926-a47898e340dd"}]}
2026-07-12 03:07:08.472 8 INFO neutron.db.segments_db [None req-a8d146ba-c519-42af-b43e-98c678298d5c 73c87c74924e43ec99d488a7201884e4 f31f3208ec054e73a3074958b07fa407 - - default default] Added segment 2b7cccf4-43bb-45e8-a2df-5ab4f0b25a40 of type geneve for network 0e93f01a-4424-4b3b-8ed4-a7c6e8151bc3
2026-07-12 03:07:08.576 8 INFO neutron.db.ovn_revision_numbers_db [None req-a8d146ba-c519-42af-b43e-98c678298d5c 73c87c74924e43ec99d488a7201884e4 f31f3208ec054e73a3074958b07fa407 - - default default] Successfully bumped revision number for resource 0e93f01a-4424-4b3b-8ed4-a7c6e8151bc3 (type: networks) to 1
2026-07-12 03:07:08.718 8 WARNING neutron.scheduler.dhcp_agent_scheduler [None req-a8d146ba-c519-42af-b43e-98c678298d5c 73c87c74924e43ec99d488a7201884e4 f31f3208ec054e73a3074958b07fa407 - - default default] No more DHCP agents
2026-07-12 03:07:08.721 8 WARNING neutron.api.rpc.agentnotifiers.dhcp_rpc_agent_api [None req-a8d146ba-c519-42af-b43e-98c678298d5c 73c87c74924e43ec99d488a7201884e4 f31f3208ec054e73a3074958b07fa407 - - default default] Unable to schedule network 0e93f01a-4424-4b3b-8ed4-a7c6e8151bc3: no agents available; will retry on subsequent port and subnet creation events.
2026-07-12 03:07:08.782 7 INFO neutron.plugins.ml2.drivers.ovn.mech_driver.mech_driver [None req-d4b585d4-8fdb-4d4e-8e37-e1625f99cfc2 - - - - - -] OVN reports status down for port: b14d0955-3d66-4b3f-8c07-ae8b8cc5a604
2026-07-12 03:07:08.805 8 INFO neutron.db.ovn_revision_numbers_db [None req-a8d146ba-c519-42af-b43e-98c678298d5c 73c87c74924e43ec99d488a7201884e4 f31f3208ec054e73a3074958b07fa407 - - default default] Successfully bumped revision number for resource b14d0955-3d66-4b3f-8c07-ae8b8cc5a604 (type: ports) to 1 [pid: 8|app: 0|req: 568/1068] 10.0.0.12 () {34 vars in 669 bytes} [Sun Jul 12 03:07:07 2026] POST /v2.0/networks => generated 785 bytes in 850 msecs (HTTP/1.1 201) 4 headers in 162 bytes (1 switches on core 0)
2026-07-12 03:07:08.994 7 WARNING neutron.scheduler.dhcp_agent_scheduler [None req-2c4ad96d-0938-4ff2-bb53-0c01a3283e30 73c87c74924e43ec99d488a7201884e4 f31f3208ec054e73a3074958b07fa407 - - default default] No more DHCP agents
2026-07-12 03:07:08.996 7 WARNING neutron.api.rpc.agentnotifiers.dhcp_rpc_agent_api [None req-2c4ad96d-0938-4ff2-bb53-0c01a3283e30 73c87c74924e43ec99d488a7201884e4 f31f3208ec054e73a3074958b07fa407 - - default default] Unable to schedule network 0e93f01a-4424-4b3b-8ed4-a7c6e8151bc3: no agents available; will retry on subsequent port and subnet creation events. [pid: 8|app: 0|req: 569/1069] 10.0.0.23 () {34 vars in 1068 bytes} [Sun Jul 12 03:07:09 2026] GET /v2.0/ports?fields=security_groups&fields=device_id&device_id=1f0bfd72-c28c-408d-bb31-f30c26d884e3 => generated 12 bytes in 25 msecs (HTTP/1.1 200) 4 headers in 156 bytes (1 switches on core 0)
2026-07-12 03:07:09.499 7 INFO neutron.db.ovn_revision_numbers_db [None req-2c4ad96d-0938-4ff2-bb53-0c01a3283e30 73c87c74924e43ec99d488a7201884e4 f31f3208ec054e73a3074958b07fa407 - - default default] Successfully bumped revision number for resource b14d0955-3d66-4b3f-8c07-ae8b8cc5a604 (type: ports) to 2 [pid: 8|app: 0|req: 570/1070] 10.0.0.186 () {34 vars in 989 bytes} [Sun Jul 12 03:07:09 2026] GET /v2.0/ports?device_id=1f0bfd72-c28c-408d-bb31-f30c26d884e3 => generated 12 bytes in 193 msecs (HTTP/1.1 200) 4 headers in 156 bytes (1 switches on core 0)
2026-07-12 03:07:09.538 7 INFO neutron.db.ovn_revision_numbers_db [None req-2c4ad96d-0938-4ff2-bb53-0c01a3283e30 73c87c74924e43ec99d488a7201884e4 f31f3208ec054e73a3074958b07fa407 - - default default] Successfully bumped revision number for resource 38230d16-77ed-4e2b-b7d0-eec92916ec75 (type: subnets) to 0 [pid: 8|app: 0|req: 571/1071] 10.0.0.23 () {34 vars in 988 bytes} [Sun Jul 12 03:07:09 2026] GET /v2.0/ports?device_id=1f0bfd72-c28c-408d-bb31-f30c26d884e3 => generated 12 bytes in 26 msecs (HTTP/1.1 200) 4 headers in 156 bytes (1 switches on core 0) [pid: 7|app: 0|req: 501/1072] 10.0.0.12 () {34 vars in 667 bytes} [Sun Jul 12 03:07:08 2026] POST /v2.0/subnets => generated 691 bytes in 714 msecs (HTTP/1.1 201) 4 headers in 162 bytes (1 switches on core 0) [pid: 7|app: 0|req: 502/1073] 10.0.0.12 () {32 vars in 738 bytes} [Sun Jul 12 03:07:09 2026] DELETE /v2.0/security-groups/59de7fec-ecf4-433e-b8fe-da148365ced7 => generated 0 bytes in 189 msecs (HTTP/1.1 204) 2 headers in 112 bytes (1 switches on core 0)
2026-07-12 03:07:10.031 7 INFO neutron.api.v2.resource [None req-7ebcee83-013f-40f0-a3a5-bbfe243c5b8a 7d22d910589c45c58523b6387c8d4e59 06e75c9f925d4ed79224c1cddd09089d - - default default] show failed (client error): The resource could not be found. [pid: 7|app: 0|req: 503/1074] 10.0.0.12 () {32 vars in 735 bytes} [Sun Jul 12 03:07:10 2026] GET /v2.0/security-groups/59de7fec-ecf4-433e-b8fe-da148365ced7 => generated 146 bytes in 13 msecs (HTTP/1.1 404) 4 headers in 164 bytes (1 switches on core 0)
2026-07-12 03:07:10.060 8 WARNING neutron.scheduler.dhcp_agent_scheduler [None req-fd1e7e97-0003-4a39-8aef-35a368704b81 73c87c74924e43ec99d488a7201884e4 f31f3208ec054e73a3074958b07fa407 - - default default] No more DHCP agents
2026-07-12 03:07:10.064 8 WARNING neutron.api.rpc.agentnotifiers.dhcp_rpc_agent_api [None req-fd1e7e97-0003-4a39-8aef-35a368704b81 73c87c74924e43ec99d488a7201884e4 f31f3208ec054e73a3074958b07fa407 - - default default] Unable to schedule network 95a4c6f0-3d0d-44d9-bf85-f16724df4325: no agents available; will retry on subsequent port and subnet creation events.
2026-07-12 03:07:10.195 8 INFO neutron.plugins.ml2.drivers.ovn.mech_driver.mech_driver [None req-34ee3114-e736-4677-844c-af6a01f48622 - - - - - -] OVN reports status down for port: a2d8e996-3b8e-4a15-8af2-e085bf7bbef0
2026-07-12 03:07:10.224 7 INFO neutron_taas.services.taas.taas_plugin [None req-b5c03b71-6166-41d8-aafc-aa697c7aefec 7d22d910589c45c58523b6387c8d4e59 06e75c9f925d4ed79224c1cddd09089d - - default default] TaaS: Handle Delete Port: 63690a9d-b42c-4b23-93ab-d5c1474d6d37
2026-07-12 03:07:10.227 7 INFO neutron_taas.services.taas.tap_mirror_plugin [None req-b5c03b71-6166-41d8-aafc-aa697c7aefec 7d22d910589c45c58523b6387c8d4e59 06e75c9f925d4ed79224c1cddd09089d - - default default] Tap Mirror: Handle Delete Port: 63690a9d-b42c-4b23-93ab-d5c1474d6d37
2026-07-12 03:07:10.259 8 INFO neutron.db.ovn_revision_numbers_db [None req-fd1e7e97-0003-4a39-8aef-35a368704b81 73c87c74924e43ec99d488a7201884e4 f31f3208ec054e73a3074958b07fa407 - - default default] Successfully bumped revision number for resource a2d8e996-3b8e-4a15-8af2-e085bf7bbef0 (type: ports) to 1 [pid: 7|app: 0|req: 504/1075] 10.0.0.12 () {32 vars in 730 bytes} [Sun Jul 12 03:07:10 2026] DELETE /v2.0/floatingips/65dbacb7-47bc-467f-8f3b-006a064d8a4c => generated 0 bytes in 379 msecs (HTTP/1.1 204) 2 headers in 112 bytes (1 switches on core 0)
2026-07-12 03:07:10.690 7 INFO neutron.db.ovn_revision_numbers_db [None req-35f58cf2-933d-4902-abdd-31f6096747f2 3647aa7e8d5d4803af9004269ea604ec f7a67673306e417cb522e79900cddea5 - - default default] Successfully bumped revision number for resource 95c73ab4-7330-40d0-b9b3-0ddc152eaff9 (type: security_groups) to 1
2026-07-12 03:07:10.701 7 INFO neutron.db.ovn_revision_numbers_db [None req-35f58cf2-933d-4902-abdd-31f6096747f2 3647aa7e8d5d4803af9004269ea604ec f7a67673306e417cb522e79900cddea5 - - default default] Successfully bumped revision number for resource 369833f9-1c7c-4024-9cc1-f0a4f47b5fcd (type: security_group_rules) to 0
2026-07-12 03:07:10.713 7 INFO neutron.db.ovn_revision_numbers_db [None req-35f58cf2-933d-4902-abdd-31f6096747f2 3647aa7e8d5d4803af9004269ea604ec f7a67673306e417cb522e79900cddea5 - - default default] Successfully bumped revision number for resource b692de1d-93b6-4f58-8680-be47595fbe7a (type: security_group_rules) to 0
2026-07-12 03:07:10.728 7 INFO neutron.db.ovn_revision_numbers_db [None req-35f58cf2-933d-4902-abdd-31f6096747f2 3647aa7e8d5d4803af9004269ea604ec f7a67673306e417cb522e79900cddea5 - - default default] Successfully bumped revision number for resource ca3c7a84-e8e2-4660-a1e3-ba562ef1d5a6 (type: security_group_rules) to 0
2026-07-12 03:07:10.739 7 INFO neutron.db.ovn_revision_numbers_db [None req-35f58cf2-933d-4902-abdd-31f6096747f2 3647aa7e8d5d4803af9004269ea604ec f7a67673306e417cb522e79900cddea5 - - default default] Successfully bumped revision number for resource d4b9485f-15b8-48d5-a76f-3476c6ac3014 (type: security_group_rules) to 0
2026-07-12 03:07:10.815 7 INFO neutron.db.segments_db [None req-35f58cf2-933d-4902-abdd-31f6096747f2 3647aa7e8d5d4803af9004269ea604ec f7a67673306e417cb522e79900cddea5 - - default default] Added segment 7d1d01e5-c868-4dca-b381-012e8c87a44f of type geneve for network dc80022b-cf33-49b4-9aa7-dddcdc23a451
2026-07-12 03:07:10.899 8 INFO neutron.plugins.ml2.drivers.ovn.mech_driver.ovsdb.ovsdb_monitor [None req-c0342168-696c-415d-bd16-f66478bdf10c - - - - - -] Router 86031c9c-5659-4790-a35a-39990776925d is bound to host instance
2026-07-12 03:07:10.933 8 INFO neutron.plugins.ml2.drivers.ovn.mech_driver.mech_driver [None req-34ee3114-e736-4677-844c-af6a01f48622 - - - - - -] OVN reports status up for port: a2d8e996-3b8e-4a15-8af2-e085bf7bbef0
