2026-07-12 03:08:38.613 8 INFO neutron.db.ovn_revision_numbers_db [None req-2bb8c413-c15a-4488-a94f-123b8a38657e 73c87c74924e43ec99d488a7201884e4 f31f3208ec054e73a3074958b07fa407 - - default default] Successfully bumped revision number for resource 019c1e45-c6ee-4da7-838f-2c38a96261f0 (type: routers) to 2 [pid: 7|app: 0|req: 813/1664] 10.0.0.12 () {34 vars in 765 bytes} [Sun Jul 12 03:08:38 2026] PUT /v2.0/security-groups/c8e43ebf-db6c-425b-bc00-a72ce1050dca/tags => generated 19 bytes in 44 msecs (HTTP/1.1 200) 4 headers in 156 bytes (1 switches on core 0) [pid: 8|app: 0|req: 852/1665] 10.0.0.12 () {34 vars in 667 bytes} [Sun Jul 12 03:08:37 2026] POST /v2.0/routers => generated 987 bytes in 1292 msecs (HTTP/1.1 201) 4 headers in 162 bytes (1 switches on core 0) [pid: 8|app: 0|req: 853/1666] 10.0.0.12 () {32 vars in 678 bytes} [Sun Jul 12 03:08:38 2026] GET /v2.0/security-groups?tags=red => generated 4804 bytes in 77 msecs (HTTP/1.1 200) 4 headers in 158 bytes (1 switches on core 0)
2026-07-12 03:08:39.041 7 WARNING neutron.scheduler.dhcp_agent_scheduler [None req-3f9e8a87-f8c0-4513-ac7d-236cb90306ea 2adb34272e2b46af8bcfdff595bc0c2a a8d829f091e94ca09d9fbb4aff1fac46 - - default default] No more DHCP agents
2026-07-12 03:08:39.043 7 WARNING neutron.api.rpc.agentnotifiers.dhcp_rpc_agent_api [None req-3f9e8a87-f8c0-4513-ac7d-236cb90306ea 2adb34272e2b46af8bcfdff595bc0c2a a8d829f091e94ca09d9fbb4aff1fac46 - - default default] Unable to schedule network 95a4c6f0-3d0d-44d9-bf85-f16724df4325: no agents available; will retry on subsequent port and subnet creation events.
2026-07-12 03:08:39.195 7 INFO neutron.db.ovn_revision_numbers_db [None req-3f9e8a87-f8c0-4513-ac7d-236cb90306ea 2adb34272e2b46af8bcfdff595bc0c2a a8d829f091e94ca09d9fbb4aff1fac46 - - default default] Successfully bumped revision number for resource 654e2ee2-b47c-4090-90c7-32f6e858cd1f (type: ports) to 1
2026-07-12 03:08:39.573 8 WARNING neutron.scheduler.dhcp_agent_scheduler [None req-415725af-ac76-41b7-a33d-4b6a3171686c 73c87c74924e43ec99d488a7201884e4 f31f3208ec054e73a3074958b07fa407 - - default default] No more DHCP agents
2026-07-12 03:08:39.575 8 WARNING neutron.api.rpc.agentnotifiers.dhcp_rpc_agent_api [None req-415725af-ac76-41b7-a33d-4b6a3171686c 73c87c74924e43ec99d488a7201884e4 f31f3208ec054e73a3074958b07fa407 - - default default] Unable to schedule network 00aa62d0-e65e-4da9-9b96-5b5713b83b84: no agents available; will retry on subsequent port and subnet creation events.
2026-07-12 03:08:39.735 7 INFO neutron.db.ovn_revision_numbers_db [None req-3f9e8a87-f8c0-4513-ac7d-236cb90306ea 2adb34272e2b46af8bcfdff595bc0c2a a8d829f091e94ca09d9fbb4aff1fac46 - - default default] Successfully bumped revision number for resource 654e2ee2-b47c-4090-90c7-32f6e858cd1f (type: router_ports) to 1
2026-07-12 03:08:39.737 7 WARNING neutron.plugins.ml2.drivers.ovn.mech_driver.ovsdb.ovn_client [None req-0a383a45-367f-462c-a2bb-3fb2f35125a8 - - - - - -] No hosting information found for port 0bc24087-43ac-41d2-b3d1-b3e31dd6e02c: RuntimeError: No hosting information found for port 0bc24087-43ac-41d2-b3d1-b3e31dd6e02c
2026-07-12 03:08:39.830 7 INFO neutron.common.ovn.utils [None req-0a383a45-367f-462c-a2bb-3fb2f35125a8 - - - - - -] HA Chassis Group neutron-c6f23c27-34ae-43ff-94a0-902dfb5ff423 synchronized; highest priority chassis ed0d378e-3b58-43dd-960e-0d0b7f1afa65
2026-07-12 03:08:39.861 8 INFO neutron.db.ovn_revision_numbers_db [None req-415725af-ac76-41b7-a33d-4b6a3171686c 73c87c74924e43ec99d488a7201884e4 f31f3208ec054e73a3074958b07fa407 - - default default] Successfully bumped revision number for resource f9cf7824-463c-4d1d-b807-564d74bb3f90 (type: ports) to 1
2026-07-12 03:08:39.869 7 INFO neutron.db.ovn_revision_numbers_db [None req-3f9e8a87-f8c0-4513-ac7d-236cb90306ea 2adb34272e2b46af8bcfdff595bc0c2a a8d829f091e94ca09d9fbb4aff1fac46 - - default default] Successfully bumped revision number for resource 15f30776-6db7-44dc-bebf-7e2a1a238628 (type: routers) to 2 [pid: 7|app: 0|req: 814/1667] 10.0.0.12 () {34 vars in 667 bytes} [Sun Jul 12 03:08:38 2026] POST /v2.0/routers => generated 969 bytes in 1263 msecs (HTTP/1.1 201) 4 headers in 162 bytes (1 switches on core 0) [pid: 7|app: 0|req: 815/1668] 10.0.0.12 () {32 vars in 692 bytes} [Sun Jul 12 03:08:39 2026] GET /v2.0/security-groups?tags=red%2Cblue => generated 3218 bytes in 98 msecs (HTTP/1.1 200) 4 headers in 158 bytes (1 switches on core 0)
2026-07-12 03:08:40.009 7 INFO neutron.db.ovn_revision_numbers_db [None req-0a383a45-367f-462c-a2bb-3fb2f35125a8 - - - - - -] Successfully bumped revision number for resource 0bc24087-43ac-41d2-b3d1-b3e31dd6e02c (type: router_ports) to 2
2026-07-12 03:08:40.033 8 INFO neutron.db.ovn_revision_numbers_db [None req-30407620-786c-4830-a4b1-3a53715c2599 - - - - - -] Successfully bumped revision number for resource 721ad81c-cad4-4cad-b1e9-e3b7dee3f441 (type: ports) to 4
2026-07-12 03:08:40.127 7 INFO neutron.plugins.ml2.drivers.ovn.mech_driver.mech_driver [None req-0a383a45-367f-462c-a2bb-3fb2f35125a8 - - - - - -] OVN reports status down for port: 721ad81c-cad4-4cad-b1e9-e3b7dee3f441 [pid: 7|app: 0|req: 816/1669] 10.0.0.23 () {34 vars in 1068 bytes} [Sun Jul 12 03:08:39 2026] GET /v2.0/ports?fields=security_groups&fields=device_id&device_id=7b2ee121-65ae-4c02-a25d-552d75326f4d => generated 123 bytes in 151 msecs (HTTP/1.1 200) 4 headers in 157 bytes (1 switches on core 0) [pid: 7|app: 0|req: 817/1670] 199.204.45.229 () {34 vars in 993 bytes} [Sun Jul 12 03:08:40 2026] GET /v2.0/ports?device_id=7b2ee121-65ae-4c02-a25d-552d75326f4d => generated 969 bytes in 41 msecs (HTTP/1.1 200) 4 headers in 157 bytes (1 switches on core 0)
2026-07-12 03:08:40.238 7 WARNING neutron.plugins.ml2.drivers.ovn.mech_driver.ovsdb.ovn_client [None req-0a383a45-367f-462c-a2bb-3fb2f35125a8 - - - - - -] Logical_Switch_Port 721ad81c-cad4-4cad-b1e9-e3b7dee3f441 host information not removed, the port state is up
2026-07-12 03:08:40.240 7 INFO neutron.plugins.ml2.drivers.ovn.mech_driver.mech_driver [None req-0a383a45-367f-462c-a2bb-3fb2f35125a8 - - - - - -] OVN reports status up for port: 721ad81c-cad4-4cad-b1e9-e3b7dee3f441 [pid: 7|app: 0|req: 818/1671] 10.0.0.12 () {32 vars in 719 bytes} [Sun Jul 12 03:08:40 2026] GET /v2.0/routers/15f30776-6db7-44dc-bebf-7e2a1a238628 => generated 975 bytes in 90 msecs (HTTP/1.1 200) 4 headers in 157 bytes (1 switches on core 0)
2026-07-12 03:08:40.289 7 INFO neutron.plugins.ml2.plugin [None req-0a383a45-367f-462c-a2bb-3fb2f35125a8 - - - - - -] Attempt 1 to provision port 721ad81c-cad4-4cad-b1e9-e3b7dee3f441 [pid: 7|app: 0|req: 819/1672] 10.0.0.12 () {32 vars in 688 bytes} [Sun Jul 12 03:08:40 2026] GET /v2.0/security-groups?tags-any=blue => generated 3218 bytes in 89 msecs (HTTP/1.1 200) 4 headers in 158 bytes (1 switches on core 0) [pid: 7|app: 0|req: 820/1673] 10.0.0.23 () {34 vars in 1038 bytes} [Sun Jul 12 03:08:40 2026] GET /v2.0/security-groups?id=2290d3a4-71ea-4bb3-a7d0-692b18757064&fields=id&fields=name => generated 88 bytes in 51 msecs (HTTP/1.1 200) 4 headers in 156 bytes (1 switches on core 0)
2026-07-12 03:08:40.472 7 INFO neutron.plugins.ml2.drivers.ovn.mech_driver.mech_driver [None req-0a383a45-367f-462c-a2bb-3fb2f35125a8 - - - - - -] OVN reports status down for port: 654e2ee2-b47c-4090-90c7-32f6e858cd1f
2026-07-12 03:08:40.580 7 WARNING neutron.plugins.ml2.drivers.ovn.mech_driver.ovsdb.ovn_client [None req-0a383a45-367f-462c-a2bb-3fb2f35125a8 - - - - - -] Logical_Switch_Port 654e2ee2-b47c-4090-90c7-32f6e858cd1f host information not removed, the port state is up
2026-07-12 03:08:40.581 7 INFO neutron.plugins.ml2.drivers.ovn.mech_driver.mech_driver [None req-0a383a45-367f-462c-a2bb-3fb2f35125a8 - - - - - -] OVN reports status up for port: 654e2ee2-b47c-4090-90c7-32f6e858cd1f
2026-07-12 03:08:40.602 7 INFO neutron.plugins.ml2.plugin [None req-0a383a45-367f-462c-a2bb-3fb2f35125a8 - - - - - -] Attempt 1 to provision port 654e2ee2-b47c-4090-90c7-32f6e858cd1f
2026-07-12 03:08:40.648 7 INFO neutron_taas.services.taas.taas_plugin [req-43e76363-acf1-487b-a428-1f41a0b5fe76 req-39884f45-47e9-4164-9f6c-e4e68b27646b c2f5517998224adabf56a5cca0ed5725 4342635cdbef42a7a7ab385774a4d585 - - default default] TaaS: Handle Delete Port: 95e48d6f-cc71-44f5-a79f-b6076c46fa65
2026-07-12 03:08:40.653 7 INFO neutron_taas.services.taas.tap_mirror_plugin [req-43e76363-acf1-487b-a428-1f41a0b5fe76 req-39884f45-47e9-4164-9f6c-e4e68b27646b c2f5517998224adabf56a5cca0ed5725 4342635cdbef42a7a7ab385774a4d585 - - default default] Tap Mirror: Handle Delete Port: 95e48d6f-cc71-44f5-a79f-b6076c46fa65
2026-07-12 03:08:40.673 8 INFO neutron.db.ovn_revision_numbers_db [None req-30407620-786c-4830-a4b1-3a53715c2599 - - - - - -] Successfully bumped revision number for resource 721ad81c-cad4-4cad-b1e9-e3b7dee3f441 (type: ports) to 5 [pid: 7|app: 0|req: 821/1674] 199.204.45.229 () {36 vars in 996 bytes} [Sun Jul 12 03:08:40 2026] DELETE /v2.0/ports/95e48d6f-cc71-44f5-a79f-b6076c46fa65 => generated 0 bytes in 402 msecs (HTTP/1.1 204) 3 headers in 131 bytes (1 switches on core 0)
2026-07-12 03:08:40.857 7 WARNING neutron.notifiers.nova [-] Nova event matching ['req-4e01275f-6a92-475b-b2f2-43ae5b4e804c']: {'server_uuid': '7b2ee121-65ae-4c02-a25d-552d75326f4d', 'name': 'network-vif-deleted', 'tag': '95e48d6f-cc71-44f5-a79f-b6076c46fa65', 'status': 'failed', 'code': 422} returned with failed status [pid: 7|app: 0|req: 822/1675] 10.0.0.12 () {32 vars in 645 bytes} [Sun Jul 12 03:08:40 2026] GET /v2.0/routers => generated 978 bytes in 126 msecs (HTTP/1.1 200) 4 headers in 157 bytes (1 switches on core 0) [pid: 7|app: 0|req: 823/1676] 10.0.0.12 () {32 vars in 700 bytes} [Sun Jul 12 03:08:40 2026] GET /v2.0/security-groups?tags-any=red%2Cblue => generated 4804 bytes in 29 msecs (HTTP/1.1 200) 4 headers in 158 bytes (1 switches on core 0)
2026-07-12 03:08:41.010 8 WARNING neutron.scheduler.dhcp_agent_scheduler [None req-415725af-ac76-41b7-a33d-4b6a3171686c 73c87c74924e43ec99d488a7201884e4 f31f3208ec054e73a3074958b07fa407 - - default default] No more DHCP agents
2026-07-12 03:08:41.011 8 WARNING neutron.api.rpc.agentnotifiers.dhcp_rpc_agent_api [None req-415725af-ac76-41b7-a33d-4b6a3171686c 73c87c74924e43ec99d488a7201884e4 f31f3208ec054e73a3074958b07fa407 - - default default] Unable to schedule network 00aa62d0-e65e-4da9-9b96-5b5713b83b84: no agents available; will retry on subsequent port and subnet creation events.
2026-07-12 03:08:41.289 7 INFO neutron.db.ovn_revision_numbers_db [None req-304ffe6a-d43d-441b-9cf9-57ddbadc88db 2adb34272e2b46af8bcfdff595bc0c2a a8d829f091e94ca09d9fbb4aff1fac46 - - default default] Successfully bumped revision number for resource 15f30776-6db7-44dc-bebf-7e2a1a238628 (type: routers) to 3 [pid: 7|app: 0|req: 824/1677] 10.0.0.12 () {34 vars in 739 bytes} [Sun Jul 12 03:08:40 2026] PUT /v2.0/routers/15f30776-6db7-44dc-bebf-7e2a1a238628 => generated 982 bytes in 314 msecs (HTTP/1.1 200) 4 headers in 157 bytes (1 switches on core 0) [pid: 7|app: 0|req: 825/1678] 10.0.0.12 () {32 vars in 686 bytes} [Sun Jul 12 03:08:41 2026] GET /v2.0/security-groups?not-tags=red => generated 6094 bytes in 44 msecs (HTTP/1.1 200) 4 headers in 158 bytes (1 switches on core 0)
2026-07-12 03:08:41.459 8 INFO neutron.db.ovn_revision_numbers_db [None req-415725af-ac76-41b7-a33d-4b6a3171686c 73c87c74924e43ec99d488a7201884e4 f31f3208ec054e73a3074958b07fa407 - - default default] Successfully bumped revision number for resource f9cf7824-463c-4d1d-b807-564d74bb3f90 (type: router_ports) to 1 [pid: 8|app: 0|req: 854/1679] 10.0.0.12 () {34 vars in 781 bytes} [Sun Jul 12 03:08:38 2026] PUT /v2.0/routers/019c1e45-c6ee-4da7-838f-2c38a96261f0/add_router_interface => generated 310 bytes in 2743 msecs (HTTP/1.1 200) 4 headers in 157 bytes (1 switches on core 0) [pid: 8|app: 0|req: 855/1680] 10.0.0.12 () {32 vars in 700 bytes} [Sun Jul 12 03:08:41 2026] GET /v2.0/security-groups?not-tags=red%2Cblue => generated 7680 bytes in 53 msecs (HTTP/1.1 200) 4 headers in 158 bytes (1 switches on core 0) [pid: 8|app: 0|req: 856/1681] 10.0.0.23 () {34 vars in 1068 bytes} [Sun Jul 12 03:08:41 2026] GET /v2.0/ports?fields=security_groups&fields=device_id&device_id=7b2ee121-65ae-4c02-a25d-552d75326f4d => generated 12 bytes in 23 msecs (HTTP/1.1 200) 4 headers in 156 bytes (1 switches on core 0)
2026-07-12 03:08:41.554 8 WARNING neutron.plugins.ml2.drivers.ovn.mech_driver.ovsdb.ovn_client [None req-3480c434-77bf-4e41-a7ca-4456938f3acc - - - - - -] No port found with ID 4f7ef6b8-b67e-42b3-a001-95d066ab8495: RuntimeError: No port found with ID 4f7ef6b8-b67e-42b3-a001-95d066ab8495
2026-07-12 03:08:41.555 8 INFO neutron.plugins.ml2.drivers.ovn.mech_driver.mech_driver [None req-3480c434-77bf-4e41-a7ca-4456938f3acc - - - - - -] OVN reports status down for port: 36733963-6e4a-4595-929e-f666ae09ce90 [pid: 8|app: 0|req: 857/1682] 10.0.0.12 () {32 vars in 696 bytes} [Sun Jul 12 03:08:41 2026] GET /v2.0/security-groups?not-tags-any=blue => generated 7680 bytes in 77 msecs (HTTP/1.1 200) 4 headers in 158 bytes (1 switches on core 0) [pid: 8|app: 0|req: 858/1683] 10.0.0.12 () {32 vars in 708 bytes} [Sun Jul 12 03:08:41 2026] GET /v2.0/security-groups?not-tags-any=red%2Cblue => generated 6094 bytes in 58 msecs (HTTP/1.1 200) 4 headers in 158 bytes (1 switches on core 0)
2026-07-12 03:08:41.821 8 INFO neutron.common.ovn.utils [None req-3480c434-77bf-4e41-a7ca-4456938f3acc - - - - - -] HA Chassis Group neutron-00aa62d0-e65e-4da9-9b96-5b5713b83b84 synchronized; highest priority chassis ed0d378e-3b58-43dd-960e-0d0b7f1afa65
2026-07-12 03:08:41.828 8 INFO neutron.plugins.ml2.drivers.ovn.mech_driver.mech_driver [None req-3480c434-77bf-4e41-a7ca-4456938f3acc - - - - - -] OVN reports status down for port: f9cf7824-463c-4d1d-b807-564d74bb3f90 [pid: 7|app: 0|req: 826/1684] 10.0.0.12 () {32 vars in 719 bytes} [Sun Jul 12 03:08:41 2026] GET /v2.0/routers/15f30776-6db7-44dc-bebf-7e2a1a238628 => generated 982 bytes in 520 msecs (HTTP/1.1 200) 4 headers in 157 bytes (1 switches on core 0) [pid: 7|app: 0|req: 827/1685] 10.0.0.12 () {32 vars in 734 bytes} [Sun Jul 12 03:08:41 2026] GET /v2.0/ports?device_id=15f30776-6db7-44dc-bebf-7e2a1a238628 => generated 12 bytes in 19 msecs (HTTP/1.1 200) 4 headers in 156 bytes (1 switches on core 0) [pid: 8|app: 0|req: 859/1686] 10.0.0.12 () {32 vars in 738 bytes} [Sun Jul 12 03:08:41 2026] DELETE /v2.0/security-groups/d9a577a0-42a0-4a4b-8032-b5e43ae673dc => generated 0 bytes in 205 msecs (HTTP/1.1 204) 2 headers in 112 bytes (1 switches on core 0)
2026-07-12 03:08:41.915 8 WARNING neutron.plugins.ml2.drivers.ovn.mech_driver.ovsdb.ovn_client [None req-3480c434-77bf-4e41-a7ca-4456938f3acc - - - - - -] Logical_Switch_Port f9cf7824-463c-4d1d-b807-564d74bb3f90 host information not removed, the port state is up
2026-07-12 03:08:41.915 8 INFO neutron.plugins.ml2.drivers.ovn.mech_driver.mech_driver [None req-3480c434-77bf-4e41-a7ca-4456938f3acc - - - - - -] OVN reports status up for port: f9cf7824-463c-4d1d-b807-564d74bb3f90
2026-07-12 03:08:41.940 8 INFO neutron.plugins.ml2.plugin [None req-3480c434-77bf-4e41-a7ca-4456938f3acc - - - - - -] Attempt 1 to provision port f9cf7824-463c-4d1d-b807-564d74bb3f90 [pid: 8|app: 0|req: 860/1687] 10.0.0.12 () {32 vars in 738 bytes} [Sun Jul 12 03:08:41 2026] DELETE /v2.0/security-groups/d30e06a1-9ae0-4be8-ac6d-33937a53639e => generated 0 bytes in 268 msecs (HTTP/1.1 204) 2 headers in 112 bytes (1 switches on core 0)
2026-07-12 03:08:42.195 7 INFO neutron_taas.services.taas.taas_plugin [None req-e180583d-ebc1-4638-a917-1f563fa074a8 2adb34272e2b46af8bcfdff595bc0c2a a8d829f091e94ca09d9fbb4aff1fac46 - - default default] TaaS: Handle Delete Port: 654e2ee2-b47c-4090-90c7-32f6e858cd1f
2026-07-12 03:08:42.198 7 INFO neutron_taas.services.taas.tap_mirror_plugin [None req-e180583d-ebc1-4638-a917-1f563fa074a8 2adb34272e2b46af8bcfdff595bc0c2a a8d829f091e94ca09d9fbb4aff1fac46 - - default default] Tap Mirror: Handle Delete Port: 654e2ee2-b47c-4090-90c7-32f6e858cd1f
2026-07-12 03:08:42.401 8 INFO neutron.db.ovn_revision_numbers_db [None req-ec36db74-724f-4290-8e8c-8d30df0e3d96 322a9cc3d2d74ca79fa71aa6f2ef8468 d8f655fc54bb4526bd599505151890c6 - - default default] Successfully bumped revision number for resource 22035825-cc72-45ea-9fbb-e0ec3f911ddc (type: security_groups) to 1
2026-07-12 03:08:42.427 8 INFO neutron.db.ovn_revision_numbers_db [None req-ec36db74-724f-4290-8e8c-8d30df0e3d96 322a9cc3d2d74ca79fa71aa6f2ef8468 d8f655fc54bb4526bd599505151890c6 - - default default] Successfully bumped revision number for resource 1c1f0403-3ba6-48fb-b150-1c98ce122c4d (type: security_group_rules) to 0
2026-07-12 03:08:42.446 8 INFO neutron.db.ovn_revision_numbers_db [None req-ec36db74-724f-4290-8e8c-8d30df0e3d96 322a9cc3d2d74ca79fa71aa6f2ef8468 d8f655fc54bb4526bd599505151890c6 - - default default] Successfully bumped revision number for resource 4539cba9-375e-47d0-a90c-7e46fddf5072 (type: security_group_rules) to 0 [pid: 8|app: 0|req: 861/1688] 10.0.0.12 () {34 vars in 683 bytes} [Sun Jul 12 03:08:42 2026] POST /v2.0/security-groups => generated 1675 bytes in 364 msecs (HTTP/1.1 201) 4 headers in 163 bytes (1 switches on core 0) [pid: 7|app: 0|req: 828/1689] 10.0.0.12 () {32 vars in 722 bytes} [Sun Jul 12 03:08:41 2026] DELETE /v2.0/routers/15f30776-6db7-44dc-bebf-7e2a1a238628 => generated 0 bytes in 680 msecs (HTTP/1.1 204) 2 headers in 112 bytes (1 switches on core 0)
2026-07-12 03:08:42.628 8 INFO neutron.db.ovn_revision_numbers_db [None req-3480c434-77bf-4e41-a7ca-4456938f3acc - - - - - -] Successfully bumped revision number for resource f9cf7824-463c-4d1d-b807-564d74bb3f90 (type: ports) to 2
2026-07-12 03:08:42.670 7 INFO neutron.db.ovn_revision_numbers_db [None req-6b79666e-ac75-4499-a785-d62d0da0f481 322a9cc3d2d74ca79fa71aa6f2ef8468 d8f655fc54bb4526bd599505151890c6 - - default default] Successfully bumped revision number for resource fef17beb-6efe-418e-9d73-6f397884e33b (type: security_group_rules) to 0 [pid: 7|app: 0|req: 829/1690] 10.0.0.12 () {34 vars in 693 bytes} [Sun Jul 12 03:08:42 2026] POST /v2.0/security-group-rules => generated 597 bytes in 135 msecs (HTTP/1.1 201) 4 headers in 162 bytes (1 switches on core 0) [pid: 7|app: 0|req: 830/1691] 10.0.0.12 () {32 vars in 734 bytes} [Sun Jul 12 03:08:42 2026] GET /v2.0/ports?device_id=15f30776-6db7-44dc-bebf-7e2a1a238628 => generated 12 bytes in 19 msecs (HTTP/1.1 200) 4 headers in 156 bytes (1 switches on core 0) [pid: 8|app: 0|req: 862/1692] 10.0.0.12 () {32 vars in 738 bytes} [Sun Jul 12 03:08:42 2026] DELETE /v2.0/security-groups/fa26c15e-7b29-4c60-b191-705cc83720ee => generated 0 bytes in 199 msecs (HTTP/1.1 204) 2 headers in 112 bytes (1 switches on core 0) [pid: 7|app: 0|req: 831/1693] 10.0.0.23 () {34 vars in 1068 bytes} [Sun Jul 12 03:08:42 2026] GET /v2.0/ports?fields=security_groups&fields=device_id&device_id=7b2ee121-65ae-4c02-a25d-552d75326f4d => generated 12 bytes in 18 msecs (HTTP/1.1 200) 4 headers in 156 bytes (1 switches on core 0)
2026-07-12 03:08:42.761 7 INFO neutron.api.v2.resource [None req-8fae543b-c653-4688-99dd-76f08892254a 2adb34272e2b46af8bcfdff595bc0c2a a8d829f091e94ca09d9fbb4aff1fac46 - - default default] delete failed (client error): The resource could not be found. [pid: 7|app: 0|req: 832/1694] 10.0.0.12 () {32 vars in 722 bytes} [Sun Jul 12 03:08:42 2026] DELETE /v2.0/routers/15f30776-6db7-44dc-bebf-7e2a1a238628 => generated 135 bytes in 19 msecs (HTTP/1.1 404) 4 headers in 164 bytes (1 switches on core 0)
2026-07-12 03:08:42.859 8 INFO neutron.db.ovn_revision_numbers_db [None req-354ab60a-f564-4ee3-9027-3563bc123e4f 322a9cc3d2d74ca79fa71aa6f2ef8468 d8f655fc54bb4526bd599505151890c6 - - default default] Successfully bumped revision number for resource 4b11fb02-267b-4693-90ed-dc5aa6032dc2 (type: security_group_rules) to 0 [pid: 7|app: 0|req: 833/1696] 10.0.0.12 () {32 vars in 738 bytes} [Sun Jul 12 03:08:42 2026] DELETE /v2.0/security-groups/c8e43ebf-db6c-425b-bc00-a72ce1050dca => generated 0 bytes in 126 msecs (HTTP/1.1 204) 2 headers in 112 bytes (1 switches on core 0) [pid: 8|app: 0|req: 863/1696] 10.0.0.12 () {34 vars in 693 bytes} [Sun Jul 12 03:08:42 2026] POST /v2.0/security-group-rules => generated 596 bytes in 158 msecs (HTTP/1.1 201) 4 headers in 162 bytes (1 switches on core 0) [pid: 7|app: 0|req: 834/1697] 10.0.0.12 () {32 vars in 734 bytes} [Sun Jul 12 03:08:42 2026] GET /v2.0/ports?device_id=d6808f3d-3f3b-4013-bb5a-a74a5c7d1234 => generated 12 bytes in 24 msecs (HTTP/1.1 200) 4 headers in 156 bytes (1 switches on core 0)
2026-07-12 03:08:43.029 8 INFO neutron.db.ovn_revision_numbers_db [None req-40ce9740-dc6e-485c-947e-2c5c265e0bb7 322a9cc3d2d74ca79fa71aa6f2ef8468 d8f655fc54bb4526bd599505151890c6 - - default default] Successfully bumped revision number for resource 77d792e1-7fb3-4394-8856-996263e640d9 (type: security_group_rules) to 0 [pid: 8|app: 0|req: 864/1698] 10.0.0.12 () {34 vars in 693 bytes} [Sun Jul 12 03:08:42 2026] POST /v2.0/security-group-rules => generated 602 bytes in 173 msecs (HTTP/1.1 201) 4 headers in 162 bytes (1 switches on core 0) [pid: 7|app: 0|req: 835/1699] 10.0.0.12 () {32 vars in 738 bytes} [Sun Jul 12 03:08:42 2026] DELETE /v2.0/security-groups/0a349fc4-856a-42f4-9f96-e40ba39d9ced => generated 0 bytes in 157 msecs (HTTP/1.1 204) 2 headers in 112 bytes (1 switches on core 0)
2026-07-12 03:08:43.083 8 INFO neutron.api.v2.resource [None req-05c10e93-6b97-4a8f-9eab-14c40f74c6d3 2adb34272e2b46af8bcfdff595bc0c2a a8d829f091e94ca09d9fbb4aff1fac46 - - default default] delete failed (client error): The resource could not be found. [pid: 8|app: 0|req: 865/1700] 10.0.0.12 () {32 vars in 722 bytes} [Sun Jul 12 03:08:43 2026] DELETE /v2.0/routers/d6808f3d-3f3b-4013-bb5a-a74a5c7d1234 => generated 135 bytes in 17 msecs (HTTP/1.1 404) 4 headers in 164 bytes (1 switches on core 0) [pid: 7|app: 0|req: 836/1701] 10.0.0.186 () {34 vars in 989 bytes} [Sun Jul 12 03:08:43 2026] GET /v2.0/ports?device_id=7b2ee121-65ae-4c02-a25d-552d75326f4d => generated 12 bytes in 21 msecs (HTTP/1.1 200) 4 headers in 156 bytes (1 switches on core 0)
2026-07-12 03:08:43.103 7 INFO neutron.pecan_wsgi.hooks.translation [None req-c676942e-667e-4f67-b302-fff8775a2534 2adb34272e2b46af8bcfdff595bc0c2a a8d829f091e94ca09d9fbb4aff1fac46 - - default default] DELETE failed (client error): The resource could not be found. [pid: 7|app: 0|req: 837/1702] 10.0.0.12 () {32 vars in 722 bytes} [Sun Jul 12 03:08:43 2026] DELETE /v2.0/subnets/fa025793-2023-4812-bd4d-e89a6491e8e7 => generated 136 bytes in 12 msecs (HTTP/1.1 404) 4 headers in 164 bytes (1 switches on core 0) [pid: 7|app: 0|req: 838/1703] 10.0.0.12 () {32 vars in 734 bytes} [Sun Jul 12 03:08:43 2026] GET /v2.0/ports?device_id=21877591-6475-44d9-b8a9-02b3eb8c0c13 => generated 12 bytes in 20 msecs (HTTP/1.1 200) 4 headers in 156 bytes (1 switches on core 0)
2026-07-12 03:08:43.155 7 INFO neutron.api.v2.resource [None req-c76f5ff7-bc7e-475f-bccc-dedfe4b6b1ba 2adb34272e2b46af8bcfdff595bc0c2a a8d829f091e94ca09d9fbb4aff1fac46 - - default default] delete failed (client error): The resource could not be found. [pid: 7|app: 0|req: 839/1704] 10.0.0.12 () {32 vars in 722 bytes} [Sun Jul 12 03:08:43 2026] DELETE /v2.0/routers/21877591-6475-44d9-b8a9-02b3eb8c0c13 => generated 135 bytes in 21 msecs (HTTP/1.1 404) 4 headers in 164 bytes (1 switches on core 0)
2026-07-12 03:08:43.184 7 INFO neutron.pecan_wsgi.hooks.translation [None req-6381676e-f950-45d8-b3eb-c97ca552b6f1 2adb34272e2b46af8bcfdff595bc0c2a a8d829f091e94ca09d9fbb4aff1fac46 - - default default] DELETE failed (client error): The resource could not be found. [pid: 7|app: 0|req: 840/1705] 10.0.0.12 () {32 vars in 722 bytes} [Sun Jul 12 03:08:43 2026] DELETE /v2.0/subnets/8a5e77c2-9df3-4313-a4c2-8ae851a3760c => generated 136 bytes in 25 msecs (HTTP/1.1 404) 4 headers in 164 bytes (1 switches on core 0)
2026-07-12 03:08:43.192 8 INFO neutron.db.ovn_revision_numbers_db [None req-243b8ab6-409e-4799-8337-b70c4d2cbe7e 322a9cc3d2d74ca79fa71aa6f2ef8468 d8f655fc54bb4526bd599505151890c6 - - default default] Successfully bumped revision number for resource 413c6691-eea5-4874-b8fa-9e6a005b4b97 (type: security_group_rules) to 0 [pid: 7|app: 0|req: 841/1706] 10.0.0.12 () {32 vars in 734 bytes} [Sun Jul 12 03:08:43 2026] GET /v2.0/ports?device_id=0fb60eb3-fc20-4d40-a8a6-d82106b675af => generated 12 bytes in 18 msecs (HTTP/1.1 200) 4 headers in 156 bytes (1 switches on core 0) [pid: 8|app: 0|req: 866/1707] 10.0.0.12 () {34 vars in 693 bytes} [Sun Jul 12 03:08:43 2026] POST /v2.0/security-group-rules => generated 601 bytes in 138 msecs (HTTP/1.1 201) 4 headers in 162 bytes (1 switches on core 0)
2026-07-12 03:08:43.229 7 INFO neutron.api.v2.resource [None req-f7543265-3828-4518-810b-29c0e55d9508 2adb34272e2b46af8bcfdff595bc0c2a a8d829f091e94ca09d9fbb4aff1fac46 - - default default] delete failed (client error): The resource could not be found. [pid: 7|app: 0|req: 842/1708] 10.0.0.12 () {32 vars in 722 bytes} [Sun Jul 12 03:08:43 2026] DELETE /v2.0/routers/0fb60eb3-fc20-4d40-a8a6-d82106b675af => generated 135 bytes in 17 msecs (HTTP/1.1 404) 4 headers in 164 bytes (1 switches on core 0)
2026-07-12 03:08:43.243 7 INFO neutron.pecan_wsgi.hooks.translation [None req-1061ce5c-11a2-45a2-969c-62b67fa52fde 2adb34272e2b46af8bcfdff595bc0c2a a8d829f091e94ca09d9fbb4aff1fac46 - - default default] DELETE failed (client error): The resource could not be found. [pid: 7|app: 0|req: 843/1709] 10.0.0.12 () {32 vars in 722 bytes} [Sun Jul 12 03:08:43 2026] DELETE /v2.0/subnets/66c15b25-c074-463b-8a37-5b88f70417d5 => generated 136 bytes in 12 msecs (HTTP/1.1 404) 4 headers in 164 bytes (1 switches on core 0)
2026-07-12 03:08:43.259 8 INFO neutron.db.securitygroups_db [None req-e5a3d654-f0f7-41d8-906e-0c98974f0d2b 322a9cc3d2d74ca79fa71aa6f2ef8468 d8f655fc54bb4526bd599505151890c6 - - default default] Project d8f655fc54bb4526bd599505151890c6 added a security group rule with legacy IPv6 ICMP protocol name icmp, ipv6-icmp should be used instead. It was automatically converted.
2026-07-12 03:08:43.266 7 INFO neutron.pecan_wsgi.hooks.translation [None req-77342b47-b69a-48d2-93bb-fa21288c87fa 2adb34272e2b46af8bcfdff595bc0c2a a8d829f091e94ca09d9fbb4aff1fac46 - - default default] DELETE failed (client error): The resource could not be found. [pid: 7|app: 0|req: 844/1710] 10.0.0.12 () {32 vars in 722 bytes} [Sun Jul 12 03:08:43 2026] DELETE /v2.0/subnets/b0aed0eb-c940-4fb9-9166-a50b98fde8df => generated 136 bytes in 20 msecs (HTTP/1.1 404) 4 headers in 164 bytes (1 switches on core 0)
2026-07-12 03:08:43.322 8 INFO neutron.db.ovn_revision_numbers_db [None req-e5a3d654-f0f7-41d8-906e-0c98974f0d2b 322a9cc3d2d74ca79fa71aa6f2ef8468 d8f655fc54bb4526bd599505151890c6 - - default default] Successfully bumped revision number for resource 1e257436-7575-48b0-9f2c-47b02e423f11 (type: security_group_rules) to 0 [pid: 8|app: 0|req: 867/1711] 10.0.0.12 () {34 vars in 693 bytes} [Sun Jul 12 03:08:43 2026] POST /v2.0/security-group-rules => generated 607 bytes in 126 msecs (HTTP/1.1 201) 4 headers in 162 bytes (1 switches on core 0)
2026-07-12 03:08:43.396 7 INFO neutron.db.securitygroups_db [None req-cd22e7e1-cf6e-4e31-94f0-185b8aa01b3f 322a9cc3d2d74ca79fa71aa6f2ef8468 d8f655fc54bb4526bd599505151890c6 - - default default] Project d8f655fc54bb4526bd599505151890c6 added a security group rule with legacy IPv6 ICMP protocol name icmp, ipv6-icmp should be used instead. It was automatically converted.
2026-07-12 03:08:43.493 7 INFO neutron.db.ovn_revision_numbers_db [None req-cd22e7e1-cf6e-4e31-94f0-185b8aa01b3f 322a9cc3d2d74ca79fa71aa6f2ef8468 d8f655fc54bb4526bd599505151890c6 - - default default] Successfully bumped revision number for resource 62b81d4f-fc23-4b5e-80a5-ab857cd4291f (type: security_group_rules) to 0 [pid: 7|app: 0|req: 845/1712] 10.0.0.12 () {34 vars in 693 bytes} [Sun Jul 12 03:08:43 2026] POST /v2.0/security-group-rules => generated 606 bytes in 173 msecs (HTTP/1.1 201) 4 headers in 162 bytes (1 switches on core 0)
2026-07-12 03:08:43.837 8 WARNING neutron.db.securitygroups_db [None req-4f2b60bd-63f3-4bbc-9b21-2d5d2d87471f 73c87c74924e43ec99d488a7201884e4 f31f3208ec054e73a3074958b07fa407 - - default default] project_id key not found in filters, using tenant_id instead. This support has been deprecated and will be removed in a future release. [pid: 8|app: 0|req: 868/1713] 10.0.0.12 () {32 vars in 772 bytes} [Sun Jul 12 03:08:43 2026] GET /v2.0/security-groups?tenant_id=a8d829f091e94ca09d9fbb4aff1fac46&name=default => generated 2925 bytes in 122 msecs (HTTP/1.1 200) 4 headers in 158 bytes (1 switches on core 0)
2026-07-12 03:08:43.864 7 WARNING neutron.db.securitygroups_db [None req-8c645bbe-df53-42fe-a152-10a96857318f 73c87c74924e43ec99d488a7201884e4 f31f3208ec054e73a3074958b07fa407 - - default default] project_id key not found in filters, using tenant_id instead. This support has been deprecated and will be removed in a future release. [pid: 8|app: 0|req: 869/1714] 10.0.0.23 () {34 vars in 1068 bytes} [Sun Jul 12 03:08:43 2026] GET /v2.0/ports?fields=security_groups&fields=device_id&device_id=7b2ee121-65ae-4c02-a25d-552d75326f4d => generated 12 bytes in 16 msecs (HTTP/1.1 200) 4 headers in 156 bytes (1 switches on core 0)
2026-07-12 03:08:43.999 7 INFO neutron.db.ovn_revision_numbers_db [None req-8c645bbe-df53-42fe-a152-10a96857318f 73c87c74924e43ec99d488a7201884e4 f31f3208ec054e73a3074958b07fa407 - - default default] Successfully bumped revision number for resource b4e2a403-8ca6-42a8-9a92-ce65f1c33b8b (type: security_groups) to 1
2026-07-12 03:08:44.013 7 INFO neutron.db.ovn_revision_numbers_db [None req-8c645bbe-df53-42fe-a152-10a96857318f 73c87c74924e43ec99d488a7201884e4 f31f3208ec054e73a3074958b07fa407 - - default default] Successfully bumped revision number for resource 2ce3b9a4-15d4-4a1f-8363-a9f1105d7e0a (type: security_group_rules) to 0
2026-07-12 03:08:44.026 7 INFO neutron.db.ovn_revision_numbers_db [None req-8c645bbe-df53-42fe-a152-10a96857318f 73c87c74924e43ec99d488a7201884e4 f31f3208ec054e73a3074958b07fa407 - - default default] Successfully bumped revision number for resource 48286e3e-527b-4fd6-b98c-d571ce76392f (type: security_group_rules) to 0
2026-07-12 03:08:44.046 7 INFO neutron.db.ovn_revision_numbers_db [None req-8c645bbe-df53-42fe-a152-10a96857318f 73c87c74924e43ec99d488a7201884e4 f31f3208ec054e73a3074958b07fa407 - - default default] Successfully bumped revision number for resource 59c770e3-978a-4bb2-80ba-e2ba3e416e0f (type: security_group_rules) to 0
2026-07-12 03:08:44.063 7 INFO neutron.db.ovn_revision_numbers_db [None req-8c645bbe-df53-42fe-a152-10a96857318f 73c87c74924e43ec99d488a7201884e4 f31f3208ec054e73a3074958b07fa407 - - default default] Successfully bumped revision number for resource d842b32f-b658-4e06-a64a-e20eabe52188 (type: security_group_rules) to 0 [pid: 8|app: 0|req: 870/1715] 10.0.0.12 () {32 vars in 738 bytes} [Sun Jul 12 03:08:43 2026] DELETE /v2.0/security-groups/9370618b-5b08-4f8f-9f39-7693d05dae55 => generated 0 bytes in 208 msecs (HTTP/1.1 204) 2 headers in 112 bytes (1 switches on core 0) [pid: 7|app: 0|req: 846/1716] 10.0.0.12 () {32 vars in 772 bytes} [Sun Jul 12 03:08:43 2026] GET /v2.0/security-groups?tenant_id=a79bafbd1d4849099f220de7b94439aa&name=default => generated 2925 bytes in 277 msecs (HTTP/1.1 200) 4 headers in 158 bytes (1 switches on core 0) [pid: 7|app: 0|req: 847/1717] 10.0.0.23 () {34 vars in 988 bytes} [Sun Jul 12 03:08:44 2026] GET /v2.0/ports?device_id=7b2ee121-65ae-4c02-a25d-552d75326f4d => generated 12 bytes in 17 msecs (HTTP/1.1 200) 4 headers in 156 bytes (1 switches on core 0)
2026-07-12 03:08:44.205 8 INFO neutron.db.ovn_revision_numbers_db [None req-4e659a73-717f-444b-be48-381078b9abed 322a9cc3d2d74ca79fa71aa6f2ef8468 d8f655fc54bb4526bd599505151890c6 - - default default] Successfully bumped revision number for resource ce4e76a9-abea-4c91-acc3-31bd062cbe02 (type: security_groups) to 1
2026-07-12 03:08:44.214 8 INFO neutron.db.ovn_revision_numbers_db [None req-4e659a73-717f-444b-be48-381078b9abed 322a9cc3d2d74ca79fa71aa6f2ef8468 d8f655fc54bb4526bd599505151890c6 - - default default] Successfully bumped revision number for resource b0c4c193-d6c5-4478-ab10-fd11804a7973 (type: security_group_rules) to 0
2026-07-12 03:08:44.233 8 INFO neutron.db.ovn_revision_numbers_db [None req-4e659a73-717f-444b-be48-381078b9abed 322a9cc3d2d74ca79fa71aa6f2ef8468 d8f655fc54bb4526bd599505151890c6 - - default default] Successfully bumped revision number for resource d3529cb3-f01b-4381-a280-e039be4ffc7b (type: security_group_rules) to 0 [pid: 8|app: 0|req: 871/1718] 10.0.0.12 () {34 vars in 683 bytes} [Sun Jul 12 03:08:44 2026] POST /v2.0/security-groups => generated 1661 bytes in 209 msecs (HTTP/1.1 201) 4 headers in 163 bytes (1 switches on core 0) [pid: 7|app: 0|req: 848/1719] 10.0.0.12 () {32 vars in 738 bytes} [Sun Jul 12 03:08:44 2026] DELETE /v2.0/security-groups/b4e2a403-8ca6-42a8-9a92-ce65f1c33b8b => generated 0 bytes in 187 msecs (HTTP/1.1 204) 2 headers in 112 bytes (1 switches on core 0)
2026-07-12 03:08:44.431 7 INFO neutron.db.ovn_revision_numbers_db [None req-6c447994-515b-446c-8802-48a85e3ffda2 322a9cc3d2d74ca79fa71aa6f2ef8468 d8f655fc54bb4526bd599505151890c6 - - default default] Successfully bumped revision number for resource 0d401c00-f5ed-475a-886c-167f984ff375 (type: security_group_rules) to 0 [pid: 7|app: 0|req: 849/1720] 10.0.0.12 () {34 vars in 693 bytes} [Sun Jul 12 03:08:44 2026] POST /v2.0/security-group-rules => generated 597 bytes in 159 msecs (HTTP/1.1 201) 4 headers in 162 bytes (1 switches on core 0)
2026-07-12 03:08:44.471 7 WARNING neutron.db.securitygroups_db [None req-d3d40c1d-422e-4019-8a5c-c751552a3ea5 73c87c74924e43ec99d488a7201884e4 f31f3208ec054e73a3074958b07fa407 - - default default] project_id key not found in filters, using tenant_id instead. This support has been deprecated and will be removed in a future release.
2026-07-12 03:08:44.578 7 INFO neutron.db.ovn_revision_numbers_db [None req-d3d40c1d-422e-4019-8a5c-c751552a3ea5 73c87c74924e43ec99d488a7201884e4 f31f3208ec054e73a3074958b07fa407 - - default default] Successfully bumped revision number for resource 0536f2b4-0b73-4864-922a-c04288940589 (type: security_groups) to 1
2026-07-12 03:08:44.582 8 INFO neutron_taas.services.taas.taas_plugin [None req-37852090-1267-48f7-ab21-780d20949b9c 73c87c74924e43ec99d488a7201884e4 f31f3208ec054e73a3074958b07fa407 - - default default] TaaS: Handle Delete Port: 0ad2ce7d-db0e-45ef-9abb-3b4a64d031a7
2026-07-12 03:08:44.586 8 INFO neutron_taas.services.taas.tap_mirror_plugin [None req-37852090-1267-48f7-ab21-780d20949b9c 73c87c74924e43ec99d488a7201884e4 f31f3208ec054e73a3074958b07fa407 - - default default] Tap Mirror: Handle Delete Port: 0ad2ce7d-db0e-45ef-9abb-3b4a64d031a7
2026-07-12 03:08:44.588 7 INFO neutron.db.ovn_revision_numbers_db [None req-d3d40c1d-422e-4019-8a5c-c751552a3ea5 73c87c74924e43ec99d488a7201884e4 f31f3208ec054e73a3074958b07fa407 - - default default] Successfully bumped revision number for resource 1e3f9726-e84d-4d33-8d15-1a8109cf6a82 (type: security_group_rules) to 0
2026-07-12 03:08:44.600 7 INFO neutron.db.ovn_revision_numbers_db [None req-d3d40c1d-422e-4019-8a5c-c751552a3ea5 73c87c74924e43ec99d488a7201884e4 f31f3208ec054e73a3074958b07fa407 - - default default] Successfully bumped revision number for resource 71e9e9e1-904f-4bea-a0e1-57a6fd61eb50 (type: security_group_rules) to 0
2026-07-12 03:08:44.612 7 INFO neutron.db.ovn_revision_numbers_db [None req-d3d40c1d-422e-4019-8a5c-c751552a3ea5 73c87c74924e43ec99d488a7201884e4 f31f3208ec054e73a3074958b07fa407 - - default default] Successfully bumped revision number for resource b4ada0d5-d19f-49e1-8e39-c62dfd35b689 (type: security_group_rules) to 0
2026-07-12 03:08:44.627 7 INFO neutron.db.ovn_revision_numbers_db [None req-d3d40c1d-422e-4019-8a5c-c751552a3ea5 73c87c74924e43ec99d488a7201884e4 f31f3208ec054e73a3074958b07fa407 - - default default] Successfully bumped revision number for resource c6362f7b-f382-4ac1-8f1d-7144e3309a79 (type: security_group_rules) to 0 [pid: 7|app: 0|req: 850/1721] 10.0.0.12 () {32 vars in 772 bytes} [Sun Jul 12 03:08:44 2026] GET /v2.0/security-groups?tenant_id=48a38e09af0648968bd8386047051536&name=default => generated 2925 bytes in 197 msecs (HTTP/1.1 200) 4 headers in 158 bytes (1 switches on core 0)
2026-07-12 03:08:44.765 7 INFO neutron.db.ovn_revision_numbers_db [None req-0fb3b8a5-c5e2-46e6-bb47-f60dac409de7 322a9cc3d2d74ca79fa71aa6f2ef8468 d8f655fc54bb4526bd599505151890c6 - - default default] Successfully bumped revision number for resource a60cda85-8dda-4b82-9ad0-addfd87966b7 (type: security_group_rules) to 0 [pid: 7|app: 0|req: 851/1722] 10.0.0.12 () {34 vars in 693 bytes} [Sun Jul 12 03:08:44 2026] POST /v2.0/security-group-rules => generated 602 bytes in 143 msecs (HTTP/1.1 201) 4 headers in 162 bytes (1 switches on core 0) [pid: 7|app: 0|req: 852/1723] 10.0.0.12 () {32 vars in 738 bytes} [Sun Jul 12 03:08:44 2026] DELETE /v2.0/security-groups/0536f2b4-0b73-4864-922a-c04288940589 => generated 0 bytes in 195 msecs (HTTP/1.1 204) 2 headers in 112 bytes (1 switches on core 0) [pid: 8|app: 0|req: 872/1724] 10.0.0.12 () {34 vars in 787 bytes} [Sun Jul 12 03:08:44 2026] PUT /v2.0/routers/02118132-d195-4ecc-818b-ea94bd5dc7fd/remove_router_interface => generated 310 bytes in 930 msecs (HTTP/1.1 200) 4 headers in 157 bytes (1 switches on core 0) /var/lib/openstack/lib/python3.12/site-packages/pycadf/identifier.py:70: UserWarning: Invalid uuid: neutron. To ensure interoperability, identifiers should be a valid uuid. warnings.warn(('Invalid uuid: %s. To ensure interoperability, '
2026-07-12 03:08:45.228 8 WARNING neutron.db.securitygroups_db [None req-73c141f6-7620-440a-8ea9-a3ab2e020c0a 73c87c74924e43ec99d488a7201884e4 f31f3208ec054e73a3074958b07fa407 - - default default] project_id key not found in filters, using tenant_id instead. This support has been deprecated and will be removed in a future release. [pid: 8|app: 0|req: 873/1725] 10.0.0.12 () {32 vars in 772 bytes} [Sun Jul 12 03:08:45 2026] GET /v2.0/security-groups?tenant_id=face87e41acb4ed0a4c00f6a0358b1bb&name=default => generated 2925 bytes in 38 msecs (HTTP/1.1 200) 4 headers in 158 bytes (1 switches on core 0)
2026-07-12 03:08:45.267 7 WARNING neutron.scheduler.dhcp_agent_scheduler [None req-9a2a8481-5746-490e-b09c-37bb561094ea 322a9cc3d2d74ca79fa71aa6f2ef8468 d8f655fc54bb4526bd599505151890c6 - - default default] No more DHCP agents
2026-07-12 03:08:45.269 7 WARNING neutron.api.rpc.agentnotifiers.dhcp_rpc_agent_api [None req-9a2a8481-5746-490e-b09c-37bb561094ea 322a9cc3d2d74ca79fa71aa6f2ef8468 d8f655fc54bb4526bd599505151890c6 - - default default] Unable to schedule network 95a4c6f0-3d0d-44d9-bf85-f16724df4325: no agents available; will retry on subsequent port and subnet creation events.
2026-07-12 03:08:45.486 7 WARNING neutron.plugins.ml2.drivers.ovn.mech_driver.ovsdb.ovn_client [None req-0a383a45-367f-462c-a2bb-3fb2f35125a8 - - - - - -] No port found with ID 654e2ee2-b47c-4090-90c7-32f6e858cd1f: RuntimeError: No port found with ID 654e2ee2-b47c-4090-90c7-32f6e858cd1f [pid: 7|app: 0|req: 853/1726] 10.0.0.12 () {34 vars in 674 bytes} [Sun Jul 12 03:08:45 2026] POST /v2.0/floatingips => generated 552 bytes in 557 msecs (HTTP/1.1 201) 4 headers in 162 bytes (1 switches on core 0)
2026-07-12 03:08:45.579 8 INFO neutron_taas.services.taas.taas_plugin [None req-ab79547c-4182-4aad-bb84-b2cfc9a57d8a 73c87c74924e43ec99d488a7201884e4 f31f3208ec054e73a3074958b07fa407 - - default default] TaaS: Handle Delete Port: 89921007-c645-46a9-8c24-dbe79bd38297
2026-07-12 03:08:45.582 8 INFO neutron_taas.services.taas.tap_mirror_plugin [None req-ab79547c-4182-4aad-bb84-b2cfc9a57d8a 73c87c74924e43ec99d488a7201884e4 f31f3208ec054e73a3074958b07fa407 - - default default] Tap Mirror: Handle Delete Port: 89921007-c645-46a9-8c24-dbe79bd38297 [pid: 7|app: 0|req: 854/1727] 10.0.0.12 () {32 vars in 738 bytes} [Sun Jul 12 03:08:45 2026] DELETE /v2.0/security-groups/b5a2ec47-2a59-44b0-8920-5e98a947b7e4 => generated 0 bytes in 175 msecs (HTTP/1.1 204) 2 headers in 112 bytes (1 switches on core 0)
2026-07-12 03:08:45.744 7 WARNING neutron.db.securitygroups_db [req-021a7af3-77de-4b95-b503-823c702678b0 req-20608b0e-0c97-4ddb-9ca1-eed2a619ff37 322a9cc3d2d74ca79fa71aa6f2ef8468 d8f655fc54bb4526bd599505151890c6 - - default default] project_id key not found in filters, using tenant_id instead. This support has been deprecated and will be removed in a future release. [pid: 7|app: 0|req: 857/1730] 10.0.0.23 () {34 vars in 1098 bytes} [Sun Jul 12 03:08:45 2026] GET /v2.0/security-groups?name=tempest-securitygroup--1433015009&fields=id&tenant_id=d8f655fc54bb4526bd599505151890c6 => generated 69 bytes in 57 msecs (HTTP/1.1 200) 4 headers in 156 bytes (1 switches on core 0)
2026-07-12 03:08:45.816 7 WARNING neutron.db.securitygroups_db [req-021a7af3-77de-4b95-b503-823c702678b0 req-29b88a33-8ee5-46c2-b1de-bc0155454eb0 322a9cc3d2d74ca79fa71aa6f2ef8468 d8f655fc54bb4526bd599505151890c6 - - default default] project_id key not found in filters, using tenant_id instead. This support has been deprecated and will be removed in a future release. [pid: 7|app: 0|req: 858/1731] 10.0.0.23 () {34 vars in 1098 bytes} [Sun Jul 12 03:08:45 2026] GET /v2.0/security-groups?name=tempest-secgroup-smoke-2067125084&fields=id&tenant_id=d8f655fc54bb4526bd599505151890c6 => generated 69 bytes in 34 msecs (HTTP/1.1 200) 4 headers in 156 bytes (1 switches on core 0) [pid: 7|app: 0|req: 859/1732] 10.0.0.23 () {34 vars in 980 bytes} [Sun Jul 12 03:08:45 2026] GET /v2.0/networks?id=c6f23c27-34ae-43ff-94a0-902dfb5ff423 => generated 711 bytes in 41 msecs (HTTP/1.1 200) 4 headers in 157 bytes (1 switches on core 0) [pid: 7|app: 0|req: 860/1733] 10.0.0.23 () {34 vars in 963 bytes} [Sun Jul 12 03:08:45 2026] GET /v2.0/quotas/d8f655fc54bb4526bd599505151890c6 => generated 312 bytes in 12 msecs (HTTP/1.1 200) 4 headers in 157 bytes (1 switches on core 0) [pid: 8|app: 0|req: 874/1734] 10.0.0.12 () {32 vars in 722 bytes} [Sun Jul 12 03:08:45 2026] DELETE /v2.0/routers/02118132-d195-4ecc-818b-ea94bd5dc7fd => generated 0 bytes in 762 msecs (HTTP/1.1 204) 2 headers in 112 bytes (1 switches on core 0) [pid: 7|app: 0|req: 861/1735] 10.0.0.23 () {34 vars in 1000 bytes} [Sun Jul 12 03:08:45 2026] GET /v2.0/ports?tenant_id=d8f655fc54bb4526bd599505151890c6&fields=id => generated 103 bytes in 117 msecs (HTTP/1.1 200) 4 headers in 157 bytes (1 switches on core 0) [pid: 7|app: 0|req: 862/1736] 10.0.0.23 () {34 vars in 1006 bytes} [Sun Jul 12 03:08:46 2026] GET /v2.0/networks/c6f23c27-34ae-43ff-94a0-902dfb5ff423?fields=segments => generated 14 bytes in 46 msecs (HTTP/1.1 200) 4 headers in 156 bytes (1 switches on core 0) [pid: 7|app: 0|req: 863/1737] 10.0.0.23 () {34 vars in 1106 bytes} [Sun Jul 12 03:08:46 2026] GET /v2.0/networks/c6f23c27-34ae-43ff-94a0-902dfb5ff423?fields=provider%3Aphysical_network&fields=provider%3Anetwork_type => generated 79 bytes in 50 msecs (HTTP/1.1 200) 4 headers in 156 bytes (1 switches on core 0) [pid: 8|app: 0|req: 875/1738] 10.0.0.12 () {32 vars in 722 bytes} [Sun Jul 12 03:08:46 2026] DELETE /v2.0/subnets/937b7726-126b-4136-bd1a-80e0d138b531 => generated 0 bytes in 190 msecs (HTTP/1.1 204) 3 headers in 131 bytes (1 switches on core 0) [pid: 8|app: 0|req: 876/1739] 10.0.0.23 () {34 vars in 1068 bytes} [Sun Jul 12 03:08:46 2026] GET /v2.0/ports?fields=security_groups&fields=device_id&device_id=b4785653-f84d-480c-a853-521818bf60a7 => generated 12 bytes in 23 msecs (HTTP/1.1 200) 4 headers in 156 bytes (1 switches on core 0)
2026-07-12 03:08:46.350 7 INFO neutron_taas.services.taas.taas_plugin [None req-b4376221-0aec-407a-b3fc-d618a28178b4 73c87c74924e43ec99d488a7201884e4 f31f3208ec054e73a3074958b07fa407 - - default default] TaaS: Handle Delete Port: 89b13407-6b0e-4745-8560-970e96103c74
2026-07-12 03:08:46.353 7 INFO neutron_taas.services.taas.tap_mirror_plugin [None req-b4376221-0aec-407a-b3fc-d618a28178b4 73c87c74924e43ec99d488a7201884e4 f31f3208ec054e73a3074958b07fa407 - - default default] Tap Mirror: Handle Delete Port: 89b13407-6b0e-4745-8560-970e96103c74
2026-07-12 03:08:46.518 7 INFO neutron.services.segments.plugin [-] Segment 2b8a7ea8-14e2-4d49-b5a6-d4882ea717f6 resource provider aggregate not found
2026-07-12 03:08:46.521 7 INFO neutron.services.segments.plugin [-] Segment 2b8a7ea8-14e2-4d49-b5a6-d4882ea717f6 resource provider aggregate not found
2026-07-12 03:08:46.540 7 INFO neutron.services.segments.plugin [-] Client error retrieving segment 2b8a7ea8-14e2-4d49-b5a6-d4882ea717f6 resource provider; error: Placement Client Error (4xx): {"errors": [{"status": 404, "title": "Not Found", "detail": "The resource could not be found.\n\n No resource provider with uuid 2b8a7ea8-14e2-4d49-b5a6-d4882ea717f6 found for delete ", "request_id": "req-aa2c0c3c-c498-4e1c-b282-ef9fd4158536"}]}
2026-07-12 03:08:46.541 7 INFO neutron.services.segments.plugin [-] Client error retrieving segment 2b8a7ea8-14e2-4d49-b5a6-d4882ea717f6 resource provider; error: Placement Client Error (4xx): {"errors": [{"status": 404, "title": "Not Found", "detail": "The resource could not be found.\n\n No resource provider with uuid 2b8a7ea8-14e2-4d49-b5a6-d4882ea717f6 found for delete ", "request_id": "req-e5c8e7ea-a6e7-48a8-a02d-3098f2b70971"}]} [pid: 7|app: 0|req: 864/1740] 10.0.0.12 () {32 vars in 724 bytes} [Sun Jul 12 03:08:46 2026] DELETE /v2.0/networks/c3a5ca85-7ef1-4ae7-8d6b-123bd2500f7c => generated 0 bytes in 364 msecs (HTTP/1.1 204) 3 headers in 131 bytes (1 switches on core 0)
2026-07-12 03:08:46.763 8 WARNING neutron.db.securitygroups_db [None req-d999ecb3-5107-441e-9c5e-f82dc765df66 73c87c74924e43ec99d488a7201884e4 f31f3208ec054e73a3074958b07fa407 - - default default] project_id key not found in filters, using tenant_id instead. This support has been deprecated and will be removed in a future release. [pid: 8|app: 0|req: 877/1741] 10.0.0.12 () {32 vars in 772 bytes} [Sun Jul 12 03:08:46 2026] GET /v2.0/security-groups?tenant_id=4342635cdbef42a7a7ab385774a4d585&name=default => generated 2925 bytes in 32 msecs (HTTP/1.1 200) 4 headers in 158 bytes (1 switches on core 0) [pid: 7|app: 0|req: 865/1742] 10.0.0.12 () {32 vars in 738 bytes} [Sun Jul 12 03:08:46 2026] DELETE /v2.0/security-groups/2290d3a4-71ea-4bb3-a7d0-692b18757064 => generated 0 bytes in 211 msecs (HTTP/1.1 204) 2 headers in 112 bytes (1 switches on core 0) [pid: 8|app: 0|req: 878/1743] 10.0.0.23 () {34 vars in 1068 bytes} [Sun Jul 12 03:08:47 2026] GET /v2.0/ports?fields=security_groups&fields=device_id&device_id=b4785653-f84d-480c-a853-521818bf60a7 => generated 12 bytes in 25 msecs (HTTP/1.1 200) 4 headers in 156 bytes (1 switches on core 0)
2026-07-12 03:08:47.478 8 WARNING neutron.plugins.ml2.drivers.ovn.mech_driver.ovsdb.ovn_client [None req-c8e7484f-c793-4483-8037-ac915511db6a - - - - - -] No hosting information found for port f9cf7824-463c-4d1d-b807-564d74bb3f90: RuntimeError: No hosting information found for port f9cf7824-463c-4d1d-b807-564d74bb3f90
2026-07-12 03:08:47.531 8 INFO neutron.common.ovn.utils [None req-c8e7484f-c793-4483-8037-ac915511db6a - - - - - -] HA Chassis Group neutron-00aa62d0-e65e-4da9-9b96-5b5713b83b84 synchronized; highest priority chassis ed0d378e-3b58-43dd-960e-0d0b7f1afa65
2026-07-12 03:08:47.642 8 INFO neutron.db.ovn_revision_numbers_db [None req-c8e7484f-c793-4483-8037-ac915511db6a - - - - - -] Successfully bumped revision number for resource f9cf7824-463c-4d1d-b807-564d74bb3f90 (type: router_ports) to 2 [pid: 7|app: 0|req: 866/1744] 10.0.0.23 () {34 vars in 1068 bytes} [Sun Jul 12 03:08:48 2026] GET /v2.0/ports?fields=security_groups&fields=device_id&device_id=b4785653-f84d-480c-a853-521818bf60a7 => generated 12 bytes in 30 msecs (HTTP/1.1 200) 4 headers in 156 bytes (1 switches on core 0)
2026-07-12 03:08:49.311 7 WARNING neutron.db.securitygroups_db [None req-1f96aed0-2204-4e73-a43a-16ffc49b318b 73c87c74924e43ec99d488a7201884e4 f31f3208ec054e73a3074958b07fa407 - - default default] project_id key not found in filters, using tenant_id instead. This support has been deprecated and will be removed in a future release.
2026-07-12 03:08:49.447 7 INFO neutron.db.ovn_revision_numbers_db [None req-1f96aed0-2204-4e73-a43a-16ffc49b318b 73c87c74924e43ec99d488a7201884e4 f31f3208ec054e73a3074958b07fa407 - - default default] Successfully bumped revision number for resource 37b18e4c-44a5-43cf-ba63-dac8f5aeea73 (type: security_groups) to 1
2026-07-12 03:08:49.469 7 INFO neutron.db.ovn_revision_numbers_db [None req-1f96aed0-2204-4e73-a43a-16ffc49b318b 73c87c74924e43ec99d488a7201884e4 f31f3208ec054e73a3074958b07fa407 - - default default] Successfully bumped revision number for resource 19d8e499-1112-49e6-af20-9c52bcc07427 (type: security_group_rules) to 0
2026-07-12 03:08:49.482 7 INFO neutron.db.ovn_revision_numbers_db [None req-1f96aed0-2204-4e73-a43a-16ffc49b318b 73c87c74924e43ec99d488a7201884e4 f31f3208ec054e73a3074958b07fa407 - - default default] Successfully bumped revision number for resource 975ddaed-addd-4573-91f5-c13d8d54d890 (type: security_group_rules) to 0
2026-07-12 03:08:49.496 7 INFO neutron.db.ovn_revision_numbers_db [None req-1f96aed0-2204-4e73-a43a-16ffc49b318b 73c87c74924e43ec99d488a7201884e4 f31f3208ec054e73a3074958b07fa407 - - default default] Successfully bumped revision number for resource b88fcf5a-44ef-4489-91fb-cc380b703450 (type: security_group_rules) to 0
2026-07-12 03:08:49.511 7 INFO neutron.db.ovn_revision_numbers_db [None req-1f96aed0-2204-4e73-a43a-16ffc49b318b 73c87c74924e43ec99d488a7201884e4 f31f3208ec054e73a3074958b07fa407 - - default default] Successfully bumped revision number for resource e3f98cb3-fe2d-43b9-b788-f948008030cf (type: security_group_rules) to 0
2026-07-12 03:08:49.530 8 WARNING neutron.scheduler.dhcp_agent_scheduler [None req-7d240b3a-80c3-4e81-b8b2-b287b30d44c1 4de7e79705824045bec7aff66b981b14 39137e2efee4410bae39bd9b2999dd66 - - default default] No more DHCP agents
