2026-07-12 03:10:06.198 7 INFO neutron_taas.services.taas.taas_plugin [None req-0716a6cd-141a-40a8-a525-7f87829098eb 3495b89f2489411e889f40178eefee4d cd7466a9a6324c7ba18ce1c58c00e422 - - default default] TaaS: Handle Delete Port: ea26a648-cf12-4f2f-b2d7-f91889fb59a0
2026-07-12 03:10:06.201 7 INFO neutron_taas.services.taas.tap_mirror_plugin [None req-0716a6cd-141a-40a8-a525-7f87829098eb 3495b89f2489411e889f40178eefee4d cd7466a9a6324c7ba18ce1c58c00e422 - - default default] Tap Mirror: Handle Delete Port: ea26a648-cf12-4f2f-b2d7-f91889fb59a0 [pid: 8|app: 0|req: 1141/2277] 10.0.0.12 () {32 vars in 737 bytes} [Sun Jul 12 03:10:06 2026] GET /v2.0/routers/33c08da2-fc8d-43b6-8293-911922197750/tags/red => generated 0 bytes in 81 msecs (HTTP/1.1 204) 2 headers in 112 bytes (1 switches on core 0) [pid: 8|app: 0|req: 1142/2278] 10.0.0.12 () {34 vars in 745 bytes} [Sun Jul 12 03:10:06 2026] PUT /v2.0/ports/fe6a0190-87d6-4171-b881-de0dfa44712c/tags => generated 19 bytes in 79 msecs (HTTP/1.1 200) 4 headers in 156 bytes (1 switches on core 0) /var/lib/openstack/lib/python3.12/site-packages/pycadf/identifier.py:70: UserWarning: Invalid uuid: neutron. To ensure interoperability, identifiers should be a valid uuid. warnings.warn(('Invalid uuid: %s. To ensure interoperability, '
2026-07-12 03:10:06.350 8 WARNING tagging [None req-52b9d516-db82-474b-a821-ab02c6bad18b bc9d074920224a54bf8d3c7522508d6d b1f3b4b5979f469ab0bbb2506412fb32 - - default default] project_id key not found in request, using tenant_id instead. This support has been deprecated and will be removed in a future release.
2026-07-12 03:10:06.388 8 INFO neutron.api.v2.resource [None req-52b9d516-db82-474b-a821-ab02c6bad18b bc9d074920224a54bf8d3c7522508d6d b1f3b4b5979f469ab0bbb2506412fb32 - - default default] show failed (client error): The resource could not be found. [pid: 8|app: 0|req: 1143/2279] 10.0.0.12 () {32 vars in 741 bytes} [Sun Jul 12 03:10:06 2026] GET /v2.0/routers/33c08da2-fc8d-43b6-8293-911922197750/tags/green => generated 99 bytes in 92 msecs (HTTP/1.1 404) 4 headers in 163 bytes (1 switches on core 0) [pid: 7|app: 0|req: 1137/2280] 10.0.0.12 () {32 vars in 724 bytes} [Sun Jul 12 03:10:06 2026] DELETE /v2.0/networks/626bda96-98f7-4d39-a6d3-4349fbde793d => generated 0 bytes in 322 msecs (HTTP/1.1 204) 3 headers in 131 bytes (1 switches on core 0)
2026-07-12 03:10:06.432 7 WARNING tagging [None req-40dc7efc-c723-4d87-b3dc-a4b0ae28a0b6 bc9d074920224a54bf8d3c7522508d6d b1f3b4b5979f469ab0bbb2506412fb32 - - default default] project_id key not found in request, using tenant_id instead. This support has been deprecated and will be removed in a future release. [pid: 7|app: 0|req: 1138/2281] 10.0.0.12 () {32 vars in 740 bytes} [Sun Jul 12 03:10:06 2026] DELETE /v2.0/routers/33c08da2-fc8d-43b6-8293-911922197750/tags/red => generated 0 bytes in 94 msecs (HTTP/1.1 204) 2 headers in 112 bytes (1 switches on core 0) [pid: 8|app: 0|req: 1144/2282] 10.0.0.12 () {32 vars in 658 bytes} [Sun Jul 12 03:10:06 2026] GET /v2.0/ports?tags=red => generated 2253 bytes in 116 msecs (HTTP/1.1 200) 4 headers in 158 bytes (1 switches on core 0)
2026-07-12 03:10:06.542 8 WARNING tagging [None req-967f8b20-0e74-4260-8cc0-43b85781cad9 bc9d074920224a54bf8d3c7522508d6d b1f3b4b5979f469ab0bbb2506412fb32 - - default default] project_id key not found in request, using tenant_id instead. This support has been deprecated and will be removed in a future release. [pid: 8|app: 0|req: 1145/2283] 10.0.0.12 () {32 vars in 729 bytes} [Sun Jul 12 03:10:06 2026] GET /v2.0/routers/33c08da2-fc8d-43b6-8293-911922197750/tags => generated 30 bytes in 64 msecs (HTTP/1.1 200) 4 headers in 156 bytes (1 switches on core 0)
2026-07-12 03:10:06.617 7 INFO neutron_taas.services.taas.taas_plugin [None req-89347ec3-9e20-4e52-8772-b4646d898014 3495b89f2489411e889f40178eefee4d cd7466a9a6324c7ba18ce1c58c00e422 - - default default] TaaS: Handle Delete Port: e5ac06a4-db74-4063-b0cb-091146611308
2026-07-12 03:10:06.620 7 INFO neutron_taas.services.taas.tap_mirror_plugin [None req-89347ec3-9e20-4e52-8772-b4646d898014 3495b89f2489411e889f40178eefee4d cd7466a9a6324c7ba18ce1c58c00e422 - - default default] Tap Mirror: Handle Delete Port: e5ac06a4-db74-4063-b0cb-091146611308 [pid: 8|app: 0|req: 1146/2284] 10.0.0.12 () {32 vars in 672 bytes} [Sun Jul 12 03:10:06 2026] GET /v2.0/ports?tags=red%2Cblue => generated 1513 bytes in 78 msecs (HTTP/1.1 200) 4 headers in 158 bytes (1 switches on core 0)
2026-07-12 03:10:06.685 8 WARNING tagging [None req-ec836e75-5e14-448d-9c7e-013694f2e281 bc9d074920224a54bf8d3c7522508d6d b1f3b4b5979f469ab0bbb2506412fb32 - - default default] project_id key not found in request, using tenant_id instead. This support has been deprecated and will be removed in a future release.
2026-07-12 03:10:06.742 8 INFO neutron.api.v2.resource [None req-ec836e75-5e14-448d-9c7e-013694f2e281 bc9d074920224a54bf8d3c7522508d6d b1f3b4b5979f469ab0bbb2506412fb32 - - default default] delete failed (client error): The resource could not be found. [pid: 8|app: 0|req: 1147/2285] 10.0.0.12 () {32 vars in 744 bytes} [Sun Jul 12 03:10:06 2026] DELETE /v2.0/routers/33c08da2-fc8d-43b6-8293-911922197750/tags/green => generated 99 bytes in 94 msecs (HTTP/1.1 404) 4 headers in 163 bytes (1 switches on core 0) [pid: 8|app: 0|req: 1148/2286] 10.0.0.12 () {32 vars in 668 bytes} [Sun Jul 12 03:10:06 2026] GET /v2.0/ports?tags-any=blue => generated 1513 bytes in 59 msecs (HTTP/1.1 200) 4 headers in 158 bytes (1 switches on core 0) [pid: 7|app: 0|req: 1139/2287] 10.0.0.12 () {32 vars in 724 bytes} [Sun Jul 12 03:10:06 2026] DELETE /v2.0/networks/061289c4-f4c8-4430-8c1b-442f4618ca5f => generated 0 bytes in 340 msecs (HTTP/1.1 204) 3 headers in 131 bytes (1 switches on core 0)
2026-07-12 03:10:06.854 8 WARNING tagging [None req-a6d88574-1462-4346-b3c7-607a9b76d33d bc9d074920224a54bf8d3c7522508d6d b1f3b4b5979f469ab0bbb2506412fb32 - - default default] project_id key not found in request, using tenant_id instead. This support has been deprecated and will be removed in a future release. [pid: 8|app: 0|req: 1149/2288] 10.0.0.12 () {32 vars in 732 bytes} [Sun Jul 12 03:10:06 2026] DELETE /v2.0/routers/33c08da2-fc8d-43b6-8293-911922197750/tags => generated 0 bytes in 100 msecs (HTTP/1.1 204) 2 headers in 112 bytes (1 switches on core 0)
2026-07-12 03:10:06.952 8 WARNING tagging [None req-321d7aad-6534-4a09-b92a-5b0c1fb092af bc9d074920224a54bf8d3c7522508d6d b1f3b4b5979f469ab0bbb2506412fb32 - - default default] project_id key not found in request, using tenant_id instead. This support has been deprecated and will be removed in a future release. [pid: 7|app: 0|req: 1140/2289] 10.0.0.12 () {32 vars in 680 bytes} [Sun Jul 12 03:10:06 2026] GET /v2.0/ports?tags-any=red%2Cblue => generated 2253 bytes in 130 msecs (HTTP/1.1 200) 4 headers in 158 bytes (1 switches on core 0) [pid: 8|app: 0|req: 1150/2290] 10.0.0.12 () {32 vars in 729 bytes} [Sun Jul 12 03:10:06 2026] GET /v2.0/routers/33c08da2-fc8d-43b6-8293-911922197750/tags => generated 12 bytes in 92 msecs (HTTP/1.1 200) 4 headers in 156 bytes (1 switches on core 0) [pid: 8|app: 0|req: 1151/2291] 10.0.0.12 () {32 vars in 719 bytes} [Sun Jul 12 03:10:07 2026] GET /v2.0/routers/33c08da2-fc8d-43b6-8293-911922197750 => generated 597 bytes in 34 msecs (HTTP/1.1 200) 4 headers in 157 bytes (1 switches on core 0)
2026-07-12 03:10:07.056 7 INFO neutron.services.segments.plugin [-] Segment f4780267-4a42-4f09-9425-e3f6a3c706b7 resource provider aggregate not found
2026-07-12 03:10:07.060 7 INFO neutron.services.segments.plugin [-] Segment f4780267-4a42-4f09-9425-e3f6a3c706b7 resource provider aggregate not found [pid: 7|app: 0|req: 1141/2292] 10.0.0.12 () {32 vars in 666 bytes} [Sun Jul 12 03:10:06 2026] GET /v2.0/ports?not-tags=red => generated 5268 bytes in 108 msecs (HTTP/1.1 200) 4 headers in 158 bytes (1 switches on core 0)
2026-07-12 03:10:07.100 7 INFO neutron.services.segments.plugin [-] Client error retrieving segment f4780267-4a42-4f09-9425-e3f6a3c706b7 resource provider; error: Placement Client Error (4xx): {"errors": [{"status": 404, "title": "Not Found", "detail": "The resource could not be found.\n\n No resource provider with uuid f4780267-4a42-4f09-9425-e3f6a3c706b7 found for delete ", "request_id": "req-dc423d1d-1da9-4940-913c-7c82b6370b5c"}]}
2026-07-12 03:10:07.130 7 INFO neutron.services.segments.plugin [-] Client error retrieving segment f4780267-4a42-4f09-9425-e3f6a3c706b7 resource provider; error: Placement Client Error (4xx): {"errors": [{"status": 404, "title": "Not Found", "detail": "The resource could not be found.\n\n No resource provider with uuid f4780267-4a42-4f09-9425-e3f6a3c706b7 found for delete ", "request_id": "req-3c19d4ee-eb50-4a68-a77f-301a98c07a46"}]}
2026-07-12 03:10:07.150 7 INFO neutron.services.segments.plugin [-] Segment 9ee24a7b-3a76-4ccb-a352-0dff8dae84b0 resource provider aggregate not found
2026-07-12 03:10:07.159 7 INFO neutron.services.segments.plugin [-] Segment 9ee24a7b-3a76-4ccb-a352-0dff8dae84b0 resource provider aggregate not found
2026-07-12 03:10:07.181 7 INFO neutron.services.segments.plugin [-] Client error retrieving segment 9ee24a7b-3a76-4ccb-a352-0dff8dae84b0 resource provider; error: Placement Client Error (4xx): {"errors": [{"status": 404, "title": "Not Found", "detail": "The resource could not be found.\n\n No resource provider with uuid 9ee24a7b-3a76-4ccb-a352-0dff8dae84b0 found for delete ", "request_id": "req-3b0ae77b-36ef-4ed8-b368-26e94e1ad08f"}]}
2026-07-12 03:10:07.181 7 INFO neutron.services.segments.plugin [-] Client error retrieving segment 9ee24a7b-3a76-4ccb-a352-0dff8dae84b0 resource provider; error: Placement Client Error (4xx): {"errors": [{"status": 404, "title": "Not Found", "detail": "The resource could not be found.\n\n No resource provider with uuid 9ee24a7b-3a76-4ccb-a352-0dff8dae84b0 found for delete ", "request_id": "req-47222a80-70a6-4adf-a6d2-3304b22ba13d"}]} [pid: 7|app: 0|req: 1142/2293] 10.0.0.12 () {32 vars in 680 bytes} [Sun Jul 12 03:10:07 2026] GET /v2.0/ports?not-tags=red%2Cblue => generated 6008 bytes in 137 msecs (HTTP/1.1 200) 4 headers in 158 bytes (1 switches on core 0) [pid: 7|app: 0|req: 1143/2294] 10.0.0.12 () {32 vars in 676 bytes} [Sun Jul 12 03:10:07 2026] GET /v2.0/ports?not-tags-any=blue => generated 6008 bytes in 77 msecs (HTTP/1.1 200) 4 headers in 158 bytes (1 switches on core 0) [pid: 7|app: 0|req: 1144/2295] 10.0.0.12 () {32 vars in 688 bytes} [Sun Jul 12 03:10:07 2026] GET /v2.0/ports?not-tags-any=red%2Cblue => generated 5268 bytes in 54 msecs (HTTP/1.1 200) 4 headers in 158 bytes (1 switches on core 0)
2026-07-12 03:10:07.442 8 INFO neutron.db.ovn_revision_numbers_db [None req-d3463be7-a540-4f11-8c4a-ddb1a2d22b9b bc9d074920224a54bf8d3c7522508d6d b1f3b4b5979f469ab0bbb2506412fb32 - - default default] Successfully bumped revision number for resource 33c08da2-fc8d-43b6-8293-911922197750 (type: routers) to 7 [pid: 8|app: 0|req: 1152/2296] 10.0.0.12 () {34 vars in 740 bytes} [Sun Jul 12 03:10:07 2026] PUT /v2.0/routers/33c08da2-fc8d-43b6-8293-911922197750 => generated 597 bytes in 392 msecs (HTTP/1.1 200) 4 headers in 157 bytes (1 switches on core 0)
2026-07-12 03:10:07.485 8 INFO neutron.services.segments.plugin [-] Segment a8ba66dd-97cc-499b-9962-0c7a9d7d7bba resource provider aggregate not found
2026-07-12 03:10:07.492 8 INFO neutron.services.segments.plugin [-] Segment a8ba66dd-97cc-499b-9962-0c7a9d7d7bba resource provider aggregate not found [pid: 8|app: 0|req: 1153/2297] 10.0.0.12 () {32 vars in 734 bytes} [Sun Jul 12 03:10:07 2026] GET /v2.0/ports?device_id=33c08da2-fc8d-43b6-8293-911922197750 => generated 12 bytes in 41 msecs (HTTP/1.1 200) 4 headers in 156 bytes (1 switches on core 0)
2026-07-12 03:10:07.504 7 INFO neutron_taas.services.taas.taas_plugin [None req-9a64cc89-d75f-4ba0-a071-fdecd03d70b7 e7b8e003a4784962b3953cbd3c5077a3 a9e58497247f4f8fa68654ee83b50477 - - default default] TaaS: Handle Delete Port: 6fe1124f-7f82-4892-b20f-6c5655abe990
2026-07-12 03:10:07.507 7 INFO neutron_taas.services.taas.tap_mirror_plugin [None req-9a64cc89-d75f-4ba0-a071-fdecd03d70b7 e7b8e003a4784962b3953cbd3c5077a3 a9e58497247f4f8fa68654ee83b50477 - - default default] Tap Mirror: Handle Delete Port: 6fe1124f-7f82-4892-b20f-6c5655abe990
2026-07-12 03:10:07.512 8 INFO neutron.services.segments.plugin [-] Client error retrieving segment a8ba66dd-97cc-499b-9962-0c7a9d7d7bba resource provider; error: Placement Client Error (4xx): {"errors": [{"status": 404, "title": "Not Found", "detail": "The resource could not be found.\n\n No resource provider with uuid a8ba66dd-97cc-499b-9962-0c7a9d7d7bba found for delete ", "request_id": "req-741dee33-6cf5-45e3-b203-8d7d1b7a6170"}]}
2026-07-12 03:10:07.517 8 INFO neutron.services.segments.plugin [-] Client error retrieving segment a8ba66dd-97cc-499b-9962-0c7a9d7d7bba resource provider; error: Placement Client Error (4xx): {"errors": [{"status": 404, "title": "Not Found", "detail": "The resource could not be found.\n\n No resource provider with uuid a8ba66dd-97cc-499b-9962-0c7a9d7d7bba found for delete ", "request_id": "req-f1e1a8cf-1f67-4292-8668-782afe2a5bfb"}]} [pid: 7|app: 0|req: 1145/2298] 10.0.0.12 () {32 vars in 718 bytes} [Sun Jul 12 03:10:07 2026] DELETE /v2.0/ports/6fe1124f-7f82-4892-b20f-6c5655abe990 => generated 0 bytes in 274 msecs (HTTP/1.1 204) 3 headers in 131 bytes (1 switches on core 0) [pid: 8|app: 0|req: 1154/2299] 10.0.0.12 () {32 vars in 722 bytes} [Sun Jul 12 03:10:07 2026] DELETE /v2.0/routers/33c08da2-fc8d-43b6-8293-911922197750 => generated 0 bytes in 202 msecs (HTTP/1.1 204) 2 headers in 112 bytes (1 switches on core 0)
2026-07-12 03:10:07.774 7 INFO neutron_taas.services.taas.taas_plugin [None req-a55b4c95-76fb-4600-b28a-3e24ef300906 e7b8e003a4784962b3953cbd3c5077a3 a9e58497247f4f8fa68654ee83b50477 - - default default] TaaS: Handle Delete Port: 9f96a55c-f6cb-462b-9335-bdfee9148f04
2026-07-12 03:10:07.777 7 INFO neutron_taas.services.taas.tap_mirror_plugin [None req-a55b4c95-76fb-4600-b28a-3e24ef300906 e7b8e003a4784962b3953cbd3c5077a3 a9e58497247f4f8fa68654ee83b50477 - - default default] Tap Mirror: Handle Delete Port: 9f96a55c-f6cb-462b-9335-bdfee9148f04 [pid: 7|app: 0|req: 1146/2300] 10.0.0.12 () {32 vars in 718 bytes} [Sun Jul 12 03:10:07 2026] DELETE /v2.0/ports/9f96a55c-f6cb-462b-9335-bdfee9148f04 => generated 0 bytes in 297 msecs (HTTP/1.1 204) 3 headers in 131 bytes (1 switches on core 0)
2026-07-12 03:10:08.024 8 WARNING neutron.db.securitygroups_db [None req-a07f7671-f483-4352-b364-7740a4634ee9 73c87c74924e43ec99d488a7201884e4 f31f3208ec054e73a3074958b07fa407 - - default default] project_id key not found in filters, using tenant_id instead. This support has been deprecated and will be removed in a future release. [pid: 8|app: 0|req: 1155/2301] 10.0.0.12 () {32 vars in 772 bytes} [Sun Jul 12 03:10:07 2026] GET /v2.0/security-groups?tenant_id=cd7466a9a6324c7ba18ce1c58c00e422&name=default => generated 2925 bytes in 280 msecs (HTTP/1.1 200) 4 headers in 158 bytes (1 switches on core 0)
2026-07-12 03:10:08.188 7 INFO neutron_taas.services.taas.taas_plugin [None req-f3092c93-2941-493d-be31-56613fe69889 e7b8e003a4784962b3953cbd3c5077a3 a9e58497247f4f8fa68654ee83b50477 - - default default] TaaS: Handle Delete Port: de8e6415-dcf4-4486-946c-63a3a6d00d36
2026-07-12 03:10:08.191 7 INFO neutron_taas.services.taas.tap_mirror_plugin [None req-f3092c93-2941-493d-be31-56613fe69889 e7b8e003a4784962b3953cbd3c5077a3 a9e58497247f4f8fa68654ee83b50477 - - default default] Tap Mirror: Handle Delete Port: de8e6415-dcf4-4486-946c-63a3a6d00d36 [pid: 7|app: 0|req: 1147/2302] 10.0.0.12 () {32 vars in 718 bytes} [Sun Jul 12 03:10:07 2026] DELETE /v2.0/ports/de8e6415-dcf4-4486-946c-63a3a6d00d36 => generated 0 bytes in 365 msecs (HTTP/1.1 204) 3 headers in 131 bytes (1 switches on core 0) [pid: 8|app: 0|req: 1156/2303] 10.0.0.12 () {32 vars in 738 bytes} [Sun Jul 12 03:10:08 2026] DELETE /v2.0/security-groups/1ac3fb11-9319-4220-95fa-ef0af16f8938 => generated 0 bytes in 280 msecs (HTTP/1.1 204) 2 headers in 112 bytes (1 switches on core 0)
2026-07-12 03:10:08.459 7 INFO neutron_taas.services.taas.taas_plugin [None req-6e1d6cd6-8e7d-4e7e-8c00-c366fab64c2c e7b8e003a4784962b3953cbd3c5077a3 a9e58497247f4f8fa68654ee83b50477 - - default default] TaaS: Handle Delete Port: fe6a0190-87d6-4171-b881-de0dfa44712c
2026-07-12 03:10:08.462 7 INFO neutron_taas.services.taas.tap_mirror_plugin [None req-6e1d6cd6-8e7d-4e7e-8c00-c366fab64c2c e7b8e003a4784962b3953cbd3c5077a3 a9e58497247f4f8fa68654ee83b50477 - - default default] Tap Mirror: Handle Delete Port: fe6a0190-87d6-4171-b881-de0dfa44712c
2026-07-12 03:10:08.490 8 WARNING neutron.db.securitygroups_db [None req-be87e0b4-e880-4492-8e4d-681616b40271 73c87c74924e43ec99d488a7201884e4 f31f3208ec054e73a3074958b07fa407 - - default default] project_id key not found in filters, using tenant_id instead. This support has been deprecated and will be removed in a future release. [pid: 7|app: 0|req: 1148/2304] 10.0.0.12 () {32 vars in 718 bytes} [Sun Jul 12 03:10:08 2026] DELETE /v2.0/ports/fe6a0190-87d6-4171-b881-de0dfa44712c => generated 0 bytes in 263 msecs (HTTP/1.1 204) 3 headers in 131 bytes (1 switches on core 0)
2026-07-12 03:10:08.644 8 INFO neutron.db.ovn_revision_numbers_db [None req-be87e0b4-e880-4492-8e4d-681616b40271 73c87c74924e43ec99d488a7201884e4 f31f3208ec054e73a3074958b07fa407 - - default default] Successfully bumped revision number for resource 07a972bb-a0b2-4f2b-b558-e074d3768ff6 (type: security_groups) to 1
2026-07-12 03:10:08.655 8 INFO neutron.db.ovn_revision_numbers_db [None req-be87e0b4-e880-4492-8e4d-681616b40271 73c87c74924e43ec99d488a7201884e4 f31f3208ec054e73a3074958b07fa407 - - default default] Successfully bumped revision number for resource 0d89822b-37c6-4ded-adc4-d517abda3194 (type: security_group_rules) to 0
2026-07-12 03:10:08.671 8 INFO neutron.db.ovn_revision_numbers_db [None req-be87e0b4-e880-4492-8e4d-681616b40271 73c87c74924e43ec99d488a7201884e4 f31f3208ec054e73a3074958b07fa407 - - default default] Successfully bumped revision number for resource 640c8525-9c20-4027-b80a-3e9132dab111 (type: security_group_rules) to 0
2026-07-12 03:10:08.683 8 INFO neutron.db.ovn_revision_numbers_db [None req-be87e0b4-e880-4492-8e4d-681616b40271 73c87c74924e43ec99d488a7201884e4 f31f3208ec054e73a3074958b07fa407 - - default default] Successfully bumped revision number for resource 647888d8-ab44-41c4-802c-fd136297e6aa (type: security_group_rules) to 0
2026-07-12 03:10:08.694 8 INFO neutron.db.ovn_revision_numbers_db [None req-be87e0b4-e880-4492-8e4d-681616b40271 73c87c74924e43ec99d488a7201884e4 f31f3208ec054e73a3074958b07fa407 - - default default] Successfully bumped revision number for resource fe6e1446-1b66-4bb1-8420-faf0b6b48e54 (type: security_group_rules) to 0
2026-07-12 03:10:08.712 7 INFO neutron_taas.services.taas.taas_plugin [None req-aa1e08a3-0955-4c7e-b276-331dd821971e e7b8e003a4784962b3953cbd3c5077a3 a9e58497247f4f8fa68654ee83b50477 - - default default] TaaS: Handle Delete Port: d211d3a1-763a-4c43-bc65-25bdc3a25045
2026-07-12 03:10:08.716 7 INFO neutron_taas.services.taas.tap_mirror_plugin [None req-aa1e08a3-0955-4c7e-b276-331dd821971e e7b8e003a4784962b3953cbd3c5077a3 a9e58497247f4f8fa68654ee83b50477 - - default default] Tap Mirror: Handle Delete Port: d211d3a1-763a-4c43-bc65-25bdc3a25045 [pid: 8|app: 0|req: 1157/2305] 10.0.0.12 () {32 vars in 772 bytes} [Sun Jul 12 03:10:08 2026] GET /v2.0/security-groups?tenant_id=e0d94bd8a81844258fb6976a1e7bd6d5&name=default => generated 2929 bytes in 248 msecs (HTTP/1.1 200) 4 headers in 158 bytes (1 switches on core 0)
2026-07-12 03:10:08.830 8 WARNING neutron.db.securitygroups_db [None req-18b3f3c0-697a-4758-8017-901f2a8105f2 73c87c74924e43ec99d488a7201884e4 f31f3208ec054e73a3074958b07fa407 - - default default] project_id key not found in filters, using tenant_id instead. This support has been deprecated and will be removed in a future release. [pid: 7|app: 0|req: 1149/2306] 10.0.0.12 () {32 vars in 718 bytes} [Sun Jul 12 03:10:08 2026] DELETE /v2.0/ports/d211d3a1-763a-4c43-bc65-25bdc3a25045 => generated 0 bytes in 243 msecs (HTTP/1.1 204) 3 headers in 131 bytes (1 switches on core 0)
2026-07-12 03:10:08.992 8 INFO neutron.db.ovn_revision_numbers_db [None req-18b3f3c0-697a-4758-8017-901f2a8105f2 73c87c74924e43ec99d488a7201884e4 f31f3208ec054e73a3074958b07fa407 - - default default] Successfully bumped revision number for resource bf4b1ef2-f11b-44ee-9c48-59b0c3a40e10 (type: security_groups) to 1
2026-07-12 03:10:09.019 8 INFO neutron.db.ovn_revision_numbers_db [None req-18b3f3c0-697a-4758-8017-901f2a8105f2 73c87c74924e43ec99d488a7201884e4 f31f3208ec054e73a3074958b07fa407 - - default default] Successfully bumped revision number for resource 0e8fa605-c804-4ab8-bf82-f6a4db61eec3 (type: security_group_rules) to 0
2026-07-12 03:10:09.039 8 INFO neutron.db.ovn_revision_numbers_db [None req-18b3f3c0-697a-4758-8017-901f2a8105f2 73c87c74924e43ec99d488a7201884e4 f31f3208ec054e73a3074958b07fa407 - - default default] Successfully bumped revision number for resource 57bb2573-227e-40e8-aa95-72ecd43551be (type: security_group_rules) to 0 [pid: 7|app: 0|req: 1150/2307] 10.0.0.12 () {32 vars in 738 bytes} [Sun Jul 12 03:10:08 2026] DELETE /v2.0/security-groups/07a972bb-a0b2-4f2b-b558-e074d3768ff6 => generated 0 bytes in 221 msecs (HTTP/1.1 204) 2 headers in 112 bytes (1 switches on core 0)
2026-07-12 03:10:09.060 8 INFO neutron.db.ovn_revision_numbers_db [None req-18b3f3c0-697a-4758-8017-901f2a8105f2 73c87c74924e43ec99d488a7201884e4 f31f3208ec054e73a3074958b07fa407 - - default default] Successfully bumped revision number for resource d008926f-ae96-4d84-8731-fd209ff36bb1 (type: security_group_rules) to 0
2026-07-12 03:10:09.076 8 INFO neutron.db.ovn_revision_numbers_db [None req-18b3f3c0-697a-4758-8017-901f2a8105f2 73c87c74924e43ec99d488a7201884e4 f31f3208ec054e73a3074958b07fa407 - - default default] Successfully bumped revision number for resource e602119e-1960-4079-9c56-36465fa6d058 (type: security_group_rules) to 0 [pid: 8|app: 0|req: 1158/2308] 10.0.0.12 () {32 vars in 772 bytes} [Sun Jul 12 03:10:08 2026] GET /v2.0/security-groups?tenant_id=dc854f7c363e4765bbe08b99bdbf7680&name=default => generated 2929 bytes in 385 msecs (HTTP/1.1 200) 4 headers in 158 bytes (1 switches on core 0)
2026-07-12 03:10:09.173 7 INFO neutron_taas.services.taas.taas_plugin [None req-435c444b-e129-4be0-814a-6b1bf49f877d e7b8e003a4784962b3953cbd3c5077a3 a9e58497247f4f8fa68654ee83b50477 - - default default] TaaS: Handle Delete Port: cec4f6d4-8e07-4ad2-96b7-803ba641cedb
2026-07-12 03:10:09.175 7 INFO neutron_taas.services.taas.tap_mirror_plugin [None req-435c444b-e129-4be0-814a-6b1bf49f877d e7b8e003a4784962b3953cbd3c5077a3 a9e58497247f4f8fa68654ee83b50477 - - default default] Tap Mirror: Handle Delete Port: cec4f6d4-8e07-4ad2-96b7-803ba641cedb [pid: 8|app: 0|req: 1159/2309] 10.0.0.12 () {32 vars in 738 bytes} [Sun Jul 12 03:10:09 2026] DELETE /v2.0/security-groups/bf4b1ef2-f11b-44ee-9c48-59b0c3a40e10 => generated 0 bytes in 189 msecs (HTTP/1.1 204) 2 headers in 112 bytes (1 switches on core 0)
2026-07-12 03:10:09.315 8 WARNING neutron.db.securitygroups_db [None req-57569ea3-6357-4d8b-ac44-e7b204061dd0 73c87c74924e43ec99d488a7201884e4 f31f3208ec054e73a3074958b07fa407 - - default default] project_id key not found in filters, using tenant_id instead. This support has been deprecated and will be removed in a future release.
2026-07-12 03:10:09.364 7 INFO neutron.services.segments.plugin [-] Segment 3f2465e1-85f0-4590-94ec-c905ded6c7ca resource provider aggregate not found
2026-07-12 03:10:09.370 7 INFO neutron.services.segments.plugin [-] Segment 3f2465e1-85f0-4590-94ec-c905ded6c7ca resource provider aggregate not found
2026-07-12 03:10:09.387 7 INFO neutron.services.segments.plugin [-] Client error retrieving segment 3f2465e1-85f0-4590-94ec-c905ded6c7ca resource provider; error: Placement Client Error (4xx): {"errors": [{"status": 404, "title": "Not Found", "detail": "The resource could not be found.\n\n No resource provider with uuid 3f2465e1-85f0-4590-94ec-c905ded6c7ca found for delete ", "request_id": "req-9419da05-8a9e-4c4b-8932-a15973f83782"}]}
2026-07-12 03:10:09.396 7 INFO neutron.services.segments.plugin [-] Client error retrieving segment 3f2465e1-85f0-4590-94ec-c905ded6c7ca resource provider; error: Placement Client Error (4xx): {"errors": [{"status": 404, "title": "Not Found", "detail": "The resource could not be found.\n\n No resource provider with uuid 3f2465e1-85f0-4590-94ec-c905ded6c7ca found for delete ", "request_id": "req-0d2aade4-2385-47b7-ac90-0496669f702f"}]}
2026-07-12 03:10:09.428 8 INFO neutron.db.ovn_revision_numbers_db [None req-57569ea3-6357-4d8b-ac44-e7b204061dd0 73c87c74924e43ec99d488a7201884e4 f31f3208ec054e73a3074958b07fa407 - - default default] Successfully bumped revision number for resource 4d3cb4fa-6806-4846-907e-1dc76fb93826 (type: security_groups) to 1 [pid: 7|app: 0|req: 1151/2310] 10.0.0.12 () {32 vars in 724 bytes} [Sun Jul 12 03:10:09 2026] DELETE /v2.0/networks/841f7852-39b2-4b1c-9832-7941836009dd => generated 0 bytes in 380 msecs (HTTP/1.1 204) 3 headers in 131 bytes (1 switches on core 0)
2026-07-12 03:10:09.441 8 INFO neutron.db.ovn_revision_numbers_db [None req-57569ea3-6357-4d8b-ac44-e7b204061dd0 73c87c74924e43ec99d488a7201884e4 f31f3208ec054e73a3074958b07fa407 - - default default] Successfully bumped revision number for resource 069382d9-f2e4-436b-be38-752144de5288 (type: security_group_rules) to 0
2026-07-12 03:10:09.453 8 INFO neutron.db.ovn_revision_numbers_db [None req-57569ea3-6357-4d8b-ac44-e7b204061dd0 73c87c74924e43ec99d488a7201884e4 f31f3208ec054e73a3074958b07fa407 - - default default] Successfully bumped revision number for resource 15e84eef-045c-4474-8179-4a3a5e0fad8f (type: security_group_rules) to 0
2026-07-12 03:10:09.463 8 INFO neutron.db.ovn_revision_numbers_db [None req-57569ea3-6357-4d8b-ac44-e7b204061dd0 73c87c74924e43ec99d488a7201884e4 f31f3208ec054e73a3074958b07fa407 - - default default] Successfully bumped revision number for resource 7204f263-76d7-4681-a216-5f6359497121 (type: security_group_rules) to 0
2026-07-12 03:10:09.474 8 INFO neutron.db.ovn_revision_numbers_db [None req-57569ea3-6357-4d8b-ac44-e7b204061dd0 73c87c74924e43ec99d488a7201884e4 f31f3208ec054e73a3074958b07fa407 - - default default] Successfully bumped revision number for resource a5c36f65-4909-4faa-99e4-ba6a58ee823d (type: security_group_rules) to 0 [pid: 8|app: 0|req: 1160/2311] 10.0.0.12 () {32 vars in 772 bytes} [Sun Jul 12 03:10:09 2026] GET /v2.0/security-groups?tenant_id=2dadbd92753b46f4827008a7b90608f4&name=default => generated 2929 bytes in 194 msecs (HTTP/1.1 200) 4 headers in 158 bytes (1 switches on core 0)
2026-07-12 03:10:09.511 8 WARNING neutron.db.securitygroups_db [None req-13eeb21f-c11e-47b1-aac9-694e7350ef55 73c87c74924e43ec99d488a7201884e4 f31f3208ec054e73a3074958b07fa407 - - default default] project_id key not found in filters, using tenant_id instead. This support has been deprecated and will be removed in a future release.
2026-07-12 03:10:09.560 7 INFO neutron_taas.services.taas.taas_plugin [None req-590ff328-c1a3-4713-84d8-a736f4e5f1c5 e7b8e003a4784962b3953cbd3c5077a3 a9e58497247f4f8fa68654ee83b50477 - - default default] TaaS: Handle Delete Port: 55d02d08-7482-4dea-9b0c-686e08ce37db
2026-07-12 03:10:09.563 7 INFO neutron_taas.services.taas.tap_mirror_plugin [None req-590ff328-c1a3-4713-84d8-a736f4e5f1c5 e7b8e003a4784962b3953cbd3c5077a3 a9e58497247f4f8fa68654ee83b50477 - - default default] Tap Mirror: Handle Delete Port: 55d02d08-7482-4dea-9b0c-686e08ce37db
2026-07-12 03:10:09.644 8 INFO neutron.db.ovn_revision_numbers_db [None req-13eeb21f-c11e-47b1-aac9-694e7350ef55 73c87c74924e43ec99d488a7201884e4 f31f3208ec054e73a3074958b07fa407 - - default default] Successfully bumped revision number for resource d73ee368-6394-4483-b98c-9c069c30f784 (type: security_groups) to 1
2026-07-12 03:10:09.656 8 INFO neutron.db.ovn_revision_numbers_db [None req-13eeb21f-c11e-47b1-aac9-694e7350ef55 73c87c74924e43ec99d488a7201884e4 f31f3208ec054e73a3074958b07fa407 - - default default] Successfully bumped revision number for resource 20c8cc69-2807-41f7-8253-35675f64b352 (type: security_group_rules) to 0
2026-07-12 03:10:09.683 8 INFO neutron.db.ovn_revision_numbers_db [None req-13eeb21f-c11e-47b1-aac9-694e7350ef55 73c87c74924e43ec99d488a7201884e4 f31f3208ec054e73a3074958b07fa407 - - default default] Successfully bumped revision number for resource 265ce3a3-a9ee-4ede-8d36-0a5823562b1b (type: security_group_rules) to 0
2026-07-12 03:10:09.696 8 INFO neutron.db.ovn_revision_numbers_db [None req-13eeb21f-c11e-47b1-aac9-694e7350ef55 73c87c74924e43ec99d488a7201884e4 f31f3208ec054e73a3074958b07fa407 - - default default] Successfully bumped revision number for resource 44733eda-b3d2-4352-9195-d1b3c9afc76a (type: security_group_rules) to 0
2026-07-12 03:10:09.709 8 INFO neutron.db.ovn_revision_numbers_db [None req-13eeb21f-c11e-47b1-aac9-694e7350ef55 73c87c74924e43ec99d488a7201884e4 f31f3208ec054e73a3074958b07fa407 - - default default] Successfully bumped revision number for resource b4f33da0-ec65-4006-8163-ace914fe66f5 (type: security_group_rules) to 0 [pid: 8|app: 0|req: 1161/2312] 10.0.0.12 () {32 vars in 772 bytes} [Sun Jul 12 03:10:09 2026] GET /v2.0/security-groups?tenant_id=b1f3b4b5979f469ab0bbb2506412fb32&name=default => generated 2929 bytes in 240 msecs (HTTP/1.1 200) 4 headers in 158 bytes (1 switches on core 0) [pid: 7|app: 0|req: 1152/2313] 10.0.0.12 () {32 vars in 724 bytes} [Sun Jul 12 03:10:09 2026] DELETE /v2.0/networks/236d2af1-165c-4ee7-88b8-a7618124cbb6 => generated 0 bytes in 328 msecs (HTTP/1.1 204) 3 headers in 131 bytes (1 switches on core 0) [pid: 8|app: 0|req: 1162/2314] 10.0.0.12 () {32 vars in 738 bytes} [Sun Jul 12 03:10:09 2026] DELETE /v2.0/security-groups/4d3cb4fa-6806-4846-907e-1dc76fb93826 => generated 0 bytes in 208 msecs (HTTP/1.1 204) 2 headers in 112 bytes (1 switches on core 0) [pid: 7|app: 0|req: 1153/2315] 10.0.0.12 () {32 vars in 738 bytes} [Sun Jul 12 03:10:09 2026] DELETE /v2.0/security-groups/d73ee368-6394-4483-b98c-9c069c30f784 => generated 0 bytes in 191 msecs (HTTP/1.1 204) 2 headers in 112 bytes (1 switches on core 0)
2026-07-12 03:10:10.103 8 INFO neutron_taas.services.taas.taas_plugin [None req-e3eb1465-f707-41f6-9138-f50e2191f49b e7b8e003a4784962b3953cbd3c5077a3 a9e58497247f4f8fa68654ee83b50477 - - default default] TaaS: Handle Delete Port: 317435fe-5823-4f09-87ab-a795e31bb085
2026-07-12 03:10:10.106 8 INFO neutron_taas.services.taas.tap_mirror_plugin [None req-e3eb1465-f707-41f6-9138-f50e2191f49b e7b8e003a4784962b3953cbd3c5077a3 a9e58497247f4f8fa68654ee83b50477 - - default default] Tap Mirror: Handle Delete Port: 317435fe-5823-4f09-87ab-a795e31bb085
2026-07-12 03:10:10.333 8 INFO neutron.services.segments.plugin [-] Segment c70951fa-c82c-4571-a3b9-61ab46f23dd3 resource provider aggregate not found
2026-07-12 03:10:10.337 8 INFO neutron.services.segments.plugin [-] Segment c70951fa-c82c-4571-a3b9-61ab46f23dd3 resource provider aggregate not found
2026-07-12 03:10:10.359 8 INFO neutron.services.segments.plugin [-] Client error retrieving segment c70951fa-c82c-4571-a3b9-61ab46f23dd3 resource provider; error: Placement Client Error (4xx): {"errors": [{"status": 404, "title": "Not Found", "detail": "The resource could not be found.\n\n No resource provider with uuid c70951fa-c82c-4571-a3b9-61ab46f23dd3 found for delete ", "request_id": "req-df2b7158-aa2b-42ab-afe6-e8b92a4045ed"}]}
2026-07-12 03:10:10.366 8 INFO neutron.services.segments.plugin [-] Client error retrieving segment c70951fa-c82c-4571-a3b9-61ab46f23dd3 resource provider; error: Placement Client Error (4xx): {"errors": [{"status": 404, "title": "Not Found", "detail": "The resource could not be found.\n\n No resource provider with uuid c70951fa-c82c-4571-a3b9-61ab46f23dd3 found for delete ", "request_id": "req-234852e4-e90b-4670-a953-0fbbff85a62d"}]} [pid: 8|app: 0|req: 1163/2316] 10.0.0.12 () {32 vars in 724 bytes} [Sun Jul 12 03:10:09 2026] DELETE /v2.0/networks/100a9891-a44d-4d41-88c0-a159e19c18a6 => generated 0 bytes in 430 msecs (HTTP/1.1 204) 3 headers in 131 bytes (1 switches on core 0)
2026-07-12 03:10:10.542 7 INFO neutron_taas.services.taas.taas_plugin [None req-6401aaa2-e490-4bb2-852f-b157e92af3c2 e7b8e003a4784962b3953cbd3c5077a3 a9e58497247f4f8fa68654ee83b50477 - - default default] TaaS: Handle Delete Port: 0369824a-1a4e-4d59-bb1e-01f462bffa8f
2026-07-12 03:10:10.545 7 INFO neutron_taas.services.taas.tap_mirror_plugin [None req-6401aaa2-e490-4bb2-852f-b157e92af3c2 e7b8e003a4784962b3953cbd3c5077a3 a9e58497247f4f8fa68654ee83b50477 - - default default] Tap Mirror: Handle Delete Port: 0369824a-1a4e-4d59-bb1e-01f462bffa8f [pid: 7|app: 0|req: 1154/2317] 10.0.0.12 () {32 vars in 724 bytes} [Sun Jul 12 03:10:10 2026] DELETE /v2.0/networks/a29eda57-444b-4c3f-b085-998e82c928a0 => generated 0 bytes in 403 msecs (HTTP/1.1 204) 3 headers in 131 bytes (1 switches on core 0)
2026-07-12 03:10:10.916 8 INFO neutron_taas.services.taas.taas_plugin [None req-f621dedc-5c69-496a-98eb-f463ad3ed6d3 e7b8e003a4784962b3953cbd3c5077a3 a9e58497247f4f8fa68654ee83b50477 - - default default] TaaS: Handle Delete Port: d1ef4581-bd90-4706-9037-9ab7a92e6f24
2026-07-12 03:10:10.920 8 INFO neutron_taas.services.taas.tap_mirror_plugin [None req-f621dedc-5c69-496a-98eb-f463ad3ed6d3 e7b8e003a4784962b3953cbd3c5077a3 a9e58497247f4f8fa68654ee83b50477 - - default default] Tap Mirror: Handle Delete Port: d1ef4581-bd90-4706-9037-9ab7a92e6f24 [pid: 8|app: 0|req: 1164/2318] 10.0.0.12 () {32 vars in 724 bytes} [Sun Jul 12 03:10:10 2026] DELETE /v2.0/networks/713da661-9964-490d-bfb9-28a0801389c3 => generated 0 bytes in 322 msecs (HTTP/1.1 204) 3 headers in 131 bytes (1 switches on core 0)
2026-07-12 03:10:11.403 7 INFO neutron.services.segments.plugin [-] Segment 2c31c405-dcc3-4778-b8db-a231b1b71d4e resource provider aggregate not found
2026-07-12 03:10:11.412 7 INFO neutron.services.segments.plugin [-] Segment 2c31c405-dcc3-4778-b8db-a231b1b71d4e resource provider aggregate not found
2026-07-12 03:10:11.419 7 INFO neutron.services.segments.plugin [-] Client error retrieving segment 2c31c405-dcc3-4778-b8db-a231b1b71d4e resource provider; error: Placement Client Error (4xx): {"errors": [{"status": 404, "title": "Not Found", "detail": "The resource could not be found.\n\n No resource provider with uuid 2c31c405-dcc3-4778-b8db-a231b1b71d4e found for delete ", "request_id": "req-cc9fcb93-171e-4ae6-85dc-31c2da0370ab"}]}
2026-07-12 03:10:11.427 7 INFO neutron.services.segments.plugin [-] Client error retrieving segment 2c31c405-dcc3-4778-b8db-a231b1b71d4e resource provider; error: Placement Client Error (4xx): {"errors": [{"status": 404, "title": "Not Found", "detail": "The resource could not be found.\n\n No resource provider with uuid 2c31c405-dcc3-4778-b8db-a231b1b71d4e found for delete ", "request_id": "req-bcb0edc6-018b-441b-9f63-6616373c9338"}]}
2026-07-12 03:10:11.439 7 INFO neutron.services.segments.plugin [-] Segment 100aab62-341a-4c13-961b-3b3e71ccf581 resource provider aggregate not found
2026-07-12 03:10:11.443 7 INFO neutron.services.segments.plugin [-] Segment 100aab62-341a-4c13-961b-3b3e71ccf581 resource provider aggregate not found
2026-07-12 03:10:11.459 7 INFO neutron.services.segments.plugin [-] Client error retrieving segment 100aab62-341a-4c13-961b-3b3e71ccf581 resource provider; error: Placement Client Error (4xx): {"errors": [{"status": 404, "title": "Not Found", "detail": "The resource could not be found.\n\n No resource provider with uuid 100aab62-341a-4c13-961b-3b3e71ccf581 found for delete ", "request_id": "req-6fa03a29-d181-4f5e-a80d-1929519a5cb9"}]}
2026-07-12 03:10:11.460 7 INFO neutron.services.segments.plugin [-] Client error retrieving segment 100aab62-341a-4c13-961b-3b3e71ccf581 resource provider; error: Placement Client Error (4xx): {"errors": [{"status": 404, "title": "Not Found", "detail": "The resource could not be found.\n\n No resource provider with uuid 100aab62-341a-4c13-961b-3b3e71ccf581 found for delete ", "request_id": "req-6bdbd66f-f0f7-4ff2-af72-c8926f480ad1"}]}
2026-07-12 03:10:12.055 7 WARNING neutron.db.securitygroups_db [None req-242fb8fb-d16a-4043-b711-c261015f2857 73c87c74924e43ec99d488a7201884e4 f31f3208ec054e73a3074958b07fa407 - - default default] project_id key not found in filters, using tenant_id instead. This support has been deprecated and will be removed in a future release.
2026-07-12 03:10:12.205 7 INFO neutron.db.ovn_revision_numbers_db [None req-242fb8fb-d16a-4043-b711-c261015f2857 73c87c74924e43ec99d488a7201884e4 f31f3208ec054e73a3074958b07fa407 - - default default] Successfully bumped revision number for resource b8bbbb77-7e93-4637-91ad-0bbeefb741d9 (type: security_groups) to 1
2026-07-12 03:10:12.217 7 INFO neutron.db.ovn_revision_numbers_db [None req-242fb8fb-d16a-4043-b711-c261015f2857 73c87c74924e43ec99d488a7201884e4 f31f3208ec054e73a3074958b07fa407 - - default default] Successfully bumped revision number for resource 18bd3648-0077-494e-a3f3-b65ebbcf2be7 (type: security_group_rules) to 0
2026-07-12 03:10:12.231 7 INFO neutron.db.ovn_revision_numbers_db [None req-242fb8fb-d16a-4043-b711-c261015f2857 73c87c74924e43ec99d488a7201884e4 f31f3208ec054e73a3074958b07fa407 - - default default] Successfully bumped revision number for resource ea89a219-4e1e-4142-bd10-ecf423986f7f (type: security_group_rules) to 0
2026-07-12 03:10:12.243 7 INFO neutron.db.ovn_revision_numbers_db [None req-242fb8fb-d16a-4043-b711-c261015f2857 73c87c74924e43ec99d488a7201884e4 f31f3208ec054e73a3074958b07fa407 - - default default] Successfully bumped revision number for resource eb631e51-818f-4fd2-9438-a0b9fbeab209 (type: security_group_rules) to 0
2026-07-12 03:10:12.255 7 INFO neutron.db.ovn_revision_numbers_db [None req-242fb8fb-d16a-4043-b711-c261015f2857 73c87c74924e43ec99d488a7201884e4 f31f3208ec054e73a3074958b07fa407 - - default default] Successfully bumped revision number for resource f8f01ff0-2c72-49eb-beab-d7040cc42201 (type: security_group_rules) to 0 [pid: 7|app: 0|req: 1155/2319] 10.0.0.12 () {32 vars in 772 bytes} [Sun Jul 12 03:10:11 2026] GET /v2.0/security-groups?tenant_id=c55a48de642f4666859d749a89fbf306&name=default => generated 2929 bytes in 373 msecs (HTTP/1.1 200) 4 headers in 158 bytes (1 switches on core 0)
2026-07-12 03:10:12.383 8 INFO neutron.services.segments.plugin [-] Segment 3342cf2d-88aa-4c2a-a1bf-1862197e0720 resource provider aggregate not found
2026-07-12 03:10:12.391 8 INFO neutron.services.segments.plugin [-] Segment 3342cf2d-88aa-4c2a-a1bf-1862197e0720 resource provider aggregate not found
2026-07-12 03:10:12.408 8 INFO neutron.services.segments.plugin [-] Client error retrieving segment 3342cf2d-88aa-4c2a-a1bf-1862197e0720 resource provider; error: Placement Client Error (4xx): {"errors": [{"status": 404, "title": "Not Found", "detail": "The resource could not be found.\n\n No resource provider with uuid 3342cf2d-88aa-4c2a-a1bf-1862197e0720 found for delete ", "request_id": "req-9ffde250-3e40-4b57-b8a5-56debde35136"}]}
2026-07-12 03:10:12.410 8 INFO neutron.services.segments.plugin [-] Client error retrieving segment 3342cf2d-88aa-4c2a-a1bf-1862197e0720 resource provider; error: Placement Client Error (4xx): {"errors": [{"status": 404, "title": "Not Found", "detail": "The resource could not be found.\n\n No resource provider with uuid 3342cf2d-88aa-4c2a-a1bf-1862197e0720 found for delete ", "request_id": "req-4f95a359-e053-46e6-85f3-8ed3c1cf5fbc"}]} [pid: 8|app: 0|req: 1165/2320] 10.0.0.12 () {32 vars in 738 bytes} [Sun Jul 12 03:10:12 2026] DELETE /v2.0/security-groups/b8bbbb77-7e93-4637-91ad-0bbeefb741d9 => generated 0 bytes in 210 msecs (HTTP/1.1 204) 2 headers in 112 bytes (1 switches on core 0)
2026-07-12 03:10:12.653 7 WARNING neutron.db.securitygroups_db [None req-6b5ab5fc-0389-4a53-8360-d003083c2626 73c87c74924e43ec99d488a7201884e4 f31f3208ec054e73a3074958b07fa407 - - default default] project_id key not found in filters, using tenant_id instead. This support has been deprecated and will be removed in a future release. [pid: 7|app: 0|req: 1156/2321] 10.0.0.12 () {32 vars in 772 bytes} [Sun Jul 12 03:10:12 2026] GET /v2.0/security-groups?tenant_id=a9e58497247f4f8fa68654ee83b50477&name=default => generated 2925 bytes in 32 msecs (HTTP/1.1 200) 4 headers in 158 bytes (1 switches on core 0) [pid: 8|app: 0|req: 1166/2322] 10.0.0.12 () {32 vars in 738 bytes} [Sun Jul 12 03:10:12 2026] DELETE /v2.0/security-groups/31986691-9fa6-4649-a21c-80a945956b4b => generated 0 bytes in 213 msecs (HTTP/1.1 204) 2 headers in 112 bytes (1 switches on core 0)
2026-07-12 03:10:13.168 8 WARNING neutron.db.securitygroups_db [None req-dd9f3fe1-cfa4-447e-8f0a-5daecc263a5c 73c87c74924e43ec99d488a7201884e4 f31f3208ec054e73a3074958b07fa407 - - default default] project_id key not found in filters, using tenant_id instead. This support has been deprecated and will be removed in a future release.
2026-07-12 03:10:13.324 8 INFO neutron.db.ovn_revision_numbers_db [None req-dd9f3fe1-cfa4-447e-8f0a-5daecc263a5c 73c87c74924e43ec99d488a7201884e4 f31f3208ec054e73a3074958b07fa407 - - default default] Successfully bumped revision number for resource 973f7ef9-b8a4-4bd6-849e-481d2e026609 (type: security_groups) to 1
2026-07-12 03:10:13.340 8 INFO neutron.db.ovn_revision_numbers_db [None req-dd9f3fe1-cfa4-447e-8f0a-5daecc263a5c 73c87c74924e43ec99d488a7201884e4 f31f3208ec054e73a3074958b07fa407 - - default default] Successfully bumped revision number for resource 04915d1b-9d6a-47df-a802-29586d1daf5b (type: security_group_rules) to 0
2026-07-12 03:10:13.356 8 INFO neutron.db.ovn_revision_numbers_db [None req-dd9f3fe1-cfa4-447e-8f0a-5daecc263a5c 73c87c74924e43ec99d488a7201884e4 f31f3208ec054e73a3074958b07fa407 - - default default] Successfully bumped revision number for resource 65a0f2a5-fa2f-4094-8e9e-7ac8c9985b2e (type: security_group_rules) to 0
2026-07-12 03:10:13.374 8 INFO neutron.db.ovn_revision_numbers_db [None req-dd9f3fe1-cfa4-447e-8f0a-5daecc263a5c 73c87c74924e43ec99d488a7201884e4 f31f3208ec054e73a3074958b07fa407 - - default default] Successfully bumped revision number for resource 83364cf9-f25c-4003-bfb6-81cd601f98ed (type: security_group_rules) to 0
2026-07-12 03:10:13.391 8 INFO neutron.db.ovn_revision_numbers_db [None req-dd9f3fe1-cfa4-447e-8f0a-5daecc263a5c 73c87c74924e43ec99d488a7201884e4 f31f3208ec054e73a3074958b07fa407 - - default default] Successfully bumped revision number for resource e514c59d-3f8c-4316-960c-7802e4ccaf3b (type: security_group_rules) to 0 [pid: 8|app: 0|req: 1167/2323] 10.0.0.12 () {32 vars in 772 bytes} [Sun Jul 12 03:10:13 2026] GET /v2.0/security-groups?tenant_id=ecfe36a03130448cb9d1242f6a5761a8&name=default => generated 2929 bytes in 269 msecs (HTTP/1.1 200) 4 headers in 158 bytes (1 switches on core 0)
2026-07-12 03:10:13.464 7 INFO neutron.db.ovn_revision_numbers_db [None req-0cb6ab2f-40f9-4c6b-9dbc-31ac6ef692ec 58e569b3e263429185a76abf2e361242 e5b294463aaf4878b6aaa5c410c8afeb - - default default] Successfully bumped revision number for resource 5be9c10c-4463-489e-b27f-bc8b4922c631 (type: security_groups) to 1
2026-07-12 03:10:13.481 7 INFO neutron.db.ovn_revision_numbers_db [None req-0cb6ab2f-40f9-4c6b-9dbc-31ac6ef692ec 58e569b3e263429185a76abf2e361242 e5b294463aaf4878b6aaa5c410c8afeb - - default default] Successfully bumped revision number for resource 5427d6c4-3444-4718-9c73-dc0b7ef45fb5 (type: security_group_rules) to 0
2026-07-12 03:10:13.494 7 INFO neutron.db.ovn_revision_numbers_db [None req-0cb6ab2f-40f9-4c6b-9dbc-31ac6ef692ec 58e569b3e263429185a76abf2e361242 e5b294463aaf4878b6aaa5c410c8afeb - - default default] Successfully bumped revision number for resource a5e78379-0788-403c-96c2-454238affe74 (type: security_group_rules) to 0
2026-07-12 03:10:13.506 7 INFO neutron.db.ovn_revision_numbers_db [None req-0cb6ab2f-40f9-4c6b-9dbc-31ac6ef692ec 58e569b3e263429185a76abf2e361242 e5b294463aaf4878b6aaa5c410c8afeb - - default default] Successfully bumped revision number for resource b7a33ba6-b1a5-4277-8e29-cc9f5b069aa6 (type: security_group_rules) to 0
2026-07-12 03:10:13.518 7 INFO neutron.db.ovn_revision_numbers_db [None req-0cb6ab2f-40f9-4c6b-9dbc-31ac6ef692ec 58e569b3e263429185a76abf2e361242 e5b294463aaf4878b6aaa5c410c8afeb - - default default] Successfully bumped revision number for resource c21bc697-86d7-42c9-bda3-3c4ed44191f8 (type: security_group_rules) to 0
2026-07-12 03:10:13.613 7 INFO neutron.db.segments_db [None req-0cb6ab2f-40f9-4c6b-9dbc-31ac6ef692ec 58e569b3e263429185a76abf2e361242 e5b294463aaf4878b6aaa5c410c8afeb - - default default] Added segment cbcedc18-2188-45b7-b18f-8900f50904b7 of type geneve for network 37bc2d70-fa3b-41a3-ab77-b40a347e77ac
2026-07-12 03:10:13.640 8 INFO neutron.db.ovn_revision_numbers_db [None req-2a55218d-d8e1-494b-9009-92ac9eeb0f0b 4df31c5517824a55ba798bf3715494c8 98ac71de423045e1a958cf104b1079b5 - - default default] Successfully bumped revision number for resource 9f264e68-b4ba-4eed-9e75-62c7dd7c6ae3 (type: security_groups) to 1
2026-07-12 03:10:13.653 8 INFO neutron.db.ovn_revision_numbers_db [None req-2a55218d-d8e1-494b-9009-92ac9eeb0f0b 4df31c5517824a55ba798bf3715494c8 98ac71de423045e1a958cf104b1079b5 - - default default] Successfully bumped revision number for resource 126f7973-4b6c-453e-8717-415c161e4cdb (type: security_group_rules) to 0
2026-07-12 03:10:13.666 8 INFO neutron.db.ovn_revision_numbers_db [None req-2a55218d-d8e1-494b-9009-92ac9eeb0f0b 4df31c5517824a55ba798bf3715494c8 98ac71de423045e1a958cf104b1079b5 - - default default] Successfully bumped revision number for resource 3d3b38aa-3efa-45ec-9ecb-baa58a737eb2 (type: security_group_rules) to 0
2026-07-12 03:10:13.677 8 INFO neutron.db.ovn_revision_numbers_db [None req-2a55218d-d8e1-494b-9009-92ac9eeb0f0b 4df31c5517824a55ba798bf3715494c8 98ac71de423045e1a958cf104b1079b5 - - default default] Successfully bumped revision number for resource 49009b2f-c8ad-49a1-9d75-378d5c7a8ed1 (type: security_group_rules) to 0
2026-07-12 03:10:13.690 8 INFO neutron.db.ovn_revision_numbers_db [None req-2a55218d-d8e1-494b-9009-92ac9eeb0f0b 4df31c5517824a55ba798bf3715494c8 98ac71de423045e1a958cf104b1079b5 - - default default] Successfully bumped revision number for resource 718384d3-2531-45ec-9ffc-1df3a71d989a (type: security_group_rules) to 0
2026-07-12 03:10:13.731 7 INFO neutron.db.ovn_revision_numbers_db [None req-0cb6ab2f-40f9-4c6b-9dbc-31ac6ef692ec 58e569b3e263429185a76abf2e361242 e5b294463aaf4878b6aaa5c410c8afeb - - default default] Successfully bumped revision number for resource 37bc2d70-fa3b-41a3-ab77-b40a347e77ac (type: networks) to 1
2026-07-12 03:10:13.836 8 INFO neutron.db.ovn_revision_numbers_db [None req-2a55218d-d8e1-494b-9009-92ac9eeb0f0b 4df31c5517824a55ba798bf3715494c8 98ac71de423045e1a958cf104b1079b5 - - default default] Successfully bumped revision number for resource 30d026bc-6ea1-48d7-b6fa-fb2307ec463c (type: security_groups) to 1
2026-07-12 03:10:13.848 8 INFO neutron.db.ovn_revision_numbers_db [None req-2a55218d-d8e1-494b-9009-92ac9eeb0f0b 4df31c5517824a55ba798bf3715494c8 98ac71de423045e1a958cf104b1079b5 - - default default] Successfully bumped revision number for resource 1db89873-b8a7-4685-b0fa-4b96559f44c7 (type: security_group_rules) to 0
2026-07-12 03:10:13.859 8 INFO neutron.db.ovn_revision_numbers_db [None req-2a55218d-d8e1-494b-9009-92ac9eeb0f0b 4df31c5517824a55ba798bf3715494c8 98ac71de423045e1a958cf104b1079b5 - - default default] Successfully bumped revision number for resource 29c21ab8-61ca-4f8a-83ca-56e087421cae (type: security_group_rules) to 0 [pid: 8|app: 0|req: 1168/2324] 10.0.0.12 () {34 vars in 682 bytes} [Sun Jul 12 03:10:13 2026] POST /v2.0/security-groups => generated 1603 bytes in 463 msecs (HTTP/1.1 201) 4 headers in 163 bytes (1 switches on core 0)
2026-07-12 03:10:13.934 7 WARNING neutron.scheduler.dhcp_agent_scheduler [None req-0cb6ab2f-40f9-4c6b-9dbc-31ac6ef692ec 58e569b3e263429185a76abf2e361242 e5b294463aaf4878b6aaa5c410c8afeb - - default default] No more DHCP agents
2026-07-12 03:10:13.937 7 WARNING neutron.api.rpc.agentnotifiers.dhcp_rpc_agent_api [None req-0cb6ab2f-40f9-4c6b-9dbc-31ac6ef692ec 58e569b3e263429185a76abf2e361242 e5b294463aaf4878b6aaa5c410c8afeb - - default default] Unable to schedule network 37bc2d70-fa3b-41a3-ab77-b40a347e77ac: no agents available; will retry on subsequent port and subnet creation events.
2026-07-12 03:10:14.035 7 INFO neutron.db.ovn_revision_numbers_db [None req-0cb6ab2f-40f9-4c6b-9dbc-31ac6ef692ec 58e569b3e263429185a76abf2e361242 e5b294463aaf4878b6aaa5c410c8afeb - - default default] Successfully bumped revision number for resource 3699aea9-2fab-4b22-88c2-d831941898f7 (type: ports) to 1
2026-07-12 03:10:14.053 8 INFO neutron.plugins.ml2.drivers.ovn.mech_driver.mech_driver [None req-c8e7484f-c793-4483-8037-ac915511db6a - - - - - -] OVN reports status down for port: 3699aea9-2fab-4b22-88c2-d831941898f7 [pid: 7|app: 0|req: 1157/2325] 10.0.0.12 () {34 vars in 668 bytes} [Sun Jul 12 03:10:13 2026] POST /v2.0/networks => generated 665 bytes in 931 msecs (HTTP/1.1 201) 4 headers in 162 bytes (1 switches on core 0)
