2026-07-12 03:07:38.721 7 INFO neutron.api.v2.resource [None req-3e3c1fbe-87be-42f9-b92e-4530739da108 25f6e7bc1d7d463dbeee838bf5288e92 0810899467b8474b9b1ecc54662c2b7b - - default default] remove_router_interface failed (client error): The resource could not be found. [pid: 7|app: 0|req: 601/1257] 10.0.0.12 () {34 vars in 787 bytes} [Sun Jul 12 03:07:38 2026] PUT /v2.0/routers/274f5a7a-a4a5-4884-b96b-962f92e60ae3/remove_router_interface => generated 197 bytes in 93 msecs (HTTP/1.1 404) 4 headers in 164 bytes (1 switches on core 0) /var/lib/openstack/lib/python3.12/site-packages/pycadf/identifier.py:70: UserWarning: Invalid uuid: neutron. To ensure interoperability, identifiers should be a valid uuid. warnings.warn(('Invalid uuid: %s. To ensure interoperability, ' [pid: 8|app: 0|req: 657/1258] 10.0.0.12 () {32 vars in 734 bytes} [Sun Jul 12 03:07:38 2026] GET /v2.0/ports?device_id=274f5a7a-a4a5-4884-b96b-962f92e60ae3 => generated 12 bytes in 25 msecs (HTTP/1.1 200) 4 headers in 156 bytes (1 switches on core 0) [pid: 7|app: 0|req: 602/1259] 10.0.0.12 () {32 vars in 722 bytes} [Sun Jul 12 03:07:38 2026] DELETE /v2.0/routers/274f5a7a-a4a5-4884-b96b-962f92e60ae3 => generated 0 bytes in 193 msecs (HTTP/1.1 204) 2 headers in 112 bytes (1 switches on core 0) [pid: 8|app: 0|req: 658/1260] 10.0.0.12 () {32 vars in 722 bytes} [Sun Jul 12 03:07:38 2026] DELETE /v2.0/subnets/2af8fce1-099b-44af-9718-7fb467b3252f => generated 0 bytes in 168 msecs (HTTP/1.1 204) 3 headers in 131 bytes (1 switches on core 0)
2026-07-12 03:07:39.244 7 INFO neutron_taas.services.taas.taas_plugin [None req-7f1bae3d-57b7-4db5-b310-1c45c85413a8 25f6e7bc1d7d463dbeee838bf5288e92 0810899467b8474b9b1ecc54662c2b7b - - default default] TaaS: Handle Delete Port: a4f803f0-c054-418d-8961-8e94c6820763
2026-07-12 03:07:39.247 7 INFO neutron_taas.services.taas.tap_mirror_plugin [None req-7f1bae3d-57b7-4db5-b310-1c45c85413a8 25f6e7bc1d7d463dbeee838bf5288e92 0810899467b8474b9b1ecc54662c2b7b - - default default] Tap Mirror: Handle Delete Port: a4f803f0-c054-418d-8961-8e94c6820763 [pid: 7|app: 0|req: 603/1261] 10.0.0.12 () {32 vars in 724 bytes} [Sun Jul 12 03:07:39 2026] DELETE /v2.0/networks/6f382a68-7748-444a-83f3-2027f59031af => generated 0 bytes in 318 msecs (HTTP/1.1 204) 3 headers in 131 bytes (1 switches on core 0)
2026-07-12 03:07:39.532 8 INFO neutron.db.segments_db [None req-af181daa-c9dd-4c1c-a96b-d726508ebd47 25f6e7bc1d7d463dbeee838bf5288e92 0810899467b8474b9b1ecc54662c2b7b - - default default] Added segment 102cce10-87d8-4d08-9476-be2e90ca3fff of type geneve for network 0551afcd-501e-4360-91fd-231456427396
2026-07-12 03:07:39.643 8 INFO neutron.db.ovn_revision_numbers_db [None req-af181daa-c9dd-4c1c-a96b-d726508ebd47 25f6e7bc1d7d463dbeee838bf5288e92 0810899467b8474b9b1ecc54662c2b7b - - default default] Successfully bumped revision number for resource 0551afcd-501e-4360-91fd-231456427396 (type: networks) to 1
2026-07-12 03:07:39.742 7 INFO neutron.services.segments.plugin [-] Segment 17052b09-3042-4283-811c-5af2dff1cd2d resource provider aggregate not found
2026-07-12 03:07:39.755 7 INFO neutron.services.segments.plugin [-] Segment 17052b09-3042-4283-811c-5af2dff1cd2d resource provider aggregate not found
2026-07-12 03:07:39.759 7 INFO neutron.services.segments.plugin [-] Client error retrieving segment 17052b09-3042-4283-811c-5af2dff1cd2d resource provider; error: Placement Client Error (4xx): {"errors": [{"status": 404, "title": "Not Found", "detail": "The resource could not be found.\n\n No resource provider with uuid 17052b09-3042-4283-811c-5af2dff1cd2d found for delete ", "request_id": "req-641d4220-47da-4ba7-97b1-c982ed2210c7"}]}
2026-07-12 03:07:39.776 7 INFO neutron.services.segments.plugin [-] Client error retrieving segment 17052b09-3042-4283-811c-5af2dff1cd2d resource provider; error: Placement Client Error (4xx): {"errors": [{"status": 404, "title": "Not Found", "detail": "The resource could not be found.\n\n No resource provider with uuid 17052b09-3042-4283-811c-5af2dff1cd2d found for delete ", "request_id": "req-ed10d59f-12f6-47fb-bc55-c631cfe817ae"}]}
2026-07-12 03:07:39.824 8 WARNING neutron.scheduler.dhcp_agent_scheduler [None req-af181daa-c9dd-4c1c-a96b-d726508ebd47 25f6e7bc1d7d463dbeee838bf5288e92 0810899467b8474b9b1ecc54662c2b7b - - default default] No more DHCP agents
2026-07-12 03:07:39.827 8 WARNING neutron.api.rpc.agentnotifiers.dhcp_rpc_agent_api [None req-af181daa-c9dd-4c1c-a96b-d726508ebd47 25f6e7bc1d7d463dbeee838bf5288e92 0810899467b8474b9b1ecc54662c2b7b - - default default] Unable to schedule network 0551afcd-501e-4360-91fd-231456427396: no agents available; will retry on subsequent port and subnet creation events.
2026-07-12 03:07:39.924 8 INFO neutron.db.ovn_revision_numbers_db [None req-af181daa-c9dd-4c1c-a96b-d726508ebd47 25f6e7bc1d7d463dbeee838bf5288e92 0810899467b8474b9b1ecc54662c2b7b - - default default] Successfully bumped revision number for resource dc959085-2d4c-4249-941f-bb6b53fd356d (type: ports) to 1 [pid: 8|app: 0|req: 659/1262] 10.0.0.12 () {34 vars in 668 bytes} [Sun Jul 12 03:07:39 2026] POST /v2.0/networks => generated 672 bytes in 501 msecs (HTTP/1.1 201) 4 headers in 162 bytes (1 switches on core 0)
2026-07-12 03:07:40.139 7 WARNING neutron.scheduler.dhcp_agent_scheduler [None req-60b9c531-4694-4763-a9ec-27a70824f809 25f6e7bc1d7d463dbeee838bf5288e92 0810899467b8474b9b1ecc54662c2b7b - - default default] No more DHCP agents
2026-07-12 03:07:40.141 7 WARNING neutron.api.rpc.agentnotifiers.dhcp_rpc_agent_api [None req-60b9c531-4694-4763-a9ec-27a70824f809 25f6e7bc1d7d463dbeee838bf5288e92 0810899467b8474b9b1ecc54662c2b7b - - default default] Unable to schedule network 0551afcd-501e-4360-91fd-231456427396: no agents available; will retry on subsequent port and subnet creation events.
2026-07-12 03:07:40.169 7 INFO neutron.db.ovn_revision_numbers_db [None req-60b9c531-4694-4763-a9ec-27a70824f809 25f6e7bc1d7d463dbeee838bf5288e92 0810899467b8474b9b1ecc54662c2b7b - - default default] Successfully bumped revision number for resource 0e796a0d-cffb-4793-9ca4-18c46ef4db76 (type: subnets) to 0 [pid: 7|app: 0|req: 604/1263] 10.0.0.12 () {34 vars in 667 bytes} [Sun Jul 12 03:07:39 2026] POST /v2.0/subnets => generated 646 bytes in 228 msecs (HTTP/1.1 201) 4 headers in 162 bytes (1 switches on core 0)
2026-07-12 03:07:40.342 7 INFO neutron.db.ovn_revision_numbers_db [None req-b95ef493-ea55-4498-beea-73556b8d07af 25f6e7bc1d7d463dbeee838bf5288e92 0810899467b8474b9b1ecc54662c2b7b - - default default] Successfully bumped revision number for resource bf9795de-5c66-4a56-814e-ffa9eefc9512 (type: routers) to 1 [pid: 7|app: 0|req: 605/1264] 10.0.0.12 () {34 vars in 667 bytes} [Sun Jul 12 03:07:40 2026] POST /v2.0/routers => generated 627 bytes in 171 msecs (HTTP/1.1 201) 4 headers in 162 bytes (1 switches on core 0)
2026-07-12 03:07:40.405 8 INFO neutron.db.ovn_revision_numbers_db [None req-a6146c88-3d4e-49a2-8eaf-99bb6394224f bc160de87c4a4d738f953b3ab363d8f0 f33a73a34248463bae26a45c4f27d07f - - default default] Successfully bumped revision number for resource ce535222-527b-41be-a069-c3cd94dd9f84 (type: security_groups) to 1
2026-07-12 03:07:40.422 8 INFO neutron.db.ovn_revision_numbers_db [None req-a6146c88-3d4e-49a2-8eaf-99bb6394224f bc160de87c4a4d738f953b3ab363d8f0 f33a73a34248463bae26a45c4f27d07f - - default default] Successfully bumped revision number for resource 0e6852bf-8208-4be4-afc9-bb1b9f934eae (type: security_group_rules) to 0
2026-07-12 03:07:40.445 8 INFO neutron.db.ovn_revision_numbers_db [None req-a6146c88-3d4e-49a2-8eaf-99bb6394224f bc160de87c4a4d738f953b3ab363d8f0 f33a73a34248463bae26a45c4f27d07f - - default default] Successfully bumped revision number for resource 3198a2f9-244b-4219-9892-a42527a3326a (type: security_group_rules) to 0
2026-07-12 03:07:40.462 8 INFO neutron.db.ovn_revision_numbers_db [None req-a6146c88-3d4e-49a2-8eaf-99bb6394224f bc160de87c4a4d738f953b3ab363d8f0 f33a73a34248463bae26a45c4f27d07f - - default default] Successfully bumped revision number for resource 50a13e7f-35af-4b2b-9414-b858d6504eca (type: security_group_rules) to 0
2026-07-12 03:07:40.474 8 INFO neutron.db.ovn_revision_numbers_db [None req-a6146c88-3d4e-49a2-8eaf-99bb6394224f bc160de87c4a4d738f953b3ab363d8f0 f33a73a34248463bae26a45c4f27d07f - - default default] Successfully bumped revision number for resource ca334b89-d23d-4d2d-aebe-29c138fe0bfa (type: security_group_rules) to 0
2026-07-12 03:07:40.572 8 INFO neutron.db.segments_db [None req-a6146c88-3d4e-49a2-8eaf-99bb6394224f bc160de87c4a4d738f953b3ab363d8f0 f33a73a34248463bae26a45c4f27d07f - - default default] Added segment f1af6b5a-dbc5-4562-b9c2-04524eec4228 of type geneve for network e19fb7a0-eb33-4a75-b3f8-eb96b9a1d35c
2026-07-12 03:07:40.591 7 INFO neutron.db.ovn_revision_numbers_db [None req-23316368-f53c-44f8-803a-6151f5a76151 73c87c74924e43ec99d488a7201884e4 f31f3208ec054e73a3074958b07fa407 - - default default] Successfully bumped revision number for resource d68378ca-5835-4740-8052-8eac472bf958 (type: security_groups) to 1
2026-07-12 03:07:40.612 7 INFO neutron.db.ovn_revision_numbers_db [None req-23316368-f53c-44f8-803a-6151f5a76151 73c87c74924e43ec99d488a7201884e4 f31f3208ec054e73a3074958b07fa407 - - default default] Successfully bumped revision number for resource 1448191b-b647-42b8-a5b2-ddbc8b363bd8 (type: security_group_rules) to 0
2026-07-12 03:07:40.625 7 INFO neutron.db.ovn_revision_numbers_db [None req-23316368-f53c-44f8-803a-6151f5a76151 73c87c74924e43ec99d488a7201884e4 f31f3208ec054e73a3074958b07fa407 - - default default] Successfully bumped revision number for resource 60698631-9630-4c94-a989-35210a93981f (type: security_group_rules) to 0
2026-07-12 03:07:40.638 7 INFO neutron.db.ovn_revision_numbers_db [None req-23316368-f53c-44f8-803a-6151f5a76151 73c87c74924e43ec99d488a7201884e4 f31f3208ec054e73a3074958b07fa407 - - default default] Successfully bumped revision number for resource 8df5f2d9-b41c-4957-88a7-7ee9a564aaec (type: security_group_rules) to 0
2026-07-12 03:07:40.652 7 INFO neutron.db.ovn_revision_numbers_db [None req-23316368-f53c-44f8-803a-6151f5a76151 73c87c74924e43ec99d488a7201884e4 f31f3208ec054e73a3074958b07fa407 - - default default] Successfully bumped revision number for resource ebde707e-861b-4a33-b2af-b60721e93f21 (type: security_group_rules) to 0
2026-07-12 03:07:40.694 8 INFO neutron.db.ovn_revision_numbers_db [None req-a6146c88-3d4e-49a2-8eaf-99bb6394224f bc160de87c4a4d738f953b3ab363d8f0 f33a73a34248463bae26a45c4f27d07f - - default default] Successfully bumped revision number for resource e19fb7a0-eb33-4a75-b3f8-eb96b9a1d35c (type: networks) to 1
2026-07-12 03:07:40.742 7 INFO neutron.db.segments_db [None req-23316368-f53c-44f8-803a-6151f5a76151 73c87c74924e43ec99d488a7201884e4 f31f3208ec054e73a3074958b07fa407 - - default default] Added segment d3065d55-53e1-4385-bd65-00dee3a237b7 of type geneve for network c8014232-9a57-4c67-bb98-54c4c289d63c
2026-07-12 03:07:40.857 7 INFO neutron.db.ovn_revision_numbers_db [None req-23316368-f53c-44f8-803a-6151f5a76151 73c87c74924e43ec99d488a7201884e4 f31f3208ec054e73a3074958b07fa407 - - default default] Successfully bumped revision number for resource c8014232-9a57-4c67-bb98-54c4c289d63c (type: networks) to 1
2026-07-12 03:07:40.885 8 WARNING neutron.scheduler.dhcp_agent_scheduler [None req-a6146c88-3d4e-49a2-8eaf-99bb6394224f bc160de87c4a4d738f953b3ab363d8f0 f33a73a34248463bae26a45c4f27d07f - - default default] No more DHCP agents
2026-07-12 03:07:40.887 8 WARNING neutron.api.rpc.agentnotifiers.dhcp_rpc_agent_api [None req-a6146c88-3d4e-49a2-8eaf-99bb6394224f bc160de87c4a4d738f953b3ab363d8f0 f33a73a34248463bae26a45c4f27d07f - - default default] Unable to schedule network e19fb7a0-eb33-4a75-b3f8-eb96b9a1d35c: no agents available; will retry on subsequent port and subnet creation events.
2026-07-12 03:07:40.942 8 INFO neutron.plugins.ml2.drivers.ovn.mech_driver.mech_driver [None req-64ae9f2b-0ace-426a-8ee3-7be670a4c347 - - - - - -] OVN reports status down for port: be19d947-fbfc-417d-9599-94e952e71be6
2026-07-12 03:07:41.007 8 INFO neutron.db.ovn_revision_numbers_db [None req-a6146c88-3d4e-49a2-8eaf-99bb6394224f bc160de87c4a4d738f953b3ab363d8f0 f33a73a34248463bae26a45c4f27d07f - - default default] Successfully bumped revision number for resource be19d947-fbfc-417d-9599-94e952e71be6 (type: ports) to 1 [pid: 8|app: 0|req: 660/1265] 10.0.0.12 () {34 vars in 668 bytes} [Sun Jul 12 03:07:40 2026] POST /v2.0/networks => generated 682 bytes in 1003 msecs (HTTP/1.1 201) 4 headers in 162 bytes (1 switches on core 0)
2026-07-12 03:07:41.085 7 WARNING neutron.scheduler.dhcp_agent_scheduler [None req-23316368-f53c-44f8-803a-6151f5a76151 73c87c74924e43ec99d488a7201884e4 f31f3208ec054e73a3074958b07fa407 - - default default] No more DHCP agents
2026-07-12 03:07:41.086 7 WARNING neutron.api.rpc.agentnotifiers.dhcp_rpc_agent_api [None req-23316368-f53c-44f8-803a-6151f5a76151 73c87c74924e43ec99d488a7201884e4 f31f3208ec054e73a3074958b07fa407 - - default default] Unable to schedule network c8014232-9a57-4c67-bb98-54c4c289d63c: no agents available; will retry on subsequent port and subnet creation events.
2026-07-12 03:07:41.166 7 INFO neutron.db.ovn_revision_numbers_db [None req-23316368-f53c-44f8-803a-6151f5a76151 73c87c74924e43ec99d488a7201884e4 f31f3208ec054e73a3074958b07fa407 - - default default] Successfully bumped revision number for resource 0c5c778f-5181-4c0f-8c3e-7504f82a6cba (type: ports) to 1 [pid: 7|app: 0|req: 606/1266] 10.0.0.12 () {34 vars in 669 bytes} [Sun Jul 12 03:07:40 2026] POST /v2.0/networks => generated 784 bytes in 823 msecs (HTTP/1.1 201) 4 headers in 162 bytes (1 switches on core 0)
2026-07-12 03:07:41.356 7 WARNING neutron.scheduler.dhcp_agent_scheduler [None req-c9989800-d75c-4a73-ab27-742ad3565244 bc160de87c4a4d738f953b3ab363d8f0 f33a73a34248463bae26a45c4f27d07f - - default default] No more DHCP agents
2026-07-12 03:07:41.357 7 WARNING neutron.api.rpc.agentnotifiers.dhcp_rpc_agent_api [None req-c9989800-d75c-4a73-ab27-742ad3565244 bc160de87c4a4d738f953b3ab363d8f0 f33a73a34248463bae26a45c4f27d07f - - default default] Unable to schedule network e19fb7a0-eb33-4a75-b3f8-eb96b9a1d35c: no agents available; will retry on subsequent port and subnet creation events.
2026-07-12 03:07:41.448 8 WARNING neutron.scheduler.dhcp_agent_scheduler [None req-704ac2bb-875f-4979-aa8d-e100742efcbe 25f6e7bc1d7d463dbeee838bf5288e92 0810899467b8474b9b1ecc54662c2b7b - - default default] No more DHCP agents
2026-07-12 03:07:41.449 8 WARNING neutron.api.rpc.agentnotifiers.dhcp_rpc_agent_api [None req-704ac2bb-875f-4979-aa8d-e100742efcbe 25f6e7bc1d7d463dbeee838bf5288e92 0810899467b8474b9b1ecc54662c2b7b - - default default] Unable to schedule network 0551afcd-501e-4360-91fd-231456427396: no agents available; will retry on subsequent port and subnet creation events.
2026-07-12 03:07:41.569 8 INFO neutron.db.ovn_revision_numbers_db [None req-704ac2bb-875f-4979-aa8d-e100742efcbe 25f6e7bc1d7d463dbeee838bf5288e92 0810899467b8474b9b1ecc54662c2b7b - - default default] Successfully bumped revision number for resource eac0a7b2-3123-4072-b232-f74503c9c08c (type: ports) to 1
2026-07-12 03:07:41.786 7 INFO neutron.db.ovn_revision_numbers_db [None req-c9989800-d75c-4a73-ab27-742ad3565244 bc160de87c4a4d738f953b3ab363d8f0 f33a73a34248463bae26a45c4f27d07f - - default default] Successfully bumped revision number for resource be19d947-fbfc-417d-9599-94e952e71be6 (type: ports) to 2
2026-07-12 03:07:41.816 7 INFO neutron.db.ovn_revision_numbers_db [None req-c9989800-d75c-4a73-ab27-742ad3565244 bc160de87c4a4d738f953b3ab363d8f0 f33a73a34248463bae26a45c4f27d07f - - default default] Successfully bumped revision number for resource 02728e4c-eca2-46c1-bfc2-61b4fbed5c94 (type: subnets) to 0 [pid: 7|app: 0|req: 607/1267] 10.0.0.12 () {34 vars in 667 bytes} [Sun Jul 12 03:07:41 2026] POST /v2.0/subnets => generated 641 bytes in 643 msecs (HTTP/1.1 201) 4 headers in 162 bytes (1 switches on core 0)
2026-07-12 03:07:41.959 7 WARNING neutron.plugins.ml2.drivers.ovn.mech_driver.ovsdb.ovn_client [None req-534e4c90-7fbf-47a5-80ac-3f93626c450a - - - - - -] No port found with ID 196f52df-29c5-4e04-81a7-1b7f76520d7f: RuntimeError: No port found with ID 196f52df-29c5-4e04-81a7-1b7f76520d7f
2026-07-12 03:07:41.981 7 INFO neutron.plugins.ml2.drivers.ovn.mech_driver.mech_driver [None req-534e4c90-7fbf-47a5-80ac-3f93626c450a - - - - - -] OVN reports status down for port: dc959085-2d4c-4249-941f-bb6b53fd356d
2026-07-12 03:07:41.983 7 WARNING neutron.scheduler.dhcp_agent_scheduler [None req-ca395c60-e6f6-40a6-a8da-614c182529a2 73c87c74924e43ec99d488a7201884e4 f31f3208ec054e73a3074958b07fa407 - - default default] No more DHCP agents
2026-07-12 03:07:41.985 7 WARNING neutron.api.rpc.agentnotifiers.dhcp_rpc_agent_api [None req-ca395c60-e6f6-40a6-a8da-614c182529a2 73c87c74924e43ec99d488a7201884e4 f31f3208ec054e73a3074958b07fa407 - - default default] Unable to schedule network c8014232-9a57-4c67-bb98-54c4c289d63c: no agents available; will retry on subsequent port and subnet creation events.
2026-07-12 03:07:42.101 7 INFO neutron.plugins.ml2.drivers.ovn.mech_driver.mech_driver [None req-534e4c90-7fbf-47a5-80ac-3f93626c450a - - - - - -] OVN reports status down for port: 0c5c778f-5181-4c0f-8c3e-7504f82a6cba
2026-07-12 03:07:42.160 8 WARNING neutron.scheduler.dhcp_agent_scheduler [None req-704ac2bb-875f-4979-aa8d-e100742efcbe 25f6e7bc1d7d463dbeee838bf5288e92 0810899467b8474b9b1ecc54662c2b7b - - default default] No more DHCP agents
2026-07-12 03:07:42.162 8 WARNING neutron.api.rpc.agentnotifiers.dhcp_rpc_agent_api [None req-704ac2bb-875f-4979-aa8d-e100742efcbe 25f6e7bc1d7d463dbeee838bf5288e92 0810899467b8474b9b1ecc54662c2b7b - - default default] Unable to schedule network 0551afcd-501e-4360-91fd-231456427396: no agents available; will retry on subsequent port and subnet creation events.
2026-07-12 03:07:42.215 7 INFO neutron.plugins.ml2.drivers.ovn.mech_driver.mech_driver [None req-534e4c90-7fbf-47a5-80ac-3f93626c450a - - - - - -] OVN reports status down for port: eac0a7b2-3123-4072-b232-f74503c9c08c
2026-07-12 03:07:42.347 8 INFO neutron.db.ovn_revision_numbers_db [None req-704ac2bb-875f-4979-aa8d-e100742efcbe 25f6e7bc1d7d463dbeee838bf5288e92 0810899467b8474b9b1ecc54662c2b7b - - default default] Successfully bumped revision number for resource eac0a7b2-3123-4072-b232-f74503c9c08c (type: router_ports) to 1 [pid: 8|app: 0|req: 661/1268] 10.0.0.12 () {34 vars in 781 bytes} [Sun Jul 12 03:07:41 2026] PUT /v2.0/routers/bf9795de-5c66-4a56-814e-ffa9eefc9512/add_router_interface => generated 310 bytes in 1288 msecs (HTTP/1.1 200) 4 headers in 157 bytes (1 switches on core 0) [pid: 8|app: 0|req: 662/1269] 10.0.0.182 () {32 vars in 800 bytes} [Sun Jul 12 03:07:42 2026] GET /v2.0/extensions => generated 22668 bytes in 6 msecs (HTTP/1.1 200) 4 headers in 159 bytes (1 switches on core 0)
2026-07-12 03:07:42.416 7 WARNING neutron.plugins.ml2.drivers.ovn.mech_driver.ovsdb.ovn_client [None req-534e4c90-7fbf-47a5-80ac-3f93626c450a - - - - - -] Logical_Switch_Port eac0a7b2-3123-4072-b232-f74503c9c08c host information not removed, the port state is up
2026-07-12 03:07:42.417 7 INFO neutron.plugins.ml2.drivers.ovn.mech_driver.mech_driver [None req-534e4c90-7fbf-47a5-80ac-3f93626c450a - - - - - -] OVN reports status up for port: eac0a7b2-3123-4072-b232-f74503c9c08c
2026-07-12 03:07:42.437 7 INFO neutron.plugins.ml2.plugin [None req-534e4c90-7fbf-47a5-80ac-3f93626c450a - - - - - -] Attempt 1 to provision port eac0a7b2-3123-4072-b232-f74503c9c08c
2026-07-12 03:07:42.445 8 INFO neutron.db.segments_db [None req-317940d4-5ee5-4b7d-8d4f-6811d05dc1a3 bc160de87c4a4d738f953b3ab363d8f0 f33a73a34248463bae26a45c4f27d07f - - default default] Added segment 05bc183d-394f-4aed-8316-ceacd0ff0572 of type geneve for network b2c55788-42ba-4996-b29c-efdfb6081db9
2026-07-12 03:07:42.535 8 INFO neutron.db.ovn_revision_numbers_db [None req-317940d4-5ee5-4b7d-8d4f-6811d05dc1a3 bc160de87c4a4d738f953b3ab363d8f0 f33a73a34248463bae26a45c4f27d07f - - default default] Successfully bumped revision number for resource b2c55788-42ba-4996-b29c-efdfb6081db9 (type: networks) to 1
2026-07-12 03:07:42.707 8 WARNING neutron.scheduler.dhcp_agent_scheduler [None req-317940d4-5ee5-4b7d-8d4f-6811d05dc1a3 bc160de87c4a4d738f953b3ab363d8f0 f33a73a34248463bae26a45c4f27d07f - - default default] No more DHCP agents
2026-07-12 03:07:42.710 8 WARNING neutron.api.rpc.agentnotifiers.dhcp_rpc_agent_api [None req-317940d4-5ee5-4b7d-8d4f-6811d05dc1a3 bc160de87c4a4d738f953b3ab363d8f0 f33a73a34248463bae26a45c4f27d07f - - default default] Unable to schedule network b2c55788-42ba-4996-b29c-efdfb6081db9: no agents available; will retry on subsequent port and subnet creation events.
2026-07-12 03:07:42.790 8 INFO neutron.db.ovn_revision_numbers_db [None req-317940d4-5ee5-4b7d-8d4f-6811d05dc1a3 bc160de87c4a4d738f953b3ab363d8f0 f33a73a34248463bae26a45c4f27d07f - - default default] Successfully bumped revision number for resource b303a600-bcd0-4f2d-812d-78342f721489 (type: ports) to 1 [pid: 8|app: 0|req: 663/1270] 10.0.0.12 () {34 vars in 668 bytes} [Sun Jul 12 03:07:42 2026] POST /v2.0/networks => generated 682 bytes in 454 msecs (HTTP/1.1 201) 4 headers in 162 bytes (1 switches on core 0)
2026-07-12 03:07:42.844 7 INFO neutron.db.ovn_revision_numbers_db [None req-ca395c60-e6f6-40a6-a8da-614c182529a2 73c87c74924e43ec99d488a7201884e4 f31f3208ec054e73a3074958b07fa407 - - default default] Successfully bumped revision number for resource 0c5c778f-5181-4c0f-8c3e-7504f82a6cba (type: ports) to 2 [pid: 8|app: 0|req: 664/1271] 10.0.0.12 () {32 vars in 715 bytes} [Sun Jul 12 03:07:42 2026] GET /v2.0/ports/eac0a7b2-3123-4072-b232-f74503c9c08c => generated 947 bytes in 75 msecs (HTTP/1.1 200) 4 headers in 157 bytes (1 switches on core 0)
2026-07-12 03:07:42.933 7 INFO neutron.db.ovn_revision_numbers_db [None req-ca395c60-e6f6-40a6-a8da-614c182529a2 73c87c74924e43ec99d488a7201884e4 f31f3208ec054e73a3074958b07fa407 - - default default] Successfully bumped revision number for resource 782af725-0238-4aeb-9c48-97e65713298f (type: subnets) to 0 [pid: 7|app: 0|req: 608/1272] 10.0.0.12 () {34 vars in 667 bytes} [Sun Jul 12 03:07:41 2026] POST /v2.0/subnets => generated 690 bytes in 1148 msecs (HTTP/1.1 201) 4 headers in 162 bytes (1 switches on core 0) [pid: 8|app: 0|req: 665/1273] 10.0.0.182 () {32 vars in 861 bytes} [Sun Jul 12 03:07:42 2026] GET /v2.0/quotas/d2d277fd684b4a9797b3069bdee42d8b/details => generated 904 bytes in 108 msecs (HTTP/1.1 200) 4 headers in 157 bytes (1 switches on core 0) [pid: 8|app: 0|req: 666/1274] 10.0.0.12 () {32 vars in 715 bytes} [Sun Jul 12 03:07:42 2026] GET /v2.0/ports/eac0a7b2-3123-4072-b232-f74503c9c08c => generated 947 bytes in 57 msecs (HTTP/1.1 200) 4 headers in 157 bytes (1 switches on core 0)
2026-07-12 03:07:43.139 7 INFO neutron.db.ovn_revision_numbers_db [None req-534e4c90-7fbf-47a5-80ac-3f93626c450a - - - - - -] Successfully bumped revision number for resource eac0a7b2-3123-4072-b232-f74503c9c08c (type: ports) to 2
2026-07-12 03:07:43.270 7 INFO neutron.db.ovn_revision_numbers_db [None req-28e10dfb-ae1f-4a19-b13e-441276720e17 bc160de87c4a4d738f953b3ab363d8f0 f33a73a34248463bae26a45c4f27d07f - - default default] Successfully bumped revision number for resource b2c55788-42ba-4996-b29c-efdfb6081db9 (type: networks) to 2 [pid: 7|app: 0|req: 609/1275] 10.0.0.12 () {34 vars in 741 bytes} [Sun Jul 12 03:07:42 2026] PUT /v2.0/networks/b2c55788-42ba-4996-b29c-efdfb6081db9 => generated 636 bytes in 295 msecs (HTTP/1.1 200) 4 headers in 157 bytes (1 switches on core 0)
2026-07-12 03:07:43.522 8 WARNING neutron.scheduler.dhcp_agent_scheduler [None req-faded416-c539-4449-9a62-0e59f23b9b65 73c87c74924e43ec99d488a7201884e4 f31f3208ec054e73a3074958b07fa407 - - default default] No more DHCP agents
2026-07-12 03:07:43.526 8 WARNING neutron.api.rpc.agentnotifiers.dhcp_rpc_agent_api [None req-faded416-c539-4449-9a62-0e59f23b9b65 73c87c74924e43ec99d488a7201884e4 f31f3208ec054e73a3074958b07fa407 - - default default] Unable to schedule network 95a4c6f0-3d0d-44d9-bf85-f16724df4325: no agents available; will retry on subsequent port and subnet creation events.
2026-07-12 03:07:43.588 7 INFO neutron_taas.services.taas.taas_plugin [None req-2065ccf1-2b05-4d43-9650-d55985897338 25f6e7bc1d7d463dbeee838bf5288e92 0810899467b8474b9b1ecc54662c2b7b - - default default] TaaS: Handle Delete Port: eac0a7b2-3123-4072-b232-f74503c9c08c
2026-07-12 03:07:43.590 7 INFO neutron_taas.services.taas.tap_mirror_plugin [None req-2065ccf1-2b05-4d43-9650-d55985897338 25f6e7bc1d7d463dbeee838bf5288e92 0810899467b8474b9b1ecc54662c2b7b - - default default] Tap Mirror: Handle Delete Port: eac0a7b2-3123-4072-b232-f74503c9c08c
2026-07-12 03:07:43.641 8 INFO neutron.plugins.ml2.drivers.ovn.mech_driver.mech_driver [None req-64ae9f2b-0ace-426a-8ee3-7be670a4c347 - - - - - -] OVN reports status down for port: 1f6c1c5c-c8d2-46eb-b0d0-614e4cd37cf5
2026-07-12 03:07:43.708 8 INFO neutron.db.ovn_revision_numbers_db [None req-faded416-c539-4449-9a62-0e59f23b9b65 73c87c74924e43ec99d488a7201884e4 f31f3208ec054e73a3074958b07fa407 - - default default] Successfully bumped revision number for resource 1f6c1c5c-c8d2-46eb-b0d0-614e4cd37cf5 (type: ports) to 1 [pid: 7|app: 0|req: 610/1276] 10.0.0.12 () {34 vars in 787 bytes} [Sun Jul 12 03:07:43 2026] PUT /v2.0/routers/bf9795de-5c66-4a56-814e-ffa9eefc9512/remove_router_interface => generated 310 bytes in 614 msecs (HTTP/1.1 200) 4 headers in 157 bytes (1 switches on core 0) /var/lib/openstack/lib/python3.12/site-packages/pycadf/identifier.py:70: UserWarning: Invalid uuid: neutron. To ensure interoperability, identifiers should be a valid uuid. warnings.warn(('Invalid uuid: %s. To ensure interoperability, '
2026-07-12 03:07:44.059 7 WARNING neutron.scheduler.dhcp_agent_scheduler [None req-9a7e4ca9-bea0-437c-bbd7-e0324d9b35e5 bc160de87c4a4d738f953b3ab363d8f0 f33a73a34248463bae26a45c4f27d07f - - default default] No more DHCP agents
2026-07-12 03:07:44.061 7 WARNING neutron.api.rpc.agentnotifiers.dhcp_rpc_agent_api [None req-9a7e4ca9-bea0-437c-bbd7-e0324d9b35e5 bc160de87c4a4d738f953b3ab363d8f0 f33a73a34248463bae26a45c4f27d07f - - default default] Unable to schedule network b2c55788-42ba-4996-b29c-efdfb6081db9: no agents available; will retry on subsequent port and subnet creation events.
2026-07-12 03:07:44.339 8 INFO neutron.plugins.ml2.drivers.ovn.mech_driver.mech_driver [None req-64ae9f2b-0ace-426a-8ee3-7be670a4c347 - - - - - -] OVN reports status up for port: 1f6c1c5c-c8d2-46eb-b0d0-614e4cd37cf5
2026-07-12 03:07:44.360 8 INFO neutron.plugins.ml2.plugin [None req-64ae9f2b-0ace-426a-8ee3-7be670a4c347 - - - - - -] Attempt 1 to provision port 1f6c1c5c-c8d2-46eb-b0d0-614e4cd37cf5
2026-07-12 03:07:44.364 7 INFO neutron.plugins.ml2.drivers.ovn.mech_driver.ovsdb.ovsdb_monitor [None req-5141724a-a54e-497e-85c2-015abd4e8e2b - - - - - -] Router 9e4522bc-9dfa-4b57-90f0-c8a99fac36f6 is bound to host instance
2026-07-12 03:07:44.381 8 INFO neutron.db.ovn_revision_numbers_db [None req-faded416-c539-4449-9a62-0e59f23b9b65 73c87c74924e43ec99d488a7201884e4 f31f3208ec054e73a3074958b07fa407 - - default default] Successfully bumped revision number for resource 1f6c1c5c-c8d2-46eb-b0d0-614e4cd37cf5 (type: router_ports) to 1
2026-07-12 03:07:44.495 8 INFO neutron.db.ovn_revision_numbers_db [None req-faded416-c539-4449-9a62-0e59f23b9b65 73c87c74924e43ec99d488a7201884e4 f31f3208ec054e73a3074958b07fa407 - - default default] Successfully bumped revision number for resource 9e4522bc-9dfa-4b57-90f0-c8a99fac36f6 (type: routers) to 2 [pid: 8|app: 0|req: 667/1277] 10.0.0.12 () {34 vars in 667 bytes} [Sun Jul 12 03:07:43 2026] POST /v2.0/routers => generated 989 bytes in 1457 msecs (HTTP/1.1 201) 4 headers in 162 bytes (1 switches on core 0) [pid: 8|app: 0|req: 668/1278] 10.0.0.12 () {32 vars in 734 bytes} [Sun Jul 12 03:07:44 2026] GET /v2.0/ports?device_id=bf9795de-5c66-4a56-814e-ffa9eefc9512 => generated 12 bytes in 18 msecs (HTTP/1.1 200) 4 headers in 156 bytes (1 switches on core 0)
2026-07-12 03:07:44.755 7 INFO neutron.db.ovn_revision_numbers_db [None req-9a7e4ca9-bea0-437c-bbd7-e0324d9b35e5 bc160de87c4a4d738f953b3ab363d8f0 f33a73a34248463bae26a45c4f27d07f - - default default] Successfully bumped revision number for resource b303a600-bcd0-4f2d-812d-78342f721489 (type: ports) to 2
2026-07-12 03:07:44.803 7 INFO neutron.db.ovn_revision_numbers_db [None req-9a7e4ca9-bea0-437c-bbd7-e0324d9b35e5 bc160de87c4a4d738f953b3ab363d8f0 f33a73a34248463bae26a45c4f27d07f - - default default] Successfully bumped revision number for resource a0033284-5ab6-4498-bc1d-031d5229f4bd (type: subnets) to 0 [pid: 7|app: 0|req: 611/1279] 10.0.0.12 () {34 vars in 667 bytes} [Sun Jul 12 03:07:43 2026] POST /v2.0/subnets => generated 626 bytes in 935 msecs (HTTP/1.1 201) 4 headers in 162 bytes (1 switches on core 0)
2026-07-12 03:07:44.983 8 WARNING neutron.scheduler.dhcp_agent_scheduler [None req-93ebdcbc-beb4-498b-a047-564cbaccbe5f 73c87c74924e43ec99d488a7201884e4 f31f3208ec054e73a3074958b07fa407 - - default default] No more DHCP agents
2026-07-12 03:07:44.984 8 WARNING neutron.api.rpc.agentnotifiers.dhcp_rpc_agent_api [None req-93ebdcbc-beb4-498b-a047-564cbaccbe5f 73c87c74924e43ec99d488a7201884e4 f31f3208ec054e73a3074958b07fa407 - - default default] Unable to schedule network c8014232-9a57-4c67-bb98-54c4c289d63c: no agents available; will retry on subsequent port and subnet creation events.
2026-07-12 03:07:45.141 8 INFO neutron.db.ovn_revision_numbers_db [None req-93ebdcbc-beb4-498b-a047-564cbaccbe5f 73c87c74924e43ec99d488a7201884e4 f31f3208ec054e73a3074958b07fa407 - - default default] Successfully bumped revision number for resource cca53643-6c57-40ad-aeb2-f3aa918fe95c (type: ports) to 1 [pid: 7|app: 0|req: 612/1280] 10.0.0.12 () {32 vars in 722 bytes} [Sun Jul 12 03:07:44 2026] DELETE /v2.0/routers/bf9795de-5c66-4a56-814e-ffa9eefc9512 => generated 0 bytes in 366 msecs (HTTP/1.1 204) 2 headers in 112 bytes (1 switches on core 0)
2026-07-12 03:07:45.647 7 INFO neutron.db.ovn_revision_numbers_db [None req-c86c45fe-4abe-4c49-a292-7a8f5445c163 bc160de87c4a4d738f953b3ab363d8f0 f33a73a34248463bae26a45c4f27d07f - - default default] Successfully bumped revision number for resource a0033284-5ab6-4498-bc1d-031d5229f4bd (type: subnets) to 1 [pid: 7|app: 0|req: 613/1281] 10.0.0.12 () {34 vars in 739 bytes} [Sun Jul 12 03:07:45 2026] PUT /v2.0/subnets/a0033284-5ab6-4498-bc1d-031d5229f4bd => generated 636 bytes in 465 msecs (HTTP/1.1 200) 4 headers in 157 bytes (1 switches on core 0)
2026-07-12 03:07:45.799 8 WARNING neutron.scheduler.dhcp_agent_scheduler [None req-93ebdcbc-beb4-498b-a047-564cbaccbe5f 73c87c74924e43ec99d488a7201884e4 f31f3208ec054e73a3074958b07fa407 - - default default] No more DHCP agents
2026-07-12 03:07:45.800 8 WARNING neutron.api.rpc.agentnotifiers.dhcp_rpc_agent_api [None req-93ebdcbc-beb4-498b-a047-564cbaccbe5f 73c87c74924e43ec99d488a7201884e4 f31f3208ec054e73a3074958b07fa407 - - default default] Unable to schedule network c8014232-9a57-4c67-bb98-54c4c289d63c: no agents available; will retry on subsequent port and subnet creation events. [pid: 7|app: 0|req: 614/1282] 10.0.0.12 () {32 vars in 722 bytes} [Sun Jul 12 03:07:45 2026] DELETE /v2.0/subnets/0e796a0d-cffb-4793-9ca4-18c46ef4db76 => generated 0 bytes in 326 msecs (HTTP/1.1 204) 3 headers in 131 bytes (1 switches on core 0)
2026-07-12 03:07:46.007 7 INFO neutron.db.ovn_revision_numbers_db [None req-3a942b34-ab19-4600-bc37-ef79de08deca - - - - - -] Successfully bumped revision number for resource 1f6c1c5c-c8d2-46eb-b0d0-614e4cd37cf5 (type: ports) to 4
2026-07-12 03:07:46.192 8 INFO neutron.db.ovn_revision_numbers_db [None req-93ebdcbc-beb4-498b-a047-564cbaccbe5f 73c87c74924e43ec99d488a7201884e4 f31f3208ec054e73a3074958b07fa407 - - default default] Successfully bumped revision number for resource cca53643-6c57-40ad-aeb2-f3aa918fe95c (type: router_ports) to 1 [pid: 8|app: 0|req: 669/1285] 10.0.0.12 () {34 vars in 781 bytes} [Sun Jul 12 03:07:44 2026] PUT /v2.0/routers/9e4522bc-9dfa-4b57-90f0-c8a99fac36f6/add_router_interface => generated 310 bytes in 1665 msecs (HTTP/1.1 200) 4 headers in 157 bytes (1 switches on core 0)
2026-07-12 03:07:46.293 8 INFO neutron_taas.services.taas.taas_plugin [None req-b06f6aee-8f0f-4222-b97c-eb794e7872a2 25f6e7bc1d7d463dbeee838bf5288e92 0810899467b8474b9b1ecc54662c2b7b - - default default] TaaS: Handle Delete Port: dc959085-2d4c-4249-941f-bb6b53fd356d
2026-07-12 03:07:46.296 8 INFO neutron_taas.services.taas.tap_mirror_plugin [None req-b06f6aee-8f0f-4222-b97c-eb794e7872a2 25f6e7bc1d7d463dbeee838bf5288e92 0810899467b8474b9b1ecc54662c2b7b - - default default] Tap Mirror: Handle Delete Port: dc959085-2d4c-4249-941f-bb6b53fd356d
2026-07-12 03:07:46.470 8 INFO neutron.services.segments.plugin [-] Segment 102cce10-87d8-4d08-9476-be2e90ca3fff resource provider aggregate not found
2026-07-12 03:07:46.477 8 INFO neutron.services.segments.plugin [-] Segment 102cce10-87d8-4d08-9476-be2e90ca3fff resource provider aggregate not found
2026-07-12 03:07:46.497 8 INFO neutron.services.segments.plugin [-] Client error retrieving segment 102cce10-87d8-4d08-9476-be2e90ca3fff resource provider; error: Placement Client Error (4xx): {"errors": [{"status": 404, "title": "Not Found", "detail": "The resource could not be found.\n\n No resource provider with uuid 102cce10-87d8-4d08-9476-be2e90ca3fff found for delete ", "request_id": "req-55b53801-cb19-47a5-89ab-3b560a7e0eef"}]}
2026-07-12 03:07:46.498 8 INFO neutron.services.segments.plugin [-] Client error retrieving segment 102cce10-87d8-4d08-9476-be2e90ca3fff resource provider; error: Placement Client Error (4xx): {"errors": [{"status": 404, "title": "Not Found", "detail": "The resource could not be found.\n\n No resource provider with uuid 102cce10-87d8-4d08-9476-be2e90ca3fff found for delete ", "request_id": "req-a4169de3-7b8d-4e25-a5c8-deb5cb2d10d7"}]} [pid: 8|app: 0|req: 670/1286] 10.0.0.12 () {32 vars in 724 bytes} [Sun Jul 12 03:07:46 2026] DELETE /v2.0/networks/0551afcd-501e-4360-91fd-231456427396 => generated 0 bytes in 337 msecs (HTTP/1.1 204) 3 headers in 131 bytes (1 switches on core 0)
2026-07-12 03:07:46.617 8 INFO neutron.common.ovn.utils [None req-64ae9f2b-0ace-426a-8ee3-7be670a4c347 - - - - - -] HA Chassis Group neutron-c8014232-9a57-4c67-bb98-54c4c289d63c synchronized; highest priority chassis ed0d378e-3b58-43dd-960e-0d0b7f1afa65
2026-07-12 03:07:46.646 8 WARNING neutron.db.securitygroups_db [None req-666cdd70-7b08-4405-9a8a-460ca89ce436 73c87c74924e43ec99d488a7201884e4 f31f3208ec054e73a3074958b07fa407 - - default default] project_id key not found in filters, using tenant_id instead. This support has been deprecated and will be removed in a future release.
2026-07-12 03:07:46.767 8 INFO neutron.db.ovn_revision_numbers_db [None req-666cdd70-7b08-4405-9a8a-460ca89ce436 73c87c74924e43ec99d488a7201884e4 f31f3208ec054e73a3074958b07fa407 - - default default] Successfully bumped revision number for resource 2991f206-7010-4c29-bdf7-cd80e48721d2 (type: security_groups) to 1
2026-07-12 03:07:46.778 8 INFO neutron.db.ovn_revision_numbers_db [None req-666cdd70-7b08-4405-9a8a-460ca89ce436 73c87c74924e43ec99d488a7201884e4 f31f3208ec054e73a3074958b07fa407 - - default default] Successfully bumped revision number for resource 73f7c6f2-1b27-4764-9151-faba237aa193 (type: security_group_rules) to 0
2026-07-12 03:07:46.790 8 INFO neutron.db.ovn_revision_numbers_db [None req-666cdd70-7b08-4405-9a8a-460ca89ce436 73c87c74924e43ec99d488a7201884e4 f31f3208ec054e73a3074958b07fa407 - - default default] Successfully bumped revision number for resource e0478ff4-71b2-4e64-94a2-1f9e208adb84 (type: security_group_rules) to 0
2026-07-12 03:07:46.801 8 INFO neutron.db.ovn_revision_numbers_db [None req-666cdd70-7b08-4405-9a8a-460ca89ce436 73c87c74924e43ec99d488a7201884e4 f31f3208ec054e73a3074958b07fa407 - - default default] Successfully bumped revision number for resource f574505e-a45c-40cd-b5c8-dd21e8ffdc24 (type: security_group_rules) to 0
2026-07-12 03:07:46.811 8 INFO neutron.db.ovn_revision_numbers_db [None req-666cdd70-7b08-4405-9a8a-460ca89ce436 73c87c74924e43ec99d488a7201884e4 f31f3208ec054e73a3074958b07fa407 - - default default] Successfully bumped revision number for resource f8181547-f28f-4109-a0c0-eccd5e846f6c (type: security_group_rules) to 0 [pid: 8|app: 0|req: 671/1287] 10.0.0.12 () {32 vars in 772 bytes} [Sun Jul 12 03:07:46 2026] GET /v2.0/security-groups?tenant_id=d2d277fd684b4a9797b3069bdee42d8b&name=default => generated 2925 bytes in 314 msecs (HTTP/1.1 200) 4 headers in 158 bytes (1 switches on core 0)
2026-07-12 03:07:46.864 7 INFO neutron_taas.services.taas.taas_plugin [None req-17424367-9c25-49d0-bc15-42e64224019a bc160de87c4a4d738f953b3ab363d8f0 f33a73a34248463bae26a45c4f27d07f - - default default] TaaS: Handle Delete Port: b303a600-bcd0-4f2d-812d-78342f721489
2026-07-12 03:07:46.869 7 INFO neutron_taas.services.taas.tap_mirror_plugin [None req-17424367-9c25-49d0-bc15-42e64224019a bc160de87c4a4d738f953b3ab363d8f0 f33a73a34248463bae26a45c4f27d07f - - default default] Tap Mirror: Handle Delete Port: b303a600-bcd0-4f2d-812d-78342f721489
2026-07-12 03:07:47.164 7 INFO neutron.db.ovn_revision_numbers_db [None req-3a942b34-ab19-4600-bc37-ef79de08deca - - - - - -] Successfully bumped revision number for resource 1f6c1c5c-c8d2-46eb-b0d0-614e4cd37cf5 (type: ports) to 5
2026-07-12 03:07:47.258 8 WARNING neutron.scheduler.dhcp_agent_scheduler [None req-a47988f7-763a-49e9-8c4c-766406b42104 25f6e7bc1d7d463dbeee838bf5288e92 0810899467b8474b9b1ecc54662c2b7b - - default default] No more DHCP agents
2026-07-12 03:07:47.260 8 WARNING neutron.api.rpc.agentnotifiers.dhcp_rpc_agent_api [None req-a47988f7-763a-49e9-8c4c-766406b42104 25f6e7bc1d7d463dbeee838bf5288e92 0810899467b8474b9b1ecc54662c2b7b - - default default] Unable to schedule network 95a4c6f0-3d0d-44d9-bf85-f16724df4325: no agents available; will retry on subsequent port and subnet creation events.
2026-07-12 03:07:47.394 7 INFO neutron.services.segments.plugin [-] Segment 05bc183d-394f-4aed-8316-ceacd0ff0572 resource provider aggregate not found
2026-07-12 03:07:47.401 7 INFO neutron.services.segments.plugin [-] Segment 05bc183d-394f-4aed-8316-ceacd0ff0572 resource provider aggregate not found
2026-07-12 03:07:47.406 8 INFO neutron.plugins.ml2.drivers.ovn.mech_driver.mech_driver [None req-64ae9f2b-0ace-426a-8ee3-7be670a4c347 - - - - - -] OVN reports status down for port: 1601c57a-4c8a-40c9-8d82-bc955424933f
2026-07-12 03:07:47.413 7 INFO neutron.services.segments.plugin [-] Client error retrieving segment 05bc183d-394f-4aed-8316-ceacd0ff0572 resource provider; error: Placement Client Error (4xx): {"errors": [{"status": 404, "title": "Not Found", "detail": "The resource could not be found.\n\n No resource provider with uuid 05bc183d-394f-4aed-8316-ceacd0ff0572 found for delete ", "request_id": "req-ed40c54c-fbbc-4b0e-8fc6-09acbbf050c7"}]}
2026-07-12 03:07:47.430 7 INFO neutron.services.segments.plugin [-] Client error retrieving segment 05bc183d-394f-4aed-8316-ceacd0ff0572 resource provider; error: Placement Client Error (4xx): {"errors": [{"status": 404, "title": "Not Found", "detail": "The resource could not be found.\n\n No resource provider with uuid 05bc183d-394f-4aed-8316-ceacd0ff0572 found for delete ", "request_id": "req-3172a50c-e758-4c8f-b2f3-232136611233"}]}
2026-07-12 03:07:47.467 8 INFO neutron.db.ovn_revision_numbers_db [None req-a47988f7-763a-49e9-8c4c-766406b42104 25f6e7bc1d7d463dbeee838bf5288e92 0810899467b8474b9b1ecc54662c2b7b - - default default] Successfully bumped revision number for resource 1601c57a-4c8a-40c9-8d82-bc955424933f (type: ports) to 1 [pid: 7|app: 0|req: 617/1288] 10.0.0.12 () {32 vars in 724 bytes} [Sun Jul 12 03:07:45 2026] DELETE /v2.0/networks/b2c55788-42ba-4996-b29c-efdfb6081db9 => generated 0 bytes in 1475 msecs (HTTP/1.1 204) 3 headers in 131 bytes (1 switches on core 0)
2026-07-12 03:07:47.583 7 INFO neutron.db.ovn_revision_numbers_db [None req-e2162bd0-88fe-4f03-9cc5-97dace587827 af9d757871ba44bf842d178066737f22 93a0d2d146f643e282527b992cf86a9d - - default default] Successfully bumped revision number for resource f7877ac9-d6f4-42cf-9c53-685fa13c00af (type: security_groups) to 1
2026-07-12 03:07:47.595 7 INFO neutron.db.ovn_revision_numbers_db [None req-e2162bd0-88fe-4f03-9cc5-97dace587827 af9d757871ba44bf842d178066737f22 93a0d2d146f643e282527b992cf86a9d - - default default] Successfully bumped revision number for resource 54853f59-6854-42dd-9fb1-95b1e2ba3bdc (type: security_group_rules) to 0
2026-07-12 03:07:47.608 7 INFO neutron.db.ovn_revision_numbers_db [None req-e2162bd0-88fe-4f03-9cc5-97dace587827 af9d757871ba44bf842d178066737f22 93a0d2d146f643e282527b992cf86a9d - - default default] Successfully bumped revision number for resource b3708b14-7799-4504-b99f-842a52f34d1b (type: security_group_rules) to 0 [pid: 7|app: 0|req: 618/1289] 10.0.0.12 () {34 vars in 683 bytes} [Sun Jul 12 03:07:47 2026] POST /v2.0/security-groups => generated 1660 bytes in 174 msecs (HTTP/1.1 201) 4 headers in 163 bytes (1 switches on core 0) [pid: 7|app: 0|req: 619/1290] 10.0.0.12 () {32 vars in 738 bytes} [Sun Jul 12 03:07:47 2026] DELETE /v2.0/security-groups/2991f206-7010-4c29-bdf7-cd80e48721d2 => generated 0 bytes in 202 msecs (HTTP/1.1 204) 2 headers in 112 bytes (1 switches on core 0)
2026-07-12 03:07:47.859 7 INFO neutron.pecan_wsgi.hooks.translation [None req-a302dde6-5fbb-41a1-9054-95d4fe64113b bc160de87c4a4d738f953b3ab363d8f0 f33a73a34248463bae26a45c4f27d07f - - default default] DELETE failed (client error): The resource could not be found. [pid: 7|app: 0|req: 620/1291] 10.0.0.12 () {32 vars in 724 bytes} [Sun Jul 12 03:07:47 2026] DELETE /v2.0/networks/b2c55788-42ba-4996-b29c-efdfb6081db9 => generated 138 bytes in 15 msecs (HTTP/1.1 404) 4 headers in 164 bytes (1 switches on core 0)
2026-07-12 03:07:47.993 7 INFO neutron.db.ovn_revision_numbers_db [None req-e7ec957c-d06a-42eb-8b25-af57d3b23c79 af9d757871ba44bf842d178066737f22 93a0d2d146f643e282527b992cf86a9d - - default default] Successfully bumped revision number for resource fe8f3828-c29a-4a8a-b91a-dea6229cc1f9 (type: security_group_rules) to 0
2026-07-12 03:07:48.046 8 INFO neutron.plugins.ml2.drivers.ovn.mech_driver.mech_driver [None req-64ae9f2b-0ace-426a-8ee3-7be670a4c347 - - - - - -] OVN reports status up for port: 1601c57a-4c8a-40c9-8d82-bc955424933f [pid: 7|app: 0|req: 621/1292] 10.0.0.12 () {34 vars in 693 bytes} [Sun Jul 12 03:07:47 2026] POST /v2.0/security-group-rules => generated 597 bytes in 185 msecs (HTTP/1.1 201) 4 headers in 162 bytes (1 switches on core 0)
2026-07-12 03:07:48.073 8 INFO neutron.plugins.ml2.plugin [None req-64ae9f2b-0ace-426a-8ee3-7be670a4c347 - - - - - -] Attempt 1 to provision port 1601c57a-4c8a-40c9-8d82-bc955424933f [pid: 7|app: 0|req: 622/1293] 10.0.0.12 () {32 vars in 692 bytes} [Sun Jul 12 03:07:48 2026] GET /v2.0/networks?router%3Aexternal=True => generated 689 bytes in 42 msecs (HTTP/1.1 200) 4 headers in 157 bytes (1 switches on core 0)
2026-07-12 03:07:48.094 8 INFO neutron.db.ovn_revision_numbers_db [None req-a47988f7-763a-49e9-8c4c-766406b42104 25f6e7bc1d7d463dbeee838bf5288e92 0810899467b8474b9b1ecc54662c2b7b - - default default] Successfully bumped revision number for resource 1601c57a-4c8a-40c9-8d82-bc955424933f (type: router_ports) to 1
2026-07-12 03:07:48.215 8 INFO neutron.db.ovn_revision_numbers_db [None req-a47988f7-763a-49e9-8c4c-766406b42104 25f6e7bc1d7d463dbeee838bf5288e92 0810899467b8474b9b1ecc54662c2b7b - - default default] Successfully bumped revision number for resource b0f71bf6-7149-490a-9806-f33b0eb0eb65 (type: routers) to 2
2026-07-12 03:07:48.235 7 INFO neutron.db.ovn_revision_numbers_db [None req-9ba3f702-1422-4521-817c-a4f7ca525e12 af9d757871ba44bf842d178066737f22 93a0d2d146f643e282527b992cf86a9d - - default default] Successfully bumped revision number for resource 32f48a94-9324-4fef-86ab-82adf913ddc1 (type: security_group_rules) to 0 [pid: 8|app: 0|req: 672/1294] 10.0.0.12 () {34 vars in 667 bytes} [Sun Jul 12 03:07:46 2026] POST /v2.0/routers => generated 973 bytes in 1392 msecs (HTTP/1.1 201) 4 headers in 162 bytes (1 switches on core 0) [pid: 8|app: 0|req: 673/1295] 10.0.0.12 () {32 vars in 740 bytes} [Sun Jul 12 03:07:48 2026] GET /v2.0/subnets?network_id=95a4c6f0-3d0d-44d9-bf85-f16724df4325 => generated 649 bytes in 37 msecs (HTTP/1.1 200) 4 headers in 157 bytes (1 switches on core 0) [pid: 7|app: 0|req: 623/1296] 10.0.0.12 () {34 vars in 693 bytes} [Sun Jul 12 03:07:48 2026] POST /v2.0/security-group-rules => generated 602 bytes in 189 msecs (HTTP/1.1 201) 4 headers in 162 bytes (1 switches on core 0) [pid: 8|app: 0|req: 674/1297] 10.0.0.12 () {32 vars in 719 bytes} [Sun Jul 12 03:07:48 2026] GET /v2.0/routers/b0f71bf6-7149-490a-9806-f33b0eb0eb65 => generated 979 bytes in 58 msecs (HTTP/1.1 200) 4 headers in 157 bytes (1 switches on core 0) [pid: 8|app: 0|req: 675/1298] 10.0.0.12 () {32 vars in 651 bytes} [Sun Jul 12 03:07:48 2026] GET /v2.0/extensions => generated 22668 bytes in 7 msecs (HTTP/1.1 200) 4 headers in 159 bytes (1 switches on core 0) [pid: 8|app: 0|req: 676/1299] 10.0.0.12 () {32 vars in 645 bytes} [Sun Jul 12 03:07:48 2026] GET /v2.0/routers => generated 982 bytes in 95 msecs (HTTP/1.1 200) 4 headers in 157 bytes (1 switches on core 0)
2026-07-12 03:07:48.491 7 WARNING neutron.scheduler.dhcp_agent_scheduler [None req-9e6de2f5-47d0-4515-b6b4-49f74aba7a48 af9d757871ba44bf842d178066737f22 93a0d2d146f643e282527b992cf86a9d - - default default] No more DHCP agents [pid: 8|app: 0|req: 677/1300] 10.0.0.12 () {32 vars in 647 bytes} [Sun Jul 12 03:07:48 2026] GET /v2.0/networks => generated 1385 bytes in 50 msecs (HTTP/1.1 200) 4 headers in 158 bytes (1 switches on core 0)
2026-07-12 03:07:48.492 7 WARNING neutron.api.rpc.agentnotifiers.dhcp_rpc_agent_api [None req-9e6de2f5-47d0-4515-b6b4-49f74aba7a48 af9d757871ba44bf842d178066737f22 93a0d2d146f643e282527b992cf86a9d - - default default] Unable to schedule network 95a4c6f0-3d0d-44d9-bf85-f16724df4325: no agents available; will retry on subsequent port and subnet creation events.
2026-07-12 03:07:48.539 7 WARNING neutron.plugins.ml2.drivers.ovn.mech_driver.ovsdb.ovn_client [None req-dde5aadb-f890-4050-a4a1-45007ded6c73 - - - - - -] No port found with ID eac0a7b2-3123-4072-b232-f74503c9c08c: RuntimeError: No port found with ID eac0a7b2-3123-4072-b232-f74503c9c08c
2026-07-12 03:07:48.562 7 INFO neutron.plugins.ml2.drivers.ovn.mech_driver.mech_driver [None req-dde5aadb-f890-4050-a4a1-45007ded6c73 - - - - - -] OVN reports status down for port: b303a600-bcd0-4f2d-812d-78342f721489
2026-07-12 03:07:48.587 7 INFO neutron.plugins.ml2.drivers.ovn.mech_driver.mech_driver [None req-dde5aadb-f890-4050-a4a1-45007ded6c73 - - - - - -] OVN reports status down for port: cca53643-6c57-40ad-aeb2-f3aa918fe95c
2026-07-12 03:07:48.691 7 WARNING neutron.plugins.ml2.drivers.ovn.mech_driver.ovsdb.ovn_client [None req-dde5aadb-f890-4050-a4a1-45007ded6c73 - - - - - -] Logical_Switch_Port cca53643-6c57-40ad-aeb2-f3aa918fe95c host information not removed, the port state is up
2026-07-12 03:07:48.692 7 INFO neutron.plugins.ml2.drivers.ovn.mech_driver.mech_driver [None req-dde5aadb-f890-4050-a4a1-45007ded6c73 - - - - - -] OVN reports status up for port: cca53643-6c57-40ad-aeb2-f3aa918fe95c
2026-07-12 03:07:48.726 7 INFO neutron.plugins.ml2.plugin [None req-dde5aadb-f890-4050-a4a1-45007ded6c73 - - - - - -] Attempt 1 to provision port cca53643-6c57-40ad-aeb2-f3aa918fe95c
2026-07-12 03:07:48.801 8 INFO neutron.db.ovn_revision_numbers_db [None req-7b8f06ec-c9cb-426f-856a-22b99923e2d4 25f6e7bc1d7d463dbeee838bf5288e92 0810899467b8474b9b1ecc54662c2b7b - - default default] Successfully bumped revision number for resource b0f71bf6-7149-490a-9806-f33b0eb0eb65 (type: routers) to 3 [pid: 8|app: 0|req: 678/1301] 10.0.0.12 () {34 vars in 739 bytes} [Sun Jul 12 03:07:48 2026] PUT /v2.0/routers/b0f71bf6-7149-490a-9806-f33b0eb0eb65 => generated 986 bytes in 314 msecs (HTTP/1.1 200) 4 headers in 157 bytes (1 switches on core 0) [pid: 8|app: 0|req: 679/1302] 10.0.0.12 () {32 vars in 645 bytes} [Sun Jul 12 03:07:48 2026] GET /v2.0/subnets => generated 1280 bytes in 32 msecs (HTTP/1.1 200) 4 headers in 158 bytes (1 switches on core 0) [pid: 8|app: 0|req: 680/1303] 10.0.0.12 () {32 vars in 719 bytes} [Sun Jul 12 03:07:48 2026] GET /v2.0/routers/b0f71bf6-7149-490a-9806-f33b0eb0eb65 => generated 986 bytes in 65 msecs (HTTP/1.1 200) 4 headers in 157 bytes (1 switches on core 0) [pid: 8|app: 0|req: 681/1304] 10.0.0.12 () {32 vars in 721 bytes} [Sun Jul 12 03:07:48 2026] GET /v2.0/networks/e19fb7a0-eb33-4a75-b3f8-eb96b9a1d35c => generated 707 bytes in 59 msecs (HTTP/1.1 200) 4 headers in 157 bytes (1 switches on core 0) [pid: 8|app: 0|req: 682/1305] 10.0.0.12 () {32 vars in 734 bytes} [Sun Jul 12 03:07:48 2026] GET /v2.0/ports?device_id=b0f71bf6-7149-490a-9806-f33b0eb0eb65 => generated 12 bytes in 18 msecs (HTTP/1.1 200) 4 headers in 156 bytes (1 switches on core 0) [pid: 7|app: 0|req: 624/1306] 10.0.0.12 () {34 vars in 674 bytes} [Sun Jul 12 03:07:48 2026] POST /v2.0/floatingips => generated 552 bytes in 726 msecs (HTTP/1.1 201) 4 headers in 162 bytes (1 switches on core 0) [pid: 8|app: 0|req: 683/1307] 10.0.0.12 () {32 vars in 719 bytes} [Sun Jul 12 03:07:48 2026] GET /v2.0/subnets/02728e4c-eca2-46c1-bfc2-61b4fbed5c94 => generated 641 bytes in 30 msecs (HTTP/1.1 200) 4 headers in 157 bytes (1 switches on core 0)
