2026-07-12 03:07:49.031 8 INFO neutron.pecan_wsgi.hooks.translation [None req-a7e12a12-af73-4167-8151-2208fea2d9ef bc160de87c4a4d738f953b3ab363d8f0 f33a73a34248463bae26a45c4f27d07f - - default default] DELETE failed (client error): The resource could not be found. [pid: 8|app: 0|req: 684/1308] 10.0.0.12 () {32 vars in 722 bytes} [Sun Jul 12 03:07:49 2026] DELETE /v2.0/subnets/a0033284-5ab6-4498-bc1d-031d5229f4bd => generated 136 bytes in 16 msecs (HTTP/1.1 404) 4 headers in 164 bytes (1 switches on core 0)
2026-07-12 03:07:49.057 8 INFO neutron.pecan_wsgi.hooks.translation [None req-8b5d8a45-97c0-4727-88db-4ded86c72719 bc160de87c4a4d738f953b3ab363d8f0 f33a73a34248463bae26a45c4f27d07f - - default default] DELETE failed (client error): The resource could not be found. [pid: 8|app: 0|req: 685/1309] 10.0.0.12 () {32 vars in 724 bytes} [Sun Jul 12 03:07:49 2026] DELETE /v2.0/networks/b2c55788-42ba-4996-b29c-efdfb6081db9 => generated 138 bytes in 21 msecs (HTTP/1.1 404) 4 headers in 164 bytes (1 switches on core 0) [pid: 8|app: 0|req: 686/1310] 10.0.0.12 () {32 vars in 722 bytes} [Sun Jul 12 03:07:49 2026] DELETE /v2.0/subnets/02728e4c-eca2-46c1-bfc2-61b4fbed5c94 => generated 0 bytes in 170 msecs (HTTP/1.1 204) 3 headers in 131 bytes (1 switches on core 0)
2026-07-12 03:07:49.374 8 INFO neutron_taas.services.taas.taas_plugin [None req-888e9b11-4169-49a8-a3c6-f0f0db42eae2 bc160de87c4a4d738f953b3ab363d8f0 f33a73a34248463bae26a45c4f27d07f - - default default] TaaS: Handle Delete Port: be19d947-fbfc-417d-9599-94e952e71be6
2026-07-12 03:07:49.383 8 INFO neutron_taas.services.taas.tap_mirror_plugin [None req-888e9b11-4169-49a8-a3c6-f0f0db42eae2 bc160de87c4a4d738f953b3ab363d8f0 f33a73a34248463bae26a45c4f27d07f - - default default] Tap Mirror: Handle Delete Port: be19d947-fbfc-417d-9599-94e952e71be6
2026-07-12 03:07:49.511 7 INFO neutron.db.ovn_revision_numbers_db [None req-dde5aadb-f890-4050-a4a1-45007ded6c73 - - - - - -] Successfully bumped revision number for resource cca53643-6c57-40ad-aeb2-f3aa918fe95c (type: ports) to 2
2026-07-12 03:07:49.578 8 INFO neutron.services.segments.plugin [-] Segment f1af6b5a-dbc5-4562-b9c2-04524eec4228 resource provider aggregate not found
2026-07-12 03:07:49.579 8 INFO neutron.services.segments.plugin [-] Segment f1af6b5a-dbc5-4562-b9c2-04524eec4228 resource provider aggregate not found
2026-07-12 03:07:49.598 8 INFO neutron.services.segments.plugin [-] Client error retrieving segment f1af6b5a-dbc5-4562-b9c2-04524eec4228 resource provider; error: Placement Client Error (4xx): {"errors": [{"status": 404, "title": "Not Found", "detail": "The resource could not be found.\n\n No resource provider with uuid f1af6b5a-dbc5-4562-b9c2-04524eec4228 found for delete ", "request_id": "req-f300cfce-9863-4ef7-bfce-330735d0fa50"}]}
2026-07-12 03:07:49.602 8 INFO neutron.services.segments.plugin [-] Client error retrieving segment f1af6b5a-dbc5-4562-b9c2-04524eec4228 resource provider; error: Placement Client Error (4xx): {"errors": [{"status": 404, "title": "Not Found", "detail": "The resource could not be found.\n\n No resource provider with uuid f1af6b5a-dbc5-4562-b9c2-04524eec4228 found for delete ", "request_id": "req-fa168ca0-394d-4183-986c-54f8f92dcc28"}]} [pid: 8|app: 0|req: 687/1311] 10.0.0.12 () {32 vars in 724 bytes} [Sun Jul 12 03:07:49 2026] DELETE /v2.0/networks/e19fb7a0-eb33-4a75-b3f8-eb96b9a1d35c => generated 0 bytes in 397 msecs (HTTP/1.1 204) 3 headers in 131 bytes (1 switches on core 0)
2026-07-12 03:07:49.643 8 WARNING neutron.db.securitygroups_db [req-eefa5b06-21ae-4a78-bcbf-f1599926a58b req-faa9f6bb-6ca3-4efa-b9f5-7174cb59d16c af9d757871ba44bf842d178066737f22 93a0d2d146f643e282527b992cf86a9d - - default default] project_id key not found in filters, using tenant_id instead. This support has been deprecated and will be removed in a future release. [pid: 8|app: 0|req: 688/1312] 10.0.0.23 () {34 vars in 1098 bytes} [Sun Jul 12 03:07:49 2026] GET /v2.0/security-groups?name=tempest-securitygroup--1606415924&fields=id&tenant_id=93a0d2d146f643e282527b992cf86a9d => generated 69 bytes in 30 msecs (HTTP/1.1 200) 4 headers in 156 bytes (1 switches on core 0)
2026-07-12 03:07:49.673 7 INFO neutron_taas.services.taas.taas_plugin [None req-dad830c7-0fcb-457c-82e3-f2a5bfb7c3c5 25f6e7bc1d7d463dbeee838bf5288e92 0810899467b8474b9b1ecc54662c2b7b - - default default] TaaS: Handle Delete Port: 1601c57a-4c8a-40c9-8d82-bc955424933f
2026-07-12 03:07:49.679 7 INFO neutron_taas.services.taas.tap_mirror_plugin [None req-dad830c7-0fcb-457c-82e3-f2a5bfb7c3c5 25f6e7bc1d7d463dbeee838bf5288e92 0810899467b8474b9b1ecc54662c2b7b - - default default] Tap Mirror: Handle Delete Port: 1601c57a-4c8a-40c9-8d82-bc955424933f [pid: 8|app: 0|req: 689/1313] 10.0.0.23 () {34 vars in 980 bytes} [Sun Jul 12 03:07:49 2026] GET /v2.0/networks?id=c8014232-9a57-4c67-bb98-54c4c289d63c => generated 713 bytes in 71 msecs (HTTP/1.1 200) 4 headers in 157 bytes (1 switches on core 0) [pid: 8|app: 0|req: 690/1314] 10.0.0.23 () {34 vars in 963 bytes} [Sun Jul 12 03:07:49 2026] GET /v2.0/quotas/93a0d2d146f643e282527b992cf86a9d => generated 312 bytes in 15 msecs (HTTP/1.1 200) 4 headers in 157 bytes (1 switches on core 0) [pid: 8|app: 0|req: 691/1315] 10.0.0.23 () {34 vars in 1000 bytes} [Sun Jul 12 03:07:49 2026] GET /v2.0/ports?tenant_id=93a0d2d146f643e282527b992cf86a9d&fields=id => generated 103 bytes in 77 msecs (HTTP/1.1 200) 4 headers in 157 bytes (1 switches on core 0) [pid: 8|app: 0|req: 692/1316] 10.0.0.23 () {34 vars in 1006 bytes} [Sun Jul 12 03:07:49 2026] GET /v2.0/networks/c8014232-9a57-4c67-bb98-54c4c289d63c?fields=segments => generated 14 bytes in 57 msecs (HTTP/1.1 200) 4 headers in 156 bytes (1 switches on core 0) [pid: 8|app: 0|req: 693/1317] 10.0.0.23 () {34 vars in 1106 bytes} [Sun Jul 12 03:07:49 2026] GET /v2.0/networks/c8014232-9a57-4c67-bb98-54c4c289d63c?fields=provider%3Aphysical_network&fields=provider%3Anetwork_type => generated 79 bytes in 43 msecs (HTTP/1.1 200) 4 headers in 156 bytes (1 switches on core 0) [pid: 7|app: 0|req: 625/1318] 10.0.0.12 () {32 vars in 722 bytes} [Sun Jul 12 03:07:49 2026] DELETE /v2.0/routers/b0f71bf6-7149-490a-9806-f33b0eb0eb65 => generated 0 bytes in 1103 msecs (HTTP/1.1 204) 2 headers in 112 bytes (1 switches on core 0) [pid: 8|app: 0|req: 694/1319] 10.0.0.12 () {32 vars in 734 bytes} [Sun Jul 12 03:07:50 2026] GET /v2.0/ports?device_id=b0f71bf6-7149-490a-9806-f33b0eb0eb65 => generated 12 bytes in 28 msecs (HTTP/1.1 200) 4 headers in 156 bytes (1 switches on core 0) [pid: 7|app: 0|req: 626/1320] 10.0.0.23 () {34 vars in 1068 bytes} [Sun Jul 12 03:07:50 2026] GET /v2.0/ports?fields=security_groups&fields=device_id&device_id=e84f8575-41ab-41a3-9aee-a053e1f4377e => generated 12 bytes in 34 msecs (HTTP/1.1 200) 4 headers in 156 bytes (1 switches on core 0)
2026-07-12 03:07:50.176 8 INFO neutron.api.v2.resource [None req-10f24263-ad09-40cc-b527-31031ee78609 25f6e7bc1d7d463dbeee838bf5288e92 0810899467b8474b9b1ecc54662c2b7b - - default default] delete failed (client error): The resource could not be found. [pid: 8|app: 0|req: 695/1321] 10.0.0.12 () {32 vars in 722 bytes} [Sun Jul 12 03:07:50 2026] DELETE /v2.0/routers/b0f71bf6-7149-490a-9806-f33b0eb0eb65 => generated 135 bytes in 23 msecs (HTTP/1.1 404) 4 headers in 164 bytes (1 switches on core 0) [pid: 7|app: 0|req: 627/1322] 10.0.0.12 () {32 vars in 734 bytes} [Sun Jul 12 03:07:50 2026] GET /v2.0/ports?device_id=bf9795de-5c66-4a56-814e-ffa9eefc9512 => generated 12 bytes in 26 msecs (HTTP/1.1 200) 4 headers in 156 bytes (1 switches on core 0)
2026-07-12 03:07:50.233 8 INFO neutron.api.v2.resource [None req-63b943b0-0e6c-4f0b-9f59-3ec1f4518486 25f6e7bc1d7d463dbeee838bf5288e92 0810899467b8474b9b1ecc54662c2b7b - - default default] delete failed (client error): The resource could not be found. [pid: 8|app: 0|req: 696/1323] 10.0.0.12 () {32 vars in 722 bytes} [Sun Jul 12 03:07:50 2026] DELETE /v2.0/routers/bf9795de-5c66-4a56-814e-ffa9eefc9512 => generated 135 bytes in 22 msecs (HTTP/1.1 404) 4 headers in 164 bytes (1 switches on core 0)
2026-07-12 03:07:50.253 7 INFO neutron.pecan_wsgi.hooks.translation [None req-c7b80a27-5b33-411a-a666-eae7d32df197 25f6e7bc1d7d463dbeee838bf5288e92 0810899467b8474b9b1ecc54662c2b7b - - default default] DELETE failed (client error): The resource could not be found. [pid: 7|app: 0|req: 628/1324] 10.0.0.12 () {32 vars in 722 bytes} [Sun Jul 12 03:07:50 2026] DELETE /v2.0/subnets/0e796a0d-cffb-4793-9ca4-18c46ef4db76 => generated 136 bytes in 15 msecs (HTTP/1.1 404) 4 headers in 164 bytes (1 switches on core 0) [pid: 7|app: 0|req: 629/1325] 10.0.0.12 () {32 vars in 734 bytes} [Sun Jul 12 03:07:50 2026] GET /v2.0/ports?device_id=274f5a7a-a4a5-4884-b96b-962f92e60ae3 => generated 12 bytes in 18 msecs (HTTP/1.1 200) 4 headers in 156 bytes (1 switches on core 0)
2026-07-12 03:07:50.305 7 INFO neutron.api.v2.resource [None req-a2a83346-9086-4942-a874-24e88a708073 25f6e7bc1d7d463dbeee838bf5288e92 0810899467b8474b9b1ecc54662c2b7b - - default default] delete failed (client error): The resource could not be found. [pid: 7|app: 0|req: 630/1326] 10.0.0.12 () {32 vars in 722 bytes} [Sun Jul 12 03:07:50 2026] DELETE /v2.0/routers/274f5a7a-a4a5-4884-b96b-962f92e60ae3 => generated 135 bytes in 22 msecs (HTTP/1.1 404) 4 headers in 164 bytes (1 switches on core 0)
2026-07-12 03:07:50.322 7 INFO neutron.pecan_wsgi.hooks.translation [None req-c4a9e329-f76a-4cad-943c-f81053f06f0c 25f6e7bc1d7d463dbeee838bf5288e92 0810899467b8474b9b1ecc54662c2b7b - - default default] DELETE failed (client error): The resource could not be found. [pid: 7|app: 0|req: 631/1327] 10.0.0.12 () {32 vars in 722 bytes} [Sun Jul 12 03:07:50 2026] DELETE /v2.0/subnets/2af8fce1-099b-44af-9718-7fb467b3252f => generated 136 bytes in 16 msecs (HTTP/1.1 404) 4 headers in 164 bytes (1 switches on core 0) [pid: 7|app: 0|req: 632/1328] 10.0.0.12 () {32 vars in 734 bytes} [Sun Jul 12 03:07:50 2026] GET /v2.0/ports?device_id=84abff0b-9544-466d-a742-426c649a2a59 => generated 12 bytes in 17 msecs (HTTP/1.1 200) 4 headers in 156 bytes (1 switches on core 0)
2026-07-12 03:07:50.368 7 INFO neutron.api.v2.resource [None req-1b299eab-8402-4053-a803-a9431d55daf5 25f6e7bc1d7d463dbeee838bf5288e92 0810899467b8474b9b1ecc54662c2b7b - - default default] delete failed (client error): The resource could not be found. [pid: 7|app: 0|req: 633/1329] 10.0.0.12 () {32 vars in 722 bytes} [Sun Jul 12 03:07:50 2026] DELETE /v2.0/routers/84abff0b-9544-466d-a742-426c649a2a59 => generated 135 bytes in 18 msecs (HTTP/1.1 404) 4 headers in 164 bytes (1 switches on core 0)
2026-07-12 03:07:50.387 7 INFO neutron.pecan_wsgi.hooks.translation [None req-6b77a062-68aa-4c06-8efa-45f827c0e18a 25f6e7bc1d7d463dbeee838bf5288e92 0810899467b8474b9b1ecc54662c2b7b - - default default] DELETE failed (client error): The resource could not be found.
2026-07-12 03:07:50.389 8 WARNING neutron.db.securitygroups_db [None req-bf9fdfb3-41b3-4eb4-af75-611e6378720b 73c87c74924e43ec99d488a7201884e4 f31f3208ec054e73a3074958b07fa407 - - default default] project_id key not found in filters, using tenant_id instead. This support has been deprecated and will be removed in a future release. [pid: 7|app: 0|req: 634/1330] 10.0.0.12 () {32 vars in 722 bytes} [Sun Jul 12 03:07:50 2026] DELETE /v2.0/subnets/e44af897-00d6-4cbb-bb97-16a9fc7e7560 => generated 136 bytes in 16 msecs (HTTP/1.1 404) 4 headers in 164 bytes (1 switches on core 0)
2026-07-12 03:07:50.407 7 INFO neutron.pecan_wsgi.hooks.translation [None req-76844409-e146-4841-93eb-5d8ea6d523f7 25f6e7bc1d7d463dbeee838bf5288e92 0810899467b8474b9b1ecc54662c2b7b - - default default] DELETE failed (client error): The resource could not be found. [pid: 7|app: 0|req: 635/1331] 10.0.0.12 () {32 vars in 722 bytes} [Sun Jul 12 03:07:50 2026] DELETE /v2.0/subnets/1c0ab4ab-5d4a-4871-930b-88db004cb745 => generated 136 bytes in 15 msecs (HTTP/1.1 404) 4 headers in 164 bytes (1 switches on core 0) [pid: 8|app: 0|req: 697/1332] 10.0.0.12 () {32 vars in 772 bytes} [Sun Jul 12 03:07:50 2026] GET /v2.0/security-groups?tenant_id=f33a73a34248463bae26a45c4f27d07f&name=default => generated 2925 bytes in 175 msecs (HTTP/1.1 200) 4 headers in 158 bytes (1 switches on core 0) [pid: 7|app: 0|req: 636/1333] 10.0.0.12 () {32 vars in 738 bytes} [Sun Jul 12 03:07:50 2026] DELETE /v2.0/security-groups/ce535222-527b-41be-a069-c3cd94dd9f84 => generated 0 bytes in 171 msecs (HTTP/1.1 204) 2 headers in 112 bytes (1 switches on core 0)
2026-07-12 03:07:51.023 7 WARNING neutron.db.securitygroups_db [None req-0d6f23b8-6fdc-4009-8ceb-5abbae6462d8 73c87c74924e43ec99d488a7201884e4 f31f3208ec054e73a3074958b07fa407 - - default default] project_id key not found in filters, using tenant_id instead. This support has been deprecated and will be removed in a future release. [pid: 7|app: 0|req: 637/1334] 10.0.0.12 () {32 vars in 772 bytes} [Sun Jul 12 03:07:50 2026] GET /v2.0/security-groups?tenant_id=0810899467b8474b9b1ecc54662c2b7b&name=default => generated 2925 bytes in 142 msecs (HTTP/1.1 200) 4 headers in 158 bytes (1 switches on core 0)
2026-07-12 03:07:51.115 8 INFO neutron.db.ovn_revision_numbers_db [None req-c154d97b-97f2-48e6-919d-d6cc72bd1d29 0a42e3e6ab2140b095f73bf7f599270f 274b7393a84b40c59a43f306eb223845 - - default default] Successfully bumped revision number for resource 677ec556-a887-4cf0-89f2-2fc069e9e046 (type: security_groups) to 1
2026-07-12 03:07:51.132 8 INFO neutron.db.ovn_revision_numbers_db [None req-c154d97b-97f2-48e6-919d-d6cc72bd1d29 0a42e3e6ab2140b095f73bf7f599270f 274b7393a84b40c59a43f306eb223845 - - default default] Successfully bumped revision number for resource 6c89d934-839c-4ba3-be37-1f358beef93a (type: security_group_rules) to 0
2026-07-12 03:07:51.145 8 INFO neutron.db.ovn_revision_numbers_db [None req-c154d97b-97f2-48e6-919d-d6cc72bd1d29 0a42e3e6ab2140b095f73bf7f599270f 274b7393a84b40c59a43f306eb223845 - - default default] Successfully bumped revision number for resource 7d71574d-d16a-4484-aecb-3bb5a62d7454 (type: security_group_rules) to 0
2026-07-12 03:07:51.167 8 INFO neutron.db.ovn_revision_numbers_db [None req-c154d97b-97f2-48e6-919d-d6cc72bd1d29 0a42e3e6ab2140b095f73bf7f599270f 274b7393a84b40c59a43f306eb223845 - - default default] Successfully bumped revision number for resource c1a7ab19-c47f-49e4-a15f-09aebf744d17 (type: security_group_rules) to 0
2026-07-12 03:07:51.195 8 INFO neutron.db.ovn_revision_numbers_db [None req-c154d97b-97f2-48e6-919d-d6cc72bd1d29 0a42e3e6ab2140b095f73bf7f599270f 274b7393a84b40c59a43f306eb223845 - - default default] Successfully bumped revision number for resource e680ee01-7b09-4179-9a91-794966a992ff (type: security_group_rules) to 0 [pid: 7|app: 0|req: 638/1335] 10.0.0.12 () {32 vars in 738 bytes} [Sun Jul 12 03:07:51 2026] DELETE /v2.0/security-groups/96be68f1-9a90-42f6-af92-66f9b864a2be => generated 0 bytes in 209 msecs (HTTP/1.1 204) 2 headers in 112 bytes (1 switches on core 0)
2026-07-12 03:07:51.290 8 INFO neutron.db.segments_db [None req-c154d97b-97f2-48e6-919d-d6cc72bd1d29 0a42e3e6ab2140b095f73bf7f599270f 274b7393a84b40c59a43f306eb223845 - - default default] Added segment b8a9f82a-fa55-4307-9ffc-dc8799d9f39d of type geneve for network 277fdca3-5fdc-468d-a294-f35943952b5f [pid: 7|app: 0|req: 639/1336] 10.0.0.23 () {34 vars in 1068 bytes} [Sun Jul 12 03:07:51 2026] GET /v2.0/ports?fields=security_groups&fields=device_id&device_id=e84f8575-41ab-41a3-9aee-a053e1f4377e => generated 12 bytes in 23 msecs (HTTP/1.1 200) 4 headers in 156 bytes (1 switches on core 0)
2026-07-12 03:07:51.432 8 INFO neutron.db.ovn_revision_numbers_db [None req-c154d97b-97f2-48e6-919d-d6cc72bd1d29 0a42e3e6ab2140b095f73bf7f599270f 274b7393a84b40c59a43f306eb223845 - - default default] Successfully bumped revision number for resource 277fdca3-5fdc-468d-a294-f35943952b5f (type: networks) to 1
2026-07-12 03:07:51.600 8 WARNING neutron.scheduler.dhcp_agent_scheduler [None req-c154d97b-97f2-48e6-919d-d6cc72bd1d29 0a42e3e6ab2140b095f73bf7f599270f 274b7393a84b40c59a43f306eb223845 - - default default] No more DHCP agents
2026-07-12 03:07:51.601 8 WARNING neutron.api.rpc.agentnotifiers.dhcp_rpc_agent_api [None req-c154d97b-97f2-48e6-919d-d6cc72bd1d29 0a42e3e6ab2140b095f73bf7f599270f 274b7393a84b40c59a43f306eb223845 - - default default] Unable to schedule network 277fdca3-5fdc-468d-a294-f35943952b5f: no agents available; will retry on subsequent port and subnet creation events.
2026-07-12 03:07:51.686 8 INFO neutron.db.ovn_revision_numbers_db [None req-c154d97b-97f2-48e6-919d-d6cc72bd1d29 0a42e3e6ab2140b095f73bf7f599270f 274b7393a84b40c59a43f306eb223845 - - default default] Successfully bumped revision number for resource 4185f2d1-013f-4d04-8153-98a1dbe91925 (type: ports) to 1 [pid: 8|app: 0|req: 698/1337] 10.0.0.12 () {34 vars in 669 bytes} [Sun Jul 12 03:07:50 2026] POST /v2.0/networks => generated 670 bytes in 950 msecs (HTTP/1.1 201) 4 headers in 162 bytes (1 switches on core 0)
2026-07-12 03:07:52.177 7 WARNING neutron.scheduler.dhcp_agent_scheduler [None req-f0e6a66b-02fe-4736-bf58-400d271d06c5 0a42e3e6ab2140b095f73bf7f599270f 274b7393a84b40c59a43f306eb223845 - - default default] No more DHCP agents
2026-07-12 03:07:52.179 7 WARNING neutron.api.rpc.agentnotifiers.dhcp_rpc_agent_api [None req-f0e6a66b-02fe-4736-bf58-400d271d06c5 0a42e3e6ab2140b095f73bf7f599270f 274b7393a84b40c59a43f306eb223845 - - default default] Unable to schedule network 95a4c6f0-3d0d-44d9-bf85-f16724df4325: no agents available; will retry on subsequent port and subnet creation events.
2026-07-12 03:07:52.345 7 INFO neutron.db.ovn_revision_numbers_db [None req-f0e6a66b-02fe-4736-bf58-400d271d06c5 0a42e3e6ab2140b095f73bf7f599270f 274b7393a84b40c59a43f306eb223845 - - default default] Successfully bumped revision number for resource 5b2466c6-7be6-4f70-8c0a-126037b8f90d (type: ports) to 1 [pid: 8|app: 0|req: 699/1338] 10.0.0.23 () {34 vars in 1068 bytes} [Sun Jul 12 03:07:52 2026] GET /v2.0/ports?fields=security_groups&fields=device_id&device_id=e84f8575-41ab-41a3-9aee-a053e1f4377e => generated 12 bytes in 17 msecs (HTTP/1.1 200) 4 headers in 156 bytes (1 switches on core 0)
2026-07-12 03:07:52.753 8 INFO neutron.db.ovn_revision_numbers_db [None req-ccf3abf1-2dbe-4775-b43f-4d9302bf5efc 2d5be965e0094053900b464508fa2b23 a6067b5d42334c4cb975ad1121ef6f90 - - default default] Successfully bumped revision number for resource 2c322acd-b965-415a-99b3-fd112027bd20 (type: security_groups) to 1
2026-07-12 03:07:52.787 8 INFO neutron.db.ovn_revision_numbers_db [None req-ccf3abf1-2dbe-4775-b43f-4d9302bf5efc 2d5be965e0094053900b464508fa2b23 a6067b5d42334c4cb975ad1121ef6f90 - - default default] Successfully bumped revision number for resource 23cefbb2-994a-4849-99a3-54ffb2316254 (type: security_group_rules) to 0
2026-07-12 03:07:52.800 8 INFO neutron.db.ovn_revision_numbers_db [None req-ccf3abf1-2dbe-4775-b43f-4d9302bf5efc 2d5be965e0094053900b464508fa2b23 a6067b5d42334c4cb975ad1121ef6f90 - - default default] Successfully bumped revision number for resource 4488eeef-9279-4440-881a-2b54d8138b9a (type: security_group_rules) to 0
2026-07-12 03:07:52.811 8 INFO neutron.db.ovn_revision_numbers_db [None req-ccf3abf1-2dbe-4775-b43f-4d9302bf5efc 2d5be965e0094053900b464508fa2b23 a6067b5d42334c4cb975ad1121ef6f90 - - default default] Successfully bumped revision number for resource 6f9a43ed-d0fe-4172-924f-8e749e150add (type: security_group_rules) to 0
2026-07-12 03:07:52.824 8 INFO neutron.db.ovn_revision_numbers_db [None req-ccf3abf1-2dbe-4775-b43f-4d9302bf5efc 2d5be965e0094053900b464508fa2b23 a6067b5d42334c4cb975ad1121ef6f90 - - default default] Successfully bumped revision number for resource d3365024-6e8e-4291-90ee-e0c129d3afeb (type: security_group_rules) to 0
2026-07-12 03:07:52.913 8 INFO neutron.db.segments_db [None req-ccf3abf1-2dbe-4775-b43f-4d9302bf5efc 2d5be965e0094053900b464508fa2b23 a6067b5d42334c4cb975ad1121ef6f90 - - default default] Added segment 9701d73e-7760-4991-a24c-71b8768be8c6 of type geneve for network d8dfa77b-54df-468f-b66f-6732dc6e9dc8
2026-07-12 03:07:53.032 8 INFO neutron.db.ovn_revision_numbers_db [None req-ccf3abf1-2dbe-4775-b43f-4d9302bf5efc 2d5be965e0094053900b464508fa2b23 a6067b5d42334c4cb975ad1121ef6f90 - - default default] Successfully bumped revision number for resource d8dfa77b-54df-468f-b66f-6732dc6e9dc8 (type: networks) to 1
2026-07-12 03:07:53.125 7 INFO neutron.db.ovn_revision_numbers_db [None req-f0e6a66b-02fe-4736-bf58-400d271d06c5 0a42e3e6ab2140b095f73bf7f599270f 274b7393a84b40c59a43f306eb223845 - - default default] Successfully bumped revision number for resource 5b2466c6-7be6-4f70-8c0a-126037b8f90d (type: router_ports) to 1
2026-07-12 03:07:53.159 8 INFO neutron.plugins.ml2.drivers.ovn.mech_driver.ovsdb.ovsdb_monitor [None req-a45f469f-f0de-492d-b4d8-b02d574bcba3 - - - - - -] Router 38eef32a-0003-422f-a41b-10f564fc60f9 is bound to host instance
2026-07-12 03:07:53.200 7 INFO neutron.db.ovn_revision_numbers_db [None req-f0e6a66b-02fe-4736-bf58-400d271d06c5 0a42e3e6ab2140b095f73bf7f599270f 274b7393a84b40c59a43f306eb223845 - - default default] Successfully bumped revision number for resource 38eef32a-0003-422f-a41b-10f564fc60f9 (type: routers) to 2 [pid: 7|app: 0|req: 640/1339] 10.0.0.12 () {34 vars in 667 bytes} [Sun Jul 12 03:07:51 2026] POST /v2.0/routers => generated 976 bytes in 1498 msecs (HTTP/1.1 201) 4 headers in 162 bytes (1 switches on core 0)
2026-07-12 03:07:53.388 8 WARNING neutron.plugins.ml2.drivers.ovn.mech_driver.ovsdb.ovn_client [None req-64ae9f2b-0ace-426a-8ee3-7be670a4c347 - - - - - -] No port found with ID 1601c57a-4c8a-40c9-8d82-bc955424933f: RuntimeError: No port found with ID 1601c57a-4c8a-40c9-8d82-bc955424933f
2026-07-12 03:07:53.388 8 INFO neutron.plugins.ml2.drivers.ovn.mech_driver.mech_driver [None req-64ae9f2b-0ace-426a-8ee3-7be670a4c347 - - - - - -] OVN reports status down for port: 4185f2d1-013f-4d04-8153-98a1dbe91925
2026-07-12 03:07:53.497 8 WARNING neutron.scheduler.dhcp_agent_scheduler [None req-ccf3abf1-2dbe-4775-b43f-4d9302bf5efc 2d5be965e0094053900b464508fa2b23 a6067b5d42334c4cb975ad1121ef6f90 - - default default] No more DHCP agents
2026-07-12 03:07:53.510 8 WARNING neutron.api.rpc.agentnotifiers.dhcp_rpc_agent_api [None req-ccf3abf1-2dbe-4775-b43f-4d9302bf5efc 2d5be965e0094053900b464508fa2b23 a6067b5d42334c4cb975ad1121ef6f90 - - default default] Unable to schedule network d8dfa77b-54df-468f-b66f-6732dc6e9dc8: no agents available; will retry on subsequent port and subnet creation events.
2026-07-12 03:07:53.510 7 INFO neutron.db.ovn_revision_numbers_db [None req-f40d916b-62a9-4386-89e8-73e2a4fdefb6 e5e6fa99870346c48c7d6728f763cd2d baefff3b999b4eab8bb2421f1da77f77 - - default default] Successfully bumped revision number for resource 20f2056c-17b9-445b-86d1-e89a58f9f2c4 (type: security_groups) to 1
2026-07-12 03:07:53.524 7 INFO neutron.db.ovn_revision_numbers_db [None req-f40d916b-62a9-4386-89e8-73e2a4fdefb6 e5e6fa99870346c48c7d6728f763cd2d baefff3b999b4eab8bb2421f1da77f77 - - default default] Successfully bumped revision number for resource 500e4523-100c-4b53-b9ca-6302804a10c0 (type: security_group_rules) to 0
2026-07-12 03:07:53.543 7 INFO neutron.db.ovn_revision_numbers_db [None req-f40d916b-62a9-4386-89e8-73e2a4fdefb6 e5e6fa99870346c48c7d6728f763cd2d baefff3b999b4eab8bb2421f1da77f77 - - default default] Successfully bumped revision number for resource 74a1c7d6-7dc9-4fc9-8245-69f4363c62b5 (type: security_group_rules) to 0
2026-07-12 03:07:53.557 7 INFO neutron.db.ovn_revision_numbers_db [None req-f40d916b-62a9-4386-89e8-73e2a4fdefb6 e5e6fa99870346c48c7d6728f763cd2d baefff3b999b4eab8bb2421f1da77f77 - - default default] Successfully bumped revision number for resource 760ccebc-a936-4fa6-8e36-b42e93b3792c (type: security_group_rules) to 0
2026-07-12 03:07:53.569 7 INFO neutron.db.ovn_revision_numbers_db [None req-f40d916b-62a9-4386-89e8-73e2a4fdefb6 e5e6fa99870346c48c7d6728f763cd2d baefff3b999b4eab8bb2421f1da77f77 - - default default] Successfully bumped revision number for resource d54da4d0-db51-44d0-b164-5e287b2dcce4 (type: security_group_rules) to 0
2026-07-12 03:07:53.700 7 INFO neutron.db.ovn_revision_numbers_db [None req-f40d916b-62a9-4386-89e8-73e2a4fdefb6 e5e6fa99870346c48c7d6728f763cd2d baefff3b999b4eab8bb2421f1da77f77 - - default default] Successfully bumped revision number for resource c0681fe6-5758-4753-aa86-ebfbdf4a8b81 (type: security_groups) to 1
2026-07-12 03:07:53.720 7 INFO neutron.db.ovn_revision_numbers_db [None req-f40d916b-62a9-4386-89e8-73e2a4fdefb6 e5e6fa99870346c48c7d6728f763cd2d baefff3b999b4eab8bb2421f1da77f77 - - default default] Successfully bumped revision number for resource 2abe360e-74d8-4449-af52-49c5fa466e92 (type: security_group_rules) to 0
2026-07-12 03:07:53.736 7 INFO neutron.db.ovn_revision_numbers_db [None req-f40d916b-62a9-4386-89e8-73e2a4fdefb6 e5e6fa99870346c48c7d6728f763cd2d baefff3b999b4eab8bb2421f1da77f77 - - default default] Successfully bumped revision number for resource 38041de0-6737-4c78-9604-19e4ecdcf3b3 (type: security_group_rules) to 0
2026-07-12 03:07:53.741 8 INFO neutron.db.ovn_revision_numbers_db [None req-ccf3abf1-2dbe-4775-b43f-4d9302bf5efc 2d5be965e0094053900b464508fa2b23 a6067b5d42334c4cb975ad1121ef6f90 - - default default] Successfully bumped revision number for resource 8f983668-4cab-4914-ac3b-218703ccfb2e (type: ports) to 1 [pid: 7|app: 0|req: 641/1340] 10.0.0.12 () {34 vars in 682 bytes} [Sun Jul 12 03:07:53 2026] POST /v2.0/security-groups => generated 1625 bytes in 559 msecs (HTTP/1.1 201) 4 headers in 163 bytes (1 switches on core 0) [pid: 8|app: 0|req: 700/1341] 10.0.0.12 () {34 vars in 668 bytes} [Sun Jul 12 03:07:52 2026] POST /v2.0/networks => generated 682 bytes in 1334 msecs (HTTP/1.1 201) 4 headers in 162 bytes (1 switches on core 0) [pid: 8|app: 0|req: 701/1342] 10.0.0.23 () {34 vars in 1068 bytes} [Sun Jul 12 03:07:53 2026] GET /v2.0/ports?fields=security_groups&fields=device_id&device_id=e84f8575-41ab-41a3-9aee-a053e1f4377e => generated 12 bytes in 32 msecs (HTTP/1.1 200) 4 headers in 156 bytes (1 switches on core 0) [pid: 8|app: 0|req: 702/1343] 10.0.0.12 () {32 vars in 661 bytes} [Sun Jul 12 03:07:53 2026] GET /v2.0/security-groups => generated 4530 bytes in 71 msecs (HTTP/1.1 200) 4 headers in 158 bytes (1 switches on core 0) [pid: 7|app: 0|req: 642/1344] 10.0.0.12 () {32 vars in 774 bytes} [Sun Jul 12 03:07:53 2026] GET /v2.0/subnets?project_id=274b7393a84b40c59a43f306eb223845&cidr=10.100.0.0%2F28 => generated 14 bytes in 137 msecs (HTTP/1.1 200) 4 headers in 156 bytes (1 switches on core 0)
2026-07-12 03:07:54.001 7 INFO neutron.db.ovn_revision_numbers_db [None req-b22734c7-be62-4c56-9466-c079f5418db1 e5e6fa99870346c48c7d6728f763cd2d baefff3b999b4eab8bb2421f1da77f77 - - default default] Successfully bumped revision number for resource c0681fe6-5758-4753-aa86-ebfbdf4a8b81 (type: security_groups) to 2 [pid: 7|app: 0|req: 643/1345] 10.0.0.12 () {34 vars in 756 bytes} [Sun Jul 12 03:07:53 2026] PUT /v2.0/security-groups/c0681fe6-5758-4753-aa86-ebfbdf4a8b81 => generated 1663 bytes in 128 msecs (HTTP/1.1 200) 4 headers in 158 bytes (1 switches on core 0) [pid: 7|app: 0|req: 644/1346] 10.0.0.12 () {32 vars in 692 bytes} [Sun Jul 12 03:07:54 2026] GET /v2.0/networks?router%3Aexternal=True => generated 791 bytes in 61 msecs (HTTP/1.1 200) 4 headers in 157 bytes (1 switches on core 0) [pid: 7|app: 0|req: 645/1347] 10.0.0.12 () {32 vars in 735 bytes} [Sun Jul 12 03:07:54 2026] GET /v2.0/security-groups/c0681fe6-5758-4753-aa86-ebfbdf4a8b81 => generated 1663 bytes in 22 msecs (HTTP/1.1 200) 4 headers in 158 bytes (1 switches on core 0) [pid: 7|app: 0|req: 646/1348] 10.0.0.12 () {32 vars in 782 bytes} [Sun Jul 12 03:07:54 2026] GET /v2.0/subnets?network_id=95a4c6f0-3d0d-44d9-bf85-f16724df4325&cidr=10.100.0.0%2F28 => generated 14 bytes in 20 msecs (HTTP/1.1 200) 4 headers in 156 bytes (1 switches on core 0) [pid: 7|app: 0|req: 647/1349] 10.0.0.12 () {32 vars in 738 bytes} [Sun Jul 12 03:07:54 2026] DELETE /v2.0/security-groups/c0681fe6-5758-4753-aa86-ebfbdf4a8b81 => generated 0 bytes in 137 msecs (HTTP/1.1 204) 2 headers in 112 bytes (1 switches on core 0)
2026-07-12 03:07:54.298 8 WARNING neutron.scheduler.dhcp_agent_scheduler [None req-2216e406-572f-40f5-a939-e6d7b7e9b570 2d5be965e0094053900b464508fa2b23 a6067b5d42334c4cb975ad1121ef6f90 - - default default] No more DHCP agents
2026-07-12 03:07:54.303 8 WARNING neutron.api.rpc.agentnotifiers.dhcp_rpc_agent_api [None req-2216e406-572f-40f5-a939-e6d7b7e9b570 2d5be965e0094053900b464508fa2b23 a6067b5d42334c4cb975ad1121ef6f90 - - default default] Unable to schedule network d8dfa77b-54df-468f-b66f-6732dc6e9dc8: no agents available; will retry on subsequent port and subnet creation events.
2026-07-12 03:07:54.415 8 INFO neutron.plugins.ml2.drivers.ovn.mech_driver.mech_driver [None req-64ae9f2b-0ace-426a-8ee3-7be670a4c347 - - - - - -] OVN reports status down for port: 82f2d4dc-5a43-4e60-97a1-61ab65840b44
2026-07-12 03:07:54.490 7 WARNING neutron.scheduler.dhcp_agent_scheduler [None req-56130362-ee25-425b-b634-dcf27946d5be 0a42e3e6ab2140b095f73bf7f599270f 274b7393a84b40c59a43f306eb223845 - - default default] No more DHCP agents
2026-07-12 03:07:54.491 7 WARNING neutron.api.rpc.agentnotifiers.dhcp_rpc_agent_api [None req-56130362-ee25-425b-b634-dcf27946d5be 0a42e3e6ab2140b095f73bf7f599270f 274b7393a84b40c59a43f306eb223845 - - default default] Unable to schedule network 277fdca3-5fdc-468d-a294-f35943952b5f: no agents available; will retry on subsequent port and subnet creation events.
2026-07-12 03:07:54.505 8 INFO neutron.db.ovn_revision_numbers_db [None req-2216e406-572f-40f5-a939-e6d7b7e9b570 2d5be965e0094053900b464508fa2b23 a6067b5d42334c4cb975ad1121ef6f90 - - default default] Successfully bumped revision number for resource 82f2d4dc-5a43-4e60-97a1-61ab65840b44 (type: ports) to 1 [pid: 8|app: 0|req: 703/1350] 10.0.0.12 () {34 vars in 663 bytes} [Sun Jul 12 03:07:53 2026] POST /v2.0/ports => generated 775 bytes in 696 msecs (HTTP/1.1 201) 4 headers in 162 bytes (1 switches on core 0) /var/lib/openstack/lib/python3.12/site-packages/pycadf/identifier.py:70: UserWarning: Invalid uuid: neutron. To ensure interoperability, identifiers should be a valid uuid. warnings.warn(('Invalid uuid: %s. To ensure interoperability, ' [pid: 8|app: 0|req: 704/1351] 10.0.0.12 () {32 vars in 661 bytes} [Sun Jul 12 03:07:54 2026] GET /v2.0/security-groups => generated 2925 bytes in 42 msecs (HTTP/1.1 200) 4 headers in 158 bytes (1 switches on core 0) [pid: 8|app: 0|req: 705/1352] 199.204.45.229 () {34 vars in 985 bytes} [Sun Jul 12 03:07:54 2026] GET /v2.0/networks?id=c8014232-9a57-4c67-bb98-54c4c289d63c => generated 713 bytes in 64 msecs (HTTP/1.1 200) 4 headers in 157 bytes (1 switches on core 0)
2026-07-12 03:07:54.708 7 WARNING neutron.plugins.ml2.drivers.ovn.mech_driver.ovsdb.ovn_client [None req-ba5aec66-6a87-43a2-a720-d150533a3468 - - - - - -] No hosting information found for port cca53643-6c57-40ad-aeb2-f3aa918fe95c: RuntimeError: No hosting information found for port cca53643-6c57-40ad-aeb2-f3aa918fe95c
2026-07-12 03:07:54.858 8 INFO neutron.db.segments_db [None req-892ff709-4617-4747-a19d-e767457f3050 2d5be965e0094053900b464508fa2b23 a6067b5d42334c4cb975ad1121ef6f90 - - default default] Added segment 73955f1a-1e37-42ad-a259-249557329644 of type geneve for network bf03ce6a-bbf7-4bd1-9504-5c6df69ef4d1
2026-07-12 03:07:54.894 7 INFO neutron.db.ovn_revision_numbers_db [None req-ba5aec66-6a87-43a2-a720-d150533a3468 - - - - - -] Successfully bumped revision number for resource cca53643-6c57-40ad-aeb2-f3aa918fe95c (type: router_ports) to 2
2026-07-12 03:07:54.928 8 INFO neutron.db.ovn_revision_numbers_db [None req-730703d3-32d3-448e-88dd-72fbd463c6f4 - - - - - -] Successfully bumped revision number for resource 5b2466c6-7be6-4f70-8c0a-126037b8f90d (type: ports) to 4
2026-07-12 03:07:55.002 7 INFO neutron.plugins.ml2.drivers.ovn.mech_driver.mech_driver [None req-ba5aec66-6a87-43a2-a720-d150533a3468 - - - - - -] OVN reports status down for port: 5b2466c6-7be6-4f70-8c0a-126037b8f90d
2026-07-12 03:07:55.113 8 INFO neutron.db.ovn_revision_numbers_db [None req-892ff709-4617-4747-a19d-e767457f3050 2d5be965e0094053900b464508fa2b23 a6067b5d42334c4cb975ad1121ef6f90 - - default default] Successfully bumped revision number for resource bf03ce6a-bbf7-4bd1-9504-5c6df69ef4d1 (type: networks) to 1
2026-07-12 03:07:55.121 7 WARNING neutron.plugins.ml2.drivers.ovn.mech_driver.ovsdb.ovn_client [None req-ba5aec66-6a87-43a2-a720-d150533a3468 - - - - - -] Logical_Switch_Port 5b2466c6-7be6-4f70-8c0a-126037b8f90d host information not removed, the port state is up
2026-07-12 03:07:55.122 7 INFO neutron.plugins.ml2.drivers.ovn.mech_driver.mech_driver [None req-ba5aec66-6a87-43a2-a720-d150533a3468 - - - - - -] OVN reports status up for port: 5b2466c6-7be6-4f70-8c0a-126037b8f90d
2026-07-12 03:07:55.167 7 INFO neutron.plugins.ml2.plugin [None req-ba5aec66-6a87-43a2-a720-d150533a3468 - - - - - -] Attempt 1 to provision port 5b2466c6-7be6-4f70-8c0a-126037b8f90d
2026-07-12 03:07:55.319 7 INFO neutron.plugins.ml2.drivers.ovn.mech_driver.mech_driver [None req-ba5aec66-6a87-43a2-a720-d150533a3468 - - - - - -] OVN reports status down for port: 8f983668-4cab-4914-ac3b-218703ccfb2e
2026-07-12 03:07:55.330 7 INFO neutron.db.ovn_revision_numbers_db [None req-56130362-ee25-425b-b634-dcf27946d5be 0a42e3e6ab2140b095f73bf7f599270f 274b7393a84b40c59a43f306eb223845 - - default default] Successfully bumped revision number for resource 4185f2d1-013f-4d04-8153-98a1dbe91925 (type: ports) to 2
2026-07-12 03:07:55.396 7 INFO neutron.db.ovn_revision_numbers_db [None req-56130362-ee25-425b-b634-dcf27946d5be 0a42e3e6ab2140b095f73bf7f599270f 274b7393a84b40c59a43f306eb223845 - - default default] Successfully bumped revision number for resource 418cb195-d893-4ce9-989d-c3b139cacfb4 (type: subnets) to 0 [pid: 7|app: 0|req: 648/1353] 10.0.0.12 () {34 vars in 667 bytes} [Sun Jul 12 03:07:54 2026] POST /v2.0/subnets => generated 657 bytes in 1130 msecs (HTTP/1.1 201) 4 headers in 162 bytes (1 switches on core 0)
2026-07-12 03:07:55.439 7 INFO neutron.api.v2.resource [None req-e1fbcf97-6716-40de-9766-a575ae865e21 e5e6fa99870346c48c7d6728f763cd2d baefff3b999b4eab8bb2421f1da77f77 - - default default] delete failed (client error): The resource could not be found. [pid: 7|app: 0|req: 649/1354] 10.0.0.12 () {32 vars in 738 bytes} [Sun Jul 12 03:07:55 2026] DELETE /v2.0/security-groups/c0681fe6-5758-4753-aa86-ebfbdf4a8b81 => generated 146 bytes in 24 msecs (HTTP/1.1 404) 4 headers in 164 bytes (1 switches on core 0)
2026-07-12 03:07:55.448 7 WARNING neutron.db.securitygroups_db [req-eefa5b06-21ae-4a78-bcbf-f1599926a58b req-46a3d261-541f-4abd-8a9b-668a228f3058 af9d757871ba44bf842d178066737f22 93a0d2d146f643e282527b992cf86a9d - - default default] project_id key not found in filters, using tenant_id instead. This support has been deprecated and will be removed in a future release. [pid: 7|app: 0|req: 650/1355] 199.204.45.229 () {34 vars in 1049 bytes} [Sun Jul 12 03:07:55 2026] GET /v2.0/security-groups?fields=id&fields=name&tenant_id=93a0d2d146f643e282527b992cf86a9d => generated 181 bytes in 32 msecs (HTTP/1.1 200) 4 headers in 157 bytes (1 switches on core 0) [pid: 7|app: 0|req: 651/1356] 10.0.0.23 () {34 vars in 1068 bytes} [Sun Jul 12 03:07:55 2026] GET /v2.0/ports?fields=security_groups&fields=device_id&device_id=e84f8575-41ab-41a3-9aee-a053e1f4377e => generated 12 bytes in 19 msecs (HTTP/1.1 200) 4 headers in 156 bytes (1 switches on core 0)
2026-07-12 03:07:55.503 8 WARNING neutron.scheduler.dhcp_agent_scheduler [None req-892ff709-4617-4747-a19d-e767457f3050 2d5be965e0094053900b464508fa2b23 a6067b5d42334c4cb975ad1121ef6f90 - - default default] No more DHCP agents
2026-07-12 03:07:55.506 8 WARNING neutron.api.rpc.agentnotifiers.dhcp_rpc_agent_api [None req-892ff709-4617-4747-a19d-e767457f3050 2d5be965e0094053900b464508fa2b23 a6067b5d42334c4cb975ad1121ef6f90 - - default default] Unable to schedule network bf03ce6a-bbf7-4bd1-9504-5c6df69ef4d1: no agents available; will retry on subsequent port and subnet creation events.
2026-07-12 03:07:55.630 8 INFO neutron.plugins.ml2.drivers.ovn.mech_driver.mech_driver [None req-64ae9f2b-0ace-426a-8ee3-7be670a4c347 - - - - - -] OVN reports status down for port: 13ad0694-b26b-44f5-bd7a-c38c5b9ef876
2026-07-12 03:07:55.638 8 INFO neutron.db.ovn_revision_numbers_db [None req-730703d3-32d3-448e-88dd-72fbd463c6f4 - - - - - -] Successfully bumped revision number for resource 5b2466c6-7be6-4f70-8c0a-126037b8f90d (type: ports) to 5
2026-07-12 03:07:55.727 8 INFO neutron.db.ovn_revision_numbers_db [None req-892ff709-4617-4747-a19d-e767457f3050 2d5be965e0094053900b464508fa2b23 a6067b5d42334c4cb975ad1121ef6f90 - - default default] Successfully bumped revision number for resource 13ad0694-b26b-44f5-bd7a-c38c5b9ef876 (type: ports) to 1 [pid: 8|app: 0|req: 706/1357] 10.0.0.12 () {34 vars in 668 bytes} [Sun Jul 12 03:07:54 2026] POST /v2.0/networks => generated 670 bytes in 1139 msecs (HTTP/1.1 201) 4 headers in 162 bytes (1 switches on core 0)
2026-07-12 03:07:55.971 8 INFO neutron.db.ovn_revision_numbers_db [None req-f8d9b7f0-e814-4ae9-aa72-4859ed2410b2 e5e6fa99870346c48c7d6728f763cd2d baefff3b999b4eab8bb2421f1da77f77 - - default default] Successfully bumped revision number for resource 24e8051a-d04a-4e9a-b205-6903675571ac (type: security_groups) to 1
2026-07-12 03:07:55.984 8 INFO neutron.db.ovn_revision_numbers_db [None req-f8d9b7f0-e814-4ae9-aa72-4859ed2410b2 e5e6fa99870346c48c7d6728f763cd2d baefff3b999b4eab8bb2421f1da77f77 - - default default] Successfully bumped revision number for resource 03e808a4-5c9a-444f-b9fe-b2708c3a66fd (type: security_group_rules) to 0
2026-07-12 03:07:55.994 8 INFO neutron.db.ovn_revision_numbers_db [None req-f8d9b7f0-e814-4ae9-aa72-4859ed2410b2 e5e6fa99870346c48c7d6728f763cd2d baefff3b999b4eab8bb2421f1da77f77 - - default default] Successfully bumped revision number for resource ff4a5b8e-0fd0-426b-a7b1-973af4df59a7 (type: security_group_rules) to 0 [pid: 8|app: 0|req: 707/1358] 10.0.0.12 () {34 vars in 682 bytes} [Sun Jul 12 03:07:55 2026] POST /v2.0/security-groups => generated 1625 bytes in 197 msecs (HTTP/1.1 201) 4 headers in 163 bytes (1 switches on core 0)
2026-07-12 03:07:56.095 7 WARNING neutron.scheduler.dhcp_agent_scheduler [None req-296d4bab-73db-4d9b-8024-5ec46692837a 0a42e3e6ab2140b095f73bf7f599270f 274b7393a84b40c59a43f306eb223845 - - default default] No more DHCP agents
2026-07-12 03:07:56.097 7 WARNING neutron.api.rpc.agentnotifiers.dhcp_rpc_agent_api [None req-296d4bab-73db-4d9b-8024-5ec46692837a 0a42e3e6ab2140b095f73bf7f599270f 274b7393a84b40c59a43f306eb223845 - - default default] Unable to schedule network 277fdca3-5fdc-468d-a294-f35943952b5f: no agents available; will retry on subsequent port and subnet creation events.
2026-07-12 03:07:56.216 7 INFO neutron.plugins.ml2.drivers.ovn.mech_driver.mech_driver [None req-ba5aec66-6a87-43a2-a720-d150533a3468 - - - - - -] OVN reports status down for port: 06afcf6d-c778-4578-b0f9-9d304597f0df
2026-07-12 03:07:56.270 7 INFO neutron.db.ovn_revision_numbers_db [None req-296d4bab-73db-4d9b-8024-5ec46692837a 0a42e3e6ab2140b095f73bf7f599270f 274b7393a84b40c59a43f306eb223845 - - default default] Successfully bumped revision number for resource 06afcf6d-c778-4578-b0f9-9d304597f0df (type: ports) to 1
2026-07-12 03:07:56.768 8 WARNING neutron.scheduler.dhcp_agent_scheduler [req-eefa5b06-21ae-4a78-bcbf-f1599926a58b req-fdec6c2b-371d-4053-9459-5e5de3e5aa78 af9d757871ba44bf842d178066737f22 93a0d2d146f643e282527b992cf86a9d - - default default] No more DHCP agents
2026-07-12 03:07:56.769 8 WARNING neutron.api.rpc.agentnotifiers.dhcp_rpc_agent_api [req-eefa5b06-21ae-4a78-bcbf-f1599926a58b req-fdec6c2b-371d-4053-9459-5e5de3e5aa78 af9d757871ba44bf842d178066737f22 93a0d2d146f643e282527b992cf86a9d - - default default] Unable to schedule network c8014232-9a57-4c67-bb98-54c4c289d63c: no agents available; will retry on subsequent port and subnet creation events.
2026-07-12 03:07:56.977 7 INFO neutron.plugins.ml2.drivers.ovn.mech_driver.mech_driver [None req-ba5aec66-6a87-43a2-a720-d150533a3468 - - - - - -] OVN reports status down for port: 5022c2ac-9f8d-4395-99dc-bbb72553f46c
2026-07-12 03:07:56.981 8 INFO neutron.db.ovn_revision_numbers_db [req-eefa5b06-21ae-4a78-bcbf-f1599926a58b req-fdec6c2b-371d-4053-9459-5e5de3e5aa78 af9d757871ba44bf842d178066737f22 93a0d2d146f643e282527b992cf86a9d - - default default] Successfully bumped revision number for resource 5022c2ac-9f8d-4395-99dc-bbb72553f46c (type: ports) to 1 [pid: 8|app: 0|req: 708/1359] 199.204.45.229 () {38 vars in 954 bytes} [Sun Jul 12 03:07:56 2026] POST /v2.0/ports => generated 954 bytes in 993 msecs (HTTP/1.1 201) 4 headers in 162 bytes (1 switches on core 0) /var/lib/openstack/lib/python3.12/site-packages/pycadf/identifier.py:70: UserWarning: Invalid uuid: neutron. To ensure interoperability, identifiers should be a valid uuid. warnings.warn(('Invalid uuid: %s. To ensure interoperability, '
2026-07-12 03:07:57.114 7 INFO neutron.plugins.ml2.drivers.ovn.mech_driver.mech_driver [None req-ba5aec66-6a87-43a2-a720-d150533a3468 - - - - - -] OVN reports status up for port: 06afcf6d-c778-4578-b0f9-9d304597f0df
2026-07-12 03:07:57.141 7 INFO neutron.plugins.ml2.plugin [None req-ba5aec66-6a87-43a2-a720-d150533a3468 - - - - - -] Attempt 1 to provision port 06afcf6d-c778-4578-b0f9-9d304597f0df
2026-07-12 03:07:57.202 8 WARNING neutron.scheduler.dhcp_agent_scheduler [None req-70d261ce-ce72-462f-bbea-3e7f9f336651 2d5be965e0094053900b464508fa2b23 a6067b5d42334c4cb975ad1121ef6f90 - - default default] No more DHCP agents
2026-07-12 03:07:57.203 8 WARNING neutron.api.rpc.agentnotifiers.dhcp_rpc_agent_api [None req-70d261ce-ce72-462f-bbea-3e7f9f336651 2d5be965e0094053900b464508fa2b23 a6067b5d42334c4cb975ad1121ef6f90 - - default default] Unable to schedule network bf03ce6a-bbf7-4bd1-9504-5c6df69ef4d1: no agents available; will retry on subsequent port and subnet creation events.
2026-07-12 03:07:57.219 7 WARNING neutron.scheduler.dhcp_agent_scheduler [None req-296d4bab-73db-4d9b-8024-5ec46692837a 0a42e3e6ab2140b095f73bf7f599270f 274b7393a84b40c59a43f306eb223845 - - default default] No more DHCP agents
2026-07-12 03:07:57.222 7 WARNING neutron.api.rpc.agentnotifiers.dhcp_rpc_agent_api [None req-296d4bab-73db-4d9b-8024-5ec46692837a 0a42e3e6ab2140b095f73bf7f599270f 274b7393a84b40c59a43f306eb223845 - - default default] Unable to schedule network 277fdca3-5fdc-468d-a294-f35943952b5f: no agents available; will retry on subsequent port and subnet creation events.
2026-07-12 03:07:57.826 8 INFO neutron.db.ovn_revision_numbers_db [None req-70d261ce-ce72-462f-bbea-3e7f9f336651 2d5be965e0094053900b464508fa2b23 a6067b5d42334c4cb975ad1121ef6f90 - - default default] Successfully bumped revision number for resource 13ad0694-b26b-44f5-bd7a-c38c5b9ef876 (type: ports) to 2
2026-07-12 03:07:57.866 8 INFO neutron.db.ovn_revision_numbers_db [None req-70d261ce-ce72-462f-bbea-3e7f9f336651 2d5be965e0094053900b464508fa2b23 a6067b5d42334c4cb975ad1121ef6f90 - - default default] Successfully bumped revision number for resource cd4e0d80-36fe-4ad6-bca3-a1411b0e9615 (type: subnets) to 0
2026-07-12 03:07:57.868 7 INFO neutron.db.ovn_revision_numbers_db [None req-296d4bab-73db-4d9b-8024-5ec46692837a 0a42e3e6ab2140b095f73bf7f599270f 274b7393a84b40c59a43f306eb223845 - - default default] Successfully bumped revision number for resource 06afcf6d-c778-4578-b0f9-9d304597f0df (type: router_ports) to 1 [pid: 8|app: 0|req: 709/1360] 10.0.0.12 () {34 vars in 667 bytes} [Sun Jul 12 03:07:57 2026] POST /v2.0/subnets => generated 626 bytes in 858 msecs (HTTP/1.1 201) 4 headers in 162 bytes (1 switches on core 0) [pid: 7|app: 0|req: 652/1361] 10.0.0.12 () {34 vars in 781 bytes} [Sun Jul 12 03:07:55 2026] PUT /v2.0/routers/38eef32a-0003-422f-a41b-10f564fc60f9/add_router_interface => generated 310 bytes in 2390 msecs (HTTP/1.1 200) 4 headers in 157 bytes (1 switches on core 0)
2026-07-12 03:07:58.015 8 INFO neutron.db.ovn_revision_numbers_db [None req-e3122a30-477a-41c1-add6-b27c4db3f350 e5e6fa99870346c48c7d6728f763cd2d baefff3b999b4eab8bb2421f1da77f77 - - default default] Successfully bumped revision number for resource e89086dc-4a4d-43b9-9671-24df313a610f (type: security_group_rules) to 0 [pid: 7|app: 0|req: 653/1362] 10.0.0.23 () {34 vars in 1068 bytes} [Sun Jul 12 03:07:57 2026] GET /v2.0/ports?fields=security_groups&fields=device_id&device_id=e84f8575-41ab-41a3-9aee-a053e1f4377e => generated 123 bytes in 141 msecs (HTTP/1.1 200) 4 headers in 157 bytes (1 switches on core 0)
2026-07-12 03:07:58.030 7 INFO neutron.db.ovn_revision_numbers_db [None req-ba5aec66-6a87-43a2-a720-d150533a3468 - - - - - -] Successfully bumped revision number for resource 06afcf6d-c778-4578-b0f9-9d304597f0df (type: ports) to 2 [pid: 8|app: 0|req: 710/1363] 10.0.0.12 () {34 vars in 693 bytes} [Sun Jul 12 03:07:57 2026] POST /v2.0/security-group-rules => generated 601 bytes in 181 msecs (HTTP/1.1 201) 4 headers in 162 bytes (1 switches on core 0) [pid: 8|app: 0|req: 711/1364] 10.0.0.12 () {32 vars in 647 bytes} [Sun Jul 12 03:07:58 2026] GET /v2.0/networks => generated 5409 bytes in 51 msecs (HTTP/1.1 200) 4 headers in 158 bytes (1 switches on core 0)
2026-07-12 03:07:58.379 8 WARNING neutron.scheduler.dhcp_agent_scheduler [None req-3df7daad-99f8-4932-b236-570e281c6625 2d5be965e0094053900b464508fa2b23 a6067b5d42334c4cb975ad1121ef6f90 - - default default] No more DHCP agents
2026-07-12 03:07:58.380 8 WARNING neutron.api.rpc.agentnotifiers.dhcp_rpc_agent_api [None req-3df7daad-99f8-4932-b236-570e281c6625 2d5be965e0094053900b464508fa2b23 a6067b5d42334c4cb975ad1121ef6f90 - - default default] Unable to schedule network bf03ce6a-bbf7-4bd1-9504-5c6df69ef4d1: no agents available; will retry on subsequent port and subnet creation events.
2026-07-12 03:07:58.497 7 INFO neutron.db.ovn_revision_numbers_db [req-eefa5b06-21ae-4a78-bcbf-f1599926a58b req-bb6e800d-64ea-4c3d-9b17-f7338fee57a9 b360a7d2f8ab4344b817f6abbad00aae a6cfba9d2cff4b0193481bceef61191b - - 7c4fee9bcefb4f789340ca590d3b5b45 7c4fee9bcefb4f789340ca590d3b5b45] Successfully bumped revision number for resource 5022c2ac-9f8d-4395-99dc-bbb72553f46c (type: ports) to 2
2026-07-12 03:07:58.516 8 INFO neutron.plugins.ml2.drivers.ovn.mech_driver.mech_driver [None req-64ae9f2b-0ace-426a-8ee3-7be670a4c347 - - - - - -] OVN reports status down for port: 2c981068-f039-423d-9473-fa820a279001
2026-07-12 03:07:58.577 8 INFO neutron.db.ovn_revision_numbers_db [None req-3df7daad-99f8-4932-b236-570e281c6625 2d5be965e0094053900b464508fa2b23 a6067b5d42334c4cb975ad1121ef6f90 - - default default] Successfully bumped revision number for resource 2c981068-f039-423d-9473-fa820a279001 (type: ports) to 1 [pid: 8|app: 0|req: 712/1365] 10.0.0.12 () {34 vars in 663 bytes} [Sun Jul 12 03:07:58 2026] POST /v2.0/ports => generated 954 bytes in 501 msecs (HTTP/1.1 201) 4 headers in 162 bytes (1 switches on core 0) /var/lib/openstack/lib/python3.12/site-packages/pycadf/identifier.py:70: UserWarning: Invalid uuid: neutron. To ensure interoperability, identifiers should be a valid uuid. warnings.warn(('Invalid uuid: %s. To ensure interoperability, ' [pid: 8|app: 0|req: 713/1366] 10.0.0.23 () {34 vars in 1038 bytes} [Sun Jul 12 03:07:58 2026] GET /v2.0/security-groups?id=f7877ac9-d6f4-42cf-9c53-685fa13c00af&fields=id&fields=name => generated 114 bytes in 39 msecs (HTTP/1.1 200) 4 headers in 157 bytes (1 switches on core 0) [pid: 8|app: 0|req: 714/1367] 10.0.0.12 () {32 vars in 745 bytes} [Sun Jul 12 03:07:58 2026] GET /v2.0/security-group-rules/e89086dc-4a4d-43b9-9671-24df313a610f => generated 601 bytes in 14 msecs (HTTP/1.1 200) 4 headers in 157 bytes (1 switches on core 0) [pid: 8|app: 0|req: 715/1368] 10.0.0.12 () {32 vars in 645 bytes} [Sun Jul 12 03:07:58 2026] GET /v2.0/subnets => generated 3287 bytes in 36 msecs (HTTP/1.1 200) 4 headers in 158 bytes (1 switches on core 0)
2026-07-12 03:07:58.753 7 INFO neutron.db.ovn_revision_numbers_db [req-eefa5b06-21ae-4a78-bcbf-f1599926a58b req-bb6e800d-64ea-4c3d-9b17-f7338fee57a9 b360a7d2f8ab4344b817f6abbad00aae a6cfba9d2cff4b0193481bceef61191b - - 7c4fee9bcefb4f789340ca590d3b5b45 7c4fee9bcefb4f789340ca590d3b5b45] Successfully bumped revision number for resource 5022c2ac-9f8d-4395-99dc-bbb72553f46c (type: ports) to 4 [pid: 7|app: 0|req: 654/1369] 199.204.45.229 () {38 vars in 1027 bytes} [Sun Jul 12 03:07:58 2026] PUT /v2.0/ports/5022c2ac-9f8d-4395-99dc-bbb72553f46c => generated 1226 bytes in 752 msecs (HTTP/1.1 200) 4 headers in 158 bytes (1 switches on core 0) /var/lib/openstack/lib/python3.12/site-packages/pycadf/identifier.py:70: UserWarning: Invalid uuid: neutron. To ensure interoperability, identifiers should be a valid uuid. warnings.warn(('Invalid uuid: %s. To ensure interoperability, '
2026-07-12 03:07:58.808 7 INFO neutron.notifiers.nova [-] Nova event matching ['req-6105c095-953e-4a48-ad17-2cec5ed3afca'] response: {'name': 'network-changed', 'server_uuid': 'e84f8575-41ab-41a3-9aee-a053e1f4377e', 'tag': '5022c2ac-9f8d-4395-99dc-bbb72553f46c', 'status': 'completed', 'code': 200} [pid: 7|app: 0|req: 655/1370] 10.0.0.12 () {32 vars in 671 bytes} [Sun Jul 12 03:07:58 2026] GET /v2.0/security-group-rules => generated 4138 bytes in 96 msecs (HTTP/1.1 200) 4 headers in 158 bytes (1 switches on core 0)
2026-07-12 03:07:58.893 8 INFO neutron_taas.services.taas.taas_plugin [None req-cfc3e1b6-db5d-49b9-b230-0e92639af180 2d5be965e0094053900b464508fa2b23 a6067b5d42334c4cb975ad1121ef6f90 - - default default] TaaS: Handle Delete Port: 2c981068-f039-423d-9473-fa820a279001
