2026-07-12 03:10:30.260 7 INFO neutron.db.ovn_revision_numbers_db [None req-ecb988e6-61de-4f97-a438-cd3961c023dd 73c87c74924e43ec99d488a7201884e4 f31f3208ec054e73a3074958b07fa407 - - default default] Successfully bumped revision number for resource bb885b2b-f35e-4725-8328-9947bd3249dc (type: security_group_rules) to 0 [pid: 7|app: 0|req: 1207/2444] 10.0.0.12 () {32 vars in 772 bytes} [Sun Jul 12 03:10:29 2026] GET /v2.0/security-groups?tenant_id=1f5e20317a8b484c828d7fea86af21e1&name=default => generated 2929 bytes in 417 msecs (HTTP/1.1 200) 4 headers in 158 bytes (1 switches on core 0) [pid: 8|app: 0|req: 1238/2447] 10.0.0.12 () {32 vars in 738 bytes} [Sun Jul 12 03:10:30 2026] DELETE /v2.0/security-groups/5ab3061a-ee2b-4073-b81f-99d342a87cb0 => generated 0 bytes in 183 msecs (HTTP/1.1 204) 2 headers in 112 bytes (1 switches on core 0) [pid: 7|app: 0|req: 1210/2448] 10.0.0.12 () {32 vars in 738 bytes} [Sun Jul 12 03:10:30 2026] DELETE /v2.0/security-groups/87cf5f8f-2073-4555-aa2b-90b92c5213f3 => generated 0 bytes in 174 msecs (HTTP/1.1 204) 2 headers in 112 bytes (1 switches on core 0)
2026-07-12 03:10:30.653 8 WARNING neutron.db.securitygroups_db [None req-dbc8abaa-c2fe-4c7e-8b1d-87f4f5cde598 73c87c74924e43ec99d488a7201884e4 f31f3208ec054e73a3074958b07fa407 - - default default] project_id key not found in filters, using tenant_id instead. This support has been deprecated and will be removed in a future release. [pid: 8|app: 0|req: 1239/2449] 10.0.0.12 () {32 vars in 772 bytes} [Sun Jul 12 03:10:30 2026] GET /v2.0/security-groups?tenant_id=e5b294463aaf4878b6aaa5c410c8afeb&name=default => generated 2929 bytes in 29 msecs (HTTP/1.1 200) 4 headers in 158 bytes (1 switches on core 0) [pid: 7|app: 0|req: 1211/2450] 10.0.0.12 () {32 vars in 738 bytes} [Sun Jul 12 03:10:30 2026] DELETE /v2.0/security-groups/5be9c10c-4463-489e-b27f-bc8b4922c631 => generated 0 bytes in 168 msecs (HTTP/1.1 204) 2 headers in 112 bytes (1 switches on core 0) [pid: 8|app: 0|req: 1240/2451] 10.0.0.12 () {34 vars in 676 bytes} [Sun Jul 12 03:10:33 2026] POST /v2.0/qos/policies => generated 359 bytes in 213 msecs (HTTP/1.1 201) 4 headers in 162 bytes (1 switches on core 0)
2026-07-12 03:10:33.898 7 WARNING tagging [None req-581af28d-8767-4be2-a4da-c41887b7405d 03680fd7169e4a8081535160f9a90e42 67da1570a3e743f7a229a1d3af85c451 - - default default] project_id key not found in request, using tenant_id instead. This support has been deprecated and will be removed in a future release. [pid: 7|app: 0|req: 1212/2452] 10.0.0.12 () {34 vars in 751 bytes} [Sun Jul 12 03:10:33 2026] PUT /v2.0/policies/067dd9c4-565d-496d-9155-54d62e606fdf/tags => generated 25 bytes in 51 msecs (HTTP/1.1 200) 4 headers in 156 bytes (1 switches on core 0)
2026-07-12 03:10:33.952 8 WARNING tagging [None req-6e43cb13-cbb8-48c9-8e32-0865f60ae3c8 03680fd7169e4a8081535160f9a90e42 67da1570a3e743f7a229a1d3af85c451 - - default default] project_id key not found in request, using tenant_id instead. This support has been deprecated and will be removed in a future release. [pid: 8|app: 0|req: 1241/2453] 10.0.0.12 () {32 vars in 731 bytes} [Sun Jul 12 03:10:33 2026] GET /v2.0/policies/067dd9c4-565d-496d-9155-54d62e606fdf/tags => generated 25 bytes in 36 msecs (HTTP/1.1 200) 4 headers in 156 bytes (1 switches on core 0)
2026-07-12 03:10:34.004 7 WARNING tagging [None req-934a5aeb-108f-4d9c-8883-f3f3e6a5d3fc 03680fd7169e4a8081535160f9a90e42 67da1570a3e743f7a229a1d3af85c451 - - default default] project_id key not found in request, using tenant_id instead. This support has been deprecated and will be removed in a future release. [pid: 7|app: 0|req: 1213/2454] 10.0.0.12 () {34 vars in 762 bytes} [Sun Jul 12 03:10:33 2026] PUT /v2.0/policies/067dd9c4-565d-496d-9155-54d62e606fdf/tags/green => generated 4 bytes in 65 msecs (HTTP/1.1 201) 4 headers in 160 bytes (1 switches on core 0)
2026-07-12 03:10:34.072 8 WARNING tagging [None req-55d08ca7-f1ed-4279-abf6-6b493adf6f24 03680fd7169e4a8081535160f9a90e42 67da1570a3e743f7a229a1d3af85c451 - - default default] project_id key not found in request, using tenant_id instead. This support has been deprecated and will be removed in a future release. [pid: 8|app: 0|req: 1242/2455] 10.0.0.12 () {32 vars in 731 bytes} [Sun Jul 12 03:10:34 2026] GET /v2.0/policies/067dd9c4-565d-496d-9155-54d62e606fdf/tags => generated 34 bytes in 40 msecs (HTTP/1.1 200) 4 headers in 156 bytes (1 switches on core 0)
2026-07-12 03:10:34.112 7 WARNING tagging [None req-58661bec-2fd7-4013-b888-fb08ad21aa44 03680fd7169e4a8081535160f9a90e42 67da1570a3e743f7a229a1d3af85c451 - - default default] project_id key not found in request, using tenant_id instead. This support has been deprecated and will be removed in a future release. [pid: 7|app: 0|req: 1214/2456] 10.0.0.12 () {34 vars in 758 bytes} [Sun Jul 12 03:10:34 2026] PUT /v2.0/policies/067dd9c4-565d-496d-9155-54d62e606fdf/tags/red => generated 4 bytes in 41 msecs (HTTP/1.1 201) 4 headers in 160 bytes (1 switches on core 0)
2026-07-12 03:10:34.291 8 WARNING tagging [None req-976a75ba-bf42-4925-88ff-620873095162 03680fd7169e4a8081535160f9a90e42 67da1570a3e743f7a229a1d3af85c451 - - default default] project_id key not found in request, using tenant_id instead. This support has been deprecated and will be removed in a future release. [pid: 8|app: 0|req: 1243/2457] 10.0.0.12 () {32 vars in 731 bytes} [Sun Jul 12 03:10:34 2026] GET /v2.0/policies/067dd9c4-565d-496d-9155-54d62e606fdf/tags => generated 34 bytes in 35 msecs (HTTP/1.1 200) 4 headers in 156 bytes (1 switches on core 0)
2026-07-12 03:10:34.333 7 WARNING tagging [None req-fbcf730b-5452-425c-87f0-e84bb351f5a4 03680fd7169e4a8081535160f9a90e42 67da1570a3e743f7a229a1d3af85c451 - - default default] project_id key not found in request, using tenant_id instead. This support has been deprecated and will be removed in a future release. [pid: 7|app: 0|req: 1215/2458] 10.0.0.12 () {34 vars in 780 bytes} [Sun Jul 12 03:10:34 2026] PUT /v2.0/policies/067dd9c4-565d-496d-9155-54d62e606fdf/tags/black.or.white => generated 4 bytes in 55 msecs (HTTP/1.1 201) 4 headers in 160 bytes (1 switches on core 0)
2026-07-12 03:10:34.387 8 WARNING tagging [None req-18906bbc-87bf-4582-bf3b-d8c5ff381881 03680fd7169e4a8081535160f9a90e42 67da1570a3e743f7a229a1d3af85c451 - - default default] project_id key not found in request, using tenant_id instead. This support has been deprecated and will be removed in a future release. [pid: 8|app: 0|req: 1244/2459] 10.0.0.12 () {32 vars in 731 bytes} [Sun Jul 12 03:10:34 2026] GET /v2.0/policies/067dd9c4-565d-496d-9155-54d62e606fdf/tags => generated 52 bytes in 30 msecs (HTTP/1.1 200) 4 headers in 156 bytes (1 switches on core 0)
2026-07-12 03:10:34.423 7 WARNING tagging [None req-a249e1f4-0cf9-418d-a20e-7da50c0981f2 03680fd7169e4a8081535160f9a90e42 67da1570a3e743f7a229a1d3af85c451 - - default default] project_id key not found in request, using tenant_id instead. This support has been deprecated and will be removed in a future release. [pid: 7|app: 0|req: 1216/2460] 10.0.0.12 () {34 vars in 751 bytes} [Sun Jul 12 03:10:34 2026] PUT /v2.0/policies/067dd9c4-565d-496d-9155-54d62e606fdf/tags => generated 37 bytes in 48 msecs (HTTP/1.1 200) 4 headers in 156 bytes (1 switches on core 0)
2026-07-12 03:10:34.484 8 WARNING tagging [None req-94428140-985e-4dd4-a30f-ad09235fb1a5 03680fd7169e4a8081535160f9a90e42 67da1570a3e743f7a229a1d3af85c451 - - default default] project_id key not found in request, using tenant_id instead. This support has been deprecated and will be removed in a future release. [pid: 8|app: 0|req: 1245/2461] 10.0.0.12 () {32 vars in 731 bytes} [Sun Jul 12 03:10:34 2026] GET /v2.0/policies/067dd9c4-565d-496d-9155-54d62e606fdf/tags => generated 37 bytes in 42 msecs (HTTP/1.1 200) 4 headers in 156 bytes (1 switches on core 0)
2026-07-12 03:10:34.523 7 WARNING tagging [None req-ea6673d7-24f5-4b66-892a-6a96abda4e3e 03680fd7169e4a8081535160f9a90e42 67da1570a3e743f7a229a1d3af85c451 - - default default] project_id key not found in request, using tenant_id instead. This support has been deprecated and will be removed in a future release. [pid: 7|app: 0|req: 1217/2462] 10.0.0.12 () {32 vars in 739 bytes} [Sun Jul 12 03:10:34 2026] GET /v2.0/policies/067dd9c4-565d-496d-9155-54d62e606fdf/tags/red => generated 0 bytes in 34 msecs (HTTP/1.1 204) 2 headers in 112 bytes (1 switches on core 0)
2026-07-12 03:10:34.566 8 WARNING tagging [None req-0187a247-d5b5-4c26-89ed-8e6374c23eff 03680fd7169e4a8081535160f9a90e42 67da1570a3e743f7a229a1d3af85c451 - - default default] project_id key not found in request, using tenant_id instead. This support has been deprecated and will be removed in a future release.
2026-07-12 03:10:34.586 8 INFO neutron.api.v2.resource [None req-0187a247-d5b5-4c26-89ed-8e6374c23eff 03680fd7169e4a8081535160f9a90e42 67da1570a3e743f7a229a1d3af85c451 - - default default] show failed (client error): The resource could not be found. [pid: 8|app: 0|req: 1246/2463] 10.0.0.12 () {32 vars in 743 bytes} [Sun Jul 12 03:10:34 2026] GET /v2.0/policies/067dd9c4-565d-496d-9155-54d62e606fdf/tags/green => generated 99 bytes in 49 msecs (HTTP/1.1 404) 4 headers in 163 bytes (1 switches on core 0)
2026-07-12 03:10:34.614 7 WARNING tagging [None req-b449fb55-7712-4714-b1e4-a46f3be7c7c4 03680fd7169e4a8081535160f9a90e42 67da1570a3e743f7a229a1d3af85c451 - - default default] project_id key not found in request, using tenant_id instead. This support has been deprecated and will be removed in a future release. [pid: 7|app: 0|req: 1218/2464] 10.0.0.12 () {32 vars in 742 bytes} [Sun Jul 12 03:10:34 2026] DELETE /v2.0/policies/067dd9c4-565d-496d-9155-54d62e606fdf/tags/red => generated 0 bytes in 46 msecs (HTTP/1.1 204) 2 headers in 112 bytes (1 switches on core 0)
2026-07-12 03:10:34.667 8 WARNING tagging [None req-3de3e954-6b99-49af-b101-51de3f63bb5a 03680fd7169e4a8081535160f9a90e42 67da1570a3e743f7a229a1d3af85c451 - - default default] project_id key not found in request, using tenant_id instead. This support has been deprecated and will be removed in a future release. [pid: 8|app: 0|req: 1247/2465] 10.0.0.12 () {32 vars in 731 bytes} [Sun Jul 12 03:10:34 2026] GET /v2.0/policies/067dd9c4-565d-496d-9155-54d62e606fdf/tags => generated 30 bytes in 34 msecs (HTTP/1.1 200) 4 headers in 156 bytes (1 switches on core 0)
2026-07-12 03:10:34.708 7 WARNING tagging [None req-abcac9fc-191c-434f-8592-76e3529e8d93 03680fd7169e4a8081535160f9a90e42 67da1570a3e743f7a229a1d3af85c451 - - default default] project_id key not found in request, using tenant_id instead. This support has been deprecated and will be removed in a future release.
2026-07-12 03:10:34.720 7 INFO neutron.api.v2.resource [None req-abcac9fc-191c-434f-8592-76e3529e8d93 03680fd7169e4a8081535160f9a90e42 67da1570a3e743f7a229a1d3af85c451 - - default default] delete failed (client error): The resource could not be found. [pid: 7|app: 0|req: 1219/2466] 10.0.0.12 () {32 vars in 746 bytes} [Sun Jul 12 03:10:34 2026] DELETE /v2.0/policies/067dd9c4-565d-496d-9155-54d62e606fdf/tags/green => generated 99 bytes in 41 msecs (HTTP/1.1 404) 4 headers in 163 bytes (1 switches on core 0)
2026-07-12 03:10:34.756 8 WARNING tagging [None req-8480c074-327b-469a-826d-d83c908561fb 03680fd7169e4a8081535160f9a90e42 67da1570a3e743f7a229a1d3af85c451 - - default default] project_id key not found in request, using tenant_id instead. This support has been deprecated and will be removed in a future release. [pid: 8|app: 0|req: 1248/2467] 10.0.0.12 () {32 vars in 734 bytes} [Sun Jul 12 03:10:34 2026] DELETE /v2.0/policies/067dd9c4-565d-496d-9155-54d62e606fdf/tags => generated 0 bytes in 54 msecs (HTTP/1.1 204) 2 headers in 112 bytes (1 switches on core 0)
2026-07-12 03:10:34.811 7 WARNING tagging [None req-9a49902d-3a10-474c-9b7a-ade820de81fa 03680fd7169e4a8081535160f9a90e42 67da1570a3e743f7a229a1d3af85c451 - - default default] project_id key not found in request, using tenant_id instead. This support has been deprecated and will be removed in a future release. [pid: 7|app: 0|req: 1220/2468] 10.0.0.12 () {32 vars in 731 bytes} [Sun Jul 12 03:10:34 2026] GET /v2.0/policies/067dd9c4-565d-496d-9155-54d62e606fdf/tags => generated 12 bytes in 35 msecs (HTTP/1.1 200) 4 headers in 156 bytes (1 switches on core 0) [pid: 8|app: 0|req: 1249/2469] 10.0.0.12 () {32 vars in 732 bytes} [Sun Jul 12 03:10:34 2026] DELETE /v2.0/qos/policies/067dd9c4-565d-496d-9155-54d62e606fdf => generated 0 bytes in 55 msecs (HTTP/1.1 204) 2 headers in 112 bytes (1 switches on core 0)
2026-07-12 03:10:35.813 7 WARNING neutron.db.securitygroups_db [None req-0a3cd72c-828c-4e3a-a27b-d03dbe6aa9a2 73c87c74924e43ec99d488a7201884e4 f31f3208ec054e73a3074958b07fa407 - - default default] project_id key not found in filters, using tenant_id instead. This support has been deprecated and will be removed in a future release.
2026-07-12 03:10:35.939 7 INFO neutron.db.ovn_revision_numbers_db [None req-0a3cd72c-828c-4e3a-a27b-d03dbe6aa9a2 73c87c74924e43ec99d488a7201884e4 f31f3208ec054e73a3074958b07fa407 - - default default] Successfully bumped revision number for resource effe3065-1558-4a98-8b34-c0a83eb885e3 (type: security_groups) to 1
2026-07-12 03:10:35.959 7 INFO neutron.db.ovn_revision_numbers_db [None req-0a3cd72c-828c-4e3a-a27b-d03dbe6aa9a2 73c87c74924e43ec99d488a7201884e4 f31f3208ec054e73a3074958b07fa407 - - default default] Successfully bumped revision number for resource 04984910-c6d8-4951-bbff-ba7ee6799339 (type: security_group_rules) to 0
2026-07-12 03:10:35.983 7 INFO neutron.db.ovn_revision_numbers_db [None req-0a3cd72c-828c-4e3a-a27b-d03dbe6aa9a2 73c87c74924e43ec99d488a7201884e4 f31f3208ec054e73a3074958b07fa407 - - default default] Successfully bumped revision number for resource 5ffc85da-f0ca-4060-bc17-f3598627671e (type: security_group_rules) to 0
2026-07-12 03:10:35.999 7 INFO neutron.db.ovn_revision_numbers_db [None req-0a3cd72c-828c-4e3a-a27b-d03dbe6aa9a2 73c87c74924e43ec99d488a7201884e4 f31f3208ec054e73a3074958b07fa407 - - default default] Successfully bumped revision number for resource 9451196f-3ec8-4533-9e73-52f6d005294c (type: security_group_rules) to 0
2026-07-12 03:10:36.023 7 INFO neutron.db.ovn_revision_numbers_db [None req-0a3cd72c-828c-4e3a-a27b-d03dbe6aa9a2 73c87c74924e43ec99d488a7201884e4 f31f3208ec054e73a3074958b07fa407 - - default default] Successfully bumped revision number for resource e90df40b-09c5-44cd-acc9-59d11062e7ea (type: security_group_rules) to 0 [pid: 7|app: 0|req: 1221/2470] 10.0.0.12 () {32 vars in 772 bytes} [Sun Jul 12 03:10:35 2026] GET /v2.0/security-groups?tenant_id=8ebf07eca24f4402a3ac4b57546353c3&name=default => generated 2929 bytes in 506 msecs (HTTP/1.1 200) 4 headers in 158 bytes (1 switches on core 0) [pid: 8|app: 0|req: 1250/2471] 10.0.0.12 () {32 vars in 738 bytes} [Sun Jul 12 03:10:36 2026] DELETE /v2.0/security-groups/effe3065-1558-4a98-8b34-c0a83eb885e3 => generated 0 bytes in 206 msecs (HTTP/1.1 204) 2 headers in 112 bytes (1 switches on core 0)
2026-07-12 03:10:36.390 7 WARNING neutron.db.securitygroups_db [None req-113143eb-c106-4d3d-ae7c-356140428cbc 73c87c74924e43ec99d488a7201884e4 f31f3208ec054e73a3074958b07fa407 - - default default] project_id key not found in filters, using tenant_id instead. This support has been deprecated and will be removed in a future release.
2026-07-12 03:10:36.502 7 INFO neutron.db.ovn_revision_numbers_db [None req-113143eb-c106-4d3d-ae7c-356140428cbc 73c87c74924e43ec99d488a7201884e4 f31f3208ec054e73a3074958b07fa407 - - default default] Successfully bumped revision number for resource e16e3e2b-24b1-47b2-8579-41c6b3ed8a69 (type: security_groups) to 1
2026-07-12 03:10:36.515 7 INFO neutron.db.ovn_revision_numbers_db [None req-113143eb-c106-4d3d-ae7c-356140428cbc 73c87c74924e43ec99d488a7201884e4 f31f3208ec054e73a3074958b07fa407 - - default default] Successfully bumped revision number for resource 17f034c2-894c-4e2f-b757-6e79074025dc (type: security_group_rules) to 0
2026-07-12 03:10:36.529 7 INFO neutron.db.ovn_revision_numbers_db [None req-113143eb-c106-4d3d-ae7c-356140428cbc 73c87c74924e43ec99d488a7201884e4 f31f3208ec054e73a3074958b07fa407 - - default default] Successfully bumped revision number for resource 30575015-10b8-4460-9834-6f35d97c9aaa (type: security_group_rules) to 0
2026-07-12 03:10:36.539 7 INFO neutron.db.ovn_revision_numbers_db [None req-113143eb-c106-4d3d-ae7c-356140428cbc 73c87c74924e43ec99d488a7201884e4 f31f3208ec054e73a3074958b07fa407 - - default default] Successfully bumped revision number for resource 747ffa30-5ab1-4fce-95b6-f20ebaf64e51 (type: security_group_rules) to 0
2026-07-12 03:10:36.553 7 INFO neutron.db.ovn_revision_numbers_db [None req-113143eb-c106-4d3d-ae7c-356140428cbc 73c87c74924e43ec99d488a7201884e4 f31f3208ec054e73a3074958b07fa407 - - default default] Successfully bumped revision number for resource ef79fdf7-1638-4733-a14e-c6214ce80e77 (type: security_group_rules) to 0 [pid: 7|app: 0|req: 1222/2472] 10.0.0.12 () {32 vars in 772 bytes} [Sun Jul 12 03:10:36 2026] GET /v2.0/security-groups?tenant_id=67da1570a3e743f7a229a1d3af85c451&name=default => generated 2929 bytes in 205 msecs (HTTP/1.1 200) 4 headers in 158 bytes (1 switches on core 0) [pid: 7|app: 0|req: 1223/2473] 10.0.0.12 () {32 vars in 738 bytes} [Sun Jul 12 03:10:36 2026] DELETE /v2.0/security-groups/e16e3e2b-24b1-47b2-8579-41c6b3ed8a69 => generated 0 bytes in 190 msecs (HTTP/1.1 204) 2 headers in 112 bytes (1 switches on core 0)
2026-07-12 03:10:36.843 8 INFO neutron.db.ovn_revision_numbers_db [None req-9542924f-c6ee-4ad2-8052-add6e96a619f ef4b7729bb2c449baa555ae297a6c405 24e8f10b4e34417aa4ccbbb14df7b3ee - - default default] Successfully bumped revision number for resource a645721a-7813-40cd-a923-b7746a75dc46 (type: security_groups) to 1
2026-07-12 03:10:36.890 8 INFO neutron.db.ovn_revision_numbers_db [None req-9542924f-c6ee-4ad2-8052-add6e96a619f ef4b7729bb2c449baa555ae297a6c405 24e8f10b4e34417aa4ccbbb14df7b3ee - - default default] Successfully bumped revision number for resource 2c522071-715d-4860-9117-6558e045b8c7 (type: security_group_rules) to 0
2026-07-12 03:10:36.906 8 INFO neutron.db.ovn_revision_numbers_db [None req-9542924f-c6ee-4ad2-8052-add6e96a619f ef4b7729bb2c449baa555ae297a6c405 24e8f10b4e34417aa4ccbbb14df7b3ee - - default default] Successfully bumped revision number for resource 36607a80-d24c-4932-bdeb-7dcabd836ccb (type: security_group_rules) to 0
2026-07-12 03:10:36.921 8 INFO neutron.db.ovn_revision_numbers_db [None req-9542924f-c6ee-4ad2-8052-add6e96a619f ef4b7729bb2c449baa555ae297a6c405 24e8f10b4e34417aa4ccbbb14df7b3ee - - default default] Successfully bumped revision number for resource 4363d0ef-be4d-485d-b685-d5a32e43583e (type: security_group_rules) to 0
2026-07-12 03:10:36.949 8 INFO neutron.db.ovn_revision_numbers_db [None req-9542924f-c6ee-4ad2-8052-add6e96a619f ef4b7729bb2c449baa555ae297a6c405 24e8f10b4e34417aa4ccbbb14df7b3ee - - default default] Successfully bumped revision number for resource fdecdcc1-f80c-4752-b327-dd8bc3ee9b5b (type: security_group_rules) to 0
2026-07-12 03:10:37.051 8 INFO neutron.db.segments_db [None req-9542924f-c6ee-4ad2-8052-add6e96a619f ef4b7729bb2c449baa555ae297a6c405 24e8f10b4e34417aa4ccbbb14df7b3ee - - default default] Added segment 6f96e1ce-016e-43c0-84b6-d66f09ef59d5 of type geneve for network b9d84660-bb45-4879-ad50-0acb79a04c9b
2026-07-12 03:10:37.191 8 INFO neutron.db.ovn_revision_numbers_db [None req-9542924f-c6ee-4ad2-8052-add6e96a619f ef4b7729bb2c449baa555ae297a6c405 24e8f10b4e34417aa4ccbbb14df7b3ee - - default default] Successfully bumped revision number for resource b9d84660-bb45-4879-ad50-0acb79a04c9b (type: networks) to 1
2026-07-12 03:10:37.360 8 WARNING neutron.scheduler.dhcp_agent_scheduler [None req-9542924f-c6ee-4ad2-8052-add6e96a619f ef4b7729bb2c449baa555ae297a6c405 24e8f10b4e34417aa4ccbbb14df7b3ee - - default default] No more DHCP agents
2026-07-12 03:10:37.362 8 WARNING neutron.api.rpc.agentnotifiers.dhcp_rpc_agent_api [None req-9542924f-c6ee-4ad2-8052-add6e96a619f ef4b7729bb2c449baa555ae297a6c405 24e8f10b4e34417aa4ccbbb14df7b3ee - - default default] Unable to schedule network b9d84660-bb45-4879-ad50-0acb79a04c9b: no agents available; will retry on subsequent port and subnet creation events.
2026-07-12 03:10:37.436 8 INFO neutron.plugins.ml2.drivers.ovn.mech_driver.mech_driver [None req-cb6ee820-f942-4a74-be62-3a3aeaa63a31 - - - - - -] OVN reports status down for port: 7f25b083-b53a-49c9-935c-694cd107b1ae
2026-07-12 03:10:37.498 8 INFO neutron.db.ovn_revision_numbers_db [None req-9542924f-c6ee-4ad2-8052-add6e96a619f ef4b7729bb2c449baa555ae297a6c405 24e8f10b4e34417aa4ccbbb14df7b3ee - - default default] Successfully bumped revision number for resource 7f25b083-b53a-49c9-935c-694cd107b1ae (type: ports) to 1 [pid: 8|app: 0|req: 1251/2474] 10.0.0.12 () {34 vars in 668 bytes} [Sun Jul 12 03:10:36 2026] POST /v2.0/networks => generated 678 bytes in 1051 msecs (HTTP/1.1 201) 4 headers in 162 bytes (1 switches on core 0)
2026-07-12 03:10:37.734 7 WARNING neutron.scheduler.dhcp_agent_scheduler [None req-0dda85d9-1abc-4f62-a76d-0f85fd911bb1 ef4b7729bb2c449baa555ae297a6c405 24e8f10b4e34417aa4ccbbb14df7b3ee - - default default] No more DHCP agents
2026-07-12 03:10:37.735 7 WARNING neutron.api.rpc.agentnotifiers.dhcp_rpc_agent_api [None req-0dda85d9-1abc-4f62-a76d-0f85fd911bb1 ef4b7729bb2c449baa555ae297a6c405 24e8f10b4e34417aa4ccbbb14df7b3ee - - default default] Unable to schedule network b9d84660-bb45-4879-ad50-0acb79a04c9b: no agents available; will retry on subsequent port and subnet creation events.
2026-07-12 03:10:38.255 7 INFO neutron.db.ovn_revision_numbers_db [None req-0dda85d9-1abc-4f62-a76d-0f85fd911bb1 ef4b7729bb2c449baa555ae297a6c405 24e8f10b4e34417aa4ccbbb14df7b3ee - - default default] Successfully bumped revision number for resource 7f25b083-b53a-49c9-935c-694cd107b1ae (type: ports) to 2
2026-07-12 03:10:38.283 7 INFO neutron.db.ovn_revision_numbers_db [None req-0dda85d9-1abc-4f62-a76d-0f85fd911bb1 ef4b7729bb2c449baa555ae297a6c405 24e8f10b4e34417aa4ccbbb14df7b3ee - - default default] Successfully bumped revision number for resource 76541c2e-ff5c-4abd-833f-d127d5aadeca (type: subnets) to 0 [pid: 7|app: 0|req: 1224/2475] 10.0.0.12 () {34 vars in 667 bytes} [Sun Jul 12 03:10:37 2026] POST /v2.0/subnets => generated 658 bytes in 757 msecs (HTTP/1.1 201) 4 headers in 162 bytes (1 switches on core 0) [pid: 8|app: 0|req: 1252/2476] 10.0.0.12 () {32 vars in 720 bytes} [Sun Jul 12 03:10:38 2026] GET /v2.0/subnetpools?name=shared-default-subnetpool-v6 => generated 19 bytes in 239 msecs (HTTP/1.1 200) 4 headers in 156 bytes (1 switches on core 0)
2026-07-12 03:10:38.729 7 WARNING neutron.scheduler.dhcp_agent_scheduler [None req-36da5e8c-d9ad-44c7-8204-116b10a1df04 ef4b7729bb2c449baa555ae297a6c405 24e8f10b4e34417aa4ccbbb14df7b3ee - - default default] No more DHCP agents
2026-07-12 03:10:38.731 7 WARNING neutron.api.rpc.agentnotifiers.dhcp_rpc_agent_api [None req-36da5e8c-d9ad-44c7-8204-116b10a1df04 ef4b7729bb2c449baa555ae297a6c405 24e8f10b4e34417aa4ccbbb14df7b3ee - - default default] Unable to schedule network b9d84660-bb45-4879-ad50-0acb79a04c9b: no agents available; will retry on subsequent port and subnet creation events.
2026-07-12 03:10:38.758 7 INFO neutron.db.ovn_revision_numbers_db [None req-36da5e8c-d9ad-44c7-8204-116b10a1df04 ef4b7729bb2c449baa555ae297a6c405 24e8f10b4e34417aa4ccbbb14df7b3ee - - default default] Successfully bumped revision number for resource 2349a75b-c894-4cbb-814f-11910d8b2948 (type: subnets) to 0 [pid: 7|app: 0|req: 1225/2477] 10.0.0.12 () {34 vars in 667 bytes} [Sun Jul 12 03:10:38 2026] POST /v2.0/subnets => generated 732 bytes in 220 msecs (HTTP/1.1 201) 4 headers in 162 bytes (1 switches on core 0)
2026-07-12 03:10:38.866 8 INFO neutron.db.segments_db [None req-a63a4f8a-a51d-4eac-aeb4-6988c0ecce93 ef4b7729bb2c449baa555ae297a6c405 24e8f10b4e34417aa4ccbbb14df7b3ee - - default default] Added segment 26f07b4d-819c-4d59-8716-ec1090449ba9 of type geneve for network e8acbd0d-d250-4987-a04c-868060356705
2026-07-12 03:10:38.987 8 INFO neutron.db.ovn_revision_numbers_db [None req-a63a4f8a-a51d-4eac-aeb4-6988c0ecce93 ef4b7729bb2c449baa555ae297a6c405 24e8f10b4e34417aa4ccbbb14df7b3ee - - default default] Successfully bumped revision number for resource e8acbd0d-d250-4987-a04c-868060356705 (type: networks) to 1
2026-07-12 03:10:39.191 8 WARNING neutron.scheduler.dhcp_agent_scheduler [None req-a63a4f8a-a51d-4eac-aeb4-6988c0ecce93 ef4b7729bb2c449baa555ae297a6c405 24e8f10b4e34417aa4ccbbb14df7b3ee - - default default] No more DHCP agents
2026-07-12 03:10:39.192 8 WARNING neutron.api.rpc.agentnotifiers.dhcp_rpc_agent_api [None req-a63a4f8a-a51d-4eac-aeb4-6988c0ecce93 ef4b7729bb2c449baa555ae297a6c405 24e8f10b4e34417aa4ccbbb14df7b3ee - - default default] Unable to schedule network e8acbd0d-d250-4987-a04c-868060356705: no agents available; will retry on subsequent port and subnet creation events.
2026-07-12 03:10:39.241 7 INFO neutron.plugins.ml2.drivers.ovn.mech_driver.mech_driver [None req-bacace20-42c0-4805-b4e5-c12fbc9e8e29 - - - - - -] OVN reports status down for port: df8caee9-75c5-42fa-8698-d8e1fb6f41d4
2026-07-12 03:10:39.274 8 INFO neutron.db.ovn_revision_numbers_db [None req-a63a4f8a-a51d-4eac-aeb4-6988c0ecce93 ef4b7729bb2c449baa555ae297a6c405 24e8f10b4e34417aa4ccbbb14df7b3ee - - default default] Successfully bumped revision number for resource df8caee9-75c5-42fa-8698-d8e1fb6f41d4 (type: ports) to 1 [pid: 8|app: 0|req: 1253/2478] 10.0.0.12 () {34 vars in 668 bytes} [Sun Jul 12 03:10:38 2026] POST /v2.0/networks => generated 676 bytes in 519 msecs (HTTP/1.1 201) 4 headers in 162 bytes (1 switches on core 0)
2026-07-12 03:10:39.473 7 WARNING neutron.scheduler.dhcp_agent_scheduler [None req-e0dd9f1a-8050-4263-9977-0373154a78b1 ef4b7729bb2c449baa555ae297a6c405 24e8f10b4e34417aa4ccbbb14df7b3ee - - default default] No more DHCP agents
2026-07-12 03:10:39.474 7 WARNING neutron.api.rpc.agentnotifiers.dhcp_rpc_agent_api [None req-e0dd9f1a-8050-4263-9977-0373154a78b1 ef4b7729bb2c449baa555ae297a6c405 24e8f10b4e34417aa4ccbbb14df7b3ee - - default default] Unable to schedule network e8acbd0d-d250-4987-a04c-868060356705: no agents available; will retry on subsequent port and subnet creation events.
2026-07-12 03:10:39.914 7 INFO neutron.db.ovn_revision_numbers_db [None req-e0dd9f1a-8050-4263-9977-0373154a78b1 ef4b7729bb2c449baa555ae297a6c405 24e8f10b4e34417aa4ccbbb14df7b3ee - - default default] Successfully bumped revision number for resource df8caee9-75c5-42fa-8698-d8e1fb6f41d4 (type: ports) to 2
2026-07-12 03:10:39.948 7 INFO neutron.db.ovn_revision_numbers_db [None req-e0dd9f1a-8050-4263-9977-0373154a78b1 ef4b7729bb2c449baa555ae297a6c405 24e8f10b4e34417aa4ccbbb14df7b3ee - - default default] Successfully bumped revision number for resource 7530cd0e-6bf9-4e8c-951f-760999d4df37 (type: subnets) to 0 [pid: 7|app: 0|req: 1226/2479] 10.0.0.12 () {34 vars in 667 bytes} [Sun Jul 12 03:10:39 2026] POST /v2.0/subnets => generated 656 bytes in 662 msecs (HTTP/1.1 201) 4 headers in 162 bytes (1 switches on core 0)
2026-07-12 03:10:40.188 8 WARNING neutron.scheduler.dhcp_agent_scheduler [None req-c602e991-192a-4835-86d1-1cd3419b6665 ef4b7729bb2c449baa555ae297a6c405 24e8f10b4e34417aa4ccbbb14df7b3ee - - default default] No more DHCP agents
2026-07-12 03:10:40.190 8 WARNING neutron.api.rpc.agentnotifiers.dhcp_rpc_agent_api [None req-c602e991-192a-4835-86d1-1cd3419b6665 ef4b7729bb2c449baa555ae297a6c405 24e8f10b4e34417aa4ccbbb14df7b3ee - - default default] Unable to schedule network e8acbd0d-d250-4987-a04c-868060356705: no agents available; will retry on subsequent port and subnet creation events.
2026-07-12 03:10:40.217 8 INFO neutron.db.ovn_revision_numbers_db [None req-c602e991-192a-4835-86d1-1cd3419b6665 ef4b7729bb2c449baa555ae297a6c405 24e8f10b4e34417aa4ccbbb14df7b3ee - - default default] Successfully bumped revision number for resource 94995dc2-8df6-4f0d-acac-750c9ea5a3bc (type: subnets) to 0 [pid: 8|app: 0|req: 1254/2480] 10.0.0.12 () {34 vars in 667 bytes} [Sun Jul 12 03:10:39 2026] POST /v2.0/subnets => generated 726 bytes in 282 msecs (HTTP/1.1 201) 4 headers in 162 bytes (1 switches on core 0)
2026-07-12 03:10:40.368 8 INFO neutron.db.segments_db [None req-24f2a69c-171d-493a-b375-fab0b3b78deb ef4b7729bb2c449baa555ae297a6c405 24e8f10b4e34417aa4ccbbb14df7b3ee - - default default] Added segment 57df4f85-fa41-40cd-95d6-807ba8bde813 of type geneve for network 0c4fb8e3-0727-46a2-8079-f06476d4897e
2026-07-12 03:10:40.525 7 INFO neutron.db.ovn_revision_numbers_db [None req-47bdfe3f-9f28-4645-9087-a3c545e368ec acd89a00434142c29527c2e5bf82f0c7 02e7574a368d4d2ca3a3f240ed3889d4 - - default default] Successfully bumped revision number for resource abb61d2a-71eb-4bdc-ab32-3a9052537ece (type: security_groups) to 1
2026-07-12 03:10:40.542 8 INFO neutron.db.ovn_revision_numbers_db [None req-24f2a69c-171d-493a-b375-fab0b3b78deb ef4b7729bb2c449baa555ae297a6c405 24e8f10b4e34417aa4ccbbb14df7b3ee - - default default] Successfully bumped revision number for resource 0c4fb8e3-0727-46a2-8079-f06476d4897e (type: networks) to 1
2026-07-12 03:10:40.553 7 INFO neutron.db.ovn_revision_numbers_db [None req-47bdfe3f-9f28-4645-9087-a3c545e368ec acd89a00434142c29527c2e5bf82f0c7 02e7574a368d4d2ca3a3f240ed3889d4 - - default default] Successfully bumped revision number for resource 0ad9dcf2-94c6-4b5b-9d3a-f2bf07fdb076 (type: security_group_rules) to 0
2026-07-12 03:10:40.590 7 INFO neutron.db.ovn_revision_numbers_db [None req-47bdfe3f-9f28-4645-9087-a3c545e368ec acd89a00434142c29527c2e5bf82f0c7 02e7574a368d4d2ca3a3f240ed3889d4 - - default default] Successfully bumped revision number for resource 1c38880e-abc3-44e1-83b8-56147b1b5a3a (type: security_group_rules) to 0
2026-07-12 03:10:40.604 7 INFO neutron.db.ovn_revision_numbers_db [None req-47bdfe3f-9f28-4645-9087-a3c545e368ec acd89a00434142c29527c2e5bf82f0c7 02e7574a368d4d2ca3a3f240ed3889d4 - - default default] Successfully bumped revision number for resource 1c5edf6c-200d-439b-ba4a-07b4f6619927 (type: security_group_rules) to 0
2026-07-12 03:10:40.618 7 INFO neutron.db.ovn_revision_numbers_db [None req-47bdfe3f-9f28-4645-9087-a3c545e368ec acd89a00434142c29527c2e5bf82f0c7 02e7574a368d4d2ca3a3f240ed3889d4 - - default default] Successfully bumped revision number for resource aeab4dea-7dd1-4567-9f86-d4a53c845616 (type: security_group_rules) to 0
2026-07-12 03:10:40.702 7 INFO neutron.db.segments_db [None req-47bdfe3f-9f28-4645-9087-a3c545e368ec acd89a00434142c29527c2e5bf82f0c7 02e7574a368d4d2ca3a3f240ed3889d4 - - default default] Added segment fc6516b9-7595-4604-9f71-7fb4c81d6693 of type geneve for network cb5be060-1855-4bfc-b567-cdeb49c2d54f
2026-07-12 03:10:40.767 8 WARNING neutron.scheduler.dhcp_agent_scheduler [None req-24f2a69c-171d-493a-b375-fab0b3b78deb ef4b7729bb2c449baa555ae297a6c405 24e8f10b4e34417aa4ccbbb14df7b3ee - - default default] No more DHCP agents
2026-07-12 03:10:40.769 8 WARNING neutron.api.rpc.agentnotifiers.dhcp_rpc_agent_api [None req-24f2a69c-171d-493a-b375-fab0b3b78deb ef4b7729bb2c449baa555ae297a6c405 24e8f10b4e34417aa4ccbbb14df7b3ee - - default default] Unable to schedule network 0c4fb8e3-0727-46a2-8079-f06476d4897e: no agents available; will retry on subsequent port and subnet creation events.
2026-07-12 03:10:40.802 7 INFO neutron.db.ovn_revision_numbers_db [None req-47bdfe3f-9f28-4645-9087-a3c545e368ec acd89a00434142c29527c2e5bf82f0c7 02e7574a368d4d2ca3a3f240ed3889d4 - - default default] Successfully bumped revision number for resource cb5be060-1855-4bfc-b567-cdeb49c2d54f (type: networks) to 1
2026-07-12 03:10:40.845 8 INFO neutron.plugins.ml2.drivers.ovn.mech_driver.mech_driver [None req-cb6ee820-f942-4a74-be62-3a3aeaa63a31 - - - - - -] OVN reports status down for port: 707951c9-cd9e-49a4-bdda-34332a17035c
2026-07-12 03:10:40.911 8 INFO neutron.db.ovn_revision_numbers_db [None req-24f2a69c-171d-493a-b375-fab0b3b78deb ef4b7729bb2c449baa555ae297a6c405 24e8f10b4e34417aa4ccbbb14df7b3ee - - default default] Successfully bumped revision number for resource 707951c9-cd9e-49a4-bdda-34332a17035c (type: ports) to 1 [pid: 8|app: 0|req: 1255/2481] 10.0.0.12 () {34 vars in 668 bytes} [Sun Jul 12 03:10:40 2026] POST /v2.0/networks => generated 676 bytes in 723 msecs (HTTP/1.1 201) 4 headers in 162 bytes (1 switches on core 0)
2026-07-12 03:10:41.015 7 WARNING neutron.scheduler.dhcp_agent_scheduler [None req-47bdfe3f-9f28-4645-9087-a3c545e368ec acd89a00434142c29527c2e5bf82f0c7 02e7574a368d4d2ca3a3f240ed3889d4 - - default default] No more DHCP agents
2026-07-12 03:10:41.016 7 WARNING neutron.api.rpc.agentnotifiers.dhcp_rpc_agent_api [None req-47bdfe3f-9f28-4645-9087-a3c545e368ec acd89a00434142c29527c2e5bf82f0c7 02e7574a368d4d2ca3a3f240ed3889d4 - - default default] Unable to schedule network cb5be060-1855-4bfc-b567-cdeb49c2d54f: no agents available; will retry on subsequent port and subnet creation events.
2026-07-12 03:10:41.064 8 INFO neutron.plugins.ml2.drivers.ovn.mech_driver.mech_driver [None req-cb6ee820-f942-4a74-be62-3a3aeaa63a31 - - - - - -] OVN reports status down for port: a85e6283-2d31-442e-acc0-70a93baa51da
2026-07-12 03:10:41.095 7 INFO neutron.db.ovn_revision_numbers_db [None req-47bdfe3f-9f28-4645-9087-a3c545e368ec acd89a00434142c29527c2e5bf82f0c7 02e7574a368d4d2ca3a3f240ed3889d4 - - default default] Successfully bumped revision number for resource a85e6283-2d31-442e-acc0-70a93baa51da (type: ports) to 1 [pid: 7|app: 0|req: 1227/2482] 10.0.0.12 () {34 vars in 668 bytes} [Sun Jul 12 03:10:40 2026] POST /v2.0/networks => generated 669 bytes in 991 msecs (HTTP/1.1 201) 4 headers in 162 bytes (1 switches on core 0)
2026-07-12 03:10:41.266 8 WARNING neutron.scheduler.dhcp_agent_scheduler [None req-28aed1cf-354f-44b1-adac-7e6b17117211 ef4b7729bb2c449baa555ae297a6c405 24e8f10b4e34417aa4ccbbb14df7b3ee - - default default] No more DHCP agents
2026-07-12 03:10:41.268 8 WARNING neutron.api.rpc.agentnotifiers.dhcp_rpc_agent_api [None req-28aed1cf-354f-44b1-adac-7e6b17117211 ef4b7729bb2c449baa555ae297a6c405 24e8f10b4e34417aa4ccbbb14df7b3ee - - default default] Unable to schedule network 0c4fb8e3-0727-46a2-8079-f06476d4897e: no agents available; will retry on subsequent port and subnet creation events.
2026-07-12 03:10:41.389 7 WARNING neutron.scheduler.dhcp_agent_scheduler [None req-b701b0c4-fcb5-4dac-b7d5-4fd3d0380dba acd89a00434142c29527c2e5bf82f0c7 02e7574a368d4d2ca3a3f240ed3889d4 - - default default] No more DHCP agents
2026-07-12 03:10:41.390 7 WARNING neutron.api.rpc.agentnotifiers.dhcp_rpc_agent_api [None req-b701b0c4-fcb5-4dac-b7d5-4fd3d0380dba acd89a00434142c29527c2e5bf82f0c7 02e7574a368d4d2ca3a3f240ed3889d4 - - default default] Unable to schedule network cb5be060-1855-4bfc-b567-cdeb49c2d54f: no agents available; will retry on subsequent port and subnet creation events.
2026-07-12 03:10:41.439 7 INFO neutron.plugins.ml2.drivers.ovn.mech_driver.mech_driver [None req-bacace20-42c0-4805-b4e5-c12fbc9e8e29 - - - - - -] OVN reports status down for port: a74fef83-4f19-4173-a4b1-7256ba24e6ac
2026-07-12 03:10:41.500 7 INFO neutron.db.ovn_revision_numbers_db [None req-b701b0c4-fcb5-4dac-b7d5-4fd3d0380dba acd89a00434142c29527c2e5bf82f0c7 02e7574a368d4d2ca3a3f240ed3889d4 - - default default] Successfully bumped revision number for resource a74fef83-4f19-4173-a4b1-7256ba24e6ac (type: ports) to 1 [pid: 7|app: 0|req: 1228/2483] 10.0.0.12 () {34 vars in 662 bytes} [Sun Jul 12 03:10:41 2026] POST /v2.0/ports => generated 743 bytes in 418 msecs (HTTP/1.1 201) 4 headers in 162 bytes (1 switches on core 0) /var/lib/openstack/lib/python3.12/site-packages/pycadf/identifier.py:70: UserWarning: Invalid uuid: neutron. To ensure interoperability, identifiers should be a valid uuid. warnings.warn(('Invalid uuid: %s. To ensure interoperability, ' [pid: 7|app: 0|req: 1229/2484] 10.0.0.12 () {34 vars in 664 bytes} [Sun Jul 12 03:10:41 2026] POST /v2.0/trunks => generated 409 bytes in 199 msecs (HTTP/1.1 201) 4 headers in 162 bytes (1 switches on core 0)
2026-07-12 03:10:41.769 8 INFO neutron.db.ovn_revision_numbers_db [None req-28aed1cf-354f-44b1-adac-7e6b17117211 ef4b7729bb2c449baa555ae297a6c405 24e8f10b4e34417aa4ccbbb14df7b3ee - - default default] Successfully bumped revision number for resource 707951c9-cd9e-49a4-bdda-34332a17035c (type: ports) to 2
2026-07-12 03:10:41.772 7 WARNING tagging [None req-ddaa8a59-cb19-4892-93ac-0c4ab7cf1c8d acd89a00434142c29527c2e5bf82f0c7 02e7574a368d4d2ca3a3f240ed3889d4 - - default default] project_id key not found in request, using tenant_id instead. This support has been deprecated and will be removed in a future release. [pid: 7|app: 0|req: 1230/2485] 10.0.0.12 () {34 vars in 747 bytes} [Sun Jul 12 03:10:41 2026] PUT /v2.0/trunks/62207bfa-5405-4478-85fb-176e351971d6/tags => generated 25 bytes in 39 msecs (HTTP/1.1 200) 4 headers in 156 bytes (1 switches on core 0)
2026-07-12 03:10:41.807 8 INFO neutron.db.ovn_revision_numbers_db [None req-28aed1cf-354f-44b1-adac-7e6b17117211 ef4b7729bb2c449baa555ae297a6c405 24e8f10b4e34417aa4ccbbb14df7b3ee - - default default] Successfully bumped revision number for resource cd0b54de-f56e-45e6-87aa-16dbbc0d993d (type: subnets) to 0
2026-07-12 03:10:41.813 7 WARNING tagging [None req-5411503b-3b1c-43e7-a3eb-cf21bb43e8bf acd89a00434142c29527c2e5bf82f0c7 02e7574a368d4d2ca3a3f240ed3889d4 - - default default] project_id key not found in request, using tenant_id instead. This support has been deprecated and will be removed in a future release. [pid: 7|app: 0|req: 1231/2486] 10.0.0.12 () {32 vars in 727 bytes} [Sun Jul 12 03:10:41 2026] GET /v2.0/trunks/62207bfa-5405-4478-85fb-176e351971d6/tags => generated 25 bytes in 22 msecs (HTTP/1.1 200) 4 headers in 156 bytes (1 switches on core 0) [pid: 8|app: 0|req: 1256/2487] 10.0.0.12 () {34 vars in 667 bytes} [Sun Jul 12 03:10:40 2026] POST /v2.0/subnets => generated 655 bytes in 840 msecs (HTTP/1.1 201) 4 headers in 162 bytes (1 switches on core 0)
2026-07-12 03:10:41.839 7 WARNING tagging [None req-986886da-0e5c-4965-9e6c-3d306a423406 acd89a00434142c29527c2e5bf82f0c7 02e7574a368d4d2ca3a3f240ed3889d4 - - default default] project_id key not found in request, using tenant_id instead. This support has been deprecated and will be removed in a future release. [pid: 7|app: 0|req: 1232/2488] 10.0.0.12 () {34 vars in 758 bytes} [Sun Jul 12 03:10:41 2026] PUT /v2.0/trunks/62207bfa-5405-4478-85fb-176e351971d6/tags/green => generated 4 bytes in 39 msecs (HTTP/1.1 201) 4 headers in 160 bytes (1 switches on core 0)
2026-07-12 03:10:41.885 7 WARNING tagging [None req-33a44dd9-0081-4311-9d5c-be4b6f94616e acd89a00434142c29527c2e5bf82f0c7 02e7574a368d4d2ca3a3f240ed3889d4 - - default default] project_id key not found in request, using tenant_id instead. This support has been deprecated and will be removed in a future release. [pid: 7|app: 0|req: 1233/2489] 10.0.0.12 () {32 vars in 727 bytes} [Sun Jul 12 03:10:41 2026] GET /v2.0/trunks/62207bfa-5405-4478-85fb-176e351971d6/tags => generated 34 bytes in 21 msecs (HTTP/1.1 200) 4 headers in 156 bytes (1 switches on core 0)
2026-07-12 03:10:41.908 7 WARNING tagging [None req-21d5a6eb-cfe0-48d4-b3a9-52f85822ffaa acd89a00434142c29527c2e5bf82f0c7 02e7574a368d4d2ca3a3f240ed3889d4 - - default default] project_id key not found in request, using tenant_id instead. This support has been deprecated and will be removed in a future release. [pid: 7|app: 0|req: 1234/2490] 10.0.0.12 () {34 vars in 754 bytes} [Sun Jul 12 03:10:41 2026] PUT /v2.0/trunks/62207bfa-5405-4478-85fb-176e351971d6/tags/red => generated 4 bytes in 39 msecs (HTTP/1.1 201) 4 headers in 160 bytes (1 switches on core 0)
2026-07-12 03:10:41.959 7 WARNING tagging [None req-5a34f55d-41be-4456-8d68-7c4d4ca97e55 acd89a00434142c29527c2e5bf82f0c7 02e7574a368d4d2ca3a3f240ed3889d4 - - default default] project_id key not found in request, using tenant_id instead. This support has been deprecated and will be removed in a future release. [pid: 7|app: 0|req: 1235/2491] 10.0.0.12 () {32 vars in 727 bytes} [Sun Jul 12 03:10:41 2026] GET /v2.0/trunks/62207bfa-5405-4478-85fb-176e351971d6/tags => generated 34 bytes in 27 msecs (HTTP/1.1 200) 4 headers in 156 bytes (1 switches on core 0)
2026-07-12 03:10:41.995 7 WARNING tagging [None req-8b16ff6b-dcd3-47c4-bf80-4b9e5dfcb3c1 acd89a00434142c29527c2e5bf82f0c7 02e7574a368d4d2ca3a3f240ed3889d4 - - default default] project_id key not found in request, using tenant_id instead. This support has been deprecated and will be removed in a future release. [pid: 7|app: 0|req: 1236/2492] 10.0.0.12 () {34 vars in 776 bytes} [Sun Jul 12 03:10:41 2026] PUT /v2.0/trunks/62207bfa-5405-4478-85fb-176e351971d6/tags/black.or.white => generated 4 bytes in 54 msecs (HTTP/1.1 201) 4 headers in 160 bytes (1 switches on core 0)
2026-07-12 03:10:42.044 8 WARNING neutron.scheduler.dhcp_agent_scheduler [None req-9cc391b3-c074-4a39-8d55-5f69194f96f7 ef4b7729bb2c449baa555ae297a6c405 24e8f10b4e34417aa4ccbbb14df7b3ee - - default default] No more DHCP agents
2026-07-12 03:10:42.045 8 WARNING neutron.api.rpc.agentnotifiers.dhcp_rpc_agent_api [None req-9cc391b3-c074-4a39-8d55-5f69194f96f7 ef4b7729bb2c449baa555ae297a6c405 24e8f10b4e34417aa4ccbbb14df7b3ee - - default default] Unable to schedule network 0c4fb8e3-0727-46a2-8079-f06476d4897e: no agents available; will retry on subsequent port and subnet creation events.
2026-07-12 03:10:42.058 7 WARNING tagging [None req-61b588fd-c431-471a-9f1e-4a4e7cff7aba acd89a00434142c29527c2e5bf82f0c7 02e7574a368d4d2ca3a3f240ed3889d4 - - default default] project_id key not found in request, using tenant_id instead. This support has been deprecated and will be removed in a future release. [pid: 7|app: 0|req: 1237/2493] 10.0.0.12 () {32 vars in 727 bytes} [Sun Jul 12 03:10:42 2026] GET /v2.0/trunks/62207bfa-5405-4478-85fb-176e351971d6/tags => generated 52 bytes in 31 msecs (HTTP/1.1 200) 4 headers in 156 bytes (1 switches on core 0)
2026-07-12 03:10:42.078 8 INFO neutron.db.ovn_revision_numbers_db [None req-9cc391b3-c074-4a39-8d55-5f69194f96f7 ef4b7729bb2c449baa555ae297a6c405 24e8f10b4e34417aa4ccbbb14df7b3ee - - default default] Successfully bumped revision number for resource b352c48f-1a63-4326-aed2-2c31af430186 (type: subnets) to 0
2026-07-12 03:10:42.090 7 WARNING tagging [None req-a42b1df0-6007-427a-a5b0-c40576a2a412 acd89a00434142c29527c2e5bf82f0c7 02e7574a368d4d2ca3a3f240ed3889d4 - - default default] project_id key not found in request, using tenant_id instead. This support has been deprecated and will be removed in a future release. [pid: 8|app: 0|req: 1257/2494] 10.0.0.12 () {34 vars in 667 bytes} [Sun Jul 12 03:10:41 2026] POST /v2.0/subnets => generated 730 bytes in 264 msecs (HTTP/1.1 201) 4 headers in 162 bytes (1 switches on core 0) [pid: 7|app: 0|req: 1238/2495] 10.0.0.12 () {34 vars in 747 bytes} [Sun Jul 12 03:10:42 2026] PUT /v2.0/trunks/62207bfa-5405-4478-85fb-176e351971d6/tags => generated 37 bytes in 42 msecs (HTTP/1.1 200) 4 headers in 156 bytes (1 switches on core 0)
2026-07-12 03:10:42.134 7 WARNING tagging [None req-5a5126ef-8821-441b-a4f6-17aee59babbd acd89a00434142c29527c2e5bf82f0c7 02e7574a368d4d2ca3a3f240ed3889d4 - - default default] project_id key not found in request, using tenant_id instead. This support has been deprecated and will be removed in a future release. [pid: 7|app: 0|req: 1239/2496] 10.0.0.12 () {32 vars in 727 bytes} [Sun Jul 12 03:10:42 2026] GET /v2.0/trunks/62207bfa-5405-4478-85fb-176e351971d6/tags => generated 37 bytes in 22 msecs (HTTP/1.1 200) 4 headers in 156 bytes (1 switches on core 0)
2026-07-12 03:10:42.158 7 WARNING tagging [None req-f63b57b7-a595-48af-b964-51801db9f54a acd89a00434142c29527c2e5bf82f0c7 02e7574a368d4d2ca3a3f240ed3889d4 - - default default] project_id key not found in request, using tenant_id instead. This support has been deprecated and will be removed in a future release. [pid: 7|app: 0|req: 1240/2497] 10.0.0.12 () {32 vars in 735 bytes} [Sun Jul 12 03:10:42 2026] GET /v2.0/trunks/62207bfa-5405-4478-85fb-176e351971d6/tags/red => generated 0 bytes in 20 msecs (HTTP/1.1 204) 2 headers in 112 bytes (1 switches on core 0)
2026-07-12 03:10:42.181 7 WARNING tagging [None req-3ce48a41-a82b-4cbb-ac6d-1c59aeb72679 acd89a00434142c29527c2e5bf82f0c7 02e7574a368d4d2ca3a3f240ed3889d4 - - default default] project_id key not found in request, using tenant_id instead. This support has been deprecated and will be removed in a future release.
2026-07-12 03:10:42.186 7 INFO neutron.api.v2.resource [None req-3ce48a41-a82b-4cbb-ac6d-1c59aeb72679 acd89a00434142c29527c2e5bf82f0c7 02e7574a368d4d2ca3a3f240ed3889d4 - - default default] show failed (client error): The resource could not be found. [pid: 7|app: 0|req: 1241/2498] 10.0.0.12 () {32 vars in 739 bytes} [Sun Jul 12 03:10:42 2026] GET /v2.0/trunks/62207bfa-5405-4478-85fb-176e351971d6/tags/green => generated 99 bytes in 16 msecs (HTTP/1.1 404) 4 headers in 163 bytes (1 switches on core 0)
2026-07-12 03:10:42.201 7 WARNING tagging [None req-3f2eeb5e-bdaa-4fe7-8b86-e935d3fa6bdf acd89a00434142c29527c2e5bf82f0c7 02e7574a368d4d2ca3a3f240ed3889d4 - - default default] project_id key not found in request, using tenant_id instead. This support has been deprecated and will be removed in a future release. [pid: 7|app: 0|req: 1242/2499] 10.0.0.12 () {32 vars in 738 bytes} [Sun Jul 12 03:10:42 2026] DELETE /v2.0/trunks/62207bfa-5405-4478-85fb-176e351971d6/tags/red => generated 0 bytes in 43 msecs (HTTP/1.1 204) 2 headers in 112 bytes (1 switches on core 0)
2026-07-12 03:10:42.251 7 WARNING tagging [None req-7c3235a4-491f-4569-bc11-a1048e293873 acd89a00434142c29527c2e5bf82f0c7 02e7574a368d4d2ca3a3f240ed3889d4 - - default default] project_id key not found in request, using tenant_id instead. This support has been deprecated and will be removed in a future release. [pid: 7|app: 0|req: 1243/2500] 10.0.0.12 () {32 vars in 727 bytes} [Sun Jul 12 03:10:42 2026] GET /v2.0/trunks/62207bfa-5405-4478-85fb-176e351971d6/tags => generated 30 bytes in 21 msecs (HTTP/1.1 200) 4 headers in 156 bytes (1 switches on core 0)
2026-07-12 03:10:42.275 7 WARNING tagging [None req-331319eb-5bd8-4493-a48b-a740dfd2d6d4 acd89a00434142c29527c2e5bf82f0c7 02e7574a368d4d2ca3a3f240ed3889d4 - - default default] project_id key not found in request, using tenant_id instead. This support has been deprecated and will be removed in a future release.
2026-07-12 03:10:42.288 7 INFO neutron.api.v2.resource [None req-331319eb-5bd8-4493-a48b-a740dfd2d6d4 acd89a00434142c29527c2e5bf82f0c7 02e7574a368d4d2ca3a3f240ed3889d4 - - default default] delete failed (client error): The resource could not be found. [pid: 7|app: 0|req: 1244/2501] 10.0.0.12 () {32 vars in 742 bytes} [Sun Jul 12 03:10:42 2026] DELETE /v2.0/trunks/62207bfa-5405-4478-85fb-176e351971d6/tags/green => generated 99 bytes in 25 msecs (HTTP/1.1 404) 4 headers in 163 bytes (1 switches on core 0)
2026-07-12 03:10:42.306 7 WARNING tagging [None req-a4e8b9d2-7f5a-44e0-bc97-da7cb8d0d6b8 acd89a00434142c29527c2e5bf82f0c7 02e7574a368d4d2ca3a3f240ed3889d4 - - default default] project_id key not found in request, using tenant_id instead. This support has been deprecated and will be removed in a future release. [pid: 7|app: 0|req: 1245/2502] 10.0.0.12 () {32 vars in 730 bytes} [Sun Jul 12 03:10:42 2026] DELETE /v2.0/trunks/62207bfa-5405-4478-85fb-176e351971d6/tags => generated 0 bytes in 33 msecs (HTTP/1.1 204) 2 headers in 112 bytes (1 switches on core 0)
2026-07-12 03:10:42.343 7 WARNING tagging [None req-007ff58c-0705-4d19-8c62-a1f0ee03fe44 acd89a00434142c29527c2e5bf82f0c7 02e7574a368d4d2ca3a3f240ed3889d4 - - default default] project_id key not found in request, using tenant_id instead. This support has been deprecated and will be removed in a future release. [pid: 7|app: 0|req: 1246/2503] 10.0.0.12 () {32 vars in 727 bytes} [Sun Jul 12 03:10:42 2026] GET /v2.0/trunks/62207bfa-5405-4478-85fb-176e351971d6/tags => generated 12 bytes in 21 msecs (HTTP/1.1 200) 4 headers in 156 bytes (1 switches on core 0) [pid: 7|app: 0|req: 1247/2504] 10.0.0.12 () {32 vars in 717 bytes} [Sun Jul 12 03:10:42 2026] GET /v2.0/trunks/62207bfa-5405-4478-85fb-176e351971d6 => generated 409 bytes in 15 msecs (HTTP/1.1 200) 4 headers in 157 bytes (1 switches on core 0) [pid: 7|app: 0|req: 1248/2505] 10.0.0.12 () {32 vars in 715 bytes} [Sun Jul 12 03:10:42 2026] GET /v2.0/ports/a74fef83-4f19-4173-a4b1-7256ba24e6ac => generated 826 bytes in 102 msecs (HTTP/1.1 200) 4 headers in 157 bytes (1 switches on core 0)
2026-07-12 03:10:42.535 8 WARNING neutron.scheduler.dhcp_agent_scheduler [None req-5b3f1678-5f15-4898-8f42-69257e1d4c4d ef4b7729bb2c449baa555ae297a6c405 24e8f10b4e34417aa4ccbbb14df7b3ee - - default default] No more DHCP agents
2026-07-12 03:10:42.536 8 WARNING neutron.api.rpc.agentnotifiers.dhcp_rpc_agent_api [None req-5b3f1678-5f15-4898-8f42-69257e1d4c4d ef4b7729bb2c449baa555ae297a6c405 24e8f10b4e34417aa4ccbbb14df7b3ee - - default default] Unable to schedule network 95a4c6f0-3d0d-44d9-bf85-f16724df4325: no agents available; will retry on subsequent port and subnet creation events. [pid: 7|app: 0|req: 1249/2506] 10.0.0.12 () {32 vars in 720 bytes} [Sun Jul 12 03:10:42 2026] DELETE /v2.0/trunks/62207bfa-5405-4478-85fb-176e351971d6 => generated 0 bytes in 72 msecs (HTTP/1.1 204) 2 headers in 112 bytes (1 switches on core 0)
2026-07-12 03:10:42.655 7 INFO neutron.plugins.ml2.drivers.ovn.mech_driver.mech_driver [None req-bacace20-42c0-4805-b4e5-c12fbc9e8e29 - - - - - -] OVN reports status down for port: ed8ba874-be3c-4686-afd8-3eb2a2767a82
2026-07-12 03:10:42.685 8 INFO neutron.db.ovn_revision_numbers_db [None req-5b3f1678-5f15-4898-8f42-69257e1d4c4d ef4b7729bb2c449baa555ae297a6c405 24e8f10b4e34417aa4ccbbb14df7b3ee - - default default] Successfully bumped revision number for resource ed8ba874-be3c-4686-afd8-3eb2a2767a82 (type: ports) to 1
