2026-07-12 03:07:29.425 8 INFO neutron.db.ovn_revision_numbers_db [None req-949c3836-8c75-4572-be9e-060889250cce d3b470d3aae7473a8d4007cba812fd44 7989aeec7b444babaa6645542e47875d - - default default] Successfully bumped revision number for resource e22fa0b3-5df8-4224-9aa7-570136b0312a (type: ports) to 1 [pid: 8|app: 0|req: 631/1197] 10.0.0.12 () {34 vars in 668 bytes} [Sun Jul 12 03:07:28 2026] POST /v2.0/networks => generated 687 bytes in 493 msecs (HTTP/1.1 201) 4 headers in 162 bytes (1 switches on core 0) [pid: 7|app: 0|req: 567/1198] 10.0.0.23 () {34 vars in 1068 bytes} [Sun Jul 12 03:07:29 2026] GET /v2.0/ports?fields=security_groups&fields=device_id&device_id=a211254f-4061-43b5-9c4e-f0b915d65f23 => generated 123 bytes in 46 msecs (HTTP/1.1 200) 4 headers in 157 bytes (1 switches on core 0) [pid: 8|app: 0|req: 632/1199] 10.0.0.23 () {34 vars in 1038 bytes} [Sun Jul 12 03:07:29 2026] GET /v2.0/security-groups?id=aaa7b41c-025d-4963-8976-be3946b0a60a&fields=id&fields=name => generated 114 bytes in 30 msecs (HTTP/1.1 200) 4 headers in 157 bytes (1 switches on core 0) [pid: 7|app: 0|req: 568/1200] 10.0.0.12 () {32 vars in 715 bytes} [Sun Jul 12 03:07:29 2026] GET /v2.0/ports/121e8da5-1553-41f6-9985-7ac23ab4aea4 => generated 953 bytes in 47 msecs (HTTP/1.1 200) 4 headers in 157 bytes (1 switches on core 0)
2026-07-12 03:07:29.734 8 WARNING neutron.scheduler.dhcp_agent_scheduler [None req-66fb6b90-7a50-4e54-8400-1bc5f66de77b d3b470d3aae7473a8d4007cba812fd44 7989aeec7b444babaa6645542e47875d - - default default] No more DHCP agents
2026-07-12 03:07:29.736 8 WARNING neutron.api.rpc.agentnotifiers.dhcp_rpc_agent_api [None req-66fb6b90-7a50-4e54-8400-1bc5f66de77b d3b470d3aae7473a8d4007cba812fd44 7989aeec7b444babaa6645542e47875d - - default default] Unable to schedule network b4969d70-415c-4472-9450-566d25804a74: no agents available; will retry on subsequent port and subnet creation events.
2026-07-12 03:07:30.107 8 INFO neutron.db.ovn_revision_numbers_db [None req-66fb6b90-7a50-4e54-8400-1bc5f66de77b d3b470d3aae7473a8d4007cba812fd44 7989aeec7b444babaa6645542e47875d - - default default] Successfully bumped revision number for resource 7297fffb-dc5b-46d9-9f9a-91277f3d06d7 (type: ports) to 2
2026-07-12 03:07:30.135 8 INFO neutron.db.ovn_revision_numbers_db [None req-66fb6b90-7a50-4e54-8400-1bc5f66de77b d3b470d3aae7473a8d4007cba812fd44 7989aeec7b444babaa6645542e47875d - - default default] Successfully bumped revision number for resource 02d10713-51bc-4144-9080-472d829f6bb0 (type: subnets) to 0
2026-07-12 03:07:30.166 8 WARNING neutron.scheduler.dhcp_agent_scheduler [None req-66fb6b90-7a50-4e54-8400-1bc5f66de77b d3b470d3aae7473a8d4007cba812fd44 7989aeec7b444babaa6645542e47875d - - default default] No more DHCP agents
2026-07-12 03:07:30.167 8 WARNING neutron.api.rpc.agentnotifiers.dhcp_rpc_agent_api [None req-66fb6b90-7a50-4e54-8400-1bc5f66de77b d3b470d3aae7473a8d4007cba812fd44 7989aeec7b444babaa6645542e47875d - - default default] Unable to schedule network adf59b06-13bd-4b64-8798-85d7e30c979c: no agents available; will retry on subsequent port and subnet creation events. [pid: 7|app: 0|req: 571/1203] 10.0.0.12 () {32 vars in 715 bytes} [Sun Jul 12 03:07:30 2026] GET /v2.0/ports/121e8da5-1553-41f6-9985-7ac23ab4aea4 => generated 953 bytes in 40 msecs (HTTP/1.1 200) 4 headers in 157 bytes (1 switches on core 0)
2026-07-12 03:07:30.580 8 INFO neutron.db.ovn_revision_numbers_db [None req-66fb6b90-7a50-4e54-8400-1bc5f66de77b d3b470d3aae7473a8d4007cba812fd44 7989aeec7b444babaa6645542e47875d - - default default] Successfully bumped revision number for resource e22fa0b3-5df8-4224-9aa7-570136b0312a (type: ports) to 2 [pid: 7|app: 0|req: 572/1204] 199.204.45.229 () {34 vars in 993 bytes} [Sun Jul 12 03:07:30 2026] GET /v2.0/ports?device_id=a211254f-4061-43b5-9c4e-f0b915d65f23 => generated 969 bytes in 29 msecs (HTTP/1.1 200) 4 headers in 157 bytes (1 switches on core 0)
2026-07-12 03:07:30.616 8 INFO neutron.db.ovn_revision_numbers_db [None req-66fb6b90-7a50-4e54-8400-1bc5f66de77b d3b470d3aae7473a8d4007cba812fd44 7989aeec7b444babaa6645542e47875d - - default default] Successfully bumped revision number for resource 508fad61-56dc-4961-97ab-12d46c597b5d (type: subnets) to 0 [pid: 7|app: 0|req: 573/1205] 10.0.0.23 () {34 vars in 1068 bytes} [Sun Jul 12 03:07:30 2026] GET /v2.0/ports?fields=security_groups&fields=device_id&device_id=a211254f-4061-43b5-9c4e-f0b915d65f23 => generated 123 bytes in 24 msecs (HTTP/1.1 200) 4 headers in 157 bytes (1 switches on core 0) [pid: 8|app: 0|req: 633/1206] 10.0.0.12 () {34 vars in 667 bytes} [Sun Jul 12 03:07:29 2026] POST /v2.0/subnets => generated 1273 bytes in 1133 msecs (HTTP/1.1 201) 4 headers in 163 bytes (1 switches on core 0) [pid: 8|app: 0|req: 634/1207] 10.0.0.23 () {34 vars in 1038 bytes} [Sun Jul 12 03:07:30 2026] GET /v2.0/security-groups?id=aaa7b41c-025d-4963-8976-be3946b0a60a&fields=id&fields=name => generated 114 bytes in 27 msecs (HTTP/1.1 200) 4 headers in 157 bytes (1 switches on core 0) [pid: 8|app: 0|req: 635/1208] 10.0.0.12 () {32 vars in 645 bytes} [Sun Jul 12 03:07:30 2026] GET /v2.0/subnets => generated 1909 bytes in 34 msecs (HTTP/1.1 200) 4 headers in 158 bytes (1 switches on core 0)
2026-07-12 03:07:30.736 7 INFO neutron_taas.services.taas.taas_plugin [req-fc3b345c-5da4-41d5-bf9b-7333c20e397e req-2e1df656-00f3-4804-842e-9fe0ea440c83 bc45751e8660448cbe0b48f556c3bb07 c98d94b76eab4b06835274389cc7cd12 - - default default] TaaS: Handle Delete Port: 0d444c83-7691-46de-837a-e74288fdc5e0
2026-07-12 03:07:30.739 7 INFO neutron_taas.services.taas.tap_mirror_plugin [req-fc3b345c-5da4-41d5-bf9b-7333c20e397e req-2e1df656-00f3-4804-842e-9fe0ea440c83 bc45751e8660448cbe0b48f556c3bb07 c98d94b76eab4b06835274389cc7cd12 - - default default] Tap Mirror: Handle Delete Port: 0d444c83-7691-46de-837a-e74288fdc5e0 [pid: 8|app: 0|req: 636/1209] 10.0.0.12 () {32 vars in 722 bytes} [Sun Jul 12 03:07:30 2026] DELETE /v2.0/subnets/02d10713-51bc-4144-9080-472d829f6bb0 => generated 0 bytes in 164 msecs (HTTP/1.1 204) 3 headers in 131 bytes (1 switches on core 0) [pid: 7|app: 0|req: 574/1210] 199.204.45.229 () {36 vars in 996 bytes} [Sun Jul 12 03:07:30 2026] DELETE /v2.0/ports/0d444c83-7691-46de-837a-e74288fdc5e0 => generated 0 bytes in 241 msecs (HTTP/1.1 204) 3 headers in 131 bytes (1 switches on core 0)
2026-07-12 03:07:30.896 7 WARNING neutron.notifiers.nova [-] Nova event matching ['req-290807be-173a-4949-9139-12cb35d12dc5']: {'server_uuid': 'a211254f-4061-43b5-9c4e-f0b915d65f23', 'name': 'network-vif-deleted', 'tag': '0d444c83-7691-46de-837a-e74288fdc5e0', 'status': 'failed', 'code': 422} returned with failed status
2026-07-12 03:07:31.048 8 WARNING neutron.plugins.ml2.drivers.ovn.mech_driver.ovsdb.ovn_client [None req-3225b01b-cd34-4cc6-bdd9-44b79db85b0c - - - - - -] No hosting information found for port a745bef9-5989-454d-8001-e695fae79444: RuntimeError: No hosting information found for port a745bef9-5989-454d-8001-e695fae79444 [pid: 8|app: 0|req: 637/1211] 10.0.0.12 () {32 vars in 722 bytes} [Sun Jul 12 03:07:30 2026] DELETE /v2.0/subnets/508fad61-56dc-4961-97ab-12d46c597b5d => generated 0 bytes in 224 msecs (HTTP/1.1 204) 3 headers in 131 bytes (1 switches on core 0)
2026-07-12 03:07:31.133 8 INFO neutron.db.ovn_revision_numbers_db [None req-3225b01b-cd34-4cc6-bdd9-44b79db85b0c - - - - - -] Successfully bumped revision number for resource a745bef9-5989-454d-8001-e695fae79444 (type: router_ports) to 2 [pid: 7|app: 0|req: 575/1212] 10.0.0.12 () {32 vars in 645 bytes} [Sun Jul 12 03:07:31 2026] GET /v2.0/subnets => generated 649 bytes in 28 msecs (HTTP/1.1 200) 4 headers in 157 bytes (1 switches on core 0)
2026-07-12 03:07:31.209 8 INFO neutron.plugins.ml2.drivers.ovn.mech_driver.mech_driver [None req-3225b01b-cd34-4cc6-bdd9-44b79db85b0c - - - - - -] OVN reports status down for port: 121e8da5-1553-41f6-9985-7ac23ab4aea4
2026-07-12 03:07:31.308 8 WARNING neutron.plugins.ml2.drivers.ovn.mech_driver.ovsdb.ovn_client [None req-3225b01b-cd34-4cc6-bdd9-44b79db85b0c - - - - - -] Logical_Switch_Port 121e8da5-1553-41f6-9985-7ac23ab4aea4 host information not removed, the port state is up
2026-07-12 03:07:31.308 8 INFO neutron.plugins.ml2.drivers.ovn.mech_driver.mech_driver [None req-3225b01b-cd34-4cc6-bdd9-44b79db85b0c - - - - - -] OVN reports status up for port: 121e8da5-1553-41f6-9985-7ac23ab4aea4
2026-07-12 03:07:31.323 8 INFO neutron_taas.services.taas.taas_plugin [None req-b3381c51-9567-474b-b8c5-030fdec3f12e d3b470d3aae7473a8d4007cba812fd44 7989aeec7b444babaa6645542e47875d - - default default] TaaS: Handle Delete Port: e22fa0b3-5df8-4224-9aa7-570136b0312a
2026-07-12 03:07:31.327 8 INFO neutron_taas.services.taas.tap_mirror_plugin [None req-b3381c51-9567-474b-b8c5-030fdec3f12e d3b470d3aae7473a8d4007cba812fd44 7989aeec7b444babaa6645542e47875d - - default default] Tap Mirror: Handle Delete Port: e22fa0b3-5df8-4224-9aa7-570136b0312a
2026-07-12 03:07:31.328 8 INFO neutron.plugins.ml2.plugin [None req-3225b01b-cd34-4cc6-bdd9-44b79db85b0c - - - - - -] Attempt 1 to provision port 121e8da5-1553-41f6-9985-7ac23ab4aea4
2026-07-12 03:07:31.615 8 INFO neutron.services.segments.plugin [-] Segment 3b7513c4-1a17-41d8-8f43-a705bb1690ae resource provider aggregate not found
2026-07-12 03:07:31.621 8 INFO neutron.services.segments.plugin [-] Segment 3b7513c4-1a17-41d8-8f43-a705bb1690ae resource provider aggregate not found
2026-07-12 03:07:31.636 8 INFO neutron.services.segments.plugin [-] Client error retrieving segment 3b7513c4-1a17-41d8-8f43-a705bb1690ae resource provider; error: Placement Client Error (4xx): {"errors": [{"status": 404, "title": "Not Found", "detail": "The resource could not be found.\n\n No resource provider with uuid 3b7513c4-1a17-41d8-8f43-a705bb1690ae found for delete ", "request_id": "req-0b9493b7-6e70-4dc5-a508-d53ee01f5294"}]}
2026-07-12 03:07:31.639 8 INFO neutron.services.segments.plugin [-] Client error retrieving segment 3b7513c4-1a17-41d8-8f43-a705bb1690ae resource provider; error: Placement Client Error (4xx): {"errors": [{"status": 404, "title": "Not Found", "detail": "The resource could not be found.\n\n No resource provider with uuid 3b7513c4-1a17-41d8-8f43-a705bb1690ae found for delete ", "request_id": "req-4af4b690-e3ed-4d58-b2d3-faa9bd8d5f8a"}]} [pid: 7|app: 0|req: 576/1213] 10.0.0.12 () {32 vars in 715 bytes} [Sun Jul 12 03:07:31 2026] GET /v2.0/ports/121e8da5-1553-41f6-9985-7ac23ab4aea4 => generated 955 bytes in 66 msecs (HTTP/1.1 200) 4 headers in 157 bytes (1 switches on core 0) [pid: 8|app: 0|req: 638/1214] 10.0.0.12 () {32 vars in 724 bytes} [Sun Jul 12 03:07:31 2026] DELETE /v2.0/networks/adf59b06-13bd-4b64-8798-85d7e30c979c => generated 0 bytes in 558 msecs (HTTP/1.1 204) 3 headers in 131 bytes (1 switches on core 0)
2026-07-12 03:07:31.901 7 INFO neutron_taas.services.taas.taas_plugin [None req-9f5e2853-7fcf-4eef-bd84-54fd15588b58 25f6e7bc1d7d463dbeee838bf5288e92 0810899467b8474b9b1ecc54662c2b7b - - default default] TaaS: Handle Delete Port: 121e8da5-1553-41f6-9985-7ac23ab4aea4
2026-07-12 03:07:31.906 7 INFO neutron_taas.services.taas.tap_mirror_plugin [None req-9f5e2853-7fcf-4eef-bd84-54fd15588b58 25f6e7bc1d7d463dbeee838bf5288e92 0810899467b8474b9b1ecc54662c2b7b - - default default] Tap Mirror: Handle Delete Port: 121e8da5-1553-41f6-9985-7ac23ab4aea4
2026-07-12 03:07:31.952 8 INFO neutron_taas.services.taas.taas_plugin [None req-f9735043-b6a6-4984-9942-fdfd47615ca6 d3b470d3aae7473a8d4007cba812fd44 7989aeec7b444babaa6645542e47875d - - default default] TaaS: Handle Delete Port: 7297fffb-dc5b-46d9-9f9a-91277f3d06d7
2026-07-12 03:07:31.956 8 INFO neutron_taas.services.taas.tap_mirror_plugin [None req-f9735043-b6a6-4984-9942-fdfd47615ca6 d3b470d3aae7473a8d4007cba812fd44 7989aeec7b444babaa6645542e47875d - - default default] Tap Mirror: Handle Delete Port: 7297fffb-dc5b-46d9-9f9a-91277f3d06d7
2026-07-12 03:07:31.960 8 INFO neutron.db.ovn_revision_numbers_db [None req-3225b01b-cd34-4cc6-bdd9-44b79db85b0c - - - - - -] Successfully bumped revision number for resource 121e8da5-1553-41f6-9985-7ac23ab4aea4 (type: ports) to 2 [pid: 7|app: 0|req: 577/1215] 10.0.0.12 () {34 vars in 787 bytes} [Sun Jul 12 03:07:31 2026] PUT /v2.0/routers/84abff0b-9544-466d-a742-426c649a2a59/remove_router_interface => generated 310 bytes in 625 msecs (HTTP/1.1 200) 4 headers in 157 bytes (1 switches on core 0) /var/lib/openstack/lib/python3.12/site-packages/pycadf/identifier.py:70: UserWarning: Invalid uuid: neutron. To ensure interoperability, identifiers should be a valid uuid. warnings.warn(('Invalid uuid: %s. To ensure interoperability, ' [pid: 7|app: 0|req: 578/1216] 10.0.0.23 () {34 vars in 1068 bytes} [Sun Jul 12 03:07:32 2026] GET /v2.0/ports?fields=security_groups&fields=device_id&device_id=a211254f-4061-43b5-9c4e-f0b915d65f23 => generated 12 bytes in 22 msecs (HTTP/1.1 200) 4 headers in 156 bytes (1 switches on core 0) [pid: 7|app: 0|req: 579/1217] 10.0.0.12 () {32 vars in 715 bytes} [Sun Jul 12 03:07:32 2026] GET /v2.0/ports/a745bef9-5989-454d-8001-e695fae79444 => generated 947 bytes in 83 msecs (HTTP/1.1 200) 4 headers in 157 bytes (1 switches on core 0) [pid: 8|app: 0|req: 639/1218] 10.0.0.12 () {32 vars in 724 bytes} [Sun Jul 12 03:07:31 2026] DELETE /v2.0/networks/b4969d70-415c-4472-9450-566d25804a74 => generated 0 bytes in 903 msecs (HTTP/1.1 204) 3 headers in 131 bytes (1 switches on core 0)
2026-07-12 03:07:32.677 7 INFO neutron_taas.services.taas.taas_plugin [None req-5406f45a-e963-4737-818e-a9ffbe880c6e 25f6e7bc1d7d463dbeee838bf5288e92 0810899467b8474b9b1ecc54662c2b7b - - default default] TaaS: Handle Delete Port: a745bef9-5989-454d-8001-e695fae79444
2026-07-12 03:07:32.681 7 INFO neutron_taas.services.taas.tap_mirror_plugin [None req-5406f45a-e963-4737-818e-a9ffbe880c6e 25f6e7bc1d7d463dbeee838bf5288e92 0810899467b8474b9b1ecc54662c2b7b - - default default] Tap Mirror: Handle Delete Port: a745bef9-5989-454d-8001-e695fae79444
2026-07-12 03:07:32.724 8 INFO neutron_taas.services.taas.taas_plugin [None req-74b8077f-f0a9-4073-890c-ef345ddee453 d3b470d3aae7473a8d4007cba812fd44 7989aeec7b444babaa6645542e47875d - - default default] TaaS: Handle Delete Port: 170d7cbb-9567-45a0-a5c7-e2d7d593a14f
2026-07-12 03:07:32.727 8 INFO neutron_taas.services.taas.tap_mirror_plugin [None req-74b8077f-f0a9-4073-890c-ef345ddee453 d3b470d3aae7473a8d4007cba812fd44 7989aeec7b444babaa6645542e47875d - - default default] Tap Mirror: Handle Delete Port: 170d7cbb-9567-45a0-a5c7-e2d7d593a14f [pid: 8|app: 0|req: 640/1219] 10.0.0.12 () {32 vars in 724 bytes} [Sun Jul 12 03:07:32 2026] DELETE /v2.0/networks/42abc843-b867-4840-83f5-affa0de444c1 => generated 0 bytes in 295 msecs (HTTP/1.1 204) 3 headers in 131 bytes (1 switches on core 0) [pid: 7|app: 0|req: 580/1220] 10.0.0.12 () {34 vars in 787 bytes} [Sun Jul 12 03:07:32 2026] PUT /v2.0/routers/84abff0b-9544-466d-a742-426c649a2a59/remove_router_interface => generated 310 bytes in 594 msecs (HTTP/1.1 200) 4 headers in 157 bytes (1 switches on core 0) /var/lib/openstack/lib/python3.12/site-packages/pycadf/identifier.py:70: UserWarning: Invalid uuid: neutron. To ensure interoperability, identifiers should be a valid uuid. warnings.warn(('Invalid uuid: %s. To ensure interoperability, ' [pid: 7|app: 0|req: 581/1221] 10.0.0.12 () {32 vars in 734 bytes} [Sun Jul 12 03:07:32 2026] GET /v2.0/ports?device_id=84abff0b-9544-466d-a742-426c649a2a59 => generated 12 bytes in 31 msecs (HTTP/1.1 200) 4 headers in 156 bytes (1 switches on core 0) [pid: 7|app: 0|req: 582/1222] 10.0.0.186 () {34 vars in 989 bytes} [Sun Jul 12 03:07:33 2026] GET /v2.0/ports?device_id=a211254f-4061-43b5-9c4e-f0b915d65f23 => generated 12 bytes in 21 msecs (HTTP/1.1 200) 4 headers in 156 bytes (1 switches on core 0)
2026-07-12 03:07:33.060 8 INFO neutron_taas.services.taas.taas_plugin [None req-e0055204-8572-41f4-8b24-1290c89e0155 d3b470d3aae7473a8d4007cba812fd44 7989aeec7b444babaa6645542e47875d - - default default] TaaS: Handle Delete Port: 0981a067-ddc7-4de8-b454-d53a34ae55fc
2026-07-12 03:07:33.062 8 INFO neutron_taas.services.taas.tap_mirror_plugin [None req-e0055204-8572-41f4-8b24-1290c89e0155 d3b470d3aae7473a8d4007cba812fd44 7989aeec7b444babaa6645542e47875d - - default default] Tap Mirror: Handle Delete Port: 0981a067-ddc7-4de8-b454-d53a34ae55fc [pid: 7|app: 0|req: 583/1223] 10.0.0.12 () {32 vars in 722 bytes} [Sun Jul 12 03:07:33 2026] DELETE /v2.0/routers/84abff0b-9544-466d-a742-426c649a2a59 => generated 0 bytes in 182 msecs (HTTP/1.1 204) 2 headers in 112 bytes (1 switches on core 0) [pid: 8|app: 0|req: 641/1224] 10.0.0.12 () {32 vars in 724 bytes} [Sun Jul 12 03:07:32 2026] DELETE /v2.0/networks/9d3140d5-9a88-48c8-8b2a-4ae639913aa3 => generated 0 bytes in 352 msecs (HTTP/1.1 204) 3 headers in 131 bytes (1 switches on core 0) [pid: 8|app: 0|req: 642/1225] 10.0.0.23 () {34 vars in 1068 bytes} [Sun Jul 12 03:07:33 2026] GET /v2.0/ports?fields=security_groups&fields=device_id&device_id=a211254f-4061-43b5-9c4e-f0b915d65f23 => generated 12 bytes in 24 msecs (HTTP/1.1 200) 4 headers in 156 bytes (1 switches on core 0) [pid: 7|app: 0|req: 584/1226] 10.0.0.12 () {32 vars in 722 bytes} [Sun Jul 12 03:07:33 2026] DELETE /v2.0/subnets/e44af897-00d6-4cbb-bb97-16a9fc7e7560 => generated 0 bytes in 190 msecs (HTTP/1.1 204) 3 headers in 131 bytes (1 switches on core 0) [pid: 7|app: 0|req: 585/1227] 10.0.0.23 () {34 vars in 988 bytes} [Sun Jul 12 03:07:33 2026] GET /v2.0/ports?device_id=a211254f-4061-43b5-9c4e-f0b915d65f23 => generated 12 bytes in 21 msecs (HTTP/1.1 200) 4 headers in 156 bytes (1 switches on core 0) [pid: 8|app: 0|req: 643/1228] 10.0.0.12 () {32 vars in 722 bytes} [Sun Jul 12 03:07:33 2026] DELETE /v2.0/subnets/1c0ab4ab-5d4a-4871-930b-88db004cb745 => generated 0 bytes in 142 msecs (HTTP/1.1 204) 3 headers in 131 bytes (1 switches on core 0)
2026-07-12 03:07:33.655 8 INFO neutron.services.segments.plugin [-] Segment 06572d08-a038-421d-9c03-7556c2debac3 resource provider aggregate not found
2026-07-12 03:07:33.660 8 INFO neutron.services.segments.plugin [-] Segment 06572d08-a038-421d-9c03-7556c2debac3 resource provider aggregate not found
2026-07-12 03:07:33.677 8 INFO neutron.services.segments.plugin [-] Client error retrieving segment 06572d08-a038-421d-9c03-7556c2debac3 resource provider; error: Placement Client Error (4xx): {"errors": [{"status": 404, "title": "Not Found", "detail": "The resource could not be found.\n\n No resource provider with uuid 06572d08-a038-421d-9c03-7556c2debac3 found for delete ", "request_id": "req-b1fe993b-1035-440b-899d-440466a4d138"}]}
2026-07-12 03:07:33.677 8 INFO neutron.services.segments.plugin [-] Client error retrieving segment 06572d08-a038-421d-9c03-7556c2debac3 resource provider; error: Placement Client Error (4xx): {"errors": [{"status": 404, "title": "Not Found", "detail": "The resource could not be found.\n\n No resource provider with uuid 06572d08-a038-421d-9c03-7556c2debac3 found for delete ", "request_id": "req-a20d113c-599a-49d7-b456-5d4fed350001"}]}
2026-07-12 03:07:33.701 7 WARNING neutron.db.securitygroups_db [None req-97cea4cf-2e9c-4daa-821a-28ef8e921f20 73c87c74924e43ec99d488a7201884e4 f31f3208ec054e73a3074958b07fa407 - - default default] project_id key not found in filters, using tenant_id instead. This support has been deprecated and will be removed in a future release.
2026-07-12 03:07:33.702 8 INFO neutron.services.segments.plugin [-] Segment 67439999-de6b-4614-89af-d81b33f98eb5 resource provider aggregate not found
2026-07-12 03:07:33.708 8 INFO neutron.services.segments.plugin [-] Segment 67439999-de6b-4614-89af-d81b33f98eb5 resource provider aggregate not found
2026-07-12 03:07:33.727 8 INFO neutron.services.segments.plugin [-] Client error retrieving segment 67439999-de6b-4614-89af-d81b33f98eb5 resource provider; error: Placement Client Error (4xx): {"errors": [{"status": 404, "title": "Not Found", "detail": "The resource could not be found.\n\n No resource provider with uuid 67439999-de6b-4614-89af-d81b33f98eb5 found for delete ", "request_id": "req-4ec6f406-a126-48d1-aecf-8ec39575a6ee"}]}
2026-07-12 03:07:33.739 8 INFO neutron.services.segments.plugin [-] Client error retrieving segment 67439999-de6b-4614-89af-d81b33f98eb5 resource provider; error: Placement Client Error (4xx): {"errors": [{"status": 404, "title": "Not Found", "detail": "The resource could not be found.\n\n No resource provider with uuid 67439999-de6b-4614-89af-d81b33f98eb5 found for delete ", "request_id": "req-d07e1a7c-5f90-47db-9e67-21ff94aaca9d"}]}
2026-07-12 03:07:33.751 8 INFO neutron.services.segments.plugin [-] Segment 1a4e5330-1738-43fc-8fe2-72ebcdb299f5 resource provider aggregate not found
2026-07-12 03:07:33.769 8 INFO neutron_taas.services.taas.taas_plugin [None req-20b9e946-a28e-4ef7-b084-b5fd223972c7 25f6e7bc1d7d463dbeee838bf5288e92 0810899467b8474b9b1ecc54662c2b7b - - default default] TaaS: Handle Delete Port: 352d73da-eef2-4f26-a555-d7632364c60d
2026-07-12 03:07:33.771 8 INFO neutron.services.segments.plugin [-] Client error retrieving segment 1a4e5330-1738-43fc-8fe2-72ebcdb299f5 resource provider; error: Placement Client Error (4xx): {"errors": [{"status": 404, "title": "Not Found", "detail": "The resource could not be found.\n\n No resource provider with uuid 1a4e5330-1738-43fc-8fe2-72ebcdb299f5 found for delete ", "request_id": "req-f00e1e75-8f51-4a41-af15-5f3d25da9d28"}]}
2026-07-12 03:07:33.773 8 INFO neutron.services.segments.plugin [-] Segment 1a4e5330-1738-43fc-8fe2-72ebcdb299f5 resource provider aggregate not found
2026-07-12 03:07:33.781 8 INFO neutron_taas.services.taas.tap_mirror_plugin [None req-20b9e946-a28e-4ef7-b084-b5fd223972c7 25f6e7bc1d7d463dbeee838bf5288e92 0810899467b8474b9b1ecc54662c2b7b - - default default] Tap Mirror: Handle Delete Port: 352d73da-eef2-4f26-a555-d7632364c60d
2026-07-12 03:07:33.790 8 INFO neutron.services.segments.plugin [-] Client error retrieving segment 1a4e5330-1738-43fc-8fe2-72ebcdb299f5 resource provider; error: Placement Client Error (4xx): {"errors": [{"status": 404, "title": "Not Found", "detail": "The resource could not be found.\n\n No resource provider with uuid 1a4e5330-1738-43fc-8fe2-72ebcdb299f5 found for delete ", "request_id": "req-919d7694-fd3c-4336-89c9-8c1c06ebed57"}]}
2026-07-12 03:07:33.835 7 INFO neutron.db.ovn_revision_numbers_db [None req-97cea4cf-2e9c-4daa-821a-28ef8e921f20 73c87c74924e43ec99d488a7201884e4 f31f3208ec054e73a3074958b07fa407 - - default default] Successfully bumped revision number for resource 09ec2d4f-a514-479c-825c-44fecfec1cb2 (type: security_groups) to 1
2026-07-12 03:07:33.848 7 INFO neutron.db.ovn_revision_numbers_db [None req-97cea4cf-2e9c-4daa-821a-28ef8e921f20 73c87c74924e43ec99d488a7201884e4 f31f3208ec054e73a3074958b07fa407 - - default default] Successfully bumped revision number for resource 49fb0dd1-2b47-4479-a74e-8a2ec35f64c7 (type: security_group_rules) to 0
2026-07-12 03:07:33.861 7 INFO neutron.db.ovn_revision_numbers_db [None req-97cea4cf-2e9c-4daa-821a-28ef8e921f20 73c87c74924e43ec99d488a7201884e4 f31f3208ec054e73a3074958b07fa407 - - default default] Successfully bumped revision number for resource 6bdda7a2-a405-430c-96c3-ffed36a8ce4c (type: security_group_rules) to 0
2026-07-12 03:07:33.873 7 INFO neutron.db.ovn_revision_numbers_db [None req-97cea4cf-2e9c-4daa-821a-28ef8e921f20 73c87c74924e43ec99d488a7201884e4 f31f3208ec054e73a3074958b07fa407 - - default default] Successfully bumped revision number for resource 78f16627-8218-45bf-bbe6-80626a3b7f06 (type: security_group_rules) to 0
2026-07-12 03:07:33.884 7 INFO neutron.db.ovn_revision_numbers_db [None req-97cea4cf-2e9c-4daa-821a-28ef8e921f20 73c87c74924e43ec99d488a7201884e4 f31f3208ec054e73a3074958b07fa407 - - default default] Successfully bumped revision number for resource 8aa999f8-1778-4bc0-88f7-a031c2f68b81 (type: security_group_rules) to 0 [pid: 7|app: 0|req: 586/1229] 10.0.0.12 () {32 vars in 772 bytes} [Sun Jul 12 03:07:33 2026] GET /v2.0/security-groups?tenant_id=bee957dd1a964f6f9872b72768c38bb4&name=default => generated 2925 bytes in 398 msecs (HTTP/1.1 200) 4 headers in 158 bytes (1 switches on core 0) [pid: 8|app: 0|req: 644/1230] 10.0.0.12 () {32 vars in 724 bytes} [Sun Jul 12 03:07:33 2026] DELETE /v2.0/networks/296a9eee-cd66-4dec-97eb-778684ae6c28 => generated 0 bytes in 447 msecs (HTTP/1.1 204) 3 headers in 131 bytes (1 switches on core 0)
2026-07-12 03:07:34.062 8 WARNING neutron.db.securitygroups_db [None req-b5b1843e-6e15-40a5-83ed-fc575be422a8 73c87c74924e43ec99d488a7201884e4 f31f3208ec054e73a3074958b07fa407 - - default default] project_id key not found in filters, using tenant_id instead. This support has been deprecated and will be removed in a future release. [pid: 8|app: 0|req: 645/1231] 10.0.0.12 () {32 vars in 772 bytes} [Sun Jul 12 03:07:34 2026] GET /v2.0/security-groups?tenant_id=7989aeec7b444babaa6645542e47875d&name=default => generated 2925 bytes in 69 msecs (HTTP/1.1 200) 4 headers in 158 bytes (1 switches on core 0) [pid: 7|app: 0|req: 587/1232] 10.0.0.12 () {32 vars in 738 bytes} [Sun Jul 12 03:07:33 2026] DELETE /v2.0/security-groups/aaa7b41c-025d-4963-8976-be3946b0a60a => generated 0 bytes in 174 msecs (HTTP/1.1 204) 2 headers in 112 bytes (1 switches on core 0)
2026-07-12 03:07:34.227 7 INFO neutron_taas.services.taas.taas_plugin [None req-591c8c76-e9b7-4cfb-93dc-5b56b91ef3bc 25f6e7bc1d7d463dbeee838bf5288e92 0810899467b8474b9b1ecc54662c2b7b - - default default] TaaS: Handle Delete Port: b7049135-344d-46f4-8de3-ac475d365843
2026-07-12 03:07:34.230 7 INFO neutron_taas.services.taas.tap_mirror_plugin [None req-591c8c76-e9b7-4cfb-93dc-5b56b91ef3bc 25f6e7bc1d7d463dbeee838bf5288e92 0810899467b8474b9b1ecc54662c2b7b - - default default] Tap Mirror: Handle Delete Port: b7049135-344d-46f4-8de3-ac475d365843 [pid: 8|app: 0|req: 646/1233] 10.0.0.12 () {32 vars in 738 bytes} [Sun Jul 12 03:07:34 2026] DELETE /v2.0/security-groups/09ec2d4f-a514-479c-825c-44fecfec1cb2 => generated 0 bytes in 154 msecs (HTTP/1.1 204) 2 headers in 112 bytes (1 switches on core 0) [pid: 8|app: 0|req: 647/1234] 10.0.0.12 () {32 vars in 738 bytes} [Sun Jul 12 03:07:34 2026] DELETE /v2.0/security-groups/b49c46fa-ca7b-41bb-ac3d-bcdfc08b6bb9 => generated 0 bytes in 154 msecs (HTTP/1.1 204) 2 headers in 112 bytes (1 switches on core 0)
2026-07-12 03:07:34.408 8 INFO neutron.api.v2.resource [None req-d1ab66b1-c103-4055-b45a-76aad3215390 bc45751e8660448cbe0b48f556c3bb07 c98d94b76eab4b06835274389cc7cd12 - - default default] show failed (client error): The resource could not be found. [pid: 8|app: 0|req: 648/1235] 10.0.0.12 () {32 vars in 735 bytes} [Sun Jul 12 03:07:34 2026] GET /v2.0/security-groups/aaa7b41c-025d-4963-8976-be3946b0a60a => generated 146 bytes in 10 msecs (HTTP/1.1 404) 4 headers in 164 bytes (1 switches on core 0)
2026-07-12 03:07:34.412 8 WARNING neutron.db.securitygroups_db [None req-c27b7c93-ba35-43a0-9d97-0924b4598d84 73c87c74924e43ec99d488a7201884e4 f31f3208ec054e73a3074958b07fa407 - - default default] project_id key not found in filters, using tenant_id instead. This support has been deprecated and will be removed in a future release.
2026-07-12 03:07:34.423 7 INFO neutron.services.segments.plugin [-] Segment 495749ca-4be3-43c4-9e9d-ef27a5c14c1e resource provider aggregate not found
2026-07-12 03:07:34.426 7 INFO neutron.services.segments.plugin [-] Segment 495749ca-4be3-43c4-9e9d-ef27a5c14c1e resource provider aggregate not found
2026-07-12 03:07:34.446 7 INFO neutron.services.segments.plugin [-] Client error retrieving segment 495749ca-4be3-43c4-9e9d-ef27a5c14c1e resource provider; error: Placement Client Error (4xx): {"errors": [{"status": 404, "title": "Not Found", "detail": "The resource could not be found.\n\n No resource provider with uuid 495749ca-4be3-43c4-9e9d-ef27a5c14c1e found for delete ", "request_id": "req-e6806200-55a2-436a-9fa1-8e07b886bd07"}]}
2026-07-12 03:07:34.449 7 INFO neutron.services.segments.plugin [-] Client error retrieving segment 495749ca-4be3-43c4-9e9d-ef27a5c14c1e resource provider; error: Placement Client Error (4xx): {"errors": [{"status": 404, "title": "Not Found", "detail": "The resource could not be found.\n\n No resource provider with uuid 495749ca-4be3-43c4-9e9d-ef27a5c14c1e found for delete ", "request_id": "req-685fd7a4-346e-4980-b1ca-91cdc1a36e6b"}]} [pid: 7|app: 0|req: 588/1236] 10.0.0.12 () {32 vars in 724 bytes} [Sun Jul 12 03:07:34 2026] DELETE /v2.0/networks/1f6de87a-df87-46a4-9f54-ae5fb8c6159b => generated 0 bytes in 361 msecs (HTTP/1.1 204) 3 headers in 131 bytes (1 switches on core 0)
2026-07-12 03:07:34.527 8 INFO neutron.db.ovn_revision_numbers_db [None req-c27b7c93-ba35-43a0-9d97-0924b4598d84 73c87c74924e43ec99d488a7201884e4 f31f3208ec054e73a3074958b07fa407 - - default default] Successfully bumped revision number for resource 1039cdc0-7e1d-4807-b8ea-5f7058e66263 (type: security_groups) to 1
2026-07-12 03:07:34.539 8 INFO neutron.db.ovn_revision_numbers_db [None req-c27b7c93-ba35-43a0-9d97-0924b4598d84 73c87c74924e43ec99d488a7201884e4 f31f3208ec054e73a3074958b07fa407 - - default default] Successfully bumped revision number for resource 876f32e1-200f-4416-8966-0371f11232f9 (type: security_group_rules) to 0
2026-07-12 03:07:34.550 8 INFO neutron.db.ovn_revision_numbers_db [None req-c27b7c93-ba35-43a0-9d97-0924b4598d84 73c87c74924e43ec99d488a7201884e4 f31f3208ec054e73a3074958b07fa407 - - default default] Successfully bumped revision number for resource cda61a2a-1f6f-4bb3-8959-527bb8a08716 (type: security_group_rules) to 0
2026-07-12 03:07:34.562 8 INFO neutron.db.ovn_revision_numbers_db [None req-c27b7c93-ba35-43a0-9d97-0924b4598d84 73c87c74924e43ec99d488a7201884e4 f31f3208ec054e73a3074958b07fa407 - - default default] Successfully bumped revision number for resource d0028383-74eb-4534-afce-e64397b8905e (type: security_group_rules) to 0
2026-07-12 03:07:34.573 8 INFO neutron.db.ovn_revision_numbers_db [None req-c27b7c93-ba35-43a0-9d97-0924b4598d84 73c87c74924e43ec99d488a7201884e4 f31f3208ec054e73a3074958b07fa407 - - default default] Successfully bumped revision number for resource f9cf0bfe-f1e4-4e64-a30b-89ea585bbf2c (type: security_group_rules) to 0
2026-07-12 03:07:34.605 7 INFO neutron_taas.services.taas.taas_plugin [None req-7b38bae2-61af-4bfc-a7ca-5937bc69b39a bc45751e8660448cbe0b48f556c3bb07 c98d94b76eab4b06835274389cc7cd12 - - default default] TaaS: Handle Delete Port: efd5ee13-80e9-4c07-88fc-afb65cc8c929 [pid: 8|app: 0|req: 649/1237] 10.0.0.12 () {32 vars in 772 bytes} [Sun Jul 12 03:07:34 2026] GET /v2.0/security-groups?tenant_id=d535825dfc85427884ce6df618ef10e8&name=default => generated 2925 bytes in 196 msecs (HTTP/1.1 200) 4 headers in 158 bytes (1 switches on core 0)
2026-07-12 03:07:34.609 7 INFO neutron_taas.services.taas.tap_mirror_plugin [None req-7b38bae2-61af-4bfc-a7ca-5937bc69b39a bc45751e8660448cbe0b48f556c3bb07 c98d94b76eab4b06835274389cc7cd12 - - default default] Tap Mirror: Handle Delete Port: efd5ee13-80e9-4c07-88fc-afb65cc8c929
2026-07-12 03:07:34.677 8 INFO neutron.db.segments_db [None req-6aa80ff1-4cee-435a-9006-e88ff70e18ea 25f6e7bc1d7d463dbeee838bf5288e92 0810899467b8474b9b1ecc54662c2b7b - - default default] Added segment 17052b09-3042-4283-811c-5af2dff1cd2d of type geneve for network 6f382a68-7748-444a-83f3-2027f59031af
2026-07-12 03:07:34.764 8 INFO neutron.db.ovn_revision_numbers_db [None req-6aa80ff1-4cee-435a-9006-e88ff70e18ea 25f6e7bc1d7d463dbeee838bf5288e92 0810899467b8474b9b1ecc54662c2b7b - - default default] Successfully bumped revision number for resource 6f382a68-7748-444a-83f3-2027f59031af (type: networks) to 1 [pid: 7|app: 0|req: 589/1238] 10.0.0.12 () {32 vars in 730 bytes} [Sun Jul 12 03:07:34 2026] DELETE /v2.0/floatingips/afbabf76-04c8-442f-b131-bb0292da1da6 => generated 0 bytes in 305 msecs (HTTP/1.1 204) 2 headers in 112 bytes (1 switches on core 0) [pid: 7|app: 0|req: 590/1239] 10.0.0.12 () {32 vars in 738 bytes} [Sun Jul 12 03:07:34 2026] DELETE /v2.0/security-groups/1039cdc0-7e1d-4807-b8ea-5f7058e66263 => generated 0 bytes in 160 msecs (HTTP/1.1 204) 2 headers in 112 bytes (1 switches on core 0)
2026-07-12 03:07:34.944 8 WARNING neutron.scheduler.dhcp_agent_scheduler [None req-6aa80ff1-4cee-435a-9006-e88ff70e18ea 25f6e7bc1d7d463dbeee838bf5288e92 0810899467b8474b9b1ecc54662c2b7b - - default default] No more DHCP agents
2026-07-12 03:07:34.946 8 WARNING neutron.api.rpc.agentnotifiers.dhcp_rpc_agent_api [None req-6aa80ff1-4cee-435a-9006-e88ff70e18ea 25f6e7bc1d7d463dbeee838bf5288e92 0810899467b8474b9b1ecc54662c2b7b - - default default] Unable to schedule network 6f382a68-7748-444a-83f3-2027f59031af: no agents available; will retry on subsequent port and subnet creation events.
2026-07-12 03:07:35.040 8 INFO neutron.db.ovn_revision_numbers_db [None req-6aa80ff1-4cee-435a-9006-e88ff70e18ea 25f6e7bc1d7d463dbeee838bf5288e92 0810899467b8474b9b1ecc54662c2b7b - - default default] Successfully bumped revision number for resource a4f803f0-c054-418d-8961-8e94c6820763 (type: ports) to 1 [pid: 8|app: 0|req: 650/1240] 10.0.0.12 () {34 vars in 668 bytes} [Sun Jul 12 03:07:34 2026] POST /v2.0/networks => generated 671 bytes in 471 msecs (HTTP/1.1 201) 4 headers in 162 bytes (1 switches on core 0)
2026-07-12 03:07:35.255 8 WARNING neutron.scheduler.dhcp_agent_scheduler [None req-e73a42f4-7cce-475d-a843-a5a34688b56d 25f6e7bc1d7d463dbeee838bf5288e92 0810899467b8474b9b1ecc54662c2b7b - - default default] No more DHCP agents
2026-07-12 03:07:35.256 8 WARNING neutron.api.rpc.agentnotifiers.dhcp_rpc_agent_api [None req-e73a42f4-7cce-475d-a843-a5a34688b56d 25f6e7bc1d7d463dbeee838bf5288e92 0810899467b8474b9b1ecc54662c2b7b - - default default] Unable to schedule network 6f382a68-7748-444a-83f3-2027f59031af: no agents available; will retry on subsequent port and subnet creation events.
2026-07-12 03:07:35.274 7 INFO neutron_taas.services.taas.taas_plugin [None req-0d849da9-3ebe-4d74-a313-85beddad71cc 73c87c74924e43ec99d488a7201884e4 f31f3208ec054e73a3074958b07fa407 - - default default] TaaS: Handle Delete Port: a8e5a920-dbc7-47d4-9492-e6c852e542a5
2026-07-12 03:07:35.276 7 INFO neutron_taas.services.taas.tap_mirror_plugin [None req-0d849da9-3ebe-4d74-a313-85beddad71cc 73c87c74924e43ec99d488a7201884e4 f31f3208ec054e73a3074958b07fa407 - - default default] Tap Mirror: Handle Delete Port: a8e5a920-dbc7-47d4-9492-e6c852e542a5
2026-07-12 03:07:35.287 8 INFO neutron.db.ovn_revision_numbers_db [None req-e73a42f4-7cce-475d-a843-a5a34688b56d 25f6e7bc1d7d463dbeee838bf5288e92 0810899467b8474b9b1ecc54662c2b7b - - default default] Successfully bumped revision number for resource 2af8fce1-099b-44af-9718-7fb467b3252f (type: subnets) to 0 [pid: 8|app: 0|req: 651/1241] 10.0.0.12 () {34 vars in 667 bytes} [Sun Jul 12 03:07:35 2026] POST /v2.0/subnets => generated 646 bytes in 221 msecs (HTTP/1.1 201) 4 headers in 162 bytes (1 switches on core 0)
2026-07-12 03:07:35.438 8 INFO neutron.db.ovn_revision_numbers_db [None req-5b813fd8-2495-48c8-85b1-4a98a33ad81d 25f6e7bc1d7d463dbeee838bf5288e92 0810899467b8474b9b1ecc54662c2b7b - - default default] Successfully bumped revision number for resource 274f5a7a-a4a5-4884-b96b-962f92e60ae3 (type: routers) to 1 [pid: 8|app: 0|req: 652/1242] 10.0.0.12 () {34 vars in 667 bytes} [Sun Jul 12 03:07:35 2026] POST /v2.0/routers => generated 627 bytes in 146 msecs (HTTP/1.1 201) 4 headers in 162 bytes (1 switches on core 0)
2026-07-12 03:07:35.766 8 WARNING neutron.scheduler.dhcp_agent_scheduler [None req-98c291b1-125e-4831-9b9c-81b3e6af24e8 25f6e7bc1d7d463dbeee838bf5288e92 0810899467b8474b9b1ecc54662c2b7b - - default default] No more DHCP agents
2026-07-12 03:07:35.768 8 WARNING neutron.api.rpc.agentnotifiers.dhcp_rpc_agent_api [None req-98c291b1-125e-4831-9b9c-81b3e6af24e8 25f6e7bc1d7d463dbeee838bf5288e92 0810899467b8474b9b1ecc54662c2b7b - - default default] Unable to schedule network 6f382a68-7748-444a-83f3-2027f59031af: no agents available; will retry on subsequent port and subnet creation events.
2026-07-12 03:07:35.796 8 INFO neutron.services.segments.plugin [-] Segment 24b3d131-4da7-431c-ad7d-fb2ebd19c44a resource provider aggregate not found
2026-07-12 03:07:35.816 8 INFO neutron.services.segments.plugin [-] Client error retrieving segment 24b3d131-4da7-431c-ad7d-fb2ebd19c44a resource provider; error: Placement Client Error (4xx): {"errors": [{"status": 404, "title": "Not Found", "detail": "The resource could not be found.\n\n No resource provider with uuid 24b3d131-4da7-431c-ad7d-fb2ebd19c44a found for delete ", "request_id": "req-b7b537f0-38aa-45bd-afb1-52d1555ecdb1"}]}
2026-07-12 03:07:35.818 8 INFO neutron.services.segments.plugin [-] Segment 24b3d131-4da7-431c-ad7d-fb2ebd19c44a resource provider aggregate not found
2026-07-12 03:07:35.841 8 INFO neutron.services.segments.plugin [-] Client error retrieving segment 24b3d131-4da7-431c-ad7d-fb2ebd19c44a resource provider; error: Placement Client Error (4xx): {"errors": [{"status": 404, "title": "Not Found", "detail": "The resource could not be found.\n\n No resource provider with uuid 24b3d131-4da7-431c-ad7d-fb2ebd19c44a found for delete ", "request_id": "req-3465a7f1-2f77-42ed-9cef-c77a767a79ec"}]} [pid: 7|app: 0|req: 591/1243] 10.0.0.12 () {34 vars in 787 bytes} [Sun Jul 12 03:07:34 2026] PUT /v2.0/routers/86031c9c-5659-4790-a35a-39990776925d/remove_router_interface => generated 310 bytes in 944 msecs (HTTP/1.1 200) 4 headers in 157 bytes (1 switches on core 0) /var/lib/openstack/lib/python3.12/site-packages/pycadf/identifier.py:70: UserWarning: Invalid uuid: neutron. To ensure interoperability, identifiers should be a valid uuid. warnings.warn(('Invalid uuid: %s. To ensure interoperability, '
2026-07-12 03:07:35.939 7 INFO neutron.plugins.ml2.drivers.ovn.mech_driver.mech_driver [None req-d4b585d4-8fdb-4d4e-8e37-e1625f99cfc2 - - - - - -] OVN reports status down for port: 196f52df-29c5-4e04-81a7-1b7f76520d7f
2026-07-12 03:07:35.970 8 INFO neutron.db.ovn_revision_numbers_db [None req-98c291b1-125e-4831-9b9c-81b3e6af24e8 25f6e7bc1d7d463dbeee838bf5288e92 0810899467b8474b9b1ecc54662c2b7b - - default default] Successfully bumped revision number for resource 196f52df-29c5-4e04-81a7-1b7f76520d7f (type: ports) to 1 [pid: 8|app: 0|req: 653/1244] 10.0.0.12 () {34 vars in 663 bytes} [Sun Jul 12 03:07:35 2026] POST /v2.0/ports => generated 964 bytes in 545 msecs (HTTP/1.1 201) 4 headers in 162 bytes (1 switches on core 0) /var/lib/openstack/lib/python3.12/site-packages/pycadf/identifier.py:70: UserWarning: Invalid uuid: neutron. To ensure interoperability, identifiers should be a valid uuid. warnings.warn(('Invalid uuid: %s. To ensure interoperability, '
2026-07-12 03:07:36.340 7 INFO neutron_taas.services.taas.taas_plugin [None req-25692c16-fed2-42aa-8644-2824e27c9408 73c87c74924e43ec99d488a7201884e4 f31f3208ec054e73a3074958b07fa407 - - default default] TaaS: Handle Delete Port: a2d8e996-3b8e-4a15-8af2-e085bf7bbef0
2026-07-12 03:07:36.345 7 INFO neutron_taas.services.taas.tap_mirror_plugin [None req-25692c16-fed2-42aa-8644-2824e27c9408 73c87c74924e43ec99d488a7201884e4 f31f3208ec054e73a3074958b07fa407 - - default default] Tap Mirror: Handle Delete Port: a2d8e996-3b8e-4a15-8af2-e085bf7bbef0
2026-07-12 03:07:36.496 7 INFO neutron.plugins.ml2.drivers.ovn.mech_driver.mech_driver [None req-d4b585d4-8fdb-4d4e-8e37-e1625f99cfc2 - - - - - -] OVN reports status up for port: 196f52df-29c5-4e04-81a7-1b7f76520d7f
2026-07-12 03:07:36.530 7 INFO neutron.plugins.ml2.plugin [None req-d4b585d4-8fdb-4d4e-8e37-e1625f99cfc2 - - - - - -] Attempt 1 to provision port 196f52df-29c5-4e04-81a7-1b7f76520d7f
2026-07-12 03:07:36.531 8 INFO neutron.db.ovn_revision_numbers_db [None req-15f1af7b-79c4-46aa-8ff8-6e33061cb975 25f6e7bc1d7d463dbeee838bf5288e92 0810899467b8474b9b1ecc54662c2b7b - - default default] Successfully bumped revision number for resource 196f52df-29c5-4e04-81a7-1b7f76520d7f (type: ports) to 2 [pid: 7|app: 0|req: 592/1245] 10.0.0.12 () {32 vars in 722 bytes} [Sun Jul 12 03:07:35 2026] DELETE /v2.0/routers/86031c9c-5659-4790-a35a-39990776925d => generated 0 bytes in 1118 msecs (HTTP/1.1 204) 2 headers in 112 bytes (1 switches on core 0)
2026-07-12 03:07:37.091 7 INFO neutron.db.ovn_revision_numbers_db [None req-d4b585d4-8fdb-4d4e-8e37-e1625f99cfc2 - - - - - -] Successfully bumped revision number for resource 196f52df-29c5-4e04-81a7-1b7f76520d7f (type: ports) to 3
2026-07-12 03:07:37.174 8 WARNING neutron.plugins.ml2.drivers.ovn.mech_driver.ovsdb.ovn_client [None req-64ae9f2b-0ace-426a-8ee3-7be670a4c347 - - - - - -] No port found with ID 121e8da5-1553-41f6-9985-7ac23ab4aea4: RuntimeError: No port found with ID 121e8da5-1553-41f6-9985-7ac23ab4aea4
2026-07-12 03:07:37.195 8 INFO neutron.plugins.ml2.drivers.ovn.mech_driver.mech_driver [None req-64ae9f2b-0ace-426a-8ee3-7be670a4c347 - - - - - -] OVN reports status down for port: 0f3645a9-fa20-4a52-ace9-bc21bcfaaefb
2026-07-12 03:07:37.214 8 INFO neutron.plugins.ml2.drivers.ovn.mech_driver.mech_driver [None req-64ae9f2b-0ace-426a-8ee3-7be670a4c347 - - - - - -] OVN reports status down for port: 7297fffb-dc5b-46d9-9f9a-91277f3d06d7 [pid: 7|app: 0|req: 593/1246] 10.0.0.12 () {32 vars in 722 bytes} [Sun Jul 12 03:07:37 2026] DELETE /v2.0/subnets/38230d16-77ed-4e2b-b7d0-eec92916ec75 => generated 0 bytes in 233 msecs (HTTP/1.1 204) 3 headers in 131 bytes (1 switches on core 0)
2026-07-12 03:07:37.253 8 INFO neutron.plugins.ml2.drivers.ovn.mech_driver.mech_driver [None req-64ae9f2b-0ace-426a-8ee3-7be670a4c347 - - - - - -] OVN reports status down for port: a4f803f0-c054-418d-8961-8e94c6820763 /var/lib/openstack/lib/python3.12/site-packages/pycadf/identifier.py:70: UserWarning: Invalid uuid: neutron. To ensure interoperability, identifiers should be a valid uuid. warnings.warn(('Invalid uuid: %s. To ensure interoperability, '
2026-07-12 03:07:37.448 7 INFO neutron_taas.services.taas.taas_plugin [None req-1feb9306-6829-4329-9209-47eb4c4f69fb 73c87c74924e43ec99d488a7201884e4 f31f3208ec054e73a3074958b07fa407 - - default default] TaaS: Handle Delete Port: b14d0955-3d66-4b3f-8c07-ae8b8cc5a604
2026-07-12 03:07:37.454 7 INFO neutron_taas.services.taas.tap_mirror_plugin [None req-1feb9306-6829-4329-9209-47eb4c4f69fb 73c87c74924e43ec99d488a7201884e4 f31f3208ec054e73a3074958b07fa407 - - default default] Tap Mirror: Handle Delete Port: b14d0955-3d66-4b3f-8c07-ae8b8cc5a604
2026-07-12 03:07:37.469 8 WARNING neutron.scheduler.dhcp_agent_scheduler [None req-15f1af7b-79c4-46aa-8ff8-6e33061cb975 25f6e7bc1d7d463dbeee838bf5288e92 0810899467b8474b9b1ecc54662c2b7b - - default default] No more DHCP agents
2026-07-12 03:07:37.475 8 WARNING neutron.api.rpc.agentnotifiers.dhcp_rpc_agent_api [None req-15f1af7b-79c4-46aa-8ff8-6e33061cb975 25f6e7bc1d7d463dbeee838bf5288e92 0810899467b8474b9b1ecc54662c2b7b - - default default] Unable to schedule network 6f382a68-7748-444a-83f3-2027f59031af: no agents available; will retry on subsequent port and subnet creation events.
2026-07-12 03:07:37.668 8 INFO neutron.db.ovn_revision_numbers_db [None req-15f1af7b-79c4-46aa-8ff8-6e33061cb975 25f6e7bc1d7d463dbeee838bf5288e92 0810899467b8474b9b1ecc54662c2b7b - - default default] Successfully bumped revision number for resource 196f52df-29c5-4e04-81a7-1b7f76520d7f (type: router_ports) to 3 [pid: 8|app: 0|req: 654/1247] 10.0.0.12 () {34 vars in 781 bytes} [Sun Jul 12 03:07:36 2026] PUT /v2.0/routers/274f5a7a-a4a5-4884-b96b-962f92e60ae3/add_router_interface => generated 310 bytes in 1662 msecs (HTTP/1.1 200) 4 headers in 157 bytes (1 switches on core 0)
2026-07-12 03:07:37.700 7 INFO neutron.services.segments.plugin [-] Segment 2b7cccf4-43bb-45e8-a2df-5ab4f0b25a40 resource provider aggregate not found
2026-07-12 03:07:37.706 7 INFO neutron.services.segments.plugin [-] Segment 2b7cccf4-43bb-45e8-a2df-5ab4f0b25a40 resource provider aggregate not found
2026-07-12 03:07:37.726 7 INFO neutron.services.segments.plugin [-] Client error retrieving segment 2b7cccf4-43bb-45e8-a2df-5ab4f0b25a40 resource provider; error: Placement Client Error (4xx): {"errors": [{"status": 404, "title": "Not Found", "detail": "The resource could not be found.\n\n No resource provider with uuid 2b7cccf4-43bb-45e8-a2df-5ab4f0b25a40 found for delete ", "request_id": "req-14c00429-df13-412a-bce4-fed8ee7ed716"}]}
2026-07-12 03:07:37.727 7 INFO neutron.services.segments.plugin [-] Client error retrieving segment 2b7cccf4-43bb-45e8-a2df-5ab4f0b25a40 resource provider; error: Placement Client Error (4xx): {"errors": [{"status": 404, "title": "Not Found", "detail": "The resource could not be found.\n\n No resource provider with uuid 2b7cccf4-43bb-45e8-a2df-5ab4f0b25a40 found for delete ", "request_id": "req-8e7a9c08-2997-485c-bb98-c41306b4bdee"}]} /var/lib/openstack/lib/python3.12/site-packages/pycadf/identifier.py:70: UserWarning: Invalid uuid: neutron. To ensure interoperability, identifiers should be a valid uuid. warnings.warn(('Invalid uuid: %s. To ensure interoperability, '
2026-07-12 03:07:37.767 8 WARNING neutron.db.securitygroups_db [None req-d6641ece-7e70-463f-8a2f-2cd94d90e026 73c87c74924e43ec99d488a7201884e4 f31f3208ec054e73a3074958b07fa407 - - default default] project_id key not found in filters, using tenant_id instead. This support has been deprecated and will be removed in a future release. [pid: 7|app: 0|req: 594/1248] 10.0.0.12 () {32 vars in 724 bytes} [Sun Jul 12 03:07:37 2026] DELETE /v2.0/networks/0e93f01a-4424-4b3b-8ed4-a7c6e8151bc3 => generated 0 bytes in 527 msecs (HTTP/1.1 204) 3 headers in 131 bytes (1 switches on core 0) [pid: 7|app: 0|req: 595/1249] 10.0.0.12 () {32 vars in 715 bytes} [Sun Jul 12 03:07:37 2026] GET /v2.0/ports/196f52df-29c5-4e04-81a7-1b7f76520d7f => generated 1026 bytes in 72 msecs (HTTP/1.1 200) 4 headers in 158 bytes (1 switches on core 0)
2026-07-12 03:07:37.881 8 INFO neutron.db.ovn_revision_numbers_db [None req-d6641ece-7e70-463f-8a2f-2cd94d90e026 73c87c74924e43ec99d488a7201884e4 f31f3208ec054e73a3074958b07fa407 - - default default] Successfully bumped revision number for resource 63a0ef8d-a7f0-4e9f-ae0e-e118ca9f74c9 (type: security_groups) to 1
2026-07-12 03:07:37.892 8 INFO neutron.db.ovn_revision_numbers_db [None req-d6641ece-7e70-463f-8a2f-2cd94d90e026 73c87c74924e43ec99d488a7201884e4 f31f3208ec054e73a3074958b07fa407 - - default default] Successfully bumped revision number for resource 0a3efe43-8973-4c85-88ca-8d7c27b008bd (type: security_group_rules) to 0
2026-07-12 03:07:37.904 8 INFO neutron.db.ovn_revision_numbers_db [None req-d6641ece-7e70-463f-8a2f-2cd94d90e026 73c87c74924e43ec99d488a7201884e4 f31f3208ec054e73a3074958b07fa407 - - default default] Successfully bumped revision number for resource 23375db8-3772-4d44-b99f-95a008fab96a (type: security_group_rules) to 0
2026-07-12 03:07:37.921 8 INFO neutron.db.ovn_revision_numbers_db [None req-d6641ece-7e70-463f-8a2f-2cd94d90e026 73c87c74924e43ec99d488a7201884e4 f31f3208ec054e73a3074958b07fa407 - - default default] Successfully bumped revision number for resource 338b533b-fbca-445d-8e33-fe49ab8b29f3 (type: security_group_rules) to 0
2026-07-12 03:07:37.936 8 INFO neutron.db.ovn_revision_numbers_db [None req-d6641ece-7e70-463f-8a2f-2cd94d90e026 73c87c74924e43ec99d488a7201884e4 f31f3208ec054e73a3074958b07fa407 - - default default] Successfully bumped revision number for resource 89e2b87a-8c99-4976-bbaa-dd59617047e7 (type: security_group_rules) to 0 [pid: 8|app: 0|req: 655/1250] 10.0.0.12 () {32 vars in 772 bytes} [Sun Jul 12 03:07:37 2026] GET /v2.0/security-groups?tenant_id=d7509560ee084093975fd4c4395380c6&name=default => generated 2925 bytes in 308 msecs (HTTP/1.1 200) 4 headers in 158 bytes (1 switches on core 0) [pid: 7|app: 0|req: 596/1251] 10.0.0.182 () {32 vars in 800 bytes} [Sun Jul 12 03:07:37 2026] GET /v2.0/extensions => generated 22668 bytes in 170 msecs (HTTP/1.1 200) 4 headers in 159 bytes (1 switches on core 0)
2026-07-12 03:07:38.024 7 WARNING neutron.db.securitygroups_db [None req-37497acc-a893-4dd8-88a5-0d7d0311c3d3 73c87c74924e43ec99d488a7201884e4 f31f3208ec054e73a3074958b07fa407 - - default default] project_id key not found in filters, using tenant_id instead. This support has been deprecated and will be removed in a future release. [pid: 7|app: 0|req: 597/1252] 10.0.0.12 () {32 vars in 772 bytes} [Sun Jul 12 03:07:38 2026] GET /v2.0/security-groups?tenant_id=c98d94b76eab4b06835274389cc7cd12&name=default => generated 2925 bytes in 26 msecs (HTTP/1.1 200) 4 headers in 158 bytes (1 switches on core 0) [pid: 7|app: 0|req: 598/1253] 10.0.0.12 () {32 vars in 738 bytes} [Sun Jul 12 03:07:38 2026] DELETE /v2.0/security-groups/63a0ef8d-a7f0-4e9f-ae0e-e118ca9f74c9 => generated 0 bytes in 176 msecs (HTTP/1.1 204) 2 headers in 112 bytes (1 switches on core 0)
2026-07-12 03:07:38.280 8 INFO neutron_taas.services.taas.taas_plugin [None req-253f121c-85df-437d-891f-d7cb372653ed 25f6e7bc1d7d463dbeee838bf5288e92 0810899467b8474b9b1ecc54662c2b7b - - default default] TaaS: Handle Delete Port: 196f52df-29c5-4e04-81a7-1b7f76520d7f
2026-07-12 03:07:38.283 8 INFO neutron_taas.services.taas.tap_mirror_plugin [None req-253f121c-85df-437d-891f-d7cb372653ed 25f6e7bc1d7d463dbeee838bf5288e92 0810899467b8474b9b1ecc54662c2b7b - - default default] Tap Mirror: Handle Delete Port: 196f52df-29c5-4e04-81a7-1b7f76520d7f [pid: 7|app: 0|req: 599/1254] 10.0.0.12 () {32 vars in 738 bytes} [Sun Jul 12 03:07:38 2026] DELETE /v2.0/security-groups/e938809c-49e0-4d3c-8a9a-ae78ba9e690b => generated 0 bytes in 160 msecs (HTTP/1.1 204) 2 headers in 112 bytes (1 switches on core 0) [pid: 7|app: 0|req: 600/1255] 10.0.0.182 () {32 vars in 861 bytes} [Sun Jul 12 03:07:38 2026] GET /v2.0/quotas/d2d277fd684b4a9797b3069bdee42d8b/details => generated 904 bytes in 107 msecs (HTTP/1.1 200) 4 headers in 157 bytes (1 switches on core 0) [pid: 8|app: 0|req: 656/1256] 10.0.0.12 () {34 vars in 787 bytes} [Sun Jul 12 03:07:37 2026] PUT /v2.0/routers/274f5a7a-a4a5-4884-b96b-962f92e60ae3/remove_router_interface => generated 310 bytes in 642 msecs (HTTP/1.1 200) 4 headers in 157 bytes (1 switches on core 0)
