2026-07-12 02:29:12.457 7 INFO neutron.api.extensions [None req-07eea8b5-b19b-42ef-b3b2-68768d2610b3 - - - - - -] Extension uplink-status-propagation not supported by any of loaded plugins
2026-07-12 02:29:12.458 8 INFO neutron.api.extensions [None req-2030cc0b-5cec-43e8-b593-3c29269140b9 - - - - - -] Extension local_ip not supported by any of loaded plugins
2026-07-12 02:29:12.458 7 INFO neutron.api.extensions [None req-07eea8b5-b19b-42ef-b3b2-68768d2610b3 - - - - - -] Extension uplink-status-propagation-updatable not supported by any of loaded plugins
2026-07-12 02:29:12.458 7 INFO neutron.api.extensions [None req-07eea8b5-b19b-42ef-b3b2-68768d2610b3 - - - - - -] Loaded extension: vlan-transparent
2026-07-12 02:29:12.459 8 INFO neutron.api.extensions [None req-2030cc0b-5cec-43e8-b593-3c29269140b9 - - - - - -] Loaded extension: logging
2026-07-12 02:29:12.459 7 INFO neutron.api.extensions [None req-07eea8b5-b19b-42ef-b3b2-68768d2610b3 - - - - - -] Loaded extension: vpn-aes-ctr
2026-07-12 02:29:12.460 8 INFO neutron.api.extensions [None req-2030cc0b-5cec-43e8-b593-3c29269140b9 - - - - - -] Extension metering not supported by any of loaded plugins
2026-07-12 02:29:12.460 8 INFO neutron.api.extensions [None req-2030cc0b-5cec-43e8-b593-3c29269140b9 - - - - - -] Extension metering_source_and_destination_fields not supported by any of loaded plugins
2026-07-12 02:29:12.461 8 INFO neutron.api.extensions [None req-2030cc0b-5cec-43e8-b593-3c29269140b9 - - - - - -] Loaded extension: multi-provider
2026-07-12 02:29:12.461 7 INFO neutron.api.extensions [None req-07eea8b5-b19b-42ef-b3b2-68768d2610b3 - - - - - -] Loaded extension: vpn-agent-scheduler
2026-07-12 02:29:12.461 8 INFO neutron.api.extensions [None req-2030cc0b-5cec-43e8-b593-3c29269140b9 - - - - - -] Loaded extension: net-mtu
2026-07-12 02:29:12.462 7 INFO neutron.api.extensions [None req-07eea8b5-b19b-42ef-b3b2-68768d2610b3 - - - - - -] Loaded extension: vpn-endpoint-groups
2026-07-12 02:29:12.462 8 INFO neutron.api.extensions [None req-2030cc0b-5cec-43e8-b593-3c29269140b9 - - - - - -] Loaded extension: net-mtu-writable
2026-07-12 02:29:12.462 7 INFO neutron.api.extensions [None req-07eea8b5-b19b-42ef-b3b2-68768d2610b3 - - - - - -] Loaded extension: vpn-flavors
2026-07-12 02:29:12.462 8 INFO neutron.api.extensions [None req-2030cc0b-5cec-43e8-b593-3c29269140b9 - - - - - -] Loaded extension: network_availability_zone
2026-07-12 02:29:12.463 8 INFO neutron.api.extensions [None req-2030cc0b-5cec-43e8-b593-3c29269140b9 - - - - - -] Extension network_ha not supported by any of loaded plugins
2026-07-12 02:29:12.463 8 INFO neutron.api.extensions [None req-2030cc0b-5cec-43e8-b593-3c29269140b9 - - - - - -] Loaded extension: network-ip-availability
2026-07-12 02:29:12.464 7 INFO neutron.api.extensions [None req-07eea8b5-b19b-42ef-b3b2-68768d2610b3 - - - - - -] Loaded extension: vpnaas
2026-07-12 02:29:12.464 8 INFO neutron.api.extensions [None req-2030cc0b-5cec-43e8-b593-3c29269140b9 - - - - - -] Loaded extension: network-ip-availability-details
2026-07-12 02:29:12.465 7 INFO neutron.api.extensions [None req-07eea8b5-b19b-42ef-b3b2-68768d2610b3 - - - - - -] Loaded extension: taas
2026-07-12 02:29:12.465 8 INFO neutron.api.extensions [None req-2030cc0b-5cec-43e8-b593-3c29269140b9 - - - - - -] Extension network-segment-range not supported by any of loaded plugins
2026-07-12 02:29:12.466 8 INFO neutron.api.extensions [None req-2030cc0b-5cec-43e8-b593-3c29269140b9 - - - - - -] Loaded extension: pagination
2026-07-12 02:29:12.466 7 INFO neutron.api.extensions [None req-07eea8b5-b19b-42ef-b3b2-68768d2610b3 - - - - - -] Loaded extension: tap-mirror
2026-07-12 02:29:12.466 8 INFO neutron.api.extensions [None req-2030cc0b-5cec-43e8-b593-3c29269140b9 - - - - - -] Loaded extension: port-device-profile
2026-07-12 02:29:12.467 8 INFO neutron.api.extensions [None req-2030cc0b-5cec-43e8-b593-3c29269140b9 - - - - - -] Extension port-hardware-offload-type not supported by any of loaded plugins
2026-07-12 02:29:12.467 7 INFO neutron.api.extensions [None req-07eea8b5-b19b-42ef-b3b2-68768d2610b3 - - - - - -] Loaded extension: tap-mirror-both-direction
2026-07-12 02:29:12.467 8 INFO neutron.api.extensions [None req-2030cc0b-5cec-43e8-b593-3c29269140b9 - - - - - -] Extension port-hint-ovs-tx-steering not supported by any of loaded plugins
2026-07-12 02:29:12.467 7 INFO neutron.api.extensions [None req-07eea8b5-b19b-42ef-b3b2-68768d2610b3 - - - - - -] Loaded extension: taas-vlan-filter
2026-07-12 02:29:12.468 8 INFO neutron.api.extensions [None req-2030cc0b-5cec-43e8-b593-3c29269140b9 - - - - - -] Extension port-hints not supported by any of loaded plugins
2026-07-12 02:29:12.468 8 INFO neutron.api.extensions [None req-2030cc0b-5cec-43e8-b593-3c29269140b9 - - - - - -] Extension port-mac-override not supported by any of loaded plugins
2026-07-12 02:29:12.469 8 INFO neutron.api.extensions [None req-2030cc0b-5cec-43e8-b593-3c29269140b9 - - - - - -] Loaded extension: port-mac-address-regenerate
2026-07-12 02:29:12.469 8 INFO neutron.api.extensions [None req-2030cc0b-5cec-43e8-b593-3c29269140b9 - - - - - -] Loaded extension: port-numa-affinity-policy
2026-07-12 02:29:12.470 8 INFO neutron.api.extensions [None req-2030cc0b-5cec-43e8-b593-3c29269140b9 - - - - - -] Loaded extension: port-numa-affinity-policy-socket
2026-07-12 02:29:12.470 7 INFO neutron.quota.resource_registry [None req-07eea8b5-b19b-42ef-b3b2-68768d2610b3 - - - - - -] Creating instance of TrackedResource for resource:network
2026-07-12 02:29:12.470 8 INFO neutron.api.extensions [None req-2030cc0b-5cec-43e8-b593-3c29269140b9 - - - - - -] Loaded extension: port-resource-request
2026-07-12 02:29:12.470 7 INFO neutron.quota.resource_registry [None req-07eea8b5-b19b-42ef-b3b2-68768d2610b3 - - - - - -] Creating instance of TrackedResource for resource:subnet
2026-07-12 02:29:12.470 7 INFO neutron.quota.resource_registry [None req-07eea8b5-b19b-42ef-b3b2-68768d2610b3 - - - - - -] Creating instance of TrackedResource for resource:subnetpool
2026-07-12 02:29:12.470 7 INFO neutron.quota.resource_registry [None req-07eea8b5-b19b-42ef-b3b2-68768d2610b3 - - - - - -] Creating instance of TrackedResource for resource:port
2026-07-12 02:29:12.470 8 INFO neutron.api.extensions [None req-2030cc0b-5cec-43e8-b593-3c29269140b9 - - - - - -] Loaded extension: port-resource-request-groups
2026-07-12 02:29:12.471 8 INFO neutron.api.extensions [None req-2030cc0b-5cec-43e8-b593-3c29269140b9 - - - - - -] Extension port-trusted-vif not supported by any of loaded plugins
2026-07-12 02:29:12.471 8 INFO neutron.api.extensions [None req-2030cc0b-5cec-43e8-b593-3c29269140b9 - - - - - -] Loaded extension: binding
2026-07-12 02:29:12.472 8 INFO neutron.api.extensions [None req-2030cc0b-5cec-43e8-b593-3c29269140b9 - - - - - -] Loaded extension: binding-extended
2026-07-12 02:29:12.472 7 INFO neutron.quota.resource_registry [None req-07eea8b5-b19b-42ef-b3b2-68768d2610b3 - - - - - -] Creating instance of CountableResource for resource:router_route
2026-07-12 02:29:12.473 8 INFO neutron.api.extensions [None req-2030cc0b-5cec-43e8-b593-3c29269140b9 - - - - - -] Loaded extension: port-security
2026-07-12 02:29:12.473 8 INFO neutron.api.extensions [None req-2030cc0b-5cec-43e8-b593-3c29269140b9 - - - - - -] Loaded extension: project-id
2026-07-12 02:29:12.474 8 INFO neutron.api.extensions [None req-2030cc0b-5cec-43e8-b593-3c29269140b9 - - - - - -] Loaded extension: provider
2026-07-12 02:29:12.474 7 INFO neutron.quota.resource_registry [None req-07eea8b5-b19b-42ef-b3b2-68768d2610b3 - - - - - -] Creating instance of TrackedResource for resource:router
2026-07-12 02:29:12.474 8 INFO neutron.api.extensions [None req-2030cc0b-5cec-43e8-b593-3c29269140b9 - - - - - -] Extension pvlan not supported by any of loaded plugins
2026-07-12 02:29:12.474 7 INFO neutron.quota.resource_registry [None req-07eea8b5-b19b-42ef-b3b2-68768d2610b3 - - - - - -] Creating instance of TrackedResource for resource:floatingip
2026-07-12 02:29:12.475 8 INFO neutron.api.extensions [None req-2030cc0b-5cec-43e8-b593-3c29269140b9 - - - - - -] Loaded extension: qinq
2026-07-12 02:29:12.477 8 INFO neutron.api.extensions [None req-2030cc0b-5cec-43e8-b593-3c29269140b9 - - - - - -] Loaded extension: qos
2026-07-12 02:29:12.477 8 INFO neutron.api.extensions [None req-2030cc0b-5cec-43e8-b593-3c29269140b9 - - - - - -] Loaded extension: qos-bw-limit-direction
2026-07-12 02:29:12.478 8 INFO neutron.api.extensions [None req-2030cc0b-5cec-43e8-b593-3c29269140b9 - - - - - -] Loaded extension: qos-bw-minimum-ingress
2026-07-12 02:29:12.478 8 INFO neutron.api.extensions [None req-2030cc0b-5cec-43e8-b593-3c29269140b9 - - - - - -] Loaded extension: qos-default
2026-07-12 02:29:12.478 7 INFO neutron.quota.resource_registry [None req-07eea8b5-b19b-42ef-b3b2-68768d2610b3 - - - - - -] Creating instance of CountableResource for resource:rbac_policy
2026-07-12 02:29:12.479 8 INFO neutron.api.extensions [None req-2030cc0b-5cec-43e8-b593-3c29269140b9 - - - - - -] Loaded extension: qos-fip
2026-07-12 02:29:12.479 7 INFO neutron.quota.resource_registry [None req-07eea8b5-b19b-42ef-b3b2-68768d2610b3 - - - - - -] Creating instance of TrackedResource for resource:security_group
2026-07-12 02:29:12.479 8 INFO neutron.api.extensions [None req-2030cc0b-5cec-43e8-b593-3c29269140b9 - - - - - -] Extension qos-fip-network-policy not supported by any of loaded plugins
2026-07-12 02:29:12.480 7 INFO neutron.quota.resource_registry [None req-07eea8b5-b19b-42ef-b3b2-68768d2610b3 - - - - - -] Creating instance of TrackedResource for resource:security_group_rule
2026-07-12 02:29:12.480 8 INFO neutron.api.extensions [None req-2030cc0b-5cec-43e8-b593-3c29269140b9 - - - - - -] Loaded extension: qos-gateway-ip
2026-07-12 02:29:12.480 8 INFO neutron.api.extensions [None req-2030cc0b-5cec-43e8-b593-3c29269140b9 - - - - - -] Loaded extension: qos-port-network-policy
2026-07-12 02:29:12.481 7 INFO neutron.quota.resource_registry [None req-07eea8b5-b19b-42ef-b3b2-68768d2610b3 - - - - - -] Creating instance of TrackedResource for resource:subnetpool
2026-07-12 02:29:12.481 7 WARNING neutron.quota.resource_registry [None req-07eea8b5-b19b-42ef-b3b2-68768d2610b3 - - - - - -] subnetpool is already registered
2026-07-12 02:29:12.481 8 INFO neutron.api.extensions [None req-2030cc0b-5cec-43e8-b593-3c29269140b9 - - - - - -] Loaded extension: qos-pps-minimum
2026-07-12 02:29:12.481 7 INFO neutron.quota.resource_registry [None req-07eea8b5-b19b-42ef-b3b2-68768d2610b3 - - - - - -] Creating instance of TrackedResource for resource:subnetpool
2026-07-12 02:29:12.481 7 WARNING neutron.quota.resource_registry [None req-07eea8b5-b19b-42ef-b3b2-68768d2610b3 - - - - - -] subnetpool is already registered
2026-07-12 02:29:12.482 8 INFO neutron.api.extensions [None req-2030cc0b-5cec-43e8-b593-3c29269140b9 - - - - - -] Loaded extension: qos-pps-minimum-rule-alias
2026-07-12 02:29:12.482 7 INFO neutron.quota.resource_registry [None req-07eea8b5-b19b-42ef-b3b2-68768d2610b3 - - - - - -] Creating instance of CountableResource for resource:trunk
2026-07-12 02:29:12.482 7 INFO neutron.quota.resource_registry [None req-07eea8b5-b19b-42ef-b3b2-68768d2610b3 - - - - - -] Creating instance of CountableResource for resource:ikepolicy
2026-07-12 02:29:12.482 8 INFO neutron.api.extensions [None req-2030cc0b-5cec-43e8-b593-3c29269140b9 - - - - - -] Loaded extension: qos-pps
2026-07-12 02:29:12.483 7 INFO neutron.quota.resource_registry [None req-07eea8b5-b19b-42ef-b3b2-68768d2610b3 - - - - - -] Creating instance of CountableResource for resource:ipsecpolicy
2026-07-12 02:29:12.483 8 INFO neutron.api.extensions [None req-2030cc0b-5cec-43e8-b593-3c29269140b9 - - - - - -] Loaded extension: qos-rule-type-details
2026-07-12 02:29:12.483 7 INFO neutron.quota.resource_registry [None req-07eea8b5-b19b-42ef-b3b2-68768d2610b3 - - - - - -] Creating instance of CountableResource for resource:endpoint_group
2026-07-12 02:29:12.483 8 INFO neutron.api.extensions [None req-2030cc0b-5cec-43e8-b593-3c29269140b9 - - - - - -] Loaded extension: qos-rule-type-filter
2026-07-12 02:29:12.483 7 INFO neutron.quota.resource_registry [None req-07eea8b5-b19b-42ef-b3b2-68768d2610b3 - - - - - -] Creating instance of CountableResource for resource:vpnservice
2026-07-12 02:29:12.484 7 INFO neutron.quota.resource_registry [None req-07eea8b5-b19b-42ef-b3b2-68768d2610b3 - - - - - -] Creating instance of CountableResource for resource:ipsec_site_connection
2026-07-12 02:29:12.484 8 INFO neutron.api.extensions [None req-2030cc0b-5cec-43e8-b593-3c29269140b9 - - - - - -] Loaded extension: qos-rules-alias
2026-07-12 02:29:12.484 7 INFO neutron.quota.resource_registry [None req-07eea8b5-b19b-42ef-b3b2-68768d2610b3 - - - - - -] Creating instance of CountableResource for resource:ipsecpolicy
2026-07-12 02:29:12.484 7 WARNING neutron.quota.resource_registry [None req-07eea8b5-b19b-42ef-b3b2-68768d2610b3 - - - - - -] ipsecpolicy is already registered
2026-07-12 02:29:12.484 8 INFO neutron.api.extensions [None req-2030cc0b-5cec-43e8-b593-3c29269140b9 - - - - - -] Loaded extension: quota-check-limit
2026-07-12 02:29:12.485 7 INFO neutron.quota.resource_registry [None req-07eea8b5-b19b-42ef-b3b2-68768d2610b3 - - - - - -] Creating instance of CountableResource for resource:ikepolicy
2026-07-12 02:29:12.485 8 INFO neutron.api.extensions [None req-2030cc0b-5cec-43e8-b593-3c29269140b9 - - - - - -] Loaded extension: quota-check-limit-default
2026-07-12 02:29:12.485 7 WARNING neutron.quota.resource_registry [None req-07eea8b5-b19b-42ef-b3b2-68768d2610b3 - - - - - -] ikepolicy is already registered
2026-07-12 02:29:12.487 8 INFO neutron.api.extensions [None req-2030cc0b-5cec-43e8-b593-3c29269140b9 - - - - - -] Loaded extension: quotas
2026-07-12 02:29:12.488 8 INFO neutron.api.extensions [None req-2030cc0b-5cec-43e8-b593-3c29269140b9 - - - - - -] Loaded extension: quota_details
2026-07-12 02:29:12.488 7 INFO neutron.quota.resource_registry [None req-07eea8b5-b19b-42ef-b3b2-68768d2610b3 - - - - - -] Creating instance of CountableResource for resource:router_route
2026-07-12 02:29:12.488 7 WARNING neutron.quota.resource_registry [None req-07eea8b5-b19b-42ef-b3b2-68768d2610b3 - - - - - -] router_route is already registered
2026-07-12 02:29:12.489 8 INFO neutron.api.extensions [None req-2030cc0b-5cec-43e8-b593-3c29269140b9 - - - - - -] Loaded extension: rbac-policies
2026-07-12 02:29:12.489 7 INFO neutron.quota.resource_registry [None req-07eea8b5-b19b-42ef-b3b2-68768d2610b3 - - - - - -] Creating instance of TrackedResource for resource:router
2026-07-12 02:29:12.490 7 WARNING neutron.quota.resource_registry [None req-07eea8b5-b19b-42ef-b3b2-68768d2610b3 - - - - - -] router is already registered
2026-07-12 02:29:12.490 8 INFO neutron.api.extensions [None req-2030cc0b-5cec-43e8-b593-3c29269140b9 - - - - - -] Extension rbac-address-group not supported by any of loaded plugins
2026-07-12 02:29:12.490 7 INFO neutron.quota.resource_registry [None req-07eea8b5-b19b-42ef-b3b2-68768d2610b3 - - - - - -] Creating instance of TrackedResource for resource:floatingip
2026-07-12 02:29:12.490 8 INFO neutron.api.extensions [None req-2030cc0b-5cec-43e8-b593-3c29269140b9 - - - - - -] Loaded extension: rbac-address-scope
2026-07-12 02:29:12.490 7 WARNING neutron.quota.resource_registry [None req-07eea8b5-b19b-42ef-b3b2-68768d2610b3 - - - - - -] floatingip is already registered
2026-07-12 02:29:12.491 8 INFO neutron.api.extensions [None req-2030cc0b-5cec-43e8-b593-3c29269140b9 - - - - - -] Loaded extension: rbac-security-groups
2026-07-12 02:29:12.491 8 INFO neutron.api.extensions [None req-2030cc0b-5cec-43e8-b593-3c29269140b9 - - - - - -] Extension rbac-subnetpool not supported by any of loaded plugins
2026-07-12 02:29:12.492 8 INFO neutron.api.extensions [None req-2030cc0b-5cec-43e8-b593-3c29269140b9 - - - - - -] Loaded extension: revision-if-match
2026-07-12 02:29:12.492 8 INFO neutron.api.extensions [None req-2030cc0b-5cec-43e8-b593-3c29269140b9 - - - - - -] Loaded extension: standard-attr-revisions
2026-07-12 02:29:12.493 8 INFO neutron.api.extensions [None req-2030cc0b-5cec-43e8-b593-3c29269140b9 - - - - - -] Loaded extension: router_availability_zone
2026-07-12 02:29:12.493 8 INFO neutron.api.extensions [None req-2030cc0b-5cec-43e8-b593-3c29269140b9 - - - - - -] Loaded extension: router-enable-snat
2026-07-12 02:29:12.494 8 INFO neutron.api.extensions [None req-2030cc0b-5cec-43e8-b593-3c29269140b9 - - - - - -] Extension router-service-type not supported by any of loaded plugins
2026-07-12 02:29:12.494 7 INFO neutron.quota.resource_registry [None req-07eea8b5-b19b-42ef-b3b2-68768d2610b3 - - - - - -] Creating instance of CountableResource for resource:rbac_policy
2026-07-12 02:29:12.495 7 WARNING neutron.quota.resource_registry [None req-07eea8b5-b19b-42ef-b3b2-68768d2610b3 - - - - - -] rbac_policy is already registered
2026-07-12 02:29:12.495 7 INFO neutron.quota.resource_registry [None req-07eea8b5-b19b-42ef-b3b2-68768d2610b3 - - - - - -] Creating instance of TrackedResource for resource:security_group
2026-07-12 02:29:12.496 8 INFO neutron.api.extensions [None req-2030cc0b-5cec-43e8-b593-3c29269140b9 - - - - - -] Loaded extension: security-groups-default-rules
2026-07-12 02:29:12.496 7 WARNING neutron.quota.resource_registry [None req-07eea8b5-b19b-42ef-b3b2-68768d2610b3 - - - - - -] security_group is already registered
2026-07-12 02:29:12.496 7 INFO neutron.quota.resource_registry [None req-07eea8b5-b19b-42ef-b3b2-68768d2610b3 - - - - - -] Creating instance of TrackedResource for resource:security_group_rule
2026-07-12 02:29:12.496 7 WARNING neutron.quota.resource_registry [None req-07eea8b5-b19b-42ef-b3b2-68768d2610b3 - - - - - -] security_group_rule is already registered
2026-07-12 02:29:12.496 8 INFO neutron.api.extensions [None req-2030cc0b-5cec-43e8-b593-3c29269140b9 - - - - - -] Loaded extension: security-groups-default-statefulness
2026-07-12 02:29:12.497 8 INFO neutron.api.extensions [None req-2030cc0b-5cec-43e8-b593-3c29269140b9 - - - - - -] Loaded extension: security-groups-normalized-cidr
2026-07-12 02:29:12.497 7 INFO neutron.quota.resource_registry [None req-07eea8b5-b19b-42ef-b3b2-68768d2610b3 - - - - - -] Creating instance of TrackedResource for resource:subnetpool
2026-07-12 02:29:12.497 7 WARNING neutron.quota.resource_registry [None req-07eea8b5-b19b-42ef-b3b2-68768d2610b3 - - - - - -] subnetpool is already registered
2026-07-12 02:29:12.497 8 INFO neutron.api.extensions [None req-2030cc0b-5cec-43e8-b593-3c29269140b9 - - - - - -] Extension port-security-groups-filtering not supported by any of loaded plugins
2026-07-12 02:29:12.497 7 INFO neutron.quota.resource_registry [None req-07eea8b5-b19b-42ef-b3b2-68768d2610b3 - - - - - -] Creating instance of TrackedResource for resource:subnetpool
2026-07-12 02:29:12.498 7 WARNING neutron.quota.resource_registry [None req-07eea8b5-b19b-42ef-b3b2-68768d2610b3 - - - - - -] subnetpool is already registered
2026-07-12 02:29:12.498 8 INFO neutron.api.extensions [None req-2030cc0b-5cec-43e8-b593-3c29269140b9 - - - - - -] Loaded extension: security-groups-remote-address-group
2026-07-12 02:29:12.498 7 INFO neutron.quota.resource_registry [None req-07eea8b5-b19b-42ef-b3b2-68768d2610b3 - - - - - -] Creating instance of CountableResource for resource:trunk
2026-07-12 02:29:12.498 7 WARNING neutron.quota.resource_registry [None req-07eea8b5-b19b-42ef-b3b2-68768d2610b3 - - - - - -] trunk is already registered
2026-07-12 02:29:12.498 8 INFO neutron.api.extensions [None req-2030cc0b-5cec-43e8-b593-3c29269140b9 - - - - - -] Loaded extension: security-groups-rules-belongs-to-default-sg
2026-07-12 02:29:12.498 7 INFO neutron.quota.resource_registry [None req-07eea8b5-b19b-42ef-b3b2-68768d2610b3 - - - - - -] Creating instance of CountableResource for resource:ikepolicy
2026-07-12 02:29:12.499 7 WARNING neutron.quota.resource_registry [None req-07eea8b5-b19b-42ef-b3b2-68768d2610b3 - - - - - -] ikepolicy is already registered
2026-07-12 02:29:12.499 8 INFO neutron.api.extensions [None req-2030cc0b-5cec-43e8-b593-3c29269140b9 - - - - - -] Loaded extension: security-groups-shared-filtering
2026-07-12 02:29:12.499 7 INFO neutron.quota.resource_registry [None req-07eea8b5-b19b-42ef-b3b2-68768d2610b3 - - - - - -] Creating instance of CountableResource for resource:ipsecpolicy
2026-07-12 02:29:12.499 7 WARNING neutron.quota.resource_registry [None req-07eea8b5-b19b-42ef-b3b2-68768d2610b3 - - - - - -] ipsecpolicy is already registered
2026-07-12 02:29:12.499 7 INFO neutron.quota.resource_registry [None req-07eea8b5-b19b-42ef-b3b2-68768d2610b3 - - - - - -] Creating instance of CountableResource for resource:endpoint_group
2026-07-12 02:29:12.500 7 WARNING neutron.quota.resource_registry [None req-07eea8b5-b19b-42ef-b3b2-68768d2610b3 - - - - - -] endpoint_group is already registered
2026-07-12 02:29:12.500 7 INFO neutron.quota.resource_registry [None req-07eea8b5-b19b-42ef-b3b2-68768d2610b3 - - - - - -] Creating instance of CountableResource for resource:vpnservice
2026-07-12 02:29:12.500 7 WARNING neutron.quota.resource_registry [None req-07eea8b5-b19b-42ef-b3b2-68768d2610b3 - - - - - -] vpnservice is already registered
2026-07-12 02:29:12.501 7 INFO neutron.quota.resource_registry [None req-07eea8b5-b19b-42ef-b3b2-68768d2610b3 - - - - - -] Creating instance of CountableResource for resource:ipsec_site_connection
2026-07-12 02:29:12.501 7 WARNING neutron.quota.resource_registry [None req-07eea8b5-b19b-42ef-b3b2-68768d2610b3 - - - - - -] ipsec_site_connection is already registered
2026-07-12 02:29:12.501 7 INFO neutron.quota.resource_registry [None req-07eea8b5-b19b-42ef-b3b2-68768d2610b3 - - - - - -] Creating instance of CountableResource for resource:ipsecpolicy
2026-07-12 02:29:12.501 7 WARNING neutron.quota.resource_registry [None req-07eea8b5-b19b-42ef-b3b2-68768d2610b3 - - - - - -] ipsecpolicy is already registered
2026-07-12 02:29:12.502 7 INFO neutron.quota.resource_registry [None req-07eea8b5-b19b-42ef-b3b2-68768d2610b3 - - - - - -] Creating instance of CountableResource for resource:ikepolicy
2026-07-12 02:29:12.502 7 WARNING neutron.quota.resource_registry [None req-07eea8b5-b19b-42ef-b3b2-68768d2610b3 - - - - - -] ikepolicy is already registered
2026-07-12 02:29:12.503 8 INFO neutron.api.extensions [None req-2030cc0b-5cec-43e8-b593-3c29269140b9 - - - - - -] Loaded extension: security-group
2026-07-12 02:29:12.505 8 INFO neutron.api.extensions [None req-2030cc0b-5cec-43e8-b593-3c29269140b9 - - - - - -] Loaded extension: segment
2026-07-12 02:29:12.506 8 INFO neutron.api.extensions [None req-2030cc0b-5cec-43e8-b593-3c29269140b9 - - - - - -] Loaded extension: segments-peer-subnet-host-routes
2026-07-12 02:29:12.507 8 INFO neutron.api.extensions [None req-2030cc0b-5cec-43e8-b593-3c29269140b9 - - - - - -] Loaded extension: service-type
2026-07-12 02:29:12.507 8 INFO neutron.api.extensions [None req-2030cc0b-5cec-43e8-b593-3c29269140b9 - - - - - -] Loaded extension: sorting
2026-07-12 02:29:12.507 8 INFO neutron.api.extensions [None req-2030cc0b-5cec-43e8-b593-3c29269140b9 - - - - - -] Loaded extension: standard-attr-segment
2026-07-12 02:29:12.508 8 INFO neutron.api.extensions [None req-2030cc0b-5cec-43e8-b593-3c29269140b9 - - - - - -] Loaded extension: standard-attr-description
2026-07-12 02:29:12.509 8 INFO neutron.api.extensions [None req-2030cc0b-5cec-43e8-b593-3c29269140b9 - - - - - -] Loaded extension: stateful-security-group
2026-07-12 02:29:12.509 8 WARNING neutron.api.extensions [None req-2030cc0b-5cec-43e8-b593-3c29269140b9 - - - - - -] Did not find expected name "Stdattrs_common" in /var/lib/openstack/lib/python3.12/site-packages/neutron/extensions/stdattrs_common.py
2026-07-12 02:29:12.510 8 INFO neutron.api.extensions [None req-2030cc0b-5cec-43e8-b593-3c29269140b9 - - - - - -] Loaded extension: subnet-dns-publish-fixed-ip
2026-07-12 02:29:12.510 8 INFO neutron.api.extensions [None req-2030cc0b-5cec-43e8-b593-3c29269140b9 - - - - - -] Loaded extension: subnet-external-network
2026-07-12 02:29:12.511 8 INFO neutron.api.extensions [None req-2030cc0b-5cec-43e8-b593-3c29269140b9 - - - - - -] Loaded extension: subnet_onboard
2026-07-12 02:29:12.511 8 INFO neutron.api.extensions [None req-2030cc0b-5cec-43e8-b593-3c29269140b9 - - - - - -] Loaded extension: subnet-segmentid-writable
2026-07-12 02:29:12.512 8 INFO neutron.api.extensions [None req-2030cc0b-5cec-43e8-b593-3c29269140b9 - - - - - -] Loaded extension: subnet-service-types
2026-07-12 02:29:12.512 8 INFO neutron.api.extensions [None req-2030cc0b-5cec-43e8-b593-3c29269140b9 - - - - - -] Loaded extension: subnet_allocation
2026-07-12 02:29:12.513 8 INFO neutron.api.extensions [None req-2030cc0b-5cec-43e8-b593-3c29269140b9 - - - - - -] Loaded extension: subnetpool-prefix-ops
2026-07-12 02:29:12.514 8 INFO neutron.api.extensions [None req-2030cc0b-5cec-43e8-b593-3c29269140b9 - - - - - -] Loaded extension: tag-creation
2026-07-12 02:29:12.514 8 INFO neutron.api.extensions [None req-2030cc0b-5cec-43e8-b593-3c29269140b9 - - - - - -] Extension tag-ports-during-bulk-creation not supported by any of loaded plugins
2026-07-12 02:29:12.518 8 INFO neutron.api.extensions [None req-2030cc0b-5cec-43e8-b593-3c29269140b9 - - - - - -] Loaded extension: standard-attr-tag
2026-07-12 02:29:12.519 8 INFO neutron.api.extensions [None req-2030cc0b-5cec-43e8-b593-3c29269140b9 - - - - - -] Loaded extension: standard-attr-timestamp
2026-07-12 02:29:12.519 8 INFO neutron.api.extensions [None req-2030cc0b-5cec-43e8-b593-3c29269140b9 - - - - - -] Loaded extension: trunk
2026-07-12 02:29:12.520 8 INFO neutron.api.extensions [None req-2030cc0b-5cec-43e8-b593-3c29269140b9 - - - - - -] Loaded extension: trunk-details
2026-07-12 02:29:12.520 8 INFO neutron.api.extensions [None req-2030cc0b-5cec-43e8-b593-3c29269140b9 - - - - - -] Extension uplink-status-propagation not supported by any of loaded plugins
2026-07-12 02:29:12.521 8 INFO neutron.api.extensions [None req-2030cc0b-5cec-43e8-b593-3c29269140b9 - - - - - -] Extension uplink-status-propagation-updatable not supported by any of loaded plugins
2026-07-12 02:29:12.521 8 INFO neutron.api.extensions [None req-2030cc0b-5cec-43e8-b593-3c29269140b9 - - - - - -] Loaded extension: vlan-transparent
2026-07-12 02:29:12.522 8 INFO neutron.api.extensions [None req-2030cc0b-5cec-43e8-b593-3c29269140b9 - - - - - -] Loaded extension: vpn-aes-ctr
2026-07-12 02:29:12.524 8 INFO neutron.api.extensions [None req-2030cc0b-5cec-43e8-b593-3c29269140b9 - - - - - -] Loaded extension: vpn-agent-scheduler
2026-07-12 02:29:12.524 8 INFO neutron.api.extensions [None req-2030cc0b-5cec-43e8-b593-3c29269140b9 - - - - - -] Loaded extension: vpn-endpoint-groups
2026-07-12 02:29:12.525 8 INFO neutron.api.extensions [None req-2030cc0b-5cec-43e8-b593-3c29269140b9 - - - - - -] Loaded extension: vpn-flavors
2026-07-12 02:29:12.527 8 INFO neutron.api.extensions [None req-2030cc0b-5cec-43e8-b593-3c29269140b9 - - - - - -] Loaded extension: vpnaas
2026-07-12 02:29:12.528 8 INFO neutron.api.extensions [None req-2030cc0b-5cec-43e8-b593-3c29269140b9 - - - - - -] Loaded extension: taas
2026-07-12 02:29:12.529 8 INFO neutron.api.extensions [None req-2030cc0b-5cec-43e8-b593-3c29269140b9 - - - - - -] Loaded extension: tap-mirror
2026-07-12 02:29:12.530 8 INFO neutron.api.extensions [None req-2030cc0b-5cec-43e8-b593-3c29269140b9 - - - - - -] Loaded extension: tap-mirror-both-direction
2026-07-12 02:29:12.530 8 INFO neutron.api.extensions [None req-2030cc0b-5cec-43e8-b593-3c29269140b9 - - - - - -] Loaded extension: taas-vlan-filter
2026-07-12 02:29:12.533 8 INFO neutron.quota.resource_registry [None req-2030cc0b-5cec-43e8-b593-3c29269140b9 - - - - - -] Creating instance of TrackedResource for resource:network
2026-07-12 02:29:12.533 8 INFO neutron.quota.resource_registry [None req-2030cc0b-5cec-43e8-b593-3c29269140b9 - - - - - -] Creating instance of TrackedResource for resource:subnet
2026-07-12 02:29:12.533 8 INFO neutron.quota.resource_registry [None req-2030cc0b-5cec-43e8-b593-3c29269140b9 - - - - - -] Creating instance of TrackedResource for resource:subnetpool
2026-07-12 02:29:12.533 8 INFO neutron.quota.resource_registry [None req-2030cc0b-5cec-43e8-b593-3c29269140b9 - - - - - -] Creating instance of TrackedResource for resource:port
2026-07-12 02:29:12.535 8 INFO neutron.quota.resource_registry [None req-2030cc0b-5cec-43e8-b593-3c29269140b9 - - - - - -] Creating instance of CountableResource for resource:router_route
2026-07-12 02:29:12.537 8 INFO neutron.quota.resource_registry [None req-2030cc0b-5cec-43e8-b593-3c29269140b9 - - - - - -] Creating instance of TrackedResource for resource:router
2026-07-12 02:29:12.537 8 INFO neutron.quota.resource_registry [None req-2030cc0b-5cec-43e8-b593-3c29269140b9 - - - - - -] Creating instance of TrackedResource for resource:floatingip
2026-07-12 02:29:12.541 7 WARNING keystonemiddleware._common.config [None req-07eea8b5-b19b-42ef-b3b2-68768d2610b3 - - - - - -] The option "audit_map_file" is not known to keystonemiddleware
2026-07-12 02:29:12.541 8 INFO neutron.quota.resource_registry [None req-2030cc0b-5cec-43e8-b593-3c29269140b9 - - - - - -] Creating instance of CountableResource for resource:rbac_policy
2026-07-12 02:29:12.542 8 INFO neutron.quota.resource_registry [None req-2030cc0b-5cec-43e8-b593-3c29269140b9 - - - - - -] Creating instance of TrackedResource for resource:security_group
2026-07-12 02:29:12.543 8 INFO neutron.quota.resource_registry [None req-2030cc0b-5cec-43e8-b593-3c29269140b9 - - - - - -] Creating instance of TrackedResource for resource:security_group_rule
2026-07-12 02:29:12.544 8 INFO neutron.quota.resource_registry [None req-2030cc0b-5cec-43e8-b593-3c29269140b9 - - - - - -] Creating instance of TrackedResource for resource:subnetpool
2026-07-12 02:29:12.544 8 WARNING neutron.quota.resource_registry [None req-2030cc0b-5cec-43e8-b593-3c29269140b9 - - - - - -] subnetpool is already registered
2026-07-12 02:29:12.544 8 INFO neutron.quota.resource_registry [None req-2030cc0b-5cec-43e8-b593-3c29269140b9 - - - - - -] Creating instance of TrackedResource for resource:subnetpool
2026-07-12 02:29:12.544 8 WARNING neutron.quota.resource_registry [None req-2030cc0b-5cec-43e8-b593-3c29269140b9 - - - - - -] subnetpool is already registered
2026-07-12 02:29:12.545 8 INFO neutron.quota.resource_registry [None req-2030cc0b-5cec-43e8-b593-3c29269140b9 - - - - - -] Creating instance of CountableResource for resource:trunk
2026-07-12 02:29:12.545 8 INFO neutron.quota.resource_registry [None req-2030cc0b-5cec-43e8-b593-3c29269140b9 - - - - - -] Creating instance of CountableResource for resource:ikepolicy
2026-07-12 02:29:12.546 8 INFO neutron.quota.resource_registry [None req-2030cc0b-5cec-43e8-b593-3c29269140b9 - - - - - -] Creating instance of CountableResource for resource:ipsecpolicy
2026-07-12 02:29:12.546 8 INFO neutron.quota.resource_registry [None req-2030cc0b-5cec-43e8-b593-3c29269140b9 - - - - - -] Creating instance of CountableResource for resource:endpoint_group
2026-07-12 02:29:12.546 8 INFO neutron.quota.resource_registry [None req-2030cc0b-5cec-43e8-b593-3c29269140b9 - - - - - -] Creating instance of CountableResource for resource:vpnservice
2026-07-12 02:29:12.547 7 WARNING keystonemiddleware.auth_token [None req-07eea8b5-b19b-42ef-b3b2-68768d2610b3 - - - - - -] Configuring www_authenticate_uri to point to the public identity endpoint is required; clients may not be able to authenticate against an admin endpoint
2026-07-12 02:29:12.547 8 INFO neutron.quota.resource_registry [None req-2030cc0b-5cec-43e8-b593-3c29269140b9 - - - - - -] Creating instance of CountableResource for resource:ipsec_site_connection
2026-07-12 02:29:12.547 8 INFO neutron.quota.resource_registry [None req-2030cc0b-5cec-43e8-b593-3c29269140b9 - - - - - -] Creating instance of CountableResource for resource:ipsecpolicy
2026-07-12 02:29:12.547 8 WARNING neutron.quota.resource_registry [None req-2030cc0b-5cec-43e8-b593-3c29269140b9 - - - - - -] ipsecpolicy is already registered
2026-07-12 02:29:12.548 8 INFO neutron.quota.resource_registry [None req-2030cc0b-5cec-43e8-b593-3c29269140b9 - - - - - -] Creating instance of CountableResource for resource:ikepolicy
2026-07-12 02:29:12.548 8 WARNING neutron.quota.resource_registry [None req-2030cc0b-5cec-43e8-b593-3c29269140b9 - - - - - -] ikepolicy is already registered
2026-07-12 02:29:12.551 8 INFO neutron.quota.resource_registry [None req-2030cc0b-5cec-43e8-b593-3c29269140b9 - - - - - -] Creating instance of CountableResource for resource:router_route
2026-07-12 02:29:12.551 8 WARNING neutron.quota.resource_registry [None req-2030cc0b-5cec-43e8-b593-3c29269140b9 - - - - - -] router_route is already registered
2026-07-12 02:29:12.553 8 INFO neutron.quota.resource_registry [None req-2030cc0b-5cec-43e8-b593-3c29269140b9 - - - - - -] Creating instance of TrackedResource for resource:router
2026-07-12 02:29:12.553 8 WARNING neutron.quota.resource_registry [None req-2030cc0b-5cec-43e8-b593-3c29269140b9 - - - - - -] router is already registered
2026-07-12 02:29:12.553 8 INFO neutron.quota.resource_registry [None req-2030cc0b-5cec-43e8-b593-3c29269140b9 - - - - - -] Creating instance of TrackedResource for resource:floatingip
2026-07-12 02:29:12.553 8 WARNING neutron.quota.resource_registry [None req-2030cc0b-5cec-43e8-b593-3c29269140b9 - - - - - -] floatingip is already registered
2026-07-12 02:29:12.557 8 INFO neutron.quota.resource_registry [None req-2030cc0b-5cec-43e8-b593-3c29269140b9 - - - - - -] Creating instance of CountableResource for resource:rbac_policy
2026-07-12 02:29:12.558 8 WARNING neutron.quota.resource_registry [None req-2030cc0b-5cec-43e8-b593-3c29269140b9 - - - - - -] rbac_policy is already registered
2026-07-12 02:29:12.558 8 INFO neutron.quota.resource_registry [None req-2030cc0b-5cec-43e8-b593-3c29269140b9 - - - - - -] Creating instance of TrackedResource for resource:security_group
2026-07-12 02:29:12.559 8 WARNING neutron.quota.resource_registry [None req-2030cc0b-5cec-43e8-b593-3c29269140b9 - - - - - -] security_group is already registered
2026-07-12 02:29:12.559 8 INFO neutron.quota.resource_registry [None req-2030cc0b-5cec-43e8-b593-3c29269140b9 - - - - - -] Creating instance of TrackedResource for resource:security_group_rule
2026-07-12 02:29:12.559 8 WARNING neutron.quota.resource_registry [None req-2030cc0b-5cec-43e8-b593-3c29269140b9 - - - - - -] security_group_rule is already registered
2026-07-12 02:29:12.560 8 INFO neutron.quota.resource_registry [None req-2030cc0b-5cec-43e8-b593-3c29269140b9 - - - - - -] Creating instance of TrackedResource for resource:subnetpool
2026-07-12 02:29:12.560 8 WARNING neutron.quota.resource_registry [None req-2030cc0b-5cec-43e8-b593-3c29269140b9 - - - - - -] subnetpool is already registered
2026-07-12 02:29:12.560 8 INFO neutron.quota.resource_registry [None req-2030cc0b-5cec-43e8-b593-3c29269140b9 - - - - - -] Creating instance of TrackedResource for resource:subnetpool
2026-07-12 02:29:12.561 8 WARNING neutron.quota.resource_registry [None req-2030cc0b-5cec-43e8-b593-3c29269140b9 - - - - - -] subnetpool is already registered
2026-07-12 02:29:12.561 8 INFO neutron.quota.resource_registry [None req-2030cc0b-5cec-43e8-b593-3c29269140b9 - - - - - -] Creating instance of CountableResource for resource:trunk
2026-07-12 02:29:12.561 8 WARNING neutron.quota.resource_registry [None req-2030cc0b-5cec-43e8-b593-3c29269140b9 - - - - - -] trunk is already registered
2026-07-12 02:29:12.561 8 INFO neutron.quota.resource_registry [None req-2030cc0b-5cec-43e8-b593-3c29269140b9 - - - - - -] Creating instance of CountableResource for resource:ikepolicy
2026-07-12 02:29:12.562 8 WARNING neutron.quota.resource_registry [None req-2030cc0b-5cec-43e8-b593-3c29269140b9 - - - - - -] ikepolicy is already registered
2026-07-12 02:29:12.562 8 INFO neutron.quota.resource_registry [None req-2030cc0b-5cec-43e8-b593-3c29269140b9 - - - - - -] Creating instance of CountableResource for resource:ipsecpolicy
2026-07-12 02:29:12.562 8 WARNING neutron.quota.resource_registry [None req-2030cc0b-5cec-43e8-b593-3c29269140b9 - - - - - -] ipsecpolicy is already registered
2026-07-12 02:29:12.562 8 INFO neutron.quota.resource_registry [None req-2030cc0b-5cec-43e8-b593-3c29269140b9 - - - - - -] Creating instance of CountableResource for resource:endpoint_group
2026-07-12 02:29:12.563 8 WARNING neutron.quota.resource_registry [None req-2030cc0b-5cec-43e8-b593-3c29269140b9 - - - - - -] endpoint_group is already registered
2026-07-12 02:29:12.563 8 INFO neutron.quota.resource_registry [None req-2030cc0b-5cec-43e8-b593-3c29269140b9 - - - - - -] Creating instance of CountableResource for resource:vpnservice
2026-07-12 02:29:12.563 8 WARNING neutron.quota.resource_registry [None req-2030cc0b-5cec-43e8-b593-3c29269140b9 - - - - - -] vpnservice is already registered
2026-07-12 02:29:12.564 8 INFO neutron.quota.resource_registry [None req-2030cc0b-5cec-43e8-b593-3c29269140b9 - - - - - -] Creating instance of CountableResource for resource:ipsec_site_connection
2026-07-12 02:29:12.564 8 WARNING neutron.quota.resource_registry [None req-2030cc0b-5cec-43e8-b593-3c29269140b9 - - - - - -] ipsec_site_connection is already registered
2026-07-12 02:29:12.564 8 INFO neutron.quota.resource_registry [None req-2030cc0b-5cec-43e8-b593-3c29269140b9 - - - - - -] Creating instance of CountableResource for resource:ipsecpolicy
2026-07-12 02:29:12.564 8 WARNING neutron.quota.resource_registry [None req-2030cc0b-5cec-43e8-b593-3c29269140b9 - - - - - -] ipsecpolicy is already registered
2026-07-12 02:29:12.565 8 INFO neutron.quota.resource_registry [None req-2030cc0b-5cec-43e8-b593-3c29269140b9 - - - - - -] Creating instance of CountableResource for resource:ikepolicy
2026-07-12 02:29:12.565 8 WARNING neutron.quota.resource_registry [None req-2030cc0b-5cec-43e8-b593-3c29269140b9 - - - - - -] ikepolicy is already registered
2026-07-12 02:29:12.569 7 WARNING neutron.plugins.ml2.drivers.ovn.mech_driver.mech_driver [None req-07eea8b5-b19b-42ef-b3b2-68768d2610b3 - - - - - -] uWSGI must provide a start time using the configuration parameter "start-time %t" in the configuration file
2026-07-12 02:29:12.585 7 INFO neutron.db.ovn_hash_ring_db [None req-07eea8b5-b19b-42ef-b3b2-68768d2610b3 - - - - - -] Nodes from host "neutron-server-69c4f4654-6d9cv" and group "mechanism_driver" removed from the Hash Ring created at
2026-07-12 02:29:12+00:00
2026-07-12 02:29:12.588 7 INFO neutron.db.ovn_hash_ring_db [None req-07eea8b5-b19b-42ef-b3b2-68768d2610b3 - - - - - -] Node 64206ab9dbca5eeeb1aadb61f5c4e2d4 from host "neutron-server-69c4f4654-6d9cv" and group "mechanism_driver" added to the Hash Ring
2026-07-12 02:29:12.596 7 INFO neutron.plugins.ml2.drivers.ovn.mech_driver.mech_driver [None req-07eea8b5-b19b-42ef-b3b2-68768d2610b3 - - - - - -] Hash Ring probing thread for node 64206ab9dbca5eeeb1aadb61f5c4e2d4 has started
2026-07-12 02:29:12.597 7 INFO neutron.plugins.ml2.drivers.ovn.mech_driver.ovsdb.impl_idl_ovn [None req-07eea8b5-b19b-42ef-b3b2-68768d2610b3 - - - - - -] Getting OvsdbNbOvnIdl for WorkerService with retry
2026-07-12 02:29:12.604 8 WARNING keystonemiddleware._common.config [None req-2030cc0b-5cec-43e8-b593-3c29269140b9 - - - - - -] The option "audit_map_file" is not known to keystonemiddleware
2026-07-12 02:29:12.610 8 WARNING keystonemiddleware.auth_token [None req-2030cc0b-5cec-43e8-b593-3c29269140b9 - - - - - -] Configuring www_authenticate_uri to point to the public identity endpoint is required; clients may not be able to authenticate against an admin endpoint
2026-07-12 02:29:12.630 8 WARNING neutron.plugins.ml2.drivers.ovn.mech_driver.mech_driver [None req-2030cc0b-5cec-43e8-b593-3c29269140b9 - - - - - -] uWSGI must provide a start time using the configuration parameter "start-time %t" in the configuration file
2026-07-12 02:29:12.647 8 INFO neutron.db.ovn_hash_ring_db [None req-2030cc0b-5cec-43e8-b593-3c29269140b9 - - - - - -] Nodes from host "neutron-server-69c4f4654-6d9cv" and group "mechanism_driver" removed from the Hash Ring created at
2026-07-12 02:29:12+00:00
2026-07-12 02:29:12.650 8 INFO neutron.db.ovn_hash_ring_db [None req-2030cc0b-5cec-43e8-b593-3c29269140b9 - - - - - -] Node cc634b877a7855c88188e880dd565117 from host "neutron-server-69c4f4654-6d9cv" and group "mechanism_driver" added to the Hash Ring
2026-07-12 02:29:12.658 8 INFO neutron.plugins.ml2.drivers.ovn.mech_driver.mech_driver [None req-2030cc0b-5cec-43e8-b593-3c29269140b9 - - - - - -] Hash Ring probing thread for node cc634b877a7855c88188e880dd565117 has started
2026-07-12 02:29:12.658 8 INFO neutron.plugins.ml2.drivers.ovn.mech_driver.ovsdb.impl_idl_ovn [None req-2030cc0b-5cec-43e8-b593-3c29269140b9 - - - - - -] Getting OvsdbNbOvnIdl for WorkerService with retry
2026-07-12 02:29:12.820 7 INFO ovsdbapp.backend.ovs_idl.vlog [None req-07eea8b5-b19b-42ef-b3b2-68768d2610b3 - - - - - -] tcp:10.105.83.237:6641: connecting...
2026-07-12 02:29:12.821 7 INFO ovsdbapp.backend.ovs_idl.vlog [None req-07eea8b5-b19b-42ef-b3b2-68768d2610b3 - - - - - -] tcp:10.105.83.237:6641: connected
2026-07-12 02:29:12.856 7 INFO neutron.plugins.ml2.drivers.ovn.mech_driver.ovsdb.impl_idl_ovn [None req-07eea8b5-b19b-42ef-b3b2-68768d2610b3 - - - - - -] Getting OvsdbSbOvnIdl for WorkerService with retry
2026-07-12 02:29:12.874 7 INFO ovsdbapp.backend.ovs_idl.vlog [None req-07eea8b5-b19b-42ef-b3b2-68768d2610b3 - - - - - -] tcp:10.99.228.64:6642: connecting...
2026-07-12 02:29:12.874 7 INFO ovsdbapp.backend.ovs_idl.vlog [None req-07eea8b5-b19b-42ef-b3b2-68768d2610b3 - - - - - -] tcp:10.99.228.64:6642: connected
2026-07-12 02:29:12.889 8 INFO ovsdbapp.backend.ovs_idl.vlog [None req-2030cc0b-5cec-43e8-b593-3c29269140b9 - - - - - -] tcp:10.105.83.237:6641: connecting...
2026-07-12 02:29:12.889 8 INFO ovsdbapp.backend.ovs_idl.vlog [None req-2030cc0b-5cec-43e8-b593-3c29269140b9 - - - - - -] tcp:10.105.83.237:6641: connected
2026-07-12 02:29:12.904 7 INFO neutron.plugins.ml2.drivers.ovn.mech_driver.mech_driver [None req-07eea8b5-b19b-42ef-b3b2-68768d2610b3 - - - - - -] WorkerService process has finished the post initialization
2026-07-12 02:29:12.929 8 INFO neutron.plugins.ml2.drivers.ovn.mech_driver.ovsdb.impl_idl_ovn [None req-2030cc0b-5cec-43e8-b593-3c29269140b9 - - - - - -] Getting OvsdbSbOvnIdl for WorkerService with retry
2026-07-12 02:29:12.944 7 INFO ovsdbapp.backend.ovs_idl.vlog [None req-07eea8b5-b19b-42ef-b3b2-68768d2610b3 - - - - - -] tcp:10.105.83.237:6641: connecting...
2026-07-12 02:29:12.944 7 INFO ovsdbapp.backend.ovs_idl.vlog [None req-07eea8b5-b19b-42ef-b3b2-68768d2610b3 - - - - - -] tcp:10.105.83.237:6641: connected
2026-07-12 02:29:12.950 8 INFO ovsdbapp.backend.ovs_idl.vlog [None req-2030cc0b-5cec-43e8-b593-3c29269140b9 - - - - - -] tcp:10.99.228.64:6642: connecting...
2026-07-12 02:29:12.951 8 INFO ovsdbapp.backend.ovs_idl.vlog [None req-2030cc0b-5cec-43e8-b593-3c29269140b9 - - - - - -] tcp:10.99.228.64:6642: connected
2026-07-12 02:29:12.983 7 INFO ovsdbapp.backend.ovs_idl.vlog [None req-07eea8b5-b19b-42ef-b3b2-68768d2610b3 - - - - - -] tcp:10.105.83.237:6641: connecting...
2026-07-12 02:29:12.983 7 INFO ovsdbapp.backend.ovs_idl.vlog [None req-07eea8b5-b19b-42ef-b3b2-68768d2610b3 - - - - - -] tcp:10.105.83.237:6641: connected
2026-07-12 02:29:12.999 8 INFO neutron.plugins.ml2.drivers.ovn.mech_driver.mech_driver [None req-2030cc0b-5cec-43e8-b593-3c29269140b9 - - - - - -] WorkerService process has finished the post initialization
2026-07-12 02:29:13.000 8 INFO neutron.plugins.ml2.drivers.ovn.mech_driver.ovsdb.extensions.qos [-] Starting OVNClientQosExtension
2026-07-12 02:29:13.001 8 INFO neutron.plugins.ml2.drivers.ovn.mech_driver.ovsdb.extensions.placement [-] Starting OVNClientPlacementExtension WSGI app 0 (mountpoint='') ready in 11 seconds on interpreter 0x7f999c2f5668 pid: 7 (default app)
2026-07-12 02:29:13.051 8 INFO ovsdbapp.backend.ovs_idl.vlog [None req-2030cc0b-5cec-43e8-b593-3c29269140b9 - - - - - -] tcp:10.105.83.237:6641: connecting...
2026-07-12 02:29:13.051 8 INFO ovsdbapp.backend.ovs_idl.vlog [None req-2030cc0b-5cec-43e8-b593-3c29269140b9 - - - - - -] tcp:10.105.83.237:6641: connected
2026-07-12 02:29:13.092 8 INFO ovsdbapp.backend.ovs_idl.vlog [None req-2030cc0b-5cec-43e8-b593-3c29269140b9 - - - - - -] tcp:10.105.83.237:6641: connecting...
2026-07-12 02:29:13.092 8 INFO ovsdbapp.backend.ovs_idl.vlog [None req-2030cc0b-5cec-43e8-b593-3c29269140b9 - - - - - -] tcp:10.105.83.237:6641: connected WSGI app 0 (mountpoint='') ready in 11 seconds on interpreter 0x7f999c2f5668 pid: 8 (default app) /var/lib/openstack/lib/python3.12/site-packages/pycadf/identifier.py:70: UserWarning: Invalid uuid: unknown. To ensure interoperability, identifiers should be a valid uuid. warnings.warn(('Invalid uuid: %s. To ensure interoperability, '
2026-07-12 02:29:15.795 7 INFO neutron.pecan_wsgi.hooks.translation [None req-2c1612f0-4593-4382-9d9d-52d25aea07d2 73c87c74924e43ec99d488a7201884e4 f31f3208ec054e73a3074958b07fa407 - - default default] GET failed (client error): The resource could not be found. [pid: 7|app: 0|req: 3/4] 199.204.45.229 () {44 vars in 927 bytes} [Sun Jul 12 02:29:14 2026] GET /v2.0/networks/public => generated 108 bytes in 1131 msecs (HTTP/1.1 404) 4 headers in 164 bytes (1 switches on core 0) /var/lib/openstack/lib/python3.12/site-packages/pycadf/identifier.py:70: UserWarning: Invalid uuid: unknown. To ensure interoperability, identifiers should be a valid uuid. warnings.warn(('Invalid uuid: %s. To ensure interoperability, ' [pid: 8|app: 0|req: 2/5] 199.204.45.229 () {44 vars in 949 bytes} [Sun Jul 12 02:29:15 2026] GET /v2.0/networks?name=public => generated 15 bytes in 230 msecs (HTTP/1.1 200) 4 headers in 156 bytes (1 switches on core 0)
2026-07-12 02:29:16.261 7 ERROR stevedore.extension [None req-09647c8b-b4d3-42b6-9383-fcd1f8468812 73c87c74924e43ec99d488a7201884e4 f31f3208ec054e73a3074958b07fa407 - - default default] Could not load 'neutron-vpnaas': module 'neutron.conf.policies.base' has no attribute 'ADMIN_OR_PROJECT_MEMBER'
2026-07-12 02:29:16.262 7 ERROR stevedore.extension [None req-09647c8b-b4d3-42b6-9383-fcd1f8468812 73c87c74924e43ec99d488a7201884e4 f31f3208ec054e73a3074958b07fa407 - - default default] Could not load 'neutron-dynamic-routing': module 'neutron.conf.policies.base' has no attribute 'ADMIN'
2026-07-12 02:29:16.263 7 ERROR stevedore.extension [None req-09647c8b-b4d3-42b6-9383-fcd1f8468812 73c87c74924e43ec99d488a7201884e4 f31f3208ec054e73a3074958b07fa407 - - default default] Could not load 'tap-as-a-service': module 'neutron.conf.policies.base' has no attribute 'ADMIN_OR_PROJECT_MEMBER'
2026-07-12 02:29:16.513 7 INFO neutron.plugins.ml2.drivers.ovn.mech_driver.ovsdb.extensions.qos [None req-09647c8b-b4d3-42b6-9383-fcd1f8468812 73c87c74924e43ec99d488a7201884e4 f31f3208ec054e73a3074958b07fa407 - - default default] Starting OVNClientQosExtension
2026-07-12 02:29:16.513 7 INFO neutron.plugins.ml2.drivers.ovn.mech_driver.ovsdb.extensions.placement [None req-09647c8b-b4d3-42b6-9383-fcd1f8468812 73c87c74924e43ec99d488a7201884e4 f31f3208ec054e73a3074958b07fa407 - - default default] Starting OVNClientPlacementExtension
2026-07-12 02:29:16.554 7 INFO neutron.db.ovn_revision_numbers_db [None req-09647c8b-b4d3-42b6-9383-fcd1f8468812 73c87c74924e43ec99d488a7201884e4 f31f3208ec054e73a3074958b07fa407 - - default default] Successfully bumped revision number for resource 8d64587e-e5ae-4b99-a729-d67b73fbf0d6 (type: security_groups) to 1
2026-07-12 02:29:16.570 7 INFO neutron.db.ovn_revision_numbers_db [None req-09647c8b-b4d3-42b6-9383-fcd1f8468812 73c87c74924e43ec99d488a7201884e4 f31f3208ec054e73a3074958b07fa407 - - default default] Successfully bumped revision number for resource 0514c8e0-d45b-4d10-830f-c364ce307286 (type: security_group_rules) to 0
2026-07-12 02:29:16.581 7 INFO neutron.db.ovn_revision_numbers_db [None req-09647c8b-b4d3-42b6-9383-fcd1f8468812 73c87c74924e43ec99d488a7201884e4 f31f3208ec054e73a3074958b07fa407 - - default default] Successfully bumped revision number for resource 164211d3-3963-4cc0-94a2-8eee366f03a6 (type: security_group_rules) to 0
2026-07-12 02:29:16.592 7 INFO neutron.db.ovn_revision_numbers_db [None req-09647c8b-b4d3-42b6-9383-fcd1f8468812 73c87c74924e43ec99d488a7201884e4 f31f3208ec054e73a3074958b07fa407 - - default default] Successfully bumped revision number for resource 6d482b10-3042-4087-ab63-cd35633dab7f (type: security_group_rules) to 0
2026-07-12 02:29:16.602 7 INFO neutron.db.ovn_revision_numbers_db [None req-09647c8b-b4d3-42b6-9383-fcd1f8468812 73c87c74924e43ec99d488a7201884e4 f31f3208ec054e73a3074958b07fa407 - - default default] Successfully bumped revision number for resource 8ad1816a-8415-4278-a000-2f45e77e1ff1 (type: security_group_rules) to 0
2026-07-12 02:29:16.687 7 WARNING neutron.services.revisions.revision_plugin [None req-09647c8b-b4d3-42b6-9383-fcd1f8468812 73c87c74924e43ec99d488a7201884e4 f31f3208ec054e73a3074958b07fa407 - - default default] Could not find related network for resource to bump revision.
2026-07-12 02:29:16.716 7 INFO neutron.db.segments_db [None req-09647c8b-b4d3-42b6-9383-fcd1f8468812 73c87c74924e43ec99d488a7201884e4 f31f3208ec054e73a3074958b07fa407 - - default default] Added segment 3430cad0-169f-4f20-9453-833342c9c1b3 of type flat for network 95a4c6f0-3d0d-44d9-bf85-f16724df4325
2026-07-12 02:29:16.898 7 INFO neutron.db.ovn_revision_numbers_db [None req-09647c8b-b4d3-42b6-9383-fcd1f8468812 73c87c74924e43ec99d488a7201884e4 f31f3208ec054e73a3074958b07fa407 - - default default] Successfully bumped revision number for resource 95a4c6f0-3d0d-44d9-bf85-f16724df4325 (type: networks) to 1
2026-07-12 02:29:17.428 7 WARNING neutron.scheduler.dhcp_agent_scheduler [None req-09647c8b-b4d3-42b6-9383-fcd1f8468812 73c87c74924e43ec99d488a7201884e4 f31f3208ec054e73a3074958b07fa407 - - default default] No more DHCP agents
