2026-07-12 03:07:10.982 7 INFO neutron.db.ovn_revision_numbers_db [None req-35f58cf2-933d-4902-abdd-31f6096747f2 3647aa7e8d5d4803af9004269ea604ec f7a67673306e417cb522e79900cddea5 - - default default] Successfully bumped revision number for resource dc80022b-cf33-49b4-9aa7-dddcdc23a451 (type: networks) to 1
2026-07-12 03:07:10.991 8 INFO neutron.plugins.ml2.plugin [None req-34ee3114-e736-4677-844c-af6a01f48622 - - - - - -] Attempt 1 to provision port a2d8e996-3b8e-4a15-8af2-e085bf7bbef0
2026-07-12 03:07:11.033 8 INFO neutron.db.ovn_revision_numbers_db [None req-fd1e7e97-0003-4a39-8aef-35a368704b81 73c87c74924e43ec99d488a7201884e4 f31f3208ec054e73a3074958b07fa407 - - default default] Successfully bumped revision number for resource a2d8e996-3b8e-4a15-8af2-e085bf7bbef0 (type: router_ports) to 1
2026-07-12 03:07:11.163 7 WARNING neutron.scheduler.dhcp_agent_scheduler [None req-35f58cf2-933d-4902-abdd-31f6096747f2 3647aa7e8d5d4803af9004269ea604ec f7a67673306e417cb522e79900cddea5 - - default default] No more DHCP agents
2026-07-12 03:07:11.164 7 WARNING neutron.api.rpc.agentnotifiers.dhcp_rpc_agent_api [None req-35f58cf2-933d-4902-abdd-31f6096747f2 3647aa7e8d5d4803af9004269ea604ec f7a67673306e417cb522e79900cddea5 - - default default] Unable to schedule network dc80022b-cf33-49b4-9aa7-dddcdc23a451: no agents available; will retry on subsequent port and subnet creation events.
2026-07-12 03:07:11.249 7 INFO neutron.db.ovn_revision_numbers_db [None req-35f58cf2-933d-4902-abdd-31f6096747f2 3647aa7e8d5d4803af9004269ea604ec f7a67673306e417cb522e79900cddea5 - - default default] Successfully bumped revision number for resource 014c6ac4-1af9-4f82-abd3-7a316d6450d8 (type: ports) to 1
2026-07-12 03:07:11.268 8 INFO neutron.db.ovn_revision_numbers_db [None req-fd1e7e97-0003-4a39-8aef-35a368704b81 73c87c74924e43ec99d488a7201884e4 f31f3208ec054e73a3074958b07fa407 - - default default] Successfully bumped revision number for resource 86031c9c-5659-4790-a35a-39990776925d (type: routers) to 2 [pid: 7|app: 0|req: 505/1076] 10.0.0.12 () {34 vars in 668 bytes} [Sun Jul 12 03:07:10 2026] POST /v2.0/networks => generated 685 bytes in 864 msecs (HTTP/1.1 201) 4 headers in 162 bytes (1 switches on core 0) [pid: 8|app: 0|req: 572/1077] 10.0.0.12 () {34 vars in 667 bytes} [Sun Jul 12 03:07:09 2026] POST /v2.0/routers => generated 990 bytes in 1740 msecs (HTTP/1.1 201) 4 headers in 162 bytes (1 switches on core 0)
2026-07-12 03:07:11.322 7 WARNING neutron.db.securitygroups_db [None req-12e233f8-511f-4df1-be6c-dad5f67e5a19 73c87c74924e43ec99d488a7201884e4 f31f3208ec054e73a3074958b07fa407 - - default default] project_id key not found in filters, using tenant_id instead. This support has been deprecated and will be removed in a future release.
2026-07-12 03:07:11.454 7 INFO neutron.db.ovn_revision_numbers_db [None req-12e233f8-511f-4df1-be6c-dad5f67e5a19 73c87c74924e43ec99d488a7201884e4 f31f3208ec054e73a3074958b07fa407 - - default default] Successfully bumped revision number for resource c8fef4d6-ae00-4397-af99-7af16e2df05c (type: security_groups) to 1
2026-07-12 03:07:11.470 7 INFO neutron.db.ovn_revision_numbers_db [None req-12e233f8-511f-4df1-be6c-dad5f67e5a19 73c87c74924e43ec99d488a7201884e4 f31f3208ec054e73a3074958b07fa407 - - default default] Successfully bumped revision number for resource 0fe157bb-706a-495d-b02f-8a8b17334824 (type: security_group_rules) to 0
2026-07-12 03:07:11.488 7 INFO neutron.db.ovn_revision_numbers_db [None req-12e233f8-511f-4df1-be6c-dad5f67e5a19 73c87c74924e43ec99d488a7201884e4 f31f3208ec054e73a3074958b07fa407 - - default default] Successfully bumped revision number for resource 1a13b9d8-e7f6-4407-be9b-f081bf584c5a (type: security_group_rules) to 0
2026-07-12 03:07:11.501 7 INFO neutron.db.ovn_revision_numbers_db [None req-12e233f8-511f-4df1-be6c-dad5f67e5a19 73c87c74924e43ec99d488a7201884e4 f31f3208ec054e73a3074958b07fa407 - - default default] Successfully bumped revision number for resource a39e6b77-42b4-4379-86e7-23c062a5c938 (type: security_group_rules) to 0
2026-07-12 03:07:11.512 7 INFO neutron.db.ovn_revision_numbers_db [None req-12e233f8-511f-4df1-be6c-dad5f67e5a19 73c87c74924e43ec99d488a7201884e4 f31f3208ec054e73a3074958b07fa407 - - default default] Successfully bumped revision number for resource b1e4294b-5f1e-4632-93b9-65bee827609a (type: security_group_rules) to 0 [pid: 7|app: 0|req: 506/1078] 10.0.0.12 () {32 vars in 772 bytes} [Sun Jul 12 03:07:11 2026] GET /v2.0/security-groups?tenant_id=a8a6b28f2d8e4f348a162e927a9d303e&name=default => generated 2925 bytes in 274 msecs (HTTP/1.1 200) 4 headers in 158 bytes (1 switches on core 0)
2026-07-12 03:07:11.859 8 INFO neutron_taas.services.taas.taas_plugin [None req-5468f62e-5db2-4bb5-bfed-041dc196f13b 73c87c74924e43ec99d488a7201884e4 f31f3208ec054e73a3074958b07fa407 - - default default] TaaS: Handle Delete Port: ed1f43ef-1568-424d-8b1f-cb73f12b0572
2026-07-12 03:07:11.864 8 INFO neutron_taas.services.taas.tap_mirror_plugin [None req-5468f62e-5db2-4bb5-bfed-041dc196f13b 73c87c74924e43ec99d488a7201884e4 f31f3208ec054e73a3074958b07fa407 - - default default] Tap Mirror: Handle Delete Port: ed1f43ef-1568-424d-8b1f-cb73f12b0572
2026-07-12 03:07:12.033 7 WARNING neutron.scheduler.dhcp_agent_scheduler [None req-807ac483-7b47-45b7-a7cd-cd41acb16b79 73c87c74924e43ec99d488a7201884e4 f31f3208ec054e73a3074958b07fa407 - - default default] No more DHCP agents
2026-07-12 03:07:12.036 7 WARNING neutron.api.rpc.agentnotifiers.dhcp_rpc_agent_api [None req-807ac483-7b47-45b7-a7cd-cd41acb16b79 73c87c74924e43ec99d488a7201884e4 f31f3208ec054e73a3074958b07fa407 - - default default] Unable to schedule network 0e93f01a-4424-4b3b-8ed4-a7c6e8151bc3: no agents available; will retry on subsequent port and subnet creation events.
2026-07-12 03:07:12.191 7 INFO neutron.db.ovn_revision_numbers_db [None req-807ac483-7b47-45b7-a7cd-cd41acb16b79 73c87c74924e43ec99d488a7201884e4 f31f3208ec054e73a3074958b07fa407 - - default default] Successfully bumped revision number for resource a8e5a920-dbc7-47d4-9492-e6c852e542a5 (type: ports) to 1
2026-07-12 03:07:12.685 8 INFO neutron.db.ovn_revision_numbers_db [None req-a45f469f-f0de-492d-b4d8-b02d574bcba3 - - - - - -] Successfully bumped revision number for resource a2d8e996-3b8e-4a15-8af2-e085bf7bbef0 (type: ports) to 4
2026-07-12 03:07:12.863 7 WARNING neutron.scheduler.dhcp_agent_scheduler [None req-807ac483-7b47-45b7-a7cd-cd41acb16b79 73c87c74924e43ec99d488a7201884e4 f31f3208ec054e73a3074958b07fa407 - - default default] No more DHCP agents
2026-07-12 03:07:12.864 7 WARNING neutron.api.rpc.agentnotifiers.dhcp_rpc_agent_api [None req-807ac483-7b47-45b7-a7cd-cd41acb16b79 73c87c74924e43ec99d488a7201884e4 f31f3208ec054e73a3074958b07fa407 - - default default] Unable to schedule network 0e93f01a-4424-4b3b-8ed4-a7c6e8151bc3: no agents available; will retry on subsequent port and subnet creation events. [pid: 8|app: 0|req: 573/1079] 10.0.0.12 () {34 vars in 787 bytes} [Sun Jul 12 03:07:11 2026] PUT /v2.0/routers/eb0704db-a4b0-4fef-b252-35e67934fb6e/remove_router_interface => generated 310 bytes in 1654 msecs (HTTP/1.1 200) 4 headers in 157 bytes (1 switches on core 0) /var/lib/openstack/lib/python3.12/site-packages/pycadf/identifier.py:70: UserWarning: Invalid uuid: neutron. To ensure interoperability, identifiers should be a valid uuid. warnings.warn(('Invalid uuid: %s. To ensure interoperability, '
2026-07-12 03:07:13.300 7 INFO neutron.db.ovn_revision_numbers_db [None req-807ac483-7b47-45b7-a7cd-cd41acb16b79 73c87c74924e43ec99d488a7201884e4 f31f3208ec054e73a3074958b07fa407 - - default default] Successfully bumped revision number for resource a8e5a920-dbc7-47d4-9492-e6c852e542a5 (type: router_ports) to 1 [pid: 7|app: 0|req: 507/1080] 10.0.0.12 () {34 vars in 781 bytes} [Sun Jul 12 03:07:11 2026] PUT /v2.0/routers/86031c9c-5659-4790-a35a-39990776925d/add_router_interface => generated 310 bytes in 1749 msecs (HTTP/1.1 200) 4 headers in 157 bytes (1 switches on core 0) [pid: 8|app: 0|req: 574/1081] 10.0.0.12 () {32 vars in 738 bytes} [Sun Jul 12 03:07:12 2026] DELETE /v2.0/security-groups/c8fef4d6-ae00-4397-af99-7af16e2df05c => generated 0 bytes in 461 msecs (HTTP/1.1 204) 2 headers in 112 bytes (1 switches on core 0)
2026-07-12 03:07:13.421 8 INFO neutron.db.ovn_revision_numbers_db [None req-a45f469f-f0de-492d-b4d8-b02d574bcba3 - - - - - -] Successfully bumped revision number for resource a2d8e996-3b8e-4a15-8af2-e085bf7bbef0 (type: ports) to 5
2026-07-12 03:07:13.501 7 WARNING neutron.scheduler.dhcp_agent_scheduler [None req-006f2ccd-329e-4973-844c-810e908ba05f 3647aa7e8d5d4803af9004269ea604ec f7a67673306e417cb522e79900cddea5 - - default default] No more DHCP agents
2026-07-12 03:07:13.503 7 WARNING neutron.api.rpc.agentnotifiers.dhcp_rpc_agent_api [None req-006f2ccd-329e-4973-844c-810e908ba05f 3647aa7e8d5d4803af9004269ea604ec f7a67673306e417cb522e79900cddea5 - - default default] Unable to schedule network dc80022b-cf33-49b4-9aa7-dddcdc23a451: no agents available; will retry on subsequent port and subnet creation events.
2026-07-12 03:07:13.545 7 INFO neutron.db.ovn_revision_numbers_db [None req-006f2ccd-329e-4973-844c-810e908ba05f 3647aa7e8d5d4803af9004269ea604ec f7a67673306e417cb522e79900cddea5 - - default default] Successfully bumped revision number for resource 58843e46-3f55-425b-a56a-9c714418d3dd (type: subnets) to 0 [pid: 7|app: 0|req: 508/1082] 10.0.0.12 () {34 vars in 667 bytes} [Sun Jul 12 03:07:13 2026] POST /v2.0/subnets => generated 673 bytes in 258 msecs (HTTP/1.1 201) 4 headers in 162 bytes (1 switches on core 0)
2026-07-12 03:07:13.673 7 INFO neutron.db.segments_db [None req-33827e2e-1c80-43ad-b0c1-0326976e52c0 3647aa7e8d5d4803af9004269ea604ec f7a67673306e417cb522e79900cddea5 - - default default] Added segment 85f82a78-9397-452a-acf4-fb637b3025be of type geneve for network ef4fd0c1-68cb-4020-a887-cf135315903b
2026-07-12 03:07:13.757 8 INFO neutron.plugins.ml2.drivers.ovn.mech_driver.mech_driver [None req-34ee3114-e736-4677-844c-af6a01f48622 - - - - - -] OVN reports status down for port: 014c6ac4-1af9-4f82-abd3-7a316d6450d8
2026-07-12 03:07:13.790 7 INFO neutron.db.ovn_revision_numbers_db [None req-33827e2e-1c80-43ad-b0c1-0326976e52c0 3647aa7e8d5d4803af9004269ea604ec f7a67673306e417cb522e79900cddea5 - - default default] Successfully bumped revision number for resource ef4fd0c1-68cb-4020-a887-cf135315903b (type: networks) to 1
2026-07-12 03:07:13.887 8 INFO neutron.plugins.ml2.drivers.ovn.mech_driver.mech_driver [None req-34ee3114-e736-4677-844c-af6a01f48622 - - - - - -] OVN reports status down for port: a8e5a920-dbc7-47d4-9492-e6c852e542a5
2026-07-12 03:07:13.929 8 INFO neutron_taas.services.taas.taas_plugin [None req-dd1e48a4-975a-4de9-9859-542278b6fcc0 73c87c74924e43ec99d488a7201884e4 f31f3208ec054e73a3074958b07fa407 - - default default] TaaS: Handle Delete Port: 01cb74bd-ac33-427f-9a71-6092228f408a
2026-07-12 03:07:13.934 8 INFO neutron_taas.services.taas.tap_mirror_plugin [None req-dd1e48a4-975a-4de9-9859-542278b6fcc0 73c87c74924e43ec99d488a7201884e4 f31f3208ec054e73a3074958b07fa407 - - default default] Tap Mirror: Handle Delete Port: 01cb74bd-ac33-427f-9a71-6092228f408a
2026-07-12 03:07:13.971 7 WARNING neutron.scheduler.dhcp_agent_scheduler [None req-33827e2e-1c80-43ad-b0c1-0326976e52c0 3647aa7e8d5d4803af9004269ea604ec f7a67673306e417cb522e79900cddea5 - - default default] No more DHCP agents
2026-07-12 03:07:13.973 7 WARNING neutron.api.rpc.agentnotifiers.dhcp_rpc_agent_api [None req-33827e2e-1c80-43ad-b0c1-0326976e52c0 3647aa7e8d5d4803af9004269ea604ec f7a67673306e417cb522e79900cddea5 - - default default] Unable to schedule network ef4fd0c1-68cb-4020-a887-cf135315903b: no agents available; will retry on subsequent port and subnet creation events.
2026-07-12 03:07:14.000 8 WARNING neutron.plugins.ml2.drivers.ovn.mech_driver.ovsdb.ovn_client [None req-34ee3114-e736-4677-844c-af6a01f48622 - - - - - -] Logical_Switch_Port a8e5a920-dbc7-47d4-9492-e6c852e542a5 host information not removed, the port state is up
2026-07-12 03:07:14.000 8 INFO neutron.plugins.ml2.drivers.ovn.mech_driver.mech_driver [None req-34ee3114-e736-4677-844c-af6a01f48622 - - - - - -] OVN reports status up for port: a8e5a920-dbc7-47d4-9492-e6c852e542a5
2026-07-12 03:07:14.057 8 INFO neutron.plugins.ml2.plugin [None req-34ee3114-e736-4677-844c-af6a01f48622 - - - - - -] Attempt 1 to provision port a8e5a920-dbc7-47d4-9492-e6c852e542a5
2026-07-12 03:07:14.062 7 INFO neutron.db.ovn_revision_numbers_db [None req-33827e2e-1c80-43ad-b0c1-0326976e52c0 3647aa7e8d5d4803af9004269ea604ec f7a67673306e417cb522e79900cddea5 - - default default] Successfully bumped revision number for resource ab7cd81d-592e-461c-bf25-222746552e95 (type: ports) to 1 [pid: 7|app: 0|req: 509/1083] 10.0.0.12 () {34 vars in 668 bytes} [Sun Jul 12 03:07:13 2026] POST /v2.0/networks => generated 686 bytes in 514 msecs (HTTP/1.1 201) 4 headers in 162 bytes (1 switches on core 0)
2026-07-12 03:07:14.090 7 WARNING neutron.db.securitygroups_db [None req-afefe748-baef-4521-9ec2-befcf6ae9aaa 73c87c74924e43ec99d488a7201884e4 f31f3208ec054e73a3074958b07fa407 - - default default] project_id key not found in filters, using tenant_id instead. This support has been deprecated and will be removed in a future release.
2026-07-12 03:07:14.187 7 INFO neutron.db.ovn_revision_numbers_db [None req-afefe748-baef-4521-9ec2-befcf6ae9aaa 73c87c74924e43ec99d488a7201884e4 f31f3208ec054e73a3074958b07fa407 - - default default] Successfully bumped revision number for resource b4d53bc3-6270-4f7e-94ff-35807af1f34b (type: security_groups) to 1
2026-07-12 03:07:14.197 7 INFO neutron.db.ovn_revision_numbers_db [None req-afefe748-baef-4521-9ec2-befcf6ae9aaa 73c87c74924e43ec99d488a7201884e4 f31f3208ec054e73a3074958b07fa407 - - default default] Successfully bumped revision number for resource 3ac0cfad-5c94-4cdb-af28-f15fd97192ae (type: security_group_rules) to 0
2026-07-12 03:07:14.208 7 INFO neutron.db.ovn_revision_numbers_db [None req-afefe748-baef-4521-9ec2-befcf6ae9aaa 73c87c74924e43ec99d488a7201884e4 f31f3208ec054e73a3074958b07fa407 - - default default] Successfully bumped revision number for resource 8d36a873-6fc6-48b9-a62c-314679a36451 (type: security_group_rules) to 0
2026-07-12 03:07:14.219 7 INFO neutron.db.ovn_revision_numbers_db [None req-afefe748-baef-4521-9ec2-befcf6ae9aaa 73c87c74924e43ec99d488a7201884e4 f31f3208ec054e73a3074958b07fa407 - - default default] Successfully bumped revision number for resource c0a68a61-8b7b-4f69-8564-63648bb7710f (type: security_group_rules) to 0
2026-07-12 03:07:14.230 7 INFO neutron.db.ovn_revision_numbers_db [None req-afefe748-baef-4521-9ec2-befcf6ae9aaa 73c87c74924e43ec99d488a7201884e4 f31f3208ec054e73a3074958b07fa407 - - default default] Successfully bumped revision number for resource d36db4d6-5a46-4582-825f-b967c32276a0 (type: security_group_rules) to 0 [pid: 7|app: 0|req: 510/1084] 10.0.0.12 () {32 vars in 772 bytes} [Sun Jul 12 03:07:14 2026] GET /v2.0/security-groups?tenant_id=da021d88c37740e3ab5e21382185d6d2&name=default => generated 2925 bytes in 178 msecs (HTTP/1.1 200) 4 headers in 158 bytes (1 switches on core 0)
2026-07-12 03:07:14.377 7 INFO neutron.db.ovn_revision_numbers_db [None req-98d4ab9b-10b4-48ce-b93c-666888d1e426 bc45751e8660448cbe0b48f556c3bb07 c98d94b76eab4b06835274389cc7cd12 - - default default] Successfully bumped revision number for resource aaa7b41c-025d-4963-8976-be3946b0a60a (type: security_groups) to 1
2026-07-12 03:07:14.391 7 INFO neutron.db.ovn_revision_numbers_db [None req-98d4ab9b-10b4-48ce-b93c-666888d1e426 bc45751e8660448cbe0b48f556c3bb07 c98d94b76eab4b06835274389cc7cd12 - - default default] Successfully bumped revision number for resource 1d30916b-e2ac-450f-9119-0aee2816c86e (type: security_group_rules) to 0
2026-07-12 03:07:14.402 7 INFO neutron.db.ovn_revision_numbers_db [None req-98d4ab9b-10b4-48ce-b93c-666888d1e426 bc45751e8660448cbe0b48f556c3bb07 c98d94b76eab4b06835274389cc7cd12 - - default default] Successfully bumped revision number for resource 55374821-1ea9-4f82-b5c4-bbe2fdae7f73 (type: security_group_rules) to 0 [pid: 7|app: 0|req: 511/1085] 10.0.0.12 () {34 vars in 683 bytes} [Sun Jul 12 03:07:14 2026] POST /v2.0/security-groups => generated 1660 bytes in 179 msecs (HTTP/1.1 201) 4 headers in 163 bytes (1 switches on core 0)
2026-07-12 03:07:14.610 7 INFO neutron.db.ovn_revision_numbers_db [None req-ac483684-edc3-4ba7-b85f-22ddf4e842f1 3647aa7e8d5d4803af9004269ea604ec f7a67673306e417cb522e79900cddea5 - - default default] Successfully bumped revision number for resource ef4fd0c1-68cb-4020-a887-cf135315903b (type: networks) to 2 [pid: 7|app: 0|req: 512/1086] 10.0.0.12 () {34 vars in 741 bytes} [Sun Jul 12 03:07:14 2026] PUT /v2.0/networks/ef4fd0c1-68cb-4020-a887-cf135315903b => generated 636 bytes in 177 msecs (HTTP/1.1 200) 4 headers in 157 bytes (1 switches on core 0) [pid: 8|app: 0|req: 575/1087] 10.0.0.12 () {32 vars in 722 bytes} [Sun Jul 12 03:07:13 2026] DELETE /v2.0/routers/eb0704db-a4b0-4fef-b252-35e67934fb6e => generated 0 bytes in 1236 msecs (HTTP/1.1 204) 2 headers in 112 bytes (1 switches on core 0) [pid: 7|app: 0|req: 513/1088] 10.0.0.12 () {32 vars in 738 bytes} [Sun Jul 12 03:07:14 2026] DELETE /v2.0/security-groups/b4d53bc3-6270-4f7e-94ff-35807af1f34b => generated 0 bytes in 184 msecs (HTTP/1.1 204) 2 headers in 112 bytes (1 switches on core 0)
2026-07-12 03:07:14.906 8 INFO neutron.db.ovn_revision_numbers_db [None req-34ee3114-e736-4677-844c-af6a01f48622 - - - - - -] Successfully bumped revision number for resource a8e5a920-dbc7-47d4-9492-e6c852e542a5 (type: ports) to 2
2026-07-12 03:07:14.921 8 INFO neutron.db.ovn_revision_numbers_db [None req-5a25d45a-f9a3-48f8-82c5-55d22d00c918 bc45751e8660448cbe0b48f556c3bb07 c98d94b76eab4b06835274389cc7cd12 - - default default] Successfully bumped revision number for resource 04b67209-c228-4e29-adea-e59f8cb56ad6 (type: security_group_rules) to 0
2026-07-12 03:07:14.985 7 WARNING neutron.scheduler.dhcp_agent_scheduler [None req-72a737ce-53d0-4049-8770-4b3b7c01f1f3 3647aa7e8d5d4803af9004269ea604ec f7a67673306e417cb522e79900cddea5 - - default default] No more DHCP agents
2026-07-12 03:07:14.986 7 WARNING neutron.api.rpc.agentnotifiers.dhcp_rpc_agent_api [None req-72a737ce-53d0-4049-8770-4b3b7c01f1f3 3647aa7e8d5d4803af9004269ea604ec f7a67673306e417cb522e79900cddea5 - - default default] Unable to schedule network ef4fd0c1-68cb-4020-a887-cf135315903b: no agents available; will retry on subsequent port and subnet creation events. [pid: 8|app: 0|req: 576/1089] 10.0.0.12 () {34 vars in 693 bytes} [Sun Jul 12 03:07:14 2026] POST /v2.0/security-group-rules => generated 597 bytes in 354 msecs (HTTP/1.1 201) 4 headers in 162 bytes (1 switches on core 0)
2026-07-12 03:07:15.017 7 INFO neutron.db.ovn_revision_numbers_db [None req-72a737ce-53d0-4049-8770-4b3b7c01f1f3 3647aa7e8d5d4803af9004269ea604ec f7a67673306e417cb522e79900cddea5 - - default default] Successfully bumped revision number for resource 6dc968b8-763f-4548-8ed6-efd8204c658d (type: subnets) to 0 [pid: 7|app: 0|req: 514/1090] 10.0.0.12 () {34 vars in 667 bytes} [Sun Jul 12 03:07:14 2026] POST /v2.0/subnets => generated 646 bytes in 232 msecs (HTTP/1.1 201) 4 headers in 162 bytes (1 switches on core 0)
2026-07-12 03:07:15.150 7 INFO neutron.db.ovn_revision_numbers_db [None req-843ad0f8-3935-47f0-bcf3-7930cedc91cc bc45751e8660448cbe0b48f556c3bb07 c98d94b76eab4b06835274389cc7cd12 - - default default] Successfully bumped revision number for resource a0f4a5c6-d4d9-4968-90a0-cf03f20cdba7 (type: security_group_rules) to 0 [pid: 7|app: 0|req: 515/1091] 10.0.0.12 () {34 vars in 693 bytes} [Sun Jul 12 03:07:15 2026] POST /v2.0/security-group-rules => generated 602 bytes in 143 msecs (HTTP/1.1 201) 4 headers in 162 bytes (1 switches on core 0) [pid: 8|app: 0|req: 577/1092] 10.0.0.12 () {32 vars in 722 bytes} [Sun Jul 12 03:07:15 2026] DELETE /v2.0/subnets/e4a89633-a146-437c-bc58-ec1802af7bc1 => generated 0 bytes in 203 msecs (HTTP/1.1 204) 3 headers in 131 bytes (1 switches on core 0)
2026-07-12 03:07:15.434 8 WARNING neutron.scheduler.dhcp_agent_scheduler [None req-46512ae6-fb81-454a-a51d-2ff3e03dbb84 bc45751e8660448cbe0b48f556c3bb07 c98d94b76eab4b06835274389cc7cd12 - - default default] No more DHCP agents
2026-07-12 03:07:15.441 8 WARNING neutron.api.rpc.agentnotifiers.dhcp_rpc_agent_api [None req-46512ae6-fb81-454a-a51d-2ff3e03dbb84 bc45751e8660448cbe0b48f556c3bb07 c98d94b76eab4b06835274389cc7cd12 - - default default] Unable to schedule network 95a4c6f0-3d0d-44d9-bf85-f16724df4325: no agents available; will retry on subsequent port and subnet creation events.
2026-07-12 03:07:15.784 7 INFO neutron.db.ovn_revision_numbers_db [None req-81a88217-f3ea-4725-a771-4e47bc5d7e84 3647aa7e8d5d4803af9004269ea604ec f7a67673306e417cb522e79900cddea5 - - default default] Successfully bumped revision number for resource ab7cd81d-592e-461c-bf25-222746552e95 (type: ports) to 2
2026-07-12 03:07:15.818 7 INFO neutron.db.ovn_revision_numbers_db [None req-81a88217-f3ea-4725-a771-4e47bc5d7e84 3647aa7e8d5d4803af9004269ea604ec f7a67673306e417cb522e79900cddea5 - - default default] Successfully bumped revision number for resource 6dc968b8-763f-4548-8ed6-efd8204c658d (type: subnets) to 1 [pid: 8|app: 0|req: 578/1093] 10.0.0.12 () {34 vars in 674 bytes} [Sun Jul 12 03:07:15 2026] POST /v2.0/floatingips => generated 552 bytes in 613 msecs (HTTP/1.1 201) 4 headers in 162 bytes (1 switches on core 0) [pid: 7|app: 0|req: 516/1094] 10.0.0.12 () {34 vars in 739 bytes} [Sun Jul 12 03:07:15 2026] PUT /v2.0/subnets/6dc968b8-763f-4548-8ed6-efd8204c658d => generated 656 bytes in 644 msecs (HTTP/1.1 200) 4 headers in 157 bytes (1 switches on core 0)
2026-07-12 03:07:15.961 8 INFO neutron_taas.services.taas.taas_plugin [None req-18235393-ddca-4cf3-82f1-de2206f7bfad 73c87c74924e43ec99d488a7201884e4 f31f3208ec054e73a3074958b07fa407 - - default default] TaaS: Handle Delete Port: 4c21df03-a3ce-4ccf-a5ef-7fa564bce16d
2026-07-12 03:07:15.967 8 INFO neutron_taas.services.taas.tap_mirror_plugin [None req-18235393-ddca-4cf3-82f1-de2206f7bfad 73c87c74924e43ec99d488a7201884e4 f31f3208ec054e73a3074958b07fa407 - - default default] Tap Mirror: Handle Delete Port: 4c21df03-a3ce-4ccf-a5ef-7fa564bce16d
2026-07-12 03:07:15.973 7 INFO neutron_taas.services.taas.taas_plugin [None req-79cf5160-b6d2-4dd0-872d-463b26e09048 3647aa7e8d5d4803af9004269ea604ec f7a67673306e417cb522e79900cddea5 - - default default] TaaS: Handle Delete Port: ab7cd81d-592e-461c-bf25-222746552e95
2026-07-12 03:07:15.976 7 INFO neutron_taas.services.taas.tap_mirror_plugin [None req-79cf5160-b6d2-4dd0-872d-463b26e09048 3647aa7e8d5d4803af9004269ea604ec f7a67673306e417cb522e79900cddea5 - - default default] Tap Mirror: Handle Delete Port: ab7cd81d-592e-461c-bf25-222746552e95
2026-07-12 03:07:16.190 8 INFO neutron.services.segments.plugin [-] Segment 6f6ddba4-0435-4a0f-9042-4d808aa2db37 resource provider aggregate not found
2026-07-12 03:07:16.190 8 INFO neutron.services.segments.plugin [-] Segment 6f6ddba4-0435-4a0f-9042-4d808aa2db37 resource provider aggregate not found
2026-07-12 03:07:16.218 8 INFO neutron.services.segments.plugin [-] Client error retrieving segment 6f6ddba4-0435-4a0f-9042-4d808aa2db37 resource provider; error: Placement Client Error (4xx): {"errors": [{"status": 404, "title": "Not Found", "detail": "The resource could not be found.\n\n No resource provider with uuid 6f6ddba4-0435-4a0f-9042-4d808aa2db37 found for delete ", "request_id": "req-47173efa-396f-455b-b018-5c8417c5ad9d"}]}
2026-07-12 03:07:16.220 8 INFO neutron.services.segments.plugin [-] Client error retrieving segment 6f6ddba4-0435-4a0f-9042-4d808aa2db37 resource provider; error: Placement Client Error (4xx): {"errors": [{"status": 404, "title": "Not Found", "detail": "The resource could not be found.\n\n No resource provider with uuid 6f6ddba4-0435-4a0f-9042-4d808aa2db37 found for delete ", "request_id": "req-c7530c65-2438-4e7e-8155-8089a95a9c27"}]}
2026-07-12 03:07:16.245 7 INFO neutron.services.segments.plugin [-] Segment 85f82a78-9397-452a-acf4-fb637b3025be resource provider aggregate not found
2026-07-12 03:07:16.251 7 INFO neutron.services.segments.plugin [-] Segment 85f82a78-9397-452a-acf4-fb637b3025be resource provider aggregate not found [pid: 8|app: 0|req: 579/1097] 10.0.0.12 () {32 vars in 724 bytes} [Sun Jul 12 03:07:15 2026] DELETE /v2.0/networks/db2b3d9e-a77d-4200-a0bc-6d5a24af5cb8 => generated 0 bytes in 429 msecs (HTTP/1.1 204) 3 headers in 131 bytes (1 switches on core 0)
2026-07-12 03:07:16.265 7 INFO neutron.services.segments.plugin [-] Client error retrieving segment 85f82a78-9397-452a-acf4-fb637b3025be resource provider; error: Placement Client Error (4xx): {"errors": [{"status": 404, "title": "Not Found", "detail": "The resource could not be found.\n\n No resource provider with uuid 85f82a78-9397-452a-acf4-fb637b3025be found for delete ", "request_id": "req-f60522c5-affa-42d7-84e2-29c326480982"}]}
2026-07-12 03:07:16.272 7 INFO neutron.services.segments.plugin [-] Client error retrieving segment 85f82a78-9397-452a-acf4-fb637b3025be resource provider; error: Placement Client Error (4xx): {"errors": [{"status": 404, "title": "Not Found", "detail": "The resource could not be found.\n\n No resource provider with uuid 85f82a78-9397-452a-acf4-fb637b3025be found for delete ", "request_id": "req-64486d48-82b3-452d-94ee-cfc551ea2286"}]} [pid: 7|app: 0|req: 519/1098] 10.0.0.12 () {32 vars in 724 bytes} [Sun Jul 12 03:07:15 2026] DELETE /v2.0/networks/ef4fd0c1-68cb-4020-a887-cf135315903b => generated 0 bytes in 453 msecs (HTTP/1.1 204) 3 headers in 131 bytes (1 switches on core 0)
2026-07-12 03:07:16.302 8 WARNING neutron.db.securitygroups_db [req-fc3b345c-5da4-41d5-bf9b-7333c20e397e req-3a077ff3-eb1a-4861-bc88-cc3242b23f3e bc45751e8660448cbe0b48f556c3bb07 c98d94b76eab4b06835274389cc7cd12 - - default default] project_id key not found in filters, using tenant_id instead. This support has been deprecated and will be removed in a future release.
2026-07-12 03:07:16.309 7 INFO neutron.pecan_wsgi.hooks.translation [None req-e1329f61-1817-4bb7-bd91-d6ade177ca14 3647aa7e8d5d4803af9004269ea604ec f7a67673306e417cb522e79900cddea5 - - default default] DELETE failed (client error): The resource could not be found. [pid: 7|app: 0|req: 520/1099] 10.0.0.12 () {32 vars in 724 bytes} [Sun Jul 12 03:07:16 2026] DELETE /v2.0/networks/ef4fd0c1-68cb-4020-a887-cf135315903b => generated 138 bytes in 14 msecs (HTTP/1.1 404) 4 headers in 164 bytes (1 switches on core 0) [pid: 8|app: 0|req: 580/1100] 10.0.0.23 () {34 vars in 1098 bytes} [Sun Jul 12 03:07:16 2026] GET /v2.0/security-groups?name=tempest-securitygroup--1083689888&fields=id&tenant_id=c98d94b76eab4b06835274389cc7cd12 => generated 69 bytes in 31 msecs (HTTP/1.1 200) 4 headers in 156 bytes (1 switches on core 0) [pid: 7|app: 0|req: 521/1101] 10.0.0.12 () {32 vars in 692 bytes} [Sun Jul 12 03:07:16 2026] GET /v2.0/networks?router%3Aexternal=True => generated 689 bytes in 64 msecs (HTTP/1.1 200) 4 headers in 157 bytes (1 switches on core 0) [pid: 8|app: 0|req: 581/1102] 10.0.0.23 () {34 vars in 980 bytes} [Sun Jul 12 03:07:16 2026] GET /v2.0/networks?id=0e93f01a-4424-4b3b-8ed4-a7c6e8151bc3 => generated 714 bytes in 54 msecs (HTTP/1.1 200) 4 headers in 157 bytes (1 switches on core 0) [pid: 8|app: 0|req: 582/1103] 10.0.0.23 () {34 vars in 963 bytes} [Sun Jul 12 03:07:16 2026] GET /v2.0/quotas/c98d94b76eab4b06835274389cc7cd12 => generated 312 bytes in 14 msecs (HTTP/1.1 200) 4 headers in 157 bytes (1 switches on core 0)
2026-07-12 03:07:16.416 8 WARNING neutron.db.securitygroups_db [None req-f7afbe45-bdf6-4872-ac8c-2cefb36ddcf4 73c87c74924e43ec99d488a7201884e4 f31f3208ec054e73a3074958b07fa407 - - default default] project_id key not found in filters, using tenant_id instead. This support has been deprecated and will be removed in a future release. [pid: 7|app: 0|req: 522/1104] 10.0.0.12 () {32 vars in 740 bytes} [Sun Jul 12 03:07:16 2026] GET /v2.0/subnets?network_id=95a4c6f0-3d0d-44d9-bf85-f16724df4325 => generated 649 bytes in 37 msecs (HTTP/1.1 200) 4 headers in 157 bytes (1 switches on core 0) [pid: 8|app: 0|req: 583/1105] 10.0.0.12 () {32 vars in 772 bytes} [Sun Jul 12 03:07:16 2026] GET /v2.0/security-groups?tenant_id=06e75c9f925d4ed79224c1cddd09089d&name=default => generated 2925 bytes in 23 msecs (HTTP/1.1 200) 4 headers in 158 bytes (1 switches on core 0) [pid: 8|app: 0|req: 584/1106] 10.0.0.12 () {32 vars in 651 bytes} [Sun Jul 12 03:07:16 2026] GET /v2.0/extensions => generated 22668 bytes in 5 msecs (HTTP/1.1 200) 4 headers in 159 bytes (1 switches on core 0) [pid: 7|app: 0|req: 523/1107] 10.0.0.23 () {34 vars in 1000 bytes} [Sun Jul 12 03:07:16 2026] GET /v2.0/ports?tenant_id=c98d94b76eab4b06835274389cc7cd12&fields=id => generated 103 bytes in 66 msecs (HTTP/1.1 200) 4 headers in 157 bytes (1 switches on core 0) [pid: 7|app: 0|req: 524/1108] 10.0.0.12 () {32 vars in 647 bytes} [Sun Jul 12 03:07:16 2026] GET /v2.0/networks => generated 1388 bytes in 35 msecs (HTTP/1.1 200) 4 headers in 158 bytes (1 switches on core 0) [pid: 7|app: 0|req: 525/1109] 10.0.0.23 () {34 vars in 1006 bytes} [Sun Jul 12 03:07:16 2026] GET /v2.0/networks/0e93f01a-4424-4b3b-8ed4-a7c6e8151bc3?fields=segments => generated 14 bytes in 36 msecs (HTTP/1.1 200) 4 headers in 156 bytes (1 switches on core 0) [pid: 7|app: 0|req: 526/1110] 10.0.0.12 () {32 vars in 645 bytes} [Sun Jul 12 03:07:16 2026] GET /v2.0/subnets => generated 1312 bytes in 36 msecs (HTTP/1.1 200) 4 headers in 158 bytes (1 switches on core 0) [pid: 7|app: 0|req: 527/1111] 10.0.0.23 () {34 vars in 1106 bytes} [Sun Jul 12 03:07:16 2026] GET /v2.0/networks/0e93f01a-4424-4b3b-8ed4-a7c6e8151bc3?fields=provider%3Aphysical_network&fields=provider%3Anetwork_type => generated 79 bytes in 31 msecs (HTTP/1.1 200) 4 headers in 156 bytes (1 switches on core 0) [pid: 8|app: 0|req: 585/1112] 10.0.0.12 () {32 vars in 738 bytes} [Sun Jul 12 03:07:16 2026] DELETE /v2.0/security-groups/ec4f25ff-3096-4472-90fe-91bb3baf78bf => generated 0 bytes in 185 msecs (HTTP/1.1 204) 2 headers in 112 bytes (1 switches on core 0) [pid: 8|app: 0|req: 586/1113] 10.0.0.23 () {34 vars in 1068 bytes} [Sun Jul 12 03:07:16 2026] GET /v2.0/ports?fields=security_groups&fields=device_id&device_id=a211254f-4061-43b5-9c4e-f0b915d65f23 => generated 12 bytes in 33 msecs (HTTP/1.1 200) 4 headers in 156 bytes (1 switches on core 0) [pid: 7|app: 0|req: 528/1114] 10.0.0.12 () {32 vars in 721 bytes} [Sun Jul 12 03:07:16 2026] GET /v2.0/networks/dc80022b-cf33-49b4-9aa7-dddcdc23a451 => generated 710 bytes in 461 msecs (HTTP/1.1 200) 4 headers in 157 bytes (1 switches on core 0) [pid: 8|app: 0|req: 587/1115] 10.0.0.12 () {32 vars in 719 bytes} [Sun Jul 12 03:07:17 2026] GET /v2.0/subnets/58843e46-3f55-425b-a56a-9c714418d3dd => generated 673 bytes in 30 msecs (HTTP/1.1 200) 4 headers in 157 bytes (1 switches on core 0)
2026-07-12 03:07:17.150 7 INFO neutron.pecan_wsgi.hooks.translation [None req-026e7b71-6f6a-43e4-9048-892d807c1d25 3647aa7e8d5d4803af9004269ea604ec f7a67673306e417cb522e79900cddea5 - - default default] DELETE failed (client error): The resource could not be found. [pid: 7|app: 0|req: 529/1116] 10.0.0.12 () {32 vars in 722 bytes} [Sun Jul 12 03:07:17 2026] DELETE /v2.0/subnets/6dc968b8-763f-4548-8ed6-efd8204c658d => generated 136 bytes in 15 msecs (HTTP/1.1 404) 4 headers in 164 bytes (1 switches on core 0)
2026-07-12 03:07:17.176 8 INFO neutron.pecan_wsgi.hooks.translation [None req-0aadcb81-2011-410f-a3ec-6f016d8e949a 3647aa7e8d5d4803af9004269ea604ec f7a67673306e417cb522e79900cddea5 - - default default] DELETE failed (client error): The resource could not be found. [pid: 8|app: 0|req: 588/1117] 10.0.0.12 () {32 vars in 724 bytes} [Sun Jul 12 03:07:17 2026] DELETE /v2.0/networks/ef4fd0c1-68cb-4020-a887-cf135315903b => generated 138 bytes in 20 msecs (HTTP/1.1 404) 4 headers in 164 bytes (1 switches on core 0)
2026-07-12 03:07:17.311 8 WARNING neutron.db.securitygroups_db [None req-b246ce03-c065-44f6-a622-ca248f8e2121 73c87c74924e43ec99d488a7201884e4 f31f3208ec054e73a3074958b07fa407 - - default default] project_id key not found in filters, using tenant_id instead. This support has been deprecated and will be removed in a future release. [pid: 7|app: 0|req: 530/1118] 10.0.0.12 () {32 vars in 722 bytes} [Sun Jul 12 03:07:17 2026] DELETE /v2.0/subnets/58843e46-3f55-425b-a56a-9c714418d3dd => generated 0 bytes in 146 msecs (HTTP/1.1 204) 3 headers in 131 bytes (1 switches on core 0)
2026-07-12 03:07:17.441 8 INFO neutron.db.ovn_revision_numbers_db [None req-b246ce03-c065-44f6-a622-ca248f8e2121 73c87c74924e43ec99d488a7201884e4 f31f3208ec054e73a3074958b07fa407 - - default default] Successfully bumped revision number for resource a3b54ab9-12b2-4dc8-9daa-a4ad9cf8124e (type: security_groups) to 1
2026-07-12 03:07:17.469 8 INFO neutron.db.ovn_revision_numbers_db [None req-b246ce03-c065-44f6-a622-ca248f8e2121 73c87c74924e43ec99d488a7201884e4 f31f3208ec054e73a3074958b07fa407 - - default default] Successfully bumped revision number for resource 0d44ff13-dcdb-4972-bdd3-80e6b33e884e (type: security_group_rules) to 0
2026-07-12 03:07:17.476 7 INFO neutron_taas.services.taas.taas_plugin [None req-5dd111c1-3209-47b1-b14d-4d80ea76e874 3647aa7e8d5d4803af9004269ea604ec f7a67673306e417cb522e79900cddea5 - - default default] TaaS: Handle Delete Port: 014c6ac4-1af9-4f82-abd3-7a316d6450d8
2026-07-12 03:07:17.479 7 INFO neutron_taas.services.taas.tap_mirror_plugin [None req-5dd111c1-3209-47b1-b14d-4d80ea76e874 3647aa7e8d5d4803af9004269ea604ec f7a67673306e417cb522e79900cddea5 - - default default] Tap Mirror: Handle Delete Port: 014c6ac4-1af9-4f82-abd3-7a316d6450d8
2026-07-12 03:07:17.482 8 INFO neutron.db.ovn_revision_numbers_db [None req-b246ce03-c065-44f6-a622-ca248f8e2121 73c87c74924e43ec99d488a7201884e4 f31f3208ec054e73a3074958b07fa407 - - default default] Successfully bumped revision number for resource 589f7125-e24c-4bb0-b650-96539c3d21f5 (type: security_group_rules) to 0
2026-07-12 03:07:17.495 8 INFO neutron.db.ovn_revision_numbers_db [None req-b246ce03-c065-44f6-a622-ca248f8e2121 73c87c74924e43ec99d488a7201884e4 f31f3208ec054e73a3074958b07fa407 - - default default] Successfully bumped revision number for resource 7080f6b9-6855-4c34-8741-25f3fdf5327a (type: security_group_rules) to 0
2026-07-12 03:07:17.511 8 INFO neutron.db.ovn_revision_numbers_db [None req-b246ce03-c065-44f6-a622-ca248f8e2121 73c87c74924e43ec99d488a7201884e4 f31f3208ec054e73a3074958b07fa407 - - default default] Successfully bumped revision number for resource 97c84e8f-3603-4ab0-9570-d4701104fe31 (type: security_group_rules) to 0 [pid: 8|app: 0|req: 589/1119] 10.0.0.12 () {32 vars in 772 bytes} [Sun Jul 12 03:07:17 2026] GET /v2.0/security-groups?tenant_id=32a9c15178024a01bf6b6c79ead909b7&name=default => generated 2925 bytes in 335 msecs (HTTP/1.1 200) 4 headers in 158 bytes (1 switches on core 0) [pid: 7|app: 0|req: 531/1120] 10.0.0.12 () {32 vars in 724 bytes} [Sun Jul 12 03:07:17 2026] DELETE /v2.0/networks/dc80022b-cf33-49b4-9aa7-dddcdc23a451 => generated 0 bytes in 392 msecs (HTTP/1.1 204) 3 headers in 131 bytes (1 switches on core 0) [pid: 8|app: 0|req: 590/1121] 10.0.0.12 () {32 vars in 738 bytes} [Sun Jul 12 03:07:17 2026] DELETE /v2.0/security-groups/a3b54ab9-12b2-4dc8-9daa-a4ad9cf8124e => generated 0 bytes in 234 msecs (HTTP/1.1 204) 2 headers in 112 bytes (1 switches on core 0) [pid: 7|app: 0|req: 532/1122] 10.0.0.23 () {34 vars in 1068 bytes} [Sun Jul 12 03:07:17 2026] GET /v2.0/ports?fields=security_groups&fields=device_id&device_id=a211254f-4061-43b5-9c4e-f0b915d65f23 => generated 12 bytes in 20 msecs (HTTP/1.1 200) 4 headers in 156 bytes (1 switches on core 0)
2026-07-12 03:07:18.281 7 INFO neutron.services.segments.plugin [-] Segment 7d1d01e5-c868-4dca-b381-012e8c87a44f resource provider aggregate not found
2026-07-12 03:07:18.292 7 INFO neutron.services.segments.plugin [-] Segment 7d1d01e5-c868-4dca-b381-012e8c87a44f resource provider aggregate not found
2026-07-12 03:07:18.296 7 INFO neutron.services.segments.plugin [-] Client error retrieving segment 7d1d01e5-c868-4dca-b381-012e8c87a44f resource provider; error: Placement Client Error (4xx): {"errors": [{"status": 404, "title": "Not Found", "detail": "The resource could not be found.\n\n No resource provider with uuid 7d1d01e5-c868-4dca-b381-012e8c87a44f found for delete ", "request_id": "req-ddefd731-9acf-44d6-a64a-3b738816bf42"}]}
2026-07-12 03:07:18.306 7 INFO neutron.services.segments.plugin [-] Client error retrieving segment 7d1d01e5-c868-4dca-b381-012e8c87a44f resource provider; error: Placement Client Error (4xx): {"errors": [{"status": 404, "title": "Not Found", "detail": "The resource could not be found.\n\n No resource provider with uuid 7d1d01e5-c868-4dca-b381-012e8c87a44f found for delete ", "request_id": "req-a07b0a20-26e5-4a31-9a2e-57f66e5d0679"}]}
2026-07-12 03:07:18.377 8 WARNING neutron.db.securitygroups_db [None req-82cd84c2-1b36-4b74-a0cf-c0e2b359eb4a 73c87c74924e43ec99d488a7201884e4 f31f3208ec054e73a3074958b07fa407 - - default default] project_id key not found in filters, using tenant_id instead. This support has been deprecated and will be removed in a future release. [pid: 8|app: 0|req: 591/1123] 10.0.0.12 () {32 vars in 772 bytes} [Sun Jul 12 03:07:18 2026] GET /v2.0/security-groups?tenant_id=f7a67673306e417cb522e79900cddea5&name=default => generated 2925 bytes in 148 msecs (HTTP/1.1 200) 4 headers in 158 bytes (1 switches on core 0) [pid: 7|app: 0|req: 533/1124] 10.0.0.12 () {32 vars in 738 bytes} [Sun Jul 12 03:07:18 2026] DELETE /v2.0/security-groups/95c73ab4-7330-40d0-b9b3-0ddc152eaff9 => generated 0 bytes in 199 msecs (HTTP/1.1 204) 2 headers in 112 bytes (1 switches on core 0) [pid: 8|app: 0|req: 592/1125] 10.0.0.23 () {34 vars in 1068 bytes} [Sun Jul 12 03:07:19 2026] GET /v2.0/ports?fields=security_groups&fields=device_id&device_id=a211254f-4061-43b5-9c4e-f0b915d65f23 => generated 12 bytes in 22 msecs (HTTP/1.1 200) 4 headers in 156 bytes (1 switches on core 0)
2026-07-12 03:07:19.902 8 WARNING neutron.plugins.ml2.drivers.ovn.mech_driver.ovsdb.ovn_client [None req-80830216-0f12-40ac-a5ca-f3555df869b8 - - - - - -] No hosting information found for port a8e5a920-dbc7-47d4-9492-e6c852e542a5: RuntimeError: No hosting information found for port a8e5a920-dbc7-47d4-9492-e6c852e542a5
2026-07-12 03:07:19.939 8 INFO neutron.common.ovn.utils [None req-80830216-0f12-40ac-a5ca-f3555df869b8 - - - - - -] HA Chassis Group neutron-0e93f01a-4424-4b3b-8ed4-a7c6e8151bc3 synchronized; highest priority chassis ed0d378e-3b58-43dd-960e-0d0b7f1afa65
2026-07-12 03:07:20.060 8 INFO neutron.db.ovn_revision_numbers_db [None req-80830216-0f12-40ac-a5ca-f3555df869b8 - - - - - -] Successfully bumped revision number for resource a8e5a920-dbc7-47d4-9492-e6c852e542a5 (type: router_ports) to 2
2026-07-12 03:07:20.061 8 INFO neutron.plugins.ml2.drivers.ovn.mech_driver.mech_driver [None req-80830216-0f12-40ac-a5ca-f3555df869b8 - - - - - -] OVN reports status down for port: ab7cd81d-592e-461c-bf25-222746552e95 [pid: 7|app: 0|req: 534/1126] 10.0.0.23 () {34 vars in 1068 bytes} [Sun Jul 12 03:07:20 2026] GET /v2.0/ports?fields=security_groups&fields=device_id&device_id=a211254f-4061-43b5-9c4e-f0b915d65f23 => generated 12 bytes in 21 msecs (HTTP/1.1 200) 4 headers in 156 bytes (1 switches on core 0)
2026-07-12 03:07:20.431 8 WARNING neutron.db.securitygroups_db [None req-8fd007fd-42be-4f76-af94-1ec3a1330a6d 73c87c74924e43ec99d488a7201884e4 f31f3208ec054e73a3074958b07fa407 - - default default] project_id key not found in filters, using tenant_id instead. This support has been deprecated and will be removed in a future release.
2026-07-12 03:07:20.554 8 INFO neutron.db.ovn_revision_numbers_db [None req-8fd007fd-42be-4f76-af94-1ec3a1330a6d 73c87c74924e43ec99d488a7201884e4 f31f3208ec054e73a3074958b07fa407 - - default default] Successfully bumped revision number for resource 0e135b94-80b7-41c1-8141-566fd3ef5a4f (type: security_groups) to 1
2026-07-12 03:07:20.565 8 INFO neutron.db.ovn_revision_numbers_db [None req-8fd007fd-42be-4f76-af94-1ec3a1330a6d 73c87c74924e43ec99d488a7201884e4 f31f3208ec054e73a3074958b07fa407 - - default default] Successfully bumped revision number for resource 1dea9176-e4ce-4265-8fb7-771d24bafa9a (type: security_group_rules) to 0
2026-07-12 03:07:20.577 8 INFO neutron.db.ovn_revision_numbers_db [None req-8fd007fd-42be-4f76-af94-1ec3a1330a6d 73c87c74924e43ec99d488a7201884e4 f31f3208ec054e73a3074958b07fa407 - - default default] Successfully bumped revision number for resource 20621141-b14c-42d0-8c13-cd722d50db84 (type: security_group_rules) to 0
2026-07-12 03:07:20.588 8 INFO neutron.db.ovn_revision_numbers_db [None req-8fd007fd-42be-4f76-af94-1ec3a1330a6d 73c87c74924e43ec99d488a7201884e4 f31f3208ec054e73a3074958b07fa407 - - default default] Successfully bumped revision number for resource 7b115bb1-2589-4122-8477-bc84bc6d4a33 (type: security_group_rules) to 0
2026-07-12 03:07:20.601 8 INFO neutron.db.ovn_revision_numbers_db [None req-8fd007fd-42be-4f76-af94-1ec3a1330a6d 73c87c74924e43ec99d488a7201884e4 f31f3208ec054e73a3074958b07fa407 - - default default] Successfully bumped revision number for resource eebfee05-462a-45f2-953d-29dc400b4eed (type: security_group_rules) to 0 [pid: 8|app: 0|req: 593/1127] 10.0.0.12 () {32 vars in 772 bytes} [Sun Jul 12 03:07:20 2026] GET /v2.0/security-groups?tenant_id=9a239f0159e2413c99372b643bdbe004&name=default => generated 2925 bytes in 306 msecs (HTTP/1.1 200) 4 headers in 158 bytes (1 switches on core 0) [pid: 8|app: 0|req: 594/1128] 10.0.0.12 () {32 vars in 738 bytes} [Sun Jul 12 03:07:20 2026] DELETE /v2.0/security-groups/0e135b94-80b7-41c1-8141-566fd3ef5a4f => generated 0 bytes in 171 msecs (HTTP/1.1 204) 2 headers in 112 bytes (1 switches on core 0)
2026-07-12 03:07:20.950 7 INFO neutron.db.ovn_revision_numbers_db [None req-afdea916-f487-4363-9b2c-464a522f4f8c 25f6e7bc1d7d463dbeee838bf5288e92 0810899467b8474b9b1ecc54662c2b7b - - default default] Successfully bumped revision number for resource 96be68f1-9a90-42f6-af92-66f9b864a2be (type: security_groups) to 1
2026-07-12 03:07:20.968 7 INFO neutron.db.ovn_revision_numbers_db [None req-afdea916-f487-4363-9b2c-464a522f4f8c 25f6e7bc1d7d463dbeee838bf5288e92 0810899467b8474b9b1ecc54662c2b7b - - default default] Successfully bumped revision number for resource 558c6ab8-d2aa-4c6a-acba-297b92e209d7 (type: security_group_rules) to 0
2026-07-12 03:07:20.984 7 INFO neutron.db.ovn_revision_numbers_db [None req-afdea916-f487-4363-9b2c-464a522f4f8c 25f6e7bc1d7d463dbeee838bf5288e92 0810899467b8474b9b1ecc54662c2b7b - - default default] Successfully bumped revision number for resource 5f8f667c-3902-4822-91d8-aabc1bf61ac5 (type: security_group_rules) to 0
2026-07-12 03:07:21.003 7 INFO neutron.db.ovn_revision_numbers_db [None req-afdea916-f487-4363-9b2c-464a522f4f8c 25f6e7bc1d7d463dbeee838bf5288e92 0810899467b8474b9b1ecc54662c2b7b - - default default] Successfully bumped revision number for resource b191e2d3-d73d-4632-a953-92426a3e721e (type: security_group_rules) to 0
2026-07-12 03:07:21.030 7 INFO neutron.db.ovn_revision_numbers_db [None req-afdea916-f487-4363-9b2c-464a522f4f8c 25f6e7bc1d7d463dbeee838bf5288e92 0810899467b8474b9b1ecc54662c2b7b - - default default] Successfully bumped revision number for resource ddf1060b-5426-47cb-a7a6-b512d8cde081 (type: security_group_rules) to 0
2026-07-12 03:07:21.111 7 INFO neutron.db.segments_db [None req-afdea916-f487-4363-9b2c-464a522f4f8c 25f6e7bc1d7d463dbeee838bf5288e92 0810899467b8474b9b1ecc54662c2b7b - - default default] Added segment 495749ca-4be3-43c4-9e9d-ef27a5c14c1e of type geneve for network 1f6de87a-df87-46a4-9f54-ae5fb8c6159b
2026-07-12 03:07:21.227 7 INFO neutron.db.ovn_revision_numbers_db [None req-afdea916-f487-4363-9b2c-464a522f4f8c 25f6e7bc1d7d463dbeee838bf5288e92 0810899467b8474b9b1ecc54662c2b7b - - default default] Successfully bumped revision number for resource 1f6de87a-df87-46a4-9f54-ae5fb8c6159b (type: networks) to 1
2026-07-12 03:07:21.376 7 WARNING neutron.scheduler.dhcp_agent_scheduler [None req-afdea916-f487-4363-9b2c-464a522f4f8c 25f6e7bc1d7d463dbeee838bf5288e92 0810899467b8474b9b1ecc54662c2b7b - - default default] No more DHCP agents
2026-07-12 03:07:21.378 7 WARNING neutron.api.rpc.agentnotifiers.dhcp_rpc_agent_api [None req-afdea916-f487-4363-9b2c-464a522f4f8c 25f6e7bc1d7d463dbeee838bf5288e92 0810899467b8474b9b1ecc54662c2b7b - - default default] Unable to schedule network 1f6de87a-df87-46a4-9f54-ae5fb8c6159b: no agents available; will retry on subsequent port and subnet creation events.
2026-07-12 03:07:21.385 8 WARNING neutron.db.securitygroups_db [None req-a094f544-7b64-4bd1-9c52-feb719b54802 73c87c74924e43ec99d488a7201884e4 f31f3208ec054e73a3074958b07fa407 - - default default] project_id key not found in filters, using tenant_id instead. This support has been deprecated and will be removed in a future release.
2026-07-12 03:07:21.430 8 INFO neutron.plugins.ml2.drivers.ovn.mech_driver.mech_driver [None req-80830216-0f12-40ac-a5ca-f3555df869b8 - - - - - -] OVN reports status down for port: b7049135-344d-46f4-8de3-ac475d365843
2026-07-12 03:07:21.453 7 INFO neutron.db.ovn_revision_numbers_db [None req-afdea916-f487-4363-9b2c-464a522f4f8c 25f6e7bc1d7d463dbeee838bf5288e92 0810899467b8474b9b1ecc54662c2b7b - - default default] Successfully bumped revision number for resource b7049135-344d-46f4-8de3-ac475d365843 (type: ports) to 1 [pid: 7|app: 0|req: 535/1129] 10.0.0.12 () {34 vars in 668 bytes} [Sun Jul 12 03:07:20 2026] POST /v2.0/networks => generated 672 bytes in 872 msecs (HTTP/1.1 201) 4 headers in 162 bytes (1 switches on core 0) [pid: 7|app: 0|req: 536/1130] 10.0.0.23 () {34 vars in 1068 bytes} [Sun Jul 12 03:07:21 2026] GET /v2.0/ports?fields=security_groups&fields=device_id&device_id=a211254f-4061-43b5-9c4e-f0b915d65f23 => generated 12 bytes in 16 msecs (HTTP/1.1 200) 4 headers in 156 bytes (1 switches on core 0)
2026-07-12 03:07:21.567 8 INFO neutron.db.ovn_revision_numbers_db [None req-a094f544-7b64-4bd1-9c52-feb719b54802 73c87c74924e43ec99d488a7201884e4 f31f3208ec054e73a3074958b07fa407 - - default default] Successfully bumped revision number for resource a921faa8-f59c-494e-a5f6-81f7aea75a9b (type: security_groups) to 1
2026-07-12 03:07:21.577 8 INFO neutron.db.ovn_revision_numbers_db [None req-a094f544-7b64-4bd1-9c52-feb719b54802 73c87c74924e43ec99d488a7201884e4 f31f3208ec054e73a3074958b07fa407 - - default default] Successfully bumped revision number for resource 2610c556-3104-4f6e-83ac-aa547c41b383 (type: security_group_rules) to 0 [pid: 7|app: 0|req: 537/1131] 199.204.45.229 () {34 vars in 985 bytes} [Sun Jul 12 03:07:21 2026] GET /v2.0/networks?id=0e93f01a-4424-4b3b-8ed4-a7c6e8151bc3 => generated 714 bytes in 87 msecs (HTTP/1.1 200) 4 headers in 157 bytes (1 switches on core 0)
2026-07-12 03:07:21.589 8 INFO neutron.db.ovn_revision_numbers_db [None req-a094f544-7b64-4bd1-9c52-feb719b54802 73c87c74924e43ec99d488a7201884e4 f31f3208ec054e73a3074958b07fa407 - - default default] Successfully bumped revision number for resource 2c7fe8ee-ae6c-4bfc-a30a-c36f31a25940 (type: security_group_rules) to 0
2026-07-12 03:07:21.600 8 INFO neutron.db.ovn_revision_numbers_db [None req-a094f544-7b64-4bd1-9c52-feb719b54802 73c87c74924e43ec99d488a7201884e4 f31f3208ec054e73a3074958b07fa407 - - default default] Successfully bumped revision number for resource 656768e6-ca28-4a3b-b0e3-85a1c6973718 (type: security_group_rules) to 0
2026-07-12 03:07:21.613 8 INFO neutron.db.ovn_revision_numbers_db [None req-a094f544-7b64-4bd1-9c52-feb719b54802 73c87c74924e43ec99d488a7201884e4 f31f3208ec054e73a3074958b07fa407 - - default default] Successfully bumped revision number for resource 6be174ec-4d06-4bba-be71-999ec1fc8543 (type: security_group_rules) to 0 [pid: 8|app: 0|req: 595/1132] 10.0.0.12 () {32 vars in 772 bytes} [Sun Jul 12 03:07:21 2026] GET /v2.0/security-groups?tenant_id=cf29ccf1f26b42939b46b6498d1d4e60&name=default => generated 2925 bytes in 419 msecs (HTTP/1.1 200) 4 headers in 158 bytes (1 switches on core 0)
2026-07-12 03:07:21.654 8 WARNING neutron.db.securitygroups_db [req-fc3b345c-5da4-41d5-bf9b-7333c20e397e req-c4c3f8fb-bca8-420f-b501-45fdf5ea66ee bc45751e8660448cbe0b48f556c3bb07 c98d94b76eab4b06835274389cc7cd12 - - default default] project_id key not found in filters, using tenant_id instead. This support has been deprecated and will be removed in a future release.
2026-07-12 03:07:21.659 7 INFO neutron.db.segments_db [None req-97d3143a-4ae6-4bea-a524-b0290478dd65 25f6e7bc1d7d463dbeee838bf5288e92 0810899467b8474b9b1ecc54662c2b7b - - default default] Added segment 24b3d131-4da7-431c-ad7d-fb2ebd19c44a of type geneve for network 296a9eee-cd66-4dec-97eb-778684ae6c28 [pid: 8|app: 0|req: 596/1133] 199.204.45.229 () {34 vars in 1049 bytes} [Sun Jul 12 03:07:21 2026] GET /v2.0/security-groups?fields=id&fields=name&tenant_id=c98d94b76eab4b06835274389cc7cd12 => generated 181 bytes in 39 msecs (HTTP/1.1 200) 4 headers in 157 bytes (1 switches on core 0)
2026-07-12 03:07:21.761 7 INFO neutron.db.ovn_revision_numbers_db [None req-97d3143a-4ae6-4bea-a524-b0290478dd65 25f6e7bc1d7d463dbeee838bf5288e92 0810899467b8474b9b1ecc54662c2b7b - - default default] Successfully bumped revision number for resource 296a9eee-cd66-4dec-97eb-778684ae6c28 (type: networks) to 1 [pid: 8|app: 0|req: 597/1134] 10.0.0.12 () {32 vars in 738 bytes} [Sun Jul 12 03:07:21 2026] DELETE /v2.0/security-groups/a921faa8-f59c-494e-a5f6-81f7aea75a9b => generated 0 bytes in 175 msecs (HTTP/1.1 204) 2 headers in 112 bytes (1 switches on core 0)
2026-07-12 03:07:21.952 7 WARNING neutron.scheduler.dhcp_agent_scheduler [None req-97d3143a-4ae6-4bea-a524-b0290478dd65 25f6e7bc1d7d463dbeee838bf5288e92 0810899467b8474b9b1ecc54662c2b7b - - default default] No more DHCP agents
