2026-07-12 03:07:33.730 8 INFO placement.requestlog [None req-d07e1a7c-5f90-47db-9e67-21ff94aaca9d b360a7d2f8ab4344b817f6abbad00aae a6cfba9d2cff4b0193481bceef61191b - - 7c4fee9bcefb4f789340ca590d3b5b45 7c4fee9bcefb4f789340ca590d3b5b45] 10.0.0.50 "DELETE /resource_providers/67439999-de6b-4614-89af-d81b33f98eb5" status: 404 len: 246 microversion: 1.1 [pid: 8|app: 0|req: 397/792] 10.0.0.50 () {34 vars in 815 bytes} [Sun Jul 12 03:07:33 2026] DELETE /resource_providers/67439999-de6b-4614-89af-d81b33f98eb5 => generated 246 bytes in 15 msecs (HTTP/1.1 404) 6 headers in 231 bytes (1 switches on core 0)
2026-07-12 03:07:33.746 7 INFO placement.requestlog [None req-74a90e6f-598d-4ceb-ab59-da93278fbba9 b360a7d2f8ab4344b817f6abbad00aae a6cfba9d2cff4b0193481bceef61191b - - 7c4fee9bcefb4f789340ca590d3b5b45 7c4fee9bcefb4f789340ca590d3b5b45] 10.0.0.50 "GET /resource_providers/1a4e5330-1738-43fc-8fe2-72ebcdb299f5/aggregates" status: 404 len: 235 microversion: 1.1 [pid: 7|app: 0|req: 396/793] 10.0.0.50 () {32 vars in 815 bytes} [Sun Jul 12 03:07:33 2026] GET /resource_providers/1a4e5330-1738-43fc-8fe2-72ebcdb299f5/aggregates => generated 235 bytes in 9 msecs (HTTP/1.1 404) 5 headers in 202 bytes (1 switches on core 0)
2026-07-12 03:07:33.767 7 INFO placement.requestlog [None req-f00e1e75-8f51-4a41-af15-5f3d25da9d28 b360a7d2f8ab4344b817f6abbad00aae a6cfba9d2cff4b0193481bceef61191b - - 7c4fee9bcefb4f789340ca590d3b5b45 7c4fee9bcefb4f789340ca590d3b5b45] 10.0.0.50 "DELETE /resource_providers/1a4e5330-1738-43fc-8fe2-72ebcdb299f5" status: 404 len: 246 microversion: 1.1 [pid: 7|app: 0|req: 397/794] 10.0.0.50 () {34 vars in 815 bytes} [Sun Jul 12 03:07:33 2026] DELETE /resource_providers/1a4e5330-1738-43fc-8fe2-72ebcdb299f5 => generated 246 bytes in 9 msecs (HTTP/1.1 404) 6 headers in 231 bytes (1 switches on core 0)
2026-07-12 03:07:33.771 8 INFO placement.requestlog [None req-f9442caf-e5e0-470c-9deb-2f7937dd6a88 b360a7d2f8ab4344b817f6abbad00aae a6cfba9d2cff4b0193481bceef61191b - - 7c4fee9bcefb4f789340ca590d3b5b45 7c4fee9bcefb4f789340ca590d3b5b45] 10.0.0.50 "GET /resource_providers/1a4e5330-1738-43fc-8fe2-72ebcdb299f5/aggregates" status: 404 len: 235 microversion: 1.1 [pid: 8|app: 0|req: 398/795] 10.0.0.50 () {32 vars in 815 bytes} [Sun Jul 12 03:07:33 2026] GET /resource_providers/1a4e5330-1738-43fc-8fe2-72ebcdb299f5/aggregates => generated 235 bytes in 13 msecs (HTTP/1.1 404) 5 headers in 202 bytes (1 switches on core 0)
2026-07-12 03:07:33.789 7 INFO placement.requestlog [None req-919d7694-fd3c-4336-89c9-8c1c06ebed57 b360a7d2f8ab4344b817f6abbad00aae a6cfba9d2cff4b0193481bceef61191b - - 7c4fee9bcefb4f789340ca590d3b5b45 7c4fee9bcefb4f789340ca590d3b5b45] 10.0.0.50 "DELETE /resource_providers/1a4e5330-1738-43fc-8fe2-72ebcdb299f5" status: 404 len: 246 microversion: 1.1 [pid: 7|app: 0|req: 398/796] 10.0.0.50 () {34 vars in 815 bytes} [Sun Jul 12 03:07:33 2026] DELETE /resource_providers/1a4e5330-1738-43fc-8fe2-72ebcdb299f5 => generated 246 bytes in 9 msecs (HTTP/1.1 404) 6 headers in 231 bytes (1 switches on core 0)
2026-07-12 03:07:34.421 8 INFO placement.requestlog [None req-99e4806c-1aec-41c2-aecc-ab2cc7b8daae b360a7d2f8ab4344b817f6abbad00aae a6cfba9d2cff4b0193481bceef61191b - - 7c4fee9bcefb4f789340ca590d3b5b45 7c4fee9bcefb4f789340ca590d3b5b45] 10.0.0.50 "GET /resource_providers/495749ca-4be3-43c4-9e9d-ef27a5c14c1e/aggregates" status: 404 len: 235 microversion: 1.1 [pid: 8|app: 0|req: 399/797] 10.0.0.50 () {32 vars in 815 bytes} [Sun Jul 12 03:07:34 2026] GET /resource_providers/495749ca-4be3-43c4-9e9d-ef27a5c14c1e/aggregates => generated 235 bytes in 14 msecs (HTTP/1.1 404) 5 headers in 202 bytes (1 switches on core 0)
2026-07-12 03:07:34.422 7 INFO placement.requestlog [None req-e5497985-bb30-4f8f-b757-4a734f610fb5 b360a7d2f8ab4344b817f6abbad00aae a6cfba9d2cff4b0193481bceef61191b - - 7c4fee9bcefb4f789340ca590d3b5b45 7c4fee9bcefb4f789340ca590d3b5b45] 10.0.0.50 "GET /resource_providers/495749ca-4be3-43c4-9e9d-ef27a5c14c1e/aggregates" status: 404 len: 235 microversion: 1.1 [pid: 7|app: 0|req: 399/798] 10.0.0.50 () {32 vars in 815 bytes} [Sun Jul 12 03:07:34 2026] GET /resource_providers/495749ca-4be3-43c4-9e9d-ef27a5c14c1e/aggregates => generated 235 bytes in 10 msecs (HTTP/1.1 404) 5 headers in 202 bytes (1 switches on core 0)
2026-07-12 03:07:34.443 8 INFO placement.requestlog [None req-e6806200-55a2-436a-9fa1-8e07b886bd07 b360a7d2f8ab4344b817f6abbad00aae a6cfba9d2cff4b0193481bceef61191b - - 7c4fee9bcefb4f789340ca590d3b5b45 7c4fee9bcefb4f789340ca590d3b5b45] 10.0.0.50 "DELETE /resource_providers/495749ca-4be3-43c4-9e9d-ef27a5c14c1e" status: 404 len: 246 microversion: 1.1 [pid: 8|app: 0|req: 400/799] 10.0.0.50 () {34 vars in 815 bytes} [Sun Jul 12 03:07:34 2026] DELETE /resource_providers/495749ca-4be3-43c4-9e9d-ef27a5c14c1e => generated 246 bytes in 11 msecs (HTTP/1.1 404) 6 headers in 231 bytes (1 switches on core 0)
2026-07-12 03:07:34.445 7 INFO placement.requestlog [None req-685fd7a4-346e-4980-b1ca-91cdc1a36e6b b360a7d2f8ab4344b817f6abbad00aae a6cfba9d2cff4b0193481bceef61191b - - 7c4fee9bcefb4f789340ca590d3b5b45 7c4fee9bcefb4f789340ca590d3b5b45] 10.0.0.50 "DELETE /resource_providers/495749ca-4be3-43c4-9e9d-ef27a5c14c1e" status: 404 len: 246 microversion: 1.1 [pid: 7|app: 0|req: 400/800] 10.0.0.50 () {34 vars in 815 bytes} [Sun Jul 12 03:07:34 2026] DELETE /resource_providers/495749ca-4be3-43c4-9e9d-ef27a5c14c1e => generated 246 bytes in 11 msecs (HTTP/1.1 404) 6 headers in 231 bytes (1 switches on core 0)
2026-07-12 03:07:35.789 8 INFO placement.requestlog [None req-4a26e780-230e-4ef4-aa15-34ce5e756124 b360a7d2f8ab4344b817f6abbad00aae a6cfba9d2cff4b0193481bceef61191b - - 7c4fee9bcefb4f789340ca590d3b5b45 7c4fee9bcefb4f789340ca590d3b5b45] 10.0.0.50 "GET /resource_providers/24b3d131-4da7-431c-ad7d-fb2ebd19c44a/aggregates" status: 404 len: 235 microversion: 1.1 [pid: 8|app: 0|req: 401/801] 10.0.0.50 () {32 vars in 815 bytes} [Sun Jul 12 03:07:35 2026] GET /resource_providers/24b3d131-4da7-431c-ad7d-fb2ebd19c44a/aggregates => generated 235 bytes in 8 msecs (HTTP/1.1 404) 5 headers in 202 bytes (1 switches on core 0)
2026-07-12 03:07:35.813 7 INFO placement.requestlog [None req-509f0577-ab5a-4e84-982c-1881af193814 b360a7d2f8ab4344b817f6abbad00aae a6cfba9d2cff4b0193481bceef61191b - - 7c4fee9bcefb4f789340ca590d3b5b45 7c4fee9bcefb4f789340ca590d3b5b45] 10.0.0.50 "GET /resource_providers/24b3d131-4da7-431c-ad7d-fb2ebd19c44a/aggregates" status: 404 len: 235 microversion: 1.1 [pid: 7|app: 0|req: 401/802] 10.0.0.50 () {32 vars in 815 bytes} [Sun Jul 12 03:07:35 2026] GET /resource_providers/24b3d131-4da7-431c-ad7d-fb2ebd19c44a/aggregates => generated 235 bytes in 14 msecs (HTTP/1.1 404) 5 headers in 202 bytes (1 switches on core 0)
2026-07-12 03:07:35.814 8 INFO placement.requestlog [None req-b7b537f0-38aa-45bd-afb1-52d1555ecdb1 b360a7d2f8ab4344b817f6abbad00aae a6cfba9d2cff4b0193481bceef61191b - - 7c4fee9bcefb4f789340ca590d3b5b45 7c4fee9bcefb4f789340ca590d3b5b45] 10.0.0.50 "DELETE /resource_providers/24b3d131-4da7-431c-ad7d-fb2ebd19c44a" status: 404 len: 246 microversion: 1.1 [pid: 8|app: 0|req: 402/803] 10.0.0.50 () {34 vars in 815 bytes} [Sun Jul 12 03:07:35 2026] DELETE /resource_providers/24b3d131-4da7-431c-ad7d-fb2ebd19c44a => generated 246 bytes in 9 msecs (HTTP/1.1 404) 6 headers in 231 bytes (1 switches on core 0)
2026-07-12 03:07:35.833 7 INFO placement.requestlog [None req-3465a7f1-2f77-42ed-9cef-c77a767a79ec b360a7d2f8ab4344b817f6abbad00aae a6cfba9d2cff4b0193481bceef61191b - - 7c4fee9bcefb4f789340ca590d3b5b45 7c4fee9bcefb4f789340ca590d3b5b45] 10.0.0.50 "DELETE /resource_providers/24b3d131-4da7-431c-ad7d-fb2ebd19c44a" status: 404 len: 246 microversion: 1.1 [pid: 7|app: 0|req: 402/804] 10.0.0.50 () {34 vars in 815 bytes} [Sun Jul 12 03:07:35 2026] DELETE /resource_providers/24b3d131-4da7-431c-ad7d-fb2ebd19c44a => generated 246 bytes in 9 msecs (HTTP/1.1 404) 6 headers in 231 bytes (1 switches on core 0)
2026-07-12 03:07:37.697 8 INFO placement.requestlog [None req-f1809f27-5365-4864-9766-e879b508587e b360a7d2f8ab4344b817f6abbad00aae a6cfba9d2cff4b0193481bceef61191b - - 7c4fee9bcefb4f789340ca590d3b5b45 7c4fee9bcefb4f789340ca590d3b5b45] 10.0.0.50 "GET /resource_providers/2b7cccf4-43bb-45e8-a2df-5ab4f0b25a40/aggregates" status: 404 len: 235 microversion: 1.1 [pid: 8|app: 0|req: 403/805] 10.0.0.50 () {32 vars in 815 bytes} [Sun Jul 12 03:07:37 2026] GET /resource_providers/2b7cccf4-43bb-45e8-a2df-5ab4f0b25a40/aggregates => generated 235 bytes in 9 msecs (HTTP/1.1 404) 5 headers in 202 bytes (1 switches on core 0)
2026-07-12 03:07:37.700 7 INFO placement.requestlog [None req-4d654dac-29a4-44d3-b7f2-6a431a2bfdd0 b360a7d2f8ab4344b817f6abbad00aae a6cfba9d2cff4b0193481bceef61191b - - 7c4fee9bcefb4f789340ca590d3b5b45 7c4fee9bcefb4f789340ca590d3b5b45] 10.0.0.50 "GET /resource_providers/2b7cccf4-43bb-45e8-a2df-5ab4f0b25a40/aggregates" status: 404 len: 235 microversion: 1.1 [pid: 7|app: 0|req: 403/806] 10.0.0.50 () {32 vars in 815 bytes} [Sun Jul 12 03:07:37 2026] GET /resource_providers/2b7cccf4-43bb-45e8-a2df-5ab4f0b25a40/aggregates => generated 235 bytes in 11 msecs (HTTP/1.1 404) 5 headers in 202 bytes (1 switches on core 0)
2026-07-12 03:07:37.722 8 INFO placement.requestlog [None req-14c00429-df13-412a-bce4-fed8ee7ed716 b360a7d2f8ab4344b817f6abbad00aae a6cfba9d2cff4b0193481bceef61191b - - 7c4fee9bcefb4f789340ca590d3b5b45 7c4fee9bcefb4f789340ca590d3b5b45] 10.0.0.50 "DELETE /resource_providers/2b7cccf4-43bb-45e8-a2df-5ab4f0b25a40" status: 404 len: 246 microversion: 1.1 [pid: 8|app: 0|req: 404/807] 10.0.0.50 () {34 vars in 815 bytes} [Sun Jul 12 03:07:37 2026] DELETE /resource_providers/2b7cccf4-43bb-45e8-a2df-5ab4f0b25a40 => generated 246 bytes in 12 msecs (HTTP/1.1 404) 6 headers in 231 bytes (1 switches on core 0)
2026-07-12 03:07:37.725 7 INFO placement.requestlog [None req-8e7a9c08-2997-485c-bb98-c41306b4bdee b360a7d2f8ab4344b817f6abbad00aae a6cfba9d2cff4b0193481bceef61191b - - 7c4fee9bcefb4f789340ca590d3b5b45 7c4fee9bcefb4f789340ca590d3b5b45] 10.0.0.50 "DELETE /resource_providers/2b7cccf4-43bb-45e8-a2df-5ab4f0b25a40" status: 404 len: 246 microversion: 1.1 [pid: 7|app: 0|req: 404/808] 10.0.0.50 () {34 vars in 815 bytes} [Sun Jul 12 03:07:37 2026] DELETE /resource_providers/2b7cccf4-43bb-45e8-a2df-5ab4f0b25a40 => generated 246 bytes in 9 msecs (HTTP/1.1 404) 6 headers in 231 bytes (1 switches on core 0)
2026-07-12 03:07:39.741 8 INFO placement.requestlog [None req-c14e5640-deca-4c79-b06a-5b5e21533c3c b360a7d2f8ab4344b817f6abbad00aae a6cfba9d2cff4b0193481bceef61191b - - 7c4fee9bcefb4f789340ca590d3b5b45 7c4fee9bcefb4f789340ca590d3b5b45] 10.0.0.50 "GET /resource_providers/17052b09-3042-4283-811c-5af2dff1cd2d/aggregates" status: 404 len: 235 microversion: 1.1 [pid: 8|app: 0|req: 405/809] 10.0.0.50 () {32 vars in 815 bytes} [Sun Jul 12 03:07:39 2026] GET /resource_providers/17052b09-3042-4283-811c-5af2dff1cd2d/aggregates => generated 235 bytes in 7 msecs (HTTP/1.1 404) 5 headers in 202 bytes (1 switches on core 0)
2026-07-12 03:07:39.753 7 INFO placement.requestlog [None req-85f0419f-8863-4e37-b31f-6ade403a3e5c b360a7d2f8ab4344b817f6abbad00aae a6cfba9d2cff4b0193481bceef61191b - - 7c4fee9bcefb4f789340ca590d3b5b45 7c4fee9bcefb4f789340ca590d3b5b45] 10.0.0.50 "GET /resource_providers/17052b09-3042-4283-811c-5af2dff1cd2d/aggregates" status: 404 len: 235 microversion: 1.1 [pid: 7|app: 0|req: 405/810] 10.0.0.50 () {32 vars in 815 bytes} [Sun Jul 12 03:07:39 2026] GET /resource_providers/17052b09-3042-4283-811c-5af2dff1cd2d/aggregates => generated 235 bytes in 12 msecs (HTTP/1.1 404) 5 headers in 202 bytes (1 switches on core 0)
2026-07-12 03:07:39.755 8 INFO placement.requestlog [None req-641d4220-47da-4ba7-97b1-c982ed2210c7 b360a7d2f8ab4344b817f6abbad00aae a6cfba9d2cff4b0193481bceef61191b - - 7c4fee9bcefb4f789340ca590d3b5b45 7c4fee9bcefb4f789340ca590d3b5b45] 10.0.0.50 "DELETE /resource_providers/17052b09-3042-4283-811c-5af2dff1cd2d" status: 404 len: 246 microversion: 1.1 [pid: 8|app: 0|req: 406/811] 10.0.0.50 () {34 vars in 815 bytes} [Sun Jul 12 03:07:39 2026] DELETE /resource_providers/17052b09-3042-4283-811c-5af2dff1cd2d => generated 246 bytes in 8 msecs (HTTP/1.1 404) 6 headers in 231 bytes (1 switches on core 0)
2026-07-12 03:07:39.775 7 INFO placement.requestlog [None req-ed10d59f-12f6-47fb-bc55-c631cfe817ae b360a7d2f8ab4344b817f6abbad00aae a6cfba9d2cff4b0193481bceef61191b - - 7c4fee9bcefb4f789340ca590d3b5b45 7c4fee9bcefb4f789340ca590d3b5b45] 10.0.0.50 "DELETE /resource_providers/17052b09-3042-4283-811c-5af2dff1cd2d" status: 404 len: 246 microversion: 1.1 [pid: 7|app: 0|req: 406/812] 10.0.0.50 () {34 vars in 815 bytes} [Sun Jul 12 03:07:39 2026] DELETE /resource_providers/17052b09-3042-4283-811c-5af2dff1cd2d => generated 246 bytes in 14 msecs (HTTP/1.1 404) 6 headers in 231 bytes (1 switches on core 0)
2026-07-12 03:07:43.228 7 INFO placement.requestlog [None req-75adf47e-63d8-42e1-bf65-6ca20274f6ab - - - - - -] 10.0.0.235 "GET /" status: 200 len: 136 microversion: 1.0
2026-07-12 03:07:43.228 8 INFO placement.requestlog [None req-93623042-c720-4ddd-aeb3-bdc5130b395d - - - - - -] 10.0.0.235 "GET /" status: 200 len: 136 microversion: 1.0
2026-07-12 03:07:46.468 7 INFO placement.requestlog [None req-874f15fd-41b8-4447-b38f-b48d9ed36cc1 b360a7d2f8ab4344b817f6abbad00aae a6cfba9d2cff4b0193481bceef61191b - - 7c4fee9bcefb4f789340ca590d3b5b45 7c4fee9bcefb4f789340ca590d3b5b45] 10.0.0.50 "GET /resource_providers/102cce10-87d8-4d08-9476-be2e90ca3fff/aggregates" status: 404 len: 235 microversion: 1.1 [pid: 7|app: 0|req: 408/815] 10.0.0.50 () {32 vars in 815 bytes} [Sun Jul 12 03:07:46 2026] GET /resource_providers/102cce10-87d8-4d08-9476-be2e90ca3fff/aggregates => generated 235 bytes in 11 msecs (HTTP/1.1 404) 5 headers in 202 bytes (1 switches on core 0)
2026-07-12 03:07:46.469 8 INFO placement.requestlog [None req-ad8360f2-e0eb-4cfb-a748-b2370db73034 b360a7d2f8ab4344b817f6abbad00aae a6cfba9d2cff4b0193481bceef61191b - - 7c4fee9bcefb4f789340ca590d3b5b45 7c4fee9bcefb4f789340ca590d3b5b45] 10.0.0.50 "GET /resource_providers/102cce10-87d8-4d08-9476-be2e90ca3fff/aggregates" status: 404 len: 235 microversion: 1.1 [pid: 8|app: 0|req: 408/816] 10.0.0.50 () {32 vars in 815 bytes} [Sun Jul 12 03:07:46 2026] GET /resource_providers/102cce10-87d8-4d08-9476-be2e90ca3fff/aggregates => generated 235 bytes in 12 msecs (HTTP/1.1 404) 5 headers in 202 bytes (1 switches on core 0)
2026-07-12 03:07:46.494 7 INFO placement.requestlog [None req-55b53801-cb19-47a5-89ab-3b560a7e0eef b360a7d2f8ab4344b817f6abbad00aae a6cfba9d2cff4b0193481bceef61191b - - 7c4fee9bcefb4f789340ca590d3b5b45 7c4fee9bcefb4f789340ca590d3b5b45] 10.0.0.50 "DELETE /resource_providers/102cce10-87d8-4d08-9476-be2e90ca3fff" status: 404 len: 246 microversion: 1.1 [pid: 7|app: 0|req: 409/817] 10.0.0.50 () {34 vars in 815 bytes} [Sun Jul 12 03:07:46 2026] DELETE /resource_providers/102cce10-87d8-4d08-9476-be2e90ca3fff => generated 246 bytes in 9 msecs (HTTP/1.1 404) 6 headers in 231 bytes (1 switches on core 0)
2026-07-12 03:07:46.495 8 INFO placement.requestlog [None req-a4169de3-7b8d-4e25-a5c8-deb5cb2d10d7 b360a7d2f8ab4344b817f6abbad00aae a6cfba9d2cff4b0193481bceef61191b - - 7c4fee9bcefb4f789340ca590d3b5b45 7c4fee9bcefb4f789340ca590d3b5b45] 10.0.0.50 "DELETE /resource_providers/102cce10-87d8-4d08-9476-be2e90ca3fff" status: 404 len: 246 microversion: 1.1 [pid: 8|app: 0|req: 409/818] 10.0.0.50 () {34 vars in 815 bytes} [Sun Jul 12 03:07:46 2026] DELETE /resource_providers/102cce10-87d8-4d08-9476-be2e90ca3fff => generated 246 bytes in 9 msecs (HTTP/1.1 404) 6 headers in 231 bytes (1 switches on core 0)
2026-07-12 03:07:47.388 7 INFO placement.requestlog [None req-c685641c-46e7-4e16-922a-bac82d429d9c b360a7d2f8ab4344b817f6abbad00aae a6cfba9d2cff4b0193481bceef61191b - - 7c4fee9bcefb4f789340ca590d3b5b45 7c4fee9bcefb4f789340ca590d3b5b45] 10.0.0.50 "GET /resource_providers/05bc183d-394f-4aed-8316-ceacd0ff0572/aggregates" status: 404 len: 235 microversion: 1.1 [pid: 7|app: 0|req: 410/819] 10.0.0.50 () {32 vars in 815 bytes} [Sun Jul 12 03:07:47 2026] GET /resource_providers/05bc183d-394f-4aed-8316-ceacd0ff0572/aggregates => generated 235 bytes in 12 msecs (HTTP/1.1 404) 5 headers in 202 bytes (1 switches on core 0)
2026-07-12 03:07:47.394 8 INFO placement.requestlog [None req-fbecd9fa-00d9-48ce-99f2-c314c1b618f0 b360a7d2f8ab4344b817f6abbad00aae a6cfba9d2cff4b0193481bceef61191b - - 7c4fee9bcefb4f789340ca590d3b5b45 7c4fee9bcefb4f789340ca590d3b5b45] 10.0.0.50 "GET /resource_providers/05bc183d-394f-4aed-8316-ceacd0ff0572/aggregates" status: 404 len: 235 microversion: 1.1 [pid: 8|app: 0|req: 410/820] 10.0.0.50 () {32 vars in 815 bytes} [Sun Jul 12 03:07:47 2026] GET /resource_providers/05bc183d-394f-4aed-8316-ceacd0ff0572/aggregates => generated 235 bytes in 15 msecs (HTTP/1.1 404) 5 headers in 202 bytes (1 switches on core 0)
2026-07-12 03:07:47.410 7 INFO placement.requestlog [None req-ed40c54c-fbbc-4b0e-8fc6-09acbbf050c7 b360a7d2f8ab4344b817f6abbad00aae a6cfba9d2cff4b0193481bceef61191b - - 7c4fee9bcefb4f789340ca590d3b5b45 7c4fee9bcefb4f789340ca590d3b5b45] 10.0.0.50 "DELETE /resource_providers/05bc183d-394f-4aed-8316-ceacd0ff0572" status: 404 len: 246 microversion: 1.1 [pid: 7|app: 0|req: 411/821] 10.0.0.50 () {34 vars in 815 bytes} [Sun Jul 12 03:07:47 2026] DELETE /resource_providers/05bc183d-394f-4aed-8316-ceacd0ff0572 => generated 246 bytes in 7 msecs (HTTP/1.1 404) 6 headers in 231 bytes (1 switches on core 0)
2026-07-12 03:07:47.428 8 INFO placement.requestlog [None req-3172a50c-e758-4c8f-b2f3-232136611233 b360a7d2f8ab4344b817f6abbad00aae a6cfba9d2cff4b0193481bceef61191b - - 7c4fee9bcefb4f789340ca590d3b5b45 7c4fee9bcefb4f789340ca590d3b5b45] 10.0.0.50 "DELETE /resource_providers/05bc183d-394f-4aed-8316-ceacd0ff0572" status: 404 len: 246 microversion: 1.1 [pid: 8|app: 0|req: 411/822] 10.0.0.50 () {34 vars in 815 bytes} [Sun Jul 12 03:07:47 2026] DELETE /resource_providers/05bc183d-394f-4aed-8316-ceacd0ff0572 => generated 246 bytes in 14 msecs (HTTP/1.1 404) 6 headers in 231 bytes (1 switches on core 0)
2026-07-12 03:07:49.574 8 INFO placement.requestlog [None req-ee17aac4-5ca1-4bb8-9811-af5650b8f970 b360a7d2f8ab4344b817f6abbad00aae a6cfba9d2cff4b0193481bceef61191b - - 7c4fee9bcefb4f789340ca590d3b5b45 7c4fee9bcefb4f789340ca590d3b5b45] 10.0.0.50 "GET /resource_providers/f1af6b5a-dbc5-4562-b9c2-04524eec4228/aggregates" status: 404 len: 235 microversion: 1.1 [pid: 8|app: 0|req: 412/823] 10.0.0.50 () {32 vars in 815 bytes} [Sun Jul 12 03:07:49 2026] GET /resource_providers/f1af6b5a-dbc5-4562-b9c2-04524eec4228/aggregates => generated 235 bytes in 10 msecs (HTTP/1.1 404) 5 headers in 202 bytes (1 switches on core 0)
2026-07-12 03:07:49.576 7 INFO placement.requestlog [None req-53a96473-30f3-4243-94f6-31f3057bbc50 b360a7d2f8ab4344b817f6abbad00aae a6cfba9d2cff4b0193481bceef61191b - - 7c4fee9bcefb4f789340ca590d3b5b45 7c4fee9bcefb4f789340ca590d3b5b45] 10.0.0.50 "GET /resource_providers/f1af6b5a-dbc5-4562-b9c2-04524eec4228/aggregates" status: 404 len: 235 microversion: 1.1 [pid: 7|app: 0|req: 412/824] 10.0.0.50 () {32 vars in 815 bytes} [Sun Jul 12 03:07:49 2026] GET /resource_providers/f1af6b5a-dbc5-4562-b9c2-04524eec4228/aggregates => generated 235 bytes in 12 msecs (HTTP/1.1 404) 5 headers in 202 bytes (1 switches on core 0)
2026-07-12 03:07:49.597 8 INFO placement.requestlog [None req-f300cfce-9863-4ef7-bfce-330735d0fa50 b360a7d2f8ab4344b817f6abbad00aae a6cfba9d2cff4b0193481bceef61191b - - 7c4fee9bcefb4f789340ca590d3b5b45 7c4fee9bcefb4f789340ca590d3b5b45] 10.0.0.50 "DELETE /resource_providers/f1af6b5a-dbc5-4562-b9c2-04524eec4228" status: 404 len: 246 microversion: 1.1 [pid: 8|app: 0|req: 413/825] 10.0.0.50 () {34 vars in 815 bytes} [Sun Jul 12 03:07:49 2026] DELETE /resource_providers/f1af6b5a-dbc5-4562-b9c2-04524eec4228 => generated 246 bytes in 8 msecs (HTTP/1.1 404) 6 headers in 231 bytes (1 switches on core 0)
2026-07-12 03:07:49.601 7 INFO placement.requestlog [None req-fa168ca0-394d-4183-986c-54f8f92dcc28 b360a7d2f8ab4344b817f6abbad00aae a6cfba9d2cff4b0193481bceef61191b - - 7c4fee9bcefb4f789340ca590d3b5b45 7c4fee9bcefb4f789340ca590d3b5b45] 10.0.0.50 "DELETE /resource_providers/f1af6b5a-dbc5-4562-b9c2-04524eec4228" status: 404 len: 246 microversion: 1.1 [pid: 7|app: 0|req: 413/826] 10.0.0.50 () {34 vars in 815 bytes} [Sun Jul 12 03:07:49 2026] DELETE /resource_providers/f1af6b5a-dbc5-4562-b9c2-04524eec4228 => generated 246 bytes in 11 msecs (HTTP/1.1 404) 6 headers in 231 bytes (1 switches on core 0)
2026-07-12 03:07:50.159 8 INFO placement.requestlog [req-eefa5b06-21ae-4a78-bcbf-f1599926a58b req-2fab2668-344f-46b7-ab2d-47052f26eb30 8ce5cb9ad28f4fd9b6eb336b1a95919e a6cfba9d2cff4b0193481bceef61191b - - 7c4fee9bcefb4f789340ca590d3b5b45 7c4fee9bcefb4f789340ca590d3b5b45] 10.0.0.49 "GET /allocation_candidates?limit=1000&resources=DISK_GB%3A1%2CMEMORY_MB%3A512%2CVCPU%3A1&root_required=%21COMPUTE_STATUS_DISABLED" status: 200 len: 2781 microversion: 1.36 [pid: 8|app: 0|req: 414/827] 10.0.0.49 () {34 vars in 1011 bytes} [Sun Jul 12 03:07:50 2026] GET /allocation_candidates?limit=1000&resources=DISK_GB%3A1%2CMEMORY_MB%3A512%2CVCPU%3A1&root_required=%21COMPUTE_STATUS_DISABLED => generated 2781 bytes in 49 msecs (HTTP/1.1 200) 8 headers in 297 bytes (1 switches on core 0)
2026-07-12 03:07:50.193 7 INFO placement.requestlog [req-eefa5b06-21ae-4a78-bcbf-f1599926a58b req-70028edb-e840-419b-952f-cc44214000f4 8ce5cb9ad28f4fd9b6eb336b1a95919e a6cfba9d2cff4b0193481bceef61191b - - 7c4fee9bcefb4f789340ca590d3b5b45 7c4fee9bcefb4f789340ca590d3b5b45] 10.0.0.49 "GET /allocations/e84f8575-41ab-41a3-9aee-a053e1f4377e" status: 200 len: 19 microversion: 1.28 [pid: 7|app: 0|req: 414/828] 10.0.0.49 () {34 vars in 860 bytes} [Sun Jul 12 03:07:50 2026] GET /allocations/e84f8575-41ab-41a3-9aee-a053e1f4377e => generated 19 bytes in 9 msecs (HTTP/1.1 200) 8 headers in 295 bytes (1 switches on core 0)
2026-07-12 03:07:50.272 8 INFO placement.requestlog [req-eefa5b06-21ae-4a78-bcbf-f1599926a58b req-8f796edf-b8e1-4b33-a248-6eb312b34083 8ce5cb9ad28f4fd9b6eb336b1a95919e a6cfba9d2cff4b0193481bceef61191b - - 7c4fee9bcefb4f789340ca590d3b5b45 7c4fee9bcefb4f789340ca590d3b5b45] 10.0.0.49 "PUT /allocations/e84f8575-41ab-41a3-9aee-a053e1f4377e" status: 204 len: 0 microversion: 1.36 [pid: 8|app: 0|req: 415/829] 10.0.0.49 () {38 vars in 913 bytes} [Sun Jul 12 03:07:50 2026] PUT /allocations/e84f8575-41ab-41a3-9aee-a053e1f4377e => generated 0 bytes in 74 msecs (HTTP/1.1 204) 5 headers in 199 bytes (1 switches on core 0)
2026-07-12 03:07:51.752 7 INFO placement.requestlog [req-eefa5b06-21ae-4a78-bcbf-f1599926a58b req-92c9b198-4302-47ec-a38c-60c030164582 8ce5cb9ad28f4fd9b6eb336b1a95919e a6cfba9d2cff4b0193481bceef61191b - - 7c4fee9bcefb4f789340ca590d3b5b45 7c4fee9bcefb4f789340ca590d3b5b45] 199.204.45.229 "GET /allocations/e84f8575-41ab-41a3-9aee-a053e1f4377e" status: 200 len: 257 microversion: 1.28 [pid: 7|app: 0|req: 415/830] 199.204.45.229 () {34 vars in 863 bytes} [Sun Jul 12 03:07:51 2026] GET /allocations/e84f8575-41ab-41a3-9aee-a053e1f4377e => generated 257 bytes in 11 msecs (HTTP/1.1 200) 8 headers in 296 bytes (1 switches on core 0)
2026-07-12 03:07:52.796 8 INFO placement.requestlog [req-eefa5b06-21ae-4a78-bcbf-f1599926a58b req-3d1b8be6-95bd-4d38-8894-905c172a20ca 8ce5cb9ad28f4fd9b6eb336b1a95919e a6cfba9d2cff4b0193481bceef61191b - - 7c4fee9bcefb4f789340ca590d3b5b45 7c4fee9bcefb4f789340ca590d3b5b45] 199.204.45.229 "GET /resource_providers/51e525fa-1b4f-4703-98a3-f956c7067373/allocations" status: 200 len: 152 microversion: 1.0 [pid: 8|app: 0|req: 416/831] 199.204.45.229 () {32 vars in 857 bytes} [Sun Jul 12 03:07:52 2026] GET /resource_providers/51e525fa-1b4f-4703-98a3-f956c7067373/allocations => generated 152 bytes in 23 msecs (HTTP/1.1 200) 6 headers in 224 bytes (1 switches on core 0)
2026-07-12 03:07:52.815 7 INFO placement.requestlog [req-eefa5b06-21ae-4a78-bcbf-f1599926a58b req-326ba61a-c994-4c30-8995-8615c6a0b997 8ce5cb9ad28f4fd9b6eb336b1a95919e a6cfba9d2cff4b0193481bceef61191b - - 7c4fee9bcefb4f789340ca590d3b5b45 7c4fee9bcefb4f789340ca590d3b5b45] 199.204.45.229 "GET /allocations/e84f8575-41ab-41a3-9aee-a053e1f4377e" status: 200 len: 257 microversion: 1.28 [pid: 7|app: 0|req: 416/832] 199.204.45.229 () {34 vars in 863 bytes} [Sun Jul 12 03:07:52 2026] GET /allocations/e84f8575-41ab-41a3-9aee-a053e1f4377e => generated 257 bytes in 11 msecs (HTTP/1.1 200) 8 headers in 296 bytes (1 switches on core 0)
2026-07-12 03:07:53.228 8 INFO placement.requestlog [None req-65bfd0e2-c807-4933-b428-5b7f93be3c90 - - - - - -] 10.0.0.235 "GET /" status: 200 len: 136 microversion: 1.0
2026-07-12 03:07:53.230 7 INFO placement.requestlog [None req-049fcdd0-bd25-4596-a65e-30b1e0a317d0 - - - - - -] 10.0.0.235 "GET /" status: 200 len: 136 microversion: 1.0
2026-07-12 03:07:56.623 8 INFO placement.requestlog [req-c6203225-f39a-425a-bd9b-76d2d2bba8a4 req-909b07be-029f-4bb4-913a-c7c90f8e859e 8ce5cb9ad28f4fd9b6eb336b1a95919e a6cfba9d2cff4b0193481bceef61191b - - 7c4fee9bcefb4f789340ca590d3b5b45 7c4fee9bcefb4f789340ca590d3b5b45] 199.204.45.229 "GET /resource_providers/51e525fa-1b4f-4703-98a3-f956c7067373/allocations" status: 200 len: 152 microversion: 1.0 [pid: 8|app: 0|req: 418/835] 199.204.45.229 () {32 vars in 857 bytes} [Sun Jul 12 03:07:56 2026] GET /resource_providers/51e525fa-1b4f-4703-98a3-f956c7067373/allocations => generated 152 bytes in 17 msecs (HTTP/1.1 200) 6 headers in 224 bytes (1 switches on core 0)
2026-07-12 03:07:56.643 7 INFO placement.requestlog [req-c6203225-f39a-425a-bd9b-76d2d2bba8a4 req-4d29c01a-5a25-4ef1-b79e-fafaf151a09e 8ce5cb9ad28f4fd9b6eb336b1a95919e a6cfba9d2cff4b0193481bceef61191b - - 7c4fee9bcefb4f789340ca590d3b5b45 7c4fee9bcefb4f789340ca590d3b5b45] 199.204.45.229 "GET /resource_providers/51e525fa-1b4f-4703-98a3-f956c7067373/allocations" status: 200 len: 152 microversion: 1.0 [pid: 7|app: 0|req: 418/836] 199.204.45.229 () {32 vars in 857 bytes} [Sun Jul 12 03:07:56 2026] GET /resource_providers/51e525fa-1b4f-4703-98a3-f956c7067373/allocations => generated 152 bytes in 14 msecs (HTTP/1.1 200) 6 headers in 224 bytes (1 switches on core 0)
2026-07-12 03:07:56.659 8 INFO placement.requestlog [req-c6203225-f39a-425a-bd9b-76d2d2bba8a4 req-945d746b-3e77-49c5-a2d3-d4bc4a553111 8ce5cb9ad28f4fd9b6eb336b1a95919e a6cfba9d2cff4b0193481bceef61191b - - 7c4fee9bcefb4f789340ca590d3b5b45 7c4fee9bcefb4f789340ca590d3b5b45] 199.204.45.229 "GET /allocations/e84f8575-41ab-41a3-9aee-a053e1f4377e" status: 200 len: 257 microversion: 1.28 [pid: 8|app: 0|req: 419/837] 199.204.45.229 () {34 vars in 863 bytes} [Sun Jul 12 03:07:56 2026] GET /allocations/e84f8575-41ab-41a3-9aee-a053e1f4377e => generated 257 bytes in 10 msecs (HTTP/1.1 200) 8 headers in 296 bytes (1 switches on core 0)
2026-07-12 03:07:59.949 7 INFO placement.requestlog [None req-c759a164-cede-42f9-8a32-de27dabe61c4 b360a7d2f8ab4344b817f6abbad00aae a6cfba9d2cff4b0193481bceef61191b - - 7c4fee9bcefb4f789340ca590d3b5b45 7c4fee9bcefb4f789340ca590d3b5b45] 10.0.0.50 "GET /resource_providers/73955f1a-1e37-42ad-a259-249557329644/aggregates" status: 404 len: 235 microversion: 1.1 [pid: 7|app: 0|req: 419/838] 10.0.0.50 () {32 vars in 815 bytes} [Sun Jul 12 03:07:59 2026] GET /resource_providers/73955f1a-1e37-42ad-a259-249557329644/aggregates => generated 235 bytes in 15 msecs (HTTP/1.1 404) 5 headers in 202 bytes (1 switches on core 0)
2026-07-12 03:07:59.956 8 INFO placement.requestlog [None req-c71fe756-3f2c-4488-9b30-9eb8d8856c88 b360a7d2f8ab4344b817f6abbad00aae a6cfba9d2cff4b0193481bceef61191b - - 7c4fee9bcefb4f789340ca590d3b5b45 7c4fee9bcefb4f789340ca590d3b5b45] 10.0.0.50 "GET /resource_providers/73955f1a-1e37-42ad-a259-249557329644/aggregates" status: 404 len: 235 microversion: 1.1 [pid: 8|app: 0|req: 420/839] 10.0.0.50 () {32 vars in 815 bytes} [Sun Jul 12 03:07:59 2026] GET /resource_providers/73955f1a-1e37-42ad-a259-249557329644/aggregates => generated 235 bytes in 21 msecs (HTTP/1.1 404) 5 headers in 202 bytes (1 switches on core 0)
2026-07-12 03:07:59.978 7 INFO placement.requestlog [None req-a7e23ae5-3f58-4c46-b4db-f64f496e1dec b360a7d2f8ab4344b817f6abbad00aae a6cfba9d2cff4b0193481bceef61191b - - 7c4fee9bcefb4f789340ca590d3b5b45 7c4fee9bcefb4f789340ca590d3b5b45] 10.0.0.50 "DELETE /resource_providers/73955f1a-1e37-42ad-a259-249557329644" status: 404 len: 246 microversion: 1.1 [pid: 7|app: 0|req: 420/840] 10.0.0.50 () {34 vars in 815 bytes} [Sun Jul 12 03:07:59 2026] DELETE /resource_providers/73955f1a-1e37-42ad-a259-249557329644 => generated 246 bytes in 14 msecs (HTTP/1.1 404) 6 headers in 231 bytes (1 switches on core 0)
2026-07-12 03:07:59.982 8 INFO placement.requestlog [None req-18cfcb0b-eb22-4f3a-b966-204c36286621 b360a7d2f8ab4344b817f6abbad00aae a6cfba9d2cff4b0193481bceef61191b - - 7c4fee9bcefb4f789340ca590d3b5b45 7c4fee9bcefb4f789340ca590d3b5b45] 10.0.0.50 "DELETE /resource_providers/73955f1a-1e37-42ad-a259-249557329644" status: 404 len: 246 microversion: 1.1 [pid: 8|app: 0|req: 421/841] 10.0.0.50 () {34 vars in 815 bytes} [Sun Jul 12 03:07:59 2026] DELETE /resource_providers/73955f1a-1e37-42ad-a259-249557329644 => generated 246 bytes in 8 msecs (HTTP/1.1 404) 6 headers in 231 bytes (1 switches on core 0)
2026-07-12 03:08:01.974 7 INFO placement.requestlog [req-612aecff-a51b-48f8-84b1-b608412685f3 req-1345657e-5248-4419-b9b1-ca5ff567ce4b 8ce5cb9ad28f4fd9b6eb336b1a95919e a6cfba9d2cff4b0193481bceef61191b - - 7c4fee9bcefb4f789340ca590d3b5b45 7c4fee9bcefb4f789340ca590d3b5b45] 10.0.0.49 "GET /allocation_candidates?limit=1000&resources=DISK_GB%3A1%2CMEMORY_MB%3A512%2CVCPU%3A1&root_required=%21COMPUTE_STATUS_DISABLED" status: 200 len: 2783 microversion: 1.36 [pid: 7|app: 0|req: 421/842] 10.0.0.49 () {34 vars in 1011 bytes} [Sun Jul 12 03:08:01 2026] GET /allocation_candidates?limit=1000&resources=DISK_GB%3A1%2CMEMORY_MB%3A512%2CVCPU%3A1&root_required=%21COMPUTE_STATUS_DISABLED => generated 2783 bytes in 46 msecs (HTTP/1.1 200) 8 headers in 297 bytes (1 switches on core 0)
2026-07-12 03:08:02.011 8 INFO placement.requestlog [req-612aecff-a51b-48f8-84b1-b608412685f3 req-013b3348-da39-459a-b75a-5b865ae4f969 8ce5cb9ad28f4fd9b6eb336b1a95919e a6cfba9d2cff4b0193481bceef61191b - - 7c4fee9bcefb4f789340ca590d3b5b45 7c4fee9bcefb4f789340ca590d3b5b45] 10.0.0.49 "GET /allocations/84d3cd42-5404-4fb8-80bc-65643c55994d" status: 200 len: 19 microversion: 1.28 [pid: 8|app: 0|req: 422/843] 10.0.0.49 () {34 vars in 860 bytes} [Sun Jul 12 03:08:01 2026] GET /allocations/84d3cd42-5404-4fb8-80bc-65643c55994d => generated 19 bytes in 13 msecs (HTTP/1.1 200) 8 headers in 295 bytes (1 switches on core 0)
2026-07-12 03:08:02.081 7 INFO placement.requestlog [req-612aecff-a51b-48f8-84b1-b608412685f3 req-6ab91fb1-1a0f-464a-ab48-9abddac32b23 8ce5cb9ad28f4fd9b6eb336b1a95919e a6cfba9d2cff4b0193481bceef61191b - - 7c4fee9bcefb4f789340ca590d3b5b45 7c4fee9bcefb4f789340ca590d3b5b45] 10.0.0.49 "PUT /allocations/84d3cd42-5404-4fb8-80bc-65643c55994d" status: 204 len: 0 microversion: 1.36 [pid: 7|app: 0|req: 422/844] 10.0.0.49 () {38 vars in 913 bytes} [Sun Jul 12 03:08:02 2026] PUT /allocations/84d3cd42-5404-4fb8-80bc-65643c55994d => generated 0 bytes in 62 msecs (HTTP/1.1 204) 5 headers in 199 bytes (1 switches on core 0)
2026-07-12 03:08:02.826 8 INFO placement.requestlog [None req-1fcb490e-208d-4033-a826-68f946bcc3cf b360a7d2f8ab4344b817f6abbad00aae a6cfba9d2cff4b0193481bceef61191b - - 7c4fee9bcefb4f789340ca590d3b5b45 7c4fee9bcefb4f789340ca590d3b5b45] 10.0.0.50 "GET /resource_providers/787de119-e098-40c9-aa78-f34983e38022/aggregates" status: 404 len: 235 microversion: 1.1 [pid: 8|app: 0|req: 423/845] 10.0.0.50 () {32 vars in 815 bytes} [Sun Jul 12 03:08:02 2026] GET /resource_providers/787de119-e098-40c9-aa78-f34983e38022/aggregates => generated 235 bytes in 10 msecs (HTTP/1.1 404) 5 headers in 202 bytes (1 switches on core 0)
2026-07-12 03:08:02.827 7 INFO placement.requestlog [None req-21bace90-e6bc-4851-98bb-786aaab92104 b360a7d2f8ab4344b817f6abbad00aae a6cfba9d2cff4b0193481bceef61191b - - 7c4fee9bcefb4f789340ca590d3b5b45 7c4fee9bcefb4f789340ca590d3b5b45] 10.0.0.50 "GET /resource_providers/787de119-e098-40c9-aa78-f34983e38022/aggregates" status: 404 len: 235 microversion: 1.1 [pid: 7|app: 0|req: 423/846] 10.0.0.50 () {32 vars in 815 bytes} [Sun Jul 12 03:08:02 2026] GET /resource_providers/787de119-e098-40c9-aa78-f34983e38022/aggregates => generated 235 bytes in 11 msecs (HTTP/1.1 404) 5 headers in 202 bytes (1 switches on core 0)
2026-07-12 03:08:02.847 8 INFO placement.requestlog [None req-2cd227ca-ba0f-46ab-9f2d-cfd3b18c3717 b360a7d2f8ab4344b817f6abbad00aae a6cfba9d2cff4b0193481bceef61191b - - 7c4fee9bcefb4f789340ca590d3b5b45 7c4fee9bcefb4f789340ca590d3b5b45] 10.0.0.50 "DELETE /resource_providers/787de119-e098-40c9-aa78-f34983e38022" status: 404 len: 246 microversion: 1.1 [pid: 8|app: 0|req: 424/847] 10.0.0.50 () {34 vars in 815 bytes} [Sun Jul 12 03:08:02 2026] DELETE /resource_providers/787de119-e098-40c9-aa78-f34983e38022 => generated 246 bytes in 11 msecs (HTTP/1.1 404) 6 headers in 231 bytes (1 switches on core 0)
2026-07-12 03:08:02.848 7 INFO placement.requestlog [None req-f82de081-102f-4850-afa6-1eac7a1002f6 b360a7d2f8ab4344b817f6abbad00aae a6cfba9d2cff4b0193481bceef61191b - - 7c4fee9bcefb4f789340ca590d3b5b45 7c4fee9bcefb4f789340ca590d3b5b45] 10.0.0.50 "DELETE /resource_providers/787de119-e098-40c9-aa78-f34983e38022" status: 404 len: 246 microversion: 1.1 [pid: 7|app: 0|req: 424/848] 10.0.0.50 () {34 vars in 815 bytes} [Sun Jul 12 03:08:02 2026] DELETE /resource_providers/787de119-e098-40c9-aa78-f34983e38022 => generated 246 bytes in 8 msecs (HTTP/1.1 404) 6 headers in 231 bytes (1 switches on core 0)
2026-07-12 03:08:03.228 7 INFO placement.requestlog [None req-5909bbed-2dc7-4fa5-b6f8-5c7e687fc8c7 - - - - - -] 10.0.0.235 "GET /" status: 200 len: 136 microversion: 1.0
2026-07-12 03:08:03.228 8 INFO placement.requestlog [None req-4ca19d02-fac0-4085-a361-e1da221104b4 - - - - - -] 10.0.0.235 "GET /" status: 200 len: 136 microversion: 1.0
2026-07-12 03:08:03.671 7 INFO placement.requestlog [req-612aecff-a51b-48f8-84b1-b608412685f3 req-5bb4b047-5fe9-4f5c-bfba-860534bb4181 8ce5cb9ad28f4fd9b6eb336b1a95919e a6cfba9d2cff4b0193481bceef61191b - - 7c4fee9bcefb4f789340ca590d3b5b45 7c4fee9bcefb4f789340ca590d3b5b45] 199.204.45.229 "GET /allocations/84d3cd42-5404-4fb8-80bc-65643c55994d" status: 200 len: 257 microversion: 1.28 [pid: 7|app: 0|req: 426/851] 199.204.45.229 () {34 vars in 863 bytes} [Sun Jul 12 03:08:03 2026] GET /allocations/84d3cd42-5404-4fb8-80bc-65643c55994d => generated 257 bytes in 24 msecs (HTTP/1.1 200) 8 headers in 296 bytes (1 switches on core 0)
2026-07-12 03:08:04.708 8 INFO placement.requestlog [req-612aecff-a51b-48f8-84b1-b608412685f3 req-d9d46320-39d8-4ca5-a77e-db308fe5e7f3 8ce5cb9ad28f4fd9b6eb336b1a95919e a6cfba9d2cff4b0193481bceef61191b - - 7c4fee9bcefb4f789340ca590d3b5b45 7c4fee9bcefb4f789340ca590d3b5b45] 199.204.45.229 "GET /resource_providers/51e525fa-1b4f-4703-98a3-f956c7067373/allocations" status: 200 len: 252 microversion: 1.0 [pid: 8|app: 0|req: 426/852] 199.204.45.229 () {32 vars in 857 bytes} [Sun Jul 12 03:08:04 2026] GET /resource_providers/51e525fa-1b4f-4703-98a3-f956c7067373/allocations => generated 252 bytes in 15 msecs (HTTP/1.1 200) 6 headers in 224 bytes (1 switches on core 0)
2026-07-12 03:08:04.730 7 INFO placement.requestlog [req-612aecff-a51b-48f8-84b1-b608412685f3 req-cb8393f4-b67b-44c1-bd44-3ae52a27af29 8ce5cb9ad28f4fd9b6eb336b1a95919e a6cfba9d2cff4b0193481bceef61191b - - 7c4fee9bcefb4f789340ca590d3b5b45 7c4fee9bcefb4f789340ca590d3b5b45] 199.204.45.229 "GET /allocations/e84f8575-41ab-41a3-9aee-a053e1f4377e" status: 200 len: 257 microversion: 1.28 [pid: 7|app: 0|req: 427/853] 199.204.45.229 () {34 vars in 863 bytes} [Sun Jul 12 03:08:04 2026] GET /allocations/e84f8575-41ab-41a3-9aee-a053e1f4377e => generated 257 bytes in 16 msecs (HTTP/1.1 200) 8 headers in 296 bytes (1 switches on core 0)
2026-07-12 03:08:04.745 8 INFO placement.requestlog [req-612aecff-a51b-48f8-84b1-b608412685f3 req-797bd59f-29bf-442d-82a6-abf8d962c0d9 8ce5cb9ad28f4fd9b6eb336b1a95919e a6cfba9d2cff4b0193481bceef61191b - - 7c4fee9bcefb4f789340ca590d3b5b45 7c4fee9bcefb4f789340ca590d3b5b45] 199.204.45.229 "GET /allocations/84d3cd42-5404-4fb8-80bc-65643c55994d" status: 200 len: 257 microversion: 1.28 [pid: 8|app: 0|req: 427/854] 199.204.45.229 () {34 vars in 863 bytes} [Sun Jul 12 03:08:04 2026] GET /allocations/84d3cd42-5404-4fb8-80bc-65643c55994d => generated 257 bytes in 11 msecs (HTTP/1.1 200) 8 headers in 296 bytes (1 switches on core 0)
2026-07-12 03:08:04.766 8 INFO placement.requestlog [None req-ed5c4a46-cca0-4c34-83c6-43198f7a06a8 b360a7d2f8ab4344b817f6abbad00aae a6cfba9d2cff4b0193481bceef61191b - - 7c4fee9bcefb4f789340ca590d3b5b45 7c4fee9bcefb4f789340ca590d3b5b45] 10.0.0.50 "GET /resource_providers/9701d73e-7760-4991-a24c-71b8768be8c6/aggregates" status: 404 len: 235 microversion: 1.1 [pid: 8|app: 0|req: 428/855] 10.0.0.50 () {32 vars in 815 bytes} [Sun Jul 12 03:08:04 2026] GET /resource_providers/9701d73e-7760-4991-a24c-71b8768be8c6/aggregates => generated 235 bytes in 7 msecs (HTTP/1.1 404) 5 headers in 202 bytes (1 switches on core 0)
2026-07-12 03:08:04.769 7 INFO placement.requestlog [None req-4668d7ff-53cd-4724-9db9-85eea40da80b b360a7d2f8ab4344b817f6abbad00aae a6cfba9d2cff4b0193481bceef61191b - - 7c4fee9bcefb4f789340ca590d3b5b45 7c4fee9bcefb4f789340ca590d3b5b45] 10.0.0.50 "GET /resource_providers/9701d73e-7760-4991-a24c-71b8768be8c6/aggregates" status: 404 len: 235 microversion: 1.1 [pid: 7|app: 0|req: 428/856] 10.0.0.50 () {32 vars in 815 bytes} [Sun Jul 12 03:08:04 2026] GET /resource_providers/9701d73e-7760-4991-a24c-71b8768be8c6/aggregates => generated 235 bytes in 10 msecs (HTTP/1.1 404) 5 headers in 202 bytes (1 switches on core 0)
2026-07-12 03:08:04.784 8 INFO placement.requestlog [None req-cbd96e0a-a7a1-4d7c-8a62-2c97d4b9ec34 b360a7d2f8ab4344b817f6abbad00aae a6cfba9d2cff4b0193481bceef61191b - - 7c4fee9bcefb4f789340ca590d3b5b45 7c4fee9bcefb4f789340ca590d3b5b45] 10.0.0.50 "DELETE /resource_providers/9701d73e-7760-4991-a24c-71b8768be8c6" status: 404 len: 246 microversion: 1.1 [pid: 8|app: 0|req: 429/857] 10.0.0.50 () {34 vars in 815 bytes} [Sun Jul 12 03:08:04 2026] DELETE /resource_providers/9701d73e-7760-4991-a24c-71b8768be8c6 => generated 246 bytes in 6 msecs (HTTP/1.1 404) 6 headers in 231 bytes (1 switches on core 0)
2026-07-12 03:08:04.793 7 INFO placement.requestlog [None req-20a26a1a-f47e-4d02-ba02-2f0238f3e0c1 b360a7d2f8ab4344b817f6abbad00aae a6cfba9d2cff4b0193481bceef61191b - - 7c4fee9bcefb4f789340ca590d3b5b45 7c4fee9bcefb4f789340ca590d3b5b45] 10.0.0.50 "DELETE /resource_providers/9701d73e-7760-4991-a24c-71b8768be8c6" status: 404 len: 246 microversion: 1.1 [pid: 7|app: 0|req: 429/858] 10.0.0.50 () {34 vars in 815 bytes} [Sun Jul 12 03:08:04 2026] DELETE /resource_providers/9701d73e-7760-4991-a24c-71b8768be8c6 => generated 246 bytes in 10 msecs (HTTP/1.1 404) 6 headers in 231 bytes (1 switches on core 0)
2026-07-12 03:08:06.302 8 INFO placement.requestlog [req-eefa5b06-21ae-4a78-bcbf-f1599926a58b req-fb7be764-3947-4f5b-8844-0ad81e7a88cc 8ce5cb9ad28f4fd9b6eb336b1a95919e a6cfba9d2cff4b0193481bceef61191b - - 7c4fee9bcefb4f789340ca590d3b5b45 7c4fee9bcefb4f789340ca590d3b5b45] 199.204.45.229 "GET /resource_providers/51e525fa-1b4f-4703-98a3-f956c7067373/allocations" status: 200 len: 252 microversion: 1.0 [pid: 8|app: 0|req: 430/859] 199.204.45.229 () {32 vars in 857 bytes} [Sun Jul 12 03:08:06 2026] GET /resource_providers/51e525fa-1b4f-4703-98a3-f956c7067373/allocations => generated 252 bytes in 19 msecs (HTTP/1.1 200) 6 headers in 224 bytes (1 switches on core 0)
2026-07-12 03:08:06.332 7 INFO placement.requestlog [req-eefa5b06-21ae-4a78-bcbf-f1599926a58b req-b338d11f-ece7-48c7-94af-0bdc09cdb956 8ce5cb9ad28f4fd9b6eb336b1a95919e a6cfba9d2cff4b0193481bceef61191b - - 7c4fee9bcefb4f789340ca590d3b5b45 7c4fee9bcefb4f789340ca590d3b5b45] 199.204.45.229 "GET /allocations/e84f8575-41ab-41a3-9aee-a053e1f4377e" status: 200 len: 257 microversion: 1.28 [pid: 7|app: 0|req: 430/860] 199.204.45.229 () {34 vars in 863 bytes} [Sun Jul 12 03:08:06 2026] GET /allocations/e84f8575-41ab-41a3-9aee-a053e1f4377e => generated 257 bytes in 17 msecs (HTTP/1.1 200) 8 headers in 296 bytes (1 switches on core 0)
2026-07-12 03:08:06.357 8 INFO placement.requestlog [req-eefa5b06-21ae-4a78-bcbf-f1599926a58b req-f1bdc2eb-4996-47a1-890a-7aaaafa9b10f 8ce5cb9ad28f4fd9b6eb336b1a95919e a6cfba9d2cff4b0193481bceef61191b - - 7c4fee9bcefb4f789340ca590d3b5b45 7c4fee9bcefb4f789340ca590d3b5b45] 199.204.45.229 "GET /allocations/84d3cd42-5404-4fb8-80bc-65643c55994d" status: 200 len: 257 microversion: 1.28 [pid: 8|app: 0|req: 431/861] 199.204.45.229 () {34 vars in 863 bytes} [Sun Jul 12 03:08:06 2026] GET /allocations/84d3cd42-5404-4fb8-80bc-65643c55994d => generated 257 bytes in 13 msecs (HTTP/1.1 200) 8 headers in 296 bytes (1 switches on core 0)
2026-07-12 03:08:10.209 7 INFO placement.requestlog [req-eefa5b06-21ae-4a78-bcbf-f1599926a58b req-bbf422de-8c0c-4d63-9235-341c47552f75 8ce5cb9ad28f4fd9b6eb336b1a95919e a6cfba9d2cff4b0193481bceef61191b - - 7c4fee9bcefb4f789340ca590d3b5b45 7c4fee9bcefb4f789340ca590d3b5b45] 199.204.45.229 "DELETE /allocations/e84f8575-41ab-41a3-9aee-a053e1f4377e" status: 204 len: 0 microversion: 1.0 [pid: 7|app: 0|req: 431/862] 199.204.45.229 () {34 vars in 841 bytes} [Sun Jul 12 03:08:10 2026] DELETE /allocations/e84f8575-41ab-41a3-9aee-a053e1f4377e => generated 0 bytes in 23 msecs (HTTP/1.1 204) 5 headers in 198 bytes (1 switches on core 0)
2026-07-12 03:08:10.831 8 INFO placement.requestlog [req-694de4d5-c542-43aa-9dc1-1f928b2407d3 req-1929068e-7d4a-4086-bea4-099b17201154 8ce5cb9ad28f4fd9b6eb336b1a95919e a6cfba9d2cff4b0193481bceef61191b - - 7c4fee9bcefb4f789340ca590d3b5b45 7c4fee9bcefb4f789340ca590d3b5b45] 10.0.0.23 "DELETE /allocations/e84f8575-41ab-41a3-9aee-a053e1f4377e" status: 404 len: 228 microversion: 1.0 [pid: 8|app: 0|req: 432/863] 10.0.0.23 () {34 vars in 829 bytes} [Sun Jul 12 03:08:10 2026] DELETE /allocations/e84f8575-41ab-41a3-9aee-a053e1f4377e => generated 228 bytes in 11 msecs (HTTP/1.1 404) 6 headers in 231 bytes (1 switches on core 0)
2026-07-12 03:08:12.759 7 INFO placement.requestlog [req-612aecff-a51b-48f8-84b1-b608412685f3 req-ab55861a-b22d-44f4-83e6-56674ace1d36 8ce5cb9ad28f4fd9b6eb336b1a95919e a6cfba9d2cff4b0193481bceef61191b - - 7c4fee9bcefb4f789340ca590d3b5b45 7c4fee9bcefb4f789340ca590d3b5b45] 199.204.45.229 "GET /resource_providers/51e525fa-1b4f-4703-98a3-f956c7067373/allocations" status: 200 len: 152 microversion: 1.0 [pid: 7|app: 0|req: 432/864] 199.204.45.229 () {32 vars in 857 bytes} [Sun Jul 12 03:08:12 2026] GET /resource_providers/51e525fa-1b4f-4703-98a3-f956c7067373/allocations => generated 152 bytes in 17 msecs (HTTP/1.1 200) 6 headers in 224 bytes (1 switches on core 0)
2026-07-12 03:08:12.781 8 INFO placement.requestlog [req-612aecff-a51b-48f8-84b1-b608412685f3 req-5bf04740-a1ea-4b70-bdcf-2f81517778e3 8ce5cb9ad28f4fd9b6eb336b1a95919e a6cfba9d2cff4b0193481bceef61191b - - 7c4fee9bcefb4f789340ca590d3b5b45 7c4fee9bcefb4f789340ca590d3b5b45] 199.204.45.229 "GET /allocations/84d3cd42-5404-4fb8-80bc-65643c55994d" status: 200 len: 257 microversion: 1.28 [pid: 8|app: 0|req: 433/865] 199.204.45.229 () {34 vars in 863 bytes} [Sun Jul 12 03:08:12 2026] GET /allocations/84d3cd42-5404-4fb8-80bc-65643c55994d => generated 257 bytes in 13 msecs (HTTP/1.1 200) 8 headers in 296 bytes (1 switches on core 0)
2026-07-12 03:08:13.228 7 INFO placement.requestlog [None req-fc33ba79-7867-4371-8f61-932dea781ab0 - - - - - -] 10.0.0.235 "GET /" status: 200 len: 136 microversion: 1.0
2026-07-12 03:08:13.228 8 INFO placement.requestlog [None req-f343f160-29f8-4127-b55a-5442eebe0d74 - - - - - -] 10.0.0.235 "GET /" status: 200 len: 136 microversion: 1.0
2026-07-12 03:08:14.614 7 INFO placement.requestlog [None req-0cb2d9d2-4b10-4622-859f-e5ed56d3bcf2 b360a7d2f8ab4344b817f6abbad00aae a6cfba9d2cff4b0193481bceef61191b - - 7c4fee9bcefb4f789340ca590d3b5b45 7c4fee9bcefb4f789340ca590d3b5b45] 10.0.0.50 "GET /resource_providers/d3065d55-53e1-4385-bd65-00dee3a237b7/aggregates" status: 404 len: 235 microversion: 1.1 [pid: 7|app: 0|req: 434/868] 10.0.0.50 () {32 vars in 815 bytes} [Sun Jul 12 03:08:14 2026] GET /resource_providers/d3065d55-53e1-4385-bd65-00dee3a237b7/aggregates => generated 235 bytes in 11 msecs (HTTP/1.1 404) 5 headers in 202 bytes (1 switches on core 0)
2026-07-12 03:08:14.617 8 INFO placement.requestlog [None req-6b600b8a-1fd6-450e-a5a8-143d70eb4e3e b360a7d2f8ab4344b817f6abbad00aae a6cfba9d2cff4b0193481bceef61191b - - 7c4fee9bcefb4f789340ca590d3b5b45 7c4fee9bcefb4f789340ca590d3b5b45] 10.0.0.50 "GET /resource_providers/d3065d55-53e1-4385-bd65-00dee3a237b7/aggregates" status: 404 len: 235 microversion: 1.1 [pid: 8|app: 0|req: 435/869] 10.0.0.50 () {32 vars in 815 bytes} [Sun Jul 12 03:08:14 2026] GET /resource_providers/d3065d55-53e1-4385-bd65-00dee3a237b7/aggregates => generated 235 bytes in 9 msecs (HTTP/1.1 404) 5 headers in 202 bytes (1 switches on core 0)
2026-07-12 03:08:14.638 8 INFO placement.requestlog [None req-0ab9ca77-800e-4c3c-8750-63a8366131ee b360a7d2f8ab4344b817f6abbad00aae a6cfba9d2cff4b0193481bceef61191b - - 7c4fee9bcefb4f789340ca590d3b5b45 7c4fee9bcefb4f789340ca590d3b5b45] 10.0.0.50 "DELETE /resource_providers/d3065d55-53e1-4385-bd65-00dee3a237b7" status: 404 len: 246 microversion: 1.1 [pid: 8|app: 0|req: 436/870] 10.0.0.50 () {34 vars in 815 bytes} [Sun Jul 12 03:08:14 2026] DELETE /resource_providers/d3065d55-53e1-4385-bd65-00dee3a237b7 => generated 246 bytes in 7 msecs (HTTP/1.1 404) 6 headers in 231 bytes (1 switches on core 0)
2026-07-12 03:08:14.639 7 INFO placement.requestlog [None req-40b207d8-8e20-4606-a8d2-a2197a89fe95 b360a7d2f8ab4344b817f6abbad00aae a6cfba9d2cff4b0193481bceef61191b - - 7c4fee9bcefb4f789340ca590d3b5b45 7c4fee9bcefb4f789340ca590d3b5b45] 10.0.0.50 "DELETE /resource_providers/d3065d55-53e1-4385-bd65-00dee3a237b7" status: 404 len: 246 microversion: 1.1 [pid: 7|app: 0|req: 435/871] 10.0.0.50 () {34 vars in 815 bytes} [Sun Jul 12 03:08:14 2026] DELETE /resource_providers/d3065d55-53e1-4385-bd65-00dee3a237b7 => generated 246 bytes in 10 msecs (HTTP/1.1 404) 6 headers in 231 bytes (1 switches on core 0)
2026-07-12 03:08:16.782 8 INFO placement.requestlog [req-612aecff-a51b-48f8-84b1-b608412685f3 req-7dc87d17-0ef7-48a9-991c-64cc2624f6a5 8ce5cb9ad28f4fd9b6eb336b1a95919e a6cfba9d2cff4b0193481bceef61191b - - 7c4fee9bcefb4f789340ca590d3b5b45 7c4fee9bcefb4f789340ca590d3b5b45] 199.204.45.229 "DELETE /allocations/84d3cd42-5404-4fb8-80bc-65643c55994d" status: 204 len: 0 microversion: 1.0 [pid: 8|app: 0|req: 437/872] 199.204.45.229 () {34 vars in 841 bytes} [Sun Jul 12 03:08:16 2026] DELETE /allocations/84d3cd42-5404-4fb8-80bc-65643c55994d => generated 0 bytes in 53 msecs (HTTP/1.1 204) 5 headers in 198 bytes (1 switches on core 0)
2026-07-12 03:08:17.832 7 INFO placement.requestlog [req-e74d1ff0-16d4-4522-80a5-2c7f16eade37 req-c5a64eca-1143-40ea-89e2-f9dd111b682a 8ce5cb9ad28f4fd9b6eb336b1a95919e a6cfba9d2cff4b0193481bceef61191b - - 7c4fee9bcefb4f789340ca590d3b5b45 7c4fee9bcefb4f789340ca590d3b5b45] 10.0.0.23 "DELETE /allocations/84d3cd42-5404-4fb8-80bc-65643c55994d" status: 404 len: 228 microversion: 1.0 [pid: 7|app: 0|req: 436/873] 10.0.0.23 () {34 vars in 829 bytes} [Sun Jul 12 03:08:17 2026] DELETE /allocations/84d3cd42-5404-4fb8-80bc-65643c55994d => generated 228 bytes in 15 msecs (HTTP/1.1 404) 6 headers in 231 bytes (1 switches on core 0)
2026-07-12 03:08:22.743 8 INFO placement.requestlog [None req-a4acfa99-1f86-4daa-b459-f796f8ec7391 b360a7d2f8ab4344b817f6abbad00aae a6cfba9d2cff4b0193481bceef61191b - - 7c4fee9bcefb4f789340ca590d3b5b45 7c4fee9bcefb4f789340ca590d3b5b45] 10.0.0.50 "GET /resource_providers/b8a9f82a-fa55-4307-9ffc-dc8799d9f39d/aggregates" status: 404 len: 235 microversion: 1.1 [pid: 8|app: 0|req: 438/874] 10.0.0.50 () {32 vars in 815 bytes} [Sun Jul 12 03:08:22 2026] GET /resource_providers/b8a9f82a-fa55-4307-9ffc-dc8799d9f39d/aggregates => generated 235 bytes in 8 msecs (HTTP/1.1 404) 5 headers in 202 bytes (1 switches on core 0)
2026-07-12 03:08:22.750 7 INFO placement.requestlog [None req-8817b75e-0361-4ea1-a74d-37e45c211d0f b360a7d2f8ab4344b817f6abbad00aae a6cfba9d2cff4b0193481bceef61191b - - 7c4fee9bcefb4f789340ca590d3b5b45 7c4fee9bcefb4f789340ca590d3b5b45] 10.0.0.50 "GET /resource_providers/b8a9f82a-fa55-4307-9ffc-dc8799d9f39d/aggregates" status: 404 len: 235 microversion: 1.1 [pid: 7|app: 0|req: 437/875] 10.0.0.50 () {32 vars in 815 bytes} [Sun Jul 12 03:08:22 2026] GET /resource_providers/b8a9f82a-fa55-4307-9ffc-dc8799d9f39d/aggregates => generated 235 bytes in 9 msecs (HTTP/1.1 404) 5 headers in 202 bytes (1 switches on core 0)
2026-07-12 03:08:22.761 8 INFO placement.requestlog [None req-0ab7187c-9710-4d95-ad28-26f7bcf07c25 b360a7d2f8ab4344b817f6abbad00aae a6cfba9d2cff4b0193481bceef61191b - - 7c4fee9bcefb4f789340ca590d3b5b45 7c4fee9bcefb4f789340ca590d3b5b45] 10.0.0.50 "DELETE /resource_providers/b8a9f82a-fa55-4307-9ffc-dc8799d9f39d" status: 404 len: 246 microversion: 1.1 [pid: 8|app: 0|req: 439/876] 10.0.0.50 () {34 vars in 815 bytes} [Sun Jul 12 03:08:22 2026] DELETE /resource_providers/b8a9f82a-fa55-4307-9ffc-dc8799d9f39d => generated 246 bytes in 8 msecs (HTTP/1.1 404) 6 headers in 231 bytes (1 switches on core 0)
2026-07-12 03:08:22.769 7 INFO placement.requestlog [None req-2d08747a-2afa-465d-ba89-3c3fd832596a b360a7d2f8ab4344b817f6abbad00aae a6cfba9d2cff4b0193481bceef61191b - - 7c4fee9bcefb4f789340ca590d3b5b45 7c4fee9bcefb4f789340ca590d3b5b45] 10.0.0.50 "DELETE /resource_providers/b8a9f82a-fa55-4307-9ffc-dc8799d9f39d" status: 404 len: 246 microversion: 1.1 [pid: 7|app: 0|req: 438/877] 10.0.0.50 () {34 vars in 815 bytes} [Sun Jul 12 03:08:22 2026] DELETE /resource_providers/b8a9f82a-fa55-4307-9ffc-dc8799d9f39d => generated 246 bytes in 8 msecs (HTTP/1.1 404) 6 headers in 231 bytes (1 switches on core 0)
