2026-07-14 11:41:59.235 10 INFO neutron.db.ovn_revision_numbers_db [None req-3b393bb3-d373-46b5-b762-d4202379bce9 526a7566e3fa474d88a0fe53670a1743 42d1debe6fa44278aa5d68dee1d9877d - - default default] Successfully bumped revision number for resource b4bc73e6-5b81-4ed1-aa59-10354d970a5c (type: ports) to 2
2026-07-14 11:41:59.271 10 INFO neutron.db.ovn_revision_numbers_db [req-139b1065-87e3-4cad-afb2-f49a40fc6d11 req-b8af2ffd-4aae-4fa2-a717-10cefdf3ae7a 510ec922fc0a4c2daf74f2b7376f9572 007b620f9f02429dbfe1620e7e0729be - - fd004ce52a97444eaaca329ac57bdc02 fd004ce52a97444eaaca329ac57bdc02] Successfully bumped revision number for resource b2329d59-5ed0-40f7-84d0-e870e9a81ae3 (type: ports) to 2
2026-07-14 11:41:59.281 10 INFO neutron.db.ovn_revision_numbers_db [None req-3b393bb3-d373-46b5-b762-d4202379bce9 526a7566e3fa474d88a0fe53670a1743 42d1debe6fa44278aa5d68dee1d9877d - - default default] Successfully bumped revision number for resource 7e85d984-389f-49e3-b77c-40b394eda351 (type: subnets) to 0
2026-07-14 11:41:59.296 10 INFO neutron.wsgi [None req-3b393bb3-d373-46b5-b762-d4202379bce9 526a7566e3fa474d88a0fe53670a1743 42d1debe6fa44278aa5d68dee1d9877d - - default default] 10.0.0.24 "POST /v2.0/subnets HTTP/1.1" status: 201 len: 801 time: 1.3897562
2026-07-14 11:41:59.512 10 INFO neutron.db.ovn_revision_numbers_db [req-139b1065-87e3-4cad-afb2-f49a40fc6d11 req-b8af2ffd-4aae-4fa2-a717-10cefdf3ae7a 510ec922fc0a4c2daf74f2b7376f9572 007b620f9f02429dbfe1620e7e0729be - - fd004ce52a97444eaaca329ac57bdc02 fd004ce52a97444eaaca329ac57bdc02] Successfully bumped revision number for resource b2329d59-5ed0-40f7-84d0-e870e9a81ae3 (type: ports) to 2
2026-07-14 11:41:59.531 10 INFO neutron.wsgi [req-139b1065-87e3-4cad-afb2-f49a40fc6d11 req-b8af2ffd-4aae-4fa2-a717-10cefdf3ae7a 510ec922fc0a4c2daf74f2b7376f9572 007b620f9f02429dbfe1620e7e0729be - - fd004ce52a97444eaaca329ac57bdc02 fd004ce52a97444eaaca329ac57bdc02] 199.204.45.3 "PUT /v2.0/ports/b2329d59-5ed0-40f7-84d0-e870e9a81ae3 HTTP/1.1" status: 200 len: 1376 time: 1.2194328
2026-07-14 11:41:59.566 10 INFO neutron.notifiers.nova [-] Nova event matching ['req-cfaa802d-8d91-40bd-a346-56a110d69cfd'] response: {'name': 'network-changed', 'server_uuid': '702c7756-1128-466a-9a92-d202a6a2fad3', 'tag': 'b2329d59-5ed0-40f7-84d0-e870e9a81ae3', 'status': 'completed', 'code': 200} /var/lib/openstack/lib/python3.10/site-packages/pycadf/identifier.py:71: UserWarning: Invalid uuid: neutron. To ensure interoperability, identifiers should be a valid uuid. warnings.warn(('Invalid uuid: %s. To ensure interoperability, '
2026-07-14 11:41:59.603 10 INFO neutron.wsgi [req-139b1065-87e3-4cad-afb2-f49a40fc6d11 req-b27bd59d-281d-48d8-968a-b573f9737b8b 510ec922fc0a4c2daf74f2b7376f9572 007b620f9f02429dbfe1620e7e0729be - - fd004ce52a97444eaaca329ac57bdc02 fd004ce52a97444eaaca329ac57bdc02] 199.204.45.3 "GET /v2.0/ports?tenant_id=6726d778b54944e5a4d8fccd22fdce33&device_id=702c7756-1128-466a-9a92-d202a6a2fad3 HTTP/1.1" status: 200 len: 1407 time: 0.0310950
2026-07-14 11:41:59.639 10 INFO neutron.wsgi [req-139b1065-87e3-4cad-afb2-f49a40fc6d11 req-21c19c33-b767-4cac-9d90-c60022c2426a 510ec922fc0a4c2daf74f2b7376f9572 007b620f9f02429dbfe1620e7e0729be - - fd004ce52a97444eaaca329ac57bdc02 fd004ce52a97444eaaca329ac57bdc02] 199.204.45.3 "GET /v2.0/floatingips?fixed_ip_address=10.100.0.6&port_id=b2329d59-5ed0-40f7-84d0-e870e9a81ae3 HTTP/1.1" status: 200 len: 217 time: 0.0263364
2026-07-14 11:41:59.684 10 INFO neutron.wsgi [req-139b1065-87e3-4cad-afb2-f49a40fc6d11 req-f357fb89-a729-4ee1-9f37-62e3df6945dc 510ec922fc0a4c2daf74f2b7376f9572 007b620f9f02429dbfe1620e7e0729be - - fd004ce52a97444eaaca329ac57bdc02 fd004ce52a97444eaaca329ac57bdc02] 199.204.45.3 "GET /v2.0/subnets?id=2c962552-5a8c-4db7-a573-3687793b77df HTTP/1.1" status: 200 len: 868 time: 0.0375795
2026-07-14 11:41:59.718 10 INFO neutron.wsgi [req-139b1065-87e3-4cad-afb2-f49a40fc6d11 req-e5033e1b-f883-4c66-afb7-b610dd21e8e4 510ec922fc0a4c2daf74f2b7376f9572 007b620f9f02429dbfe1620e7e0729be - - fd004ce52a97444eaaca329ac57bdc02 fd004ce52a97444eaaca329ac57bdc02] 199.204.45.3 "GET /v2.0/ports?network_id=9c3c5609-486f-4cd2-94d2-d2c30649e252&device_owner=network%3Adhcp HTTP/1.1" status: 200 len: 210 time: 0.0250111
2026-07-14 11:41:59.786 10 INFO neutron.wsgi [req-139b1065-87e3-4cad-afb2-f49a40fc6d11 req-98e62f1b-4197-4e6b-891b-bf5665804881 510ec922fc0a4c2daf74f2b7376f9572 007b620f9f02429dbfe1620e7e0729be - - fd004ce52a97444eaaca329ac57bdc02 fd004ce52a97444eaaca329ac57bdc02] 199.204.45.3 "GET /v2.0/networks/9c3c5609-486f-4cd2-94d2-d2c30649e252?fields=segments HTTP/1.1" status: 200 len: 212 time: 0.0582829
2026-07-14 11:41:59.861 9 INFO neutron.db.ovn_revision_numbers_db [None req-841770a1-d57e-47ad-ad16-e58bb254e621 e820eb7e754441859d3dfd86f088be9c 5d80ea2504e6400d9538295a00471c07 - - default default] Successfully bumped revision number for resource 4b8f3f8a-39d1-4b92-b1e6-646def7c3050 (type: ports) to 2
2026-07-14 11:41:59.864 10 INFO neutron.wsgi [req-139b1065-87e3-4cad-afb2-f49a40fc6d11 req-ff9db2b8-bfae-446b-91f4-8086d414a991 510ec922fc0a4c2daf74f2b7376f9572 007b620f9f02429dbfe1620e7e0729be - - fd004ce52a97444eaaca329ac57bdc02 fd004ce52a97444eaaca329ac57bdc02] 199.204.45.3 "GET /v2.0/networks/9c3c5609-486f-4cd2-94d2-d2c30649e252?fields=provider%3Aphysical_network&fields=provider%3Anetwork_type HTTP/1.1" status: 200 len: 277 time: 0.0701041
2026-07-14 11:41:59.874 9 WARNING neutron.scheduler.dhcp_agent_scheduler [None req-ec456651-9ba2-4324-a23f-57a98d5ed66b 526a7566e3fa474d88a0fe53670a1743 42d1debe6fa44278aa5d68dee1d9877d - - default default] No more DHCP agents
2026-07-14 11:41:59.880 9 WARNING neutron.api.rpc.agentnotifiers.dhcp_rpc_agent_api [None req-ec456651-9ba2-4324-a23f-57a98d5ed66b 526a7566e3fa474d88a0fe53670a1743 42d1debe6fa44278aa5d68dee1d9877d - - default default] Unable to schedule network 1dbb8ea4-b055-40cf-8174-cef7f26ac36e: no agents available; will retry on subsequent port and subnet creation events.
2026-07-14 11:41:59.908 9 INFO neutron.db.ovn_revision_numbers_db [None req-841770a1-d57e-47ad-ad16-e58bb254e621 e820eb7e754441859d3dfd86f088be9c 5d80ea2504e6400d9538295a00471c07 - - default default] Successfully bumped revision number for resource 05fd3efa-80c4-4165-a64f-fec3f86b58ed (type: subnets) to 0
2026-07-14 11:41:59.928 9 INFO neutron.wsgi [None req-841770a1-d57e-47ad-ad16-e58bb254e621 e820eb7e754441859d3dfd86f088be9c 5d80ea2504e6400d9538295a00471c07 - - default default] 10.0.0.24 "POST /v2.0/subnets HTTP/1.1" status: 201 len: 862 time: 0.9954174
2026-07-14 11:41:59.951 10 INFO neutron.wsgi [req-a79e62e4-8de4-4302-878c-90a231d2d163 req-733d9e52-4b7a-492f-a5b8-d8afdc7446b9 510ec922fc0a4c2daf74f2b7376f9572 007b620f9f02429dbfe1620e7e0729be - - fd004ce52a97444eaaca329ac57bdc02 fd004ce52a97444eaaca329ac57bdc02] 199.204.45.3 "GET /v2.0/ports?tenant_id=6726d778b54944e5a4d8fccd22fdce33&device_id=702c7756-1128-466a-9a92-d202a6a2fad3 HTTP/1.1" status: 200 len: 1407 time: 0.0364580
2026-07-14 11:42:00.041 10 INFO neutron.wsgi [req-a79e62e4-8de4-4302-878c-90a231d2d163 req-606aeed7-8137-418b-b14f-3da585bb8ef4 510ec922fc0a4c2daf74f2b7376f9572 007b620f9f02429dbfe1620e7e0729be - - fd004ce52a97444eaaca329ac57bdc02 fd004ce52a97444eaaca329ac57bdc02] 199.204.45.3 "GET /v2.0/networks?id=9c3c5609-486f-4cd2-94d2-d2c30649e252 HTTP/1.1" status: 200 len: 973 time: 0.0826726
2026-07-14 11:42:00.093 10 INFO neutron.wsgi [req-a79e62e4-8de4-4302-878c-90a231d2d163 req-1d50a2dc-e806-4ee5-92e8-e53bc95e05f4 510ec922fc0a4c2daf74f2b7376f9572 007b620f9f02429dbfe1620e7e0729be - - fd004ce52a97444eaaca329ac57bdc02 fd004ce52a97444eaaca329ac57bdc02] 199.204.45.3 "GET /v2.0/floatingips?fixed_ip_address=10.100.0.6&port_id=b2329d59-5ed0-40f7-84d0-e870e9a81ae3 HTTP/1.1" status: 200 len: 217 time: 0.0394089
2026-07-14 11:42:00.134 9 INFO neutron.db.ovn_revision_numbers_db [None req-ec456651-9ba2-4324-a23f-57a98d5ed66b 526a7566e3fa474d88a0fe53670a1743 42d1debe6fa44278aa5d68dee1d9877d - - default default] Successfully bumped revision number for resource bace1d19-b70b-4966-993f-05aad11524d3 (type: ports) to 1
2026-07-14 11:42:00.147 10 INFO neutron.wsgi [req-a79e62e4-8de4-4302-878c-90a231d2d163 req-f72823cb-a617-4d1b-93e1-7f8d7beccbce 510ec922fc0a4c2daf74f2b7376f9572 007b620f9f02429dbfe1620e7e0729be - - fd004ce52a97444eaaca329ac57bdc02 fd004ce52a97444eaaca329ac57bdc02] 199.204.45.3 "GET /v2.0/subnets?id=2c962552-5a8c-4db7-a573-3687793b77df HTTP/1.1" status: 200 len: 868 time: 0.0454650
2026-07-14 11:42:00.190 10 INFO neutron.wsgi [req-a79e62e4-8de4-4302-878c-90a231d2d163 req-6dffdaa1-8889-4389-ab43-c48cac1e16ce 510ec922fc0a4c2daf74f2b7376f9572 007b620f9f02429dbfe1620e7e0729be - - fd004ce52a97444eaaca329ac57bdc02 fd004ce52a97444eaaca329ac57bdc02] 199.204.45.3 "GET /v2.0/ports?network_id=9c3c5609-486f-4cd2-94d2-d2c30649e252&device_owner=network%3Adhcp HTTP/1.1" status: 200 len: 210 time: 0.0308416
2026-07-14 11:42:00.196 9 INFO neutron.wsgi [None req-ec456651-9ba2-4324-a23f-57a98d5ed66b 526a7566e3fa474d88a0fe53670a1743 42d1debe6fa44278aa5d68dee1d9877d - - default default] 10.0.0.24 "POST /v2.0/ports HTTP/1.1" status: 201 len: 1111 time: 0.8954189
2026-07-14 11:42:00.265 10 WARNING neutron.scheduler.dhcp_agent_scheduler [None req-ce2cfd28-95fd-4a39-a5e1-18da8d92b423 8d21e73fbe8d4145883b5802f5c23408 524c3f7ac8ac4cca88ebf33c2f05c8e8 - - default default] No more DHCP agents
2026-07-14 11:42:00.272 10 WARNING neutron.api.rpc.agentnotifiers.dhcp_rpc_agent_api [None req-ce2cfd28-95fd-4a39-a5e1-18da8d92b423 8d21e73fbe8d4145883b5802f5c23408 524c3f7ac8ac4cca88ebf33c2f05c8e8 - - default default] Unable to schedule network 91d2a21b-e0ad-496c-85dc-0a4fa055edab: no agents available; will retry on subsequent port and subnet creation events.
2026-07-14 11:42:00.316 10 INFO neutron.wsgi [req-a79e62e4-8de4-4302-878c-90a231d2d163 req-8350474b-b226-406c-903f-26d9340fb15c 510ec922fc0a4c2daf74f2b7376f9572 007b620f9f02429dbfe1620e7e0729be - - fd004ce52a97444eaaca329ac57bdc02 fd004ce52a97444eaaca329ac57bdc02] 199.204.45.3 "GET /v2.0/networks/9c3c5609-486f-4cd2-94d2-d2c30649e252?fields=segments HTTP/1.1" status: 200 len: 212 time: 0.1173534
2026-07-14 11:42:00.361 10 INFO neutron.wsgi [req-6304f545-de8d-4d9a-9767-dd4b5902d507 req-d063769a-d90f-4076-951d-2937fe9e269b d347648dd42140dda3ec3df83445ec9c 6726d778b54944e5a4d8fccd22fdce33 - - default default] 10.0.0.47 "GET /v2.0/ports?device_id=702c7756-1128-466a-9a92-d202a6a2fad3 HTTP/1.1" status: 200 len: 1168 time: 0.0588367
2026-07-14 11:42:00.458 10 INFO neutron.wsgi [req-a79e62e4-8de4-4302-878c-90a231d2d163 req-3df41635-864e-474e-840d-dd8728ed3dc5 510ec922fc0a4c2daf74f2b7376f9572 007b620f9f02429dbfe1620e7e0729be - - fd004ce52a97444eaaca329ac57bdc02 fd004ce52a97444eaaca329ac57bdc02] 199.204.45.3 "GET /v2.0/networks/9c3c5609-486f-4cd2-94d2-d2c30649e252?fields=provider%3Aphysical_network&fields=provider%3Anetwork_type HTTP/1.1" status: 200 len: 277 time: 0.1263418
2026-07-14 11:42:00.494 10 INFO neutron.wsgi [req-6304f545-de8d-4d9a-9767-dd4b5902d507 req-444716b8-c4d1-44b3-aa15-850f8575f176 d347648dd42140dda3ec3df83445ec9c 6726d778b54944e5a4d8fccd22fdce33 - - default default] 10.0.0.47 "GET /v2.0/security-groups?id=ef4b5dbd-8ba4-4d7b-89d9-965dbe6b603f&fields=id&fields=name HTTP/1.1" status: 200 len: 313 time: 0.1227391
2026-07-14 11:42:00.548 9 WARNING neutron.scheduler.dhcp_agent_scheduler [None req-4607cbe2-b71b-4e35-9d54-0c7c7180f21d e820eb7e754441859d3dfd86f088be9c 5d80ea2504e6400d9538295a00471c07 - - default default] No more DHCP agents
2026-07-14 11:42:00.555 9 WARNING neutron.api.rpc.agentnotifiers.dhcp_rpc_agent_api [None req-4607cbe2-b71b-4e35-9d54-0c7c7180f21d e820eb7e754441859d3dfd86f088be9c 5d80ea2504e6400d9538295a00471c07 - - default default] Unable to schedule network 91d2a21b-e0ad-496c-85dc-0a4fa055edab: no agents available; will retry on subsequent port and subnet creation events.
2026-07-14 11:42:00.586 9 INFO neutron.wsgi [None req-a40678bb-ac03-4bb6-acfe-85e31eab7331 e820eb7e754441859d3dfd86f088be9c 5d80ea2504e6400d9538295a00471c07 - - default default] 10.0.0.94 "GET /v2.0/subnets HTTP/1.1" status: 200 len: 3356 time: 0.1145370
2026-07-14 11:42:00.599 9 WARNING neutron.plugins.ml2.drivers.ovn.mech_driver.ovsdb.ovn_client [None req-c1242a75-d02a-4fc2-b5c7-5567aded73f5 - - - - - -] No hosting information found for port 94d7a957-4d88-4b3a-8ace-4a3d48903985: RuntimeError: No hosting information found for port 94d7a957-4d88-4b3a-8ace-4a3d48903985
2026-07-14 11:42:00.599 9 INFO neutron.plugins.ml2.drivers.ovn.mech_driver.mech_driver [None req-c1242a75-d02a-4fc2-b5c7-5567aded73f5 - - - - - -] OVN reports status up for port: b2329d59-5ed0-40f7-84d0-e870e9a81ae3
2026-07-14 11:42:00.604 9 INFO neutron.wsgi [None req-ba9e4e21-7645-45e3-800c-fe98bfe196db e820eb7e754441859d3dfd86f088be9c 5d80ea2504e6400d9538295a00471c07 - - default default] 10.0.0.94 "GET /v2.0/subnetpools HTTP/1.1" status: 200 len: 193 time: 0.0146105
2026-07-14 11:42:00.622 9 INFO neutron.plugins.ml2.plugin [None req-c1242a75-d02a-4fc2-b5c7-5567aded73f5 - - - - - -] Attempt 1 to provision port b2329d59-5ed0-40f7-84d0-e870e9a81ae3
2026-07-14 11:42:00.709 9 INFO neutron.wsgi [None req-39f2b011-60d8-4fed-8a15-44633128f362 e820eb7e754441859d3dfd86f088be9c 5d80ea2504e6400d9538295a00471c07 - - default default] 10.0.0.94 "GET /v2.0/security-groups HTTP/1.1" status: 200 len: 27885 time: 0.1031568
2026-07-14 11:42:00.757 10 INFO neutron.wsgi [None req-8197bc76-039e-4b84-9ad3-207493be184e 526a7566e3fa474d88a0fe53670a1743 42d1debe6fa44278aa5d68dee1d9877d - - default default] 10.0.0.24 "DELETE /v2.0/ports/bace1d19-b70b-4966-993f-05aad11524d3 HTTP/1.1" status: 204 len: 168 time: 0.5507679
2026-07-14 11:42:00.774 10 INFO neutron.db.ovn_revision_numbers_db [None req-ce2cfd28-95fd-4a39-a5e1-18da8d92b423 8d21e73fbe8d4145883b5802f5c23408 524c3f7ac8ac4cca88ebf33c2f05c8e8 - - default default] Successfully bumped revision number for resource fcc7a48c-6697-4da4-9720-b7b6d32fd34e (type: floatingips) to 0
2026-07-14 11:42:00.785 10 INFO neutron.pecan_wsgi.hooks.translation [None req-81a5879e-3e29-4233-b844-ff98c0f3cc3c 526a7566e3fa474d88a0fe53670a1743 42d1debe6fa44278aa5d68dee1d9877d - - default default] GET failed (client error): The resource could not be found.
2026-07-14 11:42:00.786 10 INFO neutron.wsgi [None req-81a5879e-3e29-4233-b844-ff98c0f3cc3c 526a7566e3fa474d88a0fe53670a1743 42d1debe6fa44278aa5d68dee1d9877d - - default default] 10.0.0.24 "GET /v2.0/ports/bace1d19-b70b-4966-993f-05aad11524d3 HTTP/1.1" status: 404 len: 333 time: 0.0229881
2026-07-14 11:42:00.799 10 INFO neutron.wsgi [None req-ce2cfd28-95fd-4a39-a5e1-18da8d92b423 8d21e73fbe8d4145883b5802f5c23408 524c3f7ac8ac4cca88ebf33c2f05c8e8 - - default default] 10.0.0.24 "POST /v2.0/floatingips HTTP/1.1" status: 201 len: 751 time: 1.1138039
2026-07-14 11:42:00.845 9 INFO neutron.notifiers.nova [-] Nova event matching ['req-b4da7a44-a39e-407c-9475-be973032cfe4'] response: {'server_uuid': '702c7756-1128-466a-9a92-d202a6a2fad3', 'name': 'network-vif-plugged', 'status': 'completed', 'tag': 'b2329d59-5ed0-40f7-84d0-e870e9a81ae3', 'code': 200}
2026-07-14 11:42:00.899 9 INFO neutron.wsgi [None req-aada266d-a857-4fcf-9c96-0cee84cf4198 8d21e73fbe8d4145883b5802f5c23408 524c3f7ac8ac4cca88ebf33c2f05c8e8 - - default default] 10.0.0.24 "PUT /v2.0/floatingips/fcc7a48c-6697-4da4-9720-b7b6d32fd34e/tags HTTP/1.1" status: 200 len: 218 time: 0.0881784
2026-07-14 11:42:00.908 9 INFO neutron.wsgi [None req-bdf18bc8-cbb3-4c05-9ee9-1b31e41e110d e820eb7e754441859d3dfd86f088be9c 5d80ea2504e6400d9538295a00471c07 - - default default] 10.0.0.94 "GET /v2.0/routers HTTP/1.1" status: 200 len: 1345 time: 0.1858809
2026-07-14 11:42:00.926 9 INFO neutron.db.ovn_revision_numbers_db [None req-4607cbe2-b71b-4e35-9d54-0c7c7180f21d e820eb7e754441859d3dfd86f088be9c 5d80ea2504e6400d9538295a00471c07 - - default default] Successfully bumped revision number for resource 4b82d979-16af-4f87-9d0e-15d72282066b (type: ports) to 1
2026-07-14 11:42:00.934 9 INFO neutron.wsgi [None req-72c3d4ce-5e72-4c64-addd-d923fe50d6d7 e820eb7e754441859d3dfd86f088be9c 5d80ea2504e6400d9538295a00471c07 - - default default] 10.0.0.94 "GET /v2.0/agents?binary=ovn-controller HTTP/1.1" status: 200 len: 591 time: 0.0228186
2026-07-14 11:42:00.946 10 INFO neutron.wsgi [None req-5df05e4d-a46f-4771-9663-f4d4fa0e4033 8d21e73fbe8d4145883b5802f5c23408 524c3f7ac8ac4cca88ebf33c2f05c8e8 - - default default] 10.0.0.24 "GET /v2.0/floatingips/fcc7a48c-6697-4da4-9720-b7b6d32fd34e/tags HTTP/1.1" status: 200 len: 218 time: 0.0418186
2026-07-14 11:42:00.984 9 INFO neutron.wsgi [None req-bfe25994-1df8-4e8c-a87d-9f7cd72a7ee1 e820eb7e754441859d3dfd86f088be9c 5d80ea2504e6400d9538295a00471c07 - - default default] 10.0.0.94 "GET /v2.0/floatingips HTTP/1.1" status: 200 len: 1282 time: 0.0478189
2026-07-14 11:42:01.008 10 INFO neutron.wsgi [None req-2295ac6c-8bb3-4abb-a5b9-5b24b0e23be9 8d21e73fbe8d4145883b5802f5c23408 524c3f7ac8ac4cca88ebf33c2f05c8e8 - - default default] 10.0.0.24 "PUT /v2.0/floatingips/fcc7a48c-6697-4da4-9720-b7b6d32fd34e/tags/green HTTP/1.1" status: 201 len: 201 time: 0.0546243
2026-07-14 11:42:01.047 10 INFO neutron.wsgi [None req-b7e3be87-6f6d-4a07-ab0b-fb36dc5899d7 8d21e73fbe8d4145883b5802f5c23408 524c3f7ac8ac4cca88ebf33c2f05c8e8 - - default default] 10.0.0.24 "GET /v2.0/floatingips/fcc7a48c-6697-4da4-9720-b7b6d32fd34e/tags HTTP/1.1" status: 200 len: 227 time: 0.0336640
2026-07-14 11:42:01.070 10 INFO neutron.wsgi [None req-2f90c66f-8f10-41c0-8bad-fead6ff53c9e 526a7566e3fa474d88a0fe53670a1743 42d1debe6fa44278aa5d68dee1d9877d - - default default] 10.0.0.24 "DELETE /v2.0/subnets/7e85d984-389f-49e3-b77c-40b394eda351 HTTP/1.1" status: 204 len: 168 time: 0.2788508
2026-07-14 11:42:01.097 10 INFO neutron.wsgi [None req-dbe45908-0241-4dee-a934-e049b2ece285 8d21e73fbe8d4145883b5802f5c23408 524c3f7ac8ac4cca88ebf33c2f05c8e8 - - default default] 10.0.0.24 "PUT /v2.0/floatingips/fcc7a48c-6697-4da4-9720-b7b6d32fd34e/tags/red HTTP/1.1" status: 201 len: 201 time: 0.0353706
2026-07-14 11:42:01.140 10 INFO neutron.wsgi [None req-d13043c8-75f6-4b96-97bb-8e9952a594f6 8d21e73fbe8d4145883b5802f5c23408 524c3f7ac8ac4cca88ebf33c2f05c8e8 - - default default] 10.0.0.24 "GET /v2.0/floatingips/fcc7a48c-6697-4da4-9720-b7b6d32fd34e/tags HTTP/1.1" status: 200 len: 227 time: 0.0270593
2026-07-14 11:42:01.188 10 INFO neutron.wsgi [None req-51973ce4-5789-4187-8ab3-5a09277060d6 8d21e73fbe8d4145883b5802f5c23408 524c3f7ac8ac4cca88ebf33c2f05c8e8 - - default default] 10.0.0.24 "PUT /v2.0/floatingips/fcc7a48c-6697-4da4-9720-b7b6d32fd34e/tags/black.or.white HTTP/1.1" status: 201 len: 201 time: 0.0413661
2026-07-14 11:42:01.217 10 INFO neutron.wsgi [None req-9e97511e-f87d-4727-840e-e6758b359cb0 8d21e73fbe8d4145883b5802f5c23408 524c3f7ac8ac4cca88ebf33c2f05c8e8 - - default default] 10.0.0.24 "GET /v2.0/floatingips/fcc7a48c-6697-4da4-9720-b7b6d32fd34e/tags HTTP/1.1" status: 200 len: 245 time: 0.0241354
2026-07-14 11:42:01.280 10 INFO neutron.wsgi [None req-7fb36688-561c-4fd0-b209-5b032732bba9 8d21e73fbe8d4145883b5802f5c23408 524c3f7ac8ac4cca88ebf33c2f05c8e8 - - default default] 10.0.0.24 "PUT /v2.0/floatingips/fcc7a48c-6697-4da4-9720-b7b6d32fd34e/tags HTTP/1.1" status: 200 len: 230 time: 0.0555170
2026-07-14 11:42:01.334 9 INFO neutron.wsgi [None req-7c972747-9333-4dc0-8a4a-3d67749af69c 8d21e73fbe8d4145883b5802f5c23408 524c3f7ac8ac4cca88ebf33c2f05c8e8 - - default default] 10.0.0.24 "GET /v2.0/floatingips/fcc7a48c-6697-4da4-9720-b7b6d32fd34e/tags HTTP/1.1" status: 200 len: 230 time: 0.0454125
2026-07-14 11:42:01.339 9 INFO neutron.wsgi [None req-aa2346a6-f9af-4c1d-aaf1-f3f700091b14 e820eb7e754441859d3dfd86f088be9c 5d80ea2504e6400d9538295a00471c07 - - default default] 10.0.0.94 "GET /v2.0/networks HTTP/1.1" status: 200 len: 5292 time: 0.1523759
2026-07-14 11:42:01.392 10 INFO neutron.wsgi [None req-ac2ddf54-4438-40d2-b7a0-4ec09d175ca8 8d21e73fbe8d4145883b5802f5c23408 524c3f7ac8ac4cca88ebf33c2f05c8e8 - - default default] 10.0.0.24 "GET /v2.0/floatingips/fcc7a48c-6697-4da4-9720-b7b6d32fd34e/tags/red HTTP/1.1" status: 204 len: 168 time: 0.0478947
2026-07-14 11:42:01.411 9 INFO neutron.wsgi [None req-94ce9dec-b4ad-4d93-bbe8-dfcc6a0dac3d e820eb7e754441859d3dfd86f088be9c 5d80ea2504e6400d9538295a00471c07 - - default default] 10.0.0.94 "GET /v2.0/subnets HTTP/1.1" status: 200 len: 2746 time: 0.0614643
2026-07-14 11:42:01.427 10 INFO neutron.api.v2.resource [None req-08b60e07-2052-4283-aafe-c7e3804ebb4a 8d21e73fbe8d4145883b5802f5c23408 524c3f7ac8ac4cca88ebf33c2f05c8e8 - - default default] show failed (client error): The resource could not be found.
2026-07-14 11:42:01.429 10 INFO neutron.wsgi [None req-08b60e07-2052-4283-aafe-c7e3804ebb4a 8d21e73fbe8d4145883b5802f5c23408 524c3f7ac8ac4cca88ebf33c2f05c8e8 - - default default] 10.0.0.24 "GET /v2.0/floatingips/fcc7a48c-6697-4da4-9720-b7b6d32fd34e/tags/green HTTP/1.1" status: 404 len: 299 time: 0.0288863
2026-07-14 11:42:01.441 9 INFO neutron.wsgi [None req-778919dc-20ef-40e4-b49c-c79c67ded249 e820eb7e754441859d3dfd86f088be9c 5d80ea2504e6400d9538295a00471c07 - - default default] 10.0.0.94 "GET /v2.0/agents HTTP/1.1" status: 200 len: 997 time: 0.0289607
2026-07-14 11:42:01.461 9 INFO neutron.db.ovn_revision_numbers_db [None req-c1242a75-d02a-4fc2-b5c7-5567aded73f5 - - - - - -] Successfully bumped revision number for resource b2329d59-5ed0-40f7-84d0-e870e9a81ae3 (type: ports) to 4
2026-07-14 11:42:01.471 9 INFO neutron.wsgi [None req-868c9ef2-04ec-4bff-aad5-3e59f2291509 e820eb7e754441859d3dfd86f088be9c 5d80ea2504e6400d9538295a00471c07 - - default default] 10.0.0.94 "GET /v2.0/network-ip-availabilities HTTP/1.1" status: 200 len: 2775 time: 0.0274808
2026-07-14 11:42:01.511 10 INFO neutron.wsgi [None req-664084ac-39ff-40d9-8463-ca14c8905337 8d21e73fbe8d4145883b5802f5c23408 524c3f7ac8ac4cca88ebf33c2f05c8e8 - - default default] 10.0.0.24 "DELETE /v2.0/floatingips/fcc7a48c-6697-4da4-9720-b7b6d32fd34e/tags/red HTTP/1.1" status: 204 len: 168 time: 0.0719278
2026-07-14 11:42:01.547 9 INFO neutron.wsgi [None req-e88cdb08-b448-47f1-92e1-3872cffdb367 e820eb7e754441859d3dfd86f088be9c 5d80ea2504e6400d9538295a00471c07 - - default default] 10.0.0.94 "GET /v2.0/ports HTTP/1.1" status: 200 len: 15576 time: 0.0747035
2026-07-14 11:42:01.548 10 INFO neutron.wsgi [None req-1e60396a-d062-4341-b699-2dd162710881 8d21e73fbe8d4145883b5802f5c23408 524c3f7ac8ac4cca88ebf33c2f05c8e8 - - default default] 10.0.0.24 "GET /v2.0/floatingips/fcc7a48c-6697-4da4-9720-b7b6d32fd34e/tags HTTP/1.1" status: 200 len: 223 time: 0.0292621
2026-07-14 11:42:01.862 10 INFO neutron.services.segments.plugin [-] Segment 19c55e56-d820-40e5-84f1-ef4af18ba3f8 resource provider aggregate not found
2026-07-14 11:42:01.867 10 INFO neutron.services.segments.plugin [-] Segment 19c55e56-d820-40e5-84f1-ef4af18ba3f8 resource provider aggregate not found
2026-07-14 11:42:01.883 10 INFO neutron.api.v2.resource [None req-4d9bba4f-6e7b-4bcc-a791-b35947fef5b5 8d21e73fbe8d4145883b5802f5c23408 524c3f7ac8ac4cca88ebf33c2f05c8e8 - - default default] delete failed (client error): The resource could not be found.
2026-07-14 11:42:01.884 10 INFO neutron.wsgi [None req-4d9bba4f-6e7b-4bcc-a791-b35947fef5b5 8d21e73fbe8d4145883b5802f5c23408 524c3f7ac8ac4cca88ebf33c2f05c8e8 - - default default] 10.0.0.24 "DELETE /v2.0/floatingips/fcc7a48c-6697-4da4-9720-b7b6d32fd34e/tags/green HTTP/1.1" status: 404 len: 299 time: 0.3286502
2026-07-14 11:42:01.886 10 INFO neutron.services.segments.plugin [-] Segment 19c55e56-d820-40e5-84f1-ef4af18ba3f8 resource provider not found; error: Placement Client Error (4xx): {"errors": [{"status": 404, "title": "Not Found", "detail": "The resource could not be found.\n\n No resource provider with uuid 19c55e56-d820-40e5-84f1-ef4af18ba3f8 found for delete ", "request_id": "req-6cb0ebe5-9ca1-4814-a1b2-17d362c4d633"}]}
2026-07-14 11:42:01.887 10 INFO neutron.services.segments.plugin [-] Segment 19c55e56-d820-40e5-84f1-ef4af18ba3f8 resource provider not found; error: Placement Client Error (4xx): {"errors": [{"status": 404, "title": "Not Found", "detail": "The resource could not be found.\n\n No resource provider with uuid 19c55e56-d820-40e5-84f1-ef4af18ba3f8 found for delete ", "request_id": "req-29f31a68-e289-405c-8034-a66a79a2fbac"}]}
2026-07-14 11:42:01.891 10 INFO neutron.wsgi [req-74b2022d-6991-408a-9ac2-46a314124e61 req-ece1cf8b-a51a-43d9-a19f-472cec5a9b19 d347648dd42140dda3ec3df83445ec9c 6726d778b54944e5a4d8fccd22fdce33 - - default default] 10.0.0.47 "GET /v2.0/ports?device_id=702c7756-1128-466a-9a92-d202a6a2fad3 HTTP/1.1" status: 200 len: 1170 time: 0.0743868
2026-07-14 11:42:01.928 10 INFO neutron.wsgi [None req-45cd6429-81ea-4332-a056-aae413a5c7c2 526a7566e3fa474d88a0fe53670a1743 42d1debe6fa44278aa5d68dee1d9877d - - default default] 10.0.0.24 "DELETE /v2.0/networks/1dbb8ea4-b055-40cf-8174-cef7f26ac36e HTTP/1.1" status: 204 len: 168 time: 0.8457413 /var/lib/openstack/lib/python3.10/site-packages/pycadf/identifier.py:71: UserWarning: Invalid uuid: neutron. To ensure interoperability, identifiers should be a valid uuid. warnings.warn(('Invalid uuid: %s. To ensure interoperability, '
2026-07-14 11:42:01.963 10 INFO neutron.wsgi [None req-c0c99ca6-2677-49e0-bb5d-b9ebd7ac2511 8d21e73fbe8d4145883b5802f5c23408 524c3f7ac8ac4cca88ebf33c2f05c8e8 - - default default] 10.0.0.24 "DELETE /v2.0/floatingips/fcc7a48c-6697-4da4-9720-b7b6d32fd34e/tags HTTP/1.1" status: 204 len: 168 time: 0.0707974
2026-07-14 11:42:01.968 10 INFO neutron.wsgi [req-74b2022d-6991-408a-9ac2-46a314124e61 req-7716e641-e502-42d2-957d-6b124c2ef37f d347648dd42140dda3ec3df83445ec9c 6726d778b54944e5a4d8fccd22fdce33 - - default default] 10.0.0.47 "GET /v2.0/security-groups?id=ef4b5dbd-8ba4-4d7b-89d9-965dbe6b603f&fields=id&fields=name HTTP/1.1" status: 200 len: 313 time: 0.0694497
2026-07-14 11:42:01.992 10 INFO neutron.wsgi [None req-8756a08e-d11d-4c42-9211-22bf2465888b 8d21e73fbe8d4145883b5802f5c23408 524c3f7ac8ac4cca88ebf33c2f05c8e8 - - default default] 10.0.0.24 "GET /v2.0/floatingips/fcc7a48c-6697-4da4-9720-b7b6d32fd34e/tags HTTP/1.1" status: 200 len: 205 time: 0.0235994
2026-07-14 11:42:02.007 10 INFO neutron.plugins.ml2.drivers.ovn.mech_driver.mech_driver [None req-bce252a6-e8d4-4e60-89b6-69e113a9828b - - - - - -] OVN reports status up for port: 4b82d979-16af-4f87-9d0e-15d72282066b
2026-07-14 11:42:02.030 10 INFO neutron.plugins.ml2.drivers.ovn.mech_driver.ovsdb.ovsdb_monitor [None req-80fbe3a5-da03-4365-bd39-85625acbfc39 - - - - - -] Router 8b51de98-d59c-4395-92ba-a1726c1b31b3 is bound to host instance
2026-07-14 11:42:02.032 10 INFO neutron.plugins.ml2.plugin [None req-bce252a6-e8d4-4e60-89b6-69e113a9828b - - - - - -] Attempt 1 to provision port 4b82d979-16af-4f87-9d0e-15d72282066b
2026-07-14 11:42:02.062 9 INFO neutron.db.ovn_revision_numbers_db [None req-4607cbe2-b71b-4e35-9d54-0c7c7180f21d e820eb7e754441859d3dfd86f088be9c 5d80ea2504e6400d9538295a00471c07 - - default default] Successfully bumped revision number for resource 4b82d979-16af-4f87-9d0e-15d72282066b (type: router_ports) to 1
2026-07-14 11:42:02.174 9 INFO neutron.db.ovn_revision_numbers_db [None req-4607cbe2-b71b-4e35-9d54-0c7c7180f21d e820eb7e754441859d3dfd86f088be9c 5d80ea2504e6400d9538295a00471c07 - - default default] Successfully bumped revision number for resource 8b51de98-d59c-4395-92ba-a1726c1b31b3 (type: routers) to 2
2026-07-14 11:42:02.191 9 INFO neutron.wsgi [req-20e3e376-3236-4f4c-80b3-d171e8e04a2e req-f7279fc6-3d8d-471f-ba1a-ee697268242b d347648dd42140dda3ec3df83445ec9c 6726d778b54944e5a4d8fccd22fdce33 - - default default] 10.0.0.47 "GET /v2.0/ports?device_id=702c7756-1128-466a-9a92-d202a6a2fad3 HTTP/1.1" status: 200 len: 1170 time: 0.1508069
2026-07-14 11:42:02.225 9 INFO neutron.wsgi [None req-4607cbe2-b71b-4e35-9d54-0c7c7180f21d e820eb7e754441859d3dfd86f088be9c 5d80ea2504e6400d9538295a00471c07 - - default default] 10.0.0.24 "POST /v2.0/routers HTTP/1.1" status: 201 len: 873 time: 2.2901740
2026-07-14 11:42:02.309 9 WARNING neutron.scheduler.dhcp_agent_scheduler [None req-68642769-bf84-4ed7-9b46-0c3f05623fed 526a7566e3fa474d88a0fe53670a1743 42d1debe6fa44278aa5d68dee1d9877d - - default default] No more DHCP agents
2026-07-14 11:42:02.313 9 WARNING neutron.api.rpc.agentnotifiers.dhcp_rpc_agent_api [None req-68642769-bf84-4ed7-9b46-0c3f05623fed 526a7566e3fa474d88a0fe53670a1743 42d1debe6fa44278aa5d68dee1d9877d - - default default] Unable to schedule network 2d152cad-c2be-4948-8b7d-d9e0104c8a0a: no agents available; will retry on subsequent port and subnet creation events.
2026-07-14 11:42:02.613 10 INFO neutron.wsgi [None req-48dd5d52-2315-47b6-b449-41ca63c94f4e 8d21e73fbe8d4145883b5802f5c23408 524c3f7ac8ac4cca88ebf33c2f05c8e8 - - default default] 10.0.0.24 "DELETE /v2.0/floatingips/fcc7a48c-6697-4da4-9720-b7b6d32fd34e HTTP/1.1" status: 204 len: 168 time: 0.6133525
2026-07-14 11:42:02.672 9 INFO neutron.db.ovn_revision_numbers_db [None req-68642769-bf84-4ed7-9b46-0c3f05623fed 526a7566e3fa474d88a0fe53670a1743 42d1debe6fa44278aa5d68dee1d9877d - - default default] Successfully bumped revision number for resource 2937e3e5-22f0-4bed-869d-1ebd5d73bffb (type: ports) to 1
2026-07-14 11:42:02.719 9 INFO neutron.wsgi [None req-68642769-bf84-4ed7-9b46-0c3f05623fed 526a7566e3fa474d88a0fe53670a1743 42d1debe6fa44278aa5d68dee1d9877d - - default default] 10.0.0.24 "POST /v2.0/ports HTTP/1.1" status: 201 len: 974 time: 0.7842574 /var/lib/openstack/lib/python3.10/site-packages/pycadf/identifier.py:71: UserWarning: Invalid uuid: neutron. To ensure interoperability, identifiers should be a valid uuid. warnings.warn(('Invalid uuid: %s. To ensure interoperability, '
2026-07-14 11:42:02.747 9 INFO neutron.db.l3_db [None req-e78e3ddb-ae73-46e0-8845-da0d6e0cd25d d347648dd42140dda3ec3df83445ec9c 6726d778b54944e5a4d8fccd22fdce33 - - default default] Floating IP 96fd54c8-9086-4593-8217-33383f3c140a associated. External IP: 10.96.250.205, port: b2329d59-5ed0-40f7-84d0-e870e9a81ae3.
2026-07-14 11:42:02.888 9 INFO neutron.notifiers.nova [-] Nova event matching ['req-d9fa3d5d-9a14-448f-893f-70f0f6294786'] response: {'server_uuid': '702c7756-1128-466a-9a92-d202a6a2fad3', 'name': 'network-vif-plugged', 'status': 'completed', 'tag': 'b2329d59-5ed0-40f7-84d0-e870e9a81ae3', 'code': 200}
2026-07-14 11:42:02.917 10 INFO neutron.db.ovn_revision_numbers_db [None req-80fbe3a5-da03-4365-bd39-85625acbfc39 - - - - - -] Successfully bumped revision number for resource 4b82d979-16af-4f87-9d0e-15d72282066b (type: ports) to 1
2026-07-14 11:42:02.959 10 WARNING neutron.scheduler.dhcp_agent_scheduler [None req-b4a8005b-6c0e-4284-a355-2192aac2c0d1 e820eb7e754441859d3dfd86f088be9c 5d80ea2504e6400d9538295a00471c07 - - default default] No more DHCP agents
2026-07-14 11:42:02.967 10 WARNING neutron.api.rpc.agentnotifiers.dhcp_rpc_agent_api [None req-b4a8005b-6c0e-4284-a355-2192aac2c0d1 e820eb7e754441859d3dfd86f088be9c 5d80ea2504e6400d9538295a00471c07 - - default default] Unable to schedule network 1654d310-59e0-4b8e-a541-8f40db471dc7: no agents available; will retry on subsequent port and subnet creation events.
2026-07-14 11:42:03.079 9 INFO neutron.db.ovn_revision_numbers_db [None req-e78e3ddb-ae73-46e0-8845-da0d6e0cd25d d347648dd42140dda3ec3df83445ec9c 6726d778b54944e5a4d8fccd22fdce33 - - default default] Successfully bumped revision number for resource 96fd54c8-9086-4593-8217-33383f3c140a (type: floatingips) to 1
2026-07-14 11:42:03.147 9 INFO neutron.db.ovn_revision_numbers_db [None req-7a4a49c1-533d-4929-b9e3-137ae6d0e160 526a7566e3fa474d88a0fe53670a1743 42d1debe6fa44278aa5d68dee1d9877d - - default default] Successfully bumped revision number for resource 2937e3e5-22f0-4bed-869d-1ebd5d73bffb (type: ports) to 2
2026-07-14 11:42:03.158 9 INFO neutron.wsgi [None req-7a4a49c1-533d-4929-b9e3-137ae6d0e160 526a7566e3fa474d88a0fe53670a1743 42d1debe6fa44278aa5d68dee1d9877d - - default default] 10.0.0.24 "PUT /v2.0/ports/2937e3e5-22f0-4bed-869d-1ebd5d73bffb HTTP/1.1" status: 200 len: 946 time: 0.4321413 /var/lib/openstack/lib/python3.10/site-packages/pycadf/identifier.py:71: UserWarning: Invalid uuid: neutron. To ensure interoperability, identifiers should be a valid uuid. warnings.warn(('Invalid uuid: %s. To ensure interoperability, '
2026-07-14 11:42:03.201 10 INFO neutron.db.ovn_revision_numbers_db [None req-b4a8005b-6c0e-4284-a355-2192aac2c0d1 e820eb7e754441859d3dfd86f088be9c 5d80ea2504e6400d9538295a00471c07 - - default default] Successfully bumped revision number for resource c20f4c5f-852f-46e3-a1a8-ee15fe550c6f (type: ports) to 1
2026-07-14 11:42:03.228 9 INFO neutron.db.ovn_revision_numbers_db [None req-e78e3ddb-ae73-46e0-8845-da0d6e0cd25d d347648dd42140dda3ec3df83445ec9c 6726d778b54944e5a4d8fccd22fdce33 - - default default] Successfully bumped revision number for resource 96fd54c8-9086-4593-8217-33383f3c140a (type: floatingips) to 2
2026-07-14 11:42:03.251 9 INFO neutron.wsgi [None req-e78e3ddb-ae73-46e0-8845-da0d6e0cd25d d347648dd42140dda3ec3df83445ec9c 6726d778b54944e5a4d8fccd22fdce33 - - default default] 10.0.0.24 "PUT /v2.0/floatingips/96fd54c8-9086-4593-8217-33383f3c140a HTTP/1.1" status: 200 len: 1049 time: 1.0479121
2026-07-14 11:42:03.262 10 INFO neutron.db.ovn_revision_numbers_db [None req-80fbe3a5-da03-4365-bd39-85625acbfc39 - - - - - -] Successfully bumped revision number for resource 4b82d979-16af-4f87-9d0e-15d72282066b (type: router_ports) to 3
2026-07-14 11:42:03.356 9 INFO neutron.wsgi [req-4eb3fae3-c761-40be-b45e-4b14341ba84b req-151a8595-4d3c-46b9-99c7-64631cfa3eac d347648dd42140dda3ec3df83445ec9c 6726d778b54944e5a4d8fccd22fdce33 - - default default] 10.0.0.47 "GET /v2.0/ports?device_id=702c7756-1128-466a-9a92-d202a6a2fad3 HTTP/1.1" status: 200 len: 1170 time: 0.0589728
2026-07-14 11:42:03.435 9 INFO neutron.wsgi [req-4eb3fae3-c761-40be-b45e-4b14341ba84b req-ce6deb96-5eac-4be2-bf10-fb35a02009ce d347648dd42140dda3ec3df83445ec9c 6726d778b54944e5a4d8fccd22fdce33 - - default default] 10.0.0.47 "GET /v2.0/security-groups?id=ef4b5dbd-8ba4-4d7b-89d9-965dbe6b603f&fields=id&fields=name HTTP/1.1" status: 200 len: 313 time: 0.0654409
2026-07-14 11:42:03.457 10 INFO neutron.db.ovn_revision_numbers_db [None req-80fbe3a5-da03-4365-bd39-85625acbfc39 - - - - - -] Successfully bumped revision number for resource 4b82d979-16af-4f87-9d0e-15d72282066b (type: ports) to 2
2026-07-14 11:42:03.488 9 INFO neutron.wsgi [None req-aa54f177-c681-482d-bbda-ce9e71d7d709 526a7566e3fa474d88a0fe53670a1743 42d1debe6fa44278aa5d68dee1d9877d - - default default] 10.0.0.24 "DELETE /v2.0/ports/2937e3e5-22f0-4bed-869d-1ebd5d73bffb HTTP/1.1" status: 204 len: 168 time: 0.3249531
2026-07-14 11:42:03.514 9 INFO neutron.db.ovn_revision_numbers_db [None req-a12f0125-4e3d-49cf-ab21-85b8dc490817 e820eb7e754441859d3dfd86f088be9c 5d80ea2504e6400d9538295a00471c07 - - default default] Successfully bumped revision number for resource 8920a986-3e6c-491b-a843-b7c7774387ab (type: security_groups) to 1
2026-07-14 11:42:03.528 9 INFO neutron.db.ovn_revision_numbers_db [None req-a12f0125-4e3d-49cf-ab21-85b8dc490817 e820eb7e754441859d3dfd86f088be9c 5d80ea2504e6400d9538295a00471c07 - - default default] Successfully bumped revision number for resource 1c3f20cc-c9f9-4884-bacf-44f024c10790 (type: security_group_rules) to 0
2026-07-14 11:42:03.555 9 INFO neutron.db.ovn_revision_numbers_db [None req-a12f0125-4e3d-49cf-ab21-85b8dc490817 e820eb7e754441859d3dfd86f088be9c 5d80ea2504e6400d9538295a00471c07 - - default default] Successfully bumped revision number for resource 6678672b-3478-4c72-9c32-e83342c7c51e (type: security_group_rules) to 0
2026-07-14 11:42:03.573 9 INFO neutron.db.ovn_revision_numbers_db [None req-a12f0125-4e3d-49cf-ab21-85b8dc490817 e820eb7e754441859d3dfd86f088be9c 5d80ea2504e6400d9538295a00471c07 - - default default] Successfully bumped revision number for resource d0c3bf4e-8877-45d2-9b32-986bbb1a855d (type: security_group_rules) to 0
2026-07-14 11:42:03.587 9 INFO neutron.db.ovn_revision_numbers_db [None req-a12f0125-4e3d-49cf-ab21-85b8dc490817 e820eb7e754441859d3dfd86f088be9c 5d80ea2504e6400d9538295a00471c07 - - default default] Successfully bumped revision number for resource f83528da-3381-4873-b3bd-85c1c083c568 (type: security_group_rules) to 0
2026-07-14 11:42:03.614 9 INFO neutron.wsgi [None req-a12f0125-4e3d-49cf-ab21-85b8dc490817 e820eb7e754441859d3dfd86f088be9c 5d80ea2504e6400d9538295a00471c07 - - default default] 10.0.0.24 "GET /v2.0/security-groups?tenant_id=524c3f7ac8ac4cca88ebf33c2f05c8e8&name=default HTTP/1.1" status: 200 len: 2996 time: 0.4029026
2026-07-14 11:42:03.633 10 INFO neutron.wsgi [None req-4e680bdf-1130-4d38-8128-04b2014a2192 526a7566e3fa474d88a0fe53670a1743 42d1debe6fa44278aa5d68dee1d9877d - - default default] 10.0.0.24 "GET /v2.0/ports HTTP/1.1" status: 200 len: 1729 time: 0.1383326
2026-07-14 11:42:03.661 9 INFO neutron.pecan_wsgi.hooks.translation [None req-3140bb09-cf32-4391-a353-12074e8db0bb 526a7566e3fa474d88a0fe53670a1743 42d1debe6fa44278aa5d68dee1d9877d - - default default] GET failed (client error): The resource could not be found.
2026-07-14 11:42:03.662 9 INFO neutron.wsgi [None req-3140bb09-cf32-4391-a353-12074e8db0bb 526a7566e3fa474d88a0fe53670a1743 42d1debe6fa44278aa5d68dee1d9877d - - default default] 10.0.0.24 "GET /v2.0/ports/2937e3e5-22f0-4bed-869d-1ebd5d73bffb HTTP/1.1" status: 404 len: 333 time: 0.0243917
2026-07-14 11:42:03.714 9 INFO neutron.plugins.ml2.drivers.ovn.mech_driver.mech_driver [None req-c1242a75-d02a-4fc2-b5c7-5567aded73f5 - - - - - -] OVN reports status down for port: b2329d59-5ed0-40f7-84d0-e870e9a81ae3
2026-07-14 11:42:03.755 10 INFO neutron.wsgi [req-56961477-dfb6-45bd-b3cb-7217ca979e2c req-2dcf7431-1762-4a50-8f50-eb58af5207ee d347648dd42140dda3ec3df83445ec9c 6726d778b54944e5a4d8fccd22fdce33 - - default default] 10.0.0.47 "GET /v2.0/ports?device_id=702c7756-1128-466a-9a92-d202a6a2fad3 HTTP/1.1" status: 200 len: 1170 time: 0.0558593
2026-07-14 11:42:03.770 9 INFO neutron.wsgi [None req-0ea55022-76ab-4240-bdb3-9f8b7743a16f 526a7566e3fa474d88a0fe53670a1743 42d1debe6fa44278aa5d68dee1d9877d - - default default] 10.0.0.24 "GET /v2.0/ports HTTP/1.1" status: 200 len: 1729 time: 0.0990622
2026-07-14 11:42:03.815 9 INFO neutron.wsgi [None req-fbd37347-c4be-430b-a696-84585e5e542e 526a7566e3fa474d88a0fe53670a1743 42d1debe6fa44278aa5d68dee1d9877d - - default default] 10.0.0.24 "GET /v2.0/ports/9547600a-92b9-4f47-af9c-0c073da5a5fe HTTP/1.1" status: 200 len: 969 time: 0.0392997
2026-07-14 11:42:03.841 9 INFO neutron.pecan_wsgi.hooks.translation [None req-f89f5c02-05e9-40ae-acd6-e332b8eb30ff 526a7566e3fa474d88a0fe53670a1743 42d1debe6fa44278aa5d68dee1d9877d - - default default] DELETE failed (client error): The resource could not be found.
2026-07-14 11:42:03.843 9 INFO neutron.wsgi [None req-f89f5c02-05e9-40ae-acd6-e332b8eb30ff 526a7566e3fa474d88a0fe53670a1743 42d1debe6fa44278aa5d68dee1d9877d - - default default] 10.0.0.24 "DELETE /v2.0/ports/bace1d19-b70b-4966-993f-05aad11524d3 HTTP/1.1" status: 404 len: 333 time: 0.0199916
2026-07-14 11:42:03.881 9 INFO neutron.pecan_wsgi.hooks.translation [None req-43cd2356-d962-438c-b0c0-2942bcf9e3d4 526a7566e3fa474d88a0fe53670a1743 42d1debe6fa44278aa5d68dee1d9877d - - default default] DELETE failed (client error): The resource could not be found.
2026-07-14 11:42:03.883 9 INFO neutron.wsgi [None req-43cd2356-d962-438c-b0c0-2942bcf9e3d4 526a7566e3fa474d88a0fe53670a1743 42d1debe6fa44278aa5d68dee1d9877d - - default default] 10.0.0.24 "DELETE /v2.0/subnets/7e85d984-389f-49e3-b77c-40b394eda351 HTTP/1.1" status: 404 len: 337 time: 0.0344522
2026-07-14 11:42:03.913 9 INFO neutron.pecan_wsgi.hooks.translation [None req-5a5893c2-5840-4b9f-a0ac-321261f80965 526a7566e3fa474d88a0fe53670a1743 42d1debe6fa44278aa5d68dee1d9877d - - default default] DELETE failed (client error): The resource could not be found.
2026-07-14 11:42:03.917 9 INFO neutron.wsgi [None req-5a5893c2-5840-4b9f-a0ac-321261f80965 526a7566e3fa474d88a0fe53670a1743 42d1debe6fa44278aa5d68dee1d9877d - - default default] 10.0.0.24 "DELETE /v2.0/subnets/4c2ab601-8522-4497-8fa4-0cd43821b595 HTTP/1.1" status: 404 len: 337 time: 0.0287149
2026-07-14 11:42:03.936 9 INFO neutron.wsgi [-] 10.0.0.11 "GET / HTTP/1.1" status: 200 len: 246 time: 0.0011332
2026-07-14 11:42:03.938 9 INFO neutron.wsgi [-] 10.0.0.11 "GET / HTTP/1.1" status: 200 len: 246 time: 0.0010626
2026-07-14 11:42:04.033 9 INFO neutron.wsgi [None req-662ffd58-a65e-4fa0-b86c-ca5bc817feb1 e820eb7e754441859d3dfd86f088be9c 5d80ea2504e6400d9538295a00471c07 - - default default] 10.0.0.24 "DELETE /v2.0/security-groups/8920a986-3e6c-491b-a843-b7c7774387ab HTTP/1.1" status: 204 len: 168 time: 0.4124970
2026-07-14 11:42:04.091 10 INFO neutron.wsgi [req-56961477-dfb6-45bd-b3cb-7217ca979e2c req-36989a0a-71e3-420d-bf7a-103968733c9c d347648dd42140dda3ec3df83445ec9c 6726d778b54944e5a4d8fccd22fdce33 - - default default] 10.0.0.47 "GET /v2.0/security-groups?id=ef4b5dbd-8ba4-4d7b-89d9-965dbe6b603f&fields=id&fields=name HTTP/1.1" status: 200 len: 313 time: 0.3272009
2026-07-14 11:42:04.097 10 INFO neutron.wsgi [req-14d74614-06c0-4afa-89f4-1523be3075bc req-b65d80ff-f06b-49ab-a93c-c7f12fbfb2bd d347648dd42140dda3ec3df83445ec9c 6726d778b54944e5a4d8fccd22fdce33 - - default default] 199.204.45.3 "GET /v2.0/ports?device_id=702c7756-1128-466a-9a92-d202a6a2fad3 HTTP/1.1" status: 200 len: 1168 time: 0.0541549
2026-07-14 11:42:04.173 10 INFO neutron.db.ovn_revision_numbers_db [None req-b4a8005b-6c0e-4284-a355-2192aac2c0d1 e820eb7e754441859d3dfd86f088be9c 5d80ea2504e6400d9538295a00471c07 - - default default] Successfully bumped revision number for resource c20f4c5f-852f-46e3-a1a8-ee15fe550c6f (type: router_ports) to 1
2026-07-14 11:42:04.192 9 INFO neutron.db.ovn_revision_numbers_db [None req-c1242a75-d02a-4fc2-b5c7-5567aded73f5 - - - - - -] Successfully bumped revision number for resource b2329d59-5ed0-40f7-84d0-e870e9a81ae3 (type: ports) to 5
2026-07-14 11:42:04.203 10 INFO neutron.db.ovn_revision_numbers_db [None req-80fbe3a5-da03-4365-bd39-85625acbfc39 - - - - - -] Successfully bumped revision number for resource 4b82d979-16af-4f87-9d0e-15d72282066b (type: ports) to 4
2026-07-14 11:42:04.227 9 INFO neutron.plugins.ml2.drivers.ovn.mech_driver.mech_driver [None req-c1242a75-d02a-4fc2-b5c7-5567aded73f5 - - - - - -] OVN reports status up for port: c20f4c5f-852f-46e3-a1a8-ee15fe550c6f
2026-07-14 11:42:04.239 9 INFO neutron.wsgi [None req-fbca5fc0-7a2e-4797-ba5a-b39199686672 526a7566e3fa474d88a0fe53670a1743 42d1debe6fa44278aa5d68dee1d9877d - - default default] 10.0.0.24 "DELETE /v2.0/ports/9547600a-92b9-4f47-af9c-0c073da5a5fe HTTP/1.1" status: 204 len: 168 time: 0.3101542
2026-07-14 11:42:04.239 9 INFO neutron.plugins.ml2.plugin [None req-c1242a75-d02a-4fc2-b5c7-5567aded73f5 - - - - - -] Attempt 1 to provision port c20f4c5f-852f-46e3-a1a8-ee15fe550c6f
2026-07-14 11:42:04.419 10 INFO neutron.plugins.ml2.drivers.ovn.mech_driver.mech_driver [None req-bce252a6-e8d4-4e60-89b6-69e113a9828b - - - - - -] OVN reports status down for port: 2937e3e5-22f0-4bed-869d-1ebd5d73bffb
2026-07-14 11:42:04.492 10 INFO neutron.db.ovn_revision_numbers_db [None req-99816531-deeb-4af1-8b54-8c10b481ecef e820eb7e754441859d3dfd86f088be9c 5d80ea2504e6400d9538295a00471c07 - - default default] Successfully bumped revision number for resource d7e8f0b7-0853-4949-8360-6e254b0a6dda (type: security_groups) to 1
2026-07-14 11:42:04.537 10 INFO neutron.db.ovn_revision_numbers_db [None req-99816531-deeb-4af1-8b54-8c10b481ecef e820eb7e754441859d3dfd86f088be9c 5d80ea2504e6400d9538295a00471c07 - - default default] Successfully bumped revision number for resource 8352cabc-38d1-48a3-9a5b-3f261ee328e3 (type: security_group_rules) to 0
2026-07-14 11:42:04.572 10 INFO neutron.db.ovn_revision_numbers_db [None req-b4a8005b-6c0e-4284-a355-2192aac2c0d1 e820eb7e754441859d3dfd86f088be9c 5d80ea2504e6400d9538295a00471c07 - - default default] Successfully bumped revision number for resource c20f4c5f-852f-46e3-a1a8-ee15fe550c6f (type: ports) to 1
2026-07-14 11:42:04.580 10 INFO neutron.db.ovn_revision_numbers_db [None req-99816531-deeb-4af1-8b54-8c10b481ecef e820eb7e754441859d3dfd86f088be9c 5d80ea2504e6400d9538295a00471c07 - - default default] Successfully bumped revision number for resource c6c6da44-68dd-4531-ba37-b8e05983794a (type: security_group_rules) to 0
2026-07-14 11:42:04.621 10 INFO neutron.db.ovn_revision_numbers_db [None req-99816531-deeb-4af1-8b54-8c10b481ecef e820eb7e754441859d3dfd86f088be9c 5d80ea2504e6400d9538295a00471c07 - - default default] Successfully bumped revision number for resource cfe99b00-514d-44b7-b47a-53fa25b2cc8a (type: security_group_rules) to 0
2026-07-14 11:42:04.663 10 INFO neutron.db.ovn_revision_numbers_db [None req-99816531-deeb-4af1-8b54-8c10b481ecef e820eb7e754441859d3dfd86f088be9c 5d80ea2504e6400d9538295a00471c07 - - default default] Successfully bumped revision number for resource f8ae93fb-1a7a-4c63-b4e3-b17241051ca3 (type: security_group_rules) to 0
2026-07-14 11:42:04.711 10 INFO neutron.wsgi [None req-99816531-deeb-4af1-8b54-8c10b481ecef e820eb7e754441859d3dfd86f088be9c 5d80ea2504e6400d9538295a00471c07 - - default default] 10.0.0.24 "GET /v2.0/security-groups?tenant_id=591aeca303044e9aa8b5d492b0d19a47&name=default HTTP/1.1" status: 200 len: 2996 time: 0.5667517 /var/lib/openstack/lib/python3.10/site-packages/pycadf/identifier.py:71: UserWarning: Invalid uuid: neutron. To ensure interoperability, identifiers should be a valid uuid. warnings.warn(('Invalid uuid: %s. To ensure interoperability, '
2026-07-14 11:42:04.731 10 INFO neutron.db.l3_db [req-14d74614-06c0-4afa-89f4-1523be3075bc req-d2bfd6c8-5aad-44d7-92af-a024f136110a d347648dd42140dda3ec3df83445ec9c 6726d778b54944e5a4d8fccd22fdce33 - - default default] Floating IP 96fd54c8-9086-4593-8217-33383f3c140a disassociated. External IP: 10.96.250.205, port: b2329d59-5ed0-40f7-84d0-e870e9a81ae3.
2026-07-14 11:42:04.766 10 WARNING neutron.scheduler.dhcp_agent_scheduler [None req-b4a8005b-6c0e-4284-a355-2192aac2c0d1 e820eb7e754441859d3dfd86f088be9c 5d80ea2504e6400d9538295a00471c07 - - default default] No more DHCP agents
2026-07-14 11:42:04.770 10 WARNING neutron.api.rpc.agentnotifiers.dhcp_rpc_agent_api [None req-b4a8005b-6c0e-4284-a355-2192aac2c0d1 e820eb7e754441859d3dfd86f088be9c 5d80ea2504e6400d9538295a00471c07 - - default default] Unable to schedule network 1654d310-59e0-4b8e-a541-8f40db471dc7: no agents available; will retry on subsequent port and subnet creation events.
2026-07-14 11:42:04.774 10 INFO neutron.db.ovn_revision_numbers_db [None req-80fbe3a5-da03-4365-bd39-85625acbfc39 - - - - - -] Successfully bumped revision number for resource 4b82d979-16af-4f87-9d0e-15d72282066b (type: router_ports) to 4
2026-07-14 11:42:04.852 9 INFO neutron.db.ovn_revision_numbers_db [None req-c1242a75-d02a-4fc2-b5c7-5567aded73f5 - - - - - -] Successfully bumped revision number for resource c20f4c5f-852f-46e3-a1a8-ee15fe550c6f (type: ports) to 2
2026-07-14 11:42:04.925 9 INFO neutron.services.segments.plugin [-] Segment c2a4ea8e-1e49-47c9-82cd-e4d6e04de111 resource provider aggregate not found
2026-07-14 11:42:04.932 9 INFO neutron.services.segments.plugin [-] Segment c2a4ea8e-1e49-47c9-82cd-e4d6e04de111 resource provider aggregate not found
2026-07-14 11:42:04.949 9 INFO neutron.notifiers.nova [-] Nova event matching ['req-d4cf15b7-9b1c-4798-97fd-171d0a1d0d6a'] response: {'name': 'network-changed', 'server_uuid': '702c7756-1128-466a-9a92-d202a6a2fad3', 'tag': 'b2329d59-5ed0-40f7-84d0-e870e9a81ae3', 'status': 'completed', 'code': 200}
2026-07-14 11:42:04.949 9 INFO neutron.notifiers.nova [-] Nova event matching ['req-d4cf15b7-9b1c-4798-97fd-171d0a1d0d6a'] response: {'server_uuid': '702c7756-1128-466a-9a92-d202a6a2fad3', 'name': 'network-vif-unplugged', 'status': 'completed', 'tag': 'b2329d59-5ed0-40f7-84d0-e870e9a81ae3', 'code': 200}
2026-07-14 11:42:04.949 9 INFO neutron.notifiers.nova [-] Nova event matching ['req-d4cf15b7-9b1c-4798-97fd-171d0a1d0d6a'] response: {'server_uuid': '702c7756-1128-466a-9a92-d202a6a2fad3', 'name': 'network-vif-plugged', 'status': 'completed', 'tag': 'b2329d59-5ed0-40f7-84d0-e870e9a81ae3', 'code': 200}
2026-07-14 11:42:04.958 9 INFO neutron.services.segments.plugin [-] Segment c2a4ea8e-1e49-47c9-82cd-e4d6e04de111 resource provider not found; error: Placement Client Error (4xx): {"errors": [{"status": 404, "title": "Not Found", "detail": "The resource could not be found.\n\n No resource provider with uuid c2a4ea8e-1e49-47c9-82cd-e4d6e04de111 found for delete ", "request_id": "req-5e1d005f-97cb-46cc-9d92-54b9f6adb4d5"}]}
2026-07-14 11:42:04.967 9 INFO neutron.services.segments.plugin [-] Segment c2a4ea8e-1e49-47c9-82cd-e4d6e04de111 resource provider not found; error: Placement Client Error (4xx): {"errors": [{"status": 404, "title": "Not Found", "detail": "The resource could not be found.\n\n No resource provider with uuid c2a4ea8e-1e49-47c9-82cd-e4d6e04de111 found for delete ", "request_id": "req-e0330466-d2a2-4847-aec9-f21043f6debf"}]}
2026-07-14 11:42:04.968 10 INFO neutron.wsgi [req-14d74614-06c0-4afa-89f4-1523be3075bc req-d2bfd6c8-5aad-44d7-92af-a024f136110a d347648dd42140dda3ec3df83445ec9c 6726d778b54944e5a4d8fccd22fdce33 - - default default] 199.204.45.3 "DELETE /v2.0/ports/b2329d59-5ed0-40f7-84d0-e870e9a81ae3 HTTP/1.1" status: 204 len: 173 time: 0.8657942
2026-07-14 11:42:05.006 10 INFO neutron.notifiers.nova [-] Nova event matching ['req-09201f36-7e64-406b-b939-8703db720d19'] response: {'server_uuid': '702c7756-1128-466a-9a92-d202a6a2fad3', 'name': 'network-vif-deleted', 'tag': 'b2329d59-5ed0-40f7-84d0-e870e9a81ae3', 'status': 'completed', 'code': 200}
2026-07-14 11:42:05.009 9 INFO neutron.wsgi [req-cf6817bb-3327-494f-a6b5-afb1a6d5086c req-f874180c-1394-4392-9103-03e62778a1b6 510ec922fc0a4c2daf74f2b7376f9572 007b620f9f02429dbfe1620e7e0729be - - fd004ce52a97444eaaca329ac57bdc02 fd004ce52a97444eaaca329ac57bdc02] 199.204.45.3 "GET /v2.0/ports?tenant_id=6726d778b54944e5a4d8fccd22fdce33&device_id=702c7756-1128-466a-9a92-d202a6a2fad3 HTTP/1.1" status: 200 len: 210 time: 0.0481393
