2026-07-14 11:42:05.034 9 INFO neutron.wsgi [None req-b5ed3879-318f-49f3-a6bc-dd42a2f9e6b4 526a7566e3fa474d88a0fe53670a1743 42d1debe6fa44278aa5d68dee1d9877d - - default default] 10.0.0.24 "DELETE /v2.0/networks/2d152cad-c2be-4948-8b7d-d9e0104c8a0a HTTP/1.1" status: 204 len: 168 time: 0.7855661
2026-07-14 11:42:05.108 9 INFO neutron.db.ovn_revision_numbers_db [None req-c1242a75-d02a-4fc2-b5c7-5567aded73f5 - - - - - -] Successfully bumped revision number for resource c20f4c5f-852f-46e3-a1a8-ee15fe550c6f (type: router_ports) to 2
2026-07-14 11:42:05.163 9 INFO neutron.wsgi [None req-f2441639-005a-499c-b3bd-c620c9618e6d e820eb7e754441859d3dfd86f088be9c 5d80ea2504e6400d9538295a00471c07 - - default default] 10.0.0.24 "DELETE /v2.0/security-groups/d7e8f0b7-0853-4949-8360-6e254b0a6dda HTTP/1.1" status: 204 len: 168 time: 0.4435554
2026-07-14 11:42:05.209 9 INFO neutron.wsgi [req-d72778ea-154e-4668-bae8-b4c85b7de6ef req-313878ce-24e4-412a-90c6-608487af2250 d347648dd42140dda3ec3df83445ec9c 6726d778b54944e5a4d8fccd22fdce33 - - default default] 10.0.0.47 "GET /v2.0/ports?device_id=702c7756-1128-466a-9a92-d202a6a2fad3 HTTP/1.1" status: 200 len: 210 time: 0.0207720
2026-07-14 11:42:05.407 10 INFO neutron.db.ovn_revision_numbers_db [None req-b4a8005b-6c0e-4284-a355-2192aac2c0d1 e820eb7e754441859d3dfd86f088be9c 5d80ea2504e6400d9538295a00471c07 - - default default] Successfully bumped revision number for resource c20f4c5f-852f-46e3-a1a8-ee15fe550c6f (type: router_ports) to 2
2026-07-14 11:42:05.411 10 INFO neutron.wsgi [None req-b4a8005b-6c0e-4284-a355-2192aac2c0d1 e820eb7e754441859d3dfd86f088be9c 5d80ea2504e6400d9538295a00471c07 - - default default] 10.0.0.24 "PUT /v2.0/routers/8b51de98-d59c-4395-92ba-a1726c1b31b3/add_router_interface HTTP/1.1" status: 200 len: 503 time: 3.1727469
2026-07-14 11:42:05.786 10 INFO neutron.wsgi [None req-584b2119-49ab-457e-8031-276b5a76a2a6 e820eb7e754441859d3dfd86f088be9c 5d80ea2504e6400d9538295a00471c07 - - default default] 10.0.0.24 "GET /v2.0/security-groups?tenant_id=42d1debe6fa44278aa5d68dee1d9877d&name=default HTTP/1.1" status: 200 len: 2996 time: 0.1614401
2026-07-14 11:42:05.988 10 INFO neutron.wsgi [None req-1e26ace8-832c-4c13-b938-acaac4cd3e19 e820eb7e754441859d3dfd86f088be9c 5d80ea2504e6400d9538295a00471c07 - - default default] 10.0.0.24 "DELETE /v2.0/security-groups/7f6eaa18-4697-4c42-be83-0f93cbb7ae6b HTTP/1.1" status: 204 len: 168 time: 0.1978559
2026-07-14 11:42:06.425 10 INFO neutron.wsgi [None req-22c0a9c4-c7a9-4ed1-b3f3-6f27bf547061 d347648dd42140dda3ec3df83445ec9c 6726d778b54944e5a4d8fccd22fdce33 - - default default] 10.0.0.24 "DELETE /v2.0/security-groups/ef4b5dbd-8ba4-4d7b-89d9-965dbe6b603f HTTP/1.1" status: 204 len: 168 time: 0.1336002
2026-07-14 11:42:06.446 10 INFO neutron.api.v2.resource [None req-926a74d9-2a87-44a6-9f82-e03a70ccf700 d347648dd42140dda3ec3df83445ec9c 6726d778b54944e5a4d8fccd22fdce33 - - default default] show failed (client error): The resource could not be found.
2026-07-14 11:42:06.448 10 INFO neutron.wsgi [None req-926a74d9-2a87-44a6-9f82-e03a70ccf700 d347648dd42140dda3ec3df83445ec9c 6726d778b54944e5a4d8fccd22fdce33 - - default default] 10.0.0.24 "GET /v2.0/security-groups/ef4b5dbd-8ba4-4d7b-89d9-965dbe6b603f HTTP/1.1" status: 404 len: 347 time: 0.0161462
2026-07-14 11:42:06.571 10 INFO neutron.db.ovn_revision_numbers_db [None req-0e1d72d2-9719-454c-966e-0bbfbff04ad2 e820eb7e754441859d3dfd86f088be9c 5d80ea2504e6400d9538295a00471c07 - - default default] Successfully bumped revision number for resource 70491b72-7da6-4270-abce-3e78f8c1fc01 (type: security_groups) to 1
2026-07-14 11:42:06.582 10 INFO neutron.db.ovn_revision_numbers_db [None req-0e1d72d2-9719-454c-966e-0bbfbff04ad2 e820eb7e754441859d3dfd86f088be9c 5d80ea2504e6400d9538295a00471c07 - - default default] Successfully bumped revision number for resource 7e4e899e-2bf7-4357-b05e-8fba5d1e9827 (type: security_group_rules) to 0
2026-07-14 11:42:06.595 10 INFO neutron.db.ovn_revision_numbers_db [None req-0e1d72d2-9719-454c-966e-0bbfbff04ad2 e820eb7e754441859d3dfd86f088be9c 5d80ea2504e6400d9538295a00471c07 - - default default] Successfully bumped revision number for resource 9c422433-be4a-4453-bfdf-c7c46520eedd (type: security_group_rules) to 0
2026-07-14 11:42:06.626 10 INFO neutron.db.ovn_revision_numbers_db [None req-0e1d72d2-9719-454c-966e-0bbfbff04ad2 e820eb7e754441859d3dfd86f088be9c 5d80ea2504e6400d9538295a00471c07 - - default default] Successfully bumped revision number for resource aec7ac28-a713-4720-b6be-48bf5629c96a (type: security_group_rules) to 0
2026-07-14 11:42:06.640 10 INFO neutron.db.ovn_revision_numbers_db [None req-0e1d72d2-9719-454c-966e-0bbfbff04ad2 e820eb7e754441859d3dfd86f088be9c 5d80ea2504e6400d9538295a00471c07 - - default default] Successfully bumped revision number for resource b2c7e38a-be55-49c0-a940-7aa9d2779b71 (type: security_group_rules) to 0
2026-07-14 11:42:06.686 10 INFO neutron.db.segments_db [None req-0e1d72d2-9719-454c-966e-0bbfbff04ad2 e820eb7e754441859d3dfd86f088be9c 5d80ea2504e6400d9538295a00471c07 - - default default] Added segment 5d3454ed-d8ae-4df3-8e76-a484b21972e3 of type geneve for network a5096630-2a7d-405a-bb84-a89ab104d8b2
2026-07-14 11:42:06.752 9 INFO neutron.wsgi [None req-de3a7362-5e28-473d-9e59-101f487f09b5 d347648dd42140dda3ec3df83445ec9c 6726d778b54944e5a4d8fccd22fdce33 - - default default] 10.0.0.24 "DELETE /v2.0/floatingips/96fd54c8-9086-4593-8217-33383f3c140a HTTP/1.1" status: 204 len: 168 time: 0.2991538
2026-07-14 11:42:06.821 10 INFO neutron.db.ovn_revision_numbers_db [None req-0e1d72d2-9719-454c-966e-0bbfbff04ad2 e820eb7e754441859d3dfd86f088be9c 5d80ea2504e6400d9538295a00471c07 - - default default] Successfully bumped revision number for resource a5096630-2a7d-405a-bb84-a89ab104d8b2 (type: networks) to 1
2026-07-14 11:42:07.006 10 WARNING neutron.scheduler.dhcp_agent_scheduler [None req-0e1d72d2-9719-454c-966e-0bbfbff04ad2 e820eb7e754441859d3dfd86f088be9c 5d80ea2504e6400d9538295a00471c07 - - default default] No more DHCP agents
2026-07-14 11:42:07.008 10 WARNING neutron.api.rpc.agentnotifiers.dhcp_rpc_agent_api [None req-0e1d72d2-9719-454c-966e-0bbfbff04ad2 e820eb7e754441859d3dfd86f088be9c 5d80ea2504e6400d9538295a00471c07 - - default default] Unable to schedule network a5096630-2a7d-405a-bb84-a89ab104d8b2: no agents available; will retry on subsequent port and subnet creation events.
2026-07-14 11:42:07.089 10 INFO neutron.db.ovn_revision_numbers_db [None req-0e1d72d2-9719-454c-966e-0bbfbff04ad2 e820eb7e754441859d3dfd86f088be9c 5d80ea2504e6400d9538295a00471c07 - - default default] Successfully bumped revision number for resource 1c21da27-5385-423e-9996-5d56e644dd93 (type: ports) to 1
2026-07-14 11:42:07.111 10 INFO neutron.wsgi [None req-0e1d72d2-9719-454c-966e-0bbfbff04ad2 e820eb7e754441859d3dfd86f088be9c 5d80ea2504e6400d9538295a00471c07 - - default default] 10.0.0.24 "POST /v2.0/networks HTTP/1.1" status: 201 len: 942 time: 0.6431699
2026-07-14 11:42:07.337 9 WARNING neutron.scheduler.dhcp_agent_scheduler [None req-0098efff-5c6b-431a-8f33-56e52683f14a e820eb7e754441859d3dfd86f088be9c 5d80ea2504e6400d9538295a00471c07 - - default default] No more DHCP agents
2026-07-14 11:42:07.341 9 WARNING neutron.api.rpc.agentnotifiers.dhcp_rpc_agent_api [None req-0098efff-5c6b-431a-8f33-56e52683f14a e820eb7e754441859d3dfd86f088be9c 5d80ea2504e6400d9538295a00471c07 - - default default] Unable to schedule network a5096630-2a7d-405a-bb84-a89ab104d8b2: no agents available; will retry on subsequent port and subnet creation events. /var/lib/openstack/lib/python3.10/site-packages/pycadf/identifier.py:71: UserWarning: Invalid uuid: neutron. To ensure interoperability, identifiers should be a valid uuid. warnings.warn(('Invalid uuid: %s. To ensure interoperability, '
2026-07-14 11:42:07.962 9 INFO neutron.wsgi [None req-44515423-8f7b-4570-bb3a-4a9ed1554544 e820eb7e754441859d3dfd86f088be9c 5d80ea2504e6400d9538295a00471c07 - - default default] 10.0.0.24 "PUT /v2.0/routers/c4b58043-b02f-4514-a993-afdfd2ac8ae4/remove_router_interface HTTP/1.1" status: 200 len: 503 time: 1.2045465
2026-07-14 11:42:08.067 9 INFO neutron.db.ovn_revision_numbers_db [None req-0098efff-5c6b-431a-8f33-56e52683f14a e820eb7e754441859d3dfd86f088be9c 5d80ea2504e6400d9538295a00471c07 - - default default] Successfully bumped revision number for resource 1c21da27-5385-423e-9996-5d56e644dd93 (type: ports) to 2
2026-07-14 11:42:08.109 9 INFO neutron.db.ovn_revision_numbers_db [None req-41c16b53-e849-474f-bd0a-2aba8b3d97e3 6e6ee2514bd149c2b064d7a92046d69b c661e65e8c1b45f5883672cd9f88c37e - - default default] Successfully bumped revision number for resource 1edc78c2-f0f1-4008-8bb9-d3b5131ecd24 (type: security_groups) to 1
2026-07-14 11:42:08.112 9 INFO neutron.db.ovn_revision_numbers_db [None req-0098efff-5c6b-431a-8f33-56e52683f14a e820eb7e754441859d3dfd86f088be9c 5d80ea2504e6400d9538295a00471c07 - - default default] Successfully bumped revision number for resource a5509e00-0b8f-40ab-b3a3-0a522121a5b8 (type: subnets) to 0
2026-07-14 11:42:08.127 9 INFO neutron.db.ovn_revision_numbers_db [None req-41c16b53-e849-474f-bd0a-2aba8b3d97e3 6e6ee2514bd149c2b064d7a92046d69b c661e65e8c1b45f5883672cd9f88c37e - - default default] Successfully bumped revision number for resource 0c96face-0fb7-462b-b975-71b7a721f108 (type: security_group_rules) to 0
2026-07-14 11:42:08.134 9 INFO neutron.wsgi [None req-0098efff-5c6b-431a-8f33-56e52683f14a e820eb7e754441859d3dfd86f088be9c 5d80ea2504e6400d9538295a00471c07 - - default default] 10.0.0.24 "POST /v2.0/subnets HTTP/1.1" status: 201 len: 862 time: 0.9995017
2026-07-14 11:42:08.147 9 INFO neutron.db.ovn_revision_numbers_db [None req-41c16b53-e849-474f-bd0a-2aba8b3d97e3 6e6ee2514bd149c2b064d7a92046d69b c661e65e8c1b45f5883672cd9f88c37e - - default default] Successfully bumped revision number for resource 42b41de9-73e3-4d28-b020-09bb3277530b (type: security_group_rules) to 0
2026-07-14 11:42:08.165 9 INFO neutron.db.ovn_revision_numbers_db [None req-41c16b53-e849-474f-bd0a-2aba8b3d97e3 6e6ee2514bd149c2b064d7a92046d69b c661e65e8c1b45f5883672cd9f88c37e - - default default] Successfully bumped revision number for resource 9792e840-0c31-47e7-9e37-415789015292 (type: security_group_rules) to 0
2026-07-14 11:42:08.193 9 INFO neutron.db.ovn_revision_numbers_db [None req-41c16b53-e849-474f-bd0a-2aba8b3d97e3 6e6ee2514bd149c2b064d7a92046d69b c661e65e8c1b45f5883672cd9f88c37e - - default default] Successfully bumped revision number for resource d8c2b19e-3ca3-438d-b203-21808fcebad3 (type: security_group_rules) to 0
2026-07-14 11:42:08.570 9 INFO neutron.db.ovn_revision_numbers_db [None req-41c16b53-e849-474f-bd0a-2aba8b3d97e3 6e6ee2514bd149c2b064d7a92046d69b c661e65e8c1b45f5883672cd9f88c37e - - default default] Successfully bumped revision number for resource 200f24b8-b4bb-46dc-83e4-075a1ed21f76 (type: security_groups) to 1
2026-07-14 11:42:08.583 10 INFO neutron.wsgi [None req-84dfea63-3c50-42ec-8ea0-19da36e6c0d6 7d347cb1fcb841738cce3548e5f28150 e749bd4a68a14b60b44fd39432b95990 - - default default] 10.0.0.24 "POST /v2.0/qos/policies HTTP/1.1" status: 201 len: 558 time: 0.1174366
2026-07-14 11:42:08.588 10 INFO neutron.wsgi [None req-c3f9c483-1cbb-44bf-ac49-dfe890f26e5f e820eb7e754441859d3dfd86f088be9c 5d80ea2504e6400d9538295a00471c07 - - default default] 10.0.0.24 "DELETE /v2.0/routers/c4b58043-b02f-4514-a993-afdfd2ac8ae4 HTTP/1.1" status: 204 len: 168 time: 0.6194415
2026-07-14 11:42:08.599 9 INFO neutron.db.ovn_revision_numbers_db [None req-41c16b53-e849-474f-bd0a-2aba8b3d97e3 6e6ee2514bd149c2b064d7a92046d69b c661e65e8c1b45f5883672cd9f88c37e - - default default] Successfully bumped revision number for resource 0b8d1e2f-5521-42be-b833-4fb63b14fb74 (type: security_group_rules) to 0
2026-07-14 11:42:08.641 9 INFO neutron.db.ovn_revision_numbers_db [None req-41c16b53-e849-474f-bd0a-2aba8b3d97e3 6e6ee2514bd149c2b064d7a92046d69b c661e65e8c1b45f5883672cd9f88c37e - - default default] Successfully bumped revision number for resource 9758fd84-8252-4457-ac2d-89e6100853d2 (type: security_group_rules) to 0
2026-07-14 11:42:08.664 9 INFO neutron.wsgi [None req-2f64c01a-20f0-4d4f-9ba2-67891bea534c 7d347cb1fcb841738cce3548e5f28150 e749bd4a68a14b60b44fd39432b95990 - - default default] 10.0.0.24 "PUT /v2.0/policies/3ac09b8c-ec20-4200-a7ce-0f277f9962bd/tags HTTP/1.1" status: 200 len: 218 time: 0.0760038
2026-07-14 11:42:08.671 9 INFO neutron.wsgi [None req-41c16b53-e849-474f-bd0a-2aba8b3d97e3 6e6ee2514bd149c2b064d7a92046d69b c661e65e8c1b45f5883672cd9f88c37e - - default default] 10.0.0.24 "POST /v2.0/security-groups HTTP/1.1" status: 201 len: 1761 time: 0.9487851
2026-07-14 11:42:08.698 9 INFO neutron.wsgi [None req-4b72016e-2aa6-48e5-984b-1d5c0476436e 7d347cb1fcb841738cce3548e5f28150 e749bd4a68a14b60b44fd39432b95990 - - default default] 10.0.0.24 "GET /v2.0/policies/3ac09b8c-ec20-4200-a7ce-0f277f9962bd/tags HTTP/1.1" status: 200 len: 218 time: 0.0301204
2026-07-14 11:42:08.741 9 INFO neutron.wsgi [None req-b4d99cc9-c01c-471f-9862-c4621e3f9139 7d347cb1fcb841738cce3548e5f28150 e749bd4a68a14b60b44fd39432b95990 - - default default] 10.0.0.24 "PUT /v2.0/policies/3ac09b8c-ec20-4200-a7ce-0f277f9962bd/tags/green HTTP/1.1" status: 201 len: 201 time: 0.0368373
2026-07-14 11:42:08.741 10 INFO neutron.wsgi [None req-f82b30bd-b75d-437d-af13-2aefc04d3bc8 6e6ee2514bd149c2b064d7a92046d69b c661e65e8c1b45f5883672cd9f88c37e - - default default] 10.0.0.24 "GET /v2.0/security-groups HTTP/1.1" status: 200 len: 4539 time: 0.0544436
2026-07-14 11:42:08.763 10 INFO neutron.wsgi [None req-3a7d939a-fb8b-484a-a491-1b59a8787dca 7d347cb1fcb841738cce3548e5f28150 e749bd4a68a14b60b44fd39432b95990 - - default default] 10.0.0.24 "GET /v2.0/policies/3ac09b8c-ec20-4200-a7ce-0f277f9962bd/tags HTTP/1.1" status: 200 len: 227 time: 0.0183878
2026-07-14 11:42:08.781 10 INFO neutron.wsgi [None req-08825212-f540-4bd7-9ab0-df3874788586 7d347cb1fcb841738cce3548e5f28150 e749bd4a68a14b60b44fd39432b95990 - - default default] 10.0.0.24 "PUT /v2.0/policies/3ac09b8c-ec20-4200-a7ce-0f277f9962bd/tags/red HTTP/1.1" status: 201 len: 201 time: 0.0136688
2026-07-14 11:42:08.800 10 INFO neutron.wsgi [None req-0f9f9a4f-0149-44d1-aa86-4666378ab716 7d347cb1fcb841738cce3548e5f28150 e749bd4a68a14b60b44fd39432b95990 - - default default] 10.0.0.24 "GET /v2.0/policies/3ac09b8c-ec20-4200-a7ce-0f277f9962bd/tags HTTP/1.1" status: 200 len: 227 time: 0.0146816
2026-07-14 11:42:08.826 10 INFO neutron.wsgi [None req-2f8c26fe-9679-4335-a879-aa1dc33bc8e5 e820eb7e754441859d3dfd86f088be9c 5d80ea2504e6400d9538295a00471c07 - - default default] 10.0.0.24 "DELETE /v2.0/subnets/2c962552-5a8c-4db7-a573-3687793b77df HTTP/1.1" status: 204 len: 168 time: 0.2340634
2026-07-14 11:42:08.853 9 INFO neutron.db.ovn_revision_numbers_db [None req-caa6d66f-9f28-4eb0-894d-7ddcb4a4b8f3 6e6ee2514bd149c2b064d7a92046d69b c661e65e8c1b45f5883672cd9f88c37e - - default default] Successfully bumped revision number for resource 200f24b8-b4bb-46dc-83e4-075a1ed21f76 (type: security_groups) to 2
2026-07-14 11:42:08.853 10 INFO neutron.wsgi [None req-8ea8b5fe-5712-4f77-8477-73792308b3f2 7d347cb1fcb841738cce3548e5f28150 e749bd4a68a14b60b44fd39432b95990 - - default default] 10.0.0.24 "PUT /v2.0/policies/3ac09b8c-ec20-4200-a7ce-0f277f9962bd/tags/black.or.white HTTP/1.1" status: 201 len: 201 time: 0.0490038
2026-07-14 11:42:08.855 9 INFO neutron.wsgi [None req-caa6d66f-9f28-4eb0-894d-7ddcb4a4b8f3 6e6ee2514bd149c2b064d7a92046d69b c661e65e8c1b45f5883672cd9f88c37e - - default default] 10.0.0.24 "PUT /v2.0/security-groups/200f24b8-b4bb-46dc-83e4-075a1ed21f76 HTTP/1.1" status: 200 len: 1795 time: 0.1070495
2026-07-14 11:42:08.906 9 INFO neutron.wsgi [None req-8a5a2a93-ad93-4092-8dbc-8e5a3016d686 7d347cb1fcb841738cce3548e5f28150 e749bd4a68a14b60b44fd39432b95990 - - default default] 10.0.0.24 "GET /v2.0/policies/3ac09b8c-ec20-4200-a7ce-0f277f9962bd/tags HTTP/1.1" status: 200 len: 245 time: 0.0403759
2026-07-14 11:42:08.936 9 INFO neutron.wsgi [None req-cf17a0c5-93bb-4b3b-bed6-6e696ece52a0 6e6ee2514bd149c2b064d7a92046d69b c661e65e8c1b45f5883672cd9f88c37e - - default default] 10.0.0.24 "GET /v2.0/security-groups/200f24b8-b4bb-46dc-83e4-075a1ed21f76 HTTP/1.1" status: 200 len: 1795 time: 0.0716670
2026-07-14 11:42:08.956 9 WARNING neutron.scheduler.dhcp_agent_scheduler [None req-38909047-39ff-456c-8359-6bae85cd22c0 e820eb7e754441859d3dfd86f088be9c 5d80ea2504e6400d9538295a00471c07 - - default default] No more DHCP agents
2026-07-14 11:42:08.964 9 WARNING neutron.api.rpc.agentnotifiers.dhcp_rpc_agent_api [None req-38909047-39ff-456c-8359-6bae85cd22c0 e820eb7e754441859d3dfd86f088be9c 5d80ea2504e6400d9538295a00471c07 - - default default] Unable to schedule network 91d2a21b-e0ad-496c-85dc-0a4fa055edab: no agents available; will retry on subsequent port and subnet creation events.
2026-07-14 11:42:08.975 9 INFO neutron.wsgi [None req-75066374-a46e-4106-bf3d-b4107965db81 7d347cb1fcb841738cce3548e5f28150 e749bd4a68a14b60b44fd39432b95990 - - default default] 10.0.0.24 "PUT /v2.0/policies/3ac09b8c-ec20-4200-a7ce-0f277f9962bd/tags HTTP/1.1" status: 200 len: 230 time: 0.0639138
2026-07-14 11:42:08.997 9 INFO neutron.wsgi [None req-c01a7562-0d01-423c-ad50-89d39bbe6738 7d347cb1fcb841738cce3548e5f28150 e749bd4a68a14b60b44fd39432b95990 - - default default] 10.0.0.24 "GET /v2.0/policies/3ac09b8c-ec20-4200-a7ce-0f277f9962bd/tags HTTP/1.1" status: 200 len: 230 time: 0.0153050
2026-07-14 11:42:09.026 9 INFO neutron.wsgi [None req-658eea0d-1887-4c29-ba91-e1ff9d3f7097 7d347cb1fcb841738cce3548e5f28150 e749bd4a68a14b60b44fd39432b95990 - - default default] 10.0.0.24 "GET /v2.0/policies/3ac09b8c-ec20-4200-a7ce-0f277f9962bd/tags/red HTTP/1.1" status: 204 len: 168 time: 0.0188973
2026-07-14 11:42:09.057 9 INFO neutron.api.v2.resource [None req-e080ad67-ac5c-46a1-ad64-ff3c10d89e0d 7d347cb1fcb841738cce3548e5f28150 e749bd4a68a14b60b44fd39432b95990 - - default default] show failed (client error): The resource could not be found.
2026-07-14 11:42:09.058 9 INFO neutron.wsgi [None req-e080ad67-ac5c-46a1-ad64-ff3c10d89e0d 7d347cb1fcb841738cce3548e5f28150 e749bd4a68a14b60b44fd39432b95990 - - default default] 10.0.0.24 "GET /v2.0/policies/3ac09b8c-ec20-4200-a7ce-0f277f9962bd/tags/green HTTP/1.1" status: 404 len: 299 time: 0.0255373
2026-07-14 11:42:09.109 9 INFO neutron.wsgi [None req-b27e8715-6e13-4308-aee8-0ec2e69d5e8e 7d347cb1fcb841738cce3548e5f28150 e749bd4a68a14b60b44fd39432b95990 - - default default] 10.0.0.24 "DELETE /v2.0/policies/3ac09b8c-ec20-4200-a7ce-0f277f9962bd/tags/red HTTP/1.1" status: 204 len: 168 time: 0.0460393
2026-07-14 11:42:09.132 9 INFO neutron.wsgi [None req-96e12dfb-c3df-408a-8e4c-bd859858da11 7d347cb1fcb841738cce3548e5f28150 e749bd4a68a14b60b44fd39432b95990 - - default default] 10.0.0.24 "GET /v2.0/policies/3ac09b8c-ec20-4200-a7ce-0f277f9962bd/tags HTTP/1.1" status: 200 len: 223 time: 0.0186164
2026-07-14 11:42:09.134 9 INFO neutron.wsgi [None req-fe8bb0ed-503a-4fd8-8137-91fd69f9f4e4 6e6ee2514bd149c2b064d7a92046d69b c661e65e8c1b45f5883672cd9f88c37e - - default default] 10.0.0.24 "DELETE /v2.0/security-groups/200f24b8-b4bb-46dc-83e4-075a1ed21f76 HTTP/1.1" status: 204 len: 168 time: 0.1924586
2026-07-14 11:42:09.167 9 INFO neutron.api.v2.resource [None req-37054ae2-7eea-4a5f-a5f8-8e0e36c810bf 7d347cb1fcb841738cce3548e5f28150 e749bd4a68a14b60b44fd39432b95990 - - default default] delete failed (client error): The resource could not be found.
2026-07-14 11:42:09.168 9 INFO neutron.wsgi [None req-37054ae2-7eea-4a5f-a5f8-8e0e36c810bf 7d347cb1fcb841738cce3548e5f28150 e749bd4a68a14b60b44fd39432b95990 - - default default] 10.0.0.24 "DELETE /v2.0/policies/3ac09b8c-ec20-4200-a7ce-0f277f9962bd/tags/green HTTP/1.1" status: 404 len: 299 time: 0.0313222
2026-07-14 11:42:09.195 9 INFO neutron.wsgi [None req-bdb53c82-c2c1-40c3-969f-56be03b70881 6e6ee2514bd149c2b064d7a92046d69b c661e65e8c1b45f5883672cd9f88c37e - - default default] 10.0.0.24 "GET /v2.0/security-groups HTTP/1.1" status: 200 len: 2996 time: 0.0523512
2026-07-14 11:42:09.200 9 INFO neutron.db.ovn_revision_numbers_db [None req-38909047-39ff-456c-8359-6bae85cd22c0 e820eb7e754441859d3dfd86f088be9c 5d80ea2504e6400d9538295a00471c07 - - default default] Successfully bumped revision number for resource 4bcacccf-bd16-4a36-ae79-cf5e20014d54 (type: ports) to 1
2026-07-14 11:42:09.209 9 INFO neutron.api.v2.resource [None req-7d8c175a-914e-41cd-9ebd-f15e91f360cc 6e6ee2514bd149c2b064d7a92046d69b c661e65e8c1b45f5883672cd9f88c37e - - default default] delete failed (client error): The resource could not be found.
2026-07-14 11:42:09.210 9 INFO neutron.wsgi [None req-7d8c175a-914e-41cd-9ebd-f15e91f360cc 6e6ee2514bd149c2b064d7a92046d69b c661e65e8c1b45f5883672cd9f88c37e - - default default] 10.0.0.24 "DELETE /v2.0/security-groups/200f24b8-b4bb-46dc-83e4-075a1ed21f76 HTTP/1.1" status: 404 len: 347 time: 0.0109866
2026-07-14 11:42:09.226 10 INFO neutron.wsgi [None req-60490a89-93a9-445e-b897-9f998fc052d1 7d347cb1fcb841738cce3548e5f28150 e749bd4a68a14b60b44fd39432b95990 - - default default] 10.0.0.24 "DELETE /v2.0/policies/3ac09b8c-ec20-4200-a7ce-0f277f9962bd/tags HTTP/1.1" status: 204 len: 168 time: 0.0534923
2026-07-14 11:42:09.254 10 INFO neutron.wsgi [None req-bdfb53e7-b768-4825-98d7-48b11cfba0fc 7d347cb1fcb841738cce3548e5f28150 e749bd4a68a14b60b44fd39432b95990 - - default default] 10.0.0.24 "GET /v2.0/policies/3ac09b8c-ec20-4200-a7ce-0f277f9962bd/tags HTTP/1.1" status: 200 len: 205 time: 0.0235624
2026-07-14 11:42:09.366 9 INFO neutron.wsgi [None req-070e6016-289c-45b5-8070-70cb7317326c 7d347cb1fcb841738cce3548e5f28150 e749bd4a68a14b60b44fd39432b95990 - - default default] 10.0.0.24 "DELETE /v2.0/qos/policies/3ac09b8c-ec20-4200-a7ce-0f277f9962bd HTTP/1.1" status: 204 len: 168 time: 0.1056192
2026-07-14 11:42:09.400 10 INFO neutron.db.ovn_revision_numbers_db [None req-3ccfe2b6-57fb-4a3e-b772-a5a43c5da3fb 6e6ee2514bd149c2b064d7a92046d69b c661e65e8c1b45f5883672cd9f88c37e - - default default] Successfully bumped revision number for resource fb6cfdb5-4b4c-4a5c-a4d0-e9b152611a46 (type: security_groups) to 1
2026-07-14 11:42:09.433 10 INFO neutron.db.ovn_revision_numbers_db [None req-3ccfe2b6-57fb-4a3e-b772-a5a43c5da3fb 6e6ee2514bd149c2b064d7a92046d69b c661e65e8c1b45f5883672cd9f88c37e - - default default] Successfully bumped revision number for resource 68f6a2be-4c11-411e-bb18-7c2bdaf6c520 (type: security_group_rules) to 0
2026-07-14 11:42:09.455 10 INFO neutron.services.segments.plugin [-] Segment 756a052a-5003-4522-8116-9bd813e4cb32 resource provider aggregate not found
2026-07-14 11:42:09.462 10 INFO neutron.services.segments.plugin [-] Segment 756a052a-5003-4522-8116-9bd813e4cb32 resource provider aggregate not found
2026-07-14 11:42:09.484 10 INFO neutron.db.ovn_revision_numbers_db [None req-3ccfe2b6-57fb-4a3e-b772-a5a43c5da3fb 6e6ee2514bd149c2b064d7a92046d69b c661e65e8c1b45f5883672cd9f88c37e - - default default] Successfully bumped revision number for resource 7163ddf8-6707-4d62-933e-ac778034a690 (type: security_group_rules) to 0
2026-07-14 11:42:09.489 10 INFO neutron.services.segments.plugin [-] Segment 756a052a-5003-4522-8116-9bd813e4cb32 resource provider not found; error: Placement Client Error (4xx): {"errors": [{"status": 404, "title": "Not Found", "detail": "The resource could not be found.\n\n No resource provider with uuid 756a052a-5003-4522-8116-9bd813e4cb32 found for delete ", "request_id": "req-815153fd-c21c-4ac5-be55-16c6c2eca87e"}]}
2026-07-14 11:42:09.494 10 INFO neutron.services.segments.plugin [-] Segment 756a052a-5003-4522-8116-9bd813e4cb32 resource provider not found; error: Placement Client Error (4xx): {"errors": [{"status": 404, "title": "Not Found", "detail": "The resource could not be found.\n\n No resource provider with uuid 756a052a-5003-4522-8116-9bd813e4cb32 found for delete ", "request_id": "req-aa9db35e-4f9c-4e73-a548-59cd60401f13"}]}
2026-07-14 11:42:09.507 10 INFO neutron.wsgi [None req-d117702e-3767-45d1-b20e-71e56c9d9e46 e820eb7e754441859d3dfd86f088be9c 5d80ea2504e6400d9538295a00471c07 - - default default] 10.0.0.24 "DELETE /v2.0/networks/9c3c5609-486f-4cd2-94d2-d2c30649e252 HTTP/1.1" status: 204 len: 168 time: 0.6754680
2026-07-14 11:42:09.516 10 INFO neutron.wsgi [None req-3ccfe2b6-57fb-4a3e-b772-a5a43c5da3fb 6e6ee2514bd149c2b064d7a92046d69b c661e65e8c1b45f5883672cd9f88c37e - - default default] 10.0.0.24 "POST /v2.0/security-groups HTTP/1.1" status: 201 len: 1761 time: 0.2990956
2026-07-14 11:42:09.635 10 INFO neutron.db.ovn_revision_numbers_db [None req-271c18f3-9192-4137-9766-16802df56d8a 6e6ee2514bd149c2b064d7a92046d69b c661e65e8c1b45f5883672cd9f88c37e - - default default] Successfully bumped revision number for resource 94a7d1ee-fb39-4898-85be-e12699035590 (type: security_group_rules) to 0
2026-07-14 11:42:09.658 10 INFO neutron.wsgi [None req-271c18f3-9192-4137-9766-16802df56d8a 6e6ee2514bd149c2b064d7a92046d69b c661e65e8c1b45f5883672cd9f88c37e - - default default] 10.0.0.24 "POST /v2.0/security-group-rules HTTP/1.1" status: 201 len: 768 time: 0.1364319
2026-07-14 11:42:09.706 9 INFO neutron.wsgi [None req-ca30be08-9f3f-4bd8-96d7-9cb22ce42465 6e6ee2514bd149c2b064d7a92046d69b c661e65e8c1b45f5883672cd9f88c37e - - default default] 10.0.0.24 "GET /v2.0/security-group-rules/94a7d1ee-fb39-4898-85be-e12699035590 HTTP/1.1" status: 200 len: 763 time: 0.0430589
2026-07-14 11:42:09.736 10 INFO neutron.wsgi [None req-1c99db46-d229-4f97-98c2-ae1618e2e332 e820eb7e754441859d3dfd86f088be9c 5d80ea2504e6400d9538295a00471c07 - - default default] 10.0.0.24 "GET /v2.0/security-groups?tenant_id=6726d778b54944e5a4d8fccd22fdce33&name=default HTTP/1.1" status: 200 len: 2996 time: 0.0491986
2026-07-14 11:42:09.771 10 INFO neutron.wsgi [None req-5570efc6-77ab-4f40-b074-36ceb4948b08 6e6ee2514bd149c2b064d7a92046d69b c661e65e8c1b45f5883672cd9f88c37e - - default default] 10.0.0.24 "GET /v2.0/security-group-rules HTTP/1.1" status: 200 len: 4113 time: 0.0580177
2026-07-14 11:42:09.810 10 INFO neutron.plugins.ml2.drivers.ovn.mech_driver.mech_driver [None req-bce252a6-e8d4-4e60-89b6-69e113a9828b - - - - - -] OVN reports status up for port: 4bcacccf-bd16-4a36-ae79-cf5e20014d54
2026-07-14 11:42:09.827 9 INFO neutron.plugins.ml2.drivers.ovn.mech_driver.ovsdb.ovsdb_monitor [None req-f7e6df92-cc67-4fd1-ae22-8685835f486f - - - - - -] Router 89f352b8-4dfb-45e8-9df8-acc2c34e1cca is bound to host instance
2026-07-14 11:42:09.827 10 INFO neutron.plugins.ml2.plugin [None req-bce252a6-e8d4-4e60-89b6-69e113a9828b - - - - - -] Attempt 1 to provision port 4bcacccf-bd16-4a36-ae79-cf5e20014d54
2026-07-14 11:42:09.846 9 INFO neutron.db.ovn_revision_numbers_db [None req-38909047-39ff-456c-8359-6bae85cd22c0 e820eb7e754441859d3dfd86f088be9c 5d80ea2504e6400d9538295a00471c07 - - default default] Successfully bumped revision number for resource 4bcacccf-bd16-4a36-ae79-cf5e20014d54 (type: router_ports) to 1
2026-07-14 11:42:09.943 9 INFO neutron.db.ovn_revision_numbers_db [None req-38909047-39ff-456c-8359-6bae85cd22c0 e820eb7e754441859d3dfd86f088be9c 5d80ea2504e6400d9538295a00471c07 - - default default] Successfully bumped revision number for resource 89f352b8-4dfb-45e8-9df8-acc2c34e1cca (type: routers) to 2
2026-07-14 11:42:09.951 9 WARNING neutron.plugins.ml2.drivers.ovn.mech_driver.ovsdb.ovn_client [None req-c1242a75-d02a-4fc2-b5c7-5567aded73f5 - - - - - -] No hosting information found for port c20f4c5f-852f-46e3-a1a8-ee15fe550c6f: RuntimeError: No hosting information found for port c20f4c5f-852f-46e3-a1a8-ee15fe550c6f
2026-07-14 11:42:09.955 10 INFO neutron.wsgi [None req-88aacb58-e85e-4da3-805c-931960e6e46d 6e6ee2514bd149c2b064d7a92046d69b c661e65e8c1b45f5883672cd9f88c37e - - default default] 10.0.0.24 "DELETE /v2.0/security-group-rules/94a7d1ee-fb39-4898-85be-e12699035590 HTTP/1.1" status: 204 len: 168 time: 0.1794958
2026-07-14 11:42:10.002 9 INFO neutron.wsgi [None req-38909047-39ff-456c-8359-6bae85cd22c0 e820eb7e754441859d3dfd86f088be9c 5d80ea2504e6400d9538295a00471c07 - - default default] 10.0.0.24 "POST /v2.0/routers HTTP/1.1" status: 201 len: 873 time: 1.8613374
2026-07-14 11:42:10.006 10 INFO neutron.wsgi [None req-11765990-f3b5-459c-a93d-e73e84b31b72 6e6ee2514bd149c2b064d7a92046d69b c661e65e8c1b45f5883672cd9f88c37e - - default default] 10.0.0.24 "GET /v2.0/security-group-rules HTTP/1.1" status: 200 len: 3567 time: 0.0446236 /var/lib/openstack/lib/python3.10/site-packages/pycadf/identifier.py:71: UserWarning: Invalid uuid: neutron. To ensure interoperability, identifiers should be a valid uuid. warnings.warn(('Invalid uuid: %s. To ensure interoperability, '
2026-07-14 11:42:10.055 10 INFO neutron.wsgi [None req-3668c6c5-ae98-4d2f-a257-cc59a5fca87f e820eb7e754441859d3dfd86f088be9c 5d80ea2504e6400d9538295a00471c07 - - default default] 10.0.0.24 "DELETE /v2.0/security-groups/5fac92ed-c743-4187-bdc2-b4542cdc6922 HTTP/1.1" status: 204 len: 168 time: 0.3145859
2026-07-14 11:42:10.220 9 INFO neutron.db.ovn_revision_numbers_db [None req-c0e43c72-071b-4c83-b9dd-22850225a84c 6e6ee2514bd149c2b064d7a92046d69b c661e65e8c1b45f5883672cd9f88c37e - - default default] Successfully bumped revision number for resource a75eb3f7-c83e-4ec3-a5c1-5939b1e22457 (type: security_group_rules) to 0
2026-07-14 11:42:10.261 9 INFO neutron.wsgi [None req-c0e43c72-071b-4c83-b9dd-22850225a84c 6e6ee2514bd149c2b064d7a92046d69b c661e65e8c1b45f5883672cd9f88c37e - - default default] 10.0.0.24 "POST /v2.0/security-group-rules HTTP/1.1" status: 201 len: 768 time: 0.2492454
2026-07-14 11:42:10.291 9 INFO neutron.wsgi [None req-734b3837-2ef9-46b6-9b98-35fcbcdf8898 6e6ee2514bd149c2b064d7a92046d69b c661e65e8c1b45f5883672cd9f88c37e - - default default] 10.0.0.24 "GET /v2.0/security-group-rules/a75eb3f7-c83e-4ec3-a5c1-5939b1e22457 HTTP/1.1" status: 200 len: 763 time: 0.0244851
2026-07-14 11:42:10.350 9 INFO neutron.wsgi [None req-83f7521c-b21f-4dda-9f6a-adb354c8e280 6e6ee2514bd149c2b064d7a92046d69b c661e65e8c1b45f5883672cd9f88c37e - - default default] 10.0.0.24 "GET /v2.0/security-group-rules HTTP/1.1" status: 200 len: 4113 time: 0.0548494
2026-07-14 11:42:10.487 9 INFO neutron.db.ovn_revision_numbers_db [None req-b54b44f0-ee6c-4a6a-a174-a83e791ba78f e820eb7e754441859d3dfd86f088be9c 5d80ea2504e6400d9538295a00471c07 - - default default] Successfully bumped revision number for resource 46d88ec8-fd1e-42e1-b7f2-ebe7b8f4a9af (type: security_groups) to 1
2026-07-14 11:42:10.495 10 WARNING neutron.scheduler.dhcp_agent_scheduler [None req-70c5d419-7bf5-41d8-bfeb-232e0b769d4d e820eb7e754441859d3dfd86f088be9c 5d80ea2504e6400d9538295a00471c07 - - default default] No more DHCP agents
2026-07-14 11:42:10.502 10 WARNING neutron.api.rpc.agentnotifiers.dhcp_rpc_agent_api [None req-70c5d419-7bf5-41d8-bfeb-232e0b769d4d e820eb7e754441859d3dfd86f088be9c 5d80ea2504e6400d9538295a00471c07 - - default default] Unable to schedule network a5096630-2a7d-405a-bb84-a89ab104d8b2: no agents available; will retry on subsequent port and subnet creation events.
2026-07-14 11:42:10.513 9 INFO neutron.db.ovn_revision_numbers_db [None req-b54b44f0-ee6c-4a6a-a174-a83e791ba78f e820eb7e754441859d3dfd86f088be9c 5d80ea2504e6400d9538295a00471c07 - - default default] Successfully bumped revision number for resource 1dd1f50d-eba1-4112-8891-223c2c0988d0 (type: security_group_rules) to 0
2026-07-14 11:42:10.517 9 INFO neutron.db.ovn_revision_numbers_db [None req-f7e6df92-cc67-4fd1-ae22-8685835f486f - - - - - -] Successfully bumped revision number for resource 4bcacccf-bd16-4a36-ae79-cf5e20014d54 (type: ports) to 1
2026-07-14 11:42:10.529 9 INFO neutron.db.ovn_revision_numbers_db [None req-b54b44f0-ee6c-4a6a-a174-a83e791ba78f e820eb7e754441859d3dfd86f088be9c 5d80ea2504e6400d9538295a00471c07 - - default default] Successfully bumped revision number for resource 1ebef21a-8f05-499b-a447-f4a5832419c9 (type: security_group_rules) to 0
2026-07-14 11:42:10.546 10 INFO neutron.wsgi [None req-6e68d68c-7a2f-4e27-ae19-37afb98f33c6 6e6ee2514bd149c2b064d7a92046d69b c661e65e8c1b45f5883672cd9f88c37e - - default default] 10.0.0.24 "DELETE /v2.0/security-group-rules/a75eb3f7-c83e-4ec3-a5c1-5939b1e22457 HTTP/1.1" status: 204 len: 168 time: 0.1902266
2026-07-14 11:42:10.551 9 INFO neutron.db.ovn_revision_numbers_db [None req-b54b44f0-ee6c-4a6a-a174-a83e791ba78f e820eb7e754441859d3dfd86f088be9c 5d80ea2504e6400d9538295a00471c07 - - default default] Successfully bumped revision number for resource 414fe7ec-4226-42df-85a6-35ae420fbb4f (type: security_group_rules) to 0
2026-07-14 11:42:10.570 9 INFO neutron.db.ovn_revision_numbers_db [None req-b54b44f0-ee6c-4a6a-a174-a83e791ba78f e820eb7e754441859d3dfd86f088be9c 5d80ea2504e6400d9538295a00471c07 - - default default] Successfully bumped revision number for resource 44e36c11-68cb-4fbe-b570-74b4a0753f5d (type: security_group_rules) to 0
2026-07-14 11:42:10.586 10 INFO neutron.wsgi [None req-2a602338-0f4b-4b37-bd0b-98e08c5cbce7 6e6ee2514bd149c2b064d7a92046d69b c661e65e8c1b45f5883672cd9f88c37e - - default default] 10.0.0.24 "GET /v2.0/security-group-rules HTTP/1.1" status: 200 len: 3567 time: 0.0334661
2026-07-14 11:42:10.598 9 INFO neutron.wsgi [None req-b54b44f0-ee6c-4a6a-a174-a83e791ba78f e820eb7e754441859d3dfd86f088be9c 5d80ea2504e6400d9538295a00471c07 - - default default] 10.0.0.24 "GET /v2.0/security-groups?tenant_id=f1f2170e73bf456092d6c1bfb9875347&name=default HTTP/1.1" status: 200 len: 2996 time: 0.5090215
2026-07-14 11:42:10.687 10 INFO neutron.db.ovn_revision_numbers_db [None req-70c5d419-7bf5-41d8-bfeb-232e0b769d4d e820eb7e754441859d3dfd86f088be9c 5d80ea2504e6400d9538295a00471c07 - - default default] Successfully bumped revision number for resource ad9e8566-a20b-4e81-9be3-35c6411d6e1c (type: ports) to 1
2026-07-14 11:42:10.744 10 INFO neutron.db.ovn_revision_numbers_db [None req-49043d81-4ff9-4e08-bb52-8ccd7644bd1e 6e6ee2514bd149c2b064d7a92046d69b c661e65e8c1b45f5883672cd9f88c37e - - default default] Successfully bumped revision number for resource f6aa023c-c235-49f4-9d4e-75db6fe5dd56 (type: security_group_rules) to 0
2026-07-14 11:42:10.771 10 INFO neutron.wsgi [None req-49043d81-4ff9-4e08-bb52-8ccd7644bd1e 6e6ee2514bd149c2b064d7a92046d69b c661e65e8c1b45f5883672cd9f88c37e - - default default] 10.0.0.24 "POST /v2.0/security-group-rules HTTP/1.1" status: 201 len: 769 time: 0.1805031
2026-07-14 11:42:10.798 10 INFO neutron.wsgi [None req-f45ec8b6-792c-40ee-96c3-c6c63a1eb791 6e6ee2514bd149c2b064d7a92046d69b c661e65e8c1b45f5883672cd9f88c37e - - default default] 10.0.0.24 "GET /v2.0/security-group-rules/f6aa023c-c235-49f4-9d4e-75db6fe5dd56 HTTP/1.1" status: 200 len: 764 time: 0.0207980
2026-07-14 11:42:10.871 10 INFO neutron.wsgi [None req-56929784-e13c-471d-8582-9fce8f364147 6e6ee2514bd149c2b064d7a92046d69b c661e65e8c1b45f5883672cd9f88c37e - - default default] 10.0.0.24 "GET /v2.0/security-group-rules HTTP/1.1" status: 200 len: 4114 time: 0.0615695
2026-07-14 11:42:11.048 10 INFO neutron.wsgi [None req-0c0be686-c367-4245-9eb7-f0c6c6f76b46 6e6ee2514bd149c2b064d7a92046d69b c661e65e8c1b45f5883672cd9f88c37e - - default default] 10.0.0.24 "DELETE /v2.0/security-group-rules/f6aa023c-c235-49f4-9d4e-75db6fe5dd56 HTTP/1.1" status: 204 len: 168 time: 0.1703084
2026-07-14 11:42:11.117 9 INFO neutron.wsgi [None req-86d802b9-8d51-42a4-914e-e061dd63dc20 6e6ee2514bd149c2b064d7a92046d69b c661e65e8c1b45f5883672cd9f88c37e - - default default] 10.0.0.24 "GET /v2.0/security-group-rules HTTP/1.1" status: 200 len: 3567 time: 0.0556192
2026-07-14 11:42:11.132 9 INFO neutron.db.ovn_revision_numbers_db [None req-f7e6df92-cc67-4fd1-ae22-8685835f486f - - - - - -] Successfully bumped revision number for resource 4bcacccf-bd16-4a36-ae79-cf5e20014d54 (type: router_ports) to 3
2026-07-14 11:42:11.188 10 INFO neutron.db.ovn_revision_numbers_db [None req-70c5d419-7bf5-41d8-bfeb-232e0b769d4d e820eb7e754441859d3dfd86f088be9c 5d80ea2504e6400d9538295a00471c07 - - default default] Successfully bumped revision number for resource ad9e8566-a20b-4e81-9be3-35c6411d6e1c (type: router_ports) to 1
2026-07-14 11:42:11.257 9 INFO neutron.wsgi [None req-169b6c80-a43e-40f4-9bc0-87919e657b4e e820eb7e754441859d3dfd86f088be9c 5d80ea2504e6400d9538295a00471c07 - - default default] 10.0.0.24 "DELETE /v2.0/security-groups/46d88ec8-fd1e-42e1-b7f2-ebe7b8f4a9af HTTP/1.1" status: 204 len: 168 time: 0.6517682
2026-07-14 11:42:11.298 9 INFO neutron.wsgi [None req-2c589596-9e91-4c99-b812-627bea0bd716 6e6ee2514bd149c2b064d7a92046d69b c661e65e8c1b45f5883672cd9f88c37e - - default default] 10.0.0.24 "DELETE /v2.0/security-groups/fb6cfdb5-4b4c-4a5c-a4d0-e9b152611a46 HTTP/1.1" status: 204 len: 168 time: 0.1751866
2026-07-14 11:42:11.351 9 INFO neutron.wsgi [None req-0aeb9939-d096-4d72-a1be-73a8191e04da 6e6ee2514bd149c2b064d7a92046d69b c661e65e8c1b45f5883672cd9f88c37e - - default default] 10.0.0.24 "GET /v2.0/security-groups HTTP/1.1" status: 200 len: 2996 time: 0.0465388
2026-07-14 11:42:11.352 9 INFO neutron.db.ovn_revision_numbers_db [None req-f7e6df92-cc67-4fd1-ae22-8685835f486f - - - - - -] Successfully bumped revision number for resource 4bcacccf-bd16-4a36-ae79-cf5e20014d54 (type: ports) to 2
2026-07-14 11:42:11.369 10 INFO neutron.db.ovn_revision_numbers_db [None req-70c5d419-7bf5-41d8-bfeb-232e0b769d4d e820eb7e754441859d3dfd86f088be9c 5d80ea2504e6400d9538295a00471c07 - - default default] Successfully bumped revision number for resource ad9e8566-a20b-4e81-9be3-35c6411d6e1c (type: ports) to 1
2026-07-14 11:42:11.406 9 INFO neutron.wsgi [None req-19d0e4dc-8e80-42a7-be27-0658131ee223 6e6ee2514bd149c2b064d7a92046d69b c661e65e8c1b45f5883672cd9f88c37e - - default default] 10.0.0.24 "GET /v2.0/security-groups HTTP/1.1" status: 200 len: 2996 time: 0.0493746
2026-07-14 11:42:11.484 10 WARNING neutron.scheduler.dhcp_agent_scheduler [None req-70c5d419-7bf5-41d8-bfeb-232e0b769d4d e820eb7e754441859d3dfd86f088be9c 5d80ea2504e6400d9538295a00471c07 - - default default] No more DHCP agents
2026-07-14 11:42:11.491 10 WARNING neutron.api.rpc.agentnotifiers.dhcp_rpc_agent_api [None req-70c5d419-7bf5-41d8-bfeb-232e0b769d4d e820eb7e754441859d3dfd86f088be9c 5d80ea2504e6400d9538295a00471c07 - - default default] Unable to schedule network a5096630-2a7d-405a-bb84-a89ab104d8b2: no agents available; will retry on subsequent port and subnet creation events.
2026-07-14 11:42:11.515 10 INFO neutron.db.ovn_revision_numbers_db [None req-5f40cd5a-85d3-4908-bb3a-2acdeebbc44c e820eb7e754441859d3dfd86f088be9c 5d80ea2504e6400d9538295a00471c07 - - default default] Successfully bumped revision number for resource 4c4af1d1-330c-4073-89ac-33dceff49081 (type: security_groups) to 1
2026-07-14 11:42:11.545 10 INFO neutron.db.ovn_revision_numbers_db [None req-5f40cd5a-85d3-4908-bb3a-2acdeebbc44c e820eb7e754441859d3dfd86f088be9c 5d80ea2504e6400d9538295a00471c07 - - default default] Successfully bumped revision number for resource 278bf7b6-500f-47b8-b889-fff0d023467f (type: security_group_rules) to 0
2026-07-14 11:42:11.560 10 INFO neutron.db.ovn_revision_numbers_db [None req-5f40cd5a-85d3-4908-bb3a-2acdeebbc44c e820eb7e754441859d3dfd86f088be9c 5d80ea2504e6400d9538295a00471c07 - - default default] Successfully bumped revision number for resource 6aa1ca7a-1b80-4b97-87a0-edba6e54a8a4 (type: security_group_rules) to 0
2026-07-14 11:42:11.574 10 INFO neutron.db.ovn_revision_numbers_db [None req-5f40cd5a-85d3-4908-bb3a-2acdeebbc44c e820eb7e754441859d3dfd86f088be9c 5d80ea2504e6400d9538295a00471c07 - - default default] Successfully bumped revision number for resource aa007f10-ce91-482f-a791-3ba2e9465758 (type: security_group_rules) to 0
2026-07-14 11:42:11.591 10 INFO neutron.db.ovn_revision_numbers_db [None req-5f40cd5a-85d3-4908-bb3a-2acdeebbc44c e820eb7e754441859d3dfd86f088be9c 5d80ea2504e6400d9538295a00471c07 - - default default] Successfully bumped revision number for resource e937c55b-d61b-4333-8b70-54fdb69f7c62 (type: security_group_rules) to 0
2026-07-14 11:42:11.636 9 INFO neutron.db.ovn_revision_numbers_db [None req-f7e6df92-cc67-4fd1-ae22-8685835f486f - - - - - -] Successfully bumped revision number for resource 4bcacccf-bd16-4a36-ae79-cf5e20014d54 (type: ports) to 4
2026-07-14 11:42:11.644 10 INFO neutron.wsgi [None req-5f40cd5a-85d3-4908-bb3a-2acdeebbc44c e820eb7e754441859d3dfd86f088be9c 5d80ea2504e6400d9538295a00471c07 - - default default] 10.0.0.24 "GET /v2.0/security-groups?tenant_id=e749bd4a68a14b60b44fd39432b95990&name=default HTTP/1.1" status: 200 len: 2996 time: 0.2952800
2026-07-14 11:42:11.933 9 INFO neutron.wsgi [None req-8fcaeef2-232f-4004-8164-a2a7feb1a74f e820eb7e754441859d3dfd86f088be9c 5d80ea2504e6400d9538295a00471c07 - - default default] 10.0.0.24 "DELETE /v2.0/security-groups/4c4af1d1-330c-4073-89ac-33dceff49081 HTTP/1.1" status: 204 len: 168 time: 0.2830546
2026-07-14 11:42:11.934 9 INFO neutron.db.ovn_revision_numbers_db [None req-f7e6df92-cc67-4fd1-ae22-8685835f486f - - - - - -] Successfully bumped revision number for resource 4bcacccf-bd16-4a36-ae79-cf5e20014d54 (type: router_ports) to 4
2026-07-14 11:42:12.038 9 INFO neutron.wsgi [None req-17b0033f-2f05-49f8-a99c-bc9963ed580d e820eb7e754441859d3dfd86f088be9c 5d80ea2504e6400d9538295a00471c07 - - default default] 10.0.0.24 "GET /v2.0/security-groups?tenant_id=c661e65e8c1b45f5883672cd9f88c37e&name=default HTTP/1.1" status: 200 len: 2996 time: 0.1377985
2026-07-14 11:42:12.102 10 INFO neutron.db.ovn_revision_numbers_db [None req-70c5d419-7bf5-41d8-bfeb-232e0b769d4d e820eb7e754441859d3dfd86f088be9c 5d80ea2504e6400d9538295a00471c07 - - default default] Successfully bumped revision number for resource ad9e8566-a20b-4e81-9be3-35c6411d6e1c (type: router_ports) to 1
2026-07-14 11:42:12.104 10 INFO neutron.wsgi [None req-70c5d419-7bf5-41d8-bfeb-232e0b769d4d e820eb7e754441859d3dfd86f088be9c 5d80ea2504e6400d9538295a00471c07 - - default default] 10.0.0.24 "PUT /v2.0/routers/89f352b8-4dfb-45e8-9df8-acc2c34e1cca/add_router_interface HTTP/1.1" status: 200 len: 503 time: 2.0962927
2026-07-14 11:42:12.183 10 INFO neutron.db.ovn_revision_numbers_db [None req-9cf591c7-5307-46c1-b9e9-35d7d9b1acab e820eb7e754441859d3dfd86f088be9c 5d80ea2504e6400d9538295a00471c07 - - default default] Successfully bumped revision number for resource 5b48481b-4466-4bdb-a21e-4be01e158c05 (type: security_groups) to 1
2026-07-14 11:42:12.199 10 INFO neutron.db.ovn_revision_numbers_db [None req-9cf591c7-5307-46c1-b9e9-35d7d9b1acab e820eb7e754441859d3dfd86f088be9c 5d80ea2504e6400d9538295a00471c07 - - default default] Successfully bumped revision number for resource 07d9dc5d-62b5-44dd-93a1-551335caf709 (type: security_group_rules) to 0
2026-07-14 11:42:12.213 10 INFO neutron.db.ovn_revision_numbers_db [None req-9cf591c7-5307-46c1-b9e9-35d7d9b1acab e820eb7e754441859d3dfd86f088be9c 5d80ea2504e6400d9538295a00471c07 - - default default] Successfully bumped revision number for resource 5493bc9b-6868-43bc-b894-d700d627c652 (type: security_group_rules) to 0
2026-07-14 11:42:12.229 10 INFO neutron.db.ovn_revision_numbers_db [None req-9cf591c7-5307-46c1-b9e9-35d7d9b1acab e820eb7e754441859d3dfd86f088be9c 5d80ea2504e6400d9538295a00471c07 - - default default] Successfully bumped revision number for resource a8a4d4fc-5c73-4ab8-8281-2b6520721351 (type: security_group_rules) to 0
2026-07-14 11:42:12.238 9 INFO neutron.wsgi [None req-51521504-3779-4d88-9bda-8a88ed66985a e820eb7e754441859d3dfd86f088be9c 5d80ea2504e6400d9538295a00471c07 - - default default] 10.0.0.24 "DELETE /v2.0/security-groups/1edc78c2-f0f1-4008-8bb9-d3b5131ecd24 HTTP/1.1" status: 204 len: 168 time: 0.1826937
2026-07-14 11:42:12.247 10 INFO neutron.db.ovn_revision_numbers_db [None req-9cf591c7-5307-46c1-b9e9-35d7d9b1acab e820eb7e754441859d3dfd86f088be9c 5d80ea2504e6400d9538295a00471c07 - - default default] Successfully bumped revision number for resource ff9875da-9787-426c-b161-b8a882646df9 (type: security_group_rules) to 0
2026-07-14 11:42:12.302 10 INFO neutron.db.segments_db [None req-9cf591c7-5307-46c1-b9e9-35d7d9b1acab e820eb7e754441859d3dfd86f088be9c 5d80ea2504e6400d9538295a00471c07 - - default default] Added segment 3f82d337-8859-4f28-b44c-46a3d989c25d of type geneve for network 7b28e135-cb48-47dc-863a-f3e398f2d7ef
2026-07-14 11:42:12.496 10 INFO neutron.plugins.ml2.drivers.ovn.mech_driver.mech_driver [None req-bce252a6-e8d4-4e60-89b6-69e113a9828b - - - - - -] OVN reports status up for port: ad9e8566-a20b-4e81-9be3-35c6411d6e1c
2026-07-14 11:42:12.507 10 INFO neutron.plugins.ml2.plugin [None req-bce252a6-e8d4-4e60-89b6-69e113a9828b - - - - - -] Attempt 1 to provision port ad9e8566-a20b-4e81-9be3-35c6411d6e1c
2026-07-14 11:42:12.509 10 INFO neutron.db.ovn_revision_numbers_db [None req-9cf591c7-5307-46c1-b9e9-35d7d9b1acab e820eb7e754441859d3dfd86f088be9c 5d80ea2504e6400d9538295a00471c07 - - default default] Successfully bumped revision number for resource 7b28e135-cb48-47dc-863a-f3e398f2d7ef (type: networks) to 1
2026-07-14 11:42:12.690 10 WARNING neutron.scheduler.dhcp_agent_scheduler [None req-9cf591c7-5307-46c1-b9e9-35d7d9b1acab e820eb7e754441859d3dfd86f088be9c 5d80ea2504e6400d9538295a00471c07 - - default default] No more DHCP agents
2026-07-14 11:42:12.693 10 WARNING neutron.api.rpc.agentnotifiers.dhcp_rpc_agent_api [None req-9cf591c7-5307-46c1-b9e9-35d7d9b1acab e820eb7e754441859d3dfd86f088be9c 5d80ea2504e6400d9538295a00471c07 - - default default] Unable to schedule network 7b28e135-cb48-47dc-863a-f3e398f2d7ef: no agents available; will retry on subsequent port and subnet creation events.
2026-07-14 11:42:12.814 10 INFO neutron.db.ovn_revision_numbers_db [None req-9cf591c7-5307-46c1-b9e9-35d7d9b1acab e820eb7e754441859d3dfd86f088be9c 5d80ea2504e6400d9538295a00471c07 - - default default] Successfully bumped revision number for resource 2e6d03c3-d8e0-43ab-a7d3-4c906aea41e0 (type: ports) to 1
2026-07-14 11:42:12.849 10 INFO neutron.wsgi [None req-9cf591c7-5307-46c1-b9e9-35d7d9b1acab e820eb7e754441859d3dfd86f088be9c 5d80ea2504e6400d9538295a00471c07 - - default default] 10.0.0.24 "POST /v2.0/networks HTTP/1.1" status: 201 len: 948 time: 0.9791696
2026-07-14 11:42:12.850 10 INFO neutron.db.ovn_revision_numbers_db [None req-bce252a6-e8d4-4e60-89b6-69e113a9828b - - - - - -] Successfully bumped revision number for resource ad9e8566-a20b-4e81-9be3-35c6411d6e1c (type: ports) to 2
2026-07-14 11:42:12.901 9 INFO neutron.db.ovn_revision_numbers_db [None req-2ef235ae-7371-41cd-9646-3964930fd472 b7c782ed0f534516bab30ad0542da35c 4f38cb78cbfc49a49d6d127c76093a12 - - default default] Successfully bumped revision number for resource 74845f08-70b1-40eb-9bed-1eaafe309799 (type: security_groups) to 1
2026-07-14 11:42:12.918 9 INFO neutron.db.ovn_revision_numbers_db [None req-2ef235ae-7371-41cd-9646-3964930fd472 b7c782ed0f534516bab30ad0542da35c 4f38cb78cbfc49a49d6d127c76093a12 - - default default] Successfully bumped revision number for resource bf80ef70-a7d8-4f0d-a228-7e060f103fa6 (type: security_group_rules) to 0
2026-07-14 11:42:12.947 9 INFO neutron.db.ovn_revision_numbers_db [None req-2ef235ae-7371-41cd-9646-3964930fd472 b7c782ed0f534516bab30ad0542da35c 4f38cb78cbfc49a49d6d127c76093a12 - - default default] Successfully bumped revision number for resource c5cd40c1-d5fe-4d00-930f-eb55930c0f2a (type: security_group_rules) to 0
2026-07-14 11:42:12.977 9 INFO neutron.wsgi [None req-2ef235ae-7371-41cd-9646-3964930fd472 b7c782ed0f534516bab30ad0542da35c 4f38cb78cbfc49a49d6d127c76093a12 - - default default] 10.0.0.24 "POST /v2.0/security-groups HTTP/1.1" status: 201 len: 1811 time: 0.2198420
2026-07-14 11:42:13.007 10 INFO neutron.db.ovn_revision_numbers_db [None req-bce252a6-e8d4-4e60-89b6-69e113a9828b - - - - - -] Successfully bumped revision number for resource ad9e8566-a20b-4e81-9be3-35c6411d6e1c (type: router_ports) to 2
2026-07-14 11:42:13.027 9 WARNING neutron.scheduler.dhcp_agent_scheduler [None req-44ef6c16-a204-45da-883b-20e293906364 e820eb7e754441859d3dfd86f088be9c 5d80ea2504e6400d9538295a00471c07 - - default default] No more DHCP agents
2026-07-14 11:42:13.030 9 WARNING neutron.api.rpc.agentnotifiers.dhcp_rpc_agent_api [None req-44ef6c16-a204-45da-883b-20e293906364 e820eb7e754441859d3dfd86f088be9c 5d80ea2504e6400d9538295a00471c07 - - default default] Unable to schedule network 7b28e135-cb48-47dc-863a-f3e398f2d7ef: no agents available; will retry on subsequent port and subnet creation events.
2026-07-14 11:42:13.141 9 INFO neutron.db.ovn_revision_numbers_db [None req-201c905d-eaff-4ed5-bb13-694dd0182112 b7c782ed0f534516bab30ad0542da35c 4f38cb78cbfc49a49d6d127c76093a12 - - default default] Successfully bumped revision number for resource 839a7cf5-70d3-4547-a35b-a302826b5e9f (type: security_group_rules) to 0
2026-07-14 11:42:13.182 9 INFO neutron.wsgi [None req-201c905d-eaff-4ed5-bb13-694dd0182112 b7c782ed0f534516bab30ad0542da35c 4f38cb78cbfc49a49d6d127c76093a12 - - default default] 10.0.0.24 "POST /v2.0/security-group-rules HTTP/1.1" status: 201 len: 764 time: 0.1977115
2026-07-14 11:42:13.362 9 INFO neutron.db.ovn_revision_numbers_db [None req-820773c4-aef7-41c4-966a-edce931e8162 b7c782ed0f534516bab30ad0542da35c 4f38cb78cbfc49a49d6d127c76093a12 - - default default] Successfully bumped revision number for resource 428513bb-c571-47cd-ab38-b0f1fd5a5ad9 (type: security_group_rules) to 0
2026-07-14 11:42:13.396 9 INFO neutron.wsgi [None req-820773c4-aef7-41c4-966a-edce931e8162 b7c782ed0f534516bab30ad0542da35c 4f38cb78cbfc49a49d6d127c76093a12 - - default default] 10.0.0.24 "POST /v2.0/security-group-rules HTTP/1.1" status: 201 len: 763 time: 0.2081463
2026-07-14 11:42:13.518 10 INFO neutron.db.ovn_revision_numbers_db [None req-a50a247b-f4ad-4496-817d-0e38580b8596 b7c782ed0f534516bab30ad0542da35c 4f38cb78cbfc49a49d6d127c76093a12 - - default default] Successfully bumped revision number for resource 14e60499-ce6e-4667-80a5-cfe2d25a7c53 (type: security_group_rules) to 0
2026-07-14 11:42:13.546 10 INFO neutron.wsgi [None req-a50a247b-f4ad-4496-817d-0e38580b8596 b7c782ed0f534516bab30ad0542da35c 4f38cb78cbfc49a49d6d127c76093a12 - - default default] 10.0.0.24 "POST /v2.0/security-group-rules HTTP/1.1" status: 201 len: 769 time: 0.1447058
