2026-07-14 11:44:35.865 10 INFO neutron.db.ovn_revision_numbers_db [None req-9b25b01b-cf0e-41e6-81ad-fc4ced95efac b44ff18d8cd74fb4b77a2d888251281b 4c32d1952b114b7c9354fab5318091f8 - - default default] Successfully bumped revision number for resource 2199bd25-81e1-4bc9-a101-86bf6625bdbe (type: security_group_rules) to 0
2026-07-14 11:44:35.878 10 INFO neutron.db.ovn_revision_numbers_db [None req-9b25b01b-cf0e-41e6-81ad-fc4ced95efac b44ff18d8cd74fb4b77a2d888251281b 4c32d1952b114b7c9354fab5318091f8 - - default default] Successfully bumped revision number for resource 52393fa8-2dab-4a59-a8b1-75f3bdccaeba (type: security_group_rules) to 0
2026-07-14 11:44:35.899 10 INFO neutron.db.ovn_revision_numbers_db [None req-9b25b01b-cf0e-41e6-81ad-fc4ced95efac b44ff18d8cd74fb4b77a2d888251281b 4c32d1952b114b7c9354fab5318091f8 - - default default] Successfully bumped revision number for resource 9e31b9da-0a40-46cd-ad60-b844f919f71c (type: security_group_rules) to 0
2026-07-14 11:44:35.914 10 INFO neutron.db.ovn_revision_numbers_db [None req-9b25b01b-cf0e-41e6-81ad-fc4ced95efac b44ff18d8cd74fb4b77a2d888251281b 4c32d1952b114b7c9354fab5318091f8 - - default default] Successfully bumped revision number for resource f79e4c2b-417e-4d7e-a153-96dc4ecc7cce (type: security_group_rules) to 0
2026-07-14 11:44:35.964 10 INFO neutron.db.segments_db [None req-9b25b01b-cf0e-41e6-81ad-fc4ced95efac b44ff18d8cd74fb4b77a2d888251281b 4c32d1952b114b7c9354fab5318091f8 - - default default] Added segment c2c4694c-9b90-41b5-a2ee-e9cc6ca94a71 of type geneve for network 411b08e8-7628-4056-956c-00e45a8aaa26
2026-07-14 11:44:35.998 10 INFO neutron.wsgi [None req-c955ff17-489b-4924-acc3-3cc4b0f2f13a e820eb7e754441859d3dfd86f088be9c 5d80ea2504e6400d9538295a00471c07 - - default default] 10.0.0.24 "DELETE /v2.0/security-groups/8098c79b-8ebe-4dd8-a683-a581fdfd5b7c HTTP/1.1" status: 204 len: 168 time: 0.2290046
2026-07-14 11:44:36.070 10 INFO neutron.wsgi [None req-20f11067-842d-4890-a403-463bdd94b839 e820eb7e754441859d3dfd86f088be9c 5d80ea2504e6400d9538295a00471c07 - - default default] 199.204.45.3 "GET /v2.0/extensions/security-group HTTP/1.1" status: 200 len: 369 time: 0.0659716
2026-07-14 11:44:36.086 10 INFO neutron.wsgi [None req-b40bb42e-b64b-4e2c-ad4d-6ef9e43f648b e820eb7e754441859d3dfd86f088be9c 5d80ea2504e6400d9538295a00471c07 - - default default] 199.204.45.3 "GET /v2.0/extensions/dns-integration HTTP/1.1" status: 200 len: 371 time: 0.0086815
2026-07-14 11:44:36.103 10 INFO neutron.wsgi [None req-4b8eff59-4111-4c1b-8a81-afae730fc257 e820eb7e754441859d3dfd86f088be9c 5d80ea2504e6400d9538295a00471c07 - - default default] 199.204.45.3 "GET /v2.0/extensions/qos HTTP/1.1" status: 200 len: 365 time: 0.0054300
2026-07-14 11:44:36.115 10 INFO neutron.wsgi [None req-d3c96f8d-f68a-4901-9533-d726d1af2eaa e820eb7e754441859d3dfd86f088be9c 5d80ea2504e6400d9538295a00471c07 - - default default] 199.204.45.3 "GET /v2.0/extensions/allowed-address-pairs HTTP/1.1" status: 200 len: 383 time: 0.0051169
2026-07-14 11:44:36.162 10 INFO neutron.db.ovn_revision_numbers_db [None req-9b25b01b-cf0e-41e6-81ad-fc4ced95efac b44ff18d8cd74fb4b77a2d888251281b 4c32d1952b114b7c9354fab5318091f8 - - default default] Successfully bumped revision number for resource 411b08e8-7628-4056-956c-00e45a8aaa26 (type: networks) to 1
2026-07-14 11:44:36.188 10 INFO neutron.wsgi [None req-81691f59-9bc0-46df-8f39-e247a537a2f3 e820eb7e754441859d3dfd86f088be9c 5d80ea2504e6400d9538295a00471c07 - - default default] 10.0.0.24 "GET /v2.0/security-groups?tenant_id=8948a5fc9da04a29bc33dca49f92650e&name=default HTTP/1.1" status: 200 len: 3000 time: 0.0654125 /var/lib/openstack/lib/python3.10/site-packages/pycadf/identifier.py:71: UserWarning: Invalid uuid: neutron. To ensure interoperability, identifiers should be a valid uuid. warnings.warn(('Invalid uuid: %s. To ensure interoperability, '
2026-07-14 11:44:36.320 10 INFO neutron.wsgi [None req-0decc986-9110-4214-950b-81673cef1d6b e820eb7e754441859d3dfd86f088be9c 5d80ea2504e6400d9538295a00471c07 - - default default] 199.204.45.3 "GET /v2.0/security-groups?name=lb-799e3e03-e592-4015-b242-37b0d6f6a188 HTTP/1.1" status: 200 len: 1775 time: 0.0789971
2026-07-14 11:44:36.390 10 INFO neutron.wsgi [None req-753277be-a2f4-4c84-9716-dd8e98070ca6 e820eb7e754441859d3dfd86f088be9c 5d80ea2504e6400d9538295a00471c07 - - default default] 199.204.45.3 "GET /v2.0/security-group-rules?security_group_id=d7d23b68-a4df-4559-b3de-2df90d1b87f1 HTTP/1.1" status: 200 len: 1318 time: 0.0627177
2026-07-14 11:44:36.392 9 INFO neutron.wsgi [None req-e37f2539-2935-4871-b353-d9e8c4797c3b e820eb7e754441859d3dfd86f088be9c 5d80ea2504e6400d9538295a00471c07 - - default default] 10.0.0.24 "DELETE /v2.0/security-groups/80e75b32-0ff3-4f9c-b0b5-5cb890cae479 HTTP/1.1" status: 204 len: 168 time: 0.1980314
2026-07-14 11:44:36.442 10 WARNING neutron.scheduler.dhcp_agent_scheduler [None req-9b25b01b-cf0e-41e6-81ad-fc4ced95efac b44ff18d8cd74fb4b77a2d888251281b 4c32d1952b114b7c9354fab5318091f8 - - default default] No more DHCP agents
2026-07-14 11:44:36.445 10 WARNING neutron.api.rpc.agentnotifiers.dhcp_rpc_agent_api [None req-9b25b01b-cf0e-41e6-81ad-fc4ced95efac b44ff18d8cd74fb4b77a2d888251281b 4c32d1952b114b7c9354fab5318091f8 - - default default] Unable to schedule network 411b08e8-7628-4056-956c-00e45a8aaa26: no agents available; will retry on subsequent port and subnet creation events.
2026-07-14 11:44:36.555 10 INFO neutron.db.ovn_revision_numbers_db [None req-9b25b01b-cf0e-41e6-81ad-fc4ced95efac b44ff18d8cd74fb4b77a2d888251281b 4c32d1952b114b7c9354fab5318091f8 - - default default] Successfully bumped revision number for resource ddc05217-7935-489b-8ca1-ecfdb82270fb (type: ports) to 1
2026-07-14 11:44:36.580 10 INFO neutron.wsgi [None req-9b25b01b-cf0e-41e6-81ad-fc4ced95efac b44ff18d8cd74fb4b77a2d888251281b 4c32d1952b114b7c9354fab5318091f8 - - default default] 10.0.0.24 "POST /v2.0/networks HTTP/1.1" status: 201 len: 831 time: 1.0407109
2026-07-14 11:44:36.587 10 INFO neutron.db.ovn_revision_numbers_db [None req-045bb036-a3f6-4305-b4b4-b2ceda815f55 e820eb7e754441859d3dfd86f088be9c 5d80ea2504e6400d9538295a00471c07 - - default default] Successfully bumped revision number for resource 42de01a2-e1ee-4c5a-b157-6917907ac512 (type: security_group_rules) to 0
2026-07-14 11:44:36.611 10 INFO neutron.wsgi [None req-045bb036-a3f6-4305-b4b4-b2ceda815f55 e820eb7e754441859d3dfd86f088be9c 5d80ea2504e6400d9538295a00471c07 - - default default] 199.204.45.3 "POST /v2.0/security-group-rules HTTP/1.1" status: 201 len: 769 time: 0.2145784
2026-07-14 11:44:36.732 10 INFO neutron.db.ovn_revision_numbers_db [None req-de0ab3be-02a6-41e3-948f-ad3ea389086a e820eb7e754441859d3dfd86f088be9c 5d80ea2504e6400d9538295a00471c07 - - default default] Successfully bumped revision number for resource 9ca82ceb-f0a0-44b4-a835-bf3bff68c81c (type: security_group_rules) to 0
2026-07-14 11:44:36.757 10 INFO neutron.wsgi [None req-de0ab3be-02a6-41e3-948f-ad3ea389086a e820eb7e754441859d3dfd86f088be9c 5d80ea2504e6400d9538295a00471c07 - - default default] 199.204.45.3 "POST /v2.0/security-group-rules HTTP/1.1" status: 201 len: 773 time: 0.1382630
2026-07-14 11:44:36.832 9 WARNING neutron.scheduler.dhcp_agent_scheduler [None req-ce13458f-d124-4260-8fa2-4f7f4fe66de4 b44ff18d8cd74fb4b77a2d888251281b 4c32d1952b114b7c9354fab5318091f8 - - default default] No more DHCP agents
2026-07-14 11:44:36.834 9 WARNING neutron.api.rpc.agentnotifiers.dhcp_rpc_agent_api [None req-ce13458f-d124-4260-8fa2-4f7f4fe66de4 b44ff18d8cd74fb4b77a2d888251281b 4c32d1952b114b7c9354fab5318091f8 - - default default] Unable to schedule network 411b08e8-7628-4056-956c-00e45a8aaa26: no agents available; will retry on subsequent port and subnet creation events.
2026-07-14 11:44:37.314 9 INFO neutron.db.ovn_revision_numbers_db [None req-ce13458f-d124-4260-8fa2-4f7f4fe66de4 b44ff18d8cd74fb4b77a2d888251281b 4c32d1952b114b7c9354fab5318091f8 - - default default] Successfully bumped revision number for resource ddc05217-7935-489b-8ca1-ecfdb82270fb (type: ports) to 2
2026-07-14 11:44:37.351 9 INFO neutron.db.ovn_revision_numbers_db [None req-ce13458f-d124-4260-8fa2-4f7f4fe66de4 b44ff18d8cd74fb4b77a2d888251281b 4c32d1952b114b7c9354fab5318091f8 - - default default] Successfully bumped revision number for resource 3ecce7fa-1e4e-4beb-a540-16005982cb87 (type: subnets) to 0
2026-07-14 11:44:37.370 9 INFO neutron.wsgi [None req-ce13458f-d124-4260-8fa2-4f7f4fe66de4 b44ff18d8cd74fb4b77a2d888251281b 4c32d1952b114b7c9354fab5318091f8 - - default default] 10.0.0.24 "POST /v2.0/subnets HTTP/1.1" status: 201 len: 801 time: 0.7856195
2026-07-14 11:44:37.476 9 INFO neutron.db.segments_db [None req-ecee5a67-5909-4e66-a6d3-743ad08ccbf2 b44ff18d8cd74fb4b77a2d888251281b 4c32d1952b114b7c9354fab5318091f8 - - default default] Added segment b5ba418f-5095-4fbc-bbd0-f005f960537e of type geneve for network bb2992e7-e928-4e82-88a6-5b25890d8f4e
2026-07-14 11:44:37.644 9 INFO neutron.db.ovn_revision_numbers_db [None req-ecee5a67-5909-4e66-a6d3-743ad08ccbf2 b44ff18d8cd74fb4b77a2d888251281b 4c32d1952b114b7c9354fab5318091f8 - - default default] Successfully bumped revision number for resource bb2992e7-e928-4e82-88a6-5b25890d8f4e (type: networks) to 1
2026-07-14 11:44:37.854 9 WARNING neutron.scheduler.dhcp_agent_scheduler [None req-ecee5a67-5909-4e66-a6d3-743ad08ccbf2 b44ff18d8cd74fb4b77a2d888251281b 4c32d1952b114b7c9354fab5318091f8 - - default default] No more DHCP agents
2026-07-14 11:44:37.856 9 WARNING neutron.api.rpc.agentnotifiers.dhcp_rpc_agent_api [None req-ecee5a67-5909-4e66-a6d3-743ad08ccbf2 b44ff18d8cd74fb4b77a2d888251281b 4c32d1952b114b7c9354fab5318091f8 - - default default] Unable to schedule network bb2992e7-e928-4e82-88a6-5b25890d8f4e: no agents available; will retry on subsequent port and subnet creation events.
2026-07-14 11:44:37.936 9 INFO neutron.db.ovn_revision_numbers_db [None req-ecee5a67-5909-4e66-a6d3-743ad08ccbf2 b44ff18d8cd74fb4b77a2d888251281b 4c32d1952b114b7c9354fab5318091f8 - - default default] Successfully bumped revision number for resource 2bdcdc9a-303c-4305-b073-0577f3aae061 (type: ports) to 1
2026-07-14 11:44:37.971 9 INFO neutron.wsgi [None req-ecee5a67-5909-4e66-a6d3-743ad08ccbf2 b44ff18d8cd74fb4b77a2d888251281b 4c32d1952b114b7c9354fab5318091f8 - - default default] 10.0.0.24 "POST /v2.0/networks HTTP/1.1" status: 201 len: 830 time: 0.5938168
2026-07-14 11:44:38.213 9 WARNING neutron.scheduler.dhcp_agent_scheduler [None req-e8bb4300-b0f3-4f92-9a4e-2043db57afaa b44ff18d8cd74fb4b77a2d888251281b 4c32d1952b114b7c9354fab5318091f8 - - default default] No more DHCP agents
2026-07-14 11:44:38.216 9 WARNING neutron.api.rpc.agentnotifiers.dhcp_rpc_agent_api [None req-e8bb4300-b0f3-4f92-9a4e-2043db57afaa b44ff18d8cd74fb4b77a2d888251281b 4c32d1952b114b7c9354fab5318091f8 - - default default] Unable to schedule network bb2992e7-e928-4e82-88a6-5b25890d8f4e: no agents available; will retry on subsequent port and subnet creation events.
2026-07-14 11:44:38.739 9 INFO neutron.db.ovn_revision_numbers_db [None req-e8bb4300-b0f3-4f92-9a4e-2043db57afaa b44ff18d8cd74fb4b77a2d888251281b 4c32d1952b114b7c9354fab5318091f8 - - default default] Successfully bumped revision number for resource 2bdcdc9a-303c-4305-b073-0577f3aae061 (type: ports) to 2
2026-07-14 11:44:38.788 9 INFO neutron.db.ovn_revision_numbers_db [None req-e8bb4300-b0f3-4f92-9a4e-2043db57afaa b44ff18d8cd74fb4b77a2d888251281b 4c32d1952b114b7c9354fab5318091f8 - - default default] Successfully bumped revision number for resource 3b80a657-e573-45ef-9b90-89636cfbd246 (type: subnets) to 0
2026-07-14 11:44:38.807 9 INFO neutron.wsgi [None req-e8bb4300-b0f3-4f92-9a4e-2043db57afaa b44ff18d8cd74fb4b77a2d888251281b 4c32d1952b114b7c9354fab5318091f8 - - default default] 10.0.0.24 "POST /v2.0/subnets HTTP/1.1" status: 201 len: 804 time: 0.8296657
2026-07-14 11:44:38.961 9 INFO neutron.db.segments_db [None req-bb471062-4043-486e-bfa0-3e2a2d5f55be b44ff18d8cd74fb4b77a2d888251281b 4c32d1952b114b7c9354fab5318091f8 - - default default] Added segment bd76d9ad-f131-4979-bd23-4511ff62df1f of type geneve for network 16796485-8516-494d-9527-f34df95c1485
2026-07-14 11:44:39.128 9 INFO neutron.db.ovn_revision_numbers_db [None req-bb471062-4043-486e-bfa0-3e2a2d5f55be b44ff18d8cd74fb4b77a2d888251281b 4c32d1952b114b7c9354fab5318091f8 - - default default] Successfully bumped revision number for resource 16796485-8516-494d-9527-f34df95c1485 (type: networks) to 1
2026-07-14 11:44:39.324 9 WARNING neutron.scheduler.dhcp_agent_scheduler [None req-bb471062-4043-486e-bfa0-3e2a2d5f55be b44ff18d8cd74fb4b77a2d888251281b 4c32d1952b114b7c9354fab5318091f8 - - default default] No more DHCP agents
2026-07-14 11:44:39.325 9 WARNING neutron.api.rpc.agentnotifiers.dhcp_rpc_agent_api [None req-bb471062-4043-486e-bfa0-3e2a2d5f55be b44ff18d8cd74fb4b77a2d888251281b 4c32d1952b114b7c9354fab5318091f8 - - default default] Unable to schedule network 16796485-8516-494d-9527-f34df95c1485: no agents available; will retry on subsequent port and subnet creation events.
2026-07-14 11:44:39.415 9 INFO neutron.db.ovn_revision_numbers_db [None req-bb471062-4043-486e-bfa0-3e2a2d5f55be b44ff18d8cd74fb4b77a2d888251281b 4c32d1952b114b7c9354fab5318091f8 - - default default] Successfully bumped revision number for resource fd5c7410-928c-4264-8b14-faa793a52c9b (type: ports) to 1
2026-07-14 11:44:39.446 9 INFO neutron.wsgi [None req-bb471062-4043-486e-bfa0-3e2a2d5f55be b44ff18d8cd74fb4b77a2d888251281b 4c32d1952b114b7c9354fab5318091f8 - - default default] 10.0.0.24 "POST /v2.0/networks HTTP/1.1" status: 201 len: 831 time: 0.6287069
2026-07-14 11:44:39.707 9 WARNING neutron.scheduler.dhcp_agent_scheduler [None req-4f41abf9-148f-4b6d-bc40-23e3732ff0e1 b44ff18d8cd74fb4b77a2d888251281b 4c32d1952b114b7c9354fab5318091f8 - - default default] No more DHCP agents
2026-07-14 11:44:39.709 9 WARNING neutron.api.rpc.agentnotifiers.dhcp_rpc_agent_api [None req-4f41abf9-148f-4b6d-bc40-23e3732ff0e1 b44ff18d8cd74fb4b77a2d888251281b 4c32d1952b114b7c9354fab5318091f8 - - default default] Unable to schedule network 16796485-8516-494d-9527-f34df95c1485: no agents available; will retry on subsequent port and subnet creation events.
2026-07-14 11:44:40.050 10 INFO neutron.db.ovn_revision_numbers_db [None req-c459123b-9976-4a9c-ad42-0b7e0ceb4c02 408845d8a8e34b48aa02389870f70eb4 8fffa79ab14c43f08304a80494c1cb6d - - default default] Successfully bumped revision number for resource 39b85b85-a759-4d18-bdfa-f71a9f948590 (type: security_groups) to 1
2026-07-14 11:44:40.070 10 INFO neutron.db.ovn_revision_numbers_db [None req-c459123b-9976-4a9c-ad42-0b7e0ceb4c02 408845d8a8e34b48aa02389870f70eb4 8fffa79ab14c43f08304a80494c1cb6d - - default default] Successfully bumped revision number for resource 5132a56f-0ef4-4dfc-8c24-42eb053b0f88 (type: security_group_rules) to 0
2026-07-14 11:44:40.098 10 INFO neutron.db.ovn_revision_numbers_db [None req-c459123b-9976-4a9c-ad42-0b7e0ceb4c02 408845d8a8e34b48aa02389870f70eb4 8fffa79ab14c43f08304a80494c1cb6d - - default default] Successfully bumped revision number for resource 9ce0451d-1a13-4c2f-9fcf-777e008d54c6 (type: security_group_rules) to 0
2026-07-14 11:44:40.113 10 INFO neutron.db.ovn_revision_numbers_db [None req-c459123b-9976-4a9c-ad42-0b7e0ceb4c02 408845d8a8e34b48aa02389870f70eb4 8fffa79ab14c43f08304a80494c1cb6d - - default default] Successfully bumped revision number for resource a295325d-8f38-42e5-81f0-055f4e38bb98 (type: security_group_rules) to 0
2026-07-14 11:44:40.126 10 INFO neutron.db.ovn_revision_numbers_db [None req-c459123b-9976-4a9c-ad42-0b7e0ceb4c02 408845d8a8e34b48aa02389870f70eb4 8fffa79ab14c43f08304a80494c1cb6d - - default default] Successfully bumped revision number for resource b5dd92cc-d5ac-4f85-b14a-7abb555d7f00 (type: security_group_rules) to 0
2026-07-14 11:44:40.170 10 INFO neutron.db.segments_db [None req-c459123b-9976-4a9c-ad42-0b7e0ceb4c02 408845d8a8e34b48aa02389870f70eb4 8fffa79ab14c43f08304a80494c1cb6d - - default default] Added segment d9ae60e2-5ad8-4384-8361-05781d174d9b of type geneve for network 0ca93bbf-608a-4674-a624-9b4107fd1962
2026-07-14 11:44:40.240 9 INFO neutron.db.ovn_revision_numbers_db [None req-4f41abf9-148f-4b6d-bc40-23e3732ff0e1 b44ff18d8cd74fb4b77a2d888251281b 4c32d1952b114b7c9354fab5318091f8 - - default default] Successfully bumped revision number for resource fd5c7410-928c-4264-8b14-faa793a52c9b (type: ports) to 2
2026-07-14 11:44:40.270 9 INFO neutron.db.ovn_revision_numbers_db [None req-4f41abf9-148f-4b6d-bc40-23e3732ff0e1 b44ff18d8cd74fb4b77a2d888251281b 4c32d1952b114b7c9354fab5318091f8 - - default default] Successfully bumped revision number for resource 5aedc309-d11e-463f-a11a-a441bb3914ee (type: subnets) to 0
2026-07-14 11:44:40.293 9 INFO neutron.wsgi [None req-4f41abf9-148f-4b6d-bc40-23e3732ff0e1 b44ff18d8cd74fb4b77a2d888251281b 4c32d1952b114b7c9354fab5318091f8 - - default default] 10.0.0.24 "POST /v2.0/subnets HTTP/1.1" status: 201 len: 804 time: 0.8373101
2026-07-14 11:44:40.317 10 INFO neutron.db.ovn_revision_numbers_db [None req-c459123b-9976-4a9c-ad42-0b7e0ceb4c02 408845d8a8e34b48aa02389870f70eb4 8fffa79ab14c43f08304a80494c1cb6d - - default default] Successfully bumped revision number for resource 0ca93bbf-608a-4674-a624-9b4107fd1962 (type: networks) to 1
2026-07-14 11:44:40.385 9 INFO neutron.db.segments_db [None req-d596276b-a353-4f13-976d-3b8525548f29 b44ff18d8cd74fb4b77a2d888251281b 4c32d1952b114b7c9354fab5318091f8 - - default default] Added segment 37ae3b95-88a3-4176-9659-7ea573a2db9b of type geneve for network 21d23499-945b-4e1b-ae0a-5ebf61c2cacb
2026-07-14 11:44:40.536 10 WARNING neutron.scheduler.dhcp_agent_scheduler [None req-c459123b-9976-4a9c-ad42-0b7e0ceb4c02 408845d8a8e34b48aa02389870f70eb4 8fffa79ab14c43f08304a80494c1cb6d - - default default] No more DHCP agents
2026-07-14 11:44:40.540 10 WARNING neutron.api.rpc.agentnotifiers.dhcp_rpc_agent_api [None req-c459123b-9976-4a9c-ad42-0b7e0ceb4c02 408845d8a8e34b48aa02389870f70eb4 8fffa79ab14c43f08304a80494c1cb6d - - default default] Unable to schedule network 0ca93bbf-608a-4674-a624-9b4107fd1962: no agents available; will retry on subsequent port and subnet creation events.
2026-07-14 11:44:40.554 9 INFO neutron.db.ovn_revision_numbers_db [None req-d596276b-a353-4f13-976d-3b8525548f29 b44ff18d8cd74fb4b77a2d888251281b 4c32d1952b114b7c9354fab5318091f8 - - default default] Successfully bumped revision number for resource 21d23499-945b-4e1b-ae0a-5ebf61c2cacb (type: networks) to 1
2026-07-14 11:44:40.624 10 INFO neutron.db.ovn_revision_numbers_db [None req-c459123b-9976-4a9c-ad42-0b7e0ceb4c02 408845d8a8e34b48aa02389870f70eb4 8fffa79ab14c43f08304a80494c1cb6d - - default default] Successfully bumped revision number for resource 13fe767d-6a02-4a5c-8afa-b31a99b7d582 (type: ports) to 1
2026-07-14 11:44:40.646 10 INFO neutron.wsgi [None req-c459123b-9976-4a9c-ad42-0b7e0ceb4c02 408845d8a8e34b48aa02389870f70eb4 8fffa79ab14c43f08304a80494c1cb6d - - default default] 10.0.0.24 "POST /v2.0/networks HTTP/1.1" status: 201 len: 831 time: 0.9474988
2026-07-14 11:44:40.721 9 INFO neutron.wsgi [None req-3850907f-0ad9-4e87-89ae-a90bf030cf3a 408845d8a8e34b48aa02389870f70eb4 8fffa79ab14c43f08304a80494c1cb6d - - default default] 10.0.0.24 "PUT /v2.0/networks/0ca93bbf-608a-4674-a624-9b4107fd1962/tags HTTP/1.1" status: 200 len: 218 time: 0.0661223
2026-07-14 11:44:40.765 9 WARNING neutron.scheduler.dhcp_agent_scheduler [None req-d596276b-a353-4f13-976d-3b8525548f29 b44ff18d8cd74fb4b77a2d888251281b 4c32d1952b114b7c9354fab5318091f8 - - default default] No more DHCP agents
2026-07-14 11:44:40.768 9 WARNING neutron.api.rpc.agentnotifiers.dhcp_rpc_agent_api [None req-d596276b-a353-4f13-976d-3b8525548f29 b44ff18d8cd74fb4b77a2d888251281b 4c32d1952b114b7c9354fab5318091f8 - - default default] Unable to schedule network 21d23499-945b-4e1b-ae0a-5ebf61c2cacb: no agents available; will retry on subsequent port and subnet creation events.
2026-07-14 11:44:40.773 10 INFO neutron.wsgi [None req-4f3fbfaf-9983-451c-9919-a215133ed96a 408845d8a8e34b48aa02389870f70eb4 8fffa79ab14c43f08304a80494c1cb6d - - default default] 10.0.0.24 "GET /v2.0/networks/0ca93bbf-608a-4674-a624-9b4107fd1962/tags HTTP/1.1" status: 200 len: 218 time: 0.0456500
2026-07-14 11:44:40.834 10 INFO neutron.wsgi [None req-d29b4f76-d6c6-4b96-9483-82bf56d0d880 408845d8a8e34b48aa02389870f70eb4 8fffa79ab14c43f08304a80494c1cb6d - - default default] 10.0.0.24 "PUT /v2.0/networks/0ca93bbf-608a-4674-a624-9b4107fd1962/tags/green HTTP/1.1" status: 201 len: 201 time: 0.0544226
2026-07-14 11:44:40.861 9 INFO neutron.db.ovn_revision_numbers_db [None req-d596276b-a353-4f13-976d-3b8525548f29 b44ff18d8cd74fb4b77a2d888251281b 4c32d1952b114b7c9354fab5318091f8 - - default default] Successfully bumped revision number for resource 687c77a3-28b9-4f9c-87fc-c3b1fd2bf032 (type: ports) to 1
2026-07-14 11:44:40.877 10 INFO neutron.wsgi [None req-ec253427-41ea-46f7-8b25-17908cef6507 408845d8a8e34b48aa02389870f70eb4 8fffa79ab14c43f08304a80494c1cb6d - - default default] 10.0.0.24 "GET /v2.0/networks/0ca93bbf-608a-4674-a624-9b4107fd1962/tags HTTP/1.1" status: 200 len: 227 time: 0.0378163
2026-07-14 11:44:40.888 9 INFO neutron.wsgi [None req-d596276b-a353-4f13-976d-3b8525548f29 b44ff18d8cd74fb4b77a2d888251281b 4c32d1952b114b7c9354fab5318091f8 - - default default] 10.0.0.24 "POST /v2.0/networks HTTP/1.1" status: 201 len: 830 time: 0.5891860
2026-07-14 11:44:40.934 10 INFO neutron.wsgi [None req-f36720ab-e1fc-41a1-9438-4ab37c87558f 408845d8a8e34b48aa02389870f70eb4 8fffa79ab14c43f08304a80494c1cb6d - - default default] 10.0.0.24 "PUT /v2.0/networks/0ca93bbf-608a-4674-a624-9b4107fd1962/tags/red HTTP/1.1" status: 201 len: 201 time: 0.0519118
2026-07-14 11:44:40.980 10 INFO neutron.wsgi [None req-111f2aaf-b90c-477d-8aae-a46df0a8e7c3 408845d8a8e34b48aa02389870f70eb4 8fffa79ab14c43f08304a80494c1cb6d - - default default] 10.0.0.24 "GET /v2.0/networks/0ca93bbf-608a-4674-a624-9b4107fd1962/tags HTTP/1.1" status: 200 len: 227 time: 0.0403392
2026-07-14 11:44:41.047 10 INFO neutron.wsgi [None req-368d43fe-9916-4259-b02e-d54b94b1b953 408845d8a8e34b48aa02389870f70eb4 8fffa79ab14c43f08304a80494c1cb6d - - default default] 10.0.0.24 "PUT /v2.0/networks/0ca93bbf-608a-4674-a624-9b4107fd1962/tags/black.or.white HTTP/1.1" status: 201 len: 201 time: 0.0620298
2026-07-14 11:44:41.096 10 INFO neutron.wsgi [None req-2d714ee2-8a0a-4117-8441-c41be0339192 408845d8a8e34b48aa02389870f70eb4 8fffa79ab14c43f08304a80494c1cb6d - - default default] 10.0.0.24 "GET /v2.0/networks/0ca93bbf-608a-4674-a624-9b4107fd1962/tags HTTP/1.1" status: 200 len: 245 time: 0.0445716
2026-07-14 11:44:41.139 9 WARNING neutron.scheduler.dhcp_agent_scheduler [None req-0336844c-7f07-44e5-a79b-c54d54b69cff b44ff18d8cd74fb4b77a2d888251281b 4c32d1952b114b7c9354fab5318091f8 - - default default] No more DHCP agents
2026-07-14 11:44:41.141 9 WARNING neutron.api.rpc.agentnotifiers.dhcp_rpc_agent_api [None req-0336844c-7f07-44e5-a79b-c54d54b69cff b44ff18d8cd74fb4b77a2d888251281b 4c32d1952b114b7c9354fab5318091f8 - - default default] Unable to schedule network 21d23499-945b-4e1b-ae0a-5ebf61c2cacb: no agents available; will retry on subsequent port and subnet creation events.
2026-07-14 11:44:41.159 10 INFO neutron.wsgi [None req-9fcd8278-4700-4f6d-afaa-19c802ecd749 408845d8a8e34b48aa02389870f70eb4 8fffa79ab14c43f08304a80494c1cb6d - - default default] 10.0.0.24 "PUT /v2.0/networks/0ca93bbf-608a-4674-a624-9b4107fd1962/tags HTTP/1.1" status: 200 len: 230 time: 0.0564234
2026-07-14 11:44:41.219 9 INFO neutron.wsgi [None req-6b4c9b91-f188-4364-ab2d-37e1d6151aa7 408845d8a8e34b48aa02389870f70eb4 8fffa79ab14c43f08304a80494c1cb6d - - default default] 10.0.0.24 "GET /v2.0/networks/0ca93bbf-608a-4674-a624-9b4107fd1962/tags HTTP/1.1" status: 200 len: 230 time: 0.0528615
2026-07-14 11:44:41.277 9 INFO neutron.wsgi [None req-9f2ffb4b-177c-4c48-88f0-f230c0ada949 408845d8a8e34b48aa02389870f70eb4 8fffa79ab14c43f08304a80494c1cb6d - - default default] 10.0.0.24 "GET /v2.0/networks/0ca93bbf-608a-4674-a624-9b4107fd1962/tags/red HTTP/1.1" status: 204 len: 168 time: 0.0495944
2026-07-14 11:44:41.323 10 INFO neutron.api.v2.resource [None req-4fc91e87-25b1-4b32-b25b-d97b8d028fdc 408845d8a8e34b48aa02389870f70eb4 8fffa79ab14c43f08304a80494c1cb6d - - default default] show failed (client error): The resource could not be found.
2026-07-14 11:44:41.325 10 INFO neutron.wsgi [None req-4fc91e87-25b1-4b32-b25b-d97b8d028fdc 408845d8a8e34b48aa02389870f70eb4 8fffa79ab14c43f08304a80494c1cb6d - - default default] 10.0.0.24 "GET /v2.0/networks/0ca93bbf-608a-4674-a624-9b4107fd1962/tags/green HTTP/1.1" status: 404 len: 299 time: 0.0408862
2026-07-14 11:44:41.389 10 INFO neutron.wsgi [None req-4c9ecb27-61f9-4e7e-aefc-0e0cf3754d4c 408845d8a8e34b48aa02389870f70eb4 8fffa79ab14c43f08304a80494c1cb6d - - default default] 10.0.0.24 "DELETE /v2.0/networks/0ca93bbf-608a-4674-a624-9b4107fd1962/tags/red HTTP/1.1" status: 204 len: 168 time: 0.0562031
2026-07-14 11:44:41.438 10 INFO neutron.wsgi [None req-7beccb10-981a-42ca-ae1b-037f41dac3c9 408845d8a8e34b48aa02389870f70eb4 8fffa79ab14c43f08304a80494c1cb6d - - default default] 10.0.0.24 "GET /v2.0/networks/0ca93bbf-608a-4674-a624-9b4107fd1962/tags HTTP/1.1" status: 200 len: 223 time: 0.0438168
2026-07-14 11:44:41.488 10 INFO neutron.api.v2.resource [None req-19106553-9b95-406b-9da2-250524e238d0 408845d8a8e34b48aa02389870f70eb4 8fffa79ab14c43f08304a80494c1cb6d - - default default] delete failed (client error): The resource could not be found.
2026-07-14 11:44:41.490 10 INFO neutron.wsgi [None req-19106553-9b95-406b-9da2-250524e238d0 408845d8a8e34b48aa02389870f70eb4 8fffa79ab14c43f08304a80494c1cb6d - - default default] 10.0.0.24 "DELETE /v2.0/networks/0ca93bbf-608a-4674-a624-9b4107fd1962/tags/green HTTP/1.1" status: 404 len: 299 time: 0.0474117
2026-07-14 11:44:41.568 10 INFO neutron.wsgi [None req-80585e5e-982b-4ce9-bad3-43bf1ff731f1 408845d8a8e34b48aa02389870f70eb4 8fffa79ab14c43f08304a80494c1cb6d - - default default] 10.0.0.24 "DELETE /v2.0/networks/0ca93bbf-608a-4674-a624-9b4107fd1962/tags HTTP/1.1" status: 204 len: 168 time: 0.0706129
2026-07-14 11:44:41.612 10 INFO neutron.wsgi [None req-997d703c-cfaa-472f-807d-8ceafa094ee3 408845d8a8e34b48aa02389870f70eb4 8fffa79ab14c43f08304a80494c1cb6d - - default default] 10.0.0.24 "GET /v2.0/networks/0ca93bbf-608a-4674-a624-9b4107fd1962/tags HTTP/1.1" status: 200 len: 205 time: 0.0387075
2026-07-14 11:44:41.733 9 INFO neutron.db.ovn_revision_numbers_db [None req-0336844c-7f07-44e5-a79b-c54d54b69cff b44ff18d8cd74fb4b77a2d888251281b 4c32d1952b114b7c9354fab5318091f8 - - default default] Successfully bumped revision number for resource 687c77a3-28b9-4f9c-87fc-c3b1fd2bf032 (type: ports) to 2
2026-07-14 11:44:41.786 9 INFO neutron.db.ovn_revision_numbers_db [None req-0336844c-7f07-44e5-a79b-c54d54b69cff b44ff18d8cd74fb4b77a2d888251281b 4c32d1952b114b7c9354fab5318091f8 - - default default] Successfully bumped revision number for resource 02540895-5967-48ed-9000-62ae86f54489 (type: subnets) to 0
2026-07-14 11:44:41.804 9 INFO neutron.wsgi [None req-0336844c-7f07-44e5-a79b-c54d54b69cff b44ff18d8cd74fb4b77a2d888251281b 4c32d1952b114b7c9354fab5318091f8 - - default default] 10.0.0.24 "POST /v2.0/subnets HTTP/1.1" status: 201 len: 804 time: 0.9108114
2026-07-14 11:44:41.915 9 INFO neutron.db.segments_db [None req-dd5f3d24-d559-490e-9913-17d897af2d5e b44ff18d8cd74fb4b77a2d888251281b 4c32d1952b114b7c9354fab5318091f8 - - default default] Added segment 5e7fd159-9497-418b-be93-9cf35a83c4c1 of type geneve for network 580e9e8d-b53c-456b-b953-f05ce7754d87
2026-07-14 11:44:41.998 10 INFO neutron.services.segments.plugin [-] Segment d9ae60e2-5ad8-4384-8361-05781d174d9b resource provider aggregate not found
2026-07-14 11:44:42.002 10 INFO neutron.services.segments.plugin [-] Segment d9ae60e2-5ad8-4384-8361-05781d174d9b resource provider aggregate not found
2026-07-14 11:44:42.019 10 INFO neutron.services.segments.plugin [-] Segment d9ae60e2-5ad8-4384-8361-05781d174d9b resource provider not found; error: Placement Client Error (4xx): {"errors": [{"status": 404, "title": "Not Found", "detail": "The resource could not be found.\n\n No resource provider with uuid d9ae60e2-5ad8-4384-8361-05781d174d9b found for delete ", "request_id": "req-04cf05e1-8f1a-4e9a-9018-cedfd39202a3"}]}
2026-07-14 11:44:42.027 10 INFO neutron.services.segments.plugin [-] Segment d9ae60e2-5ad8-4384-8361-05781d174d9b resource provider not found; error: Placement Client Error (4xx): {"errors": [{"status": 404, "title": "Not Found", "detail": "The resource could not be found.\n\n No resource provider with uuid d9ae60e2-5ad8-4384-8361-05781d174d9b found for delete ", "request_id": "req-aab70a0b-b225-435f-a4e3-1e3c591eef20"}]}
2026-07-14 11:44:42.055 10 INFO neutron.wsgi [None req-b6a3e0b4-5cd7-4050-92e6-b518b2aeb2b6 408845d8a8e34b48aa02389870f70eb4 8fffa79ab14c43f08304a80494c1cb6d - - default default] 10.0.0.24 "DELETE /v2.0/networks/0ca93bbf-608a-4674-a624-9b4107fd1962 HTTP/1.1" status: 204 len: 168 time: 0.4220848
2026-07-14 11:44:42.127 9 INFO neutron.db.ovn_revision_numbers_db [None req-dd5f3d24-d559-490e-9913-17d897af2d5e b44ff18d8cd74fb4b77a2d888251281b 4c32d1952b114b7c9354fab5318091f8 - - default default] Successfully bumped revision number for resource 580e9e8d-b53c-456b-b953-f05ce7754d87 (type: networks) to 1
2026-07-14 11:44:42.322 9 WARNING neutron.scheduler.dhcp_agent_scheduler [None req-dd5f3d24-d559-490e-9913-17d897af2d5e b44ff18d8cd74fb4b77a2d888251281b 4c32d1952b114b7c9354fab5318091f8 - - default default] No more DHCP agents
2026-07-14 11:44:42.325 9 WARNING neutron.api.rpc.agentnotifiers.dhcp_rpc_agent_api [None req-dd5f3d24-d559-490e-9913-17d897af2d5e b44ff18d8cd74fb4b77a2d888251281b 4c32d1952b114b7c9354fab5318091f8 - - default default] Unable to schedule network 580e9e8d-b53c-456b-b953-f05ce7754d87: no agents available; will retry on subsequent port and subnet creation events.
2026-07-14 11:44:42.435 9 INFO neutron.db.ovn_revision_numbers_db [None req-dd5f3d24-d559-490e-9913-17d897af2d5e b44ff18d8cd74fb4b77a2d888251281b 4c32d1952b114b7c9354fab5318091f8 - - default default] Successfully bumped revision number for resource 313aa3ec-766a-4adc-8b0e-ff349fd38e00 (type: ports) to 1
2026-07-14 11:44:42.458 9 INFO neutron.wsgi [None req-dd5f3d24-d559-490e-9913-17d897af2d5e b44ff18d8cd74fb4b77a2d888251281b 4c32d1952b114b7c9354fab5318091f8 - - default default] 10.0.0.24 "POST /v2.0/networks HTTP/1.1" status: 201 len: 831 time: 0.6477072
2026-07-14 11:44:42.702 9 WARNING neutron.scheduler.dhcp_agent_scheduler [None req-80da3236-bb89-4bc4-b421-2914051ff4f2 b44ff18d8cd74fb4b77a2d888251281b 4c32d1952b114b7c9354fab5318091f8 - - default default] No more DHCP agents
2026-07-14 11:44:42.705 9 WARNING neutron.api.rpc.agentnotifiers.dhcp_rpc_agent_api [None req-80da3236-bb89-4bc4-b421-2914051ff4f2 b44ff18d8cd74fb4b77a2d888251281b 4c32d1952b114b7c9354fab5318091f8 - - default default] Unable to schedule network 580e9e8d-b53c-456b-b953-f05ce7754d87: no agents available; will retry on subsequent port and subnet creation events.
2026-07-14 11:44:43.030 10 INFO neutron.db.ovn_revision_numbers_db [None req-9e544420-2a29-48b0-90f9-7a6062ce3a70 e820eb7e754441859d3dfd86f088be9c 5d80ea2504e6400d9538295a00471c07 - - default default] Successfully bumped revision number for resource 7e0110df-1747-4e42-9019-1c08ed53adfa (type: security_groups) to 1
2026-07-14 11:44:43.044 10 INFO neutron.db.ovn_revision_numbers_db [None req-9e544420-2a29-48b0-90f9-7a6062ce3a70 e820eb7e754441859d3dfd86f088be9c 5d80ea2504e6400d9538295a00471c07 - - default default] Successfully bumped revision number for resource 097e3166-f6c1-4e2e-8d88-d2d0344593e5 (type: security_group_rules) to 0
2026-07-14 11:44:43.058 10 INFO neutron.db.ovn_revision_numbers_db [None req-9e544420-2a29-48b0-90f9-7a6062ce3a70 e820eb7e754441859d3dfd86f088be9c 5d80ea2504e6400d9538295a00471c07 - - default default] Successfully bumped revision number for resource 5cb3bdf8-d062-4f82-8d9b-101433503419 (type: security_group_rules) to 0
2026-07-14 11:44:43.075 10 INFO neutron.db.ovn_revision_numbers_db [None req-9e544420-2a29-48b0-90f9-7a6062ce3a70 e820eb7e754441859d3dfd86f088be9c 5d80ea2504e6400d9538295a00471c07 - - default default] Successfully bumped revision number for resource 60336a09-f7c7-4726-8970-f187fe3bd465 (type: security_group_rules) to 0
2026-07-14 11:44:43.087 10 INFO neutron.db.ovn_revision_numbers_db [None req-9e544420-2a29-48b0-90f9-7a6062ce3a70 e820eb7e754441859d3dfd86f088be9c 5d80ea2504e6400d9538295a00471c07 - - default default] Successfully bumped revision number for resource 80ada31f-c99e-4a07-99bc-70af7e6c9e26 (type: security_group_rules) to 0
2026-07-14 11:44:43.108 10 INFO neutron.wsgi [None req-9e544420-2a29-48b0-90f9-7a6062ce3a70 e820eb7e754441859d3dfd86f088be9c 5d80ea2504e6400d9538295a00471c07 - - default default] 10.0.0.24 "GET /v2.0/security-groups?tenant_id=340c0b68cad84c218d3dc357a620bf5c&name=default HTTP/1.1" status: 200 len: 3000 time: 0.3170857
2026-07-14 11:44:43.313 10 INFO neutron.wsgi [None req-fcd2fc30-c389-4e7e-84ca-29eb681578c3 e820eb7e754441859d3dfd86f088be9c 5d80ea2504e6400d9538295a00471c07 - - default default] 10.0.0.24 "DELETE /v2.0/security-groups/7e0110df-1747-4e42-9019-1c08ed53adfa HTTP/1.1" status: 204 len: 168 time: 0.1987994
2026-07-14 11:44:43.582 9 INFO neutron.db.ovn_revision_numbers_db [None req-80da3236-bb89-4bc4-b421-2914051ff4f2 b44ff18d8cd74fb4b77a2d888251281b 4c32d1952b114b7c9354fab5318091f8 - - default default] Successfully bumped revision number for resource 313aa3ec-766a-4adc-8b0e-ff349fd38e00 (type: ports) to 2
2026-07-14 11:44:43.620 9 INFO neutron.db.ovn_revision_numbers_db [None req-80da3236-bb89-4bc4-b421-2914051ff4f2 b44ff18d8cd74fb4b77a2d888251281b 4c32d1952b114b7c9354fab5318091f8 - - default default] Successfully bumped revision number for resource 27c0a6ec-add1-4291-b9a9-43c84ad541b4 (type: subnets) to 0
2026-07-14 11:44:43.639 9 INFO neutron.wsgi [None req-80da3236-bb89-4bc4-b421-2914051ff4f2 b44ff18d8cd74fb4b77a2d888251281b 4c32d1952b114b7c9354fab5318091f8 - - default default] 10.0.0.24 "POST /v2.0/subnets HTTP/1.1" status: 201 len: 804 time: 1.1738830
2026-07-14 11:44:43.710 9 INFO neutron.wsgi [None req-0ad17382-f9ba-48d6-b4c1-2f328b78c6ad b44ff18d8cd74fb4b77a2d888251281b 4c32d1952b114b7c9354fab5318091f8 - - default default] 10.0.0.24 "PUT /v2.0/subnets/3ecce7fa-1e4e-4beb-a540-16005982cb87/tags HTTP/1.1" status: 200 len: 210 time: 0.0640395
2026-07-14 11:44:43.765 9 INFO neutron.wsgi [None req-90c56892-b6fa-404a-b4f7-5cf8ccfb9359 b44ff18d8cd74fb4b77a2d888251281b 4c32d1952b114b7c9354fab5318091f8 - - default default] 10.0.0.24 "PUT /v2.0/subnets/3b80a657-e573-45ef-9b90-89636cfbd246/tags HTTP/1.1" status: 200 len: 218 time: 0.0495009
2026-07-14 11:44:43.816 9 INFO neutron.wsgi [None req-41705804-6be8-4bc0-b808-09d3e01865b2 b44ff18d8cd74fb4b77a2d888251281b 4c32d1952b114b7c9354fab5318091f8 - - default default] 10.0.0.24 "PUT /v2.0/subnets/5aedc309-d11e-463f-a11a-a441bb3914ee/tags HTTP/1.1" status: 200 len: 227 time: 0.0447855
2026-07-14 11:44:43.889 9 INFO neutron.wsgi [None req-ec1f47a7-fab1-4b20-92c4-f5f1830d104f b44ff18d8cd74fb4b77a2d888251281b 4c32d1952b114b7c9354fab5318091f8 - - default default] 10.0.0.24 "PUT /v2.0/subnets/02540895-5967-48ed-9000-62ae86f54489/tags HTTP/1.1" status: 200 len: 212 time: 0.0674689
2026-07-14 11:44:43.913 10 INFO neutron.wsgi [None req-c0d52ef3-05b4-4b2d-a788-8a5cf63acbd5 e820eb7e754441859d3dfd86f088be9c 5d80ea2504e6400d9538295a00471c07 - - default default] 10.0.0.24 "GET /v2.0/security-groups?tenant_id=8fffa79ab14c43f08304a80494c1cb6d&name=default HTTP/1.1" status: 200 len: 3000 time: 0.4909823
2026-07-14 11:44:43.972 9 INFO neutron.wsgi [None req-9c341d35-06f2-45a1-a816-9fc02014c175 b44ff18d8cd74fb4b77a2d888251281b 4c32d1952b114b7c9354fab5318091f8 - - default default] 10.0.0.24 "GET /v2.0/subnets?tags=red HTTP/1.1" status: 200 len: 2027 time: 0.0751710
2026-07-14 11:44:44.028 10 INFO neutron.wsgi [None req-500a8673-5c0e-421c-a955-f660dac22778 e820eb7e754441859d3dfd86f088be9c 5d80ea2504e6400d9538295a00471c07 - - default default] 10.0.0.89 "GET /v2.0/extensions/security-group HTTP/1.1" status: 200 len: 369 time: 0.1210041
2026-07-14 11:44:44.043 10 INFO neutron.wsgi [None req-ee8a3466-bb72-4b28-b6d6-2efb0114b534 e820eb7e754441859d3dfd86f088be9c 5d80ea2504e6400d9538295a00471c07 - - default default] 10.0.0.89 "GET /v2.0/extensions/dns-integration HTTP/1.1" status: 200 len: 371 time: 0.0043688
2026-07-14 11:44:44.045 9 INFO neutron.wsgi [None req-d6e284f4-aa77-4035-b8fb-21392a72c2ad b44ff18d8cd74fb4b77a2d888251281b 4c32d1952b114b7c9354fab5318091f8 - - default default] 10.0.0.24 "GET /v2.0/subnets?tags=red%2Cblue HTTP/1.1" status: 200 len: 1430 time: 0.0672448
2026-07-14 11:44:44.052 10 INFO neutron.wsgi [None req-d83fd833-f251-4535-86b4-65f7ee267745 e820eb7e754441859d3dfd86f088be9c 5d80ea2504e6400d9538295a00471c07 - - default default] 10.0.0.89 "GET /v2.0/extensions/qos HTTP/1.1" status: 200 len: 365 time: 0.0041845
2026-07-14 11:44:44.062 10 INFO neutron.wsgi [None req-2029fab0-df3a-4eb0-bcb5-f834e763200e e820eb7e754441859d3dfd86f088be9c 5d80ea2504e6400d9538295a00471c07 - - default default] 10.0.0.89 "GET /v2.0/extensions/allowed-address-pairs HTTP/1.1" status: 200 len: 383 time: 0.0043256
2026-07-14 11:44:44.141 10 INFO neutron.wsgi [None req-8a0c90d8-fa89-4318-8f30-5c57c3b89cdf e820eb7e754441859d3dfd86f088be9c 5d80ea2504e6400d9538295a00471c07 - - default default] 10.0.0.24 "DELETE /v2.0/security-groups/39b85b85-a759-4d18-bdfa-f71a9f948590 HTTP/1.1" status: 204 len: 168 time: 0.2225716
2026-07-14 11:44:44.150 9 INFO neutron.wsgi [None req-17f4a78d-8f14-4f07-be9f-a15d89ffacd5 b44ff18d8cd74fb4b77a2d888251281b 4c32d1952b114b7c9354fab5318091f8 - - default default] 10.0.0.24 "GET /v2.0/subnets?tags-any=blue HTTP/1.1" status: 200 len: 1430 time: 0.0972059
2026-07-14 11:44:44.201 9 INFO neutron.wsgi [None req-d64dea39-9d7d-4292-8e1f-533ad988acb8 b44ff18d8cd74fb4b77a2d888251281b 4c32d1952b114b7c9354fab5318091f8 - - default default] 10.0.0.24 "GET /v2.0/subnets?tags-any=red%2Cblue HTTP/1.1" status: 200 len: 2027 time: 0.0443597
2026-07-14 11:44:44.265 9 INFO neutron.wsgi [None req-561f8812-35fd-479f-8ae7-e749490d577e b44ff18d8cd74fb4b77a2d888251281b 4c32d1952b114b7c9354fab5318091f8 - - default default] 10.0.0.24 "GET /v2.0/subnets?not-tags=red HTTP/1.1" status: 200 len: 2018 time: 0.0572567
2026-07-14 11:44:44.351 9 INFO neutron.wsgi [None req-a08bd9c7-3cb8-4daa-bdbe-13662ec85a9a b44ff18d8cd74fb4b77a2d888251281b 4c32d1952b114b7c9354fab5318091f8 - - default default] 10.0.0.24 "GET /v2.0/subnets?not-tags=red%2Cblue HTTP/1.1" status: 200 len: 2615 time: 0.0811048
2026-07-14 11:44:44.426 9 INFO neutron.wsgi [None req-7305988f-09a1-4f07-bf3f-ae2a73d95e2b b44ff18d8cd74fb4b77a2d888251281b 4c32d1952b114b7c9354fab5318091f8 - - default default] 10.0.0.24 "GET /v2.0/subnets?not-tags-any=blue HTTP/1.1" status: 200 len: 2615 time: 0.0688374
2026-07-14 11:44:44.488 9 INFO neutron.wsgi [None req-b0aee495-7b08-4319-b7c3-d6ab9dd995fd b44ff18d8cd74fb4b77a2d888251281b 4c32d1952b114b7c9354fab5318091f8 - - default default] 10.0.0.24 "GET /v2.0/subnets?not-tags-any=red%2Cblue HTTP/1.1" status: 200 len: 2018 time: 0.0543814
2026-07-14 11:44:44.624 9 INFO neutron.wsgi [-] 10.0.0.89 "GET / HTTP/1.1" status: 200 len: 284 time: 0.0025346
2026-07-14 11:44:44.674 9 INFO neutron.wsgi [None req-53e85890-6b27-4fc7-8b1f-2bed266af439 0a418eaf640c46418b7dff15bc24f8fd accad997ad7e4d3aaae920dabe217222 - - default default] 10.0.0.89 "GET /v2.0/subnets/69a996d2-4656-4b76-9810-22ef508e52b1 HTTP/1.1" status: 200 len: 831 time: 0.0454512
2026-07-14 11:44:44.730 10 INFO neutron.wsgi [None req-e2ef5af8-b858-404f-93bb-a30e8b80d9a7 b44ff18d8cd74fb4b77a2d888251281b 4c32d1952b114b7c9354fab5318091f8 - - default default] 10.0.0.24 "DELETE /v2.0/subnets/3ecce7fa-1e4e-4beb-a540-16005982cb87 HTTP/1.1" status: 204 len: 168 time: 0.2347922
2026-07-14 11:44:44.951 9 INFO neutron.wsgi [None req-d76d953e-c4e4-4bf8-8483-7a13979a7c43 b44ff18d8cd74fb4b77a2d888251281b 4c32d1952b114b7c9354fab5318091f8 - - default default] 10.0.0.24 "DELETE /v2.0/subnets/3b80a657-e573-45ef-9b90-89636cfbd246 HTTP/1.1" status: 204 len: 168 time: 0.2089725
2026-07-14 11:44:45.101 10 INFO neutron.wsgi [None req-4225a08b-5023-40ea-93da-0fde04dbf0bb e820eb7e754441859d3dfd86f088be9c 5d80ea2504e6400d9538295a00471c07 - - default default] 199.204.45.3 "GET /v2.0/extensions/security-group HTTP/1.1" status: 200 len: 369 time: 0.0041218
2026-07-14 11:44:45.115 10 INFO neutron.wsgi [None req-7d2ae5d0-e686-4203-9cc0-4cb1dc335714 e820eb7e754441859d3dfd86f088be9c 5d80ea2504e6400d9538295a00471c07 - - default default] 199.204.45.3 "GET /v2.0/extensions/dns-integration HTTP/1.1" status: 200 len: 371 time: 0.0042665
2026-07-14 11:44:45.121 10 INFO neutron.wsgi [None req-a65dacdb-bf82-4209-b2ad-885add08e1b4 e820eb7e754441859d3dfd86f088be9c 5d80ea2504e6400d9538295a00471c07 - - default default] 199.204.45.3 "GET /v2.0/extensions/qos HTTP/1.1" status: 200 len: 365 time: 0.0028474
2026-07-14 11:44:45.130 10 INFO neutron.wsgi [None req-f2326a9b-2478-4d3c-bae7-6dcf97e4f81d e820eb7e754441859d3dfd86f088be9c 5d80ea2504e6400d9538295a00471c07 - - default default] 199.204.45.3 "GET /v2.0/extensions/allowed-address-pairs HTTP/1.1" status: 200 len: 383 time: 0.0046957
2026-07-14 11:44:45.168 9 INFO neutron.wsgi [None req-c17763ce-80d6-476a-a05e-b6b1e1302e8a b44ff18d8cd74fb4b77a2d888251281b 4c32d1952b114b7c9354fab5318091f8 - - default default] 10.0.0.24 "DELETE /v2.0/subnets/5aedc309-d11e-463f-a11a-a441bb3914ee HTTP/1.1" status: 204 len: 168 time: 0.2112272
2026-07-14 11:44:45.188 10 INFO neutron.wsgi [None req-8149b938-1b9b-4492-b5c6-32c634443aed e820eb7e754441859d3dfd86f088be9c 5d80ea2504e6400d9538295a00471c07 - - default default] 199.204.45.3 "GET /v2.0/subnets/69a996d2-4656-4b76-9810-22ef508e52b1 HTTP/1.1" status: 200 len: 849 time: 0.0522227
2026-07-14 11:44:45.229 10 INFO neutron.wsgi [None req-806ebb64-78b7-4f89-9f8a-fa24c61d8644 e820eb7e754441859d3dfd86f088be9c 5d80ea2504e6400d9538295a00471c07 - - default default] 199.204.45.3 "GET /v2.0/ports?device_id=37d73e3b-b67e-4f05-a44e-c4ced0c569ca HTTP/1.1" status: 200 len: 2728 time: 0.0340533
2026-07-14 11:44:45.381 10 INFO neutron.wsgi [None req-fba78450-42f8-4161-9e88-4010a1d9da86 e820eb7e754441859d3dfd86f088be9c 5d80ea2504e6400d9538295a00471c07 - - default default] 199.204.45.3 "GET /v2.0/extensions/security-group HTTP/1.1" status: 200 len: 369 time: 0.0058608
2026-07-14 11:44:45.384 9 INFO neutron.wsgi [None req-25da7a2d-1765-41a7-8fcb-e6bb80c9e40c b44ff18d8cd74fb4b77a2d888251281b 4c32d1952b114b7c9354fab5318091f8 - - default default] 10.0.0.24 "DELETE /v2.0/subnets/02540895-5967-48ed-9000-62ae86f54489 HTTP/1.1" status: 204 len: 168 time: 0.2048953
2026-07-14 11:44:45.391 10 INFO neutron.wsgi [None req-7168f51d-6685-4616-ad78-db783dbdb01a e820eb7e754441859d3dfd86f088be9c 5d80ea2504e6400d9538295a00471c07 - - default default] 199.204.45.3 "GET /v2.0/extensions/dns-integration HTTP/1.1" status: 200 len: 371 time: 0.0048819
2026-07-14 11:44:45.401 10 INFO neutron.wsgi [None req-bc644ecb-b30f-4db2-8782-f3ab27669433 e820eb7e754441859d3dfd86f088be9c 5d80ea2504e6400d9538295a00471c07 - - default default] 199.204.45.3 "GET /v2.0/extensions/qos HTTP/1.1" status: 200 len: 365 time: 0.0050595
2026-07-14 11:44:45.417 10 INFO neutron.wsgi [None req-84e5727f-4f2f-4083-8845-dcde6bfe7612 e820eb7e754441859d3dfd86f088be9c 5d80ea2504e6400d9538295a00471c07 - - default default] 199.204.45.3 "GET /v2.0/extensions/allowed-address-pairs HTTP/1.1" status: 200 len: 383 time: 0.0069330
2026-07-14 11:44:45.616 9 INFO neutron.wsgi [None req-856cc7c6-9917-46fc-8ce5-da839ae3e98e b44ff18d8cd74fb4b77a2d888251281b 4c32d1952b114b7c9354fab5318091f8 - - default default] 10.0.0.24 "DELETE /v2.0/subnets/27c0a6ec-add1-4291-b9a9-43c84ad541b4 HTTP/1.1" status: 204 len: 168 time: 0.2280009
2026-07-14 11:44:45.980 10 INFO neutron.services.segments.plugin [-] Segment c2c4694c-9b90-41b5-a2ee-e9cc6ca94a71 resource provider aggregate not found
2026-07-14 11:44:45.990 10 INFO neutron.services.segments.plugin [-] Segment c2c4694c-9b90-41b5-a2ee-e9cc6ca94a71 resource provider aggregate not found
2026-07-14 11:44:46.018 10 INFO neutron.services.segments.plugin [-] Segment c2c4694c-9b90-41b5-a2ee-e9cc6ca94a71 resource provider not found; error: Placement Client Error (4xx): {"errors": [{"status": 404, "title": "Not Found", "detail": "The resource could not be found.\n\n No resource provider with uuid c2c4694c-9b90-41b5-a2ee-e9cc6ca94a71 found for delete ", "request_id": "req-4306440c-392f-447a-bf07-f16aef5825a0"}]}
2026-07-14 11:44:46.020 10 INFO neutron.services.segments.plugin [-] Segment c2c4694c-9b90-41b5-a2ee-e9cc6ca94a71 resource provider not found; error: Placement Client Error (4xx): {"errors": [{"status": 404, "title": "Not Found", "detail": "The resource could not be found.\n\n No resource provider with uuid c2c4694c-9b90-41b5-a2ee-e9cc6ca94a71 found for delete ", "request_id": "req-24c6ebe3-5726-48a1-be62-29d0c550f103"}]}
2026-07-14 11:44:46.038 10 INFO neutron.wsgi [None req-0548c339-e4c1-4f83-81ab-a96b5c0d659f b44ff18d8cd74fb4b77a2d888251281b 4c32d1952b114b7c9354fab5318091f8 - - default default] 10.0.0.24 "DELETE /v2.0/networks/411b08e8-7628-4056-956c-00e45a8aaa26 HTTP/1.1" status: 204 len: 168 time: 0.4166951
2026-07-14 11:44:46.043 9 INFO neutron.wsgi [req-4c56963d-1cfa-474b-85da-a1594a562a5c req-2522f9e7-aba6-41ae-b5c7-3109f24dfa1f 510ec922fc0a4c2daf74f2b7376f9572 007b620f9f02429dbfe1620e7e0729be - - fd004ce52a97444eaaca329ac57bdc02 fd004ce52a97444eaaca329ac57bdc02] 199.204.45.3 "GET /v2.0/networks/bf57cc14-73f3-434a-80fa-cd845227dca8?fields=segments HTTP/1.1" status: 200 len: 212 time: 0.0671284
2026-07-14 11:44:46.129 9 INFO neutron.wsgi [req-4c56963d-1cfa-474b-85da-a1594a562a5c req-2d1614f9-a3c8-495d-9a28-5bb1245fe562 510ec922fc0a4c2daf74f2b7376f9572 007b620f9f02429dbfe1620e7e0729be - - fd004ce52a97444eaaca329ac57bdc02 fd004ce52a97444eaaca329ac57bdc02] 199.204.45.3 "GET /v2.0/networks/bf57cc14-73f3-434a-80fa-cd845227dca8?fields=provider%3Aphysical_network&fields=provider%3Anetwork_type HTTP/1.1" status: 200 len: 277 time: 0.0753045
2026-07-14 11:44:46.223 9 INFO neutron.wsgi [req-4c56963d-1cfa-474b-85da-a1594a562a5c req-4b062871-3abb-4177-bef7-fc195dd0f80f e820eb7e754441859d3dfd86f088be9c 5d80ea2504e6400d9538295a00471c07 - - default default] 199.204.45.3 "GET /v2.0/networks?id=bf57cc14-73f3-434a-80fa-cd845227dca8 HTTP/1.1" status: 200 len: 1002 time: 0.0737319
2026-07-14 11:44:46.544 9 INFO neutron.services.segments.plugin [-] Segment b5ba418f-5095-4fbc-bbd0-f005f960537e resource provider aggregate not found
2026-07-14 11:44:46.556 9 INFO neutron.services.segments.plugin [-] Segment b5ba418f-5095-4fbc-bbd0-f005f960537e resource provider aggregate not found
2026-07-14 11:44:46.567 9 INFO neutron.services.segments.plugin [-] Segment b5ba418f-5095-4fbc-bbd0-f005f960537e resource provider not found; error: Placement Client Error (4xx): {"errors": [{"status": 404, "title": "Not Found", "detail": "The resource could not be found.\n\n No resource provider with uuid b5ba418f-5095-4fbc-bbd0-f005f960537e found for delete ", "request_id": "req-f4c7bbdb-4e14-4f7d-870a-54887b63f4c7"}]}
2026-07-14 11:44:46.578 9 INFO neutron.services.segments.plugin [-] Segment b5ba418f-5095-4fbc-bbd0-f005f960537e resource provider not found; error: Placement Client Error (4xx): {"errors": [{"status": 404, "title": "Not Found", "detail": "The resource could not be found.\n\n No resource provider with uuid b5ba418f-5095-4fbc-bbd0-f005f960537e found for delete ", "request_id": "req-9a884676-7416-4c75-9cea-b29950635c4b"}]}
2026-07-14 11:44:46.615 9 INFO neutron.wsgi [None req-21575512-4158-433a-9d30-102a9ea1d689 b44ff18d8cd74fb4b77a2d888251281b 4c32d1952b114b7c9354fab5318091f8 - - default default] 10.0.0.24 "DELETE /v2.0/networks/bb2992e7-e928-4e82-88a6-5b25890d8f4e HTTP/1.1" status: 204 len: 168 time: 0.5692368
2026-07-14 11:44:46.695 9 WARNING neutron.scheduler.dhcp_agent_scheduler [req-4c56963d-1cfa-474b-85da-a1594a562a5c req-a39b613e-0c06-4788-8187-b8feba39c26e e820eb7e754441859d3dfd86f088be9c 5d80ea2504e6400d9538295a00471c07 - - default default] No more DHCP agents
2026-07-14 11:44:46.698 9 WARNING neutron.api.rpc.agentnotifiers.dhcp_rpc_agent_api [req-4c56963d-1cfa-474b-85da-a1594a562a5c req-a39b613e-0c06-4788-8187-b8feba39c26e e820eb7e754441859d3dfd86f088be9c 5d80ea2504e6400d9538295a00471c07 - - default default] Unable to schedule network bf57cc14-73f3-434a-80fa-cd845227dca8: no agents available; will retry on subsequent port and subnet creation events.
2026-07-14 11:44:46.862 9 INFO neutron.db.ovn_revision_numbers_db [req-4c56963d-1cfa-474b-85da-a1594a562a5c req-a39b613e-0c06-4788-8187-b8feba39c26e e820eb7e754441859d3dfd86f088be9c 5d80ea2504e6400d9538295a00471c07 - - default default] Successfully bumped revision number for resource dbd56342-f4df-471a-bdba-b1b229dc3037 (type: ports) to 1
2026-07-14 11:44:46.886 9 INFO neutron.wsgi [req-4c56963d-1cfa-474b-85da-a1594a562a5c req-a39b613e-0c06-4788-8187-b8feba39c26e e820eb7e754441859d3dfd86f088be9c 5d80ea2504e6400d9538295a00471c07 - - default default] 199.204.45.3 "POST /v2.0/ports HTTP/1.1" status: 201 len: 1508 time: 0.6508579 /var/lib/openstack/lib/python3.10/site-packages/pycadf/identifier.py:71: UserWarning: Invalid uuid: neutron. To ensure interoperability, identifiers should be a valid uuid. warnings.warn(('Invalid uuid: %s. To ensure interoperability, '
2026-07-14 11:44:47.041 10 INFO neutron.wsgi [None req-2c1e2e6b-bebd-4c2f-842b-98bd1022fbbc b44ff18d8cd74fb4b77a2d888251281b 4c32d1952b114b7c9354fab5318091f8 - - default default] 10.0.0.24 "DELETE /v2.0/networks/16796485-8516-494d-9527-f34df95c1485 HTTP/1.1" status: 204 len: 168 time: 0.4196129
