2026-07-14 11:41:00.304 9 WARNING neutron.api.rpc.agentnotifiers.dhcp_rpc_agent_api [None req-0efa124c-a97e-44b2-bca9-6dd6b575309d 360b96716174404c89f0fc3b66fb5b9c 06b52b22f8734d038409c2612ef583a2 - - default default] Unable to schedule network 2dfe41f4-52f0-4a51-beca-891375e7a294: no agents available; will retry on subsequent port and subnet creation events.
2026-07-14 11:41:00.381 9 INFO neutron.db.ovn_revision_numbers_db [None req-0efa124c-a97e-44b2-bca9-6dd6b575309d 360b96716174404c89f0fc3b66fb5b9c 06b52b22f8734d038409c2612ef583a2 - - default default] Successfully bumped revision number for resource 9d06a20a-6c53-49c4-ab77-770a7b936bd2 (type: ports) to 1
2026-07-14 11:41:00.406 9 INFO neutron.wsgi [None req-0efa124c-a97e-44b2-bca9-6dd6b575309d 360b96716174404c89f0fc3b66fb5b9c 06b52b22f8734d038409c2612ef583a2 - - default default] 10.0.0.24 "POST /v2.0/networks HTTP/1.1" status: 201 len: 842 time: 0.5652893
2026-07-14 11:41:00.661 10 INFO neutron.db.ovn_revision_numbers_db [None req-812cb22c-673c-4e55-855f-8f3ac8755e7f 360b96716174404c89f0fc3b66fb5b9c 06b52b22f8734d038409c2612ef583a2 - - default default] Successfully bumped revision number for resource 2dfe41f4-52f0-4a51-beca-891375e7a294 (type: networks) to 2
2026-07-14 11:41:00.665 10 INFO neutron.wsgi [None req-812cb22c-673c-4e55-855f-8f3ac8755e7f 360b96716174404c89f0fc3b66fb5b9c 06b52b22f8734d038409c2612ef583a2 - - default default] 10.0.0.24 "PUT /v2.0/networks/2dfe41f4-52f0-4a51-beca-891375e7a294 HTTP/1.1" status: 200 len: 792 time: 0.2495408
2026-07-14 11:41:00.723 9 INFO neutron.wsgi [None req-1673c335-a4e4-4c80-9271-0dacfa9652f8 e820eb7e754441859d3dfd86f088be9c 5d80ea2504e6400d9538295a00471c07 - - default default] 10.0.0.94 "GET /v2.0/networks HTTP/1.1" status: 200 len: 5319 time: 0.2341545
2026-07-14 11:41:00.797 9 INFO neutron.wsgi [None req-2c424ebc-6003-443f-80b7-b79ae960061f e820eb7e754441859d3dfd86f088be9c 5d80ea2504e6400d9538295a00471c07 - - default default] 10.0.0.94 "GET /v2.0/security-groups HTTP/1.1" status: 200 len: 30622 time: 0.0664136
2026-07-14 11:41:00.861 9 INFO neutron.wsgi [None req-9f7d0798-7bee-469a-95b5-1468f8a90629 e820eb7e754441859d3dfd86f088be9c 5d80ea2504e6400d9538295a00471c07 - - default default] 10.0.0.94 "GET /v2.0/ports HTTP/1.1" status: 200 len: 18133 time: 0.0557084
2026-07-14 11:41:00.926 9 INFO neutron.wsgi [None req-2363b64a-12c4-4822-b754-cbbb83a069ef e820eb7e754441859d3dfd86f088be9c 5d80ea2504e6400d9538295a00471c07 - - default default] 10.0.0.94 "GET /v2.0/floatingips HTTP/1.1" status: 200 len: 1880 time: 0.0524673
2026-07-14 11:41:00.945 10 WARNING neutron.scheduler.dhcp_agent_scheduler [None req-d1d1694c-ea7c-449d-b3f5-d3692755efda 360b96716174404c89f0fc3b66fb5b9c 06b52b22f8734d038409c2612ef583a2 - - default default] No more DHCP agents
2026-07-14 11:41:00.948 10 WARNING neutron.api.rpc.agentnotifiers.dhcp_rpc_agent_api [None req-d1d1694c-ea7c-449d-b3f5-d3692755efda 360b96716174404c89f0fc3b66fb5b9c 06b52b22f8734d038409c2612ef583a2 - - default default] Unable to schedule network 2dfe41f4-52f0-4a51-beca-891375e7a294: no agents available; will retry on subsequent port and subnet creation events.
2026-07-14 11:41:01.034 9 INFO neutron.wsgi [None req-e504221e-1837-4f76-829d-1cfc8a92e37a e820eb7e754441859d3dfd86f088be9c 5d80ea2504e6400d9538295a00471c07 - - default default] 10.0.0.94 "GET /v2.0/routers HTTP/1.1" status: 200 len: 1544 time: 0.1060967
2026-07-14 11:41:01.067 9 INFO neutron.wsgi [None req-c48c4198-96fb-48ee-ac51-3660a15ffe75 e820eb7e754441859d3dfd86f088be9c 5d80ea2504e6400d9538295a00471c07 - - default default] 10.0.0.94 "GET /v2.0/agents?binary=ovn-controller HTTP/1.1" status: 200 len: 591 time: 0.0326121
2026-07-14 11:41:01.084 9 INFO neutron.wsgi [None req-8f02d43b-df8b-417c-a241-c6fdd6745da9 e820eb7e754441859d3dfd86f088be9c 5d80ea2504e6400d9538295a00471c07 - - default default] 10.0.0.94 "GET /v2.0/agents HTTP/1.1" status: 200 len: 997 time: 0.0151637
2026-07-14 11:41:01.123 9 INFO neutron.wsgi [None req-d11a8fc6-3fd2-404a-9db0-9c44f54c63f4 e820eb7e754441859d3dfd86f088be9c 5d80ea2504e6400d9538295a00471c07 - - default default] 10.0.0.94 "GET /v2.0/subnets HTTP/1.1" status: 200 len: 3993 time: 0.0385675
2026-07-14 11:41:01.134 9 INFO neutron.wsgi [None req-490be81f-1b45-4862-9ed3-cf3d9c1798f4 e820eb7e754441859d3dfd86f088be9c 5d80ea2504e6400d9538295a00471c07 - - default default] 10.0.0.94 "GET /v2.0/subnetpools HTTP/1.1" status: 200 len: 193 time: 0.0096183
2026-07-14 11:41:01.179 9 INFO neutron.wsgi [None req-90e4095d-3127-48c0-bb09-648a5383488d e820eb7e754441859d3dfd86f088be9c 5d80ea2504e6400d9538295a00471c07 - - default default] 10.0.0.94 "GET /v2.0/subnets HTTP/1.1" status: 200 len: 3993 time: 0.0430782
2026-07-14 11:41:01.197 9 INFO neutron.wsgi [None req-c5d1507b-72e4-45ec-8644-6eca0c24f9c6 e820eb7e754441859d3dfd86f088be9c 5d80ea2504e6400d9538295a00471c07 - - default default] 10.0.0.94 "GET /v2.0/network-ip-availabilities HTTP/1.1" status: 200 len: 3074 time: 0.0150151
2026-07-14 11:41:01.656 10 INFO neutron.db.ovn_revision_numbers_db [None req-d1d1694c-ea7c-449d-b3f5-d3692755efda 360b96716174404c89f0fc3b66fb5b9c 06b52b22f8734d038409c2612ef583a2 - - default default] Successfully bumped revision number for resource 9d06a20a-6c53-49c4-ab77-770a7b936bd2 (type: ports) to 2
2026-07-14 11:41:01.690 10 INFO neutron.db.ovn_revision_numbers_db [None req-d1d1694c-ea7c-449d-b3f5-d3692755efda 360b96716174404c89f0fc3b66fb5b9c 06b52b22f8734d038409c2612ef583a2 - - default default] Successfully bumped revision number for resource 01e81f0f-8ede-47e9-afd0-a75c6300c13e (type: subnets) to 0
2026-07-14 11:41:01.705 10 INFO neutron.wsgi [None req-d1d1694c-ea7c-449d-b3f5-d3692755efda 360b96716174404c89f0fc3b66fb5b9c 06b52b22f8734d038409c2612ef583a2 - - default default] 10.0.0.24 "POST /v2.0/subnets HTTP/1.1" status: 201 len: 801 time: 1.0338328
2026-07-14 11:41:02.039 10 INFO neutron.db.ovn_revision_numbers_db [None req-be3419ac-c9a9-4aa0-9647-0f2e1fd19ed2 360b96716174404c89f0fc3b66fb5b9c 06b52b22f8734d038409c2612ef583a2 - - default default] Successfully bumped revision number for resource 01e81f0f-8ede-47e9-afd0-a75c6300c13e (type: subnets) to 1
2026-07-14 11:41:02.042 10 INFO neutron.wsgi [None req-be3419ac-c9a9-4aa0-9647-0f2e1fd19ed2 360b96716174404c89f0fc3b66fb5b9c 06b52b22f8734d038409c2612ef583a2 - - default default] 10.0.0.24 "PUT /v2.0/subnets/01e81f0f-8ede-47e9-afd0-a75c6300c13e HTTP/1.1" status: 200 len: 806 time: 0.3311503
2026-07-14 11:41:02.655 10 INFO neutron.wsgi [None req-418afd0a-af1d-4720-8832-c849d17bdbf7 360b96716174404c89f0fc3b66fb5b9c 06b52b22f8734d038409c2612ef583a2 - - default default] 10.0.0.24 "DELETE /v2.0/networks/2dfe41f4-52f0-4a51-beca-891375e7a294 HTTP/1.1" status: 204 len: 168 time: 0.6068583
2026-07-14 11:41:02.678 9 INFO neutron.pecan_wsgi.hooks.translation [None req-061f376f-a80e-43ac-a6dc-2bc238fee245 360b96716174404c89f0fc3b66fb5b9c 06b52b22f8734d038409c2612ef583a2 - - default default] DELETE failed (client error): The resource could not be found.
2026-07-14 11:41:02.681 9 INFO neutron.wsgi [None req-061f376f-a80e-43ac-a6dc-2bc238fee245 360b96716174404c89f0fc3b66fb5b9c 06b52b22f8734d038409c2612ef583a2 - - default default] 10.0.0.24 "DELETE /v2.0/networks/2dfe41f4-52f0-4a51-beca-891375e7a294 HTTP/1.1" status: 404 len: 339 time: 0.0187016
2026-07-14 11:41:02.796 9 INFO neutron.wsgi [None req-d939bb74-ffd0-4abd-9586-cd5fc97669d4 360b96716174404c89f0fc3b66fb5b9c 06b52b22f8734d038409c2612ef583a2 - - default default] 10.0.0.24 "GET /v2.0/networks?router%3Aexternal=True HTTP/1.1" status: 200 len: 845 time: 0.1058915
2026-07-14 11:41:02.865 9 INFO neutron.wsgi [None req-7f818b65-a3c8-4495-8423-cb0c9bdc2da6 360b96716174404c89f0fc3b66fb5b9c 06b52b22f8734d038409c2612ef583a2 - - default default] 10.0.0.24 "GET /v2.0/subnets?network_id=91d2a21b-e0ad-496c-85dc-0a4fa055edab HTTP/1.1" status: 200 len: 820 time: 0.0635445
2026-07-14 11:41:02.877 9 INFO neutron.wsgi [None req-4c33d2c4-b2bf-4912-ac28-7dcd743d79d8 360b96716174404c89f0fc3b66fb5b9c 06b52b22f8734d038409c2612ef583a2 - - default default] 10.0.0.24 "GET /v2.0/extensions HTTP/1.1" status: 200 len: 16520 time: 0.0069039
2026-07-14 11:41:03.020 10 INFO neutron.wsgi [None req-a9b7a7b9-e30b-4c5b-83b5-751a3900ae50 360b96716174404c89f0fc3b66fb5b9c 06b52b22f8734d038409c2612ef583a2 - - default default] 10.0.0.24 "GET /v2.0/networks HTTP/1.1" status: 200 len: 1503 time: 0.1363740
2026-07-14 11:41:03.087 10 INFO neutron.wsgi [None req-8d6f7810-a26c-4ff8-b213-083d728c0098 360b96716174404c89f0fc3b66fb5b9c 06b52b22f8734d038409c2612ef583a2 - - default default] 10.0.0.24 "GET /v2.0/subnets HTTP/1.1" status: 200 len: 1428 time: 0.0600262
2026-07-14 11:41:03.163 10 INFO neutron.wsgi [None req-a7464dbb-90d8-4965-9ad3-4993ff9e9332 360b96716174404c89f0fc3b66fb5b9c 06b52b22f8734d038409c2612ef583a2 - - default default] 10.0.0.24 "GET /v2.0/networks/16739eb4-5044-49e0-9a84-485c68ae2b1e HTTP/1.1" status: 200 len: 862 time: 0.0698876
2026-07-14 11:41:03.208 10 INFO neutron.wsgi [None req-98d35f73-60c4-4279-8883-d3d16fa6687e 360b96716174404c89f0fc3b66fb5b9c 06b52b22f8734d038409c2612ef583a2 - - default default] 10.0.0.24 "GET /v2.0/subnets/63feda92-ae9b-4759-97c8-aec9337bb9cc HTTP/1.1" status: 200 len: 811 time: 0.0405178
2026-07-14 11:41:03.222 10 INFO neutron.services.segments.plugin [-] Segment 88242c10-b229-4e1f-be1e-e791a9b79027 resource provider aggregate not found
2026-07-14 11:41:03.239 10 INFO neutron.pecan_wsgi.hooks.translation [None req-11bc4b17-bb4e-49b4-84ba-44358580cd13 360b96716174404c89f0fc3b66fb5b9c 06b52b22f8734d038409c2612ef583a2 - - default default] DELETE failed (client error): The resource could not be found.
2026-07-14 11:41:03.241 10 INFO neutron.wsgi [None req-11bc4b17-bb4e-49b4-84ba-44358580cd13 360b96716174404c89f0fc3b66fb5b9c 06b52b22f8734d038409c2612ef583a2 - - default default] 10.0.0.24 "DELETE /v2.0/subnets/01e81f0f-8ede-47e9-afd0-a75c6300c13e HTTP/1.1" status: 404 len: 337 time: 0.0265710
2026-07-14 11:41:03.252 10 INFO neutron.services.segments.plugin [-] Segment 88242c10-b229-4e1f-be1e-e791a9b79027 resource provider not found; error: Placement Client Error (4xx): {"errors": [{"status": 404, "title": "Not Found", "detail": "The resource could not be found.\n\n No resource provider with uuid 88242c10-b229-4e1f-be1e-e791a9b79027 found for delete ", "request_id": "req-c8ac8e5a-94e7-4156-8357-9199ad292aae"}]}
2026-07-14 11:41:03.258 10 INFO neutron.pecan_wsgi.hooks.translation [None req-d3548c39-3a70-4a1e-b771-5f27604c2f77 360b96716174404c89f0fc3b66fb5b9c 06b52b22f8734d038409c2612ef583a2 - - default default] DELETE failed (client error): The resource could not be found.
2026-07-14 11:41:03.263 10 INFO neutron.wsgi [None req-d3548c39-3a70-4a1e-b771-5f27604c2f77 360b96716174404c89f0fc3b66fb5b9c 06b52b22f8734d038409c2612ef583a2 - - default default] 10.0.0.24 "DELETE /v2.0/networks/2dfe41f4-52f0-4a51-beca-891375e7a294 HTTP/1.1" status: 404 len: 339 time: 0.0175903
2026-07-14 11:41:03.276 10 INFO neutron.services.segments.plugin [-] Segment 88242c10-b229-4e1f-be1e-e791a9b79027 resource provider aggregate not found
2026-07-14 11:41:03.294 10 INFO neutron.services.segments.plugin [-] Segment 88242c10-b229-4e1f-be1e-e791a9b79027 resource provider not found; error: Placement Client Error (4xx): {"errors": [{"status": 404, "title": "Not Found", "detail": "The resource could not be found.\n\n No resource provider with uuid 88242c10-b229-4e1f-be1e-e791a9b79027 found for delete ", "request_id": "req-807401f4-8211-4c6c-964a-34ae995ce270"}]}
2026-07-14 11:41:03.564 10 INFO neutron.wsgi [None req-7013a9de-71b0-4fa8-af77-37d6aa1ff7ef 360b96716174404c89f0fc3b66fb5b9c 06b52b22f8734d038409c2612ef583a2 - - default default] 10.0.0.24 "DELETE /v2.0/subnets/63feda92-ae9b-4759-97c8-aec9337bb9cc HTTP/1.1" status: 204 len: 168 time: 0.2966261
2026-07-14 11:41:03.585 10 INFO neutron.db.ovn_revision_numbers_db [None req-69cbc01b-9d5b-4b41-80d7-344f8efa73ce e820eb7e754441859d3dfd86f088be9c 5d80ea2504e6400d9538295a00471c07 - - default default] Successfully bumped revision number for resource 9e62f9ae-3866-4f45-93e0-168fa2a5031a (type: security_groups) to 1
2026-07-14 11:41:03.599 10 INFO neutron.db.ovn_revision_numbers_db [None req-69cbc01b-9d5b-4b41-80d7-344f8efa73ce e820eb7e754441859d3dfd86f088be9c 5d80ea2504e6400d9538295a00471c07 - - default default] Successfully bumped revision number for resource 534f538c-0df6-450a-b35d-ad2887d70ca6 (type: security_group_rules) to 0
2026-07-14 11:41:03.612 10 INFO neutron.db.ovn_revision_numbers_db [None req-69cbc01b-9d5b-4b41-80d7-344f8efa73ce e820eb7e754441859d3dfd86f088be9c 5d80ea2504e6400d9538295a00471c07 - - default default] Successfully bumped revision number for resource 5ca75ac7-b1ba-4644-aecf-954d108b8e74 (type: security_group_rules) to 0
2026-07-14 11:41:03.626 10 INFO neutron.db.ovn_revision_numbers_db [None req-69cbc01b-9d5b-4b41-80d7-344f8efa73ce e820eb7e754441859d3dfd86f088be9c 5d80ea2504e6400d9538295a00471c07 - - default default] Successfully bumped revision number for resource b74ec3be-9ed4-45a5-bf41-61ca4859933f (type: security_group_rules) to 0
2026-07-14 11:41:03.640 10 INFO neutron.db.ovn_revision_numbers_db [None req-69cbc01b-9d5b-4b41-80d7-344f8efa73ce e820eb7e754441859d3dfd86f088be9c 5d80ea2504e6400d9538295a00471c07 - - default default] Successfully bumped revision number for resource fbec5932-631e-4eb6-bb23-332994be5727 (type: security_group_rules) to 0
2026-07-14 11:41:03.664 10 INFO neutron.wsgi [None req-69cbc01b-9d5b-4b41-80d7-344f8efa73ce e820eb7e754441859d3dfd86f088be9c 5d80ea2504e6400d9538295a00471c07 - - default default] 10.0.0.24 "GET /v2.0/security-groups?tenant_id=c59b87d28be648469f4eab80028bcaf5&name=default HTTP/1.1" status: 200 len: 2996 time: 0.3008430
2026-07-14 11:41:03.842 10 INFO neutron.wsgi [None req-b3e06a9c-c1bf-4b50-bccb-bd700f8811fe e820eb7e754441859d3dfd86f088be9c 5d80ea2504e6400d9538295a00471c07 - - default default] 10.0.0.24 "DELETE /v2.0/security-groups/9e62f9ae-3866-4f45-93e0-168fa2a5031a HTTP/1.1" status: 204 len: 168 time: 0.1727123
2026-07-14 11:41:03.910 9 INFO neutron.services.segments.plugin [-] Segment e06af8b4-852c-4e43-8187-2c54e0219f65 resource provider aggregate not found
2026-07-14 11:41:03.915 9 INFO neutron.services.segments.plugin [-] Segment e06af8b4-852c-4e43-8187-2c54e0219f65 resource provider aggregate not found
2026-07-14 11:41:03.930 9 INFO neutron.services.segments.plugin [-] Segment e06af8b4-852c-4e43-8187-2c54e0219f65 resource provider not found; error: Placement Client Error (4xx): {"errors": [{"status": 404, "title": "Not Found", "detail": "The resource could not be found.\n\n No resource provider with uuid e06af8b4-852c-4e43-8187-2c54e0219f65 found for delete ", "request_id": "req-0d1276a8-c9f7-4364-97f5-0329c4951867"}]}
2026-07-14 11:41:03.934 9 INFO neutron.services.segments.plugin [-] Segment e06af8b4-852c-4e43-8187-2c54e0219f65 resource provider not found; error: Placement Client Error (4xx): {"errors": [{"status": 404, "title": "Not Found", "detail": "The resource could not be found.\n\n No resource provider with uuid e06af8b4-852c-4e43-8187-2c54e0219f65 found for delete ", "request_id": "req-1f911e29-ffbf-4c8a-b323-8414cfffd15b"}]}
2026-07-14 11:41:03.934 10 INFO neutron.wsgi [-] 10.0.0.11 "GET / HTTP/1.1" status: 200 len: 246 time: 0.0030591
2026-07-14 11:41:03.936 10 INFO neutron.wsgi [-] 10.0.0.11 "GET / HTTP/1.1" status: 200 len: 246 time: 0.0012770
2026-07-14 11:41:03.952 9 INFO neutron.wsgi [None req-ccab1151-b9d5-44cd-9313-af9e3655a206 360b96716174404c89f0fc3b66fb5b9c 06b52b22f8734d038409c2612ef583a2 - - default default] 10.0.0.24 "DELETE /v2.0/networks/16739eb4-5044-49e0-9a84-485c68ae2b1e HTTP/1.1" status: 204 len: 168 time: 0.3840022
2026-07-14 11:41:04.607 10 INFO neutron.wsgi [None req-3005c1d0-198d-4726-af16-c1d03464f2e4 e820eb7e754441859d3dfd86f088be9c 5d80ea2504e6400d9538295a00471c07 - - default default] 10.0.0.24 "GET /v2.0/security-groups?tenant_id=06b52b22f8734d038409c2612ef583a2&name=default HTTP/1.1" status: 200 len: 2996 time: 0.1730688
2026-07-14 11:41:04.781 9 INFO neutron.wsgi [None req-558ca4af-5058-4290-8176-de8d56676d2a e820eb7e754441859d3dfd86f088be9c 5d80ea2504e6400d9538295a00471c07 - - default default] 10.0.0.24 "DELETE /v2.0/security-groups/bfd4f946-61c9-4dc9-9e51-da647c1c1414 HTTP/1.1" status: 204 len: 168 time: 0.1698356
2026-07-14 11:41:05.526 10 INFO neutron.wsgi [req-a19c824f-b346-4784-adf4-8181e57b0d99 req-cb11f65f-3d42-406d-a9c4-f3ecc77a986d 542febbdfed54952a8e649d08a3561fc 2be4d939592a4be8a2c1cbc7e88cd8fb - - default default] 10.0.0.47 "GET /v2.0/ports?device_id=649f87a5-1ff6-4430-9476-ef3a41f786df HTTP/1.1" status: 200 len: 1170 time: 0.0870936
2026-07-14 11:41:05.667 9 INFO neutron.wsgi [req-950e5acf-570f-407a-9386-c1bc56a8034d req-b051a401-b594-45ed-b8ec-3f1519f3e6f2 542febbdfed54952a8e649d08a3561fc 2be4d939592a4be8a2c1cbc7e88cd8fb - - default default] 10.0.0.47 "GET /v2.0/ports/a719b4dd-e1a6-400a-8e0e-9ddd6547384e HTTP/1.1" status: 200 len: 1167 time: 0.0979133
2026-07-14 11:41:05.839 10 INFO neutron.wsgi [req-1da0895a-bad7-414c-8e32-7bb3f0641b8b req-2d4ed973-abd9-4653-9a55-1abe23eace30 542febbdfed54952a8e649d08a3561fc 2be4d939592a4be8a2c1cbc7e88cd8fb - - default default] 199.204.45.3 "GET /v2.0/subnets?network_id=a511fdd7-84c8-44a8-922f-dd730993f01a HTTP/1.1" status: 200 len: 858 time: 0.0480847
2026-07-14 11:41:05.901 10 INFO neutron.wsgi [req-1da0895a-bad7-414c-8e32-7bb3f0641b8b req-e00ae8fc-9bfa-4635-aba3-b1ef07bf1f91 542febbdfed54952a8e649d08a3561fc 2be4d939592a4be8a2c1cbc7e88cd8fb - - default default] 199.204.45.3 "GET /v2.0/ports?device_id=649f87a5-1ff6-4430-9476-ef3a41f786df&device_owner=compute%3Anova&network_id=a511fdd7-84c8-44a8-922f-dd730993f01a HTTP/1.1" status: 200 len: 1170 time: 0.0578806
2026-07-14 11:41:06.015 10 INFO neutron.db.ovn_revision_numbers_db [None req-2f61ec8d-43ba-423d-98e6-e0fa00ee3857 c39379b8f4974152a4e9e6296827b110 e8b62f19b48b4de79d92b729c5c9ff01 - - default default] Successfully bumped revision number for resource c4346241-ff1b-49d7-99f5-2f8a010f06bf (type: security_groups) to 1
2026-07-14 11:41:06.035 10 INFO neutron.db.ovn_revision_numbers_db [None req-2f61ec8d-43ba-423d-98e6-e0fa00ee3857 c39379b8f4974152a4e9e6296827b110 e8b62f19b48b4de79d92b729c5c9ff01 - - default default] Successfully bumped revision number for resource 5db83294-8f03-4804-8c66-9141b5ddf11d (type: security_group_rules) to 0
2026-07-14 11:41:06.056 10 INFO neutron.db.ovn_revision_numbers_db [None req-2f61ec8d-43ba-423d-98e6-e0fa00ee3857 c39379b8f4974152a4e9e6296827b110 e8b62f19b48b4de79d92b729c5c9ff01 - - default default] Successfully bumped revision number for resource 7c7d9e68-9a5a-4583-9c9f-79d05d7556b8 (type: security_group_rules) to 0
2026-07-14 11:41:06.092 10 INFO neutron.db.ovn_revision_numbers_db [None req-2f61ec8d-43ba-423d-98e6-e0fa00ee3857 c39379b8f4974152a4e9e6296827b110 e8b62f19b48b4de79d92b729c5c9ff01 - - default default] Successfully bumped revision number for resource b8b65ebc-a764-4b0c-91eb-b6aa2950bf4a (type: security_group_rules) to 0
2026-07-14 11:41:06.115 10 INFO neutron.db.ovn_revision_numbers_db [None req-2f61ec8d-43ba-423d-98e6-e0fa00ee3857 c39379b8f4974152a4e9e6296827b110 e8b62f19b48b4de79d92b729c5c9ff01 - - default default] Successfully bumped revision number for resource de624d48-039e-47b8-8b4c-4a0dc23e07d5 (type: security_group_rules) to 0
2026-07-14 11:41:06.180 10 INFO neutron.db.segments_db [None req-2f61ec8d-43ba-423d-98e6-e0fa00ee3857 c39379b8f4974152a4e9e6296827b110 e8b62f19b48b4de79d92b729c5c9ff01 - - default default] Added segment 800cac73-604b-488f-bdda-a08d2bcfe972 of type geneve for network 78e41874-6d81-4bff-914e-b1f04e906f92
2026-07-14 11:41:06.377 10 INFO neutron.db.ovn_revision_numbers_db [None req-2f61ec8d-43ba-423d-98e6-e0fa00ee3857 c39379b8f4974152a4e9e6296827b110 e8b62f19b48b4de79d92b729c5c9ff01 - - default default] Successfully bumped revision number for resource 78e41874-6d81-4bff-914e-b1f04e906f92 (type: networks) to 1
2026-07-14 11:41:06.667 10 INFO neutron.db.ovn_revision_numbers_db [req-1da0895a-bad7-414c-8e32-7bb3f0641b8b req-53044db8-72ac-4863-9932-366f51d4111d 542febbdfed54952a8e649d08a3561fc 2be4d939592a4be8a2c1cbc7e88cd8fb - - default default] Successfully bumped revision number for resource a719b4dd-e1a6-400a-8e0e-9ddd6547384e (type: ports) to 5
2026-07-14 11:41:06.677 9 INFO neutron.db.ovn_revision_numbers_db [None req-7ac64763-bdb3-4fc4-b5df-15f2de9610ed c60935b10e1544f39671d9863bb87dba 4e4f9924d6ad453285be4c9d46068d1d - - default default] Successfully bumped revision number for resource 60d35b04-cfe3-448c-adba-527c4e1b7c06 (type: security_groups) to 1
2026-07-14 11:41:06.686 10 INFO neutron.wsgi [req-1da0895a-bad7-414c-8e32-7bb3f0641b8b req-53044db8-72ac-4863-9932-366f51d4111d 542febbdfed54952a8e649d08a3561fc 2be4d939592a4be8a2c1cbc7e88cd8fb - - default default] 199.204.45.3 "PUT /v2.0/ports/a719b4dd-e1a6-400a-8e0e-9ddd6547384e HTTP/1.1" status: 200 len: 1349 time: 0.7818079
2026-07-14 11:41:06.693 9 INFO neutron.db.ovn_revision_numbers_db [None req-7ac64763-bdb3-4fc4-b5df-15f2de9610ed c60935b10e1544f39671d9863bb87dba 4e4f9924d6ad453285be4c9d46068d1d - - default default] Successfully bumped revision number for resource 06d5eb32-ccc1-4029-8a4a-ac2055717874 (type: security_group_rules) to 0
2026-07-14 11:41:06.709 9 INFO neutron.db.ovn_revision_numbers_db [None req-7ac64763-bdb3-4fc4-b5df-15f2de9610ed c60935b10e1544f39671d9863bb87dba 4e4f9924d6ad453285be4c9d46068d1d - - default default] Successfully bumped revision number for resource 80ee0af6-a0eb-4d45-976e-0d4940cde70e (type: security_group_rules) to 0 /var/lib/openstack/lib/python3.10/site-packages/pycadf/identifier.py:71: UserWarning: Invalid uuid: neutron. To ensure interoperability, identifiers should be a valid uuid. warnings.warn(('Invalid uuid: %s. To ensure interoperability, '
2026-07-14 11:41:06.720 10 INFO neutron.notifiers.nova [-] Nova event matching ['req-02ef5678-fc08-4e1e-8be4-c8ef216b6eca'] response: {'name': 'network-changed', 'server_uuid': '649f87a5-1ff6-4430-9476-ef3a41f786df', 'tag': 'a719b4dd-e1a6-400a-8e0e-9ddd6547384e', 'status': 'completed', 'code': 200}
2026-07-14 11:41:06.725 9 INFO neutron.db.ovn_revision_numbers_db [None req-7ac64763-bdb3-4fc4-b5df-15f2de9610ed c60935b10e1544f39671d9863bb87dba 4e4f9924d6ad453285be4c9d46068d1d - - default default] Successfully bumped revision number for resource bea7bf5c-cf87-4441-a79d-b5637e3470fc (type: security_group_rules) to 0
2026-07-14 11:41:06.740 9 INFO neutron.db.ovn_revision_numbers_db [None req-7ac64763-bdb3-4fc4-b5df-15f2de9610ed c60935b10e1544f39671d9863bb87dba 4e4f9924d6ad453285be4c9d46068d1d - - default default] Successfully bumped revision number for resource cdbfe916-b95e-4094-83ce-c878aa25a7d8 (type: security_group_rules) to 0
2026-07-14 11:41:06.747 10 INFO neutron.wsgi [req-1da0895a-bad7-414c-8e32-7bb3f0641b8b req-8cd3bbc2-223d-4639-becf-324924c70fb6 510ec922fc0a4c2daf74f2b7376f9572 007b620f9f02429dbfe1620e7e0729be - - fd004ce52a97444eaaca329ac57bdc02 fd004ce52a97444eaaca329ac57bdc02] 199.204.45.3 "GET /v2.0/ports?tenant_id=2be4d939592a4be8a2c1cbc7e88cd8fb&device_id=649f87a5-1ff6-4430-9476-ef3a41f786df HTTP/1.1" status: 200 len: 1590 time: 0.0425847
2026-07-14 11:41:06.798 10 WARNING neutron.scheduler.dhcp_agent_scheduler [None req-2f61ec8d-43ba-423d-98e6-e0fa00ee3857 c39379b8f4974152a4e9e6296827b110 e8b62f19b48b4de79d92b729c5c9ff01 - - default default] No more DHCP agents
2026-07-14 11:41:06.803 10 WARNING neutron.api.rpc.agentnotifiers.dhcp_rpc_agent_api [None req-2f61ec8d-43ba-423d-98e6-e0fa00ee3857 c39379b8f4974152a4e9e6296827b110 e8b62f19b48b4de79d92b729c5c9ff01 - - default default] Unable to schedule network 78e41874-6d81-4bff-914e-b1f04e906f92: no agents available; will retry on subsequent port and subnet creation events.
2026-07-14 11:41:06.825 9 INFO neutron.db.ovn_revision_numbers_db [None req-7ac64763-bdb3-4fc4-b5df-15f2de9610ed c60935b10e1544f39671d9863bb87dba 4e4f9924d6ad453285be4c9d46068d1d - - default default] Successfully bumped revision number for resource 60502ff0-073f-4299-a65b-cba501ae82f1 (type: security_groups) to 1
2026-07-14 11:41:06.830 10 INFO neutron.wsgi [req-1da0895a-bad7-414c-8e32-7bb3f0641b8b req-87046bc8-9fb1-4dba-b992-9cd68aa9a843 510ec922fc0a4c2daf74f2b7376f9572 007b620f9f02429dbfe1620e7e0729be - - fd004ce52a97444eaaca329ac57bdc02 fd004ce52a97444eaaca329ac57bdc02] 199.204.45.3 "GET /v2.0/networks?id=a511fdd7-84c8-44a8-922f-dd730993f01a HTTP/1.1" status: 200 len: 981 time: 0.0775011
2026-07-14 11:41:06.837 9 INFO neutron.db.ovn_revision_numbers_db [None req-7ac64763-bdb3-4fc4-b5df-15f2de9610ed c60935b10e1544f39671d9863bb87dba 4e4f9924d6ad453285be4c9d46068d1d - - default default] Successfully bumped revision number for resource b603eb74-a37d-4266-960e-54e36322e878 (type: security_group_rules) to 0
2026-07-14 11:41:06.852 9 INFO neutron.db.ovn_revision_numbers_db [None req-7ac64763-bdb3-4fc4-b5df-15f2de9610ed c60935b10e1544f39671d9863bb87dba 4e4f9924d6ad453285be4c9d46068d1d - - default default] Successfully bumped revision number for resource e20e3521-57ef-4c20-a43e-12041bcd488e (type: security_group_rules) to 0
2026-07-14 11:41:06.867 10 INFO neutron.wsgi [req-1da0895a-bad7-414c-8e32-7bb3f0641b8b req-df86e60c-bc62-470b-84bc-31c1235806bc 510ec922fc0a4c2daf74f2b7376f9572 007b620f9f02429dbfe1620e7e0729be - - fd004ce52a97444eaaca329ac57bdc02 fd004ce52a97444eaaca329ac57bdc02] 199.204.45.3 "GET /v2.0/floatingips?fixed_ip_address=10.100.0.11&port_id=a719b4dd-e1a6-400a-8e0e-9ddd6547384e HTTP/1.1" status: 200 len: 217 time: 0.0313780
2026-07-14 11:41:06.872 9 INFO neutron.wsgi [None req-7ac64763-bdb3-4fc4-b5df-15f2de9610ed c60935b10e1544f39671d9863bb87dba 4e4f9924d6ad453285be4c9d46068d1d - - default default] 10.0.0.24 "POST /v2.0/security-groups HTTP/1.1" status: 201 len: 1761 time: 0.4293411
2026-07-14 11:41:06.918 10 INFO neutron.wsgi [req-1da0895a-bad7-414c-8e32-7bb3f0641b8b req-aa694c88-5edb-4230-93b9-4862a44db00a 510ec922fc0a4c2daf74f2b7376f9572 007b620f9f02429dbfe1620e7e0729be - - fd004ce52a97444eaaca329ac57bdc02 fd004ce52a97444eaaca329ac57bdc02] 199.204.45.3 "GET /v2.0/floatingips?fixed_ip_address=10.100.0.4&port_id=a719b4dd-e1a6-400a-8e0e-9ddd6547384e HTTP/1.1" status: 200 len: 1059 time: 0.0445802
2026-07-14 11:41:06.932 10 INFO neutron.db.ovn_revision_numbers_db [None req-2f61ec8d-43ba-423d-98e6-e0fa00ee3857 c39379b8f4974152a4e9e6296827b110 e8b62f19b48b4de79d92b729c5c9ff01 - - default default] Successfully bumped revision number for resource 7876e577-6a4f-432f-8db5-66a23c499301 (type: ports) to 1
2026-07-14 11:41:06.942 9 INFO neutron.wsgi [None req-9562a0cc-744a-4b5d-9acb-7209dabaab88 c60935b10e1544f39671d9863bb87dba 4e4f9924d6ad453285be4c9d46068d1d - - default default] 10.0.0.24 "GET /v2.0/security-groups HTTP/1.1" status: 200 len: 4539 time: 0.0636280
2026-07-14 11:41:06.959 10 INFO neutron.wsgi [None req-2f61ec8d-43ba-423d-98e6-e0fa00ee3857 c39379b8f4974152a4e9e6296827b110 e8b62f19b48b4de79d92b729c5c9ff01 - - default default] 10.0.0.24 "POST /v2.0/networks HTTP/1.1" status: 201 len: 849 time: 1.3876162
2026-07-14 11:41:06.961 10 INFO neutron.wsgi [req-1da0895a-bad7-414c-8e32-7bb3f0641b8b req-e99fdc1c-24b3-439f-ae87-67a8e651ffc4 510ec922fc0a4c2daf74f2b7376f9572 007b620f9f02429dbfe1620e7e0729be - - fd004ce52a97444eaaca329ac57bdc02 fd004ce52a97444eaaca329ac57bdc02] 199.204.45.3 "GET /v2.0/subnets?id=6f75536b-8a3d-4591-8c4b-5165c8495fb0 HTTP/1.1" status: 200 len: 876 time: 0.0362098
2026-07-14 11:41:06.992 10 INFO neutron.wsgi [req-1da0895a-bad7-414c-8e32-7bb3f0641b8b req-3eae0559-75cb-4079-b4e9-24dfb72ebdf7 510ec922fc0a4c2daf74f2b7376f9572 007b620f9f02429dbfe1620e7e0729be - - fd004ce52a97444eaaca329ac57bdc02 fd004ce52a97444eaaca329ac57bdc02] 199.204.45.3 "GET /v2.0/ports?network_id=a511fdd7-84c8-44a8-922f-dd730993f01a&device_owner=network%3Adhcp HTTP/1.1" status: 200 len: 210 time: 0.0244226
2026-07-14 11:41:07.046 9 INFO neutron.db.ovn_revision_numbers_db [None req-277d3c98-1a30-48d9-8789-5074ea6d78db c60935b10e1544f39671d9863bb87dba 4e4f9924d6ad453285be4c9d46068d1d - - default default] Successfully bumped revision number for resource 60502ff0-073f-4299-a65b-cba501ae82f1 (type: security_groups) to 2
2026-07-14 11:41:07.049 9 INFO neutron.wsgi [None req-277d3c98-1a30-48d9-8789-5074ea6d78db c60935b10e1544f39671d9863bb87dba 4e4f9924d6ad453285be4c9d46068d1d - - default default] 10.0.0.24 "PUT /v2.0/security-groups/60502ff0-073f-4299-a65b-cba501ae82f1 HTTP/1.1" status: 200 len: 1793 time: 0.1015704
2026-07-14 11:41:07.058 10 INFO neutron.wsgi [req-1da0895a-bad7-414c-8e32-7bb3f0641b8b req-fd74058f-b2ce-4b8a-8252-f3bac0d32c64 510ec922fc0a4c2daf74f2b7376f9572 007b620f9f02429dbfe1620e7e0729be - - fd004ce52a97444eaaca329ac57bdc02 fd004ce52a97444eaaca329ac57bdc02] 199.204.45.3 "GET /v2.0/networks/a511fdd7-84c8-44a8-922f-dd730993f01a?fields=segments HTTP/1.1" status: 200 len: 212 time: 0.0575819
2026-07-14 11:41:07.091 9 INFO neutron.wsgi [None req-6a4f2595-4d3d-4a66-8ce6-1e27f089ddd4 c60935b10e1544f39671d9863bb87dba 4e4f9924d6ad453285be4c9d46068d1d - - default default] 10.0.0.24 "GET /v2.0/security-groups/60502ff0-073f-4299-a65b-cba501ae82f1 HTTP/1.1" status: 200 len: 1793 time: 0.0359445
2026-07-14 11:41:07.151 10 INFO neutron.wsgi [req-1da0895a-bad7-414c-8e32-7bb3f0641b8b req-dfb3cfc0-c4b9-4086-a1a8-3896bd93b863 510ec922fc0a4c2daf74f2b7376f9572 007b620f9f02429dbfe1620e7e0729be - - fd004ce52a97444eaaca329ac57bdc02 fd004ce52a97444eaaca329ac57bdc02] 199.204.45.3 "GET /v2.0/networks/a511fdd7-84c8-44a8-922f-dd730993f01a?fields=provider%3Aphysical_network&fields=provider%3Anetwork_type HTTP/1.1" status: 200 len: 277 time: 0.0870576
2026-07-14 11:41:07.221 9 INFO neutron.wsgi [None req-56171098-4a9d-49b6-b157-9ff9e7541efa c60935b10e1544f39671d9863bb87dba 4e4f9924d6ad453285be4c9d46068d1d - - default default] 10.0.0.24 "DELETE /v2.0/security-groups/60502ff0-073f-4299-a65b-cba501ae82f1 HTTP/1.1" status: 204 len: 168 time: 0.1228175
2026-07-14 11:41:07.250 10 INFO neutron.wsgi [req-2d06c3ac-05b7-43a3-9e62-333e00c96028 req-74336dfa-1534-455d-8079-76827cb0c210 510ec922fc0a4c2daf74f2b7376f9572 007b620f9f02429dbfe1620e7e0729be - - fd004ce52a97444eaaca329ac57bdc02 fd004ce52a97444eaaca329ac57bdc02] 199.204.45.3 "GET /v2.0/ports?tenant_id=2be4d939592a4be8a2c1cbc7e88cd8fb&device_id=649f87a5-1ff6-4430-9476-ef3a41f786df HTTP/1.1" status: 200 len: 1590 time: 0.0559452
2026-07-14 11:41:07.274 9 INFO neutron.wsgi [None req-36f081e4-4275-4e98-b897-377cfaf87ebe c60935b10e1544f39671d9863bb87dba 4e4f9924d6ad453285be4c9d46068d1d - - default default] 10.0.0.24 "GET /v2.0/security-groups HTTP/1.1" status: 200 len: 2996 time: 0.0460131
2026-07-14 11:41:07.289 9 INFO neutron.api.v2.resource [None req-89a2b14a-f040-46ce-bffb-2cbce8575e9f c60935b10e1544f39671d9863bb87dba 4e4f9924d6ad453285be4c9d46068d1d - - default default] delete failed (client error): The resource could not be found.
2026-07-14 11:41:07.291 9 INFO neutron.wsgi [None req-89a2b14a-f040-46ce-bffb-2cbce8575e9f c60935b10e1544f39671d9863bb87dba 4e4f9924d6ad453285be4c9d46068d1d - - default default] 10.0.0.24 "DELETE /v2.0/security-groups/60502ff0-073f-4299-a65b-cba501ae82f1 HTTP/1.1" status: 404 len: 347 time: 0.0116940
2026-07-14 11:41:07.305 10 WARNING neutron.scheduler.dhcp_agent_scheduler [None req-110ac6ea-9b4b-4bae-a895-4568fd7e7371 c39379b8f4974152a4e9e6296827b110 e8b62f19b48b4de79d92b729c5c9ff01 - - default default] No more DHCP agents
2026-07-14 11:41:07.308 10 WARNING neutron.api.rpc.agentnotifiers.dhcp_rpc_agent_api [None req-110ac6ea-9b4b-4bae-a895-4568fd7e7371 c39379b8f4974152a4e9e6296827b110 e8b62f19b48b4de79d92b729c5c9ff01 - - default default] Unable to schedule network 78e41874-6d81-4bff-914e-b1f04e906f92: no agents available; will retry on subsequent port and subnet creation events.
2026-07-14 11:41:07.337 10 INFO neutron.wsgi [req-2d06c3ac-05b7-43a3-9e62-333e00c96028 req-b8baf99d-2be2-4f9c-8f9e-71aa7d9c055a 510ec922fc0a4c2daf74f2b7376f9572 007b620f9f02429dbfe1620e7e0729be - - fd004ce52a97444eaaca329ac57bdc02 fd004ce52a97444eaaca329ac57bdc02] 199.204.45.3 "GET /v2.0/networks?id=a511fdd7-84c8-44a8-922f-dd730993f01a HTTP/1.1" status: 200 len: 981 time: 0.0824270
2026-07-14 11:41:07.341 10 INFO neutron.db.ovn_revision_numbers_db [None req-110ac6ea-9b4b-4bae-a895-4568fd7e7371 c39379b8f4974152a4e9e6296827b110 e8b62f19b48b4de79d92b729c5c9ff01 - - default default] Successfully bumped revision number for resource 8f36c156-e2a7-4fbe-b066-fd4b3f725909 (type: subnets) to 0
2026-07-14 11:41:07.366 10 INFO neutron.wsgi [req-2d06c3ac-05b7-43a3-9e62-333e00c96028 req-0390936b-9e30-45aa-a468-103e58d32412 510ec922fc0a4c2daf74f2b7376f9572 007b620f9f02429dbfe1620e7e0729be - - fd004ce52a97444eaaca329ac57bdc02 fd004ce52a97444eaaca329ac57bdc02] 199.204.45.3 "GET /v2.0/floatingips?fixed_ip_address=10.100.0.11&port_id=a719b4dd-e1a6-400a-8e0e-9ddd6547384e HTTP/1.1" status: 200 len: 217 time: 0.0226877
2026-07-14 11:41:07.371 10 INFO neutron.wsgi [None req-110ac6ea-9b4b-4bae-a895-4568fd7e7371 c39379b8f4974152a4e9e6296827b110 e8b62f19b48b4de79d92b729c5c9ff01 - - default default] 10.0.0.24 "POST /v2.0/subnets HTTP/1.1" status: 201 len: 802 time: 0.4080601
2026-07-14 11:41:07.434 10 INFO neutron.wsgi [req-2d06c3ac-05b7-43a3-9e62-333e00c96028 req-cd760e15-01dd-43aa-8494-57b022575859 510ec922fc0a4c2daf74f2b7376f9572 007b620f9f02429dbfe1620e7e0729be - - fd004ce52a97444eaaca329ac57bdc02 fd004ce52a97444eaaca329ac57bdc02] 199.204.45.3 "GET /v2.0/floatingips?fixed_ip_address=10.100.0.4&port_id=a719b4dd-e1a6-400a-8e0e-9ddd6547384e HTTP/1.1" status: 200 len: 1059 time: 0.0608234
2026-07-14 11:41:07.444 9 INFO neutron.db.ovn_revision_numbers_db [None req-d85b9d5e-e5e3-4bba-8362-d960793ab357 c60935b10e1544f39671d9863bb87dba 4e4f9924d6ad453285be4c9d46068d1d - - default default] Successfully bumped revision number for resource 3a4f9d5e-dea6-42be-a7bc-615a1fec4ae6 (type: security_groups) to 1
2026-07-14 11:41:07.476 10 INFO neutron.wsgi [req-2d06c3ac-05b7-43a3-9e62-333e00c96028 req-fad23734-372c-49e5-9d41-dcc506bc97d3 510ec922fc0a4c2daf74f2b7376f9572 007b620f9f02429dbfe1620e7e0729be - - fd004ce52a97444eaaca329ac57bdc02 fd004ce52a97444eaaca329ac57bdc02] 199.204.45.3 "GET /v2.0/subnets?id=6f75536b-8a3d-4591-8c4b-5165c8495fb0 HTTP/1.1" status: 200 len: 876 time: 0.0342569
2026-07-14 11:41:07.492 9 INFO neutron.db.ovn_revision_numbers_db [None req-d85b9d5e-e5e3-4bba-8362-d960793ab357 c60935b10e1544f39671d9863bb87dba 4e4f9924d6ad453285be4c9d46068d1d - - default default] Successfully bumped revision number for resource 35a9c270-407e-470c-adff-26e43db59963 (type: security_group_rules) to 0
2026-07-14 11:41:07.512 10 INFO neutron.wsgi [req-2d06c3ac-05b7-43a3-9e62-333e00c96028 req-a53884b4-9a36-44ea-b84f-f8342bb9b923 510ec922fc0a4c2daf74f2b7376f9572 007b620f9f02429dbfe1620e7e0729be - - fd004ce52a97444eaaca329ac57bdc02 fd004ce52a97444eaaca329ac57bdc02] 199.204.45.3 "GET /v2.0/ports?network_id=a511fdd7-84c8-44a8-922f-dd730993f01a&device_owner=network%3Adhcp HTTP/1.1" status: 200 len: 210 time: 0.0262198
2026-07-14 11:41:07.528 9 INFO neutron.db.ovn_revision_numbers_db [None req-d85b9d5e-e5e3-4bba-8362-d960793ab357 c60935b10e1544f39671d9863bb87dba 4e4f9924d6ad453285be4c9d46068d1d - - default default] Successfully bumped revision number for resource 4bc0fc43-f341-4d68-b1f3-0d4683455dd0 (type: security_group_rules) to 0
2026-07-14 11:41:07.584 10 INFO neutron.wsgi [req-2d06c3ac-05b7-43a3-9e62-333e00c96028 req-d3299865-dd68-45c0-8550-27c32e0e8aba 510ec922fc0a4c2daf74f2b7376f9572 007b620f9f02429dbfe1620e7e0729be - - fd004ce52a97444eaaca329ac57bdc02 fd004ce52a97444eaaca329ac57bdc02] 199.204.45.3 "GET /v2.0/networks/a511fdd7-84c8-44a8-922f-dd730993f01a?fields=segments HTTP/1.1" status: 200 len: 212 time: 0.0622482
2026-07-14 11:41:07.663 10 INFO neutron.wsgi [req-2d06c3ac-05b7-43a3-9e62-333e00c96028 req-24c19f71-8629-4bc6-8e37-76354d17d566 510ec922fc0a4c2daf74f2b7376f9572 007b620f9f02429dbfe1620e7e0729be - - fd004ce52a97444eaaca329ac57bdc02 fd004ce52a97444eaaca329ac57bdc02] 199.204.45.3 "GET /v2.0/networks/a511fdd7-84c8-44a8-922f-dd730993f01a?fields=provider%3Aphysical_network&fields=provider%3Anetwork_type HTTP/1.1" status: 200 len: 277 time: 0.0718935
2026-07-14 11:41:07.772 9 INFO neutron.wsgi [None req-d85b9d5e-e5e3-4bba-8362-d960793ab357 c60935b10e1544f39671d9863bb87dba 4e4f9924d6ad453285be4c9d46068d1d - - default default] 10.0.0.24 "POST /v2.0/security-groups HTTP/1.1" status: 201 len: 1761 time: 0.4748771
2026-07-14 11:41:07.890 10 INFO neutron.db.ovn_revision_numbers_db [None req-514de5af-c242-47f5-a6e8-3d14745fa5ba c60935b10e1544f39671d9863bb87dba 4e4f9924d6ad453285be4c9d46068d1d - - default default] Successfully bumped revision number for resource 23bf243e-ce48-4c2f-967f-c579e4f73f91 (type: security_group_rules) to 0
2026-07-14 11:41:07.911 10 INFO neutron.wsgi [None req-514de5af-c242-47f5-a6e8-3d14745fa5ba c60935b10e1544f39671d9863bb87dba 4e4f9924d6ad453285be4c9d46068d1d - - default default] 10.0.0.24 "POST /v2.0/security-group-rules HTTP/1.1" status: 201 len: 768 time: 0.1343462
2026-07-14 11:41:07.940 10 INFO neutron.wsgi [None req-4eb95f67-1fdc-4fe2-9a19-16e447c5fa12 c60935b10e1544f39671d9863bb87dba 4e4f9924d6ad453285be4c9d46068d1d - - default default] 10.0.0.24 "GET /v2.0/security-group-rules/23bf243e-ce48-4c2f-967f-c579e4f73f91 HTTP/1.1" status: 200 len: 763 time: 0.0235667
2026-07-14 11:41:07.967 10 INFO neutron.wsgi [req-5eeaba39-2817-4bf7-ab15-ba148dc527ee req-26680529-472d-4f55-a0aa-b2c596d19549 542febbdfed54952a8e649d08a3561fc 2be4d939592a4be8a2c1cbc7e88cd8fb - - default default] 10.0.0.47 "GET /v2.0/ports?device_id=649f87a5-1ff6-4430-9476-ef3a41f786df HTTP/1.1" status: 200 len: 1352 time: 0.0360098
2026-07-14 11:41:08.010 10 INFO neutron.wsgi [req-5eeaba39-2817-4bf7-ab15-ba148dc527ee req-b23354b4-d7ed-4c4b-ad5a-9257fa506e02 542febbdfed54952a8e649d08a3561fc 2be4d939592a4be8a2c1cbc7e88cd8fb - - default default] 10.0.0.47 "GET /v2.0/security-groups?id=33934efa-4ed2-4a9a-8805-ceefc1dfc225&fields=id&fields=name HTTP/1.1" status: 200 len: 313 time: 0.0370648
2026-07-14 11:41:08.014 9 INFO neutron.wsgi [None req-cbe55559-d8c5-46e0-ab16-375438453422 c60935b10e1544f39671d9863bb87dba 4e4f9924d6ad453285be4c9d46068d1d - - default default] 10.0.0.24 "GET /v2.0/security-group-rules HTTP/1.1" status: 200 len: 4113 time: 0.0659199
2026-07-14 11:41:08.055 9 INFO neutron.wsgi [req-7fb34b34-119f-4601-910e-45f0c66cf988 req-6ad1303d-6bcd-4966-9395-bad8e698892f 510ec922fc0a4c2daf74f2b7376f9572 007b620f9f02429dbfe1620e7e0729be - - fd004ce52a97444eaaca329ac57bdc02 fd004ce52a97444eaaca329ac57bdc02] 10.0.0.152 "GET /v2.0/ports?device_id=9959a51a-8d80-4546-940f-345ab1162339 HTTP/1.1" status: 200 len: 1413 time: 0.0553524
2026-07-14 11:41:08.110 9 INFO neutron.wsgi [req-7fb34b34-119f-4601-910e-45f0c66cf988 req-2a9f09a9-7ffa-4fd6-9663-850e817c627a 510ec922fc0a4c2daf74f2b7376f9572 007b620f9f02429dbfe1620e7e0729be - - fd004ce52a97444eaaca329ac57bdc02 fd004ce52a97444eaaca329ac57bdc02] 10.0.0.152 "GET /v2.0/security-groups?id=883ba285-5c2e-42d7-92d9-bcd190ff2691&fields=id&fields=name HTTP/1.1" status: 200 len: 313 time: 0.0490279
2026-07-14 11:41:08.153 9 WARNING neutron.scheduler.dhcp_agent_scheduler [None req-7de8dba6-230f-4977-a3f0-76e53600e4ea c39379b8f4974152a4e9e6296827b110 e8b62f19b48b4de79d92b729c5c9ff01 - - default default] No more DHCP agents
2026-07-14 11:41:08.155 9 WARNING neutron.api.rpc.agentnotifiers.dhcp_rpc_agent_api [None req-7de8dba6-230f-4977-a3f0-76e53600e4ea c39379b8f4974152a4e9e6296827b110 e8b62f19b48b4de79d92b729c5c9ff01 - - default default] Unable to schedule network 91d2a21b-e0ad-496c-85dc-0a4fa055edab: no agents available; will retry on subsequent port and subnet creation events.
2026-07-14 11:41:08.157 10 INFO neutron.wsgi [req-1972795c-ed31-4d7f-bc2f-a0fbcc2e2b26 req-fe623fe5-5db4-4abf-83b4-c00139f95fd1 542febbdfed54952a8e649d08a3561fc 2be4d939592a4be8a2c1cbc7e88cd8fb - - default default] 199.204.45.3 "GET /v2.0/ports?device_id=649f87a5-1ff6-4430-9476-ef3a41f786df&device_owner=compute%3Anova&fixed_ips=ip_address%3D10.100.0.11 HTTP/1.1" status: 200 len: 1352 time: 0.0534937
2026-07-14 11:41:08.202 10 INFO neutron.wsgi [None req-c5211f00-f211-45a2-99a2-50bcf145916b c60935b10e1544f39671d9863bb87dba 4e4f9924d6ad453285be4c9d46068d1d - - default default] 10.0.0.24 "DELETE /v2.0/security-group-rules/23bf243e-ce48-4c2f-967f-c579e4f73f91 HTTP/1.1" status: 204 len: 168 time: 0.1827209
2026-07-14 11:41:08.278 10 INFO neutron.wsgi [None req-bdb56c5c-f66f-472b-85fe-7bee69c6438d c60935b10e1544f39671d9863bb87dba 4e4f9924d6ad453285be4c9d46068d1d - - default default] 10.0.0.24 "GET /v2.0/security-group-rules HTTP/1.1" status: 200 len: 3567 time: 0.0627851
2026-07-14 11:41:08.341 9 INFO neutron.db.ovn_revision_numbers_db [None req-7de8dba6-230f-4977-a3f0-76e53600e4ea c39379b8f4974152a4e9e6296827b110 e8b62f19b48b4de79d92b729c5c9ff01 - - default default] Successfully bumped revision number for resource 18cf903c-22dc-486b-a14c-87f5e163da18 (type: ports) to 1
2026-07-14 11:41:08.515 9 INFO neutron.db.ovn_revision_numbers_db [None req-a9d287fc-1426-4ba1-8a9c-47b4f8a3d569 c60935b10e1544f39671d9863bb87dba 4e4f9924d6ad453285be4c9d46068d1d - - default default] Successfully bumped revision number for resource 1c1c30e0-1139-4c14-8953-6f2e3c990c91 (type: security_group_rules) to 0
2026-07-14 11:41:08.561 9 INFO neutron.wsgi [None req-a9d287fc-1426-4ba1-8a9c-47b4f8a3d569 c60935b10e1544f39671d9863bb87dba 4e4f9924d6ad453285be4c9d46068d1d - - default default] 10.0.0.24 "POST /v2.0/security-group-rules HTTP/1.1" status: 201 len: 768 time: 0.2769871
2026-07-14 11:41:08.580 9 INFO neutron.wsgi [None req-a5cea77e-7bd6-4ec6-9942-7a86c05853e2 c60935b10e1544f39671d9863bb87dba 4e4f9924d6ad453285be4c9d46068d1d - - default default] 10.0.0.24 "GET /v2.0/security-group-rules/1c1c30e0-1139-4c14-8953-6f2e3c990c91 HTTP/1.1" status: 200 len: 763 time: 0.0140674
2026-07-14 11:41:08.637 9 INFO neutron.wsgi [None req-2d2010b0-2d5b-4bfa-9510-4e1fe4f2c539 c60935b10e1544f39671d9863bb87dba 4e4f9924d6ad453285be4c9d46068d1d - - default default] 10.0.0.24 "GET /v2.0/security-group-rules HTTP/1.1" status: 200 len: 4113 time: 0.0531676 /var/lib/openstack/lib/python3.10/site-packages/pycadf/identifier.py:71: UserWarning: Invalid uuid: neutron. To ensure interoperability, identifiers should be a valid uuid. warnings.warn(('Invalid uuid: %s. To ensure interoperability, '
2026-07-14 11:41:08.699 10 INFO neutron.db.ovn_revision_numbers_db [req-1972795c-ed31-4d7f-bc2f-a0fbcc2e2b26 req-636977c4-d6a6-4f1a-8955-f602d246abfd 542febbdfed54952a8e649d08a3561fc 2be4d939592a4be8a2c1cbc7e88cd8fb - - default default] Successfully bumped revision number for resource a719b4dd-e1a6-400a-8e0e-9ddd6547384e (type: ports) to 6
2026-07-14 11:41:08.712 10 INFO neutron.wsgi [req-1972795c-ed31-4d7f-bc2f-a0fbcc2e2b26 req-636977c4-d6a6-4f1a-8955-f602d246abfd 542febbdfed54952a8e649d08a3561fc 2be4d939592a4be8a2c1cbc7e88cd8fb - - default default] 199.204.45.3 "PUT /v2.0/ports/a719b4dd-e1a6-400a-8e0e-9ddd6547384e HTTP/1.1" status: 200 len: 1167 time: 0.5498383
2026-07-14 11:41:08.761 10 INFO neutron.notifiers.nova [-] Nova event matching ['req-02dc25ee-ddce-4b0e-9ba3-90542de6b3d7'] response: {'name': 'network-changed', 'server_uuid': '649f87a5-1ff6-4430-9476-ef3a41f786df', 'tag': 'a719b4dd-e1a6-400a-8e0e-9ddd6547384e', 'status': 'completed', 'code': 200}
2026-07-14 11:41:08.790 10 INFO neutron.wsgi [req-1972795c-ed31-4d7f-bc2f-a0fbcc2e2b26 req-3d136e21-c609-4de0-a274-a20bd7ee75db 510ec922fc0a4c2daf74f2b7376f9572 007b620f9f02429dbfe1620e7e0729be - - fd004ce52a97444eaaca329ac57bdc02 fd004ce52a97444eaaca329ac57bdc02] 199.204.45.3 "GET /v2.0/ports?tenant_id=2be4d939592a4be8a2c1cbc7e88cd8fb&device_id=649f87a5-1ff6-4430-9476-ef3a41f786df HTTP/1.1" status: 200 len: 1409 time: 0.0439253
2026-07-14 11:41:08.829 10 INFO neutron.wsgi [None req-4842cc6f-07a6-439d-8d82-ec918ee10968 c60935b10e1544f39671d9863bb87dba 4e4f9924d6ad453285be4c9d46068d1d - - default default] 10.0.0.24 "DELETE /v2.0/security-group-rules/1c1c30e0-1139-4c14-8953-6f2e3c990c91 HTTP/1.1" status: 204 len: 168 time: 0.1866505
2026-07-14 11:41:08.858 10 INFO neutron.wsgi [req-1972795c-ed31-4d7f-bc2f-a0fbcc2e2b26 req-2b99997f-b129-4c78-8de0-bc3e794ceedd 510ec922fc0a4c2daf74f2b7376f9572 007b620f9f02429dbfe1620e7e0729be - - fd004ce52a97444eaaca329ac57bdc02 fd004ce52a97444eaaca329ac57bdc02] 199.204.45.3 "GET /v2.0/networks?id=a511fdd7-84c8-44a8-922f-dd730993f01a HTTP/1.1" status: 200 len: 981 time: 0.0598319
2026-07-14 11:41:08.893 9 INFO neutron.wsgi [None req-63922e4f-b845-45ae-871e-367ee523156e c60935b10e1544f39671d9863bb87dba 4e4f9924d6ad453285be4c9d46068d1d - - default default] 10.0.0.24 "GET /v2.0/security-group-rules HTTP/1.1" status: 200 len: 3567 time: 0.0589969
2026-07-14 11:41:08.905 10 INFO neutron.wsgi [req-1972795c-ed31-4d7f-bc2f-a0fbcc2e2b26 req-377e6486-9229-4ff8-93a0-e027624d3cc8 510ec922fc0a4c2daf74f2b7376f9572 007b620f9f02429dbfe1620e7e0729be - - fd004ce52a97444eaaca329ac57bdc02 fd004ce52a97444eaaca329ac57bdc02] 199.204.45.3 "GET /v2.0/floatingips?fixed_ip_address=10.100.0.4&port_id=a719b4dd-e1a6-400a-8e0e-9ddd6547384e HTTP/1.1" status: 200 len: 1059 time: 0.0386393
2026-07-14 11:41:08.922 9 INFO neutron.db.securitygroups_db [None req-10fd1b50-4a22-4bb4-b870-d43f5ca4c360 c60935b10e1544f39671d9863bb87dba 4e4f9924d6ad453285be4c9d46068d1d - - default default] Project 4e4f9924d6ad453285be4c9d46068d1d added a security group rule with legacy IPv6 ICMP protocol name icmp, ipv6-icmp should be used instead. It was automatically converted.
2026-07-14 11:41:08.938 10 INFO neutron.wsgi [req-1972795c-ed31-4d7f-bc2f-a0fbcc2e2b26 req-079e1c57-d146-4be1-b795-256adf3a4fc1 510ec922fc0a4c2daf74f2b7376f9572 007b620f9f02429dbfe1620e7e0729be - - fd004ce52a97444eaaca329ac57bdc02 fd004ce52a97444eaaca329ac57bdc02] 199.204.45.3 "GET /v2.0/subnets?id=6f75536b-8a3d-4591-8c4b-5165c8495fb0 HTTP/1.1" status: 200 len: 876 time: 0.0269625
2026-07-14 11:41:08.962 10 INFO neutron.wsgi [req-1972795c-ed31-4d7f-bc2f-a0fbcc2e2b26 req-678155bc-da86-457c-baf2-167d0ac82183 510ec922fc0a4c2daf74f2b7376f9572 007b620f9f02429dbfe1620e7e0729be - - fd004ce52a97444eaaca329ac57bdc02 fd004ce52a97444eaaca329ac57bdc02] 199.204.45.3 "GET /v2.0/ports?network_id=a511fdd7-84c8-44a8-922f-dd730993f01a&device_owner=network%3Adhcp HTTP/1.1" status: 200 len: 210 time: 0.0171995
2026-07-14 11:41:09.005 10 INFO neutron.plugins.ml2.drivers.ovn.mech_driver.mech_driver [None req-bce252a6-e8d4-4e60-89b6-69e113a9828b - - - - - -] OVN reports status up for port: 18cf903c-22dc-486b-a14c-87f5e163da18
2026-07-14 11:41:09.014 10 INFO neutron.plugins.ml2.plugin [None req-bce252a6-e8d4-4e60-89b6-69e113a9828b - - - - - -] Attempt 1 to provision port 18cf903c-22dc-486b-a14c-87f5e163da18
2026-07-14 11:41:09.022 9 INFO neutron.db.ovn_revision_numbers_db [None req-7de8dba6-230f-4977-a3f0-76e53600e4ea c39379b8f4974152a4e9e6296827b110 e8b62f19b48b4de79d92b729c5c9ff01 - - default default] Successfully bumped revision number for resource 18cf903c-22dc-486b-a14c-87f5e163da18 (type: router_ports) to 1
2026-07-14 11:41:09.034 10 INFO neutron.wsgi [req-1972795c-ed31-4d7f-bc2f-a0fbcc2e2b26 req-8800034c-6124-46c4-b2b7-a8e31cd5434b 510ec922fc0a4c2daf74f2b7376f9572 007b620f9f02429dbfe1620e7e0729be - - fd004ce52a97444eaaca329ac57bdc02 fd004ce52a97444eaaca329ac57bdc02] 199.204.45.3 "GET /v2.0/networks/a511fdd7-84c8-44a8-922f-dd730993f01a?fields=segments HTTP/1.1" status: 200 len: 212 time: 0.0633230
2026-07-14 11:41:09.084 9 INFO neutron.db.ovn_revision_numbers_db [None req-10fd1b50-4a22-4bb4-b870-d43f5ca4c360 c60935b10e1544f39671d9863bb87dba 4e4f9924d6ad453285be4c9d46068d1d - - default default] Successfully bumped revision number for resource 2f81d67e-0167-4e48-ba05-0908c2d49ec8 (type: security_group_rules) to 0
2026-07-14 11:41:09.090 9 INFO neutron.db.ovn_revision_numbers_db [None req-7de8dba6-230f-4977-a3f0-76e53600e4ea c39379b8f4974152a4e9e6296827b110 e8b62f19b48b4de79d92b729c5c9ff01 - - default default] Successfully bumped revision number for resource b090fed9-bc24-429b-bb35-f5e496f3fb0c (type: routers) to 2
2026-07-14 11:41:09.106 9 INFO neutron.wsgi [None req-7de8dba6-230f-4977-a3f0-76e53600e4ea c39379b8f4974152a4e9e6296827b110 e8b62f19b48b4de79d92b729c5c9ff01 - - default default] 10.0.0.24 "POST /v2.0/routers HTTP/1.1" status: 201 len: 874 time: 1.7282491
2026-07-14 11:41:09.112 9 INFO neutron.wsgi [None req-10fd1b50-4a22-4bb4-b870-d43f5ca4c360 c60935b10e1544f39671d9863bb87dba 4e4f9924d6ad453285be4c9d46068d1d - - default default] 10.0.0.24 "POST /v2.0/security-group-rules HTTP/1.1" status: 201 len: 774 time: 0.2132533
2026-07-14 11:41:09.127 10 INFO neutron.wsgi [req-1972795c-ed31-4d7f-bc2f-a0fbcc2e2b26 req-3269052a-8c62-4371-a8cb-8614fd58c988 510ec922fc0a4c2daf74f2b7376f9572 007b620f9f02429dbfe1620e7e0729be - - fd004ce52a97444eaaca329ac57bdc02 fd004ce52a97444eaaca329ac57bdc02] 199.204.45.3 "GET /v2.0/networks/a511fdd7-84c8-44a8-922f-dd730993f01a?fields=provider%3Aphysical_network&fields=provider%3Anetwork_type HTTP/1.1" status: 200 len: 277 time: 0.0828819
2026-07-14 11:41:09.129 9 INFO neutron.wsgi [None req-8eaaf7c7-8bea-46c8-989b-989daea6541b c60935b10e1544f39671d9863bb87dba 4e4f9924d6ad453285be4c9d46068d1d - - default default] 10.0.0.24 "GET /v2.0/security-group-rules/2f81d67e-0167-4e48-ba05-0908c2d49ec8 HTTP/1.1" status: 200 len: 769 time: 0.0129564
2026-07-14 11:41:09.166 9 INFO neutron.wsgi [None req-b4596349-b29f-46ba-819f-60473d3a01c4 c60935b10e1544f39671d9863bb87dba 4e4f9924d6ad453285be4c9d46068d1d - - default default] 10.0.0.24 "GET /v2.0/security-group-rules HTTP/1.1" status: 200 len: 4119 time: 0.0325937
