2026-07-14 11:41:30.011 9 INFO neutron.wsgi [None req-ac05d0a9-3f58-4757-9d90-a5ecd06e794c 1d12c91d398e4b279d4a7dd59c5d4040 f68e40aba7dd4d9192df5fa8180c37da - - default default] 10.0.0.24 "GET /v2.0/ports HTTP/1.1" status: 200 len: 1718 time: 0.0298285
2026-07-14 11:41:30.089 10 WARNING neutron.scheduler.dhcp_agent_scheduler [None req-9fa5488a-34a7-4adb-84f3-93b51d977698 ae826f31388545d099283ee38f45910b 4a4b716d322747ab840c73fe39f33ea7 - - default default] No more DHCP agents
2026-07-14 11:41:30.091 10 WARNING neutron.api.rpc.agentnotifiers.dhcp_rpc_agent_api [None req-9fa5488a-34a7-4adb-84f3-93b51d977698 ae826f31388545d099283ee38f45910b 4a4b716d322747ab840c73fe39f33ea7 - - default default] Unable to schedule network 27e8df72-6a40-4455-ac09-b329032473f7: no agents available; will retry on subsequent port and subnet creation events.
2026-07-14 11:41:30.094 9 INFO neutron.db.segments_db [None req-5cb8d6f9-7c0f-4e59-99bc-0967fc482054 1d12c91d398e4b279d4a7dd59c5d4040 f68e40aba7dd4d9192df5fa8180c37da - - default default] Added segment d89d5c4e-3946-43aa-878c-f7bc59347a96 of type geneve for network 5537f909-d6a4-4840-8e9c-fd8c54e228b2
2026-07-14 11:41:30.164 10 INFO neutron.db.ovn_revision_numbers_db [None req-9fa5488a-34a7-4adb-84f3-93b51d977698 ae826f31388545d099283ee38f45910b 4a4b716d322747ab840c73fe39f33ea7 - - default default] Successfully bumped revision number for resource 7dea40c6-9f32-4a63-bad1-5b52f97a2099 (type: ports) to 1
2026-07-14 11:41:30.199 10 INFO neutron.wsgi [None req-9fa5488a-34a7-4adb-84f3-93b51d977698 ae826f31388545d099283ee38f45910b 4a4b716d322747ab840c73fe39f33ea7 - - default default] 10.0.0.24 "POST /v2.0/networks HTTP/1.1" status: 201 len: 830 time: 0.5354264
2026-07-14 11:41:30.245 9 INFO neutron.db.ovn_revision_numbers_db [None req-5cb8d6f9-7c0f-4e59-99bc-0967fc482054 1d12c91d398e4b279d4a7dd59c5d4040 f68e40aba7dd4d9192df5fa8180c37da - - default default] Successfully bumped revision number for resource 5537f909-d6a4-4840-8e9c-fd8c54e228b2 (type: networks) to 1
2026-07-14 11:41:30.427 9 WARNING neutron.scheduler.dhcp_agent_scheduler [None req-5cb8d6f9-7c0f-4e59-99bc-0967fc482054 1d12c91d398e4b279d4a7dd59c5d4040 f68e40aba7dd4d9192df5fa8180c37da - - default default] No more DHCP agents
2026-07-14 11:41:30.433 9 WARNING neutron.api.rpc.agentnotifiers.dhcp_rpc_agent_api [None req-5cb8d6f9-7c0f-4e59-99bc-0967fc482054 1d12c91d398e4b279d4a7dd59c5d4040 f68e40aba7dd4d9192df5fa8180c37da - - default default] Unable to schedule network 5537f909-d6a4-4840-8e9c-fd8c54e228b2: no agents available; will retry on subsequent port and subnet creation events.
2026-07-14 11:41:30.447 10 WARNING neutron.scheduler.dhcp_agent_scheduler [None req-85291eab-8c25-42b4-aeea-f24feca30e46 ae826f31388545d099283ee38f45910b 4a4b716d322747ab840c73fe39f33ea7 - - default default] No more DHCP agents
2026-07-14 11:41:30.450 10 WARNING neutron.api.rpc.agentnotifiers.dhcp_rpc_agent_api [None req-85291eab-8c25-42b4-aeea-f24feca30e46 ae826f31388545d099283ee38f45910b 4a4b716d322747ab840c73fe39f33ea7 - - default default] Unable to schedule network 27e8df72-6a40-4455-ac09-b329032473f7: no agents available; will retry on subsequent port and subnet creation events.
2026-07-14 11:41:30.530 9 INFO neutron.db.ovn_revision_numbers_db [None req-5cb8d6f9-7c0f-4e59-99bc-0967fc482054 1d12c91d398e4b279d4a7dd59c5d4040 f68e40aba7dd4d9192df5fa8180c37da - - default default] Successfully bumped revision number for resource e3ca00ac-45bf-45a9-b75c-3d958e2e1c33 (type: ports) to 1
2026-07-14 11:41:30.546 10 INFO neutron.db.ovn_revision_numbers_db [None req-85291eab-8c25-42b4-aeea-f24feca30e46 ae826f31388545d099283ee38f45910b 4a4b716d322747ab840c73fe39f33ea7 - - default default] Successfully bumped revision number for resource 2d13db43-f89b-4f56-b3bc-72582f883f7d (type: ports) to 1
2026-07-14 11:41:30.549 9 INFO neutron.wsgi [None req-5cb8d6f9-7c0f-4e59-99bc-0967fc482054 1d12c91d398e4b279d4a7dd59c5d4040 f68e40aba7dd4d9192df5fa8180c37da - - default default] 10.0.0.24 "POST /v2.0/networks HTTP/1.1" status: 201 len: 853 time: 0.5309119
2026-07-14 11:41:30.571 10 INFO neutron.wsgi [None req-85291eab-8c25-42b4-aeea-f24feca30e46 ae826f31388545d099283ee38f45910b 4a4b716d322747ab840c73fe39f33ea7 - - default default] 10.0.0.24 "POST /v2.0/ports HTTP/1.1" status: 201 len: 942 time: 0.3641894
2026-07-14 11:41:30.615 9 INFO neutron.wsgi [None req-c201fbc5-47f1-4a4b-ad73-f12990de97da ae826f31388545d099283ee38f45910b 4a4b716d322747ab840c73fe39f33ea7 - - default default] 10.0.0.24 "PUT /v2.0/ports/ef744bc6-f19b-4371-95ac-fbf08f279566/tags HTTP/1.1" status: 200 len: 210 time: 0.0385809
2026-07-14 11:41:30.655 9 INFO neutron.db.segments_db [None req-36807102-135d-4028-997a-6f681787b0c9 1d12c91d398e4b279d4a7dd59c5d4040 f68e40aba7dd4d9192df5fa8180c37da - - default default] Added segment 6eef9b0c-164f-47c0-b295-9a14e2233074 of type geneve for network 6ad732c1-fcef-4cb4-810c-92bc0cd65ff0
2026-07-14 11:41:30.659 9 INFO neutron.wsgi [None req-c03bc5c1-2d5e-4bc9-96b9-d950f7de7f1c ae826f31388545d099283ee38f45910b 4a4b716d322747ab840c73fe39f33ea7 - - default default] 10.0.0.24 "PUT /v2.0/ports/1388f5b1-51c5-4958-a7c3-6cb618543b5b/tags HTTP/1.1" status: 200 len: 218 time: 0.0400608 /var/lib/openstack/lib/python3.10/site-packages/pycadf/identifier.py:71: UserWarning: Invalid uuid: neutron. To ensure interoperability, identifiers should be a valid uuid. warnings.warn(('Invalid uuid: %s. To ensure interoperability, '
2026-07-14 11:41:30.704 10 INFO neutron.wsgi [None req-edaad2e8-7e2d-4b81-83a5-e33f120dad26 ae826f31388545d099283ee38f45910b 4a4b716d322747ab840c73fe39f33ea7 - - default default] 10.0.0.24 "PUT /v2.0/ports/f5b0d824-d2f5-4648-9233-c13858a6fcd6/tags HTTP/1.1" status: 200 len: 227 time: 0.0398345
2026-07-14 11:41:30.745 10 INFO neutron.wsgi [None req-2b450abf-6070-43ea-a92d-a5b42152a30c ae826f31388545d099283ee38f45910b 4a4b716d322747ab840c73fe39f33ea7 - - default default] 10.0.0.24 "PUT /v2.0/ports/fdf3aa8a-2dc7-4925-a17a-dc44e0fb583e/tags HTTP/1.1" status: 200 len: 212 time: 0.0361984
2026-07-14 11:41:30.803 9 INFO neutron.db.ovn_revision_numbers_db [None req-36807102-135d-4028-997a-6f681787b0c9 1d12c91d398e4b279d4a7dd59c5d4040 f68e40aba7dd4d9192df5fa8180c37da - - default default] Successfully bumped revision number for resource 6ad732c1-fcef-4cb4-810c-92bc0cd65ff0 (type: networks) to 1
2026-07-14 11:41:30.932 10 INFO neutron.wsgi [None req-a8008a5e-ae57-4abe-a64b-ed732bfa7db3 ae826f31388545d099283ee38f45910b 4a4b716d322747ab840c73fe39f33ea7 - - default default] 10.0.0.24 "GET /v2.0/ports?tags=red HTTP/1.1" status: 200 len: 2448 time: 0.1826053
2026-07-14 11:41:31.074 9 WARNING neutron.scheduler.dhcp_agent_scheduler [None req-36807102-135d-4028-997a-6f681787b0c9 1d12c91d398e4b279d4a7dd59c5d4040 f68e40aba7dd4d9192df5fa8180c37da - - default default] No more DHCP agents
2026-07-14 11:41:31.079 9 WARNING neutron.api.rpc.agentnotifiers.dhcp_rpc_agent_api [None req-36807102-135d-4028-997a-6f681787b0c9 1d12c91d398e4b279d4a7dd59c5d4040 f68e40aba7dd4d9192df5fa8180c37da - - default default] Unable to schedule network 6ad732c1-fcef-4cb4-810c-92bc0cd65ff0: no agents available; will retry on subsequent port and subnet creation events.
2026-07-14 11:41:31.116 9 INFO neutron.wsgi [None req-47d322f4-a870-4db3-aea1-a2f0eae60290 ae826f31388545d099283ee38f45910b 4a4b716d322747ab840c73fe39f33ea7 - - default default] 10.0.0.24 "GET /v2.0/ports?tags=red%2Cblue HTTP/1.1" status: 200 len: 1708 time: 0.1795349
2026-07-14 11:41:31.205 10 INFO neutron.wsgi [None req-a3bf9cd6-c21f-443f-b0c0-e461ecbe3a53 ae826f31388545d099283ee38f45910b 4a4b716d322747ab840c73fe39f33ea7 - - default default] 10.0.0.24 "GET /v2.0/ports?tags-any=blue HTTP/1.1" status: 200 len: 1708 time: 0.0818772
2026-07-14 11:41:31.227 9 INFO neutron.db.ovn_revision_numbers_db [None req-36807102-135d-4028-997a-6f681787b0c9 1d12c91d398e4b279d4a7dd59c5d4040 f68e40aba7dd4d9192df5fa8180c37da - - default default] Successfully bumped revision number for resource 29b312b7-cfdc-4db6-a52a-90b18e457abc (type: ports) to 1
2026-07-14 11:41:31.263 9 INFO neutron.wsgi [None req-36807102-135d-4028-997a-6f681787b0c9 1d12c91d398e4b279d4a7dd59c5d4040 f68e40aba7dd4d9192df5fa8180c37da - - default default] 10.0.0.24 "POST /v2.0/networks HTTP/1.1" status: 201 len: 853 time: 0.7072923
2026-07-14 11:41:31.300 9 INFO neutron.wsgi [None req-ef2346b8-aba5-4485-98ae-0795b61c90ec ae826f31388545d099283ee38f45910b 4a4b716d322747ab840c73fe39f33ea7 - - default default] 10.0.0.24 "GET /v2.0/ports?tags-any=red%2Cblue HTTP/1.1" status: 200 len: 2448 time: 0.0909410
2026-07-14 11:41:31.468 9 INFO neutron.wsgi [None req-f891f10e-1ba6-414a-b3af-1d3d1af1313f ae826f31388545d099283ee38f45910b 4a4b716d322747ab840c73fe39f33ea7 - - default default] 10.0.0.24 "GET /v2.0/ports?not-tags=red HTTP/1.1" status: 200 len: 5463 time: 0.1624179
2026-07-14 11:41:31.767 9 INFO neutron.wsgi [None req-e7e577f1-3fd6-4a02-917c-019f3ed4f591 ae826f31388545d099283ee38f45910b 4a4b716d322747ab840c73fe39f33ea7 - - default default] 10.0.0.24 "GET /v2.0/ports?not-tags=red%2Cblue HTTP/1.1" status: 200 len: 6203 time: 0.2911170
2026-07-14 11:41:31.842 9 INFO neutron.wsgi [None req-1df31def-a74a-4d02-b375-96cce92a1c90 ae826f31388545d099283ee38f45910b 4a4b716d322747ab840c73fe39f33ea7 - - default default] 10.0.0.24 "GET /v2.0/ports?not-tags-any=blue HTTP/1.1" status: 200 len: 6203 time: 0.0706491
2026-07-14 11:41:31.905 9 INFO neutron.wsgi [None req-872c2f1e-03ed-497e-a1bf-d34f1b13b09b ae826f31388545d099283ee38f45910b 4a4b716d322747ab840c73fe39f33ea7 - - default default] 10.0.0.24 "GET /v2.0/ports?not-tags-any=red%2Cblue HTTP/1.1" status: 200 len: 5463 time: 0.0575953
2026-07-14 11:41:32.162 9 INFO neutron.wsgi [None req-d0a0c847-1e00-417d-98fe-456bd1b860b0 ae826f31388545d099283ee38f45910b 4a4b716d322747ab840c73fe39f33ea7 - - default default] 10.0.0.24 "DELETE /v2.0/ports/ef744bc6-f19b-4371-95ac-fbf08f279566 HTTP/1.1" status: 204 len: 168 time: 0.2511780
2026-07-14 11:41:32.188 9 INFO neutron.wsgi [req-e05c3b09-da5a-464a-985e-fe3aec45eb2f req-878b80c7-d89d-4ce2-bf5e-23fd783d8396 e7085b8441a547c69ccb60bff42e474d dbed22917da74d809004318bb4218e4f - - default default] 10.0.0.47 "GET /v2.0/security-groups?name=tempest-securitygroup--1884024675&fields=id&tenant_id=dbed22917da74d809004318bb4218e4f HTTP/1.1" status: 200 len: 267 time: 0.0432534
2026-07-14 11:41:32.243 10 WARNING neutron.scheduler.dhcp_agent_scheduler [None req-09ef3d78-ea4d-4396-8017-34fa929681ad 1d12c91d398e4b279d4a7dd59c5d4040 f68e40aba7dd4d9192df5fa8180c37da - - default default] No more DHCP agents
2026-07-14 11:41:32.247 10 WARNING neutron.api.rpc.agentnotifiers.dhcp_rpc_agent_api [None req-09ef3d78-ea4d-4396-8017-34fa929681ad 1d12c91d398e4b279d4a7dd59c5d4040 f68e40aba7dd4d9192df5fa8180c37da - - default default] Unable to schedule network 5537f909-d6a4-4840-8e9c-fd8c54e228b2: no agents available; will retry on subsequent port and subnet creation events.
2026-07-14 11:41:32.288 10 INFO neutron.db.ovn_revision_numbers_db [None req-09ef3d78-ea4d-4396-8017-34fa929681ad 1d12c91d398e4b279d4a7dd59c5d4040 f68e40aba7dd4d9192df5fa8180c37da - - default default] Successfully bumped revision number for resource 1021a1b0-c1f5-40c2-9a56-2e59f6d51d10 (type: subnets) to 0
2026-07-14 11:41:32.297 9 INFO neutron.wsgi [req-e05c3b09-da5a-464a-985e-fe3aec45eb2f req-85f428d8-4b60-4e50-8014-c563516da59e e7085b8441a547c69ccb60bff42e474d dbed22917da74d809004318bb4218e4f - - default default] 10.0.0.47 "GET /v2.0/networks?id=7e5c5f79-f298-48db-a77a-b759ee0114c4 HTTP/1.1" status: 200 len: 878 time: 0.1035762
2026-07-14 11:41:32.314 9 INFO neutron.wsgi [req-e05c3b09-da5a-464a-985e-fe3aec45eb2f req-5c12ff46-de60-4cad-9fc0-733631d5a024 e7085b8441a547c69ccb60bff42e474d dbed22917da74d809004318bb4218e4f - - default default] 10.0.0.47 "GET /v2.0/quotas/dbed22917da74d809004318bb4218e4f HTTP/1.1" status: 200 len: 386 time: 0.0112400
2026-07-14 11:41:32.316 10 WARNING neutron.scheduler.dhcp_agent_scheduler [None req-09ef3d78-ea4d-4396-8017-34fa929681ad 1d12c91d398e4b279d4a7dd59c5d4040 f68e40aba7dd4d9192df5fa8180c37da - - default default] No more DHCP agents
2026-07-14 11:41:32.322 10 WARNING neutron.api.rpc.agentnotifiers.dhcp_rpc_agent_api [None req-09ef3d78-ea4d-4396-8017-34fa929681ad 1d12c91d398e4b279d4a7dd59c5d4040 f68e40aba7dd4d9192df5fa8180c37da - - default default] Unable to schedule network 6ad732c1-fcef-4cb4-810c-92bc0cd65ff0: no agents available; will retry on subsequent port and subnet creation events.
2026-07-14 11:41:32.377 10 INFO neutron.db.ovn_revision_numbers_db [None req-09ef3d78-ea4d-4396-8017-34fa929681ad 1d12c91d398e4b279d4a7dd59c5d4040 f68e40aba7dd4d9192df5fa8180c37da - - default default] Successfully bumped revision number for resource 93c4d09b-898e-4c27-b194-715c6e3be369 (type: subnets) to 0
2026-07-14 11:41:32.397 10 INFO neutron.wsgi [None req-09ef3d78-ea4d-4396-8017-34fa929681ad 1d12c91d398e4b279d4a7dd59c5d4040 f68e40aba7dd4d9192df5fa8180c37da - - default default] 10.0.0.24 "POST /v2.0/subnets HTTP/1.1" status: 201 len: 1476 time: 0.6787717
2026-07-14 11:41:32.455 10 INFO neutron.wsgi [None req-3f2a5f7d-b986-490f-b408-9f0fa26089af 1d12c91d398e4b279d4a7dd59c5d4040 f68e40aba7dd4d9192df5fa8180c37da - - default default] 10.0.0.24 "GET /v2.0/subnets HTTP/1.1" status: 200 len: 2084 time: 0.0523932
2026-07-14 11:41:32.458 9 INFO neutron.wsgi [req-e05c3b09-da5a-464a-985e-fe3aec45eb2f req-a35cacb2-7708-416e-852a-8fa555713d32 e7085b8441a547c69ccb60bff42e474d dbed22917da74d809004318bb4218e4f - - default default] 10.0.0.47 "GET /v2.0/ports?tenant_id=dbed22917da74d809004318bb4218e4f&fields=id HTTP/1.1" status: 200 len: 302 time: 0.1389668
2026-07-14 11:41:32.483 10 INFO neutron.wsgi [None req-95cd2057-4256-472b-ae4c-0b7e8fbe4b62 ae826f31388545d099283ee38f45910b 4a4b716d322747ab840c73fe39f33ea7 - - default default] 10.0.0.24 "DELETE /v2.0/ports/1388f5b1-51c5-4958-a7c3-6cb618543b5b HTTP/1.1" status: 204 len: 168 time: 0.3153489
2026-07-14 11:41:32.675 10 INFO neutron.wsgi [None req-e21f994c-5b3e-4804-9161-20017b3eae68 1d12c91d398e4b279d4a7dd59c5d4040 f68e40aba7dd4d9192df5fa8180c37da - - default default] 10.0.0.24 "DELETE /v2.0/subnets/1021a1b0-c1f5-40c2-9a56-2e59f6d51d10 HTTP/1.1" status: 204 len: 168 time: 0.2065599
2026-07-14 11:41:32.701 9 INFO neutron.wsgi [None req-a7073c14-d961-4562-969f-5a24ae29b1ab ae826f31388545d099283ee38f45910b 4a4b716d322747ab840c73fe39f33ea7 - - default default] 10.0.0.24 "DELETE /v2.0/ports/f5b0d824-d2f5-4648-9233-c13858a6fcd6 HTTP/1.1" status: 204 len: 168 time: 0.2135637
2026-07-14 11:41:32.778 10 INFO neutron.db.ovn_revision_numbers_db [None req-705ee1f7-219a-46b7-bfde-c33a825b9aed e820eb7e754441859d3dfd86f088be9c 5d80ea2504e6400d9538295a00471c07 - - default default] Successfully bumped revision number for resource e259fcf0-a7ce-49f9-b0e0-8deb6c2037bd (type: security_groups) to 1
2026-07-14 11:41:32.806 10 INFO neutron.db.ovn_revision_numbers_db [None req-705ee1f7-219a-46b7-bfde-c33a825b9aed e820eb7e754441859d3dfd86f088be9c 5d80ea2504e6400d9538295a00471c07 - - default default] Successfully bumped revision number for resource 4341f466-7814-4aff-b611-8448d45c2745 (type: security_group_rules) to 0
2026-07-14 11:41:32.828 10 INFO neutron.db.ovn_revision_numbers_db [None req-705ee1f7-219a-46b7-bfde-c33a825b9aed e820eb7e754441859d3dfd86f088be9c 5d80ea2504e6400d9538295a00471c07 - - default default] Successfully bumped revision number for resource 8a5e39cd-76de-4fae-bf49-425b238b64d9 (type: security_group_rules) to 0
2026-07-14 11:41:32.850 9 INFO neutron.wsgi [req-e05c3b09-da5a-464a-985e-fe3aec45eb2f req-68aaffa7-b1d6-4cd8-bad2-800fde8bf686 510ec922fc0a4c2daf74f2b7376f9572 007b620f9f02429dbfe1620e7e0729be - - fd004ce52a97444eaaca329ac57bdc02 fd004ce52a97444eaaca329ac57bdc02] 10.0.0.47 "GET /v2.0/extensions HTTP/1.1" status: 200 len: 16525 time: 0.0533087
2026-07-14 11:41:32.850 10 INFO neutron.db.ovn_revision_numbers_db [None req-705ee1f7-219a-46b7-bfde-c33a825b9aed e820eb7e754441859d3dfd86f088be9c 5d80ea2504e6400d9538295a00471c07 - - default default] Successfully bumped revision number for resource 8d76a6fc-f233-465a-a243-a7b208595233 (type: security_group_rules) to 0
2026-07-14 11:41:32.864 10 INFO neutron.db.ovn_revision_numbers_db [None req-705ee1f7-219a-46b7-bfde-c33a825b9aed e820eb7e754441859d3dfd86f088be9c 5d80ea2504e6400d9538295a00471c07 - - default default] Successfully bumped revision number for resource cf935323-b268-483f-a7e3-e6340bc95f98 (type: security_group_rules) to 0
2026-07-14 11:41:32.887 10 INFO neutron.wsgi [None req-705ee1f7-219a-46b7-bfde-c33a825b9aed e820eb7e754441859d3dfd86f088be9c 5d80ea2504e6400d9538295a00471c07 - - default default] 10.0.0.24 "GET /v2.0/security-groups?tenant_id=43c06d38c357402c8cc0be8aa792a1ef&name=default HTTP/1.1" status: 200 len: 2996 time: 0.4937828
2026-07-14 11:41:32.908 10 INFO neutron.wsgi [None req-d0212115-ae7c-4da7-92d0-e16050e21c66 1d12c91d398e4b279d4a7dd59c5d4040 f68e40aba7dd4d9192df5fa8180c37da - - default default] 10.0.0.24 "DELETE /v2.0/subnets/93c4d09b-898e-4c27-b194-715c6e3be369 HTTP/1.1" status: 204 len: 168 time: 0.2275894
2026-07-14 11:41:32.966 9 INFO neutron.wsgi [req-e05c3b09-da5a-464a-985e-fe3aec45eb2f req-a26d9594-d2c5-4aef-b9e6-78f9b5fd2aa1 510ec922fc0a4c2daf74f2b7376f9572 007b620f9f02429dbfe1620e7e0729be - - fd004ce52a97444eaaca329ac57bdc02 fd004ce52a97444eaaca329ac57bdc02] 10.0.0.47 "GET /v2.0/networks/7e5c5f79-f298-48db-a77a-b759ee0114c4?fields=segments HTTP/1.1" status: 200 len: 212 time: 0.0984912
2026-07-14 11:41:32.994 9 INFO neutron.wsgi [None req-5aa8402e-3378-4d90-804b-68536a472e72 1d12c91d398e4b279d4a7dd59c5d4040 f68e40aba7dd4d9192df5fa8180c37da - - default default] 10.0.0.24 "GET /v2.0/subnets HTTP/1.1" status: 200 len: 820 time: 0.0801253
2026-07-14 11:41:33.020 9 INFO neutron.wsgi [None req-dfc67d23-4c98-41e3-a40e-54373312838a ae826f31388545d099283ee38f45910b 4a4b716d322747ab840c73fe39f33ea7 - - default default] 10.0.0.24 "DELETE /v2.0/ports/fdf3aa8a-2dc7-4925-a17a-dc44e0fb583e HTTP/1.1" status: 204 len: 168 time: 0.3144481
2026-07-14 11:41:33.070 9 INFO neutron.wsgi [req-e05c3b09-da5a-464a-985e-fe3aec45eb2f req-03505f6f-22c6-4996-a060-ad41d4f4384e 510ec922fc0a4c2daf74f2b7376f9572 007b620f9f02429dbfe1620e7e0729be - - fd004ce52a97444eaaca329ac57bdc02 fd004ce52a97444eaaca329ac57bdc02] 10.0.0.47 "GET /v2.0/networks/7e5c5f79-f298-48db-a77a-b759ee0114c4?fields=provider%3Aphysical_network&fields=provider%3Anetwork_type HTTP/1.1" status: 200 len: 277 time: 0.0942986
2026-07-14 11:41:33.151 10 INFO neutron.wsgi [None req-5cfde7e5-5ce3-49fb-8aeb-fb55af5ee23f e820eb7e754441859d3dfd86f088be9c 5d80ea2504e6400d9538295a00471c07 - - default default] 10.0.0.24 "DELETE /v2.0/security-groups/e259fcf0-a7ce-49f9-b0e0-8deb6c2037bd HTTP/1.1" status: 204 len: 168 time: 0.2557383
2026-07-14 11:41:33.254 9 INFO neutron.wsgi [None req-8ed40743-01f7-4ce1-b014-78c705d1225b ae826f31388545d099283ee38f45910b 4a4b716d322747ab840c73fe39f33ea7 - - default default] 10.0.0.24 "DELETE /v2.0/ports/2d13db43-f89b-4f56-b3bc-72582f883f7d HTTP/1.1" status: 204 len: 168 time: 0.2262487
2026-07-14 11:41:33.355 10 INFO neutron.services.segments.plugin [-] Segment 6eef9b0c-164f-47c0-b295-9a14e2233074 resource provider aggregate not found
2026-07-14 11:41:33.359 10 INFO neutron.services.segments.plugin [-] Segment 6eef9b0c-164f-47c0-b295-9a14e2233074 resource provider aggregate not found
2026-07-14 11:41:33.384 10 INFO neutron.services.segments.plugin [-] Segment 6eef9b0c-164f-47c0-b295-9a14e2233074 resource provider not found; error: Placement Client Error (4xx): {"errors": [{"status": 404, "title": "Not Found", "detail": "The resource could not be found.\n\n No resource provider with uuid 6eef9b0c-164f-47c0-b295-9a14e2233074 found for delete ", "request_id": "req-258eec45-f7e1-45e6-b4c4-61959a0cc973"}]}
2026-07-14 11:41:33.387 10 INFO neutron.services.segments.plugin [-] Segment 6eef9b0c-164f-47c0-b295-9a14e2233074 resource provider not found; error: Placement Client Error (4xx): {"errors": [{"status": 404, "title": "Not Found", "detail": "The resource could not be found.\n\n No resource provider with uuid 6eef9b0c-164f-47c0-b295-9a14e2233074 found for delete ", "request_id": "req-8c9d7461-1018-4f85-93e5-baf196a900eb"}]}
2026-07-14 11:41:33.389 10 INFO neutron.wsgi [req-f950f707-1953-4187-a94c-9c6651fdc3bc req-3e992842-c0b6-4222-8f33-6c17e64105db e7085b8441a547c69ccb60bff42e474d dbed22917da74d809004318bb4218e4f - - default default] 10.0.0.47 "GET /v2.0/ports?device_id=9bcea8c0-a368-40f6-bf23-d7e79099e187 HTTP/1.1" status: 200 len: 210 time: 0.0453510
2026-07-14 11:41:33.417 10 INFO neutron.wsgi [None req-3c0201c6-098d-4c1c-a46b-cb186d979f32 1d12c91d398e4b279d4a7dd59c5d4040 f68e40aba7dd4d9192df5fa8180c37da - - default default] 10.0.0.24 "DELETE /v2.0/networks/6ad732c1-fcef-4cb4-810c-92bc0cd65ff0 HTTP/1.1" status: 204 len: 168 time: 0.4183197
2026-07-14 11:41:33.651 9 INFO neutron.services.segments.plugin [-] Segment bea54b8a-d4c2-48a6-9ed7-ddb6ba156a2a resource provider aggregate not found
2026-07-14 11:41:33.656 9 INFO neutron.services.segments.plugin [-] Segment bea54b8a-d4c2-48a6-9ed7-ddb6ba156a2a resource provider aggregate not found
2026-07-14 11:41:33.671 9 INFO neutron.services.segments.plugin [-] Segment bea54b8a-d4c2-48a6-9ed7-ddb6ba156a2a resource provider not found; error: Placement Client Error (4xx): {"errors": [{"status": 404, "title": "Not Found", "detail": "The resource could not be found.\n\n No resource provider with uuid bea54b8a-d4c2-48a6-9ed7-ddb6ba156a2a found for delete ", "request_id": "req-7e2abe1a-819f-4379-a9fa-c48f88653815"}]}
2026-07-14 11:41:33.672 9 INFO neutron.services.segments.plugin [-] Segment bea54b8a-d4c2-48a6-9ed7-ddb6ba156a2a resource provider not found; error: Placement Client Error (4xx): {"errors": [{"status": 404, "title": "Not Found", "detail": "The resource could not be found.\n\n No resource provider with uuid bea54b8a-d4c2-48a6-9ed7-ddb6ba156a2a found for delete ", "request_id": "req-9db710ec-35a9-4571-865c-1a433ac054a7"}]}
2026-07-14 11:41:33.704 9 INFO neutron.wsgi [None req-77b5e8a0-951e-4718-a6bd-03b6359442a4 ae826f31388545d099283ee38f45910b 4a4b716d322747ab840c73fe39f33ea7 - - default default] 10.0.0.24 "DELETE /v2.0/networks/6781f6c0-e6d5-4c19-9b21-c2f9d920fce3 HTTP/1.1" status: 204 len: 168 time: 0.4462910
2026-07-14 11:41:33.840 10 INFO neutron.wsgi [None req-6b226e0c-cec7-4f4d-9536-566e5eea528a 1d12c91d398e4b279d4a7dd59c5d4040 f68e40aba7dd4d9192df5fa8180c37da - - default default] 10.0.0.24 "DELETE /v2.0/networks/5537f909-d6a4-4840-8e9c-fd8c54e228b2 HTTP/1.1" status: 204 len: 168 time: 0.4143488
2026-07-14 11:41:33.932 10 INFO neutron.wsgi [-] 10.0.0.11 "GET / HTTP/1.1" status: 200 len: 246 time: 0.0020370
2026-07-14 11:41:33.935 10 INFO neutron.wsgi [-] 10.0.0.11 "GET / HTTP/1.1" status: 200 len: 246 time: 0.0021687
2026-07-14 11:41:34.108 9 INFO neutron.wsgi [None req-af78743a-a10d-40a1-9b88-e8f0ded05fc4 ae826f31388545d099283ee38f45910b 4a4b716d322747ab840c73fe39f33ea7 - - default default] 10.0.0.24 "DELETE /v2.0/networks/5761ac98-2ac1-483e-a3e6-b077c7d46035 HTTP/1.1" status: 204 len: 168 time: 0.4001639
2026-07-14 11:41:34.140 10 INFO neutron.wsgi [req-e05c3b09-da5a-464a-985e-fe3aec45eb2f req-87ce95ab-5500-4bd6-a623-afd7338451c3 e7085b8441a547c69ccb60bff42e474d dbed22917da74d809004318bb4218e4f - - default default] 199.204.45.3 "GET /v2.0/networks?id=7e5c5f79-f298-48db-a77a-b759ee0114c4 HTTP/1.1" status: 200 len: 878 time: 0.0828695
2026-07-14 11:41:34.191 10 INFO neutron.wsgi [req-e05c3b09-da5a-464a-985e-fe3aec45eb2f req-1b96b42b-45a1-4d23-a965-865577a5364c e7085b8441a547c69ccb60bff42e474d dbed22917da74d809004318bb4218e4f - - default default] 199.204.45.3 "GET /v2.0/security-groups?fields=id&fields=name&tenant_id=dbed22917da74d809004318bb4218e4f HTTP/1.1" status: 200 len: 380 time: 0.0448627
2026-07-14 11:41:34.362 10 INFO neutron.wsgi [None req-3c8588a0-989c-4a41-8326-6594e29afe28 1d12c91d398e4b279d4a7dd59c5d4040 f68e40aba7dd4d9192df5fa8180c37da - - default default] 10.0.0.24 "DELETE /v2.0/networks/75463564-1669-4c4a-8ae1-9c2b4dc878b7 HTTP/1.1" status: 204 len: 168 time: 0.5126498
2026-07-14 11:41:34.480 9 INFO neutron.wsgi [req-46b8aaa1-b9d4-4fe1-aa9e-5285a2e093a0 req-a77a159c-d42e-44a2-ac29-3e05d2748f48 e7085b8441a547c69ccb60bff42e474d dbed22917da74d809004318bb4218e4f - - default default] 10.0.0.47 "GET /v2.0/ports?device_id=9bcea8c0-a368-40f6-bf23-d7e79099e187 HTTP/1.1" status: 200 len: 210 time: 0.0210519
2026-07-14 11:41:34.515 9 INFO neutron.wsgi [None req-152ed825-84c6-4481-9e1f-c84da3e57ec7 ae826f31388545d099283ee38f45910b 4a4b716d322747ab840c73fe39f33ea7 - - default default] 10.0.0.24 "DELETE /v2.0/networks/e98fc349-5bba-4191-b6ce-0aa4694fb729 HTTP/1.1" status: 204 len: 168 time: 0.4006433
2026-07-14 11:41:34.904 10 WARNING neutron.scheduler.dhcp_agent_scheduler [req-e05c3b09-da5a-464a-985e-fe3aec45eb2f req-648c1e88-8bad-4324-9efa-4b59f6f157fa e7085b8441a547c69ccb60bff42e474d dbed22917da74d809004318bb4218e4f - - default default] No more DHCP agents
2026-07-14 11:41:34.908 10 WARNING neutron.api.rpc.agentnotifiers.dhcp_rpc_agent_api [req-e05c3b09-da5a-464a-985e-fe3aec45eb2f req-648c1e88-8bad-4324-9efa-4b59f6f157fa e7085b8441a547c69ccb60bff42e474d dbed22917da74d809004318bb4218e4f - - default default] Unable to schedule network 7e5c5f79-f298-48db-a77a-b759ee0114c4: no agents available; will retry on subsequent port and subnet creation events.
2026-07-14 11:41:35.122 9 INFO neutron.wsgi [None req-dc7ec1b2-1fd4-44dc-bbf0-0c290b5f11e7 2b9875a946aa474580edeaab0ff33bf8 635919cd1a69413da999264424037a28 - - default default] 10.0.0.24 "GET /v2.0/extensions HTTP/1.1" status: 200 len: 16520 time: 0.1938908
2026-07-14 11:41:35.129 9 INFO neutron.wsgi [None req-c3daafc9-9d17-4432-b4ae-ee934a1f4582 2b9875a946aa474580edeaab0ff33bf8 635919cd1a69413da999264424037a28 - - default default] 10.0.0.24 "GET /v2.0/extensions/address-group HTTP/1.1" status: 200 len: 353 time: 0.0033343
2026-07-14 11:41:35.148 9 INFO neutron.wsgi [None req-5378a700-05cd-4ab4-b94b-b9e9a03fa27d 2b9875a946aa474580edeaab0ff33bf8 635919cd1a69413da999264424037a28 - - default default] 10.0.0.24 "GET /v2.0/extensions/address-scope HTTP/1.1" status: 200 len: 357 time: 0.0067441
2026-07-14 11:41:35.157 9 INFO neutron.wsgi [None req-9bb3fef0-360b-4584-af39-aeb215ef5a01 2b9875a946aa474580edeaab0ff33bf8 635919cd1a69413da999264424037a28 - - default default] 10.0.0.24 "GET /v2.0/extensions/agent HTTP/1.1" status: 200 len: 347 time: 0.0049927
2026-07-14 11:41:35.166 9 INFO neutron.wsgi [None req-2de5f729-aaa1-4af0-baba-5b53662158a9 2b9875a946aa474580edeaab0ff33bf8 635919cd1a69413da999264424037a28 - - default default] 10.0.0.24 "GET /v2.0/extensions/allowed-address-pairs HTTP/1.1" status: 200 len: 378 time: 0.0043340
2026-07-14 11:41:35.176 9 INFO neutron.wsgi [None req-a16c26a1-64c4-4a21-bfad-af5a461ffc30 2b9875a946aa474580edeaab0ff33bf8 635919cd1a69413da999264424037a28 - - default default] 10.0.0.24 "GET /v2.0/extensions/auto-allocated-topology HTTP/1.1" status: 200 len: 394 time: 0.0043032
2026-07-14 11:41:35.183 9 INFO neutron.wsgi [None req-14cae7d2-2b14-4a93-a2b6-ee2860883120 2b9875a946aa474580edeaab0ff33bf8 635919cd1a69413da999264424037a28 - - default default] 10.0.0.24 "GET /v2.0/extensions/availability_zone HTTP/1.1" status: 200 len: 372 time: 0.0040529
2026-07-14 11:41:35.191 9 INFO neutron.wsgi [None req-cfe987b5-f229-4777-af45-955eb06780dc 2b9875a946aa474580edeaab0ff33bf8 635919cd1a69413da999264424037a28 - - default default] 10.0.0.24 "GET /v2.0/extensions/default-subnetpools HTTP/1.1" status: 200 len: 405 time: 0.0044332
2026-07-14 11:41:35.193 10 INFO neutron.db.ovn_revision_numbers_db [req-e05c3b09-da5a-464a-985e-fe3aec45eb2f req-648c1e88-8bad-4324-9efa-4b59f6f157fa e7085b8441a547c69ccb60bff42e474d dbed22917da74d809004318bb4218e4f - - default default] Successfully bumped revision number for resource 094c663b-a79c-46b9-a75a-52ccb6b4d34c (type: ports) to 1
2026-07-14 11:41:35.198 9 INFO neutron.wsgi [None req-0a21e45a-d588-447c-8211-c25daeb5aa87 2b9875a946aa474580edeaab0ff33bf8 635919cd1a69413da999264424037a28 - - default default] 10.0.0.24 "GET /v2.0/extensions/dhcp_agent_scheduler HTTP/1.1" status: 200 len: 381 time: 0.0039890
2026-07-14 11:41:35.206 9 INFO neutron.wsgi [None req-811701d2-e17e-4d16-a266-2beb36af1a92 2b9875a946aa474580edeaab0ff33bf8 635919cd1a69413da999264424037a28 - - default default] 10.0.0.24 "GET /v2.0/extensions/dns-integration HTTP/1.1" status: 200 len: 366 time: 0.0039999
2026-07-14 11:41:35.215 9 INFO neutron.wsgi [None req-2b33bd10-46c7-456e-b1a0-5019a6e3de10 2b9875a946aa474580edeaab0ff33bf8 635919cd1a69413da999264424037a28 - - default default] 10.0.0.24 "GET /v2.0/extensions/dns-domain-ports HTTP/1.1" status: 200 len: 399 time: 0.0042670
2026-07-14 11:41:35.223 9 INFO neutron.wsgi [None req-bc4bbf8d-686b-40af-9759-2c3a80bc02ee 2b9875a946aa474580edeaab0ff33bf8 635919cd1a69413da999264424037a28 - - default default] 10.0.0.24 "GET /v2.0/extensions/dns-integration-domain-keywords HTTP/1.1" status: 200 len: 477 time: 0.0045657
2026-07-14 11:41:35.223 10 INFO neutron.wsgi [req-e05c3b09-da5a-464a-985e-fe3aec45eb2f req-648c1e88-8bad-4324-9efa-4b59f6f157fa e7085b8441a547c69ccb60bff42e474d dbed22917da74d809004318bb4218e4f - - default default] 199.204.45.3 "POST /v2.0/ports HTTP/1.1" status: 201 len: 1162 time: 1.0285993
2026-07-14 11:41:35.231 9 INFO neutron.wsgi [None req-de5ef501-4686-42b4-b54f-b95d9e4695ba 2b9875a946aa474580edeaab0ff33bf8 635919cd1a69413da999264424037a28 - - default default] 10.0.0.24 "GET /v2.0/extensions/external-net HTTP/1.1" status: 200 len: 394 time: 0.0040472
2026-07-14 11:41:35.232 10 INFO neutron.wsgi [None req-eed2529d-fb90-4697-9b52-b852bc6ea45c 1d12c91d398e4b279d4a7dd59c5d4040 f68e40aba7dd4d9192df5fa8180c37da - - default default] 10.0.0.24 "DELETE /v2.0/networks/18a51260-f3e0-4a03-81b4-5f121385726b HTTP/1.1" status: 204 len: 168 time: 0.8628740
2026-07-14 11:41:35.239 9 INFO neutron.wsgi [None req-b2fbeb3e-0f24-433b-8ca0-d8ed28ab7b95 2b9875a946aa474580edeaab0ff33bf8 635919cd1a69413da999264424037a28 - - default default] 10.0.0.24 "GET /v2.0/extensions/extra_dhcp_opt HTTP/1.1" status: 200 len: 498 time: 0.0039303 /var/lib/openstack/lib/python3.10/site-packages/pycadf/identifier.py:71: UserWarning: Invalid uuid: neutron. To ensure interoperability, identifiers should be a valid uuid. warnings.warn(('Invalid uuid: %s. To ensure interoperability, '
2026-07-14 11:41:35.246 9 INFO neutron.wsgi [None req-b82056a2-8ea8-4e7a-8ebd-7e2085f010f8 2b9875a946aa474580edeaab0ff33bf8 635919cd1a69413da999264424037a28 - - default default] 10.0.0.24 "GET /v2.0/extensions/extraroute HTTP/1.1" status: 200 len: 375 time: 0.0040331
2026-07-14 11:41:35.254 9 INFO neutron.wsgi [None req-59a6566f-26a2-4950-bdfa-3f77c52da8b4 2b9875a946aa474580edeaab0ff33bf8 635919cd1a69413da999264424037a28 - - default default] 10.0.0.24 "GET /v2.0/extensions/filter-validation HTTP/1.1" status: 200 len: 392 time: 0.0049515
2026-07-14 11:41:35.263 9 INFO neutron.wsgi [None req-1897b9b0-e669-437a-b554-488f8650d407 2b9875a946aa474580edeaab0ff33bf8 635919cd1a69413da999264424037a28 - - default default] 10.0.0.24 "GET /v2.0/extensions/floating-ip-port-forwarding-detail HTTP/1.1" status: 200 len: 465 time: 0.0044794
2026-07-14 11:41:35.270 9 INFO neutron.wsgi [None req-6a9e5b8e-b219-4acf-b63c-f93a7929e983 2b9875a946aa474580edeaab0ff33bf8 635919cd1a69413da999264424037a28 - - default default] 10.0.0.24 "GET /v2.0/extensions/fip-port-details HTTP/1.1" status: 200 len: 406 time: 0.0041807
2026-07-14 11:41:35.278 9 INFO neutron.wsgi [None req-0774b63b-033b-4345-8c05-596f81410ccd 2b9875a946aa474580edeaab0ff33bf8 635919cd1a69413da999264424037a28 - - default default] 10.0.0.24 "GET /v2.0/extensions/flavors HTTP/1.1" status: 200 len: 387 time: 0.0044606
2026-07-14 11:41:35.286 9 INFO neutron.wsgi [None req-d0912003-7a63-4f37-8e38-eb3273816252 2b9875a946aa474580edeaab0ff33bf8 635919cd1a69413da999264424037a28 - - default default] 10.0.0.24 "GET /v2.0/extensions/floatingip-pools HTTP/1.1" status: 200 len: 382 time: 0.0043485
2026-07-14 11:41:35.293 9 INFO neutron.wsgi [None req-2a87b61a-8b45-4f2b-bcfd-8ae2ee5c1442 2b9875a946aa474580edeaab0ff33bf8 635919cd1a69413da999264424037a28 - - default default] 10.0.0.24 "GET /v2.0/extensions/ip_allocation HTTP/1.1" status: 200 len: 356 time: 0.0040491
2026-07-14 11:41:35.299 9 INFO neutron.wsgi [None req-c00a16ae-2863-44bf-8aa6-6e5adec9f30d 2b9875a946aa474580edeaab0ff33bf8 635919cd1a69413da999264424037a28 - - default default] 10.0.0.24 "GET /v2.0/extensions/l2_adjacency HTTP/1.1" status: 200 len: 372 time: 0.0028822
2026-07-14 11:41:35.307 9 INFO neutron.wsgi [None req-f1ad5326-2652-4037-bc88-274ba272533f 2b9875a946aa474580edeaab0ff33bf8 635919cd1a69413da999264424037a28 - - default default] 10.0.0.24 "GET /v2.0/extensions/router HTTP/1.1" status: 200 len: 450 time: 0.0039930
2026-07-14 11:41:35.314 9 INFO neutron.wsgi [None req-5f800907-855e-49b8-813f-4f6f063f6f00 2b9875a946aa474580edeaab0ff33bf8 635919cd1a69413da999264424037a28 - - default default] 10.0.0.24 "GET /v2.0/extensions/ext-gw-mode HTTP/1.1" status: 200 len: 462 time: 0.0045843
2026-07-14 11:41:35.322 9 INFO neutron.wsgi [None req-590da108-7529-4aa1-99e7-b6c327b0f5a8 2b9875a946aa474580edeaab0ff33bf8 635919cd1a69413da999264424037a28 - - default default] 10.0.0.24 "GET /v2.0/extensions/logging HTTP/1.1" status: 200 len: 407 time: 0.0032749
2026-07-14 11:41:35.329 9 INFO neutron.wsgi [None req-88fad6ce-7ca2-4828-926c-dd70ff4a428b 2b9875a946aa474580edeaab0ff33bf8 635919cd1a69413da999264424037a28 - - default default] 10.0.0.24 "GET /v2.0/extensions/multi-provider HTTP/1.1" status: 200 len: 406 time: 0.0040574
2026-07-14 11:41:35.329 10 INFO neutron.wsgi [None req-5a787dbd-e72f-4ba1-afbe-e8c95bd667f0 ae826f31388545d099283ee38f45910b 4a4b716d322747ab840c73fe39f33ea7 - - default default] 10.0.0.24 "DELETE /v2.0/networks/903ce4e0-222f-43d8-97b3-0da067d3167a HTTP/1.1" status: 204 len: 168 time: 0.8082123
2026-07-14 11:41:35.337 9 INFO neutron.wsgi [None req-afa27ea4-ac07-412e-b522-2b4022ee32d9 2b9875a946aa474580edeaab0ff33bf8 635919cd1a69413da999264424037a28 - - default default] 10.0.0.24 "GET /v2.0/extensions/net-mtu HTTP/1.1" status: 200 len: 370 time: 0.0042620
2026-07-14 11:41:35.345 9 INFO neutron.wsgi [None req-6afe2b3f-52e7-4a09-9214-5b6a9d8560cd 2b9875a946aa474580edeaab0ff33bf8 635919cd1a69413da999264424037a28 - - default default] 10.0.0.24 "GET /v2.0/extensions/net-mtu-writable HTTP/1.1" status: 200 len: 401 time: 0.0044155
2026-07-14 11:41:35.353 9 INFO neutron.wsgi [None req-77960916-3307-4289-8393-79d10382d410 2b9875a946aa474580edeaab0ff33bf8 635919cd1a69413da999264424037a28 - - default default] 10.0.0.24 "GET /v2.0/extensions/network_availability_zone HTTP/1.1" status: 200 len: 394 time: 0.0040243
2026-07-14 11:41:35.360 9 INFO neutron.wsgi [None req-79166424-c5df-40e8-91ab-83f20a3f446a 2b9875a946aa474580edeaab0ff33bf8 635919cd1a69413da999264424037a28 - - default default] 10.0.0.24 "GET /v2.0/extensions/network-ip-availability HTTP/1.1" status: 200 len: 410 time: 0.0041463
2026-07-14 11:41:35.368 9 INFO neutron.wsgi [None req-ed7128df-1a37-4b53-a568-a206907433d3 2b9875a946aa474580edeaab0ff33bf8 635919cd1a69413da999264424037a28 - - default default] 10.0.0.24 "GET /v2.0/extensions/pagination HTTP/1.1" status: 200 len: 386 time: 0.0042367
2026-07-14 11:41:35.377 9 INFO neutron.wsgi [None req-9126b0aa-ef0a-4c22-b813-f9dc4742640e 2b9875a946aa474580edeaab0ff33bf8 635919cd1a69413da999264424037a28 - - default default] 10.0.0.24 "GET /v2.0/extensions/port-device-profile HTTP/1.1" status: 200 len: 383 time: 0.0065870
2026-07-14 11:41:35.385 9 INFO neutron.wsgi [None req-a0bc53c4-a493-4717-95f7-b1602fb6bd78 2b9875a946aa474580edeaab0ff33bf8 635919cd1a69413da999264424037a28 - - default default] 10.0.0.24 "GET /v2.0/extensions/port-mac-address-regenerate HTTP/1.1" status: 200 len: 403 time: 0.0031819
2026-07-14 11:41:35.394 9 INFO neutron.wsgi [None req-8d355552-da21-489c-bdf4-1ddb87835bab 2b9875a946aa474580edeaab0ff33bf8 635919cd1a69413da999264424037a28 - - default default] 10.0.0.24 "GET /v2.0/extensions/port-numa-affinity-policy HTTP/1.1" status: 200 len: 392 time: 0.0040050
2026-07-14 11:41:35.403 9 INFO neutron.wsgi [None req-bf6093e6-b136-4d83-b078-48a49fbf3356 2b9875a946aa474580edeaab0ff33bf8 635919cd1a69413da999264424037a28 - - default default] 10.0.0.24 "GET /v2.0/extensions/port-resource-request HTTP/1.1" status: 200 len: 379 time: 0.0053608
2026-07-14 11:41:35.411 10 INFO neutron.services.segments.plugin [-] Segment d89d5c4e-3946-43aa-878c-f7bc59347a96 resource provider aggregate not found
2026-07-14 11:41:35.416 9 INFO neutron.wsgi [None req-792fd2d0-bfe4-4593-a880-236dedf6f37c 2b9875a946aa474580edeaab0ff33bf8 635919cd1a69413da999264424037a28 - - default default] 10.0.0.24 "GET /v2.0/extensions/port-resource-request-groups HTTP/1.1" status: 200 len: 465 time: 0.0055451
2026-07-14 11:41:35.416 10 INFO neutron.services.segments.plugin [-] Segment d89d5c4e-3946-43aa-878c-f7bc59347a96 resource provider aggregate not found
2026-07-14 11:41:35.424 9 INFO neutron.wsgi [None req-38fe7500-d3b7-4973-bc7c-321c08d00874 2b9875a946aa474580edeaab0ff33bf8 635919cd1a69413da999264424037a28 - - default default] 10.0.0.24 "GET /v2.0/extensions/binding HTTP/1.1" status: 200 len: 387 time: 0.0043979
2026-07-14 11:41:35.442 10 INFO neutron.services.segments.plugin [-] Segment d89d5c4e-3946-43aa-878c-f7bc59347a96 resource provider not found; error: Placement Client Error (4xx): {"errors": [{"status": 404, "title": "Not Found", "detail": "The resource could not be found.\n\n No resource provider with uuid d89d5c4e-3946-43aa-878c-f7bc59347a96 found for delete ", "request_id": "req-b0aebcdb-8801-4ba3-b73e-bf7cf8455910"}]}
2026-07-14 11:41:35.442 9 INFO neutron.wsgi [None req-c3fa4f4a-ded4-46ba-8685-d37b740ef942 2b9875a946aa474580edeaab0ff33bf8 635919cd1a69413da999264424037a28 - - default default] 10.0.0.24 "GET /v2.0/extensions/binding-extended HTTP/1.1" status: 200 len: 406 time: 0.0099320
2026-07-14 11:41:35.447 10 INFO neutron.services.segments.plugin [-] Segment d89d5c4e-3946-43aa-878c-f7bc59347a96 resource provider not found; error: Placement Client Error (4xx): {"errors": [{"status": 404, "title": "Not Found", "detail": "The resource could not be found.\n\n No resource provider with uuid d89d5c4e-3946-43aa-878c-f7bc59347a96 found for delete ", "request_id": "req-eae59cc0-2cbe-462a-9a35-a2581922f5ec"}]}
2026-07-14 11:41:35.453 9 INFO neutron.wsgi [None req-24226598-69d7-40a0-8834-531f37aced6c 2b9875a946aa474580edeaab0ff33bf8 635919cd1a69413da999264424037a28 - - default default] 10.0.0.24 "GET /v2.0/extensions/port-security HTTP/1.1" status: 200 len: 354 time: 0.0039964
2026-07-14 11:41:35.464 10 INFO neutron.services.segments.plugin [-] Segment 48cd8bea-5327-4382-b6ad-e055f4731e21 resource provider aggregate not found
2026-07-14 11:41:35.465 9 INFO neutron.wsgi [None req-fc84e575-bac7-488f-98a7-a74d5761b33e 2b9875a946aa474580edeaab0ff33bf8 635919cd1a69413da999264424037a28 - - default default] 10.0.0.24 "GET /v2.0/extensions/project-id HTTP/1.1" status: 200 len: 398 time: 0.0063751
2026-07-14 11:41:35.470 10 INFO neutron.services.segments.plugin [-] Segment 48cd8bea-5327-4382-b6ad-e055f4731e21 resource provider aggregate not found
2026-07-14 11:41:35.484 9 INFO neutron.wsgi [None req-13a74539-178d-4c73-a2a0-e5e8c50b9f07 2b9875a946aa474580edeaab0ff33bf8 635919cd1a69413da999264424037a28 - - default default] 10.0.0.24 "GET /v2.0/extensions/provider HTTP/1.1" status: 200 len: 385 time: 0.0085878
2026-07-14 11:41:35.493 10 INFO neutron.services.segments.plugin [-] Segment 48cd8bea-5327-4382-b6ad-e055f4731e21 resource provider not found; error: Placement Client Error (4xx): {"errors": [{"status": 404, "title": "Not Found", "detail": "The resource could not be found.\n\n No resource provider with uuid 48cd8bea-5327-4382-b6ad-e055f4731e21 found for delete ", "request_id": "req-6523f36a-9fa4-4c17-8268-14b2a1663302"}]}
2026-07-14 11:41:35.493 9 INFO neutron.wsgi [None req-1ebc3e32-472c-49f8-92d4-5a16778ff78f 2b9875a946aa474580edeaab0ff33bf8 635919cd1a69413da999264424037a28 - - default default] 10.0.0.24 "GET /v2.0/extensions/qos HTTP/1.1" status: 200 len: 360 time: 0.0036700
2026-07-14 11:41:35.503 10 INFO neutron.services.segments.plugin [-] Segment 48cd8bea-5327-4382-b6ad-e055f4731e21 resource provider not found; error: Placement Client Error (4xx): {"errors": [{"status": 404, "title": "Not Found", "detail": "The resource could not be found.\n\n No resource provider with uuid 48cd8bea-5327-4382-b6ad-e055f4731e21 found for delete ", "request_id": "req-b1cd39f2-c415-41a0-a458-827f6578e8c8"}]}
2026-07-14 11:41:35.506 9 INFO neutron.wsgi [None req-56f50d4a-b56d-476a-b3bd-f76c9eeb6a78 2b9875a946aa474580edeaab0ff33bf8 635919cd1a69413da999264424037a28 - - default default] 10.0.0.24 "GET /v2.0/extensions/qos-bw-limit-direction HTTP/1.1" status: 200 len: 452 time: 0.0045137
2026-07-14 11:41:35.518 10 INFO neutron.services.segments.plugin [-] Segment d08e883c-1ce6-4895-bd91-0ac98fe44a62 resource provider aggregate not found
2026-07-14 11:41:35.520 9 INFO neutron.wsgi [None req-e9851af6-f456-4946-a77c-d12c68e7423c 2b9875a946aa474580edeaab0ff33bf8 635919cd1a69413da999264424037a28 - - default default] 10.0.0.24 "GET /v2.0/extensions/qos-bw-minimum-ingress HTTP/1.1" status: 200 len: 445 time: 0.0103185
2026-07-14 11:41:35.523 10 INFO neutron.services.segments.plugin [-] Segment d08e883c-1ce6-4895-bd91-0ac98fe44a62 resource provider aggregate not found
2026-07-14 11:41:35.533 9 INFO neutron.wsgi [None req-417b2689-3754-40fe-8130-55c98dc20da1 2b9875a946aa474580edeaab0ff33bf8 635919cd1a69413da999264424037a28 - - default default] 10.0.0.24 "GET /v2.0/extensions/qos-default HTTP/1.1" status: 200 len: 377 time: 0.0056863
2026-07-14 11:41:35.540 10 INFO neutron.services.segments.plugin [-] Segment d08e883c-1ce6-4895-bd91-0ac98fe44a62 resource provider not found; error: Placement Client Error (4xx): {"errors": [{"status": 404, "title": "Not Found", "detail": "The resource could not be found.\n\n No resource provider with uuid d08e883c-1ce6-4895-bd91-0ac98fe44a62 found for delete ", "request_id": "req-25043df1-9661-4511-9634-40b931dd2f80"}]}
2026-07-14 11:41:35.547 10 INFO neutron.services.segments.plugin [-] Segment d08e883c-1ce6-4895-bd91-0ac98fe44a62 resource provider not found; error: Placement Client Error (4xx): {"errors": [{"status": 404, "title": "Not Found", "detail": "The resource could not be found.\n\n No resource provider with uuid d08e883c-1ce6-4895-bd91-0ac98fe44a62 found for delete ", "request_id": "req-25f41511-d08f-4f54-9f92-e5e89472929e"}]}
2026-07-14 11:41:35.547 9 INFO neutron.wsgi [None req-a4215509-e33a-4efd-bd3e-1914a15b344d 2b9875a946aa474580edeaab0ff33bf8 635919cd1a69413da999264424037a28 - - default default] 10.0.0.24 "GET /v2.0/extensions/qos-fip HTTP/1.1" status: 200 len: 372 time: 0.0049613
2026-07-14 11:41:35.557 9 INFO neutron.wsgi [None req-8ef98a5f-3340-4348-b4db-9ab0f67c0a5b 2b9875a946aa474580edeaab0ff33bf8 635919cd1a69413da999264424037a28 - - default default] 10.0.0.24 "GET /v2.0/extensions/qos-gateway-ip HTTP/1.1" status: 200 len: 391 time: 0.0043750
2026-07-14 11:41:35.566 10 INFO neutron.wsgi [None req-44faca0f-b8f6-4255-9c98-5fab4b87a2c9 2b9875a946aa474580edeaab0ff33bf8 635919cd1a69413da999264424037a28 - - default default] 10.0.0.24 "GET /v2.0/extensions/qos-port-network-policy HTTP/1.1" status: 200 len: 403 time: 0.0040290
2026-07-14 11:41:35.573 10 INFO neutron.services.segments.plugin [-] Segment e5d2898e-6806-4d97-ba2f-25870480a442 resource provider aggregate not found
2026-07-14 11:41:35.575 9 INFO neutron.wsgi [None req-679858a4-8a19-47f3-8fd4-65b916d8cf8e 2b9875a946aa474580edeaab0ff33bf8 635919cd1a69413da999264424037a28 - - default default] 10.0.0.24 "GET /v2.0/extensions/qos-pps-minimum HTTP/1.1" status: 200 len: 397 time: 0.0065894
2026-07-14 11:41:35.581 10 INFO neutron.services.segments.plugin [-] Segment e5d2898e-6806-4d97-ba2f-25870480a442 resource provider aggregate not found
2026-07-14 11:41:35.582 9 INFO neutron.wsgi [None req-feda0942-cab9-47f0-975e-dd4a48198bb4 2b9875a946aa474580edeaab0ff33bf8 635919cd1a69413da999264424037a28 - - default default] 10.0.0.24 "GET /v2.0/extensions/qos-pps-minimum-rule-alias HTTP/1.1" status: 200 len: 471 time: 0.0035634
2026-07-14 11:41:35.592 9 INFO neutron.wsgi [None req-3ca9a557-eed3-4310-bc8d-f56814a3d830 2b9875a946aa474580edeaab0ff33bf8 635919cd1a69413da999264424037a28 - - default default] 10.0.0.24 "GET /v2.0/extensions/qos-pps HTTP/1.1" status: 200 len: 389 time: 0.0042875
2026-07-14 11:41:35.600 10 INFO neutron.services.segments.plugin [-] Segment e5d2898e-6806-4d97-ba2f-25870480a442 resource provider not found; error: Placement Client Error (4xx): {"errors": [{"status": 404, "title": "Not Found", "detail": "The resource could not be found.\n\n No resource provider with uuid e5d2898e-6806-4d97-ba2f-25870480a442 found for delete ", "request_id": "req-032cc4c4-2374-4d01-86ae-6968804f6873"}]}
2026-07-14 11:41:35.601 9 INFO neutron.wsgi [None req-c951b68e-74a8-4f95-b8bb-6837c97c31c4 2b9875a946aa474580edeaab0ff33bf8 635919cd1a69413da999264424037a28 - - default default] 10.0.0.24 "GET /v2.0/extensions/qos-rule-type-details HTTP/1.1" status: 200 len: 423 time: 0.0049109
2026-07-14 11:41:35.605 10 INFO neutron.services.segments.plugin [-] Segment e5d2898e-6806-4d97-ba2f-25870480a442 resource provider not found; error: Placement Client Error (4xx): {"errors": [{"status": 404, "title": "Not Found", "detail": "The resource could not be found.\n\n No resource provider with uuid e5d2898e-6806-4d97-ba2f-25870480a442 found for delete ", "request_id": "req-090b4b2f-2ea3-4df6-adb0-56e167e19695"}]}
2026-07-14 11:41:35.610 9 INFO neutron.wsgi [None req-4af4b2a9-d964-4db9-93cb-e334a8980e82 2b9875a946aa474580edeaab0ff33bf8 635919cd1a69413da999264424037a28 - - default default] 10.0.0.24 "GET /v2.0/extensions/qos-rule-type-filter HTTP/1.1" status: 200 len: 567 time: 0.0050476
2026-07-14 11:41:35.618 9 INFO neutron.wsgi [None req-0a231cca-13cb-4e07-a7c1-94d33cdfb915 2b9875a946aa474580edeaab0ff33bf8 635919cd1a69413da999264424037a28 - - default default] 10.0.0.24 "GET /v2.0/extensions/qos-rules-alias HTTP/1.1" status: 200 len: 448 time: 0.0045936
2026-07-14 11:41:35.626 9 INFO neutron.wsgi [None req-99e631ef-b06c-4d69-a33d-eac68d766c94 2b9875a946aa474580edeaab0ff33bf8 635919cd1a69413da999264424037a28 - - default default] 10.0.0.24 "GET /v2.0/extensions/quota-check-limit HTTP/1.1" status: 200 len: 420 time: 0.0044622
2026-07-14 11:41:35.633 9 INFO neutron.wsgi [None req-3eddf0ef-9a06-4211-b2c8-3f9cb5f7dd5c 2b9875a946aa474580edeaab0ff33bf8 635919cd1a69413da999264424037a28 - - default default] 10.0.0.24 "GET /v2.0/extensions/quotas HTTP/1.1" status: 200 len: 386 time: 0.0043492
2026-07-14 11:41:35.642 9 INFO neutron.wsgi [None req-b18f2035-982a-4cc8-ba23-076bd9680976 2b9875a946aa474580edeaab0ff33bf8 635919cd1a69413da999264424037a28 - - default default] 10.0.0.24 "GET /v2.0/extensions/quota_details HTTP/1.1" status: 200 len: 407 time: 0.0046983
2026-07-14 11:41:35.651 9 INFO neutron.wsgi [None req-9ad549ba-0591-4e39-915b-287743f930a6 2b9875a946aa474580edeaab0ff33bf8 635919cd1a69413da999264424037a28 - - default default] 10.0.0.24 "GET /v2.0/extensions/rbac-policies HTTP/1.1" status: 200 len: 417 time: 0.0045445
2026-07-14 11:41:35.660 9 INFO neutron.wsgi [None req-9b3a28ea-832d-4995-8317-3eb044da6438 2b9875a946aa474580edeaab0ff33bf8 635919cd1a69413da999264424037a28 - - default default] 10.0.0.24 "GET /v2.0/extensions/rbac-address-scope HTTP/1.1" status: 200 len: 384 time: 0.0058389
2026-07-14 11:41:35.668 9 INFO neutron.wsgi [None req-1243b351-e806-4c53-8412-c291a6e96093 2b9875a946aa474580edeaab0ff33bf8 635919cd1a69413da999264424037a28 - - default default] 10.0.0.24 "GET /v2.0/extensions/rbac-security-groups HTTP/1.1" status: 200 len: 404 time: 0.0042250
2026-07-14 11:41:35.675 9 INFO neutron.wsgi [None req-dced7221-8331-4153-b238-cb8d93ef2afd 2b9875a946aa474580edeaab0ff33bf8 635919cd1a69413da999264424037a28 - - default default] 10.0.0.24 "GET /v2.0/extensions/revision-if-match HTTP/1.1" status: 200 len: 441 time: 0.0044224
2026-07-14 11:41:35.686 10 INFO neutron.wsgi [None req-e208c66a-6e1b-4c2f-8732-bcf22b2e324a 2b9875a946aa474580edeaab0ff33bf8 635919cd1a69413da999264424037a28 - - default default] 10.0.0.24 "GET /v2.0/extensions/standard-attr-revisions HTTP/1.1" status: 200 len: 423 time: 0.0054018
2026-07-14 11:41:35.694 9 INFO neutron.wsgi [None req-48a7baf0-2522-4d18-ad6e-747016169382 2b9875a946aa474580edeaab0ff33bf8 635919cd1a69413da999264424037a28 - - default default] 10.0.0.24 "GET /v2.0/extensions/router_availability_zone HTTP/1.1" status: 200 len: 391 time: 0.0042889
2026-07-14 11:41:35.697 9 INFO neutron.services.segments.plugin [-] Segment 5fd6beb1-9081-409f-9164-e85328977c51 resource provider aggregate not found
2026-07-14 11:41:35.703 9 INFO neutron.services.segments.plugin [-] Segment 5fd6beb1-9081-409f-9164-e85328977c51 resource provider aggregate not found
2026-07-14 11:41:35.714 10 INFO neutron.wsgi [None req-7c4006ea-a05e-428b-8beb-4e478a18dbd5 2b9875a946aa474580edeaab0ff33bf8 635919cd1a69413da999264424037a28 - - default default] 10.0.0.24 "GET /v2.0/extensions/security-groups-normalized-cidr HTTP/1.1" status: 200 len: 445 time: 0.0118163
2026-07-14 11:41:35.723 9 INFO neutron.wsgi [None req-e5a3a397-9c64-47c9-9d07-8c30e637988c 2b9875a946aa474580edeaab0ff33bf8 635919cd1a69413da999264424037a28 - - default default] 10.0.0.24 "GET /v2.0/extensions/security-groups-remote-address-group HTTP/1.1" status: 200 len: 448 time: 0.0052280
