2026-07-14 11:41:42.309 9 WARNING neutron.api.rpc.agentnotifiers.dhcp_rpc_agent_api [None req-c654d331-ecec-4995-9c3e-00947056e271 61cc9ff09637400abe30ee49045d40af c8fd51370ff947d78ad572e79e073627 - - default default] Unable to schedule network 9c668055-0dc3-4ddb-b344-118e354e2379: no agents available; will retry on subsequent port and subnet creation events.
2026-07-14 11:41:42.406 9 INFO neutron.db.ovn_revision_numbers_db [None req-c654d331-ecec-4995-9c3e-00947056e271 61cc9ff09637400abe30ee49045d40af c8fd51370ff947d78ad572e79e073627 - - default default] Successfully bumped revision number for resource 334a7de8-7bc8-473b-bf62-5b88ce9fb321 (type: ports) to 1
2026-07-14 11:41:42.434 9 INFO neutron.wsgi [None req-c654d331-ecec-4995-9c3e-00947056e271 61cc9ff09637400abe30ee49045d40af c8fd51370ff947d78ad572e79e073627 - - default default] 10.0.0.24 "POST /v2.0/networks HTTP/1.1" status: 201 len: 849 time: 0.6311986 /var/lib/openstack/lib/python3.10/site-packages/pycadf/identifier.py:71: UserWarning: Invalid uuid: neutron. To ensure interoperability, identifiers should be a valid uuid. warnings.warn(('Invalid uuid: %s. To ensure interoperability, '
2026-07-14 11:41:42.534 9 INFO neutron.db.segments_db [None req-411a337b-dfa1-4efd-9067-0269c20beac3 61cc9ff09637400abe30ee49045d40af c8fd51370ff947d78ad572e79e073627 - - default default] Added segment ba812ff3-e864-44b5-9540-8038c75c92dd of type geneve for network 6d291b2e-a0eb-4796-8cd8-57f704ede481
2026-07-14 11:41:42.560 10 INFO neutron.notifiers.nova [-] Nova event matching ['req-c5f2d68b-a1d7-443f-a614-25f6ac5b6725'] response: {'server_uuid': '9bcea8c0-a368-40f6-bf23-d7e79099e187', 'name': 'network-vif-unplugged', 'status': 'completed', 'tag': '094c663b-a79c-46b9-a75a-52ccb6b4d34c', 'code': 200}
2026-07-14 11:41:42.560 10 INFO neutron.notifiers.nova [-] Nova event matching ['req-c5f2d68b-a1d7-443f-a614-25f6ac5b6725'] response: {'server_uuid': '9bcea8c0-a368-40f6-bf23-d7e79099e187', 'name': 'network-vif-plugged', 'status': 'completed', 'tag': '094c663b-a79c-46b9-a75a-52ccb6b4d34c', 'code': 200}
2026-07-14 11:41:42.561 10 INFO neutron.notifiers.nova [-] Nova event matching ['req-c5f2d68b-a1d7-443f-a614-25f6ac5b6725'] response: {'server_uuid': '9bcea8c0-a368-40f6-bf23-d7e79099e187', 'name': 'network-vif-deleted', 'tag': '094c663b-a79c-46b9-a75a-52ccb6b4d34c', 'status': 'completed', 'code': 200}
2026-07-14 11:41:42.684 9 INFO neutron.db.ovn_revision_numbers_db [None req-411a337b-dfa1-4efd-9067-0269c20beac3 61cc9ff09637400abe30ee49045d40af c8fd51370ff947d78ad572e79e073627 - - default default] Successfully bumped revision number for resource 6d291b2e-a0eb-4796-8cd8-57f704ede481 (type: networks) to 1
2026-07-14 11:41:42.845 9 WARNING neutron.scheduler.dhcp_agent_scheduler [None req-411a337b-dfa1-4efd-9067-0269c20beac3 61cc9ff09637400abe30ee49045d40af c8fd51370ff947d78ad572e79e073627 - - default default] No more DHCP agents
2026-07-14 11:41:42.847 9 WARNING neutron.api.rpc.agentnotifiers.dhcp_rpc_agent_api [None req-411a337b-dfa1-4efd-9067-0269c20beac3 61cc9ff09637400abe30ee49045d40af c8fd51370ff947d78ad572e79e073627 - - default default] Unable to schedule network 6d291b2e-a0eb-4796-8cd8-57f704ede481: no agents available; will retry on subsequent port and subnet creation events.
2026-07-14 11:41:42.923 9 INFO neutron.db.ovn_revision_numbers_db [None req-411a337b-dfa1-4efd-9067-0269c20beac3 61cc9ff09637400abe30ee49045d40af c8fd51370ff947d78ad572e79e073627 - - default default] Successfully bumped revision number for resource a457d3b0-044c-4bec-8fd5-187cc3bf3738 (type: ports) to 1
2026-07-14 11:41:42.944 9 INFO neutron.wsgi [None req-411a337b-dfa1-4efd-9067-0269c20beac3 61cc9ff09637400abe30ee49045d40af c8fd51370ff947d78ad572e79e073627 - - default default] 10.0.0.24 "POST /v2.0/networks HTTP/1.1" status: 201 len: 849 time: 0.5033791
2026-07-14 11:41:43.065 10 INFO neutron.wsgi [None req-20942be4-1ee9-4b40-a5b5-5e4aec29a16d a8d6a4b6cc724ef78587445288597daf da432f35edad4bd186f5737657ab1fad - - default default] 10.0.0.24 "POST /v2.0/qos/policies HTTP/1.1" status: 201 len: 558 time: 0.2310638
2026-07-14 11:41:43.105 10 INFO neutron.wsgi [None req-7e0079c8-1c35-40bd-b203-40bd41a915e3 a8d6a4b6cc724ef78587445288597daf da432f35edad4bd186f5737657ab1fad - - default default] 10.0.0.24 "POST /v2.0/qos/policies HTTP/1.1" status: 201 len: 558 time: 0.0332820
2026-07-14 11:41:43.152 10 INFO neutron.wsgi [None req-973435f4-ed0b-4a29-b8d1-935d0b4db21d a8d6a4b6cc724ef78587445288597daf da432f35edad4bd186f5737657ab1fad - - default default] 10.0.0.24 "POST /v2.0/qos/policies HTTP/1.1" status: 201 len: 558 time: 0.0419452
2026-07-14 11:41:43.199 10 INFO neutron.wsgi [None req-a510a20e-2aba-4f93-b560-2379623014d2 a8d6a4b6cc724ef78587445288597daf da432f35edad4bd186f5737657ab1fad - - default default] 10.0.0.24 "POST /v2.0/qos/policies HTTP/1.1" status: 201 len: 558 time: 0.0383508
2026-07-14 11:41:43.241 10 INFO neutron.wsgi [None req-04c66fb2-bd07-4e91-9bc1-150fa6527c2f a8d6a4b6cc724ef78587445288597daf da432f35edad4bd186f5737657ab1fad - - default default] 10.0.0.24 "POST /v2.0/qos/policies HTTP/1.1" status: 201 len: 558 time: 0.0370595
2026-07-14 11:41:43.274 10 INFO neutron.wsgi [None req-89e61fc3-2bb3-4acf-bb1a-2d20e93bfd70 a8d6a4b6cc724ef78587445288597daf da432f35edad4bd186f5737657ab1fad - - default default] 10.0.0.24 "PUT /v2.0/policies/b20effa5-2dd0-4d25-b112-0c4cda478710/tags HTTP/1.1" status: 200 len: 210 time: 0.0258515
2026-07-14 11:41:43.298 10 INFO neutron.wsgi [None req-48bbfa88-cf2e-4fdb-ac59-eb76ca36d978 a8d6a4b6cc724ef78587445288597daf da432f35edad4bd186f5737657ab1fad - - default default] 10.0.0.24 "PUT /v2.0/policies/afa59aa0-6723-4423-8ade-b0b5e12a4faf/tags HTTP/1.1" status: 200 len: 218 time: 0.0201628 /var/lib/openstack/lib/python3.10/site-packages/pycadf/identifier.py:71: UserWarning: Invalid uuid: neutron. To ensure interoperability, identifiers should be a valid uuid. warnings.warn(('Invalid uuid: %s. To ensure interoperability, '
2026-07-14 11:41:43.322 10 INFO neutron.wsgi [None req-8c2b1619-2567-49a8-bb1b-0449d2e5fa6e a8d6a4b6cc724ef78587445288597daf da432f35edad4bd186f5737657ab1fad - - default default] 10.0.0.24 "PUT /v2.0/policies/df9bcb9f-4426-447e-8b77-5ea2270c341f/tags HTTP/1.1" status: 200 len: 227 time: 0.0207639
2026-07-14 11:41:43.347 10 INFO neutron.wsgi [None req-4b2d1a12-ab4a-471a-8c0e-30369152e178 a8d6a4b6cc724ef78587445288597daf da432f35edad4bd186f5737657ab1fad - - default default] 10.0.0.24 "PUT /v2.0/policies/a519aa28-70e2-4c82-ab59-2912246e0d92/tags HTTP/1.1" status: 200 len: 212 time: 0.0213413
2026-07-14 11:41:43.387 9 WARNING neutron.scheduler.dhcp_agent_scheduler [None req-2a8e6c84-68c1-4bdc-b024-2a73c0943323 61cc9ff09637400abe30ee49045d40af c8fd51370ff947d78ad572e79e073627 - - default default] No more DHCP agents
2026-07-14 11:41:43.393 9 WARNING neutron.api.rpc.agentnotifiers.dhcp_rpc_agent_api [None req-2a8e6c84-68c1-4bdc-b024-2a73c0943323 61cc9ff09637400abe30ee49045d40af c8fd51370ff947d78ad572e79e073627 - - default default] Unable to schedule network 9c668055-0dc3-4ddb-b344-118e354e2379: no agents available; will retry on subsequent port and subnet creation events.
2026-07-14 11:41:43.487 9 INFO neutron.wsgi [None req-6969c8a7-6aa7-4890-88ec-e835a82cb32e e7085b8441a547c69ccb60bff42e474d dbed22917da74d809004318bb4218e4f - - default default] 10.0.0.24 "DELETE /v2.0/security-groups/8aaadcf4-f2d8-479a-bcb0-5f837fa0e15b HTTP/1.1" status: 204 len: 168 time: 0.1741176
2026-07-14 11:41:43.500 9 INFO neutron.db.ovn_revision_numbers_db [None req-2a8e6c84-68c1-4bdc-b024-2a73c0943323 61cc9ff09637400abe30ee49045d40af c8fd51370ff947d78ad572e79e073627 - - default default] Successfully bumped revision number for resource 49f542e8-24f7-4df3-8506-bf3790ed593f (type: ports) to 1
2026-07-14 11:41:43.512 10 INFO neutron.api.v2.resource [None req-0d4316d0-a093-4b71-a494-fcab9d9beaf7 e7085b8441a547c69ccb60bff42e474d dbed22917da74d809004318bb4218e4f - - default default] show failed (client error): The resource could not be found.
2026-07-14 11:41:43.513 10 INFO neutron.wsgi [None req-0d4316d0-a093-4b71-a494-fcab9d9beaf7 e7085b8441a547c69ccb60bff42e474d dbed22917da74d809004318bb4218e4f - - default default] 10.0.0.24 "GET /v2.0/security-groups/8aaadcf4-f2d8-479a-bcb0-5f837fa0e15b HTTP/1.1" status: 404 len: 347 time: 0.0172849
2026-07-14 11:41:43.549 9 WARNING neutron.scheduler.dhcp_agent_scheduler [None req-2a8e6c84-68c1-4bdc-b024-2a73c0943323 61cc9ff09637400abe30ee49045d40af c8fd51370ff947d78ad572e79e073627 - - default default] No more DHCP agents
2026-07-14 11:41:43.552 9 WARNING neutron.api.rpc.agentnotifiers.dhcp_rpc_agent_api [None req-2a8e6c84-68c1-4bdc-b024-2a73c0943323 61cc9ff09637400abe30ee49045d40af c8fd51370ff947d78ad572e79e073627 - - default default] Unable to schedule network 6d291b2e-a0eb-4796-8cd8-57f704ede481: no agents available; will retry on subsequent port and subnet creation events.
2026-07-14 11:41:43.639 9 INFO neutron.db.ovn_revision_numbers_db [None req-2a8e6c84-68c1-4bdc-b024-2a73c0943323 61cc9ff09637400abe30ee49045d40af c8fd51370ff947d78ad572e79e073627 - - default default] Successfully bumped revision number for resource 324f3fdf-e5d6-45ea-9a26-2be57531d245 (type: ports) to 1
2026-07-14 11:41:43.667 9 INFO neutron.wsgi [None req-2a8e6c84-68c1-4bdc-b024-2a73c0943323 61cc9ff09637400abe30ee49045d40af c8fd51370ff947d78ad572e79e073627 - - default default] 10.0.0.24 "POST /v2.0/ports HTTP/1.1" status: 201 len: 1705 time: 0.7169003 /var/lib/openstack/lib/python3.10/site-packages/pycadf/identifier.py:71: UserWarning: Invalid uuid: neutron. To ensure interoperability, identifiers should be a valid uuid. warnings.warn(('Invalid uuid: %s. To ensure interoperability, '
2026-07-14 11:41:43.802 9 INFO neutron.wsgi [None req-ecbc6f55-239c-4038-a2e5-c8f4f4054b1c 61cc9ff09637400abe30ee49045d40af c8fd51370ff947d78ad572e79e073627 - - default default] 10.0.0.24 "GET /v2.0/ports HTTP/1.1" status: 200 len: 3212 time: 0.1288748
2026-07-14 11:41:43.836 10 INFO neutron.wsgi [None req-b6a177f2-082d-47ae-a1b3-502f45361b2b e7085b8441a547c69ccb60bff42e474d dbed22917da74d809004318bb4218e4f - - default default] 10.0.0.24 "DELETE /v2.0/floatingips/fa2d740d-179d-4ab5-816c-e34b09241eca HTTP/1.1" status: 204 len: 168 time: 0.3183103
2026-07-14 11:41:43.926 10 INFO neutron.wsgi [None req-d9a44ec3-b364-4f09-9738-e61b152a8499 16ad97a9d6a442c9823c3dcfbc5510e9 03c84ba87e1c497f98b294f4dac94afb - - default default] 10.0.0.24 "GET /v2.0/qos/policies?tags=red HTTP/1.1" status: 200 len: 1296 time: 0.2022357
2026-07-14 11:41:44.021 10 INFO neutron.wsgi [None req-428eb456-927e-4ac3-87bd-51bd3d99b853 16ad97a9d6a442c9823c3dcfbc5510e9 03c84ba87e1c497f98b294f4dac94afb - - default default] 10.0.0.24 "GET /v2.0/qos/policies?tags=red%2Cblue HTTP/1.1" status: 200 len: 941 time: 0.0820019
2026-07-14 11:41:44.084 9 INFO neutron.wsgi [None req-2a46af65-c0dd-41e7-9c76-ed630c34af0e 61cc9ff09637400abe30ee49045d40af c8fd51370ff947d78ad572e79e073627 - - default default] 10.0.0.24 "DELETE /v2.0/ports/49f542e8-24f7-4df3-8506-bf3790ed593f HTTP/1.1" status: 204 len: 168 time: 0.2768595
2026-07-14 11:41:44.090 10 INFO neutron.wsgi [None req-23b9c179-8485-4f44-a787-c878b1ee745f 16ad97a9d6a442c9823c3dcfbc5510e9 03c84ba87e1c497f98b294f4dac94afb - - default default] 10.0.0.24 "GET /v2.0/qos/policies?tags-any=blue HTTP/1.1" status: 200 len: 941 time: 0.0648649
2026-07-14 11:41:44.222 10 INFO neutron.wsgi [None req-eaf0f62e-698c-4d17-b898-be105f6f9359 16ad97a9d6a442c9823c3dcfbc5510e9 03c84ba87e1c497f98b294f4dac94afb - - default default] 10.0.0.24 "GET /v2.0/qos/policies?tags-any=red%2Cblue HTTP/1.1" status: 200 len: 1296 time: 0.1255188
2026-07-14 11:41:44.313 10 INFO neutron.wsgi [None req-90f49a4e-9a50-4ef5-91ba-9b840312bf85 16ad97a9d6a442c9823c3dcfbc5510e9 03c84ba87e1c497f98b294f4dac94afb - - default default] 10.0.0.24 "GET /v2.0/qos/policies?not-tags=red HTTP/1.1" status: 200 len: 913 time: 0.0774226
2026-07-14 11:41:44.399 9 INFO neutron.wsgi [None req-8518d801-ecb8-4b19-9d2e-e5be6b9baef6 61cc9ff09637400abe30ee49045d40af c8fd51370ff947d78ad572e79e073627 - - default default] 10.0.0.24 "DELETE /v2.0/ports/324f3fdf-e5d6-45ea-9a26-2be57531d245 HTTP/1.1" status: 204 len: 168 time: 0.3048990
2026-07-14 11:41:44.431 10 INFO neutron.wsgi [None req-33ea64c7-824d-4aea-8050-56fd4a48622b 16ad97a9d6a442c9823c3dcfbc5510e9 03c84ba87e1c497f98b294f4dac94afb - - default default] 10.0.0.24 "GET /v2.0/qos/policies?not-tags=red%2Cblue HTTP/1.1" status: 200 len: 1268 time: 0.1118648
2026-07-14 11:41:44.439 9 INFO neutron.wsgi [None req-d2ba3038-5a56-4814-a40e-5ddd6884f7e8 61cc9ff09637400abe30ee49045d40af c8fd51370ff947d78ad572e79e073627 - - default default] 10.0.0.24 "GET /v2.0/ports HTTP/1.1" status: 200 len: 1718 time: 0.0353432
2026-07-14 11:41:44.538 9 INFO neutron.db.segments_db [None req-f7857e30-bd23-4850-af7a-b2f594a0679f 61cc9ff09637400abe30ee49045d40af c8fd51370ff947d78ad572e79e073627 - - default default] Added segment bec279a0-527e-4e84-9151-24b7e71b78e5 of type geneve for network 8d13f1f4-dc1a-4b89-b23c-9e7b22581732
2026-07-14 11:41:44.564 10 INFO neutron.wsgi [None req-99c69092-6b32-4a3e-be01-d27ae8fa4910 16ad97a9d6a442c9823c3dcfbc5510e9 03c84ba87e1c497f98b294f4dac94afb - - default default] 10.0.0.24 "GET /v2.0/qos/policies?not-tags-any=blue HTTP/1.1" status: 200 len: 1268 time: 0.1270590
2026-07-14 11:41:44.692 9 INFO neutron.wsgi [None req-0ac7d930-454b-4b28-afe1-1266e3554bef 16ad97a9d6a442c9823c3dcfbc5510e9 03c84ba87e1c497f98b294f4dac94afb - - default default] 10.0.0.24 "GET /v2.0/qos/policies?not-tags-any=red%2Cblue HTTP/1.1" status: 200 len: 913 time: 0.1231887
2026-07-14 11:41:44.703 9 INFO neutron.db.ovn_revision_numbers_db [None req-f7857e30-bd23-4850-af7a-b2f594a0679f 61cc9ff09637400abe30ee49045d40af c8fd51370ff947d78ad572e79e073627 - - default default] Successfully bumped revision number for resource 8d13f1f4-dc1a-4b89-b23c-9e7b22581732 (type: networks) to 1
2026-07-14 11:41:44.778 9 INFO neutron.wsgi [None req-f9d53346-c0f8-4f5f-acf1-4858946733cd a8d6a4b6cc724ef78587445288597daf da432f35edad4bd186f5737657ab1fad - - default default] 10.0.0.24 "DELETE /v2.0/qos/policies/b20effa5-2dd0-4d25-b112-0c4cda478710 HTTP/1.1" status: 204 len: 168 time: 0.0794411
2026-07-14 11:41:44.803 10 INFO neutron.wsgi [None req-1c322504-0fe5-499e-bd77-d6209e98715d e820eb7e754441859d3dfd86f088be9c 5d80ea2504e6400d9538295a00471c07 - - default default] 10.0.0.24 "PUT /v2.0/routers/3187496e-afd1-4f5c-9513-94e467e93b1f/remove_router_interface HTTP/1.1" status: 200 len: 503 time: 0.9623556 /var/lib/openstack/lib/python3.10/site-packages/pycadf/identifier.py:71: UserWarning: Invalid uuid: neutron. To ensure interoperability, identifiers should be a valid uuid. warnings.warn(('Invalid uuid: %s. To ensure interoperability, '
2026-07-14 11:41:44.874 9 INFO neutron.wsgi [None req-4415a472-cb1c-4f91-8220-d297a772f328 a8d6a4b6cc724ef78587445288597daf da432f35edad4bd186f5737657ab1fad - - default default] 10.0.0.24 "DELETE /v2.0/qos/policies/afa59aa0-6723-4423-8ade-b0b5e12a4faf HTTP/1.1" status: 204 len: 168 time: 0.0872729
2026-07-14 11:41:44.881 9 WARNING neutron.scheduler.dhcp_agent_scheduler [None req-f7857e30-bd23-4850-af7a-b2f594a0679f 61cc9ff09637400abe30ee49045d40af c8fd51370ff947d78ad572e79e073627 - - default default] No more DHCP agents
2026-07-14 11:41:44.883 9 WARNING neutron.api.rpc.agentnotifiers.dhcp_rpc_agent_api [None req-f7857e30-bd23-4850-af7a-b2f594a0679f 61cc9ff09637400abe30ee49045d40af c8fd51370ff947d78ad572e79e073627 - - default default] Unable to schedule network 8d13f1f4-dc1a-4b89-b23c-9e7b22581732: no agents available; will retry on subsequent port and subnet creation events.
2026-07-14 11:41:44.963 9 INFO neutron.db.ovn_revision_numbers_db [None req-f7857e30-bd23-4850-af7a-b2f594a0679f 61cc9ff09637400abe30ee49045d40af c8fd51370ff947d78ad572e79e073627 - - default default] Successfully bumped revision number for resource afb362cd-b8ef-4b58-a1fa-283b485e0a7d (type: ports) to 1
2026-07-14 11:41:44.979 10 INFO neutron.wsgi [None req-0b47aee4-241f-4980-955a-81f136f7710d a8d6a4b6cc724ef78587445288597daf da432f35edad4bd186f5737657ab1fad - - default default] 10.0.0.24 "DELETE /v2.0/qos/policies/df9bcb9f-4426-447e-8b77-5ea2270c341f HTTP/1.1" status: 204 len: 168 time: 0.0989480
2026-07-14 11:41:44.988 9 INFO neutron.wsgi [None req-f7857e30-bd23-4850-af7a-b2f594a0679f 61cc9ff09637400abe30ee49045d40af c8fd51370ff947d78ad572e79e073627 - - default default] 10.0.0.24 "POST /v2.0/networks HTTP/1.1" status: 201 len: 848 time: 0.5425625
2026-07-14 11:41:45.038 10 INFO neutron.wsgi [None req-52e12775-4124-4149-8441-64b8f9b99dd3 a8d6a4b6cc724ef78587445288597daf da432f35edad4bd186f5737657ab1fad - - default default] 10.0.0.24 "DELETE /v2.0/qos/policies/a519aa28-70e2-4c82-ab59-2912246e0d92 HTTP/1.1" status: 204 len: 168 time: 0.0534055
2026-07-14 11:41:45.076 9 INFO neutron.db.segments_db [None req-5d5a8486-5ffe-4ebb-ab45-07260def37e7 61cc9ff09637400abe30ee49045d40af c8fd51370ff947d78ad572e79e073627 - - default default] Added segment 6cb6020f-f2ac-4d3f-8c23-0723a03d8922 of type geneve for network 03bf0974-e3a2-477a-a540-7b5d0efb66f3
2026-07-14 11:41:45.130 10 INFO neutron.wsgi [None req-cc1cdc45-75e4-4a09-8174-61be6b5f3238 a8d6a4b6cc724ef78587445288597daf da432f35edad4bd186f5737657ab1fad - - default default] 10.0.0.24 "DELETE /v2.0/qos/policies/e6454861-ad5d-40e8-b5e7-b5a2909d4f3c HTTP/1.1" status: 204 len: 168 time: 0.0860429
2026-07-14 11:41:45.239 9 INFO neutron.db.ovn_revision_numbers_db [None req-5d5a8486-5ffe-4ebb-ab45-07260def37e7 61cc9ff09637400abe30ee49045d40af c8fd51370ff947d78ad572e79e073627 - - default default] Successfully bumped revision number for resource 03bf0974-e3a2-477a-a540-7b5d0efb66f3 (type: networks) to 1
2026-07-14 11:41:45.366 10 INFO neutron.wsgi [None req-e61cfadb-0953-4040-ba96-9e8082511ed7 e820eb7e754441859d3dfd86f088be9c 5d80ea2504e6400d9538295a00471c07 - - default default] 10.0.0.24 "DELETE /v2.0/routers/3187496e-afd1-4f5c-9513-94e467e93b1f HTTP/1.1" status: 204 len: 168 time: 0.5588505
2026-07-14 11:41:45.427 9 WARNING neutron.scheduler.dhcp_agent_scheduler [None req-5d5a8486-5ffe-4ebb-ab45-07260def37e7 61cc9ff09637400abe30ee49045d40af c8fd51370ff947d78ad572e79e073627 - - default default] No more DHCP agents
2026-07-14 11:41:45.432 9 WARNING neutron.api.rpc.agentnotifiers.dhcp_rpc_agent_api [None req-5d5a8486-5ffe-4ebb-ab45-07260def37e7 61cc9ff09637400abe30ee49045d40af c8fd51370ff947d78ad572e79e073627 - - default default] Unable to schedule network 03bf0974-e3a2-477a-a540-7b5d0efb66f3: no agents available; will retry on subsequent port and subnet creation events.
2026-07-14 11:41:45.515 9 INFO neutron.db.ovn_revision_numbers_db [None req-5d5a8486-5ffe-4ebb-ab45-07260def37e7 61cc9ff09637400abe30ee49045d40af c8fd51370ff947d78ad572e79e073627 - - default default] Successfully bumped revision number for resource 23032136-93ac-43b8-bd56-f2dceffe2daa (type: ports) to 1
2026-07-14 11:41:45.541 9 INFO neutron.wsgi [None req-5d5a8486-5ffe-4ebb-ab45-07260def37e7 61cc9ff09637400abe30ee49045d40af c8fd51370ff947d78ad572e79e073627 - - default default] 10.0.0.24 "POST /v2.0/networks HTTP/1.1" status: 201 len: 849 time: 0.5480070
2026-07-14 11:41:45.777 10 INFO neutron.wsgi [None req-3fbf851a-e821-4f2d-8ed2-0c0c37a3a296 e820eb7e754441859d3dfd86f088be9c 5d80ea2504e6400d9538295a00471c07 - - default default] 10.0.0.24 "DELETE /v2.0/subnets/b8e34390-6c36-4545-b3ad-99ef35064053 HTTP/1.1" status: 204 len: 168 time: 0.4018764
2026-07-14 11:41:45.904 9 INFO neutron.db.ovn_revision_numbers_db [None req-b96e2f58-c2a5-4cef-8561-040082aaa592 e820eb7e754441859d3dfd86f088be9c 5d80ea2504e6400d9538295a00471c07 - - default default] Successfully bumped revision number for resource 92435d3a-94c5-464d-89cf-1f38e18ae370 (type: security_groups) to 1
2026-07-14 11:41:45.925 9 INFO neutron.db.ovn_revision_numbers_db [None req-b96e2f58-c2a5-4cef-8561-040082aaa592 e820eb7e754441859d3dfd86f088be9c 5d80ea2504e6400d9538295a00471c07 - - default default] Successfully bumped revision number for resource a7adc21c-018d-44ec-9957-2348046fbf60 (type: security_group_rules) to 0
2026-07-14 11:41:45.952 9 INFO neutron.db.ovn_revision_numbers_db [None req-b96e2f58-c2a5-4cef-8561-040082aaa592 e820eb7e754441859d3dfd86f088be9c 5d80ea2504e6400d9538295a00471c07 - - default default] Successfully bumped revision number for resource ab2a29d3-fee8-46c2-a082-f49d8f8bf567 (type: security_group_rules) to 0
2026-07-14 11:41:45.975 9 INFO neutron.db.ovn_revision_numbers_db [None req-b96e2f58-c2a5-4cef-8561-040082aaa592 e820eb7e754441859d3dfd86f088be9c 5d80ea2504e6400d9538295a00471c07 - - default default] Successfully bumped revision number for resource d093e09e-6c39-4029-998c-990ec1f2daf3 (type: security_group_rules) to 0
2026-07-14 11:41:45.992 9 INFO neutron.db.ovn_revision_numbers_db [None req-b96e2f58-c2a5-4cef-8561-040082aaa592 e820eb7e754441859d3dfd86f088be9c 5d80ea2504e6400d9538295a00471c07 - - default default] Successfully bumped revision number for resource e0577f31-30b2-44c6-9190-5022cd902ada (type: security_group_rules) to 0
2026-07-14 11:41:46.032 9 INFO neutron.wsgi [None req-b96e2f58-c2a5-4cef-8561-040082aaa592 e820eb7e754441859d3dfd86f088be9c 5d80ea2504e6400d9538295a00471c07 - - default default] 10.0.0.24 "GET /v2.0/security-groups?tenant_id=63e4a805fc2749acab572dc7d0584a86&name=default HTTP/1.1" status: 200 len: 2996 time: 0.4275703
2026-07-14 11:41:46.036 9 WARNING neutron.scheduler.dhcp_agent_scheduler [None req-485e5c72-9b16-4270-9551-9d2cac1c0a36 61cc9ff09637400abe30ee49045d40af c8fd51370ff947d78ad572e79e073627 - - default default] No more DHCP agents
2026-07-14 11:41:46.038 9 WARNING neutron.api.rpc.agentnotifiers.dhcp_rpc_agent_api [None req-485e5c72-9b16-4270-9551-9d2cac1c0a36 61cc9ff09637400abe30ee49045d40af c8fd51370ff947d78ad572e79e073627 - - default default] Unable to schedule network 8d13f1f4-dc1a-4b89-b23c-9e7b22581732: no agents available; will retry on subsequent port and subnet creation events.
2026-07-14 11:41:46.135 10 INFO neutron.services.segments.plugin [-] Segment 2e847f88-68eb-47a4-89e6-1b9b60c21d55 resource provider aggregate not found
2026-07-14 11:41:46.141 10 INFO neutron.services.segments.plugin [-] Segment 2e847f88-68eb-47a4-89e6-1b9b60c21d55 resource provider aggregate not found
2026-07-14 11:41:46.161 10 INFO neutron.services.segments.plugin [-] Segment 2e847f88-68eb-47a4-89e6-1b9b60c21d55 resource provider not found; error: Placement Client Error (4xx): {"errors": [{"status": 404, "title": "Not Found", "detail": "The resource could not be found.\n\n No resource provider with uuid 2e847f88-68eb-47a4-89e6-1b9b60c21d55 found for delete ", "request_id": "req-0cac3666-2cf7-4198-b4bc-fbd08c214f7c"}]}
2026-07-14 11:41:46.162 10 INFO neutron.services.segments.plugin [-] Segment 2e847f88-68eb-47a4-89e6-1b9b60c21d55 resource provider not found; error: Placement Client Error (4xx): {"errors": [{"status": 404, "title": "Not Found", "detail": "The resource could not be found.\n\n No resource provider with uuid 2e847f88-68eb-47a4-89e6-1b9b60c21d55 found for delete ", "request_id": "req-21c912bb-ff10-4cb1-a466-a4ee9c4a21ae"}]}
2026-07-14 11:41:46.181 10 INFO neutron.wsgi [None req-9beb4d2b-a547-44dd-8402-3014fdad14f4 e820eb7e754441859d3dfd86f088be9c 5d80ea2504e6400d9538295a00471c07 - - default default] 10.0.0.24 "DELETE /v2.0/networks/7e5c5f79-f298-48db-a77a-b759ee0114c4 HTTP/1.1" status: 204 len: 168 time: 0.3981712
2026-07-14 11:41:46.297 9 INFO neutron.wsgi [None req-f5ad737f-1bae-404c-a1c0-e3516916d8eb e820eb7e754441859d3dfd86f088be9c 5d80ea2504e6400d9538295a00471c07 - - default default] 10.0.0.24 "DELETE /v2.0/security-groups/92435d3a-94c5-464d-89cf-1f38e18ae370 HTTP/1.1" status: 204 len: 168 time: 0.2560632
2026-07-14 11:41:46.339 10 INFO neutron.wsgi [None req-945f7e7c-ec58-4064-9efa-02fb1a493a33 e820eb7e754441859d3dfd86f088be9c 5d80ea2504e6400d9538295a00471c07 - - default default] 10.0.0.24 "GET /v2.0/security-groups?tenant_id=dbed22917da74d809004318bb4218e4f&name=default HTTP/1.1" status: 200 len: 2996 time: 0.0484271
2026-07-14 11:41:46.354 10 INFO neutron.db.ovn_revision_numbers_db [None req-05ce7215-565f-409e-a9fb-4ec05f2f445f e820eb7e754441859d3dfd86f088be9c 5d80ea2504e6400d9538295a00471c07 - - default default] Successfully bumped revision number for resource cfa59682-d95a-4e21-a04a-493631b16ad5 (type: security_groups) to 1
2026-07-14 11:41:46.373 10 INFO neutron.db.ovn_revision_numbers_db [None req-05ce7215-565f-409e-a9fb-4ec05f2f445f e820eb7e754441859d3dfd86f088be9c 5d80ea2504e6400d9538295a00471c07 - - default default] Successfully bumped revision number for resource 3072e2d6-b9af-498a-9dc4-9285490b2053 (type: security_group_rules) to 0
2026-07-14 11:41:46.395 10 INFO neutron.db.ovn_revision_numbers_db [None req-05ce7215-565f-409e-a9fb-4ec05f2f445f e820eb7e754441859d3dfd86f088be9c 5d80ea2504e6400d9538295a00471c07 - - default default] Successfully bumped revision number for resource 369bdbec-d51a-451f-92e8-8f4e2357b18f (type: security_group_rules) to 0
2026-07-14 11:41:46.416 10 INFO neutron.db.ovn_revision_numbers_db [None req-05ce7215-565f-409e-a9fb-4ec05f2f445f e820eb7e754441859d3dfd86f088be9c 5d80ea2504e6400d9538295a00471c07 - - default default] Successfully bumped revision number for resource 3bf724bb-b4f7-47c2-938d-46c2a2ed0e66 (type: security_group_rules) to 0
2026-07-14 11:41:46.433 10 INFO neutron.db.ovn_revision_numbers_db [None req-05ce7215-565f-409e-a9fb-4ec05f2f445f e820eb7e754441859d3dfd86f088be9c 5d80ea2504e6400d9538295a00471c07 - - default default] Successfully bumped revision number for resource c6193be0-c758-4c2a-8d1b-38220496dfe7 (type: security_group_rules) to 0
2026-07-14 11:41:46.471 10 INFO neutron.wsgi [None req-05ce7215-565f-409e-a9fb-4ec05f2f445f e820eb7e754441859d3dfd86f088be9c 5d80ea2504e6400d9538295a00471c07 - - default default] 10.0.0.24 "GET /v2.0/security-groups?tenant_id=03c84ba87e1c497f98b294f4dac94afb&name=default HTTP/1.1" status: 200 len: 2996 time: 0.3773792
2026-07-14 11:41:46.559 9 INFO neutron.db.ovn_revision_numbers_db [None req-485e5c72-9b16-4270-9551-9d2cac1c0a36 61cc9ff09637400abe30ee49045d40af c8fd51370ff947d78ad572e79e073627 - - default default] Successfully bumped revision number for resource afb362cd-b8ef-4b58-a1fa-283b485e0a7d (type: ports) to 2
2026-07-14 11:41:46.603 9 INFO neutron.db.ovn_revision_numbers_db [None req-485e5c72-9b16-4270-9551-9d2cac1c0a36 61cc9ff09637400abe30ee49045d40af c8fd51370ff947d78ad572e79e073627 - - default default] Successfully bumped revision number for resource 41ff80c7-dbbf-4592-b3f7-f20f86194f56 (type: subnets) to 0
2026-07-14 11:41:46.607 10 INFO neutron.wsgi [None req-3abe320e-03a1-4322-a8d9-c4bd4d81b3c2 e820eb7e754441859d3dfd86f088be9c 5d80ea2504e6400d9538295a00471c07 - - default default] 10.0.0.24 "DELETE /v2.0/security-groups/4db84f40-148c-4a99-9dbd-11cd1a6aa410 HTTP/1.1" status: 204 len: 168 time: 0.2619171
2026-07-14 11:41:46.613 9 INFO neutron.db.ovn_revision_numbers_db [None req-512856bc-2125-40a3-859a-06b4c876675b e820eb7e754441859d3dfd86f088be9c 5d80ea2504e6400d9538295a00471c07 - - default default] Successfully bumped revision number for resource 8a3f0729-9fed-4d52-aa88-c28fff29dcdd (type: security_groups) to 1
2026-07-14 11:41:46.632 9 WARNING neutron.scheduler.dhcp_agent_scheduler [None req-485e5c72-9b16-4270-9551-9d2cac1c0a36 61cc9ff09637400abe30ee49045d40af c8fd51370ff947d78ad572e79e073627 - - default default] No more DHCP agents
2026-07-14 11:41:46.634 9 WARNING neutron.api.rpc.agentnotifiers.dhcp_rpc_agent_api [None req-485e5c72-9b16-4270-9551-9d2cac1c0a36 61cc9ff09637400abe30ee49045d40af c8fd51370ff947d78ad572e79e073627 - - default default] Unable to schedule network 03bf0974-e3a2-477a-a540-7b5d0efb66f3: no agents available; will retry on subsequent port and subnet creation events.
2026-07-14 11:41:46.636 9 INFO neutron.db.ovn_revision_numbers_db [None req-512856bc-2125-40a3-859a-06b4c876675b e820eb7e754441859d3dfd86f088be9c 5d80ea2504e6400d9538295a00471c07 - - default default] Successfully bumped revision number for resource 7ea659b0-4142-40ac-8950-afeaa0b4069b (type: security_group_rules) to 0
2026-07-14 11:41:46.660 9 INFO neutron.db.ovn_revision_numbers_db [None req-512856bc-2125-40a3-859a-06b4c876675b e820eb7e754441859d3dfd86f088be9c 5d80ea2504e6400d9538295a00471c07 - - default default] Successfully bumped revision number for resource b5d264e9-f88d-4a74-8bd7-73769ee7135e (type: security_group_rules) to 0
2026-07-14 11:41:46.681 9 INFO neutron.db.ovn_revision_numbers_db [None req-512856bc-2125-40a3-859a-06b4c876675b e820eb7e754441859d3dfd86f088be9c 5d80ea2504e6400d9538295a00471c07 - - default default] Successfully bumped revision number for resource d0c4307a-dcd7-470e-8cd3-11ab75f3304b (type: security_group_rules) to 0
2026-07-14 11:41:46.691 10 INFO neutron.wsgi [None req-5611e333-91ab-43be-900f-247e1342dcfe e820eb7e754441859d3dfd86f088be9c 5d80ea2504e6400d9538295a00471c07 - - default default] 10.0.0.24 "DELETE /v2.0/security-groups/cfa59682-d95a-4e21-a04a-493631b16ad5 HTTP/1.1" status: 204 len: 168 time: 0.2143626
2026-07-14 11:41:46.701 9 INFO neutron.db.ovn_revision_numbers_db [None req-512856bc-2125-40a3-859a-06b4c876675b e820eb7e754441859d3dfd86f088be9c 5d80ea2504e6400d9538295a00471c07 - - default default] Successfully bumped revision number for resource f408e32f-0bb8-4972-864b-ce87e206a2fe (type: security_group_rules) to 0
2026-07-14 11:41:46.740 9 INFO neutron.wsgi [None req-512856bc-2125-40a3-859a-06b4c876675b e820eb7e754441859d3dfd86f088be9c 5d80ea2504e6400d9538295a00471c07 - - default default] 10.0.0.24 "GET /v2.0/security-groups?tenant_id=1d898331cf7245338794ec6b3d9b6e16&name=default HTTP/1.1" status: 200 len: 2996 time: 0.2959731
2026-07-14 11:41:46.935 10 INFO neutron.db.ovn_revision_numbers_db [None req-db7c1f67-4c8d-482e-9468-a49fb813a6da e820eb7e754441859d3dfd86f088be9c 5d80ea2504e6400d9538295a00471c07 - - default default] Successfully bumped revision number for resource 3abc0df6-f102-47aa-9cd6-bad0d790a7da (type: security_groups) to 1
2026-07-14 11:41:46.946 10 INFO neutron.wsgi [None req-0fda6921-73f5-4599-b3da-c4f55a3c0107 e820eb7e754441859d3dfd86f088be9c 5d80ea2504e6400d9538295a00471c07 - - default default] 10.0.0.24 "DELETE /v2.0/security-groups/8a3f0729-9fed-4d52-aa88-c28fff29dcdd HTTP/1.1" status: 204 len: 168 time: 0.2015986
2026-07-14 11:41:46.952 10 INFO neutron.db.ovn_revision_numbers_db [None req-db7c1f67-4c8d-482e-9468-a49fb813a6da e820eb7e754441859d3dfd86f088be9c 5d80ea2504e6400d9538295a00471c07 - - default default] Successfully bumped revision number for resource 1f145db9-784b-43c0-b720-9c123ca6d754 (type: security_group_rules) to 0
2026-07-14 11:41:46.969 10 INFO neutron.db.ovn_revision_numbers_db [None req-db7c1f67-4c8d-482e-9468-a49fb813a6da e820eb7e754441859d3dfd86f088be9c 5d80ea2504e6400d9538295a00471c07 - - default default] Successfully bumped revision number for resource 2a267602-eb75-4dc9-a170-07fd7310ff27 (type: security_group_rules) to 0
2026-07-14 11:41:46.980 10 INFO neutron.db.ovn_revision_numbers_db [None req-db7c1f67-4c8d-482e-9468-a49fb813a6da e820eb7e754441859d3dfd86f088be9c 5d80ea2504e6400d9538295a00471c07 - - default default] Successfully bumped revision number for resource 32969042-f9e3-4615-8391-7c388cc128a6 (type: security_group_rules) to 0
2026-07-14 11:41:46.992 10 INFO neutron.db.ovn_revision_numbers_db [None req-db7c1f67-4c8d-482e-9468-a49fb813a6da e820eb7e754441859d3dfd86f088be9c 5d80ea2504e6400d9538295a00471c07 - - default default] Successfully bumped revision number for resource c1b34013-fd17-498f-8d6f-39ee21abd627 (type: security_group_rules) to 0
2026-07-14 11:41:47.014 10 INFO neutron.wsgi [None req-db7c1f67-4c8d-482e-9468-a49fb813a6da e820eb7e754441859d3dfd86f088be9c 5d80ea2504e6400d9538295a00471c07 - - default default] 10.0.0.24 "GET /v2.0/security-groups?tenant_id=05a8f130132a44a4a2294249409fa8f6&name=default HTTP/1.1" status: 200 len: 2996 time: 0.1894169
2026-07-14 11:41:47.099 9 INFO neutron.db.ovn_revision_numbers_db [None req-485e5c72-9b16-4270-9551-9d2cac1c0a36 61cc9ff09637400abe30ee49045d40af c8fd51370ff947d78ad572e79e073627 - - default default] Successfully bumped revision number for resource 23032136-93ac-43b8-bd56-f2dceffe2daa (type: ports) to 2
2026-07-14 11:41:47.129 9 INFO neutron.db.ovn_revision_numbers_db [None req-485e5c72-9b16-4270-9551-9d2cac1c0a36 61cc9ff09637400abe30ee49045d40af c8fd51370ff947d78ad572e79e073627 - - default default] Successfully bumped revision number for resource 3d3e65da-b4a6-4658-b401-62be1d00be46 (type: subnets) to 0
2026-07-14 11:41:47.146 9 INFO neutron.wsgi [None req-485e5c72-9b16-4270-9551-9d2cac1c0a36 61cc9ff09637400abe30ee49045d40af c8fd51370ff947d78ad572e79e073627 - - default default] 10.0.0.24 "POST /v2.0/subnets HTTP/1.1" status: 201 len: 1425 time: 1.5727520
2026-07-14 11:41:47.195 9 INFO neutron.wsgi [None req-00fc8480-0953-40bd-87cb-a4cb0c5da54b 61cc9ff09637400abe30ee49045d40af c8fd51370ff947d78ad572e79e073627 - - default default] 10.0.0.24 "GET /v2.0/subnets HTTP/1.1" status: 200 len: 2033 time: 0.0437274
2026-07-14 11:41:47.229 10 INFO neutron.wsgi [None req-a19b2bec-58d0-425b-8f16-23178ac6ce34 e820eb7e754441859d3dfd86f088be9c 5d80ea2504e6400d9538295a00471c07 - - default default] 10.0.0.24 "DELETE /v2.0/security-groups/3abc0df6-f102-47aa-9cd6-bad0d790a7da HTTP/1.1" status: 204 len: 168 time: 0.2064154
2026-07-14 11:41:47.408 10 INFO neutron.wsgi [None req-b8573af6-86ec-478c-8eb6-74c6f74fdda9 61cc9ff09637400abe30ee49045d40af c8fd51370ff947d78ad572e79e073627 - - default default] 10.0.0.24 "DELETE /v2.0/subnets/41ff80c7-dbbf-4592-b3f7-f20f86194f56 HTTP/1.1" status: 204 len: 168 time: 0.2073476
2026-07-14 11:41:47.560 9 INFO neutron.db.ovn_revision_numbers_db [None req-25efeb74-7d38-4a4d-818a-7abe5bc17c61 e820eb7e754441859d3dfd86f088be9c 5d80ea2504e6400d9538295a00471c07 - - default default] Successfully bumped revision number for resource 0ebf4401-da30-441d-8207-abea41f278de (type: security_groups) to 1
2026-07-14 11:41:47.574 9 INFO neutron.db.ovn_revision_numbers_db [None req-25efeb74-7d38-4a4d-818a-7abe5bc17c61 e820eb7e754441859d3dfd86f088be9c 5d80ea2504e6400d9538295a00471c07 - - default default] Successfully bumped revision number for resource 6d9b57d9-435b-4bcf-8ea7-4cce3cf7cbe1 (type: security_group_rules) to 0
2026-07-14 11:41:47.600 9 INFO neutron.db.ovn_revision_numbers_db [None req-25efeb74-7d38-4a4d-818a-7abe5bc17c61 e820eb7e754441859d3dfd86f088be9c 5d80ea2504e6400d9538295a00471c07 - - default default] Successfully bumped revision number for resource 74c09625-cc65-4711-a428-ee7ee9d50160 (type: security_group_rules) to 0
2026-07-14 11:41:47.614 9 INFO neutron.db.ovn_revision_numbers_db [None req-25efeb74-7d38-4a4d-818a-7abe5bc17c61 e820eb7e754441859d3dfd86f088be9c 5d80ea2504e6400d9538295a00471c07 - - default default] Successfully bumped revision number for resource 8c4827cd-b906-4c45-8b8b-3852c0e1ca1d (type: security_group_rules) to 0
2026-07-14 11:41:47.616 10 INFO neutron.wsgi [None req-bc3b27ba-a69b-4eb7-8cef-d92d12632b7f 61cc9ff09637400abe30ee49045d40af c8fd51370ff947d78ad572e79e073627 - - default default] 10.0.0.24 "DELETE /v2.0/subnets/3d3e65da-b4a6-4658-b401-62be1d00be46 HTTP/1.1" status: 204 len: 168 time: 0.2048137
2026-07-14 11:41:47.630 9 INFO neutron.db.ovn_revision_numbers_db [None req-25efeb74-7d38-4a4d-818a-7abe5bc17c61 e820eb7e754441859d3dfd86f088be9c 5d80ea2504e6400d9538295a00471c07 - - default default] Successfully bumped revision number for resource 94ae5b66-d9e7-454c-a761-fb178c846312 (type: security_group_rules) to 0
2026-07-14 11:41:47.654 10 INFO neutron.wsgi [None req-8de38507-768c-4488-8fb6-6e190b13fcf6 61cc9ff09637400abe30ee49045d40af c8fd51370ff947d78ad572e79e073627 - - default default] 10.0.0.24 "GET /v2.0/subnets HTTP/1.1" status: 200 len: 820 time: 0.0325871
2026-07-14 11:41:47.657 9 INFO neutron.wsgi [None req-25efeb74-7d38-4a4d-818a-7abe5bc17c61 e820eb7e754441859d3dfd86f088be9c 5d80ea2504e6400d9538295a00471c07 - - default default] 10.0.0.24 "GET /v2.0/security-groups?tenant_id=da432f35edad4bd186f5737657ab1fad&name=default HTTP/1.1" status: 200 len: 2996 time: 0.2148154
2026-07-14 11:41:47.861 10 INFO neutron.wsgi [None req-f225f4c7-3545-471c-91fd-3c06fd1ed7ac e820eb7e754441859d3dfd86f088be9c 5d80ea2504e6400d9538295a00471c07 - - default default] 10.0.0.24 "DELETE /v2.0/security-groups/0ebf4401-da30-441d-8207-abea41f278de HTTP/1.1" status: 204 len: 168 time: 0.1970940
2026-07-14 11:41:48.027 9 INFO neutron.services.segments.plugin [-] Segment 6cb6020f-f2ac-4d3f-8c23-0723a03d8922 resource provider aggregate not found
2026-07-14 11:41:48.034 9 INFO neutron.services.segments.plugin [-] Segment 6cb6020f-f2ac-4d3f-8c23-0723a03d8922 resource provider aggregate not found
2026-07-14 11:41:48.053 9 INFO neutron.services.segments.plugin [-] Segment 6cb6020f-f2ac-4d3f-8c23-0723a03d8922 resource provider not found; error: Placement Client Error (4xx): {"errors": [{"status": 404, "title": "Not Found", "detail": "The resource could not be found.\n\n No resource provider with uuid 6cb6020f-f2ac-4d3f-8c23-0723a03d8922 found for delete ", "request_id": "req-6e9a75cb-3ab6-4481-be97-dd6bb52ade2b"}]}
2026-07-14 11:41:48.057 9 INFO neutron.services.segments.plugin [-] Segment 6cb6020f-f2ac-4d3f-8c23-0723a03d8922 resource provider not found; error: Placement Client Error (4xx): {"errors": [{"status": 404, "title": "Not Found", "detail": "The resource could not be found.\n\n No resource provider with uuid 6cb6020f-f2ac-4d3f-8c23-0723a03d8922 found for delete ", "request_id": "req-02e6ed5d-283e-4657-b5a8-0e0521028bbe"}]}
2026-07-14 11:41:48.070 9 INFO neutron.wsgi [None req-83ce2e50-b61c-407a-9429-e09826e06ad9 61cc9ff09637400abe30ee49045d40af c8fd51370ff947d78ad572e79e073627 - - default default] 10.0.0.24 "DELETE /v2.0/networks/03bf0974-e3a2-477a-a540-7b5d0efb66f3 HTTP/1.1" status: 204 len: 168 time: 0.4076016
2026-07-14 11:41:48.441 10 INFO neutron.services.segments.plugin [-] Segment bec279a0-527e-4e84-9151-24b7e71b78e5 resource provider aggregate not found
2026-07-14 11:41:48.447 10 INFO neutron.services.segments.plugin [-] Segment bec279a0-527e-4e84-9151-24b7e71b78e5 resource provider aggregate not found
2026-07-14 11:41:48.466 10 INFO neutron.services.segments.plugin [-] Segment bec279a0-527e-4e84-9151-24b7e71b78e5 resource provider not found; error: Placement Client Error (4xx): {"errors": [{"status": 404, "title": "Not Found", "detail": "The resource could not be found.\n\n No resource provider with uuid bec279a0-527e-4e84-9151-24b7e71b78e5 found for delete ", "request_id": "req-7ce1678b-1f5b-4337-8f9f-066e093048e6"}]}
2026-07-14 11:41:48.468 10 INFO neutron.services.segments.plugin [-] Segment bec279a0-527e-4e84-9151-24b7e71b78e5 resource provider not found; error: Placement Client Error (4xx): {"errors": [{"status": 404, "title": "Not Found", "detail": "The resource could not be found.\n\n No resource provider with uuid bec279a0-527e-4e84-9151-24b7e71b78e5 found for delete ", "request_id": "req-871b2ca8-c7e7-4395-8262-3a9a82fda9f3"}]}
2026-07-14 11:41:48.495 10 INFO neutron.wsgi [None req-a160e761-0b30-40e5-b102-cbeea6e04afc 61cc9ff09637400abe30ee49045d40af c8fd51370ff947d78ad572e79e073627 - - default default] 10.0.0.24 "DELETE /v2.0/networks/8d13f1f4-dc1a-4b89-b23c-9e7b22581732 HTTP/1.1" status: 204 len: 168 time: 0.4184148
2026-07-14 11:41:48.934 9 INFO neutron.db.ovn_revision_numbers_db [None req-d2c6dda0-1cef-4ee1-b055-cd65c35d8b16 e820eb7e754441859d3dfd86f088be9c 5d80ea2504e6400d9538295a00471c07 - - default default] Successfully bumped revision number for resource 5fac92ed-c743-4187-bdc2-b4542cdc6922 (type: security_groups) to 1
2026-07-14 11:41:48.942 10 INFO neutron.wsgi [-] 10.0.0.11 "GET / HTTP/1.1" status: 200 len: 246 time: 0.0084827
2026-07-14 11:41:48.945 10 INFO neutron.wsgi [-] 10.0.0.11 "GET / HTTP/1.1" status: 200 len: 246 time: 0.0020769
2026-07-14 11:41:48.948 9 INFO neutron.db.ovn_revision_numbers_db [None req-d2c6dda0-1cef-4ee1-b055-cd65c35d8b16 e820eb7e754441859d3dfd86f088be9c 5d80ea2504e6400d9538295a00471c07 - - default default] Successfully bumped revision number for resource 17213a52-c52f-4315-a665-20be0f88576c (type: security_group_rules) to 0
2026-07-14 11:41:48.966 9 INFO neutron.db.ovn_revision_numbers_db [None req-d2c6dda0-1cef-4ee1-b055-cd65c35d8b16 e820eb7e754441859d3dfd86f088be9c 5d80ea2504e6400d9538295a00471c07 - - default default] Successfully bumped revision number for resource 9158e559-0d1a-4376-ae5b-1ca173fcd19e (type: security_group_rules) to 0
2026-07-14 11:41:48.993 9 INFO neutron.db.ovn_revision_numbers_db [None req-d2c6dda0-1cef-4ee1-b055-cd65c35d8b16 e820eb7e754441859d3dfd86f088be9c 5d80ea2504e6400d9538295a00471c07 - - default default] Successfully bumped revision number for resource a4104ee0-00fc-401d-971b-455c8a03469a (type: security_group_rules) to 0
2026-07-14 11:41:49.027 9 INFO neutron.db.ovn_revision_numbers_db [None req-d2c6dda0-1cef-4ee1-b055-cd65c35d8b16 e820eb7e754441859d3dfd86f088be9c 5d80ea2504e6400d9538295a00471c07 - - default default] Successfully bumped revision number for resource d4063cbb-d87a-4712-ae70-c3a37d449d75 (type: security_group_rules) to 0
2026-07-14 11:41:49.106 9 INFO neutron.db.segments_db [None req-d2c6dda0-1cef-4ee1-b055-cd65c35d8b16 e820eb7e754441859d3dfd86f088be9c 5d80ea2504e6400d9538295a00471c07 - - default default] Added segment 756a052a-5003-4522-8116-9bd813e4cb32 of type geneve for network 9c3c5609-486f-4cd2-94d2-d2c30649e252
2026-07-14 11:41:49.242 9 INFO neutron.wsgi [None req-b126ceff-790b-46d1-a418-41e421084c97 61cc9ff09637400abe30ee49045d40af c8fd51370ff947d78ad572e79e073627 - - default default] 10.0.0.24 "DELETE /v2.0/networks/6d291b2e-a0eb-4796-8cd8-57f704ede481 HTTP/1.1" status: 204 len: 168 time: 0.7417316
2026-07-14 11:41:49.295 9 INFO neutron.db.ovn_revision_numbers_db [None req-d2c6dda0-1cef-4ee1-b055-cd65c35d8b16 e820eb7e754441859d3dfd86f088be9c 5d80ea2504e6400d9538295a00471c07 - - default default] Successfully bumped revision number for resource 9c3c5609-486f-4cd2-94d2-d2c30649e252 (type: networks) to 1
2026-07-14 11:41:49.454 9 WARNING neutron.scheduler.dhcp_agent_scheduler [None req-d2c6dda0-1cef-4ee1-b055-cd65c35d8b16 e820eb7e754441859d3dfd86f088be9c 5d80ea2504e6400d9538295a00471c07 - - default default] No more DHCP agents
2026-07-14 11:41:49.458 9 WARNING neutron.api.rpc.agentnotifiers.dhcp_rpc_agent_api [None req-d2c6dda0-1cef-4ee1-b055-cd65c35d8b16 e820eb7e754441859d3dfd86f088be9c 5d80ea2504e6400d9538295a00471c07 - - default default] Unable to schedule network 9c3c5609-486f-4cd2-94d2-d2c30649e252: no agents available; will retry on subsequent port and subnet creation events.
2026-07-14 11:41:49.583 9 INFO neutron.db.ovn_revision_numbers_db [None req-d2c6dda0-1cef-4ee1-b055-cd65c35d8b16 e820eb7e754441859d3dfd86f088be9c 5d80ea2504e6400d9538295a00471c07 - - default default] Successfully bumped revision number for resource c30abecb-a7ec-4644-b136-bb91ceb991d0 (type: ports) to 1
2026-07-14 11:41:49.613 9 INFO neutron.wsgi [None req-d2c6dda0-1cef-4ee1-b055-cd65c35d8b16 e820eb7e754441859d3dfd86f088be9c 5d80ea2504e6400d9538295a00471c07 - - default default] 10.0.0.24 "POST /v2.0/networks HTTP/1.1" status: 201 len: 945 time: 1.1698027
2026-07-14 11:41:49.644 10 INFO neutron.wsgi [None req-6e7bc79a-7e64-4121-92b3-35f448066dfd 61cc9ff09637400abe30ee49045d40af c8fd51370ff947d78ad572e79e073627 - - default default] 10.0.0.24 "DELETE /v2.0/networks/9c668055-0dc3-4ddb-b344-118e354e2379 HTTP/1.1" status: 204 len: 168 time: 0.3964665
2026-07-14 11:41:49.798 9 WARNING neutron.scheduler.dhcp_agent_scheduler [None req-c28d1a53-c83d-4e1c-bcf1-743fdf1ce48f e820eb7e754441859d3dfd86f088be9c 5d80ea2504e6400d9538295a00471c07 - - default default] No more DHCP agents
2026-07-14 11:41:49.800 9 WARNING neutron.api.rpc.agentnotifiers.dhcp_rpc_agent_api [None req-c28d1a53-c83d-4e1c-bcf1-743fdf1ce48f e820eb7e754441859d3dfd86f088be9c 5d80ea2504e6400d9538295a00471c07 - - default default] Unable to schedule network 9c3c5609-486f-4cd2-94d2-d2c30649e252: no agents available; will retry on subsequent port and subnet creation events.
2026-07-14 11:41:50.083 9 INFO neutron.services.segments.plugin [-] Segment ba812ff3-e864-44b5-9540-8038c75c92dd resource provider aggregate not found
2026-07-14 11:41:50.090 9 INFO neutron.services.segments.plugin [-] Segment ba812ff3-e864-44b5-9540-8038c75c92dd resource provider aggregate not found
2026-07-14 11:41:50.112 9 INFO neutron.services.segments.plugin [-] Segment ba812ff3-e864-44b5-9540-8038c75c92dd resource provider not found; error: Placement Client Error (4xx): {"errors": [{"status": 404, "title": "Not Found", "detail": "The resource could not be found.\n\n No resource provider with uuid ba812ff3-e864-44b5-9540-8038c75c92dd found for delete ", "request_id": "req-b2adcc57-bd8b-442a-b9dd-f5bc3a6ea15e"}]}
2026-07-14 11:41:50.112 9 INFO neutron.services.segments.plugin [-] Segment ba812ff3-e864-44b5-9540-8038c75c92dd resource provider not found; error: Placement Client Error (4xx): {"errors": [{"status": 404, "title": "Not Found", "detail": "The resource could not be found.\n\n No resource provider with uuid ba812ff3-e864-44b5-9540-8038c75c92dd found for delete ", "request_id": "req-830a3059-d8bb-4033-be64-12e825a38c9b"}]}
2026-07-14 11:41:50.216 10 INFO neutron.wsgi [None req-07b64615-326d-4d37-922a-f1df57bd28bd a8534227e0494763b78ce61d3ec0418c 5c5443a861b546538a163e6d8e39110a - - default default] 10.0.0.13 "GET /v2.0/extensions HTTP/1.1" status: 200 len: 16525 time: 0.1015084
2026-07-14 11:41:50.224 9 INFO neutron.db.ovn_revision_numbers_db [None req-c28d1a53-c83d-4e1c-bcf1-743fdf1ce48f e820eb7e754441859d3dfd86f088be9c 5d80ea2504e6400d9538295a00471c07 - - default default] Successfully bumped revision number for resource c30abecb-a7ec-4644-b136-bb91ceb991d0 (type: ports) to 2
2026-07-14 11:41:50.232 10 INFO neutron.wsgi [None req-023283d0-c72a-45dc-a0db-aa0652f2d32d e820eb7e754441859d3dfd86f088be9c 5d80ea2504e6400d9538295a00471c07 - - default default] 10.0.0.24 "GET /v2.0/security-groups?tenant_id=c8fd51370ff947d78ad572e79e073627&name=default HTTP/1.1" status: 200 len: 2996 time: 0.1330113
2026-07-14 11:41:50.268 9 INFO neutron.db.ovn_revision_numbers_db [None req-c28d1a53-c83d-4e1c-bcf1-743fdf1ce48f e820eb7e754441859d3dfd86f088be9c 5d80ea2504e6400d9538295a00471c07 - - default default] Successfully bumped revision number for resource 2c962552-5a8c-4db7-a573-3687793b77df (type: subnets) to 0
2026-07-14 11:41:50.282 9 INFO neutron.wsgi [None req-c28d1a53-c83d-4e1c-bcf1-743fdf1ce48f e820eb7e754441859d3dfd86f088be9c 5d80ea2504e6400d9538295a00471c07 - - default default] 10.0.0.24 "POST /v2.0/subnets HTTP/1.1" status: 201 len: 865 time: 0.6609843
2026-07-14 11:41:50.310 10 INFO neutron.wsgi [None req-5eb09661-e951-469b-9bdd-d977d9ab3d97 a8534227e0494763b78ce61d3ec0418c 5c5443a861b546538a163e6d8e39110a - - default default] 10.0.0.13 "GET /v2.0/quotas/5c5443a861b546538a163e6d8e39110a/details HTTP/1.1" status: 200 len: 756 time: 0.0764861
2026-07-14 11:41:50.460 9 INFO neutron.wsgi [None req-a6e6bab8-5e97-4e59-ac35-86a4299a531b e820eb7e754441859d3dfd86f088be9c 5d80ea2504e6400d9538295a00471c07 - - default default] 10.0.0.24 "DELETE /v2.0/security-groups/4a67f2fb-ead2-44a6-b213-40e177124155 HTTP/1.1" status: 204 len: 168 time: 0.2222421
2026-07-14 11:41:50.501 10 INFO neutron.services.segments.plugin [-] Segment f7869f84-83d9-47ff-a8df-ba614d93f5ab resource provider aggregate not found
2026-07-14 11:41:50.507 10 INFO neutron.services.segments.plugin [-] Segment f7869f84-83d9-47ff-a8df-ba614d93f5ab resource provider aggregate not found
2026-07-14 11:41:50.531 10 INFO neutron.services.segments.plugin [-] Segment f7869f84-83d9-47ff-a8df-ba614d93f5ab resource provider not found; error: Placement Client Error (4xx): {"errors": [{"status": 404, "title": "Not Found", "detail": "The resource could not be found.\n\n No resource provider with uuid f7869f84-83d9-47ff-a8df-ba614d93f5ab found for delete ", "request_id": "req-8ce5b606-be62-4088-9838-37c4be307623"}]}
2026-07-14 11:41:50.532 10 INFO neutron.services.segments.plugin [-] Segment f7869f84-83d9-47ff-a8df-ba614d93f5ab resource provider not found; error: Placement Client Error (4xx): {"errors": [{"status": 404, "title": "Not Found", "detail": "The resource could not be found.\n\n No resource provider with uuid f7869f84-83d9-47ff-a8df-ba614d93f5ab found for delete ", "request_id": "req-f2c5dc5e-4e01-4cbe-8150-b63adfd6e5b1"}]}
2026-07-14 11:41:50.766 10 WARNING neutron.scheduler.dhcp_agent_scheduler [None req-3f0e60e6-55db-4b46-932d-73e2440c9869 e820eb7e754441859d3dfd86f088be9c 5d80ea2504e6400d9538295a00471c07 - - default default] No more DHCP agents
2026-07-14 11:41:50.768 10 WARNING neutron.api.rpc.agentnotifiers.dhcp_rpc_agent_api [None req-3f0e60e6-55db-4b46-932d-73e2440c9869 e820eb7e754441859d3dfd86f088be9c 5d80ea2504e6400d9538295a00471c07 - - default default] Unable to schedule network 91d2a21b-e0ad-496c-85dc-0a4fa055edab: no agents available; will retry on subsequent port and subnet creation events.
2026-07-14 11:41:50.911 10 INFO neutron.db.ovn_revision_numbers_db [None req-3f0e60e6-55db-4b46-932d-73e2440c9869 e820eb7e754441859d3dfd86f088be9c 5d80ea2504e6400d9538295a00471c07 - - default default] Successfully bumped revision number for resource dda2050d-9357-4288-bc49-699c23a06356 (type: ports) to 1
2026-07-14 11:41:51.463 9 INFO neutron.plugins.ml2.drivers.ovn.mech_driver.mech_driver [None req-c1242a75-d02a-4fc2-b5c7-5567aded73f5 - - - - - -] OVN reports status up for port: dda2050d-9357-4288-bc49-699c23a06356
2026-07-14 11:41:51.472 9 INFO neutron.plugins.ml2.drivers.ovn.mech_driver.ovsdb.ovsdb_monitor [None req-f7e6df92-cc67-4fd1-ae22-8685835f486f - - - - - -] Router c4b58043-b02f-4514-a993-afdfd2ac8ae4 is bound to host instance
2026-07-14 11:41:51.476 9 INFO neutron.plugins.ml2.plugin [None req-c1242a75-d02a-4fc2-b5c7-5567aded73f5 - - - - - -] Attempt 1 to provision port dda2050d-9357-4288-bc49-699c23a06356
