2026-07-14 11:45:17.970 9 INFO neutron.wsgi [req-12f056f5-a670-4bb1-8ccb-6a7c2af28c44 req-1bea4792-5399-40f8-9ef8-4d048e0a6d89 510ec922fc0a4c2daf74f2b7376f9572 007b620f9f02429dbfe1620e7e0729be - - fd004ce52a97444eaaca329ac57bdc02 fd004ce52a97444eaaca329ac57bdc02] 199.204.45.3 "GET /v2.0/ports?network_id=63f4ea5f-e9ed-4d41-91a0-b93707f53ab3&device_owner=network%3Adhcp HTTP/1.1" status: 200 len: 210 time: 0.0252004
2026-07-14 11:45:18.002 9 INFO neutron.wsgi [None req-277b5d0f-bcf4-459c-bf23-48f510a90ab1 e820eb7e754441859d3dfd86f088be9c 5d80ea2504e6400d9538295a00471c07 - - default default] 199.204.45.3 "GET /v2.0/ports/ebd6e377-420f-4845-acaf-09a01e04f5df HTTP/1.1" status: 200 len: 1340 time: 0.0455348
2026-07-14 11:45:18.065 9 INFO neutron.wsgi [None req-cb49e654-58f4-40f8-8989-f30c80d698eb e820eb7e754441859d3dfd86f088be9c 5d80ea2504e6400d9538295a00471c07 - - default default] 199.204.45.3 "GET /v2.0/ports/059ea9b8-0dde-43f0-ad3c-32f3d1c53101 HTTP/1.1" status: 200 len: 1519 time: 0.0443556
2026-07-14 11:45:18.070 9 INFO neutron.wsgi [req-12f056f5-a670-4bb1-8ccb-6a7c2af28c44 req-e13caf6e-4fc3-4e70-9ea9-50c8fd4c7e6a 510ec922fc0a4c2daf74f2b7376f9572 007b620f9f02429dbfe1620e7e0729be - - fd004ce52a97444eaaca329ac57bdc02 fd004ce52a97444eaaca329ac57bdc02] 199.204.45.3 "GET /v2.0/networks/63f4ea5f-e9ed-4d41-91a0-b93707f53ab3?fields=segments HTTP/1.1" status: 200 len: 212 time: 0.0904160
2026-07-14 11:45:18.120 9 INFO neutron.wsgi [None req-5c677c37-755e-4fe3-b37f-053f82728347 e820eb7e754441859d3dfd86f088be9c 5d80ea2504e6400d9538295a00471c07 - - default default] 199.204.45.3 "GET /v2.0/subnets/4b0b37bf-5fbb-4c5f-866f-5672f67453e2 HTTP/1.1" status: 200 len: 851 time: 0.0473928
2026-07-14 11:45:18.177 9 INFO neutron.wsgi [req-12f056f5-a670-4bb1-8ccb-6a7c2af28c44 req-0f191ceb-e541-4882-b202-0329ec7277c9 510ec922fc0a4c2daf74f2b7376f9572 007b620f9f02429dbfe1620e7e0729be - - fd004ce52a97444eaaca329ac57bdc02 fd004ce52a97444eaaca329ac57bdc02] 199.204.45.3 "GET /v2.0/networks/63f4ea5f-e9ed-4d41-91a0-b93707f53ab3?fields=provider%3Aphysical_network&fields=provider%3Anetwork_type HTTP/1.1" status: 200 len: 277 time: 0.0979600
2026-07-14 11:45:18.191 9 INFO neutron.wsgi [None req-eed1bab7-acb0-4f3f-bc26-d2c1dd1f93ea e820eb7e754441859d3dfd86f088be9c 5d80ea2504e6400d9538295a00471c07 - - default default] 199.204.45.3 "GET /v2.0/networks/63f4ea5f-e9ed-4d41-91a0-b93707f53ab3 HTTP/1.1" status: 200 len: 1001 time: 0.0622208
2026-07-14 11:45:18.223 9 INFO neutron.wsgi [None req-846c1c40-6b97-446e-beaa-e918f4b65552 e820eb7e754441859d3dfd86f088be9c 5d80ea2504e6400d9538295a00471c07 - - default default] 199.204.45.3 "GET /v2.0/ports/ebd6e377-420f-4845-acaf-09a01e04f5df HTTP/1.1" status: 200 len: 1340 time: 0.0255284
2026-07-14 11:45:18.264 9 INFO neutron.wsgi [None req-01d89bc2-7f50-4656-b192-475c4beb4f28 e820eb7e754441859d3dfd86f088be9c 5d80ea2504e6400d9538295a00471c07 - - default default] 199.204.45.3 "GET /v2.0/subnets/4b0b37bf-5fbb-4c5f-866f-5672f67453e2 HTTP/1.1" status: 200 len: 851 time: 0.0316286
2026-07-14 11:45:18.576 9 INFO neutron.notifiers.nova [-] Nova event matching ['req-02bb345b-394c-4b84-941e-814d4cf3d423'] response: {'server_uuid': '37d73e3b-b67e-4f05-a44e-c4ced0c569ca', 'name': 'network-vif-unplugged', 'status': 'completed', 'tag': 'dbd56342-f4df-471a-bdba-b1b229dc3037', 'code': 200}
2026-07-14 11:45:18.576 9 INFO neutron.notifiers.nova [-] Nova event matching ['req-02bb345b-394c-4b84-941e-814d4cf3d423'] response: {'server_uuid': '37d73e3b-b67e-4f05-a44e-c4ced0c569ca', 'name': 'network-vif-plugged', 'status': 'completed', 'tag': 'dbd56342-f4df-471a-bdba-b1b229dc3037', 'code': 200}
2026-07-14 11:45:18.576 9 INFO neutron.notifiers.nova [-] Nova event matching ['req-02bb345b-394c-4b84-941e-814d4cf3d423'] response: {'server_uuid': '37d73e3b-b67e-4f05-a44e-c4ced0c569ca', 'name': 'network-vif-deleted', 'tag': 'dbd56342-f4df-471a-bdba-b1b229dc3037', 'status': 'completed', 'code': 200}
2026-07-14 11:45:18.932 10 INFO neutron.wsgi [-] 10.0.0.11 "GET / HTTP/1.1" status: 200 len: 246 time: 0.0014267
2026-07-14 11:45:18.934 10 INFO neutron.wsgi [-] 10.0.0.11 "GET / HTTP/1.1" status: 200 len: 246 time: 0.0010078
2026-07-14 11:45:26.836 9 INFO neutron.wsgi [None req-056ca887-4af8-4f04-9e80-905ee5288d2c e820eb7e754441859d3dfd86f088be9c 5d80ea2504e6400d9538295a00471c07 - - default default] 199.204.45.3 "GET /v2.0/extensions/security-group HTTP/1.1" status: 200 len: 369 time: 0.0090468
2026-07-14 11:45:26.844 9 INFO neutron.wsgi [None req-d607b006-4dc2-4c4d-8164-aeb17538b8e9 e820eb7e754441859d3dfd86f088be9c 5d80ea2504e6400d9538295a00471c07 - - default default] 199.204.45.3 "GET /v2.0/extensions/dns-integration HTTP/1.1" status: 200 len: 371 time: 0.0036297
2026-07-14 11:45:26.852 9 INFO neutron.wsgi [None req-94bd3a54-b1cc-4e78-aefc-15e60999f691 e820eb7e754441859d3dfd86f088be9c 5d80ea2504e6400d9538295a00471c07 - - default default] 199.204.45.3 "GET /v2.0/extensions/qos HTTP/1.1" status: 200 len: 365 time: 0.0045090
2026-07-14 11:45:26.862 9 INFO neutron.wsgi [None req-e960628d-23ca-4223-a9b3-7fd7af3a6f85 e820eb7e754441859d3dfd86f088be9c 5d80ea2504e6400d9538295a00471c07 - - default default] 199.204.45.3 "GET /v2.0/extensions/allowed-address-pairs HTTP/1.1" status: 200 len: 383 time: 0.0050199
2026-07-14 11:45:26.902 9 INFO neutron.wsgi [None req-d0d63321-a7de-4428-9275-99dca1647b1f e820eb7e754441859d3dfd86f088be9c 5d80ea2504e6400d9538295a00471c07 - - default default] 199.204.45.3 "GET /v2.0/security-groups?name=lb-799e3e03-e592-4015-b242-37b0d6f6a188 HTTP/1.1" status: 200 len: 2939 time: 0.0351360
2026-07-14 11:45:26.950 9 INFO neutron.wsgi [None req-e98672aa-e5a1-4b96-b22c-ce5f432d8aca e820eb7e754441859d3dfd86f088be9c 5d80ea2504e6400d9538295a00471c07 - - default default] 199.204.45.3 "GET /v2.0/security-group-rules?security_group_id=d7d23b68-a4df-4559-b3de-2df90d1b87f1 HTTP/1.1" status: 200 len: 2406 time: 0.0414939
2026-07-14 11:45:27.082 9 INFO neutron.wsgi [None req-281de7ec-a3f9-4df0-9793-087f550da3c9 e820eb7e754441859d3dfd86f088be9c 5d80ea2504e6400d9538295a00471c07 - - default default] 199.204.45.3 "DELETE /v2.0/security-group-rules/42de01a2-e1ee-4c5a-b157-6917907ac512 HTTP/1.1" status: 204 len: 173 time: 0.1241033
2026-07-14 11:45:27.193 9 INFO neutron.wsgi [None req-1fb00c65-5119-45d5-834e-d8755ffa910b e820eb7e754441859d3dfd86f088be9c 5d80ea2504e6400d9538295a00471c07 - - default default] 199.204.45.3 "DELETE /v2.0/security-group-rules/9ca82ceb-f0a0-44b4-a835-bf3bff68c81c HTTP/1.1" status: 204 len: 173 time: 0.1037619
2026-07-14 11:45:31.768 9 INFO neutron.db.l3_db [None req-0ab21ced-0064-481c-a8ea-5660b3e31b10 0a418eaf640c46418b7dff15bc24f8fd accad997ad7e4d3aaae920dabe217222 - - default default] Floating IP 0666c575-3bfb-4ff3-88f1-dcefa6b84fb5 disassociated (deleted). External IP: 10.96.250.213, port: ebd6e377-420f-4845-acaf-09a01e04f5df.
2026-07-14 11:45:31.844 9 INFO neutron.wsgi [None req-0ab21ced-0064-481c-a8ea-5660b3e31b10 0a418eaf640c46418b7dff15bc24f8fd accad997ad7e4d3aaae920dabe217222 - - default default] 10.0.0.24 "DELETE /v2.0/floatingips/0666c575-3bfb-4ff3-88f1-dcefa6b84fb5 HTTP/1.1" status: 204 len: 168 time: 0.4726315 /var/lib/openstack/lib/python3.10/site-packages/pycadf/identifier.py:71: UserWarning: Invalid uuid: neutron. To ensure interoperability, identifiers should be a valid uuid. warnings.warn(('Invalid uuid: %s. To ensure interoperability, '
2026-07-14 11:45:31.875 9 INFO neutron.api.v2.resource [None req-668c8014-a48d-46fc-a16b-09943deb3fa1 0a418eaf640c46418b7dff15bc24f8fd accad997ad7e4d3aaae920dabe217222 - - default default] show failed (client error): The resource could not be found.
2026-07-14 11:45:31.877 9 INFO neutron.wsgi [None req-668c8014-a48d-46fc-a16b-09943deb3fa1 0a418eaf640c46418b7dff15bc24f8fd accad997ad7e4d3aaae920dabe217222 - - default default] 10.0.0.24 "GET /v2.0/floatingips/0666c575-3bfb-4ff3-88f1-dcefa6b84fb5 HTTP/1.1" status: 404 len: 345 time: 0.0252004
2026-07-14 11:45:32.141 10 INFO neutron.wsgi [None req-02e9f8b5-56a7-4ede-86f8-c69c4fe8ad9b e820eb7e754441859d3dfd86f088be9c 5d80ea2504e6400d9538295a00471c07 - - default default] 199.204.45.3 "GET /v2.0/extensions/security-group HTTP/1.1" status: 200 len: 369 time: 0.0055022
2026-07-14 11:45:32.148 10 INFO neutron.wsgi [None req-8d663f21-e6c6-4cef-ad7b-74c48fa31eca e820eb7e754441859d3dfd86f088be9c 5d80ea2504e6400d9538295a00471c07 - - default default] 199.204.45.3 "GET /v2.0/extensions/dns-integration HTTP/1.1" status: 200 len: 371 time: 0.0041828
2026-07-14 11:45:32.155 10 INFO neutron.wsgi [None req-628d58e7-a080-4c82-aab9-07573d00a596 e820eb7e754441859d3dfd86f088be9c 5d80ea2504e6400d9538295a00471c07 - - default default] 199.204.45.3 "GET /v2.0/extensions/qos HTTP/1.1" status: 200 len: 365 time: 0.0040672
2026-07-14 11:45:32.165 10 INFO neutron.wsgi [None req-1510e4c2-365a-4ca3-98e5-7dfcd18358cc e820eb7e754441859d3dfd86f088be9c 5d80ea2504e6400d9538295a00471c07 - - default default] 199.204.45.3 "GET /v2.0/extensions/allowed-address-pairs HTTP/1.1" status: 200 len: 383 time: 0.0049119
2026-07-14 11:45:32.203 10 INFO neutron.wsgi [None req-be9c947c-3807-4879-a667-94d2d040829e e820eb7e754441859d3dfd86f088be9c 5d80ea2504e6400d9538295a00471c07 - - default default] 199.204.45.3 "GET /v2.0/subnets/4b0b37bf-5fbb-4c5f-866f-5672f67453e2 HTTP/1.1" status: 200 len: 851 time: 0.0316889
2026-07-14 11:45:32.242 10 INFO neutron.wsgi [None req-e1c4c435-cf54-4fd7-bf5d-cf9f7f12c301 e820eb7e754441859d3dfd86f088be9c 5d80ea2504e6400d9538295a00471c07 - - default default] 199.204.45.3 "GET /v2.0/ports?device_id=37d73e3b-b67e-4f05-a44e-c4ced0c569ca HTTP/1.1" status: 200 len: 2728 time: 0.0313728
2026-07-14 11:45:32.279 10 INFO neutron.wsgi [None req-7038489f-2f79-4526-8eec-6970e6f5e7c6 e820eb7e754441859d3dfd86f088be9c 5d80ea2504e6400d9538295a00471c07 - - default default] 199.204.45.3 "GET /v2.0/ports?device_id=37d73e3b-b67e-4f05-a44e-c4ced0c569ca HTTP/1.1" status: 200 len: 2728 time: 0.0300333
2026-07-14 11:45:32.369 10 INFO neutron.wsgi [None req-e3c113ed-c0be-4534-b113-36ee7ed10637 e820eb7e754441859d3dfd86f088be9c 5d80ea2504e6400d9538295a00471c07 - - default default] 199.204.45.3 "GET /v2.0/ports?device_id=37d73e3b-b67e-4f05-a44e-c4ced0c569ca HTTP/1.1" status: 200 len: 2728 time: 0.0357685
2026-07-14 11:45:32.628 10 INFO neutron.plugins.ml2.drivers.ovn.mech_driver.mech_driver [None req-bce252a6-e8d4-4e60-89b6-69e113a9828b - - - - - -] OVN reports status down for port: ebd6e377-420f-4845-acaf-09a01e04f5df
2026-07-14 11:45:32.745 10 INFO neutron.plugins.ml2.drivers.ovn.mech_driver.mech_driver [None req-bce252a6-e8d4-4e60-89b6-69e113a9828b - - - - - -] OVN reports status down for port: 059ea9b8-0dde-43f0-ad3c-32f3d1c53101
2026-07-14 11:45:32.778 9 INFO neutron.db.ovn_revision_numbers_db [None req-f7e6df92-cc67-4fd1-ae22-8685835f486f - - - - - -] Successfully bumped revision number for resource ebd6e377-420f-4845-acaf-09a01e04f5df (type: ports) to 6
2026-07-14 11:45:32.966 9 INFO neutron.wsgi [req-14ea49fb-0fef-49c1-aaa0-ff05485c5fda req-63866d07-a401-4449-a656-b979d2436471 510ec922fc0a4c2daf74f2b7376f9572 007b620f9f02429dbfe1620e7e0729be - - fd004ce52a97444eaaca329ac57bdc02 fd004ce52a97444eaaca329ac57bdc02] 199.204.45.3 "GET /v2.0/ports/059ea9b8-0dde-43f0-ad3c-32f3d1c53101 HTTP/1.1" status: 200 len: 1517 time: 0.2871659
2026-07-14 11:45:32.986 10 INFO neutron.notifiers.nova [-] Nova event matching ['req-c4387a17-7fae-4394-92b9-73c0d0b476b8'] response: {'server_uuid': '37d73e3b-b67e-4f05-a44e-c4ced0c569ca', 'name': 'network-vif-unplugged', 'status': 'completed', 'tag': '059ea9b8-0dde-43f0-ad3c-32f3d1c53101', 'code': 200}
2026-07-14 11:45:33.004 9 INFO neutron.wsgi [req-14ea49fb-0fef-49c1-aaa0-ff05485c5fda req-9a946759-f722-49f7-9071-735f269f7ea6 e820eb7e754441859d3dfd86f088be9c 5d80ea2504e6400d9538295a00471c07 - - default default] 199.204.45.3 "GET /v2.0/ports/059ea9b8-0dde-43f0-ad3c-32f3d1c53101?fields=binding%3Aprofile&fields=network_id HTTP/1.1" status: 200 len: 281 time: 0.0321145
2026-07-14 11:45:33.036 10 INFO neutron.db.ovn_revision_numbers_db [None req-bce252a6-e8d4-4e60-89b6-69e113a9828b - - - - - -] Successfully bumped revision number for resource 059ea9b8-0dde-43f0-ad3c-32f3d1c53101 (type: ports) to 7
2026-07-14 11:45:33.072 9 INFO neutron.wsgi [req-14ea49fb-0fef-49c1-aaa0-ff05485c5fda req-f9abcfa0-fb27-4162-b2ad-33fdc05d8580 e820eb7e754441859d3dfd86f088be9c 5d80ea2504e6400d9538295a00471c07 - - default default] 199.204.45.3 "GET /v2.0/networks/63f4ea5f-e9ed-4d41-91a0-b93707f53ab3?fields=dns_domain HTTP/1.1" status: 200 len: 227 time: 0.0618467 /var/lib/openstack/lib/python3.10/site-packages/pycadf/identifier.py:71: UserWarning: Invalid uuid: neutron. To ensure interoperability, identifiers should be a valid uuid. warnings.warn(('Invalid uuid: %s. To ensure interoperability, '
2026-07-14 11:45:33.436 10 INFO neutron.wsgi [None req-d758ed0e-a436-4009-83b8-73a930217097 e820eb7e754441859d3dfd86f088be9c 5d80ea2504e6400d9538295a00471c07 - - default default] 199.204.45.3 "GET /v2.0/ports?device_id=37d73e3b-b67e-4f05-a44e-c4ced0c569ca HTTP/1.1" status: 200 len: 1417 time: 0.0574372
2026-07-14 11:45:33.462 9 INFO neutron.db.ovn_revision_numbers_db [req-14ea49fb-0fef-49c1-aaa0-ff05485c5fda req-4f177cad-7620-4715-b1e4-2d5415f8bf3c 510ec922fc0a4c2daf74f2b7376f9572 007b620f9f02429dbfe1620e7e0729be - - fd004ce52a97444eaaca329ac57bdc02 fd004ce52a97444eaaca329ac57bdc02] Successfully bumped revision number for resource 059ea9b8-0dde-43f0-ad3c-32f3d1c53101 (type: ports) to 8
2026-07-14 11:45:33.483 9 INFO neutron.wsgi [req-14ea49fb-0fef-49c1-aaa0-ff05485c5fda req-4f177cad-7620-4715-b1e4-2d5415f8bf3c 510ec922fc0a4c2daf74f2b7376f9572 007b620f9f02429dbfe1620e7e0729be - - fd004ce52a97444eaaca329ac57bdc02 fd004ce52a97444eaaca329ac57bdc02] 199.204.45.3 "PUT /v2.0/ports/059ea9b8-0dde-43f0-ad3c-32f3d1c53101 HTTP/1.1" status: 200 len: 1351 time: 0.4056075 /var/lib/openstack/lib/python3.10/site-packages/pycadf/identifier.py:71: UserWarning: Invalid uuid: neutron. To ensure interoperability, identifiers should be a valid uuid. warnings.warn(('Invalid uuid: %s. To ensure interoperability, '
2026-07-14 11:45:33.596 9 INFO neutron.wsgi [req-14ea49fb-0fef-49c1-aaa0-ff05485c5fda req-b45b4585-e6de-4ab0-b155-8af81594bcb1 510ec922fc0a4c2daf74f2b7376f9572 007b620f9f02429dbfe1620e7e0729be - - fd004ce52a97444eaaca329ac57bdc02 fd004ce52a97444eaaca329ac57bdc02] 199.204.45.3 "GET /v2.0/ports?tenant_id=5d80ea2504e6400d9538295a00471c07&device_id=37d73e3b-b67e-4f05-a44e-c4ced0c569ca HTTP/1.1" status: 200 len: 1417 time: 0.0372729
2026-07-14 11:45:33.670 9 INFO neutron.wsgi [req-14ea49fb-0fef-49c1-aaa0-ff05485c5fda req-e5806a5f-17cd-4c77-b3ab-1ac590b3520d 510ec922fc0a4c2daf74f2b7376f9572 007b620f9f02429dbfe1620e7e0729be - - fd004ce52a97444eaaca329ac57bdc02 fd004ce52a97444eaaca329ac57bdc02] 199.204.45.3 "GET /v2.0/networks?id=26d50531-2434-4f35-b778-6bd6a04d1b4a&id=63f4ea5f-e9ed-4d41-91a0-b93707f53ab3 HTTP/1.1" status: 200 len: 1728 time: 0.0670815
2026-07-14 11:45:33.707 9 INFO neutron.wsgi [req-14ea49fb-0fef-49c1-aaa0-ff05485c5fda req-4e49bdb2-7070-447d-83d7-96a318070eaa 510ec922fc0a4c2daf74f2b7376f9572 007b620f9f02429dbfe1620e7e0729be - - fd004ce52a97444eaaca329ac57bdc02 fd004ce52a97444eaaca329ac57bdc02] 199.204.45.3 "GET /v2.0/floatingips?fixed_ip_address=172.24.2.199&port_id=bccd9d62-2962-425e-8339-997261351a3f HTTP/1.1" status: 200 len: 217 time: 0.0289035
2026-07-14 11:45:33.747 9 INFO neutron.wsgi [req-14ea49fb-0fef-49c1-aaa0-ff05485c5fda req-09d8674c-4a47-463e-8b2d-35a12b02a523 510ec922fc0a4c2daf74f2b7376f9572 007b620f9f02429dbfe1620e7e0729be - - fd004ce52a97444eaaca329ac57bdc02 fd004ce52a97444eaaca329ac57bdc02] 199.204.45.3 "GET /v2.0/subnets?id=4b5e758c-5ef6-4306-bd4e-1858e4a1c091 HTTP/1.1" status: 200 len: 829 time: 0.0342920
2026-07-14 11:45:33.779 9 INFO neutron.wsgi [req-14ea49fb-0fef-49c1-aaa0-ff05485c5fda req-63121b6d-98f3-4178-bd57-290ec833ea45 510ec922fc0a4c2daf74f2b7376f9572 007b620f9f02429dbfe1620e7e0729be - - fd004ce52a97444eaaca329ac57bdc02 fd004ce52a97444eaaca329ac57bdc02] 199.204.45.3 "GET /v2.0/ports?network_id=26d50531-2434-4f35-b778-6bd6a04d1b4a&device_owner=network%3Adhcp HTTP/1.1" status: 200 len: 210 time: 0.0256803
2026-07-14 11:45:33.815 10 INFO neutron.db.ovn_revision_numbers_db [None req-ed3238f3-0870-43e6-849b-e1dec6f751e3 e820eb7e754441859d3dfd86f088be9c 5d80ea2504e6400d9538295a00471c07 - - default default] Successfully bumped revision number for resource 059ea9b8-0dde-43f0-ad3c-32f3d1c53101 (type: ports) to 9
2026-07-14 11:45:33.847 10 INFO neutron.wsgi [None req-ed3238f3-0870-43e6-849b-e1dec6f751e3 e820eb7e754441859d3dfd86f088be9c 5d80ea2504e6400d9538295a00471c07 - - default default] 199.204.45.3 "PUT /v2.0/ports/059ea9b8-0dde-43f0-ad3c-32f3d1c53101 HTTP/1.1" status: 200 len: 1290 time: 0.4051743 /var/lib/openstack/lib/python3.10/site-packages/pycadf/identifier.py:71: UserWarning: Invalid uuid: neutron. To ensure interoperability, identifiers should be a valid uuid. warnings.warn(('Invalid uuid: %s. To ensure interoperability, '
2026-07-14 11:45:33.875 9 INFO neutron.wsgi [req-14ea49fb-0fef-49c1-aaa0-ff05485c5fda req-3117a4cd-54ea-484c-a617-e12dd378b21c 510ec922fc0a4c2daf74f2b7376f9572 007b620f9f02429dbfe1620e7e0729be - - fd004ce52a97444eaaca329ac57bdc02 fd004ce52a97444eaaca329ac57bdc02] 199.204.45.3 "GET /v2.0/networks/26d50531-2434-4f35-b778-6bd6a04d1b4a?fields=segments HTTP/1.1" status: 200 len: 212 time: 0.0878313
2026-07-14 11:45:33.897 10 INFO neutron.wsgi [None req-3ca370b4-f0fd-4098-8a24-104d82dbbd77 e820eb7e754441859d3dfd86f088be9c 5d80ea2504e6400d9538295a00471c07 - - default default] 199.204.45.3 "GET /v2.0/ports/059ea9b8-0dde-43f0-ad3c-32f3d1c53101 HTTP/1.1" status: 200 len: 1290 time: 0.0438900
2026-07-14 11:45:33.934 10 INFO neutron.wsgi [-] 10.0.0.11 "GET / HTTP/1.1" status: 200 len: 246 time: 0.0020559
2026-07-14 11:45:33.938 10 INFO neutron.wsgi [-] 10.0.0.11 "GET / HTTP/1.1" status: 200 len: 246 time: 0.0014598
2026-07-14 11:45:34.206 10 INFO neutron.wsgi [None req-fea0ea84-ff84-46f0-9b58-6cbc004a23ca e820eb7e754441859d3dfd86f088be9c 5d80ea2504e6400d9538295a00471c07 - - default default] 199.204.45.3 "DELETE /v2.0/ports/059ea9b8-0dde-43f0-ad3c-32f3d1c53101 HTTP/1.1" status: 204 len: 173 time: 0.3019090
2026-07-14 11:45:34.244 10 INFO neutron.wsgi [None req-4168739a-7d73-4132-b609-e59f534f3846 e820eb7e754441859d3dfd86f088be9c 5d80ea2504e6400d9538295a00471c07 - - default default] 199.204.45.3 "GET /v2.0/extensions/security-group HTTP/1.1" status: 200 len: 369 time: 0.0082293
2026-07-14 11:45:34.255 10 INFO neutron.wsgi [None req-49ad97a6-6657-4579-9e2f-160b191200df e820eb7e754441859d3dfd86f088be9c 5d80ea2504e6400d9538295a00471c07 - - default default] 199.204.45.3 "GET /v2.0/extensions/dns-integration HTTP/1.1" status: 200 len: 371 time: 0.0035267
2026-07-14 11:45:34.262 10 INFO neutron.wsgi [None req-105425e4-eed7-40a9-8e84-57438603f618 e820eb7e754441859d3dfd86f088be9c 5d80ea2504e6400d9538295a00471c07 - - default default] 199.204.45.3 "GET /v2.0/extensions/qos HTTP/1.1" status: 200 len: 365 time: 0.0043426
2026-07-14 11:45:34.271 10 INFO neutron.wsgi [None req-fcf04a28-f218-4422-9ce0-756d363c7a45 e820eb7e754441859d3dfd86f088be9c 5d80ea2504e6400d9538295a00471c07 - - default default] 199.204.45.3 "GET /v2.0/extensions/allowed-address-pairs HTTP/1.1" status: 200 len: 383 time: 0.0047710
2026-07-14 11:45:34.292 10 INFO neutron.pecan_wsgi.hooks.translation [None req-aa96f5c9-90d8-4ea9-b51c-d13ef64b28e9 e820eb7e754441859d3dfd86f088be9c 5d80ea2504e6400d9538295a00471c07 - - default default] DELETE failed (client error): The resource could not be found.
2026-07-14 11:45:34.294 10 INFO neutron.wsgi [None req-aa96f5c9-90d8-4ea9-b51c-d13ef64b28e9 e820eb7e754441859d3dfd86f088be9c 5d80ea2504e6400d9538295a00471c07 - - default default] 199.204.45.3 "DELETE /v2.0/ports/059ea9b8-0dde-43f0-ad3c-32f3d1c53101 HTTP/1.1" status: 404 len: 338 time: 0.0177557
2026-07-14 11:45:34.331 10 INFO neutron.wsgi [None req-33e7e914-5d7a-43cf-8393-ef8bde1b27e9 e820eb7e754441859d3dfd86f088be9c 5d80ea2504e6400d9538295a00471c07 - - default default] 199.204.45.3 "GET /v2.0/ports/ebd6e377-420f-4845-acaf-09a01e04f5df HTTP/1.1" status: 200 len: 1332 time: 0.0300884
2026-07-14 11:45:34.351 9 INFO neutron.wsgi [req-14ea49fb-0fef-49c1-aaa0-ff05485c5fda req-be7195ae-81bd-4ac0-9212-2379582072f9 510ec922fc0a4c2daf74f2b7376f9572 007b620f9f02429dbfe1620e7e0729be - - fd004ce52a97444eaaca329ac57bdc02 fd004ce52a97444eaaca329ac57bdc02] 199.204.45.3 "GET /v2.0/networks/26d50531-2434-4f35-b778-6bd6a04d1b4a?fields=provider%3Aphysical_network&fields=provider%3Anetwork_type HTTP/1.1" status: 200 len: 277 time: 0.4673393
2026-07-14 11:45:34.355 9 INFO neutron.db.ovn_revision_numbers_db [None req-f7e6df92-cc67-4fd1-ae22-8685835f486f - - - - - -] Successfully bumped revision number for resource ebd6e377-420f-4845-acaf-09a01e04f5df (type: ports) to 8
2026-07-14 11:45:34.369 10 INFO neutron.wsgi [None req-4f82de6a-1302-44ad-b2cd-9df03a4ef1d4 e820eb7e754441859d3dfd86f088be9c 5d80ea2504e6400d9538295a00471c07 - - default default] 199.204.45.3 "GET /v2.0/security-groups?name=lb-799e3e03-e592-4015-b242-37b0d6f6a188 HTTP/1.1" status: 200 len: 1775 time: 0.0322649
2026-07-14 11:45:34.411 10 INFO neutron.wsgi [None req-486b6aae-b531-4783-94bb-42e2fad5ff4b e820eb7e754441859d3dfd86f088be9c 5d80ea2504e6400d9538295a00471c07 - - default default] 199.204.45.3 "GET /v2.0/ports/ebd6e377-420f-4845-acaf-09a01e04f5df HTTP/1.1" status: 200 len: 1332 time: 0.0355372
2026-07-14 11:45:34.778 10 INFO neutron.db.ovn_revision_numbers_db [None req-8ae1f4cd-a313-4623-83a6-7edb17c228fa e820eb7e754441859d3dfd86f088be9c 5d80ea2504e6400d9538295a00471c07 - - default default] Successfully bumped revision number for resource ebd6e377-420f-4845-acaf-09a01e04f5df (type: ports) to 9
2026-07-14 11:45:34.790 10 INFO neutron.wsgi [None req-8ae1f4cd-a313-4623-83a6-7edb17c228fa e820eb7e754441859d3dfd86f088be9c 5d80ea2504e6400d9538295a00471c07 - - default default] 199.204.45.3 "PUT /v2.0/ports/ebd6e377-420f-4845-acaf-09a01e04f5df HTTP/1.1" status: 200 len: 1294 time: 0.3694615
2026-07-14 11:45:34.894 10 INFO neutron.wsgi [None req-50118422-8298-495e-ad23-6281b8d6d6ac e820eb7e754441859d3dfd86f088be9c 5d80ea2504e6400d9538295a00471c07 - - default default] 199.204.45.3 "DELETE /v2.0/security-groups/d7d23b68-a4df-4559-b3de-2df90d1b87f1 HTTP/1.1" status: 204 len: 173 time: 0.0960052
2026-07-14 11:45:35.022 10 INFO neutron.notifiers.nova [-] Nova event matching ['req-557ed99f-8b8b-4014-bf24-af2d055d2b86'] response: {'server_uuid': '37d73e3b-b67e-4f05-a44e-c4ced0c569ca', 'name': 'network-vif-plugged', 'status': 'completed', 'tag': '059ea9b8-0dde-43f0-ad3c-32f3d1c53101', 'code': 200}
2026-07-14 11:45:35.191 10 INFO neutron.wsgi [None req-ebc753f8-92bc-4291-be9b-e8d7a73e0607 e820eb7e754441859d3dfd86f088be9c 5d80ea2504e6400d9538295a00471c07 - - default default] 199.204.45.3 "DELETE /v2.0/ports/ebd6e377-420f-4845-acaf-09a01e04f5df HTTP/1.1" status: 204 len: 173 time: 0.2902584
2026-07-14 11:45:35.463 10 INFO neutron.plugins.ml2.drivers.ovn.mech_driver.mech_driver [None req-bce252a6-e8d4-4e60-89b6-69e113a9828b - - - - - -] OVN reports status down for port: bccd9d62-2962-425e-8339-997261351a3f
2026-07-14 11:45:35.717 10 INFO neutron.db.ovn_revision_numbers_db [None req-bce252a6-e8d4-4e60-89b6-69e113a9828b - - - - - -] Successfully bumped revision number for resource bccd9d62-2962-425e-8339-997261351a3f (type: ports) to 5
2026-07-14 11:45:35.800 9 INFO neutron.wsgi [req-142b32d9-1214-47ef-aff3-69d22f1ff1ce req-b30a51d9-65bd-40bb-a836-fcec0bbe559c e820eb7e754441859d3dfd86f088be9c 5d80ea2504e6400d9538295a00471c07 - - default default] 199.204.45.3 "GET /v2.0/ports?device_id=37d73e3b-b67e-4f05-a44e-c4ced0c569ca HTTP/1.1" status: 200 len: 1415 time: 0.0350878
2026-07-14 11:45:36.050 9 INFO neutron.wsgi [req-142b32d9-1214-47ef-aff3-69d22f1ff1ce req-5300cdff-9b29-44a0-80f6-37d2584e4cc8 e820eb7e754441859d3dfd86f088be9c 5d80ea2504e6400d9538295a00471c07 - - default default] 199.204.45.3 "DELETE /v2.0/ports/bccd9d62-2962-425e-8339-997261351a3f HTTP/1.1" status: 204 len: 173 time: 0.2448227
2026-07-14 11:45:36.087 9 INFO neutron.notifiers.nova [-] Nova event matching ['req-29705956-0ee2-40dd-af3a-f25f6ebc9172'] response: {'server_uuid': '37d73e3b-b67e-4f05-a44e-c4ced0c569ca', 'name': 'network-vif-deleted', 'tag': 'bccd9d62-2962-425e-8339-997261351a3f', 'status': 'completed', 'code': 200}
2026-07-14 11:45:37.065 10 INFO neutron.notifiers.nova [-] Nova event matching ['req-1a8f7e8d-2875-4f38-99ca-46d205c06e59'] response: {'server_uuid': '37d73e3b-b67e-4f05-a44e-c4ced0c569ca', 'name': 'network-vif-unplugged', 'status': 'completed', 'tag': 'bccd9d62-2962-425e-8339-997261351a3f', 'code': 200}
2026-07-14 11:45:37.066 10 INFO neutron.notifiers.nova [-] Nova event matching ['req-1a8f7e8d-2875-4f38-99ca-46d205c06e59'] response: {'server_uuid': '37d73e3b-b67e-4f05-a44e-c4ced0c569ca', 'name': 'network-vif-plugged', 'status': 'completed', 'tag': 'bccd9d62-2962-425e-8339-997261351a3f', 'code': 200} /var/lib/openstack/lib/python3.10/site-packages/pycadf/identifier.py:71: UserWarning: Invalid uuid: neutron. To ensure interoperability, identifiers should be a valid uuid. warnings.warn(('Invalid uuid: %s. To ensure interoperability, '
2026-07-14 11:45:37.607 10 INFO neutron.db.l3_db [None req-25f1f446-0e9c-4908-bf1c-ee87560553d1 0a418eaf640c46418b7dff15bc24f8fd accad997ad7e4d3aaae920dabe217222 - - default default] Floating IP 264b0524-1977-4d76-ab0a-ffa169deb1a3 disassociated (deleted). External IP: 10.96.250.218, port: 3722cb71-f0a3-484d-8df6-e6c83e4568b1.
2026-07-14 11:45:37.694 10 INFO neutron.wsgi [None req-25f1f446-0e9c-4908-bf1c-ee87560553d1 0a418eaf640c46418b7dff15bc24f8fd accad997ad7e4d3aaae920dabe217222 - - default default] 10.0.0.24 "DELETE /v2.0/floatingips/264b0524-1977-4d76-ab0a-ffa169deb1a3 HTTP/1.1" status: 204 len: 168 time: 0.5932717
2026-07-14 11:45:37.729 9 INFO neutron.api.v2.resource [None req-a2bc5488-8342-49b0-8539-17423ed0a224 0a418eaf640c46418b7dff15bc24f8fd accad997ad7e4d3aaae920dabe217222 - - default default] show failed (client error): The resource could not be found.
2026-07-14 11:45:37.732 9 INFO neutron.wsgi [None req-a2bc5488-8342-49b0-8539-17423ed0a224 0a418eaf640c46418b7dff15bc24f8fd accad997ad7e4d3aaae920dabe217222 - - default default] 10.0.0.24 "GET /v2.0/floatingips/264b0524-1977-4d76-ab0a-ffa169deb1a3 HTTP/1.1" status: 404 len: 345 time: 0.0314198
2026-07-14 11:45:37.932 10 INFO neutron.plugins.ml2.drivers.ovn.mech_driver.mech_driver [None req-bce252a6-e8d4-4e60-89b6-69e113a9828b - - - - - -] OVN reports status down for port: 3722cb71-f0a3-484d-8df6-e6c83e4568b1
2026-07-14 11:45:38.020 9 INFO neutron.wsgi [req-48904b95-0a3b-4d1a-9e49-d16a56fe03ea req-190c8649-cd75-412e-a757-62bc054c69d1 0a418eaf640c46418b7dff15bc24f8fd accad997ad7e4d3aaae920dabe217222 - - default default] 10.0.0.47 "GET /v2.0/ports?device_id=79511d01-c160-43bd-891a-3422c4fb9483 HTTP/1.1" status: 200 len: 1404 time: 0.1508765
2026-07-14 11:45:38.070 9 INFO neutron.wsgi [req-48904b95-0a3b-4d1a-9e49-d16a56fe03ea req-8d42f019-cd13-40c9-9a29-03372f24b07b 0a418eaf640c46418b7dff15bc24f8fd accad997ad7e4d3aaae920dabe217222 - - default default] 10.0.0.47 "GET /v2.0/security-groups?id=a56bccdf-d1ad-437c-a2f2-592d839243fd&fields=id&fields=name HTTP/1.1" status: 200 len: 310 time: 0.0390632
2026-07-14 11:45:38.192 10 INFO neutron.db.ovn_revision_numbers_db [None req-bce252a6-e8d4-4e60-89b6-69e113a9828b - - - - - -] Successfully bumped revision number for resource 3722cb71-f0a3-484d-8df6-e6c83e4568b1 (type: ports) to 5
2026-07-14 11:45:38.234 9 INFO neutron.wsgi [req-d9bc32ba-2e0c-40e6-baa8-0043464a8034 req-baf99a6b-a081-4a9d-8f42-e8e35f7cee6e 0a418eaf640c46418b7dff15bc24f8fd accad997ad7e4d3aaae920dabe217222 - - default default] 199.204.45.3 "GET /v2.0/ports?device_id=79511d01-c160-43bd-891a-3422c4fb9483 HTTP/1.1" status: 200 len: 1402 time: 0.0363336
2026-07-14 11:45:38.624 9 INFO neutron.wsgi [req-d9bc32ba-2e0c-40e6-baa8-0043464a8034 req-b9b2491c-f984-4419-863f-41b5dde8ccbb 0a418eaf640c46418b7dff15bc24f8fd accad997ad7e4d3aaae920dabe217222 - - default default] 199.204.45.3 "DELETE /v2.0/ports/3722cb71-f0a3-484d-8df6-e6c83e4568b1 HTTP/1.1" status: 204 len: 173 time: 0.3848391
2026-07-14 11:45:38.716 9 INFO neutron.notifiers.nova [-] Nova event matching ['req-b0fb8b06-641f-4337-8afa-928c16485bbc'] response: {'server_uuid': '79511d01-c160-43bd-891a-3422c4fb9483', 'name': 'network-vif-deleted', 'tag': '3722cb71-f0a3-484d-8df6-e6c83e4568b1', 'status': 'completed', 'code': 200}
2026-07-14 11:45:39.105 10 INFO neutron.notifiers.nova [-] Nova event matching ['req-c082f79c-8e35-4651-be23-a2ab56736260'] response: {'name': 'network-changed', 'server_uuid': '79511d01-c160-43bd-891a-3422c4fb9483', 'tag': '3722cb71-f0a3-484d-8df6-e6c83e4568b1', 'status': 'completed', 'code': 200}
2026-07-14 11:45:39.105 10 INFO neutron.notifiers.nova [-] Nova event matching ['req-c082f79c-8e35-4651-be23-a2ab56736260'] response: {'server_uuid': '79511d01-c160-43bd-891a-3422c4fb9483', 'name': 'network-vif-unplugged', 'status': 'completed', 'tag': '3722cb71-f0a3-484d-8df6-e6c83e4568b1', 'code': 200}
2026-07-14 11:45:39.105 10 INFO neutron.notifiers.nova [-] Nova event matching ['req-c082f79c-8e35-4651-be23-a2ab56736260'] response: {'server_uuid': '79511d01-c160-43bd-891a-3422c4fb9483', 'name': 'network-vif-plugged', 'status': 'completed', 'tag': '3722cb71-f0a3-484d-8df6-e6c83e4568b1', 'code': 200}
2026-07-14 11:45:39.133 9 INFO neutron.wsgi [req-a0f0ba3a-2bca-44a7-ab06-d1cac9501c44 req-35a67886-466d-4dbc-8ae1-47292619077a 510ec922fc0a4c2daf74f2b7376f9572 007b620f9f02429dbfe1620e7e0729be - - fd004ce52a97444eaaca329ac57bdc02 fd004ce52a97444eaaca329ac57bdc02] 199.204.45.3 "GET /v2.0/ports?tenant_id=accad997ad7e4d3aaae920dabe217222&device_id=79511d01-c160-43bd-891a-3422c4fb9483 HTTP/1.1" status: 200 len: 210 time: 0.0201054
2026-07-14 11:45:39.263 9 INFO neutron.wsgi [req-a0f0ba3a-2bca-44a7-ab06-d1cac9501c44 req-fdbd4ef2-4d11-4041-90ac-d55481bce70b 510ec922fc0a4c2daf74f2b7376f9572 007b620f9f02429dbfe1620e7e0729be - - fd004ce52a97444eaaca329ac57bdc02 fd004ce52a97444eaaca329ac57bdc02] 199.204.45.3 "GET /v2.0/networks?tenant_id=accad997ad7e4d3aaae920dabe217222&shared=False HTTP/1.1" status: 200 len: 2583 time: 0.1241899
2026-07-14 11:45:39.380 9 INFO neutron.wsgi [req-a0f0ba3a-2bca-44a7-ab06-d1cac9501c44 req-7a171d0c-73f1-448f-8932-07d977d2d65d 510ec922fc0a4c2daf74f2b7376f9572 007b620f9f02429dbfe1620e7e0729be - - fd004ce52a97444eaaca329ac57bdc02 fd004ce52a97444eaaca329ac57bdc02] 199.204.45.3 "GET /v2.0/networks?shared=True HTTP/1.1" status: 200 len: 952 time: 0.1123893
2026-07-14 11:45:43.516 9 INFO neutron.db.l3_db [None req-640ab3f6-c562-4bd4-860d-247a58456445 0a418eaf640c46418b7dff15bc24f8fd accad997ad7e4d3aaae920dabe217222 - - default default] Floating IP 98117114-a011-439f-b76b-cd53ee0ef45c disassociated (deleted). External IP: 10.96.250.215, port: 64552091-8d4f-4ba2-a0a9-229516fb9974.
2026-07-14 11:45:43.594 9 INFO neutron.wsgi [None req-640ab3f6-c562-4bd4-860d-247a58456445 0a418eaf640c46418b7dff15bc24f8fd accad997ad7e4d3aaae920dabe217222 - - default default] 10.0.0.24 "DELETE /v2.0/floatingips/98117114-a011-439f-b76b-cd53ee0ef45c HTTP/1.1" status: 204 len: 168 time: 0.4615328 /var/lib/openstack/lib/python3.10/site-packages/pycadf/identifier.py:71: UserWarning: Invalid uuid: neutron. To ensure interoperability, identifiers should be a valid uuid. warnings.warn(('Invalid uuid: %s. To ensure interoperability, '
2026-07-14 11:45:43.622 10 INFO neutron.api.v2.resource [None req-f10cd8ee-f9e6-4c6d-a7bf-9c33c49dbaa2 0a418eaf640c46418b7dff15bc24f8fd accad997ad7e4d3aaae920dabe217222 - - default default] show failed (client error): The resource could not be found.
2026-07-14 11:45:43.624 10 INFO neutron.wsgi [None req-f10cd8ee-f9e6-4c6d-a7bf-9c33c49dbaa2 0a418eaf640c46418b7dff15bc24f8fd accad997ad7e4d3aaae920dabe217222 - - default default] 10.0.0.24 "GET /v2.0/floatingips/98117114-a011-439f-b76b-cd53ee0ef45c HTTP/1.1" status: 404 len: 345 time: 0.0222731
2026-07-14 11:45:43.634 9 INFO neutron.notifiers.nova [-] Nova event matching ['req-c915f207-36f7-4d89-95c7-146cfeea3996'] response: {'name': 'network-changed', 'server_uuid': '197bbaa2-ac4c-4c90-9186-05684ac6f7e3', 'tag': '64552091-8d4f-4ba2-a0a9-229516fb9974', 'status': 'completed', 'code': 200} /var/lib/openstack/lib/python3.10/site-packages/pycadf/identifier.py:71: UserWarning: Invalid uuid: neutron. To ensure interoperability, identifiers should be a valid uuid. warnings.warn(('Invalid uuid: %s. To ensure interoperability, '
2026-07-14 11:45:43.689 9 INFO neutron.wsgi [req-258b2862-6218-4b85-8859-25b011ff8e07 req-852675a9-d2de-4b91-a1f9-e6ff4a8329b8 510ec922fc0a4c2daf74f2b7376f9572 007b620f9f02429dbfe1620e7e0729be - - fd004ce52a97444eaaca329ac57bdc02 fd004ce52a97444eaaca329ac57bdc02] 199.204.45.3 "GET /v2.0/ports?tenant_id=accad997ad7e4d3aaae920dabe217222&device_id=197bbaa2-ac4c-4c90-9186-05684ac6f7e3 HTTP/1.1" status: 200 len: 1634 time: 0.0346632
2026-07-14 11:45:43.774 9 INFO neutron.wsgi [req-258b2862-6218-4b85-8859-25b011ff8e07 req-5e44309c-b95c-4822-8f3e-de28a2eb16bc 510ec922fc0a4c2daf74f2b7376f9572 007b620f9f02429dbfe1620e7e0729be - - fd004ce52a97444eaaca329ac57bdc02 fd004ce52a97444eaaca329ac57bdc02] 199.204.45.3 "GET /v2.0/networks?id=bf57cc14-73f3-434a-80fa-cd845227dca8 HTTP/1.1" status: 200 len: 1002 time: 0.0780897
2026-07-14 11:45:43.811 9 INFO neutron.wsgi [req-258b2862-6218-4b85-8859-25b011ff8e07 req-247352e3-b7bc-4d3d-bc24-15da4a637330 510ec922fc0a4c2daf74f2b7376f9572 007b620f9f02429dbfe1620e7e0729be - - fd004ce52a97444eaaca329ac57bdc02 fd004ce52a97444eaaca329ac57bdc02] 199.204.45.3 "GET /v2.0/floatingips?fixed_ip_address=10.2.1.99&port_id=64552091-8d4f-4ba2-a0a9-229516fb9974 HTTP/1.1" status: 200 len: 217 time: 0.0290713
2026-07-14 11:45:43.833 10 INFO neutron.plugins.ml2.drivers.ovn.mech_driver.mech_driver [None req-bce252a6-e8d4-4e60-89b6-69e113a9828b - - - - - -] OVN reports status down for port: 64552091-8d4f-4ba2-a0a9-229516fb9974
2026-07-14 11:45:43.854 9 INFO neutron.wsgi [req-258b2862-6218-4b85-8859-25b011ff8e07 req-e8fca1de-5103-459c-830a-4d4819011984 510ec922fc0a4c2daf74f2b7376f9572 007b620f9f02429dbfe1620e7e0729be - - fd004ce52a97444eaaca329ac57bdc02 fd004ce52a97444eaaca329ac57bdc02] 199.204.45.3 "GET /v2.0/floatingips?fixed_ip_address=fd7b%3Af9f7%3Afff%3A4eca%3A%3A3ca&port_id=64552091-8d4f-4ba2-a0a9-229516fb9974 HTTP/1.1" status: 200 len: 217 time: 0.0353768
2026-07-14 11:45:43.902 9 INFO neutron.wsgi [req-258b2862-6218-4b85-8859-25b011ff8e07 req-c73687c2-33b5-44d2-871c-1877ad8184da 510ec922fc0a4c2daf74f2b7376f9572 007b620f9f02429dbfe1620e7e0729be - - fd004ce52a97444eaaca329ac57bdc02 fd004ce52a97444eaaca329ac57bdc02] 199.204.45.3 "GET /v2.0/subnets?id=69a996d2-4656-4b76-9810-22ef508e52b1&id=b4432d56-9d80-445c-93be-882d80b0f000 HTTP/1.1" status: 200 len: 1563 time: 0.0424399
2026-07-14 11:45:43.934 9 INFO neutron.wsgi [req-258b2862-6218-4b85-8859-25b011ff8e07 req-06418214-05a0-415c-9d14-52b49306c9a8 510ec922fc0a4c2daf74f2b7376f9572 007b620f9f02429dbfe1620e7e0729be - - fd004ce52a97444eaaca329ac57bdc02 fd004ce52a97444eaaca329ac57bdc02] 199.204.45.3 "GET /v2.0/ports?network_id=bf57cc14-73f3-434a-80fa-cd845227dca8&device_owner=network%3Adhcp HTTP/1.1" status: 200 len: 210 time: 0.0236630
2026-07-14 11:45:43.963 9 INFO neutron.wsgi [req-258b2862-6218-4b85-8859-25b011ff8e07 req-5541d5b8-c50a-407f-9a0c-83705e75a9ef 510ec922fc0a4c2daf74f2b7376f9572 007b620f9f02429dbfe1620e7e0729be - - fd004ce52a97444eaaca329ac57bdc02 fd004ce52a97444eaaca329ac57bdc02] 199.204.45.3 "GET /v2.0/ports?network_id=bf57cc14-73f3-434a-80fa-cd845227dca8&device_owner=network%3Adhcp HTTP/1.1" status: 200 len: 210 time: 0.0223420
2026-07-14 11:45:43.986 10 INFO neutron.wsgi [req-7d20daf4-0684-42e6-850f-f9591a326902 req-7785f9e1-356b-42d8-8299-bb72eeb29d43 0a418eaf640c46418b7dff15bc24f8fd accad997ad7e4d3aaae920dabe217222 - - default default] 10.0.0.47 "GET /v2.0/ports?device_id=197bbaa2-ac4c-4c90-9186-05684ac6f7e3 HTTP/1.1" status: 200 len: 1396 time: 0.1932807
2026-07-14 11:45:44.020 10 INFO neutron.notifiers.nova [-] Nova event matching ['req-e96485c3-c970-4cf1-88cd-42863a00cb2c'] response: {'server_uuid': '197bbaa2-ac4c-4c90-9186-05684ac6f7e3', 'name': 'network-vif-unplugged', 'status': 'completed', 'tag': '64552091-8d4f-4ba2-a0a9-229516fb9974', 'code': 200}
2026-07-14 11:45:44.043 9 INFO neutron.wsgi [req-258b2862-6218-4b85-8859-25b011ff8e07 req-efd13e88-f3fe-4545-84d3-335c51af0bd6 510ec922fc0a4c2daf74f2b7376f9572 007b620f9f02429dbfe1620e7e0729be - - fd004ce52a97444eaaca329ac57bdc02 fd004ce52a97444eaaca329ac57bdc02] 199.204.45.3 "GET /v2.0/networks/bf57cc14-73f3-434a-80fa-cd845227dca8?fields=segments HTTP/1.1" status: 200 len: 212 time: 0.0727985
2026-07-14 11:45:44.134 9 INFO neutron.wsgi [req-258b2862-6218-4b85-8859-25b011ff8e07 req-103e3cd2-7c22-4661-9565-0f4b3fffa6bc 510ec922fc0a4c2daf74f2b7376f9572 007b620f9f02429dbfe1620e7e0729be - - fd004ce52a97444eaaca329ac57bdc02 fd004ce52a97444eaaca329ac57bdc02] 199.204.45.3 "GET /v2.0/networks/bf57cc14-73f3-434a-80fa-cd845227dca8?fields=provider%3Aphysical_network&fields=provider%3Anetwork_type HTTP/1.1" status: 200 len: 277 time: 0.0785344
2026-07-14 11:45:44.252 10 INFO neutron.wsgi [req-7d20daf4-0684-42e6-850f-f9591a326902 req-32f4d7fa-0444-40eb-be7c-2dee2f041849 0a418eaf640c46418b7dff15bc24f8fd accad997ad7e4d3aaae920dabe217222 - - default default] 10.0.0.47 "GET /v2.0/security-groups?id=a56bccdf-d1ad-437c-a2f2-592d839243fd&fields=id&fields=name HTTP/1.1" status: 200 len: 310 time: 0.2605534
2026-07-14 11:45:44.315 9 INFO neutron.wsgi [req-7864e5f5-7e18-40db-8b6a-fd7df32854fd req-3b46ead8-345b-43c9-966b-50a3e4f81693 0a418eaf640c46418b7dff15bc24f8fd accad997ad7e4d3aaae920dabe217222 - - default default] 199.204.45.3 "GET /v2.0/ports?device_id=197bbaa2-ac4c-4c90-9186-05684ac6f7e3 HTTP/1.1" status: 200 len: 1394 time: 0.1540182
2026-07-14 11:45:44.398 10 INFO neutron.db.ovn_revision_numbers_db [None req-bce252a6-e8d4-4e60-89b6-69e113a9828b - - - - - -] Successfully bumped revision number for resource 64552091-8d4f-4ba2-a0a9-229516fb9974 (type: ports) to 5
2026-07-14 11:45:44.697 9 INFO neutron.wsgi [req-7864e5f5-7e18-40db-8b6a-fd7df32854fd req-54185a47-9d25-4ac5-a6e5-1c77353c8791 0a418eaf640c46418b7dff15bc24f8fd accad997ad7e4d3aaae920dabe217222 - - default default] 199.204.45.3 "DELETE /v2.0/ports/64552091-8d4f-4ba2-a0a9-229516fb9974 HTTP/1.1" status: 204 len: 173 time: 0.3775027
2026-07-14 11:45:45.679 9 INFO neutron.notifiers.nova [-] Nova event matching ['req-84b3e1af-ccb0-4a20-8c55-1745802f20c2'] response: {'server_uuid': '197bbaa2-ac4c-4c90-9186-05684ac6f7e3', 'name': 'network-vif-deleted', 'tag': '64552091-8d4f-4ba2-a0a9-229516fb9974', 'status': 'completed', 'code': 200}
2026-07-14 11:45:46.060 10 INFO neutron.notifiers.nova [-] Nova event matching ['req-0d57b123-5620-4fd0-a0e3-6f2e324dc69a'] response: {'server_uuid': '197bbaa2-ac4c-4c90-9186-05684ac6f7e3', 'name': 'network-vif-plugged', 'status': 'completed', 'tag': '64552091-8d4f-4ba2-a0a9-229516fb9974', 'code': 200}
2026-07-14 11:45:48.934 10 INFO neutron.wsgi [-] 10.0.0.11 "GET / HTTP/1.1" status: 200 len: 246 time: 0.0025580
2026-07-14 11:45:48.936 10 INFO neutron.wsgi [-] 10.0.0.11 "GET / HTTP/1.1" status: 200 len: 246 time: 0.0013516
2026-07-14 11:45:49.470 9 INFO neutron.wsgi [None req-147577ee-367f-4fca-afe9-903f62c9ce12 0a418eaf640c46418b7dff15bc24f8fd accad997ad7e4d3aaae920dabe217222 - - default default] 10.0.0.24 "DELETE /v2.0/security-group-rules/81536134-1443-47ff-a80f-0a0f56cc8c54 HTTP/1.1" status: 204 len: 168 time: 0.1545660 /var/lib/openstack/lib/python3.10/site-packages/pycadf/identifier.py:71: UserWarning: Invalid uuid: neutron. To ensure interoperability, identifiers should be a valid uuid. warnings.warn(('Invalid uuid: %s. To ensure interoperability, '
2026-07-14 11:45:49.489 10 INFO neutron.api.v2.resource [None req-df54edc1-1c66-4fbf-be70-f244f31f40c8 0a418eaf640c46418b7dff15bc24f8fd accad997ad7e4d3aaae920dabe217222 - - default default] show failed (client error): The resource could not be found.
2026-07-14 11:45:49.490 10 INFO neutron.wsgi [None req-df54edc1-1c66-4fbf-be70-f244f31f40c8 0a418eaf640c46418b7dff15bc24f8fd accad997ad7e4d3aaae920dabe217222 - - default default] 10.0.0.24 "GET /v2.0/security-group-rules/81536134-1443-47ff-a80f-0a0f56cc8c54 HTTP/1.1" status: 404 len: 356 time: 0.0115113
2026-07-14 11:45:49.603 9 INFO neutron.wsgi [None req-76fa1657-f177-43a8-a41d-fe75f0050b5c 0a418eaf640c46418b7dff15bc24f8fd accad997ad7e4d3aaae920dabe217222 - - default default] 10.0.0.24 "DELETE /v2.0/security-group-rules/c0e77e23-f156-4b5a-b73e-5700ede75ca4 HTTP/1.1" status: 204 len: 168 time: 0.1083026
2026-07-14 11:45:49.615 9 INFO neutron.api.v2.resource [None req-a7ffedb3-ef1b-47fa-add9-c3397fea5391 0a418eaf640c46418b7dff15bc24f8fd accad997ad7e4d3aaae920dabe217222 - - default default] show failed (client error): The resource could not be found.
2026-07-14 11:45:49.616 9 INFO neutron.wsgi [None req-a7ffedb3-ef1b-47fa-add9-c3397fea5391 0a418eaf640c46418b7dff15bc24f8fd accad997ad7e4d3aaae920dabe217222 - - default default] 10.0.0.24 "GET /v2.0/security-group-rules/c0e77e23-f156-4b5a-b73e-5700ede75ca4 HTTP/1.1" status: 404 len: 356 time: 0.0077214
2026-07-14 11:45:49.719 9 INFO neutron.wsgi [None req-0a090c23-4029-49e5-99ff-162c5a739bf0 0a418eaf640c46418b7dff15bc24f8fd accad997ad7e4d3aaae920dabe217222 - - default default] 10.0.0.24 "DELETE /v2.0/security-group-rules/3ce0302c-a518-4eec-af8e-a29e105ad61a HTTP/1.1" status: 204 len: 168 time: 0.1002419
2026-07-14 11:45:49.733 9 INFO neutron.api.v2.resource [None req-912089dd-359d-4fb2-a949-b721753f5fd2 0a418eaf640c46418b7dff15bc24f8fd accad997ad7e4d3aaae920dabe217222 - - default default] show failed (client error): The resource could not be found.
2026-07-14 11:45:49.734 9 INFO neutron.wsgi [None req-912089dd-359d-4fb2-a949-b721753f5fd2 0a418eaf640c46418b7dff15bc24f8fd accad997ad7e4d3aaae920dabe217222 - - default default] 10.0.0.24 "GET /v2.0/security-group-rules/3ce0302c-a518-4eec-af8e-a29e105ad61a HTTP/1.1" status: 404 len: 356 time: 0.0090597
2026-07-14 11:45:49.841 9 INFO neutron.wsgi [None req-f7fd9fc0-ccfc-44ac-b6a8-19d11fd0ebaa 0a418eaf640c46418b7dff15bc24f8fd accad997ad7e4d3aaae920dabe217222 - - default default] 10.0.0.24 "DELETE /v2.0/security-group-rules/b787d6cb-c33c-4feb-96e6-c65eb417da5d HTTP/1.1" status: 204 len: 168 time: 0.1038308
2026-07-14 11:45:49.855 9 INFO neutron.api.v2.resource [None req-7440517a-2469-49b6-a82c-83a194d81a2f 0a418eaf640c46418b7dff15bc24f8fd accad997ad7e4d3aaae920dabe217222 - - default default] show failed (client error): The resource could not be found.
2026-07-14 11:45:49.856 9 INFO neutron.wsgi [None req-7440517a-2469-49b6-a82c-83a194d81a2f 0a418eaf640c46418b7dff15bc24f8fd accad997ad7e4d3aaae920dabe217222 - - default default] 10.0.0.24 "GET /v2.0/security-group-rules/b787d6cb-c33c-4feb-96e6-c65eb417da5d HTTP/1.1" status: 404 len: 356 time: 0.0094950
2026-07-14 11:45:49.964 9 INFO neutron.wsgi [None req-0d8c96e3-3326-4383-af11-9a80ea5dc0b4 0a418eaf640c46418b7dff15bc24f8fd accad997ad7e4d3aaae920dabe217222 - - default default] 10.0.0.24 "DELETE /v2.0/security-group-rules/a1c8b13f-e078-47ad-a452-e8109f11e1cb HTTP/1.1" status: 204 len: 168 time: 0.1047635
2026-07-14 11:45:49.977 9 INFO neutron.api.v2.resource [None req-7f59c448-ad9d-4d3f-8121-b6d71ac46793 0a418eaf640c46418b7dff15bc24f8fd accad997ad7e4d3aaae920dabe217222 - - default default] show failed (client error): The resource could not be found.
2026-07-14 11:45:49.978 9 INFO neutron.wsgi [None req-7f59c448-ad9d-4d3f-8121-b6d71ac46793 0a418eaf640c46418b7dff15bc24f8fd accad997ad7e4d3aaae920dabe217222 - - default default] 10.0.0.24 "GET /v2.0/security-group-rules/a1c8b13f-e078-47ad-a452-e8109f11e1cb HTTP/1.1" status: 404 len: 356 time: 0.0088561
2026-07-14 11:45:50.096 9 INFO neutron.wsgi [None req-3fea6e89-2f2e-4313-8229-2f2acb516cd6 0a418eaf640c46418b7dff15bc24f8fd accad997ad7e4d3aaae920dabe217222 - - default default] 10.0.0.24 "DELETE /v2.0/security-group-rules/38086ff3-a634-4304-b2d8-8d61f3a04175 HTTP/1.1" status: 204 len: 168 time: 0.1133137
2026-07-14 11:45:50.110 9 INFO neutron.api.v2.resource [None req-c5bef206-720a-4bc9-ad6c-675f6cedaa93 0a418eaf640c46418b7dff15bc24f8fd accad997ad7e4d3aaae920dabe217222 - - default default] show failed (client error): The resource could not be found.
2026-07-14 11:45:50.111 9 INFO neutron.wsgi [None req-c5bef206-720a-4bc9-ad6c-675f6cedaa93 0a418eaf640c46418b7dff15bc24f8fd accad997ad7e4d3aaae920dabe217222 - - default default] 10.0.0.24 "GET /v2.0/security-group-rules/38086ff3-a634-4304-b2d8-8d61f3a04175 HTTP/1.1" status: 404 len: 356 time: 0.0096719
2026-07-14 11:45:50.225 9 INFO neutron.wsgi [None req-1d23ff89-aeda-4538-bfd1-7ee32f105170 0a418eaf640c46418b7dff15bc24f8fd accad997ad7e4d3aaae920dabe217222 - - default default] 10.0.0.24 "DELETE /v2.0/security-group-rules/a20e4ade-3182-4ebe-9e0a-799f0bc5c28f HTTP/1.1" status: 204 len: 168 time: 0.1101980
2026-07-14 11:45:50.239 9 INFO neutron.api.v2.resource [None req-e9020714-ef15-403f-b934-6d53b47b6c4b 0a418eaf640c46418b7dff15bc24f8fd accad997ad7e4d3aaae920dabe217222 - - default default] show failed (client error): The resource could not be found.
2026-07-14 11:45:50.240 9 INFO neutron.wsgi [None req-e9020714-ef15-403f-b934-6d53b47b6c4b 0a418eaf640c46418b7dff15bc24f8fd accad997ad7e4d3aaae920dabe217222 - - default default] 10.0.0.24 "GET /v2.0/security-group-rules/a20e4ade-3182-4ebe-9e0a-799f0bc5c28f HTTP/1.1" status: 404 len: 356 time: 0.0094693
2026-07-14 11:45:50.350 9 INFO neutron.wsgi [None req-fce4c5b2-e7cd-4102-a6a9-5ed0570fcb4b 0a418eaf640c46418b7dff15bc24f8fd accad997ad7e4d3aaae920dabe217222 - - default default] 10.0.0.24 "DELETE /v2.0/security-group-rules/968c3cd6-3938-48ef-9af6-cffb363aec8f HTTP/1.1" status: 204 len: 168 time: 0.1072116
2026-07-14 11:45:50.364 9 INFO neutron.api.v2.resource [None req-17e99f43-10a0-4e11-9a61-2d9929d8d55c 0a418eaf640c46418b7dff15bc24f8fd accad997ad7e4d3aaae920dabe217222 - - default default] show failed (client error): The resource could not be found.
2026-07-14 11:45:50.365 9 INFO neutron.wsgi [None req-17e99f43-10a0-4e11-9a61-2d9929d8d55c 0a418eaf640c46418b7dff15bc24f8fd accad997ad7e4d3aaae920dabe217222 - - default default] 10.0.0.24 "GET /v2.0/security-group-rules/968c3cd6-3938-48ef-9af6-cffb363aec8f HTTP/1.1" status: 404 len: 356 time: 0.0091615
2026-07-14 11:45:50.500 9 INFO neutron.wsgi [None req-8d9fd454-4e22-49eb-8c78-2a81752bcedf 0a418eaf640c46418b7dff15bc24f8fd accad997ad7e4d3aaae920dabe217222 - - default default] 10.0.0.24 "DELETE /v2.0/security-group-rules/dd4b0e67-e7dc-4260-ad7b-4daec26f20d1 HTTP/1.1" status: 204 len: 168 time: 0.1288946
2026-07-14 11:45:50.515 9 INFO neutron.api.v2.resource [None req-e5fe6e11-428d-4f37-94df-acf3cf487ea7 0a418eaf640c46418b7dff15bc24f8fd accad997ad7e4d3aaae920dabe217222 - - default default] show failed (client error): The resource could not be found.
2026-07-14 11:45:50.517 9 INFO neutron.wsgi [None req-e5fe6e11-428d-4f37-94df-acf3cf487ea7 0a418eaf640c46418b7dff15bc24f8fd accad997ad7e4d3aaae920dabe217222 - - default default] 10.0.0.24 "GET /v2.0/security-group-rules/dd4b0e67-e7dc-4260-ad7b-4daec26f20d1 HTTP/1.1" status: 404 len: 356 time: 0.0093436
2026-07-14 11:45:50.654 9 INFO neutron.wsgi [None req-6d73e354-f6c8-466d-915d-4b01c9f39838 0a418eaf640c46418b7dff15bc24f8fd accad997ad7e4d3aaae920dabe217222 - - default default] 10.0.0.24 "DELETE /v2.0/security-group-rules/7330996a-e234-4df8-bd20-147377f15aa5 HTTP/1.1" status: 204 len: 168 time: 0.1307428
2026-07-14 11:45:50.668 9 INFO neutron.api.v2.resource [None req-a4180f3d-4f08-408c-8362-df60310c6def 0a418eaf640c46418b7dff15bc24f8fd accad997ad7e4d3aaae920dabe217222 - - default default] show failed (client error): The resource could not be found.
2026-07-14 11:45:50.669 9 INFO neutron.wsgi [None req-a4180f3d-4f08-408c-8362-df60310c6def 0a418eaf640c46418b7dff15bc24f8fd accad997ad7e4d3aaae920dabe217222 - - default default] 10.0.0.24 "GET /v2.0/security-group-rules/7330996a-e234-4df8-bd20-147377f15aa5 HTTP/1.1" status: 404 len: 356 time: 0.0090196
2026-07-14 11:45:50.785 9 INFO neutron.wsgi [None req-ea7cf4d7-0db0-4efb-af1d-de20d0a8a411 0a418eaf640c46418b7dff15bc24f8fd accad997ad7e4d3aaae920dabe217222 - - default default] 10.0.0.24 "DELETE /v2.0/security-group-rules/4a12b6d8-91c2-4528-9a0b-afeae07a0760 HTTP/1.1" status: 204 len: 168 time: 0.1126609
2026-07-14 11:45:50.803 9 INFO neutron.api.v2.resource [None req-d08d2c3f-fc8f-4196-a9a3-b1d0a7a75b07 0a418eaf640c46418b7dff15bc24f8fd accad997ad7e4d3aaae920dabe217222 - - default default] show failed (client error): The resource could not be found.
2026-07-14 11:45:50.804 9 INFO neutron.wsgi [None req-d08d2c3f-fc8f-4196-a9a3-b1d0a7a75b07 0a418eaf640c46418b7dff15bc24f8fd accad997ad7e4d3aaae920dabe217222 - - default default] 10.0.0.24 "GET /v2.0/security-group-rules/4a12b6d8-91c2-4528-9a0b-afeae07a0760 HTTP/1.1" status: 404 len: 356 time: 0.0125351
2026-07-14 11:45:50.915 9 INFO neutron.wsgi [None req-7a71d861-86da-4614-8247-915add5ed8b6 0a418eaf640c46418b7dff15bc24f8fd accad997ad7e4d3aaae920dabe217222 - - default default] 10.0.0.24 "DELETE /v2.0/security-groups/a56bccdf-d1ad-437c-a2f2-592d839243fd HTTP/1.1" status: 204 len: 168 time: 0.1032407
2026-07-14 11:45:50.931 9 INFO neutron.api.v2.resource [None req-ea1ce6b0-a282-40a0-8756-2bddce0e848b 0a418eaf640c46418b7dff15bc24f8fd accad997ad7e4d3aaae920dabe217222 - - default default] show failed (client error): The resource could not be found.
2026-07-14 11:45:50.932 9 INFO neutron.wsgi [None req-ea1ce6b0-a282-40a0-8756-2bddce0e848b 0a418eaf640c46418b7dff15bc24f8fd accad997ad7e4d3aaae920dabe217222 - - default default] 10.0.0.24 "GET /v2.0/security-groups/a56bccdf-d1ad-437c-a2f2-592d839243fd HTTP/1.1" status: 404 len: 347 time: 0.0118597
