2026-07-14 11:40:27.663 9 INFO neutron.wsgi [req-7ded2df1-f0de-4671-9350-af0ab8433a1b req-d9fdda9d-bb86-4692-91f3-830ecba628f9 0f39f89024f944b3a93293babbab4b25 cfbcb57d8c2c4a47ab375323481c0c20 - - default default] 10.0.0.47 "DELETE /v2.0/security-groups/42eb1c99-2ed2-42af-a454-68711f615b56 HTTP/1.1" status: 204 len: 173 time: 0.1693373
2026-07-14 11:40:27.693 9 INFO neutron.api.v2.resource [req-d20098f2-94e6-4316-b2bb-5cd6d1ac2400 req-fc98f182-0e63-456d-8920-41e802d4f82e 3f4a493876b3491691946c9e9b5f438b 2c17fb9004794a12965fdf618a3c5a2a - - default default] show failed (client error): The resource could not be found.
2026-07-14 11:40:27.694 9 INFO neutron.wsgi [req-d20098f2-94e6-4316-b2bb-5cd6d1ac2400 req-fc98f182-0e63-456d-8920-41e802d4f82e 3f4a493876b3491691946c9e9b5f438b 2c17fb9004794a12965fdf618a3c5a2a - - default default] 10.0.0.47 "GET /v2.0/security-groups/06262f4b-4dcf-43cf-94ad-ba751aeb1cdd HTTP/1.1" status: 404 len: 352 time: 0.0145772
2026-07-14 11:40:27.751 9 INFO neutron.wsgi [req-b69e07e6-44b6-4d48-ba21-ec811a3b7eeb req-9e1ddb12-77ce-4eee-876f-3d9683739b6e 0f39f89024f944b3a93293babbab4b25 cfbcb57d8c2c4a47ab375323481c0c20 - - default default] 10.0.0.47 "GET /v2.0/security-groups/ff61790f-e282-4ce0-a0f6-a0daa171c920 HTTP/1.1" status: 200 len: 2414 time: 0.0420105
2026-07-14 11:40:27.803 10 INFO neutron.wsgi [req-4736bf98-6334-431f-8259-349b3c32e1dc req-c23827a5-45bd-4374-bc2c-bedc433d4800 ce370ed2785247b59b88622b448bbba4 7273e567066d492da7bd87d07a0182ff - - default default] 10.0.0.47 "GET /v2.0/ports?device_id=4b1e418c-fcce-4851-8daa-d2bf740af83d HTTP/1.1" status: 200 len: 210 time: 0.0330505
2026-07-14 11:40:27.931 9 INFO neutron.wsgi [req-b69e07e6-44b6-4d48-ba21-ec811a3b7eeb req-7f285989-0352-4c9b-b7c1-1c6904fc25ee 0f39f89024f944b3a93293babbab4b25 cfbcb57d8c2c4a47ab375323481c0c20 - - default default] 10.0.0.47 "DELETE /v2.0/security-groups/ff61790f-e282-4ce0-a0f6-a0daa171c920 HTTP/1.1" status: 204 len: 173 time: 0.1704111
2026-07-14 11:40:27.931 10 INFO neutron.wsgi [req-346927df-b8ad-4eeb-b7e5-7918cd61bd74 req-e82d5dc3-222f-45ec-a6d4-59139ba5a801 ce370ed2785247b59b88622b448bbba4 7273e567066d492da7bd87d07a0182ff - - default default] 199.204.45.3 "GET /v2.0/networks?id=ebcf3449-ba31-49e7-96a4-4f8bd24f3a25 HTTP/1.1" status: 200 len: 868 time: 0.1120238
2026-07-14 11:40:28.025 9 INFO neutron.wsgi [req-e891a349-e7c5-4812-a730-d3eb68fbd327 req-4e1393c2-ddbb-4356-9387-6f4412bc7f1a 3f4a493876b3491691946c9e9b5f438b 2c17fb9004794a12965fdf618a3c5a2a - - default default] 10.0.0.47 "GET /v2.0/security-groups?tenant_id=2c17fb9004794a12965fdf618a3c5a2a HTTP/1.1" status: 200 len: 2997 time: 0.0573437
2026-07-14 11:40:28.028 10 INFO neutron.wsgi [req-346927df-b8ad-4eeb-b7e5-7918cd61bd74 req-ed0c0111-27d6-49fa-80e3-fb3ab04d4566 ce370ed2785247b59b88622b448bbba4 7273e567066d492da7bd87d07a0182ff - - default default] 199.204.45.3 "GET /v2.0/security-groups?fields=id&fields=name&tenant_id=7273e567066d492da7bd87d07a0182ff HTTP/1.1" status: 200 len: 380 time: 0.0779030
2026-07-14 11:40:28.081 9 INFO neutron.wsgi [req-e891a349-e7c5-4812-a730-d3eb68fbd327 req-67734a8c-84d2-4f29-a13f-e4b7ba6e9aea 3f4a493876b3491691946c9e9b5f438b 2c17fb9004794a12965fdf618a3c5a2a - - default default] 10.0.0.47 "GET /v2.0/security-groups/7a0b7f2d-ec12-4ed5-9445-c25a2680ce2d HTTP/1.1" status: 200 len: 2994 time: 0.0489349
2026-07-14 11:40:28.128 9 INFO neutron.wsgi [req-e891a349-e7c5-4812-a730-d3eb68fbd327 req-f5111dbf-aebe-481d-a000-7233e7570fa5 3f4a493876b3491691946c9e9b5f438b 2c17fb9004794a12965fdf618a3c5a2a - - default default] 10.0.0.47 "GET /v2.0/security-groups/7a0b7f2d-ec12-4ed5-9445-c25a2680ce2d HTTP/1.1" status: 200 len: 2994 time: 0.0410213
2026-07-14 11:40:28.151 9 INFO neutron.db.ovn_revision_numbers_db [None req-2b3e27de-1468-4dcb-953d-d2068576c1c1 e820eb7e754441859d3dfd86f088be9c 5d80ea2504e6400d9538295a00471c07 - - default default] Successfully bumped revision number for resource 5ad238de-b680-44e7-9766-b9692fc1115e (type: router_ports) to 1
2026-07-14 11:40:28.154 9 INFO neutron.wsgi [None req-2b3e27de-1468-4dcb-953d-d2068576c1c1 e820eb7e754441859d3dfd86f088be9c 5d80ea2504e6400d9538295a00471c07 - - default default] 10.0.0.24 "PUT /v2.0/routers/9cdde759-b456-4b55-8833-1f378e025202/add_router_interface HTTP/1.1" status: 200 len: 503 time: 2.6496801
2026-07-14 11:40:28.281 10 INFO neutron.api.v2.resource [req-93292969-3a79-42af-98a1-37cdb23100f9 req-07dd5b10-e397-4336-a047-1b6a6a54a86d 3f4a493876b3491691946c9e9b5f438b 2c17fb9004794a12965fdf618a3c5a2a - - default default] show failed (client error): The resource could not be found.
2026-07-14 11:40:28.282 10 INFO neutron.wsgi [req-93292969-3a79-42af-98a1-37cdb23100f9 req-07dd5b10-e397-4336-a047-1b6a6a54a86d 3f4a493876b3491691946c9e9b5f438b 2c17fb9004794a12965fdf618a3c5a2a - - default default] 10.0.0.47 "GET /v2.0/security-groups/06262f4b-4dcf-43cf-94ad-ba751aeb1cdd HTTP/1.1" status: 404 len: 352 time: 0.0220737
2026-07-14 11:40:28.319 9 INFO neutron.api.v2.resource [req-da5db8b5-6b94-4cfd-bc2f-7380cbf123eb req-11d6f1f0-64e6-4fe4-a161-a4ee44e60b9a 3f4a493876b3491691946c9e9b5f438b 2c17fb9004794a12965fdf618a3c5a2a - - default default] show failed (client error): The resource could not be found.
2026-07-14 11:40:28.321 9 INFO neutron.wsgi [req-da5db8b5-6b94-4cfd-bc2f-7380cbf123eb req-11d6f1f0-64e6-4fe4-a161-a4ee44e60b9a 3f4a493876b3491691946c9e9b5f438b 2c17fb9004794a12965fdf618a3c5a2a - - default default] 10.0.0.47 "GET /v2.0/security-groups/c678af2d-7e5d-4085-8744-badcf0b5970b HTTP/1.1" status: 404 len: 352 time: 0.0141916
2026-07-14 11:40:28.386 10 INFO neutron.api.v2.resource [req-fe41dc4d-91d5-4e87-a4c9-f4be2d4eb669 req-84d00da5-9e6f-4bf4-adf4-94770ef0184d 3f4a493876b3491691946c9e9b5f438b 2c17fb9004794a12965fdf618a3c5a2a - - default default] show failed (client error): The resource could not be found.
2026-07-14 11:40:28.387 10 INFO neutron.wsgi [req-fe41dc4d-91d5-4e87-a4c9-f4be2d4eb669 req-84d00da5-9e6f-4bf4-adf4-94770ef0184d 3f4a493876b3491691946c9e9b5f438b 2c17fb9004794a12965fdf618a3c5a2a - - default default] 10.0.0.47 "GET /v2.0/security-groups/7934832e-07c0-442e-b682-78d9ba304edb HTTP/1.1" status: 404 len: 352 time: 0.0349562
2026-07-14 11:40:28.768 10 WARNING neutron.scheduler.dhcp_agent_scheduler [req-346927df-b8ad-4eeb-b7e5-7918cd61bd74 req-8c619c83-9479-4af7-a378-bd01d54f8544 ce370ed2785247b59b88622b448bbba4 7273e567066d492da7bd87d07a0182ff - - default default] No more DHCP agents
2026-07-14 11:40:28.775 10 WARNING neutron.api.rpc.agentnotifiers.dhcp_rpc_agent_api [req-346927df-b8ad-4eeb-b7e5-7918cd61bd74 req-8c619c83-9479-4af7-a378-bd01d54f8544 ce370ed2785247b59b88622b448bbba4 7273e567066d492da7bd87d07a0182ff - - default default] Unable to schedule network ebcf3449-ba31-49e7-96a4-4f8bd24f3a25: no agents available; will retry on subsequent port and subnet creation events.
2026-07-14 11:40:28.795 9 INFO neutron.db.ovn_revision_numbers_db [None req-c05a7279-0fcc-4145-ad68-3162cab6eba9 88e1d9d0d4174993ba29603e64250953 ac7d19e68908497d9d9a46241a2b6e81 - - default default] Successfully bumped revision number for resource 883ba285-5c2e-42d7-92d9-bcd190ff2691 (type: security_groups) to 1
2026-07-14 11:40:28.809 9 INFO neutron.db.ovn_revision_numbers_db [None req-c05a7279-0fcc-4145-ad68-3162cab6eba9 88e1d9d0d4174993ba29603e64250953 ac7d19e68908497d9d9a46241a2b6e81 - - default default] Successfully bumped revision number for resource c19d23ad-4dca-4822-a0c6-a2aafde07309 (type: security_group_rules) to 0
2026-07-14 11:40:28.823 9 INFO neutron.db.ovn_revision_numbers_db [None req-c05a7279-0fcc-4145-ad68-3162cab6eba9 88e1d9d0d4174993ba29603e64250953 ac7d19e68908497d9d9a46241a2b6e81 - - default default] Successfully bumped revision number for resource f34e2b6f-4d23-4e27-96c3-0f84a7fb660f (type: security_group_rules) to 0
2026-07-14 11:40:28.842 9 INFO neutron.wsgi [None req-c05a7279-0fcc-4145-ad68-3162cab6eba9 88e1d9d0d4174993ba29603e64250953 ac7d19e68908497d9d9a46241a2b6e81 - - default default] 10.0.0.24 "POST /v2.0/security-groups HTTP/1.1" status: 201 len: 1797 time: 0.1665061
2026-07-14 11:40:28.878 9 WARNING neutron.plugins.ml2.drivers.ovn.mech_driver.ovsdb.ovn_client [None req-c1242a75-d02a-4fc2-b5c7-5567aded73f5 - - - - - -] No port found with ID 9e3592fe-41d3-4e6d-a11d-fddcc372438e: RuntimeError: No port found with ID 9e3592fe-41d3-4e6d-a11d-fddcc372438e
2026-07-14 11:40:28.878 9 INFO neutron.plugins.ml2.drivers.ovn.mech_driver.mech_driver [None req-c1242a75-d02a-4fc2-b5c7-5567aded73f5 - - - - - -] OVN reports status up for port: 5ad238de-b680-44e7-9766-b9692fc1115e
2026-07-14 11:40:28.890 9 INFO neutron.plugins.ml2.plugin [None req-c1242a75-d02a-4fc2-b5c7-5567aded73f5 - - - - - -] Attempt 1 to provision port 5ad238de-b680-44e7-9766-b9692fc1115e
2026-07-14 11:40:29.005 9 INFO neutron.db.ovn_revision_numbers_db [None req-86c274d7-5638-4be1-abd6-6b8c680b1b00 88e1d9d0d4174993ba29603e64250953 ac7d19e68908497d9d9a46241a2b6e81 - - default default] Successfully bumped revision number for resource 6d183757-db78-4a5f-b5eb-5072f825e342 (type: security_group_rules) to 0 /var/lib/openstack/lib/python3.10/site-packages/pycadf/identifier.py:71: UserWarning: Invalid uuid: neutron. To ensure interoperability, identifiers should be a valid uuid. warnings.warn(('Invalid uuid: %s. To ensure interoperability, '
2026-07-14 11:40:29.061 9 INFO neutron.wsgi [None req-86c274d7-5638-4be1-abd6-6b8c680b1b00 88e1d9d0d4174993ba29603e64250953 ac7d19e68908497d9d9a46241a2b6e81 - - default default] 10.0.0.24 "POST /v2.0/security-group-rules HTTP/1.1" status: 201 len: 764 time: 0.2136495
2026-07-14 11:40:29.082 10 INFO neutron.wsgi [req-17c578d8-fed8-4d8a-a67a-3d0e711d4424 req-8af745f9-8573-4ef3-864b-55308ba27e34 ce370ed2785247b59b88622b448bbba4 7273e567066d492da7bd87d07a0182ff - - default default] 10.0.0.47 "GET /v2.0/ports?device_id=4b1e418c-fcce-4851-8daa-d2bf740af83d HTTP/1.1" status: 200 len: 1156 time: 0.0580239
2026-07-14 11:40:29.192 10 INFO neutron.wsgi [req-17c578d8-fed8-4d8a-a67a-3d0e711d4424 req-05659f63-7b80-4477-ba4a-94f8a531a0e4 ce370ed2785247b59b88622b448bbba4 7273e567066d492da7bd87d07a0182ff - - default default] 10.0.0.47 "GET /v2.0/security-groups?id=cb2c4821-e698-4f60-988d-5d015ad11dd3&fields=id&fields=name HTTP/1.1" status: 200 len: 313 time: 0.0894322
2026-07-14 11:40:29.194 10 INFO neutron.db.ovn_revision_numbers_db [req-346927df-b8ad-4eeb-b7e5-7918cd61bd74 req-8c619c83-9479-4af7-a378-bd01d54f8544 ce370ed2785247b59b88622b448bbba4 7273e567066d492da7bd87d07a0182ff - - default default] Successfully bumped revision number for resource 233bf512-fd18-454e-be21-c1fd75d86778 (type: ports) to 1
2026-07-14 11:40:29.215 9 INFO neutron.db.ovn_revision_numbers_db [None req-c1242a75-d02a-4fc2-b5c7-5567aded73f5 - - - - - -] Successfully bumped revision number for resource 5ad238de-b680-44e7-9766-b9692fc1115e (type: ports) to 2
2026-07-14 11:40:29.217 9 INFO neutron.db.ovn_revision_numbers_db [None req-3342af7b-6e5b-416e-96d8-7b591756e36b 88e1d9d0d4174993ba29603e64250953 ac7d19e68908497d9d9a46241a2b6e81 - - default default] Successfully bumped revision number for resource b7ac048e-ed6d-45ff-8994-e1b485ae8bbc (type: security_group_rules) to 0
2026-07-14 11:40:29.237 10 INFO neutron.wsgi [req-346927df-b8ad-4eeb-b7e5-7918cd61bd74 req-8c619c83-9479-4af7-a378-bd01d54f8544 ce370ed2785247b59b88622b448bbba4 7273e567066d492da7bd87d07a0182ff - - default default] 199.204.45.3 "POST /v2.0/ports HTTP/1.1" status: 201 len: 1158 time: 1.2013359
2026-07-14 11:40:29.253 9 INFO neutron.wsgi [None req-3342af7b-6e5b-416e-96d8-7b591756e36b 88e1d9d0d4174993ba29603e64250953 ac7d19e68908497d9d9a46241a2b6e81 - - default default] 10.0.0.24 "POST /v2.0/security-group-rules HTTP/1.1" status: 201 len: 769 time: 0.1869693
2026-07-14 11:40:29.255 10 INFO neutron.wsgi [req-346927df-b8ad-4eeb-b7e5-7918cd61bd74 req-952d027a-2e77-4761-ab43-ff1480821b26 ce370ed2785247b59b88622b448bbba4 7273e567066d492da7bd87d07a0182ff - - default default] 199.204.45.3 "GET /v2.0/extensions HTTP/1.1" status: 200 len: 16525 time: 0.0100033
2026-07-14 11:40:29.406 9 INFO neutron.db.ovn_revision_numbers_db [None req-c1242a75-d02a-4fc2-b5c7-5567aded73f5 - - - - - -] Successfully bumped revision number for resource 5ad238de-b680-44e7-9766-b9692fc1115e (type: router_ports) to 2
2026-07-14 11:40:29.704 9 WARNING neutron.scheduler.dhcp_agent_scheduler [None req-a559c1d5-beea-4384-8c27-a6fbbb8faefd 88e1d9d0d4174993ba29603e64250953 ac7d19e68908497d9d9a46241a2b6e81 - - default default] No more DHCP agents
2026-07-14 11:40:29.706 9 WARNING neutron.api.rpc.agentnotifiers.dhcp_rpc_agent_api [None req-a559c1d5-beea-4384-8c27-a6fbbb8faefd 88e1d9d0d4174993ba29603e64250953 ac7d19e68908497d9d9a46241a2b6e81 - - default default] Unable to schedule network 91d2a21b-e0ad-496c-85dc-0a4fa055edab: no agents available; will retry on subsequent port and subnet creation events.
2026-07-14 11:40:29.973 9 INFO neutron.db.ovn_revision_numbers_db [None req-a559c1d5-beea-4384-8c27-a6fbbb8faefd 88e1d9d0d4174993ba29603e64250953 ac7d19e68908497d9d9a46241a2b6e81 - - default default] Successfully bumped revision number for resource e6cde5b2-68c8-4991-81e8-31a1c72266c3 (type: floatingips) to 0
2026-07-14 11:40:29.990 9 INFO neutron.wsgi [None req-a559c1d5-beea-4384-8c27-a6fbbb8faefd 88e1d9d0d4174993ba29603e64250953 ac7d19e68908497d9d9a46241a2b6e81 - - default default] 10.0.0.24 "POST /v2.0/floatingips HTTP/1.1" status: 201 len: 751 time: 0.7189615
2026-07-14 11:40:30.270 10 INFO neutron.wsgi [None req-9fc91aad-3154-492b-b97e-9d2de7b67564 e820eb7e754441859d3dfd86f088be9c 5d80ea2504e6400d9538295a00471c07 - - default default] 10.0.0.24 "PUT /v2.0/routers/0377d498-3770-4955-a30f-75f6c68a7632/remove_router_interface HTTP/1.1" status: 200 len: 503 time: 2.3257046 /var/lib/openstack/lib/python3.10/site-packages/pycadf/identifier.py:71: UserWarning: Invalid uuid: neutron. To ensure interoperability, identifiers should be a valid uuid. warnings.warn(('Invalid uuid: %s. To ensure interoperability, '
2026-07-14 11:40:30.443 9 INFO neutron.wsgi [req-2468ce72-ec17-4ac3-909e-d8b083682b27 req-95b77ef2-6839-4758-8463-100708a4b506 ce370ed2785247b59b88622b448bbba4 7273e567066d492da7bd87d07a0182ff - - default default] 10.0.0.47 "GET /v2.0/ports?device_id=4b1e418c-fcce-4851-8daa-d2bf740af83d HTTP/1.1" status: 200 len: 1168 time: 0.0999703
2026-07-14 11:40:30.494 9 INFO neutron.wsgi [req-2468ce72-ec17-4ac3-909e-d8b083682b27 req-e944f333-2d9d-4d97-a552-d294b0403e0c ce370ed2785247b59b88622b448bbba4 7273e567066d492da7bd87d07a0182ff - - default default] 10.0.0.47 "GET /v2.0/security-groups?id=cb2c4821-e698-4f60-988d-5d015ad11dd3&fields=id&fields=name HTTP/1.1" status: 200 len: 313 time: 0.0437398
2026-07-14 11:40:30.509 10 INFO neutron.wsgi [req-dcf1d5f7-099a-4fc4-b168-8bcc67fe1349 req-2e25245e-ce20-4330-b9bb-edcc526a089d 88e1d9d0d4174993ba29603e64250953 ac7d19e68908497d9d9a46241a2b6e81 - - default default] 10.0.0.47 "GET /v2.0/security-groups?name=tempest-securitygroup--1841094612&fields=id&tenant_id=ac7d19e68908497d9d9a46241a2b6e81 HTTP/1.1" status: 200 len: 267 time: 0.0904434
2026-07-14 11:40:30.528 10 INFO neutron.db.ovn_revision_numbers_db [req-346927df-b8ad-4eeb-b7e5-7918cd61bd74 req-0b686bb7-ff63-4611-8827-f199f7183140 510ec922fc0a4c2daf74f2b7376f9572 007b620f9f02429dbfe1620e7e0729be - - fd004ce52a97444eaaca329ac57bdc02 fd004ce52a97444eaaca329ac57bdc02] Successfully bumped revision number for resource 233bf512-fd18-454e-be21-c1fd75d86778 (type: ports) to 2
2026-07-14 11:40:30.657 10 INFO neutron.wsgi [None req-c450fed2-1048-4527-a31b-8ce0f52aecef e820eb7e754441859d3dfd86f088be9c 5d80ea2504e6400d9538295a00471c07 - - default default] 10.0.0.24 "PUT /v2.0/routers/0fb023f4-373a-4830-b68e-5f89f3798016/remove_router_interface HTTP/1.1" status: 200 len: 503 time: 2.2582378
2026-07-14 11:40:30.681 10 INFO neutron.wsgi [req-dcf1d5f7-099a-4fc4-b168-8bcc67fe1349 req-f20a336a-eb91-4534-a6e4-85086ae0e170 88e1d9d0d4174993ba29603e64250953 ac7d19e68908497d9d9a46241a2b6e81 - - default default] 10.0.0.47 "GET /v2.0/networks?id=f6561249-4a13-4db7-8867-6199fd038548 HTTP/1.1" status: 200 len: 875 time: 0.1635571 /var/lib/openstack/lib/python3.10/site-packages/pycadf/identifier.py:71: UserWarning: Invalid uuid: neutron. To ensure interoperability, identifiers should be a valid uuid. warnings.warn(('Invalid uuid: %s. To ensure interoperability, '
2026-07-14 11:40:30.855 10 INFO neutron.wsgi [req-dcf1d5f7-099a-4fc4-b168-8bcc67fe1349 req-1450a801-bbb3-4e1e-bd04-7f8e5d1558f5 88e1d9d0d4174993ba29603e64250953 ac7d19e68908497d9d9a46241a2b6e81 - - default default] 10.0.0.47 "GET /v2.0/quotas/ac7d19e68908497d9d9a46241a2b6e81 HTTP/1.1" status: 200 len: 386 time: 0.1659141
2026-07-14 11:40:30.878 10 WARNING neutron.plugins.ml2.drivers.ovn.mech_driver.ovsdb.ovn_client [None req-bce252a6-e8d4-4e60-89b6-69e113a9828b - - - - - -] No hosting information found for port 3b559556-fc2c-4906-af16-0b61d50e9c8d: RuntimeError: No hosting information found for port 3b559556-fc2c-4906-af16-0b61d50e9c8d
2026-07-14 11:40:30.878 10 INFO neutron.plugins.ml2.drivers.ovn.mech_driver.mech_driver [None req-bce252a6-e8d4-4e60-89b6-69e113a9828b - - - - - -] OVN reports status up for port: 5198a63d-9c34-4cc7-b809-f540037a0492
2026-07-14 11:40:30.916 10 INFO neutron.plugins.ml2.drivers.ovn.mech_driver.mech_driver [None req-bce252a6-e8d4-4e60-89b6-69e113a9828b - - - - - -] OVN reports status up for port: 7e0604ec-f569-4779-8289-55e412f17669
2026-07-14 11:40:30.961 10 INFO neutron.plugins.ml2.plugin [None req-bce252a6-e8d4-4e60-89b6-69e113a9828b - - - - - -] Attempt 1 to provision port 7e0604ec-f569-4779-8289-55e412f17669
2026-07-14 11:40:31.054 10 INFO neutron.wsgi [req-dcf1d5f7-099a-4fc4-b168-8bcc67fe1349 req-387a1a5b-ae51-4ca2-9138-4b0cf6a5f540 88e1d9d0d4174993ba29603e64250953 ac7d19e68908497d9d9a46241a2b6e81 - - default default] 10.0.0.47 "GET /v2.0/ports?tenant_id=ac7d19e68908497d9d9a46241a2b6e81&fields=id HTTP/1.1" status: 200 len: 302 time: 0.1901619 /var/lib/openstack/lib/python3.10/site-packages/pycadf/identifier.py:71: UserWarning: Invalid uuid: neutron. To ensure interoperability, identifiers should be a valid uuid. warnings.warn(('Invalid uuid: %s. To ensure interoperability, '
2026-07-14 11:40:31.200 10 INFO neutron.wsgi [req-dcf1d5f7-099a-4fc4-b168-8bcc67fe1349 req-01e09f86-a20a-4579-af91-4194a0505278 510ec922fc0a4c2daf74f2b7376f9572 007b620f9f02429dbfe1620e7e0729be - - fd004ce52a97444eaaca329ac57bdc02 fd004ce52a97444eaaca329ac57bdc02] 10.0.0.47 "GET /v2.0/networks/f6561249-4a13-4db7-8867-6199fd038548?fields=segments HTTP/1.1" status: 200 len: 212 time: 0.1277204
2026-07-14 11:40:31.205 10 INFO neutron.db.ovn_revision_numbers_db [req-346927df-b8ad-4eeb-b7e5-7918cd61bd74 req-0b686bb7-ff63-4611-8827-f199f7183140 510ec922fc0a4c2daf74f2b7376f9572 007b620f9f02429dbfe1620e7e0729be - - fd004ce52a97444eaaca329ac57bdc02 fd004ce52a97444eaaca329ac57bdc02] Successfully bumped revision number for resource 233bf512-fd18-454e-be21-c1fd75d86778 (type: ports) to 2
2026-07-14 11:40:31.249 10 INFO neutron.wsgi [req-346927df-b8ad-4eeb-b7e5-7918cd61bd74 req-0b686bb7-ff63-4611-8827-f199f7183140 510ec922fc0a4c2daf74f2b7376f9572 007b620f9f02429dbfe1620e7e0729be - - fd004ce52a97444eaaca329ac57bdc02 fd004ce52a97444eaaca329ac57bdc02] 199.204.45.3 "PUT /v2.0/ports/233bf512-fd18-454e-be21-c1fd75d86778 HTTP/1.1" status: 200 len: 1376 time: 1.6521957
2026-07-14 11:40:31.304 9 INFO neutron.wsgi [None req-addfec3f-6e66-416e-b567-39d920cf4d60 e820eb7e754441859d3dfd86f088be9c 5d80ea2504e6400d9538295a00471c07 - - default default] 10.0.0.24 "DELETE /v2.0/routers/0fb023f4-373a-4830-b68e-5f89f3798016 HTTP/1.1" status: 204 len: 168 time: 0.6437266
2026-07-14 11:40:31.342 10 INFO neutron.wsgi [req-dcf1d5f7-099a-4fc4-b168-8bcc67fe1349 req-424b7181-4573-4bb9-9eb7-ba87860fc9a3 510ec922fc0a4c2daf74f2b7376f9572 007b620f9f02429dbfe1620e7e0729be - - fd004ce52a97444eaaca329ac57bdc02 fd004ce52a97444eaaca329ac57bdc02] 10.0.0.47 "GET /v2.0/networks/f6561249-4a13-4db7-8867-6199fd038548?fields=provider%3Aphysical_network&fields=provider%3Anetwork_type HTTP/1.1" status: 200 len: 277 time: 0.1223702
2026-07-14 11:40:31.346 10 INFO neutron.wsgi [req-346927df-b8ad-4eeb-b7e5-7918cd61bd74 req-e7a7417e-397b-423d-898d-337a482c333a 510ec922fc0a4c2daf74f2b7376f9572 007b620f9f02429dbfe1620e7e0729be - - fd004ce52a97444eaaca329ac57bdc02 fd004ce52a97444eaaca329ac57bdc02] 199.204.45.3 "GET /v2.0/ports?tenant_id=7273e567066d492da7bd87d07a0182ff&device_id=4b1e418c-fcce-4851-8daa-d2bf740af83d HTTP/1.1" status: 200 len: 1407 time: 0.0590897
2026-07-14 11:40:31.384 10 INFO neutron.wsgi [req-346927df-b8ad-4eeb-b7e5-7918cd61bd74 req-54597595-f826-47ed-aad8-357e19ea7980 510ec922fc0a4c2daf74f2b7376f9572 007b620f9f02429dbfe1620e7e0729be - - fd004ce52a97444eaaca329ac57bdc02 fd004ce52a97444eaaca329ac57bdc02] 199.204.45.3 "GET /v2.0/floatingips?fixed_ip_address=10.100.0.3&port_id=233bf512-fd18-454e-be21-c1fd75d86778 HTTP/1.1" status: 200 len: 217 time: 0.0313709
2026-07-14 11:40:31.431 10 INFO neutron.wsgi [req-346927df-b8ad-4eeb-b7e5-7918cd61bd74 req-91577ffd-3ea2-4de1-8a9e-8545c6c5f093 510ec922fc0a4c2daf74f2b7376f9572 007b620f9f02429dbfe1620e7e0729be - - fd004ce52a97444eaaca329ac57bdc02 fd004ce52a97444eaaca329ac57bdc02] 199.204.45.3 "GET /v2.0/subnets?id=c39276ab-b8d2-40ac-bb52-867a11903780 HTTP/1.1" status: 200 len: 862 time: 0.0378113
2026-07-14 11:40:31.490 10 INFO neutron.wsgi [req-346927df-b8ad-4eeb-b7e5-7918cd61bd74 req-e7decd97-ae2b-4903-b433-444ad3195f7c 510ec922fc0a4c2daf74f2b7376f9572 007b620f9f02429dbfe1620e7e0729be - - fd004ce52a97444eaaca329ac57bdc02 fd004ce52a97444eaaca329ac57bdc02] 199.204.45.3 "GET /v2.0/ports?network_id=ebcf3449-ba31-49e7-96a4-4f8bd24f3a25&device_owner=network%3Adhcp HTTP/1.1" status: 200 len: 210 time: 0.0524745
2026-07-14 11:40:31.532 9 INFO neutron.wsgi [None req-3a885a0b-d231-4ed1-b9a5-d7e121e6f053 e820eb7e754441859d3dfd86f088be9c 5d80ea2504e6400d9538295a00471c07 - - default default] 10.0.0.24 "DELETE /v2.0/subnets/e64787f5-24fc-40cb-a27a-aa9fd7a54c80 HTTP/1.1" status: 204 len: 168 time: 0.2023954
2026-07-14 11:40:31.612 10 INFO neutron.wsgi [None req-f9732e7b-4c82-430c-b709-598ea92ebd77 e820eb7e754441859d3dfd86f088be9c 5d80ea2504e6400d9538295a00471c07 - - default default] 10.0.0.24 "DELETE /v2.0/routers/0377d498-3770-4955-a30f-75f6c68a7632 HTTP/1.1" status: 204 len: 168 time: 1.3338859
2026-07-14 11:40:31.616 10 INFO neutron.wsgi [req-346927df-b8ad-4eeb-b7e5-7918cd61bd74 req-1dfa7f78-d8b1-453a-9153-7aefafbf254a 510ec922fc0a4c2daf74f2b7376f9572 007b620f9f02429dbfe1620e7e0729be - - fd004ce52a97444eaaca329ac57bdc02 fd004ce52a97444eaaca329ac57bdc02] 199.204.45.3 "GET /v2.0/networks/ebcf3449-ba31-49e7-96a4-4f8bd24f3a25?fields=segments HTTP/1.1" status: 200 len: 212 time: 0.1085980
2026-07-14 11:40:31.674 9 INFO neutron.wsgi [req-5cd47ef0-4713-4b52-b2ac-0a2f4f106639 req-4085725d-fc0a-47f9-8fe5-e590190fa8a6 88e1d9d0d4174993ba29603e64250953 ac7d19e68908497d9d9a46241a2b6e81 - - default default] 10.0.0.47 "GET /v2.0/ports?device_id=9959a51a-8d80-4546-940f-345ab1162339 HTTP/1.1" status: 200 len: 210 time: 0.0232067
2026-07-14 11:40:31.689 10 INFO neutron.wsgi [req-62bc2508-046e-49e7-9fc4-e68b70d6b531 req-2d7c7b9c-9166-47d5-9e7e-b994d33c0ab8 ce370ed2785247b59b88622b448bbba4 7273e567066d492da7bd87d07a0182ff - - default default] 10.0.0.47 "GET /v2.0/ports?device_id=4b1e418c-fcce-4851-8daa-d2bf740af83d HTTP/1.1" status: 200 len: 1168 time: 0.1285479
2026-07-14 11:40:31.701 10 INFO neutron.wsgi [req-346927df-b8ad-4eeb-b7e5-7918cd61bd74 req-edb80e4b-0c36-4d1a-bdc1-05bc28148ac0 510ec922fc0a4c2daf74f2b7376f9572 007b620f9f02429dbfe1620e7e0729be - - fd004ce52a97444eaaca329ac57bdc02 fd004ce52a97444eaaca329ac57bdc02] 199.204.45.3 "GET /v2.0/networks/ebcf3449-ba31-49e7-96a4-4f8bd24f3a25?fields=provider%3Aphysical_network&fields=provider%3Anetwork_type HTTP/1.1" status: 200 len: 277 time: 0.0722103
2026-07-14 11:40:31.738 10 INFO neutron.wsgi [req-62bc2508-046e-49e7-9fc4-e68b70d6b531 req-d52b01d9-a551-499a-b245-e85fc194a086 ce370ed2785247b59b88622b448bbba4 7273e567066d492da7bd87d07a0182ff - - default default] 10.0.0.47 "GET /v2.0/security-groups?id=cb2c4821-e698-4f60-988d-5d015ad11dd3&fields=id&fields=name HTTP/1.1" status: 200 len: 313 time: 0.0400088
2026-07-14 11:40:31.828 10 INFO neutron.notifiers.nova [-] Nova event matching ['req-a20ea83c-49a3-4586-8c5b-401293b4a12f'] response: {'name': 'network-changed', 'server_uuid': '4b1e418c-fcce-4851-8daa-d2bf740af83d', 'tag': '233bf512-fd18-454e-be21-c1fd75d86778', 'status': 'completed', 'code': 200}
2026-07-14 11:40:31.945 10 INFO neutron.wsgi [req-695a7f94-5753-4736-a574-9dc8c0ca52d0 req-7a9d163e-1f9e-40c8-a9d6-30781b3d77a7 510ec922fc0a4c2daf74f2b7376f9572 007b620f9f02429dbfe1620e7e0729be - - fd004ce52a97444eaaca329ac57bdc02 fd004ce52a97444eaaca329ac57bdc02] 199.204.45.3 "GET /v2.0/ports?tenant_id=7273e567066d492da7bd87d07a0182ff&device_id=4b1e418c-fcce-4851-8daa-d2bf740af83d HTTP/1.1" status: 200 len: 1407 time: 0.0339584
2026-07-14 11:40:32.015 9 INFO neutron.wsgi [None req-6c6638d9-b7cf-4007-a160-2f601d7225c1 e820eb7e754441859d3dfd86f088be9c 5d80ea2504e6400d9538295a00471c07 - - default default] 10.0.0.24 "DELETE /v2.0/subnets/334eafcf-6cbe-4133-96e9-c148ac77368d HTTP/1.1" status: 204 len: 168 time: 0.3891459
2026-07-14 11:40:32.060 10 INFO neutron.wsgi [req-695a7f94-5753-4736-a574-9dc8c0ca52d0 req-67d4e68d-0825-4f69-be3a-e1d57c3f800f 510ec922fc0a4c2daf74f2b7376f9572 007b620f9f02429dbfe1620e7e0729be - - fd004ce52a97444eaaca329ac57bdc02 fd004ce52a97444eaaca329ac57bdc02] 199.204.45.3 "GET /v2.0/networks?id=ebcf3449-ba31-49e7-96a4-4f8bd24f3a25 HTTP/1.1" status: 200 len: 967 time: 0.0703373
2026-07-14 11:40:32.095 10 INFO neutron.wsgi [req-695a7f94-5753-4736-a574-9dc8c0ca52d0 req-937ddf5b-bd4c-4fe7-88d2-229db6157619 510ec922fc0a4c2daf74f2b7376f9572 007b620f9f02429dbfe1620e7e0729be - - fd004ce52a97444eaaca329ac57bdc02 fd004ce52a97444eaaca329ac57bdc02] 199.204.45.3 "GET /v2.0/floatingips?fixed_ip_address=10.100.0.3&port_id=233bf512-fd18-454e-be21-c1fd75d86778 HTTP/1.1" status: 200 len: 217 time: 0.0283155
2026-07-14 11:40:32.139 10 INFO neutron.wsgi [req-695a7f94-5753-4736-a574-9dc8c0ca52d0 req-53fc43fb-26c6-4949-b5a0-b84bdc67110a 510ec922fc0a4c2daf74f2b7376f9572 007b620f9f02429dbfe1620e7e0729be - - fd004ce52a97444eaaca329ac57bdc02 fd004ce52a97444eaaca329ac57bdc02] 199.204.45.3 "GET /v2.0/subnets?id=c39276ab-b8d2-40ac-bb52-867a11903780 HTTP/1.1" status: 200 len: 862 time: 0.0328076
2026-07-14 11:40:32.167 10 INFO neutron.wsgi [req-695a7f94-5753-4736-a574-9dc8c0ca52d0 req-eccfcfd3-43bc-4c4b-a763-ffe8ba925754 510ec922fc0a4c2daf74f2b7376f9572 007b620f9f02429dbfe1620e7e0729be - - fd004ce52a97444eaaca329ac57bdc02 fd004ce52a97444eaaca329ac57bdc02] 199.204.45.3 "GET /v2.0/ports?network_id=ebcf3449-ba31-49e7-96a4-4f8bd24f3a25&device_owner=network%3Adhcp HTTP/1.1" status: 200 len: 210 time: 0.0206666
2026-07-14 11:40:32.236 10 INFO neutron.wsgi [req-695a7f94-5753-4736-a574-9dc8c0ca52d0 req-fbe06867-f56b-48b5-ad4a-373aab35ce07 510ec922fc0a4c2daf74f2b7376f9572 007b620f9f02429dbfe1620e7e0729be - - fd004ce52a97444eaaca329ac57bdc02 fd004ce52a97444eaaca329ac57bdc02] 199.204.45.3 "GET /v2.0/networks/ebcf3449-ba31-49e7-96a4-4f8bd24f3a25?fields=segments HTTP/1.1" status: 200 len: 212 time: 0.0535069
2026-07-14 11:40:32.240 9 INFO neutron.wsgi [None req-8595a765-5554-4629-92d4-ba6c00eaa029 e820eb7e754441859d3dfd86f088be9c 5d80ea2504e6400d9538295a00471c07 - - default default] 10.0.0.24 "DELETE /v2.0/networks/969d0703-afb3-4f2c-ab5c-3d77601f4b7a HTTP/1.1" status: 204 len: 168 time: 0.7014015
2026-07-14 11:40:32.297 10 INFO neutron.wsgi [req-695a7f94-5753-4736-a574-9dc8c0ca52d0 req-8f248335-ab80-4f98-847b-bd3b12287f2d 510ec922fc0a4c2daf74f2b7376f9572 007b620f9f02429dbfe1620e7e0729be - - fd004ce52a97444eaaca329ac57bdc02 fd004ce52a97444eaaca329ac57bdc02] 199.204.45.3 "GET /v2.0/networks/ebcf3449-ba31-49e7-96a4-4f8bd24f3a25?fields=provider%3Aphysical_network&fields=provider%3Anetwork_type HTTP/1.1" status: 200 len: 277 time: 0.0497572
2026-07-14 11:40:32.473 10 INFO neutron.wsgi [req-dcf1d5f7-099a-4fc4-b168-8bcc67fe1349 req-f30b7feb-0a05-4da7-8f16-ecca5311bc37 88e1d9d0d4174993ba29603e64250953 ac7d19e68908497d9d9a46241a2b6e81 - - default default] 199.204.45.3 "GET /v2.0/networks?id=f6561249-4a13-4db7-8867-6199fd038548 HTTP/1.1" status: 200 len: 875 time: 0.1090481
2026-07-14 11:40:32.487 10 INFO neutron.wsgi [None req-f84590bc-c0b8-4d24-b8f6-f2c0a5471a20 e820eb7e754441859d3dfd86f088be9c 5d80ea2504e6400d9538295a00471c07 - - default default] 10.0.0.24 "GET /v2.0/security-groups?tenant_id=2c17fb9004794a12965fdf618a3c5a2a&name=default HTTP/1.1" status: 200 len: 2992 time: 0.0599434
2026-07-14 11:40:32.515 10 INFO neutron.wsgi [req-dcf1d5f7-099a-4fc4-b168-8bcc67fe1349 req-56881aec-54d7-442b-ac07-aaadb84727d9 88e1d9d0d4174993ba29603e64250953 ac7d19e68908497d9d9a46241a2b6e81 - - default default] 199.204.45.3 "GET /v2.0/security-groups?fields=id&fields=name&tenant_id=ac7d19e68908497d9d9a46241a2b6e81 HTTP/1.1" status: 200 len: 380 time: 0.0355754
2026-07-14 11:40:32.573 9 INFO neutron.wsgi [None req-923184d2-34ef-46a2-9f25-82dd552aeb3b e820eb7e754441859d3dfd86f088be9c 5d80ea2504e6400d9538295a00471c07 - - default default] 10.0.0.24 "DELETE /v2.0/networks/5e4088bf-eb51-42cc-8478-8f895006686e HTTP/1.1" status: 204 len: 168 time: 0.5412204
2026-07-14 11:40:32.650 9 INFO neutron.services.segments.plugin [-] Segment 0b1ba502-9d15-42a4-88c5-71bf1ef664fe resource provider aggregate not found
2026-07-14 11:40:32.678 9 INFO neutron.services.segments.plugin [-] Segment 0b1ba502-9d15-42a4-88c5-71bf1ef664fe resource provider not found; error: Placement Client Error (4xx): {"errors": [{"status": 404, "title": "Not Found", "detail": "The resource could not be found.\n\n No resource provider with uuid 0b1ba502-9d15-42a4-88c5-71bf1ef664fe found for delete ", "request_id": "req-7f8ccf1c-79ad-4117-a58e-f4078ca9492c"}]}
2026-07-14 11:40:32.692 9 INFO neutron.services.segments.plugin [-] Segment 0b1ba502-9d15-42a4-88c5-71bf1ef664fe resource provider aggregate not found
2026-07-14 11:40:32.719 9 INFO neutron.services.segments.plugin [-] Segment 0b1ba502-9d15-42a4-88c5-71bf1ef664fe resource provider not found; error: Placement Client Error (4xx): {"errors": [{"status": 404, "title": "Not Found", "detail": "The resource could not be found.\n\n No resource provider with uuid 0b1ba502-9d15-42a4-88c5-71bf1ef664fe found for delete ", "request_id": "req-1bb28dd1-2f93-46c4-8e46-897d7ad82834"}]}
2026-07-14 11:40:32.768 9 INFO neutron.wsgi [None req-e6d4575a-1b26-44d1-9eca-68146f5cea86 e820eb7e754441859d3dfd86f088be9c 5d80ea2504e6400d9538295a00471c07 - - default default] 10.0.0.24 "DELETE /v2.0/security-groups/7a0b7f2d-ec12-4ed5-9445-c25a2680ce2d HTTP/1.1" status: 204 len: 168 time: 0.2733169
2026-07-14 11:40:32.857 10 INFO neutron.wsgi [req-f64a68f0-ef6c-47cd-9112-4de1e7dbcbe1 req-ad77cf5b-f98c-46f4-8ed4-edb64d239eb4 88e1d9d0d4174993ba29603e64250953 ac7d19e68908497d9d9a46241a2b6e81 - - default default] 10.0.0.47 "GET /v2.0/ports?device_id=9959a51a-8d80-4546-940f-345ab1162339 HTTP/1.1" status: 200 len: 210 time: 0.0224338
2026-07-14 11:40:32.863 9 INFO neutron.wsgi [req-fa3a1cd7-5c19-4809-a0a4-143cb3750f61 req-b39a601d-0a7a-4af9-ad8d-fe256b8d9f67 ce370ed2785247b59b88622b448bbba4 7273e567066d492da7bd87d07a0182ff - - default default] 10.0.0.47 "GET /v2.0/ports?device_id=4b1e418c-fcce-4851-8daa-d2bf740af83d HTTP/1.1" status: 200 len: 1168 time: 0.0613289
2026-07-14 11:40:32.880 9 INFO neutron.wsgi [None req-bd32ad12-4773-4607-b22f-950abf04982e e820eb7e754441859d3dfd86f088be9c 5d80ea2504e6400d9538295a00471c07 - - default default] 10.0.0.24 "GET /v2.0/security-groups?tenant_id=cfbcb57d8c2c4a47ab375323481c0c20&name=default HTTP/1.1" status: 200 len: 2992 time: 0.0651674
2026-07-14 11:40:32.921 9 INFO neutron.wsgi [req-fa3a1cd7-5c19-4809-a0a4-143cb3750f61 req-7d618b05-c264-48d5-85ed-284679047195 ce370ed2785247b59b88622b448bbba4 7273e567066d492da7bd87d07a0182ff - - default default] 10.0.0.47 "GET /v2.0/security-groups?id=cb2c4821-e698-4f60-988d-5d015ad11dd3&fields=id&fields=name HTTP/1.1" status: 200 len: 313 time: 0.0482254
2026-07-14 11:40:33.045 10 WARNING neutron.scheduler.dhcp_agent_scheduler [req-dcf1d5f7-099a-4fc4-b168-8bcc67fe1349 req-a8b13f45-6753-4be7-af81-1d0f9c6ef228 88e1d9d0d4174993ba29603e64250953 ac7d19e68908497d9d9a46241a2b6e81 - - default default] No more DHCP agents
2026-07-14 11:40:33.047 10 WARNING neutron.api.rpc.agentnotifiers.dhcp_rpc_agent_api [req-dcf1d5f7-099a-4fc4-b168-8bcc67fe1349 req-a8b13f45-6753-4be7-af81-1d0f9c6ef228 88e1d9d0d4174993ba29603e64250953 ac7d19e68908497d9d9a46241a2b6e81 - - default default] Unable to schedule network f6561249-4a13-4db7-8867-6199fd038548: no agents available; will retry on subsequent port and subnet creation events.
2026-07-14 11:40:33.191 10 INFO neutron.wsgi [None req-e4b4f415-ecc9-43d1-a4d5-3c387b93718d e820eb7e754441859d3dfd86f088be9c 5d80ea2504e6400d9538295a00471c07 - - default default] 10.0.0.24 "DELETE /v2.0/security-groups/c40ce430-1c01-4015-a7ce-efed3719b603 HTTP/1.1" status: 204 len: 168 time: 0.3068311
2026-07-14 11:40:33.217 10 INFO neutron.db.ovn_revision_numbers_db [req-dcf1d5f7-099a-4fc4-b168-8bcc67fe1349 req-a8b13f45-6753-4be7-af81-1d0f9c6ef228 88e1d9d0d4174993ba29603e64250953 ac7d19e68908497d9d9a46241a2b6e81 - - default default] Successfully bumped revision number for resource 1ab82f1a-d20f-4cae-af68-2578f2049ef5 (type: ports) to 1
2026-07-14 11:40:33.240 10 INFO neutron.wsgi [req-dcf1d5f7-099a-4fc4-b168-8bcc67fe1349 req-a8b13f45-6753-4be7-af81-1d0f9c6ef228 88e1d9d0d4174993ba29603e64250953 ac7d19e68908497d9d9a46241a2b6e81 - - default default] 199.204.45.3 "POST /v2.0/ports HTTP/1.1" status: 201 len: 1162 time: 0.7027881 /var/lib/openstack/lib/python3.10/site-packages/pycadf/identifier.py:71: UserWarning: Invalid uuid: neutron. To ensure interoperability, identifiers should be a valid uuid. warnings.warn(('Invalid uuid: %s. To ensure interoperability, '
2026-07-14 11:40:33.628 10 INFO neutron.db.ovn_revision_numbers_db [req-dcf1d5f7-099a-4fc4-b168-8bcc67fe1349 req-7e422ede-f7c9-4b0c-924e-43e8446bcc4f 510ec922fc0a4c2daf74f2b7376f9572 007b620f9f02429dbfe1620e7e0729be - - fd004ce52a97444eaaca329ac57bdc02 fd004ce52a97444eaaca329ac57bdc02] Successfully bumped revision number for resource 1ab82f1a-d20f-4cae-af68-2578f2049ef5 (type: ports) to 2
2026-07-14 11:40:33.814 10 INFO neutron.db.ovn_revision_numbers_db [req-dcf1d5f7-099a-4fc4-b168-8bcc67fe1349 req-7e422ede-f7c9-4b0c-924e-43e8446bcc4f 510ec922fc0a4c2daf74f2b7376f9572 007b620f9f02429dbfe1620e7e0729be - - fd004ce52a97444eaaca329ac57bdc02 fd004ce52a97444eaaca329ac57bdc02] Successfully bumped revision number for resource 1ab82f1a-d20f-4cae-af68-2578f2049ef5 (type: ports) to 2
2026-07-14 11:40:33.828 10 INFO neutron.wsgi [req-dcf1d5f7-099a-4fc4-b168-8bcc67fe1349 req-7e422ede-f7c9-4b0c-924e-43e8446bcc4f 510ec922fc0a4c2daf74f2b7376f9572 007b620f9f02429dbfe1620e7e0729be - - fd004ce52a97444eaaca329ac57bdc02 fd004ce52a97444eaaca329ac57bdc02] 199.204.45.3 "PUT /v2.0/ports/1ab82f1a-d20f-4cae-af68-2578f2049ef5 HTTP/1.1" status: 200 len: 1380 time: 0.5775440 /var/lib/openstack/lib/python3.10/site-packages/pycadf/identifier.py:71: UserWarning: Invalid uuid: neutron. To ensure interoperability, identifiers should be a valid uuid. warnings.warn(('Invalid uuid: %s. To ensure interoperability, '
2026-07-14 11:40:33.917 10 INFO neutron.notifiers.nova [-] Nova event matching ['req-2396deff-61dd-4d0c-9bd9-033ee94e6281'] response: {'name': 'network-changed', 'server_uuid': '9959a51a-8d80-4546-940f-345ab1162339', 'tag': '1ab82f1a-d20f-4cae-af68-2578f2049ef5', 'status': 'completed', 'code': 200}
2026-07-14 11:40:33.926 10 INFO neutron.wsgi [req-dcf1d5f7-099a-4fc4-b168-8bcc67fe1349 req-04212235-5bf0-4971-8c86-22d09f431f09 510ec922fc0a4c2daf74f2b7376f9572 007b620f9f02429dbfe1620e7e0729be - - fd004ce52a97444eaaca329ac57bdc02 fd004ce52a97444eaaca329ac57bdc02] 199.204.45.3 "GET /v2.0/ports?tenant_id=ac7d19e68908497d9d9a46241a2b6e81&device_id=9959a51a-8d80-4546-940f-345ab1162339 HTTP/1.1" status: 200 len: 1411 time: 0.0361352
2026-07-14 11:40:33.932 10 INFO neutron.wsgi [-] 10.0.0.11 "GET / HTTP/1.1" status: 200 len: 246 time: 0.0015686
2026-07-14 11:40:33.934 10 INFO neutron.wsgi [-] 10.0.0.11 "GET / HTTP/1.1" status: 200 len: 246 time: 0.0012758
2026-07-14 11:40:33.953 10 INFO neutron.wsgi [req-dcf1d5f7-099a-4fc4-b168-8bcc67fe1349 req-62d0f796-3b15-481b-a591-b6a5c6c3826b 510ec922fc0a4c2daf74f2b7376f9572 007b620f9f02429dbfe1620e7e0729be - - fd004ce52a97444eaaca329ac57bdc02 fd004ce52a97444eaaca329ac57bdc02] 199.204.45.3 "GET /v2.0/floatingips?fixed_ip_address=10.100.0.10&port_id=1ab82f1a-d20f-4cae-af68-2578f2049ef5 HTTP/1.1" status: 200 len: 217 time: 0.0188181
2026-07-14 11:40:34.008 9 INFO neutron.wsgi [req-9bd427c8-28de-403f-947d-a42ed93b2d27 req-f880b7e3-1549-45f2-a80d-74aec18c531e 88e1d9d0d4174993ba29603e64250953 ac7d19e68908497d9d9a46241a2b6e81 - - default default] 10.0.0.47 "GET /v2.0/ports?device_id=9959a51a-8d80-4546-940f-345ab1162339 HTTP/1.1" status: 200 len: 1172 time: 0.0875523
2026-07-14 11:40:34.019 10 INFO neutron.wsgi [req-dcf1d5f7-099a-4fc4-b168-8bcc67fe1349 req-a2c32e04-b51c-463b-a43f-324b5bfdc21b 510ec922fc0a4c2daf74f2b7376f9572 007b620f9f02429dbfe1620e7e0729be - - fd004ce52a97444eaaca329ac57bdc02 fd004ce52a97444eaaca329ac57bdc02] 199.204.45.3 "GET /v2.0/subnets?id=3ddd574a-4929-4ef4-8f35-0e275e40a9db HTTP/1.1" status: 200 len: 869 time: 0.0580218
2026-07-14 11:40:34.030 10 INFO neutron.wsgi [req-f4605ecd-575a-41e6-bb02-cbf5461920d2 req-fac2e6a7-99ea-4871-80a6-3a1d167d0a97 ce370ed2785247b59b88622b448bbba4 7273e567066d492da7bd87d07a0182ff - - default default] 10.0.0.47 "GET /v2.0/ports?device_id=4b1e418c-fcce-4851-8daa-d2bf740af83d HTTP/1.1" status: 200 len: 1168 time: 0.0426540
2026-07-14 11:40:34.049 10 INFO neutron.wsgi [req-dcf1d5f7-099a-4fc4-b168-8bcc67fe1349 req-7ab6fc43-428d-4b5c-8546-36da4eea4b6d 510ec922fc0a4c2daf74f2b7376f9572 007b620f9f02429dbfe1620e7e0729be - - fd004ce52a97444eaaca329ac57bdc02 fd004ce52a97444eaaca329ac57bdc02] 199.204.45.3 "GET /v2.0/ports?network_id=f6561249-4a13-4db7-8867-6199fd038548&device_owner=network%3Adhcp HTTP/1.1" status: 200 len: 210 time: 0.0184400
2026-07-14 11:40:34.059 9 INFO neutron.wsgi [req-9bd427c8-28de-403f-947d-a42ed93b2d27 req-c528f663-7844-40d3-a235-1843bfa973ea 88e1d9d0d4174993ba29603e64250953 ac7d19e68908497d9d9a46241a2b6e81 - - default default] 10.0.0.47 "GET /v2.0/security-groups?id=883ba285-5c2e-42d7-92d9-bcd190ff2691&fields=id&fields=name HTTP/1.1" status: 200 len: 313 time: 0.0419583
2026-07-14 11:40:34.089 10 INFO neutron.wsgi [req-f4605ecd-575a-41e6-bb02-cbf5461920d2 req-0a3e30b0-98c6-4ebe-8338-66f1c6459470 ce370ed2785247b59b88622b448bbba4 7273e567066d492da7bd87d07a0182ff - - default default] 10.0.0.47 "GET /v2.0/security-groups?id=cb2c4821-e698-4f60-988d-5d015ad11dd3&fields=id&fields=name HTTP/1.1" status: 200 len: 313 time: 0.0518217
2026-07-14 11:40:34.117 10 INFO neutron.wsgi [req-dcf1d5f7-099a-4fc4-b168-8bcc67fe1349 req-35644120-550a-4643-bc34-8726ca3cb7bc 510ec922fc0a4c2daf74f2b7376f9572 007b620f9f02429dbfe1620e7e0729be - - fd004ce52a97444eaaca329ac57bdc02 fd004ce52a97444eaaca329ac57bdc02] 199.204.45.3 "GET /v2.0/networks/f6561249-4a13-4db7-8867-6199fd038548?fields=segments HTTP/1.1" status: 200 len: 212 time: 0.0619917
2026-07-14 11:40:34.190 10 INFO neutron.wsgi [req-dcf1d5f7-099a-4fc4-b168-8bcc67fe1349 req-25bd4cfb-3967-48e0-93c9-1b0177ffe7e5 510ec922fc0a4c2daf74f2b7376f9572 007b620f9f02429dbfe1620e7e0729be - - fd004ce52a97444eaaca329ac57bdc02 fd004ce52a97444eaaca329ac57bdc02] 199.204.45.3 "GET /v2.0/networks/f6561249-4a13-4db7-8867-6199fd038548?fields=provider%3Aphysical_network&fields=provider%3Anetwork_type HTTP/1.1" status: 200 len: 277 time: 0.0629756
2026-07-14 11:40:34.265 10 INFO neutron.wsgi [req-fa4566df-7ab7-4948-a2bc-ae7bb4e22f51 req-3c914eba-1d2c-4ebf-aecc-677184ea8ee1 510ec922fc0a4c2daf74f2b7376f9572 007b620f9f02429dbfe1620e7e0729be - - fd004ce52a97444eaaca329ac57bdc02 fd004ce52a97444eaaca329ac57bdc02] 199.204.45.3 "GET /v2.0/ports?tenant_id=ac7d19e68908497d9d9a46241a2b6e81&device_id=9959a51a-8d80-4546-940f-345ab1162339 HTTP/1.1" status: 200 len: 1411 time: 0.0304012
2026-07-14 11:40:34.338 10 INFO neutron.wsgi [req-fa4566df-7ab7-4948-a2bc-ae7bb4e22f51 req-fedd539f-7e4a-4b8a-870a-90d206e442a1 510ec922fc0a4c2daf74f2b7376f9572 007b620f9f02429dbfe1620e7e0729be - - fd004ce52a97444eaaca329ac57bdc02 fd004ce52a97444eaaca329ac57bdc02] 199.204.45.3 "GET /v2.0/networks?id=f6561249-4a13-4db7-8867-6199fd038548 HTTP/1.1" status: 200 len: 974 time: 0.0650949
2026-07-14 11:40:34.373 10 INFO neutron.wsgi [req-fa4566df-7ab7-4948-a2bc-ae7bb4e22f51 req-db871149-693c-4287-88f3-a091fb5bcb7f 510ec922fc0a4c2daf74f2b7376f9572 007b620f9f02429dbfe1620e7e0729be - - fd004ce52a97444eaaca329ac57bdc02 fd004ce52a97444eaaca329ac57bdc02] 199.204.45.3 "GET /v2.0/floatingips?fixed_ip_address=10.100.0.10&port_id=1ab82f1a-d20f-4cae-af68-2578f2049ef5 HTTP/1.1" status: 200 len: 217 time: 0.0298393
2026-07-14 11:40:34.434 10 INFO neutron.wsgi [req-fa4566df-7ab7-4948-a2bc-ae7bb4e22f51 req-e88dc5cc-c65a-43dc-9e95-e85ea13f84df 510ec922fc0a4c2daf74f2b7376f9572 007b620f9f02429dbfe1620e7e0729be - - fd004ce52a97444eaaca329ac57bdc02 fd004ce52a97444eaaca329ac57bdc02] 199.204.45.3 "GET /v2.0/subnets?id=3ddd574a-4929-4ef4-8f35-0e275e40a9db HTTP/1.1" status: 200 len: 869 time: 0.0487850
2026-07-14 11:40:34.469 10 INFO neutron.plugins.ml2.drivers.ovn.mech_driver.mech_driver [None req-bce252a6-e8d4-4e60-89b6-69e113a9828b - - - - - -] OVN reports status up for port: 233bf512-fd18-454e-be21-c1fd75d86778
2026-07-14 11:40:34.472 10 INFO neutron.wsgi [req-fa4566df-7ab7-4948-a2bc-ae7bb4e22f51 req-91445e62-34c9-4eeb-b89e-1f68913d0b35 510ec922fc0a4c2daf74f2b7376f9572 007b620f9f02429dbfe1620e7e0729be - - fd004ce52a97444eaaca329ac57bdc02 fd004ce52a97444eaaca329ac57bdc02] 199.204.45.3 "GET /v2.0/ports?network_id=f6561249-4a13-4db7-8867-6199fd038548&device_owner=network%3Adhcp HTTP/1.1" status: 200 len: 210 time: 0.0302985
2026-07-14 11:40:34.494 10 INFO neutron.plugins.ml2.plugin [None req-bce252a6-e8d4-4e60-89b6-69e113a9828b - - - - - -] Attempt 1 to provision port 233bf512-fd18-454e-be21-c1fd75d86778
2026-07-14 11:40:34.560 10 INFO neutron.wsgi [req-fa4566df-7ab7-4948-a2bc-ae7bb4e22f51 req-f4950cb3-0621-47c2-96cb-283e705d054f 510ec922fc0a4c2daf74f2b7376f9572 007b620f9f02429dbfe1620e7e0729be - - fd004ce52a97444eaaca329ac57bdc02 fd004ce52a97444eaaca329ac57bdc02] 199.204.45.3 "GET /v2.0/networks/f6561249-4a13-4db7-8867-6199fd038548?fields=segments HTTP/1.1" status: 200 len: 212 time: 0.0715008
2026-07-14 11:40:34.634 10 INFO neutron.wsgi [req-fa4566df-7ab7-4948-a2bc-ae7bb4e22f51 req-b392c546-63ea-4290-934e-508f46227235 510ec922fc0a4c2daf74f2b7376f9572 007b620f9f02429dbfe1620e7e0729be - - fd004ce52a97444eaaca329ac57bdc02 fd004ce52a97444eaaca329ac57bdc02] 199.204.45.3 "GET /v2.0/networks/f6561249-4a13-4db7-8867-6199fd038548?fields=provider%3Aphysical_network&fields=provider%3Anetwork_type HTTP/1.1" status: 200 len: 277 time: 0.0700605
2026-07-14 11:40:34.699 9 INFO neutron.services.segments.plugin [-] Segment ec506b14-96dd-4efe-9675-8d81c7930fca resource provider aggregate not found
2026-07-14 11:40:34.720 9 INFO neutron.services.segments.plugin [-] Segment ec506b14-96dd-4efe-9675-8d81c7930fca resource provider not found; error: Placement Client Error (4xx): {"errors": [{"status": 404, "title": "Not Found", "detail": "The resource could not be found.\n\n No resource provider with uuid ec506b14-96dd-4efe-9675-8d81c7930fca found for delete ", "request_id": "req-d632321e-f64e-420d-a11b-4aee6c75203f"}]}
2026-07-14 11:40:34.743 9 INFO neutron.services.segments.plugin [-] Segment ec506b14-96dd-4efe-9675-8d81c7930fca resource provider aggregate not found
2026-07-14 11:40:34.762 9 INFO neutron.services.segments.plugin [-] Segment ec506b14-96dd-4efe-9675-8d81c7930fca resource provider not found; error: Placement Client Error (4xx): {"errors": [{"status": 404, "title": "Not Found", "detail": "The resource could not be found.\n\n No resource provider with uuid ec506b14-96dd-4efe-9675-8d81c7930fca found for delete ", "request_id": "req-2e230b64-7dca-4ae0-8860-b782737462db"}]}
2026-07-14 11:40:34.813 10 INFO neutron.db.ovn_revision_numbers_db [None req-bce252a6-e8d4-4e60-89b6-69e113a9828b - - - - - -] Successfully bumped revision number for resource 233bf512-fd18-454e-be21-c1fd75d86778 (type: ports) to 4
2026-07-14 11:40:34.858 10 INFO neutron.plugins.ml2.drivers.ovn.mech_driver.mech_driver [None req-bce252a6-e8d4-4e60-89b6-69e113a9828b - - - - - -] OVN reports status up for port: 1ab82f1a-d20f-4cae-af68-2578f2049ef5
2026-07-14 11:40:34.877 10 INFO neutron.plugins.ml2.plugin [None req-bce252a6-e8d4-4e60-89b6-69e113a9828b - - - - - -] Attempt 1 to provision port 1ab82f1a-d20f-4cae-af68-2578f2049ef5
2026-07-14 11:40:35.145 10 INFO neutron.db.ovn_revision_numbers_db [None req-bce252a6-e8d4-4e60-89b6-69e113a9828b - - - - - -] Successfully bumped revision number for resource 1ab82f1a-d20f-4cae-af68-2578f2049ef5 (type: ports) to 4 /var/lib/openstack/lib/python3.10/site-packages/pycadf/identifier.py:71: UserWarning: Invalid uuid: neutron. To ensure interoperability, identifiers should be a valid uuid. warnings.warn(('Invalid uuid: %s. To ensure interoperability, '
2026-07-14 11:40:35.206 9 INFO neutron.wsgi [req-6478c5cc-1bc6-4f92-a4d5-798ad312e4a7 req-39e6ec1b-b7d0-4562-8789-3ad470675223 88e1d9d0d4174993ba29603e64250953 ac7d19e68908497d9d9a46241a2b6e81 - - default default] 10.0.0.47 "GET /v2.0/ports?device_id=9959a51a-8d80-4546-940f-345ab1162339 HTTP/1.1" status: 200 len: 1174 time: 0.0593951
2026-07-14 11:40:35.208 9 WARNING neutron.plugins.ml2.drivers.ovn.mech_driver.ovsdb.ovn_client [None req-c1242a75-d02a-4fc2-b5c7-5567aded73f5 - - - - - -] No hosting information found for port 5ad238de-b680-44e7-9766-b9692fc1115e: RuntimeError: No hosting information found for port 5ad238de-b680-44e7-9766-b9692fc1115e
2026-07-14 11:40:35.233 10 INFO neutron.wsgi [req-51028617-d9e4-4f8f-a174-cad876d992d7 req-fbd0277f-b143-4570-8463-25c0a8500911 ce370ed2785247b59b88622b448bbba4 7273e567066d492da7bd87d07a0182ff - - default default] 10.0.0.47 "GET /v2.0/ports?device_id=4b1e418c-fcce-4851-8daa-d2bf740af83d HTTP/1.1" status: 200 len: 1170 time: 0.0823748
2026-07-14 11:40:35.275 9 INFO neutron.wsgi [req-6478c5cc-1bc6-4f92-a4d5-798ad312e4a7 req-98d042a7-f156-4370-84a3-ed30d0b797fd 88e1d9d0d4174993ba29603e64250953 ac7d19e68908497d9d9a46241a2b6e81 - - default default] 10.0.0.47 "GET /v2.0/security-groups?id=883ba285-5c2e-42d7-92d9-bcd190ff2691&fields=id&fields=name HTTP/1.1" status: 200 len: 313 time: 0.0553133
2026-07-14 11:40:35.287 10 INFO neutron.wsgi [req-51028617-d9e4-4f8f-a174-cad876d992d7 req-e46f649a-1a75-4c36-bb4c-9b664efd550c ce370ed2785247b59b88622b448bbba4 7273e567066d492da7bd87d07a0182ff - - default default] 10.0.0.47 "GET /v2.0/security-groups?id=cb2c4821-e698-4f60-988d-5d015ad11dd3&fields=id&fields=name HTTP/1.1" status: 200 len: 313 time: 0.0470488
2026-07-14 11:40:35.365 10 INFO neutron.db.ovn_revision_numbers_db [None req-4fd9f652-0c61-482d-89f6-9636c7c1bf36 e820eb7e754441859d3dfd86f088be9c 5d80ea2504e6400d9538295a00471c07 - - default default] Successfully bumped revision number for resource de2d7aaa-41ac-410f-97d2-2f28512591a6 (type: security_groups) to 1
2026-07-14 11:40:35.379 10 INFO neutron.db.ovn_revision_numbers_db [None req-4fd9f652-0c61-482d-89f6-9636c7c1bf36 e820eb7e754441859d3dfd86f088be9c 5d80ea2504e6400d9538295a00471c07 - - default default] Successfully bumped revision number for resource 05bb1782-4382-4375-9dc0-f46548c20ad4 (type: security_group_rules) to 0
2026-07-14 11:40:35.398 10 INFO neutron.db.ovn_revision_numbers_db [None req-4fd9f652-0c61-482d-89f6-9636c7c1bf36 e820eb7e754441859d3dfd86f088be9c 5d80ea2504e6400d9538295a00471c07 - - default default] Successfully bumped revision number for resource d78e9b7a-df9b-4f2f-9780-6af94c7d0838 (type: security_group_rules) to 0
2026-07-14 11:40:35.419 10 INFO neutron.db.ovn_revision_numbers_db [None req-4fd9f652-0c61-482d-89f6-9636c7c1bf36 e820eb7e754441859d3dfd86f088be9c 5d80ea2504e6400d9538295a00471c07 - - default default] Successfully bumped revision number for resource e46d90a4-8658-4a8d-b2c7-9d8cf7827a27 (type: security_group_rules) to 0
2026-07-14 11:40:35.435 10 INFO neutron.db.ovn_revision_numbers_db [None req-4fd9f652-0c61-482d-89f6-9636c7c1bf36 e820eb7e754441859d3dfd86f088be9c 5d80ea2504e6400d9538295a00471c07 - - default default] Successfully bumped revision number for resource f897a5b7-98a8-44b7-ba75-c9ed7f4086e7 (type: security_group_rules) to 0
2026-07-14 11:40:35.497 10 INFO neutron.db.segments_db [None req-4fd9f652-0c61-482d-89f6-9636c7c1bf36 e820eb7e754441859d3dfd86f088be9c 5d80ea2504e6400d9538295a00471c07 - - default default] Added segment 962e19a0-dd2b-442e-ba8f-ff5cc59bb713 of type geneve for network a511fdd7-84c8-44a8-922f-dd730993f01a
2026-07-14 11:40:35.657 10 INFO neutron.db.ovn_revision_numbers_db [None req-4fd9f652-0c61-482d-89f6-9636c7c1bf36 e820eb7e754441859d3dfd86f088be9c 5d80ea2504e6400d9538295a00471c07 - - default default] Successfully bumped revision number for resource a511fdd7-84c8-44a8-922f-dd730993f01a (type: networks) to 1
2026-07-14 11:40:35.808 10 WARNING neutron.scheduler.dhcp_agent_scheduler [None req-4fd9f652-0c61-482d-89f6-9636c7c1bf36 e820eb7e754441859d3dfd86f088be9c 5d80ea2504e6400d9538295a00471c07 - - default default] No more DHCP agents
2026-07-14 11:40:35.811 10 WARNING neutron.api.rpc.agentnotifiers.dhcp_rpc_agent_api [None req-4fd9f652-0c61-482d-89f6-9636c7c1bf36 e820eb7e754441859d3dfd86f088be9c 5d80ea2504e6400d9538295a00471c07 - - default default] Unable to schedule network a511fdd7-84c8-44a8-922f-dd730993f01a: no agents available; will retry on subsequent port and subnet creation events.
