2026-07-14 11:45:10.041 10 INFO neutron.wsgi [None req-1626c575-fcb8-42a3-8757-5821b87ca1d0 e820eb7e754441859d3dfd86f088be9c 5d80ea2504e6400d9538295a00471c07 - - default default] 199.204.45.3 "GET /v2.0/subnets/69a996d2-4656-4b76-9810-22ef508e52b1 HTTP/1.1" status: 200 len: 849 time: 0.0364883
2026-07-14 11:45:10.105 10 INFO neutron.wsgi [None req-bd0021f0-0d0e-4e1c-994f-d60404e5987b e820eb7e754441859d3dfd86f088be9c 5d80ea2504e6400d9538295a00471c07 - - default default] 199.204.45.3 "GET /v2.0/ports?device_id=37d73e3b-b67e-4f05-a44e-c4ced0c569ca HTTP/1.1" status: 200 len: 5120 time: 0.0561767
2026-07-14 11:45:10.129 10 INFO neutron.db.ovn_revision_numbers_db [None req-f2a4e5e7-611e-4568-80b7-5a907d1bf949 a6462e4ab7474fb194e3af163da51e97 ba33874620e74133965e7da66dfaaa4f - - default default] Successfully bumped revision number for resource e2e0c7df-cec9-4810-b550-458519c132f8 (type: networks) to 1
2026-07-14 11:45:10.240 10 INFO neutron.wsgi [None req-02e0faef-7e5c-4ccc-b901-d8bd5e3c7389 e820eb7e754441859d3dfd86f088be9c 5d80ea2504e6400d9538295a00471c07 - - default default] 199.204.45.3 "GET /v2.0/extensions/security-group HTTP/1.1" status: 200 len: 369 time: 0.0051274
2026-07-14 11:45:10.251 10 INFO neutron.wsgi [None req-e0eb187b-cce7-4da2-b7bb-76927bfa2ff2 e820eb7e754441859d3dfd86f088be9c 5d80ea2504e6400d9538295a00471c07 - - default default] 199.204.45.3 "GET /v2.0/extensions/dns-integration HTTP/1.1" status: 200 len: 371 time: 0.0051508
2026-07-14 11:45:10.260 10 INFO neutron.wsgi [None req-cd88612b-3766-4173-912f-aa2e55cb88d5 e820eb7e754441859d3dfd86f088be9c 5d80ea2504e6400d9538295a00471c07 - - default default] 199.204.45.3 "GET /v2.0/extensions/qos HTTP/1.1" status: 200 len: 365 time: 0.0031445
2026-07-14 11:45:10.270 10 INFO neutron.wsgi [None req-baf48dfc-9dc1-4be8-9afa-b836ddc882d7 e820eb7e754441859d3dfd86f088be9c 5d80ea2504e6400d9538295a00471c07 - - default default] 199.204.45.3 "GET /v2.0/extensions/allowed-address-pairs HTTP/1.1" status: 200 len: 383 time: 0.0048058
2026-07-14 11:45:10.309 10 INFO neutron.wsgi [None req-65b16922-eebf-4216-9190-20665d41e35c e820eb7e754441859d3dfd86f088be9c 5d80ea2504e6400d9538295a00471c07 - - default default] 199.204.45.3 "GET /v2.0/ports/182ae2ec-3c70-46c7-bd78-7061a9937d49 HTTP/1.1" status: 200 len: 1402 time: 0.0339024
2026-07-14 11:45:10.331 10 WARNING neutron.scheduler.dhcp_agent_scheduler [None req-f2a4e5e7-611e-4568-80b7-5a907d1bf949 a6462e4ab7474fb194e3af163da51e97 ba33874620e74133965e7da66dfaaa4f - - default default] No more DHCP agents
2026-07-14 11:45:10.333 10 WARNING neutron.api.rpc.agentnotifiers.dhcp_rpc_agent_api [None req-f2a4e5e7-611e-4568-80b7-5a907d1bf949 a6462e4ab7474fb194e3af163da51e97 ba33874620e74133965e7da66dfaaa4f - - default default] Unable to schedule network e2e0c7df-cec9-4810-b550-458519c132f8: no agents available; will retry on subsequent port and subnet creation events.
2026-07-14 11:45:10.454 10 INFO neutron.db.ovn_revision_numbers_db [None req-f2a4e5e7-611e-4568-80b7-5a907d1bf949 a6462e4ab7474fb194e3af163da51e97 ba33874620e74133965e7da66dfaaa4f - - default default] Successfully bumped revision number for resource aa386fb3-e2ff-4e39-9e9c-d48d6a5956ad (type: ports) to 1
2026-07-14 11:45:10.489 10 INFO neutron.wsgi [None req-f2a4e5e7-611e-4568-80b7-5a907d1bf949 a6462e4ab7474fb194e3af163da51e97 ba33874620e74133965e7da66dfaaa4f - - default default] 10.0.0.24 "POST /v2.0/networks HTTP/1.1" status: 201 len: 831 time: 1.0379078
2026-07-14 11:45:10.813 10 WARNING neutron.scheduler.dhcp_agent_scheduler [None req-e284cb7b-1cc7-49ed-acec-be0989599a06 a6462e4ab7474fb194e3af163da51e97 ba33874620e74133965e7da66dfaaa4f - - default default] No more DHCP agents
2026-07-14 11:45:10.815 10 WARNING neutron.api.rpc.agentnotifiers.dhcp_rpc_agent_api [None req-e284cb7b-1cc7-49ed-acec-be0989599a06 a6462e4ab7474fb194e3af163da51e97 ba33874620e74133965e7da66dfaaa4f - - default default] Unable to schedule network e2e0c7df-cec9-4810-b550-458519c132f8: no agents available; will retry on subsequent port and subnet creation events.
2026-07-14 11:45:10.819 10 INFO neutron.db.ovn_revision_numbers_db [None req-6d6ea975-b43d-486d-954a-1b88ea1449a0 e820eb7e754441859d3dfd86f088be9c 5d80ea2504e6400d9538295a00471c07 - - default default] Successfully bumped revision number for resource 182ae2ec-3c70-46c7-bd78-7061a9937d49 (type: ports) to 6
2026-07-14 11:45:10.841 10 INFO neutron.wsgi [None req-6d6ea975-b43d-486d-954a-1b88ea1449a0 e820eb7e754441859d3dfd86f088be9c 5d80ea2504e6400d9538295a00471c07 - - default default] 199.204.45.3 "PUT /v2.0/ports/182ae2ec-3c70-46c7-bd78-7061a9937d49 HTTP/1.1" status: 200 len: 1203 time: 0.5256379 /var/lib/openstack/lib/python3.10/site-packages/pycadf/identifier.py:71: UserWarning: Invalid uuid: neutron. To ensure interoperability, identifiers should be a valid uuid. warnings.warn(('Invalid uuid: %s. To ensure interoperability, '
2026-07-14 11:45:10.887 10 INFO neutron.notifiers.nova [-] Nova event matching ['req-3103fb64-1e3d-470d-8b65-2835c32ac865'] response: {'name': 'network-changed', 'server_uuid': '37d73e3b-b67e-4f05-a44e-c4ced0c569ca', 'tag': '182ae2ec-3c70-46c7-bd78-7061a9937d49', 'status': 'completed', 'code': 200}
2026-07-14 11:45:10.920 10 INFO neutron.wsgi [None req-92a2f725-e6c9-40fd-beae-addbc1530c2b e820eb7e754441859d3dfd86f088be9c 5d80ea2504e6400d9538295a00471c07 - - default default] 199.204.45.3 "GET /v2.0/networks/52a9edac-555b-4faa-9678-e02cc9bb4cbb HTTP/1.1" status: 200 len: 999 time: 0.0699420
2026-07-14 11:45:10.954 9 INFO neutron.wsgi [req-457cdf1d-007e-41d2-a3ac-eb85561364b0 req-92124fca-7ea8-4c29-a62b-6dc6c78715be 510ec922fc0a4c2daf74f2b7376f9572 007b620f9f02429dbfe1620e7e0729be - - fd004ce52a97444eaaca329ac57bdc02 fd004ce52a97444eaaca329ac57bdc02] 199.204.45.3 "GET /v2.0/ports?tenant_id=5d80ea2504e6400d9538295a00471c07&device_id=37d73e3b-b67e-4f05-a44e-c4ced0c569ca HTTP/1.1" status: 200 len: 4949 time: 0.0504940
2026-07-14 11:45:10.976 10 INFO neutron.wsgi [None req-33cc9d32-7d71-4a7e-9a74-3092bb0e876a e820eb7e754441859d3dfd86f088be9c 5d80ea2504e6400d9538295a00471c07 - - default default] 199.204.45.3 "GET /v2.0/ports?device_id=37d73e3b-b67e-4f05-a44e-c4ced0c569ca HTTP/1.1" status: 200 len: 4949 time: 0.0425682
2026-07-14 11:45:11.013 9 INFO neutron.wsgi [req-457cdf1d-007e-41d2-a3ac-eb85561364b0 req-71b2522a-2977-4978-aeda-2da432581eb5 510ec922fc0a4c2daf74f2b7376f9572 007b620f9f02429dbfe1620e7e0729be - - fd004ce52a97444eaaca329ac57bdc02 fd004ce52a97444eaaca329ac57bdc02] 199.204.45.3 "GET /v2.0/networks?id=52a9edac-555b-4faa-9678-e02cc9bb4cbb HTTP/1.1" status: 200 len: 1002 time: 0.0537765
2026-07-14 11:45:11.088 9 INFO neutron.wsgi [req-457cdf1d-007e-41d2-a3ac-eb85561364b0 req-c98f07c2-53fb-4c00-8db1-b1cb499eabe8 510ec922fc0a4c2daf74f2b7376f9572 007b620f9f02429dbfe1620e7e0729be - - fd004ce52a97444eaaca329ac57bdc02 fd004ce52a97444eaaca329ac57bdc02] 199.204.45.3 "GET /v2.0/networks/52a9edac-555b-4faa-9678-e02cc9bb4cbb?fields=segments HTTP/1.1" status: 200 len: 212 time: 0.0692403
2026-07-14 11:45:11.116 10 INFO neutron.wsgi [None req-bc21fafe-d263-446e-8c9c-462244f7703f e820eb7e754441859d3dfd86f088be9c 5d80ea2504e6400d9538295a00471c07 - - default default] 199.204.45.3 "GET /v2.0/ports?device_id=37d73e3b-b67e-4f05-a44e-c4ced0c569ca HTTP/1.1" status: 200 len: 4949 time: 0.0503652
2026-07-14 11:45:11.161 9 INFO neutron.wsgi [req-457cdf1d-007e-41d2-a3ac-eb85561364b0 req-92831869-acb1-4e90-97fc-8c9b4a039433 510ec922fc0a4c2daf74f2b7376f9572 007b620f9f02429dbfe1620e7e0729be - - fd004ce52a97444eaaca329ac57bdc02 fd004ce52a97444eaaca329ac57bdc02] 199.204.45.3 "GET /v2.0/networks/52a9edac-555b-4faa-9678-e02cc9bb4cbb?fields=provider%3Aphysical_network&fields=provider%3Anetwork_type HTTP/1.1" status: 200 len: 277 time: 0.0658970
2026-07-14 11:45:11.359 10 INFO neutron.plugins.ml2.drivers.ovn.mech_driver.mech_driver [None req-bce252a6-e8d4-4e60-89b6-69e113a9828b - - - - - -] OVN reports status down for port: 182ae2ec-3c70-46c7-bd78-7061a9937d49
2026-07-14 11:45:11.411 10 INFO neutron.db.ovn_revision_numbers_db [None req-e284cb7b-1cc7-49ed-acec-be0989599a06 a6462e4ab7474fb194e3af163da51e97 ba33874620e74133965e7da66dfaaa4f - - default default] Successfully bumped revision number for resource aa386fb3-e2ff-4e39-9e9c-d48d6a5956ad (type: ports) to 2
2026-07-14 11:45:11.439 9 INFO neutron.wsgi [req-3752ef10-9753-4cf3-86a2-699ba6f756cb req-8c366be2-9e56-40d0-a095-7669748d2786 510ec922fc0a4c2daf74f2b7376f9572 007b620f9f02429dbfe1620e7e0729be - - fd004ce52a97444eaaca329ac57bdc02 fd004ce52a97444eaaca329ac57bdc02] 199.204.45.3 "GET /v2.0/ports/182ae2ec-3c70-46c7-bd78-7061a9937d49 HTTP/1.1" status: 200 len: 1231 time: 0.0337102
2026-07-14 11:45:11.465 10 INFO neutron.db.ovn_revision_numbers_db [None req-e284cb7b-1cc7-49ed-acec-be0989599a06 a6462e4ab7474fb194e3af163da51e97 ba33874620e74133965e7da66dfaaa4f - - default default] Successfully bumped revision number for resource 091a113e-cfb1-4df1-9cd5-495156b07904 (type: subnets) to 0
2026-07-14 11:45:11.485 10 INFO neutron.wsgi [None req-e284cb7b-1cc7-49ed-acec-be0989599a06 a6462e4ab7474fb194e3af163da51e97 ba33874620e74133965e7da66dfaaa4f - - default default] 10.0.0.24 "POST /v2.0/subnets HTTP/1.1" status: 201 len: 801 time: 0.9905236
2026-07-14 11:45:11.541 9 INFO neutron.wsgi [None req-12f05fbf-f764-4164-a931-d3fb8b80ea8a a6462e4ab7474fb194e3af163da51e97 ba33874620e74133965e7da66dfaaa4f - - default default] 10.0.0.24 "PUT /v2.0/subnets/091a113e-cfb1-4df1-9cd5-495156b07904/tags HTTP/1.1" status: 200 len: 218 time: 0.0467041
2026-07-14 11:45:11.592 10 INFO neutron.wsgi [None req-41e3aa81-55f5-4a96-9594-f78515b5031d a6462e4ab7474fb194e3af163da51e97 ba33874620e74133965e7da66dfaaa4f - - default default] 10.0.0.24 "GET /v2.0/subnets/091a113e-cfb1-4df1-9cd5-495156b07904/tags HTTP/1.1" status: 200 len: 218 time: 0.0447803
2026-07-14 11:45:11.656 10 INFO neutron.wsgi [None req-f4e6d31a-21df-40e6-a992-20430c16b9e4 a6462e4ab7474fb194e3af163da51e97 ba33874620e74133965e7da66dfaaa4f - - default default] 10.0.0.24 "PUT /v2.0/subnets/091a113e-cfb1-4df1-9cd5-495156b07904/tags/green HTTP/1.1" status: 201 len: 201 time: 0.0534549
2026-07-14 11:45:11.708 9 INFO neutron.wsgi [None req-d53af787-0d47-498f-9ad7-4a6c76a898b0 a6462e4ab7474fb194e3af163da51e97 ba33874620e74133965e7da66dfaaa4f - - default default] 10.0.0.24 "GET /v2.0/subnets/091a113e-cfb1-4df1-9cd5-495156b07904/tags HTTP/1.1" status: 200 len: 227 time: 0.0449963
2026-07-14 11:45:11.728 9 INFO neutron.wsgi [req-3752ef10-9753-4cf3-86a2-699ba6f756cb req-38b7b1b9-6e9e-4dc1-8738-f5c41a12d262 e820eb7e754441859d3dfd86f088be9c 5d80ea2504e6400d9538295a00471c07 - - default default] 199.204.45.3 "DELETE /v2.0/ports/182ae2ec-3c70-46c7-bd78-7061a9937d49 HTTP/1.1" status: 204 len: 173 time: 0.2846286
2026-07-14 11:45:11.748 9 INFO neutron.wsgi [None req-2384e8d0-610c-44de-b0a7-e3c2c1cb1248 a6462e4ab7474fb194e3af163da51e97 ba33874620e74133965e7da66dfaaa4f - - default default] 10.0.0.24 "PUT /v2.0/subnets/091a113e-cfb1-4df1-9cd5-495156b07904/tags/red HTTP/1.1" status: 201 len: 201 time: 0.0341940
2026-07-14 11:45:11.766 9 INFO neutron.notifiers.nova [-] Nova event matching ['req-58094abd-9e99-4541-a0f5-a0201dced065'] response: {'server_uuid': '37d73e3b-b67e-4f05-a44e-c4ced0c569ca', 'name': 'network-vif-deleted', 'tag': '182ae2ec-3c70-46c7-bd78-7061a9937d49', 'status': 'completed', 'code': 200}
2026-07-14 11:45:11.787 9 INFO neutron.wsgi [None req-cccd6da2-1de3-4a03-8a15-c2147bdc6410 a6462e4ab7474fb194e3af163da51e97 ba33874620e74133965e7da66dfaaa4f - - default default] 10.0.0.24 "GET /v2.0/subnets/091a113e-cfb1-4df1-9cd5-495156b07904/tags HTTP/1.1" status: 200 len: 227 time: 0.0350327
2026-07-14 11:45:11.822 9 INFO neutron.wsgi [req-3752ef10-9753-4cf3-86a2-699ba6f756cb req-89df3bb4-f0e4-4b4b-81c1-0b61648aa395 510ec922fc0a4c2daf74f2b7376f9572 007b620f9f02429dbfe1620e7e0729be - - fd004ce52a97444eaaca329ac57bdc02 fd004ce52a97444eaaca329ac57bdc02] 199.204.45.3 "GET /v2.0/ports?tenant_id=5d80ea2504e6400d9538295a00471c07&device_id=37d73e3b-b67e-4f05-a44e-c4ced0c569ca HTTP/1.1" status: 200 len: 3926 time: 0.0441978
2026-07-14 11:45:11.848 9 INFO neutron.wsgi [None req-c2c19672-21ee-4e24-8674-0b690ce39393 a6462e4ab7474fb194e3af163da51e97 ba33874620e74133965e7da66dfaaa4f - - default default] 10.0.0.24 "PUT /v2.0/subnets/091a113e-cfb1-4df1-9cd5-495156b07904/tags/black.or.white HTTP/1.1" status: 201 len: 201 time: 0.0566313
2026-07-14 11:45:11.884 10 INFO neutron.wsgi [None req-b1422ec2-61fa-4016-9e8b-124cf31b4444 a6462e4ab7474fb194e3af163da51e97 ba33874620e74133965e7da66dfaaa4f - - default default] 10.0.0.24 "GET /v2.0/subnets/091a113e-cfb1-4df1-9cd5-495156b07904/tags HTTP/1.1" status: 200 len: 245 time: 0.0307877
2026-07-14 11:45:11.900 9 INFO neutron.wsgi [req-3752ef10-9753-4cf3-86a2-699ba6f756cb req-2fdc9ca5-e2c7-41b4-b681-05075348031b 510ec922fc0a4c2daf74f2b7376f9572 007b620f9f02429dbfe1620e7e0729be - - fd004ce52a97444eaaca329ac57bdc02 fd004ce52a97444eaaca329ac57bdc02] 199.204.45.3 "GET /v2.0/networks?id=26d50531-2434-4f35-b778-6bd6a04d1b4a&id=63f4ea5f-e9ed-4d41-91a0-b93707f53ab3&id=bf57cc14-73f3-434a-80fa-cd845227dca8&id=52a9edac-555b-4faa-9678-e02cc9bb4cbb HTTP/1.1" status: 200 len: 3306 time: 0.0700529
2026-07-14 11:45:11.929 9 INFO neutron.wsgi [req-3752ef10-9753-4cf3-86a2-699ba6f756cb req-bee9959d-3299-4701-83a1-521b7d11b472 510ec922fc0a4c2daf74f2b7376f9572 007b620f9f02429dbfe1620e7e0729be - - fd004ce52a97444eaaca329ac57bdc02 fd004ce52a97444eaaca329ac57bdc02] 199.204.45.3 "GET /v2.0/floatingips?fixed_ip_address=172.24.2.199&port_id=bccd9d62-2962-425e-8339-997261351a3f HTTP/1.1" status: 200 len: 217 time: 0.0203886
2026-07-14 11:45:11.952 10 INFO neutron.wsgi [None req-b04d7542-f3c2-4202-9344-e454a49ca004 a6462e4ab7474fb194e3af163da51e97 ba33874620e74133965e7da66dfaaa4f - - default default] 10.0.0.24 "PUT /v2.0/subnets/091a113e-cfb1-4df1-9cd5-495156b07904/tags HTTP/1.1" status: 200 len: 230 time: 0.0636158
2026-07-14 11:45:11.970 9 INFO neutron.wsgi [req-3752ef10-9753-4cf3-86a2-699ba6f756cb req-06e9c599-d629-4402-a678-6cc7e867d16c 510ec922fc0a4c2daf74f2b7376f9572 007b620f9f02429dbfe1620e7e0729be - - fd004ce52a97444eaaca329ac57bdc02 fd004ce52a97444eaaca329ac57bdc02] 199.204.45.3 "GET /v2.0/subnets?id=4b5e758c-5ef6-4306-bd4e-1858e4a1c091 HTTP/1.1" status: 200 len: 829 time: 0.0360291
2026-07-14 11:45:11.990 10 INFO neutron.wsgi [None req-f5b67eb2-652b-4da6-ac49-0f10265de5dd a6462e4ab7474fb194e3af163da51e97 ba33874620e74133965e7da66dfaaa4f - - default default] 10.0.0.24 "GET /v2.0/subnets/091a113e-cfb1-4df1-9cd5-495156b07904/tags HTTP/1.1" status: 200 len: 230 time: 0.0338707
2026-07-14 11:45:12.000 9 INFO neutron.wsgi [req-3752ef10-9753-4cf3-86a2-699ba6f756cb req-808bdc48-4334-4b2b-8a4a-884a5ded1a00 510ec922fc0a4c2daf74f2b7376f9572 007b620f9f02429dbfe1620e7e0729be - - fd004ce52a97444eaaca329ac57bdc02 fd004ce52a97444eaaca329ac57bdc02] 199.204.45.3 "GET /v2.0/ports?network_id=26d50531-2434-4f35-b778-6bd6a04d1b4a&device_owner=network%3Adhcp HTTP/1.1" status: 200 len: 210 time: 0.0236351
2026-07-14 11:45:12.028 10 INFO neutron.wsgi [None req-3ae65810-69ef-475a-9bc0-a1aa12b7e026 a6462e4ab7474fb194e3af163da51e97 ba33874620e74133965e7da66dfaaa4f - - default default] 10.0.0.24 "GET /v2.0/subnets/091a113e-cfb1-4df1-9cd5-495156b07904/tags/red HTTP/1.1" status: 204 len: 168 time: 0.0334513
2026-07-14 11:45:12.060 9 INFO neutron.wsgi [req-3752ef10-9753-4cf3-86a2-699ba6f756cb req-8a388f56-a22b-4076-820e-f25513e4fe60 510ec922fc0a4c2daf74f2b7376f9572 007b620f9f02429dbfe1620e7e0729be - - fd004ce52a97444eaaca329ac57bdc02 fd004ce52a97444eaaca329ac57bdc02] 199.204.45.3 "GET /v2.0/networks/26d50531-2434-4f35-b778-6bd6a04d1b4a?fields=segments HTTP/1.1" status: 200 len: 212 time: 0.0527492
2026-07-14 11:45:12.072 10 INFO neutron.api.v2.resource [None req-964ff32e-e9d9-482e-a83b-2bde4eb118fd a6462e4ab7474fb194e3af163da51e97 ba33874620e74133965e7da66dfaaa4f - - default default] show failed (client error): The resource could not be found.
2026-07-14 11:45:12.074 10 INFO neutron.wsgi [None req-964ff32e-e9d9-482e-a83b-2bde4eb118fd a6462e4ab7474fb194e3af163da51e97 ba33874620e74133965e7da66dfaaa4f - - default default] 10.0.0.24 "GET /v2.0/subnets/091a113e-cfb1-4df1-9cd5-495156b07904/tags/green HTTP/1.1" status: 404 len: 299 time: 0.0414469
2026-07-14 11:45:12.122 10 INFO neutron.wsgi [None req-f94afc6e-bcee-47de-ac22-e9412b1ad0df a6462e4ab7474fb194e3af163da51e97 ba33874620e74133965e7da66dfaaa4f - - default default] 10.0.0.24 "DELETE /v2.0/subnets/091a113e-cfb1-4df1-9cd5-495156b07904/tags/red HTTP/1.1" status: 204 len: 168 time: 0.0434401
2026-07-14 11:45:12.141 9 INFO neutron.wsgi [req-3752ef10-9753-4cf3-86a2-699ba6f756cb req-58119419-17dc-47be-8dc4-66a7096c0ef5 510ec922fc0a4c2daf74f2b7376f9572 007b620f9f02429dbfe1620e7e0729be - - fd004ce52a97444eaaca329ac57bdc02 fd004ce52a97444eaaca329ac57bdc02] 199.204.45.3 "GET /v2.0/networks/26d50531-2434-4f35-b778-6bd6a04d1b4a?fields=provider%3Aphysical_network&fields=provider%3Anetwork_type HTTP/1.1" status: 200 len: 277 time: 0.0743728
2026-07-14 11:45:12.167 10 INFO neutron.wsgi [None req-d9ac7854-3451-42e3-8f10-616b67fc6700 e820eb7e754441859d3dfd86f088be9c 5d80ea2504e6400d9538295a00471c07 - - default default] 199.204.45.3 "GET /v2.0/ports?device_id=37d73e3b-b67e-4f05-a44e-c4ced0c569ca HTTP/1.1" status: 200 len: 3926 time: 0.0407636
2026-07-14 11:45:12.171 9 INFO neutron.wsgi [req-3752ef10-9753-4cf3-86a2-699ba6f756cb req-5284d230-f912-40c0-b7a0-5752acb24c29 510ec922fc0a4c2daf74f2b7376f9572 007b620f9f02429dbfe1620e7e0729be - - fd004ce52a97444eaaca329ac57bdc02 fd004ce52a97444eaaca329ac57bdc02] 199.204.45.3 "GET /v2.0/floatingips?fixed_ip_address=10.1.1.136&port_id=059ea9b8-0dde-43f0-ad3c-32f3d1c53101 HTTP/1.1" status: 200 len: 217 time: 0.0230455
2026-07-14 11:45:12.188 9 INFO neutron.wsgi [None req-fea33bff-8e7a-469d-a191-beb4cd2c96cb a6462e4ab7474fb194e3af163da51e97 ba33874620e74133965e7da66dfaaa4f - - default default] 10.0.0.24 "GET /v2.0/subnets/091a113e-cfb1-4df1-9cd5-495156b07904/tags HTTP/1.1" status: 200 len: 223 time: 0.0611231
2026-07-14 11:45:12.190 10 INFO neutron.pecan_wsgi.hooks.translation [None req-443e4b62-8b8e-4d35-bf67-bbde388cc435 e820eb7e754441859d3dfd86f088be9c 5d80ea2504e6400d9538295a00471c07 - - default default] DELETE failed (client error): The resource could not be found.
2026-07-14 11:45:12.192 10 INFO neutron.wsgi [None req-443e4b62-8b8e-4d35-bf67-bbde388cc435 e820eb7e754441859d3dfd86f088be9c 5d80ea2504e6400d9538295a00471c07 - - default default] 199.204.45.3 "DELETE /v2.0/ports/182ae2ec-3c70-46c7-bd78-7061a9937d49 HTTP/1.1" status: 404 len: 338 time: 0.0204909
2026-07-14 11:45:12.211 9 INFO neutron.wsgi [req-3752ef10-9753-4cf3-86a2-699ba6f756cb req-988c3309-b47f-49d9-bb33-44552aeb78b5 510ec922fc0a4c2daf74f2b7376f9572 007b620f9f02429dbfe1620e7e0729be - - fd004ce52a97444eaaca329ac57bdc02 fd004ce52a97444eaaca329ac57bdc02] 199.204.45.3 "GET /v2.0/subnets?id=4b0b37bf-5fbb-4c5f-866f-5672f67453e2 HTTP/1.1" status: 200 len: 854 time: 0.0330660
2026-07-14 11:45:12.227 10 INFO neutron.api.v2.resource [None req-6980ef0f-dde8-4f67-8009-d05369aba680 a6462e4ab7474fb194e3af163da51e97 ba33874620e74133965e7da66dfaaa4f - - default default] delete failed (client error): The resource could not be found.
2026-07-14 11:45:12.228 10 INFO neutron.wsgi [None req-6980ef0f-dde8-4f67-8009-d05369aba680 a6462e4ab7474fb194e3af163da51e97 ba33874620e74133965e7da66dfaaa4f - - default default] 10.0.0.24 "DELETE /v2.0/subnets/091a113e-cfb1-4df1-9cd5-495156b07904/tags/green HTTP/1.1" status: 404 len: 299 time: 0.0339749
2026-07-14 11:45:12.238 9 INFO neutron.wsgi [req-3752ef10-9753-4cf3-86a2-699ba6f756cb req-45e15508-57be-4639-a940-948be91cdfb6 510ec922fc0a4c2daf74f2b7376f9572 007b620f9f02429dbfe1620e7e0729be - - fd004ce52a97444eaaca329ac57bdc02 fd004ce52a97444eaaca329ac57bdc02] 199.204.45.3 "GET /v2.0/ports?network_id=63f4ea5f-e9ed-4d41-91a0-b93707f53ab3&device_owner=network%3Adhcp HTTP/1.1" status: 200 len: 210 time: 0.0198634
2026-07-14 11:45:12.270 10 INFO neutron.wsgi [None req-e7117ee9-2e7d-4751-8b98-9c1a2c409244 e820eb7e754441859d3dfd86f088be9c 5d80ea2504e6400d9538295a00471c07 - - default default] 199.204.45.3 "GET /v2.0/extensions/security-group HTTP/1.1" status: 200 len: 369 time: 0.0055709
2026-07-14 11:45:12.278 10 INFO neutron.wsgi [None req-addc01c8-5417-4cc8-a2b3-3c3aefaee40a e820eb7e754441859d3dfd86f088be9c 5d80ea2504e6400d9538295a00471c07 - - default default] 199.204.45.3 "GET /v2.0/extensions/dns-integration HTTP/1.1" status: 200 len: 371 time: 0.0043290
2026-07-14 11:45:12.285 10 INFO neutron.wsgi [None req-56240a52-d17d-4a96-8daa-2d2edd272a52 e820eb7e754441859d3dfd86f088be9c 5d80ea2504e6400d9538295a00471c07 - - default default] 199.204.45.3 "GET /v2.0/extensions/qos HTTP/1.1" status: 200 len: 365 time: 0.0031095
2026-07-14 11:45:12.291 10 INFO neutron.wsgi [None req-07a06999-2805-4ea9-a7e0-0880e89eebc9 a6462e4ab7474fb194e3af163da51e97 ba33874620e74133965e7da66dfaaa4f - - default default] 10.0.0.24 "DELETE /v2.0/subnets/091a113e-cfb1-4df1-9cd5-495156b07904/tags HTTP/1.1" status: 204 len: 168 time: 0.0566959
2026-07-14 11:45:12.296 10 INFO neutron.wsgi [None req-2e5dbbf1-023b-45b2-809e-25a81a06afc5 e820eb7e754441859d3dfd86f088be9c 5d80ea2504e6400d9538295a00471c07 - - default default] 199.204.45.3 "GET /v2.0/extensions/allowed-address-pairs HTTP/1.1" status: 200 len: 383 time: 0.0044067
2026-07-14 11:45:12.324 9 INFO neutron.wsgi [req-3752ef10-9753-4cf3-86a2-699ba6f756cb req-b05f4687-90dc-47e9-8dcc-a8260cb0b9bc 510ec922fc0a4c2daf74f2b7376f9572 007b620f9f02429dbfe1620e7e0729be - - fd004ce52a97444eaaca329ac57bdc02 fd004ce52a97444eaaca329ac57bdc02] 199.204.45.3 "GET /v2.0/networks/63f4ea5f-e9ed-4d41-91a0-b93707f53ab3?fields=segments HTTP/1.1" status: 200 len: 212 time: 0.0793915
2026-07-14 11:45:12.348 10 INFO neutron.wsgi [None req-9338fe02-ec40-4d97-8e9f-63348cb51f17 a6462e4ab7474fb194e3af163da51e97 ba33874620e74133965e7da66dfaaa4f - - default default] 10.0.0.24 "GET /v2.0/subnets/091a113e-cfb1-4df1-9cd5-495156b07904/tags HTTP/1.1" status: 200 len: 205 time: 0.0477493
2026-07-14 11:45:12.350 10 INFO neutron.wsgi [None req-38b0ea27-b7f5-4d2e-b671-3dc4dca66b86 e820eb7e754441859d3dfd86f088be9c 5d80ea2504e6400d9538295a00471c07 - - default default] 199.204.45.3 "GET /v2.0/subnets/4b0b37bf-5fbb-4c5f-866f-5672f67453e2 HTTP/1.1" status: 200 len: 851 time: 0.0438769
2026-07-14 11:45:12.385 10 INFO neutron.wsgi [None req-25ae6f84-40cf-4386-a2b1-c7f9b3b7ee21 e820eb7e754441859d3dfd86f088be9c 5d80ea2504e6400d9538295a00471c07 - - default default] 199.204.45.3 "GET /v2.0/ports/ebd6e377-420f-4845-acaf-09a01e04f5df HTTP/1.1" status: 200 len: 1340 time: 0.0283732
2026-07-14 11:45:12.439 10 INFO neutron.wsgi [None req-c54fc291-095c-4cd2-8222-6df86aa98767 e820eb7e754441859d3dfd86f088be9c 5d80ea2504e6400d9538295a00471c07 - - default default] 199.204.45.3 "GET /v2.0/ports/059ea9b8-0dde-43f0-ad3c-32f3d1c53101 HTTP/1.1" status: 200 len: 1519 time: 0.0460000
2026-07-14 11:45:12.446 9 INFO neutron.wsgi [req-3752ef10-9753-4cf3-86a2-699ba6f756cb req-f6e5f2a8-2da0-4458-8513-2cf4bbf51027 510ec922fc0a4c2daf74f2b7376f9572 007b620f9f02429dbfe1620e7e0729be - - fd004ce52a97444eaaca329ac57bdc02 fd004ce52a97444eaaca329ac57bdc02] 199.204.45.3 "GET /v2.0/networks/63f4ea5f-e9ed-4d41-91a0-b93707f53ab3?fields=provider%3Aphysical_network&fields=provider%3Anetwork_type HTTP/1.1" status: 200 len: 277 time: 0.1145980
2026-07-14 11:45:12.495 9 INFO neutron.wsgi [req-3752ef10-9753-4cf3-86a2-699ba6f756cb req-d7e1601e-4b1e-4321-9ef8-ed8e70fe8bb6 510ec922fc0a4c2daf74f2b7376f9572 007b620f9f02429dbfe1620e7e0729be - - fd004ce52a97444eaaca329ac57bdc02 fd004ce52a97444eaaca329ac57bdc02] 199.204.45.3 "GET /v2.0/floatingips?fixed_ip_address=10.2.1.120&port_id=dbd56342-f4df-471a-bdba-b1b229dc3037 HTTP/1.1" status: 200 len: 217 time: 0.0385919
2026-07-14 11:45:12.501 10 INFO neutron.wsgi [None req-8a102ff4-5c17-4c4a-bee3-183ad9d7a483 e820eb7e754441859d3dfd86f088be9c 5d80ea2504e6400d9538295a00471c07 - - default default] 199.204.45.3 "GET /v2.0/subnets/4b0b37bf-5fbb-4c5f-866f-5672f67453e2 HTTP/1.1" status: 200 len: 851 time: 0.0548029
2026-07-14 11:45:12.576 9 INFO neutron.wsgi [req-3752ef10-9753-4cf3-86a2-699ba6f756cb req-fae17dea-2613-4d1f-8950-95512d19971f 510ec922fc0a4c2daf74f2b7376f9572 007b620f9f02429dbfe1620e7e0729be - - fd004ce52a97444eaaca329ac57bdc02 fd004ce52a97444eaaca329ac57bdc02] 199.204.45.3 "GET /v2.0/subnets?id=69a996d2-4656-4b76-9810-22ef508e52b1 HTTP/1.1" status: 200 len: 852 time: 0.0739927
2026-07-14 11:45:12.579 10 INFO neutron.wsgi [None req-6be651fd-2ff3-4efa-8c5b-3b0bce7c98e1 e820eb7e754441859d3dfd86f088be9c 5d80ea2504e6400d9538295a00471c07 - - default default] 199.204.45.3 "GET /v2.0/networks/63f4ea5f-e9ed-4d41-91a0-b93707f53ab3 HTTP/1.1" status: 200 len: 1001 time: 0.0706692
2026-07-14 11:45:12.615 10 INFO neutron.wsgi [None req-4ee6fd1c-08f4-40eb-9ea1-779a683828fb e820eb7e754441859d3dfd86f088be9c 5d80ea2504e6400d9538295a00471c07 - - default default] 199.204.45.3 "GET /v2.0/ports/ebd6e377-420f-4845-acaf-09a01e04f5df HTTP/1.1" status: 200 len: 1340 time: 0.0282099
2026-07-14 11:45:12.628 9 INFO neutron.wsgi [req-3752ef10-9753-4cf3-86a2-699ba6f756cb req-a5d28487-f6b2-42b0-b2f7-8be0038fba18 510ec922fc0a4c2daf74f2b7376f9572 007b620f9f02429dbfe1620e7e0729be - - fd004ce52a97444eaaca329ac57bdc02 fd004ce52a97444eaaca329ac57bdc02] 199.204.45.3 "GET /v2.0/ports?network_id=bf57cc14-73f3-434a-80fa-cd845227dca8&device_owner=network%3Adhcp HTTP/1.1" status: 200 len: 210 time: 0.0443003
2026-07-14 11:45:12.666 10 INFO neutron.wsgi [None req-701e9ad9-9ff1-40d7-b7d9-8a17e89956d1 e820eb7e754441859d3dfd86f088be9c 5d80ea2504e6400d9538295a00471c07 - - default default] 199.204.45.3 "GET /v2.0/subnets/4b0b37bf-5fbb-4c5f-866f-5672f67453e2 HTTP/1.1" status: 200 len: 851 time: 0.0456338
2026-07-14 11:45:12.697 9 INFO neutron.wsgi [req-3752ef10-9753-4cf3-86a2-699ba6f756cb req-81d87596-80f5-427a-ba8c-ac7936be70e6 510ec922fc0a4c2daf74f2b7376f9572 007b620f9f02429dbfe1620e7e0729be - - fd004ce52a97444eaaca329ac57bdc02 fd004ce52a97444eaaca329ac57bdc02] 199.204.45.3 "GET /v2.0/networks/bf57cc14-73f3-434a-80fa-cd845227dca8?fields=segments HTTP/1.1" status: 200 len: 212 time: 0.0630188
2026-07-14 11:45:12.756 9 INFO neutron.wsgi [None req-5b039ce6-3031-4e4c-80ad-a08c5ef1e644 a6462e4ab7474fb194e3af163da51e97 ba33874620e74133965e7da66dfaaa4f - - default default] 10.0.0.24 "DELETE /v2.0/subnets/091a113e-cfb1-4df1-9cd5-495156b07904 HTTP/1.1" status: 204 len: 168 time: 0.3859727
2026-07-14 11:45:12.793 9 INFO neutron.wsgi [req-3752ef10-9753-4cf3-86a2-699ba6f756cb req-1091b65d-cb14-40fa-8c09-4a722d4ff176 510ec922fc0a4c2daf74f2b7376f9572 007b620f9f02429dbfe1620e7e0729be - - fd004ce52a97444eaaca329ac57bdc02 fd004ce52a97444eaaca329ac57bdc02] 199.204.45.3 "GET /v2.0/networks/bf57cc14-73f3-434a-80fa-cd845227dca8?fields=provider%3Aphysical_network&fields=provider%3Anetwork_type HTTP/1.1" status: 200 len: 277 time: 0.0888062
2026-07-14 11:45:12.929 10 INFO neutron.notifiers.nova [-] Nova event matching ['req-6cbee273-17d5-4f5a-bb46-509c7f65bcd6'] response: {'server_uuid': '37d73e3b-b67e-4f05-a44e-c4ced0c569ca', 'name': 'network-vif-unplugged', 'status': 'completed', 'tag': '182ae2ec-3c70-46c7-bd78-7061a9937d49', 'code': 200}
2026-07-14 11:45:12.930 10 INFO neutron.notifiers.nova [-] Nova event matching ['req-6cbee273-17d5-4f5a-bb46-509c7f65bcd6'] response: {'server_uuid': '37d73e3b-b67e-4f05-a44e-c4ced0c569ca', 'name': 'network-vif-plugged', 'status': 'completed', 'tag': '182ae2ec-3c70-46c7-bd78-7061a9937d49', 'code': 200}
2026-07-14 11:45:13.158 10 INFO neutron.services.segments.plugin [-] Segment 0fea4974-29a3-40e3-a70f-a033d6f11100 resource provider aggregate not found
2026-07-14 11:45:13.165 10 INFO neutron.services.segments.plugin [-] Segment 0fea4974-29a3-40e3-a70f-a033d6f11100 resource provider aggregate not found
2026-07-14 11:45:13.172 10 INFO neutron.services.segments.plugin [-] Segment 0fea4974-29a3-40e3-a70f-a033d6f11100 resource provider not found; error: Placement Client Error (4xx): {"errors": [{"status": 404, "title": "Not Found", "detail": "The resource could not be found.\n\n No resource provider with uuid 0fea4974-29a3-40e3-a70f-a033d6f11100 found for delete ", "request_id": "req-4e689442-181a-46ea-bf54-b6b9c8e1a046"}]}
2026-07-14 11:45:13.185 10 INFO neutron.services.segments.plugin [-] Segment 0fea4974-29a3-40e3-a70f-a033d6f11100 resource provider not found; error: Placement Client Error (4xx): {"errors": [{"status": 404, "title": "Not Found", "detail": "The resource could not be found.\n\n No resource provider with uuid 0fea4974-29a3-40e3-a70f-a033d6f11100 found for delete ", "request_id": "req-af872b43-6904-451f-91f7-18c4139b7c59"}]}
2026-07-14 11:45:13.204 10 INFO neutron.wsgi [None req-e43fcaca-4ac6-4e16-a81a-570afb642976 a6462e4ab7474fb194e3af163da51e97 ba33874620e74133965e7da66dfaaa4f - - default default] 10.0.0.24 "DELETE /v2.0/networks/e2e0c7df-cec9-4810-b550-458519c132f8 HTTP/1.1" status: 204 len: 168 time: 0.4417853
2026-07-14 11:45:14.140 9 INFO neutron.wsgi [None req-71f8dfb5-bedf-42a5-b207-0ae277bd56e7 e820eb7e754441859d3dfd86f088be9c 5d80ea2504e6400d9538295a00471c07 - - default default] 10.0.0.24 "GET /v2.0/security-groups?tenant_id=ba33874620e74133965e7da66dfaaa4f&name=default HTTP/1.1" status: 200 len: 3000 time: 0.1355267
2026-07-14 11:45:14.389 9 INFO neutron.wsgi [None req-13af0f9c-b5ce-4bf9-bb43-a351e1082429 e820eb7e754441859d3dfd86f088be9c 5d80ea2504e6400d9538295a00471c07 - - default default] 10.0.0.24 "DELETE /v2.0/security-groups/e9a6b3e1-c100-4851-8359-aadf07dc64ad HTTP/1.1" status: 204 len: 168 time: 0.2445557
2026-07-14 11:45:14.617 10 INFO neutron.db.ovn_revision_numbers_db [None req-4ec644c8-8bb1-4c7d-ba51-0334819055e8 e820eb7e754441859d3dfd86f088be9c 5d80ea2504e6400d9538295a00471c07 - - default default] Successfully bumped revision number for resource 93a8e09d-83de-4ed6-b6b0-26d30f9ff52e (type: security_groups) to 1
2026-07-14 11:45:14.636 10 INFO neutron.db.ovn_revision_numbers_db [None req-4ec644c8-8bb1-4c7d-ba51-0334819055e8 e820eb7e754441859d3dfd86f088be9c 5d80ea2504e6400d9538295a00471c07 - - default default] Successfully bumped revision number for resource 073afaac-9734-4045-b41e-996ba470054d (type: security_group_rules) to 0
2026-07-14 11:45:14.648 10 INFO neutron.db.ovn_revision_numbers_db [None req-4ec644c8-8bb1-4c7d-ba51-0334819055e8 e820eb7e754441859d3dfd86f088be9c 5d80ea2504e6400d9538295a00471c07 - - default default] Successfully bumped revision number for resource 41a655f6-b25e-4b0c-94a1-1c0ab98a9809 (type: security_group_rules) to 0
2026-07-14 11:45:14.661 10 INFO neutron.db.ovn_revision_numbers_db [None req-4ec644c8-8bb1-4c7d-ba51-0334819055e8 e820eb7e754441859d3dfd86f088be9c 5d80ea2504e6400d9538295a00471c07 - - default default] Successfully bumped revision number for resource 4f2d6ab8-137f-42e4-b605-a495c4f8d2d9 (type: security_group_rules) to 0
2026-07-14 11:45:14.674 10 INFO neutron.db.ovn_revision_numbers_db [None req-4ec644c8-8bb1-4c7d-ba51-0334819055e8 e820eb7e754441859d3dfd86f088be9c 5d80ea2504e6400d9538295a00471c07 - - default default] Successfully bumped revision number for resource f8e06f47-901c-42db-b57d-f3ddda2510c2 (type: security_group_rules) to 0
2026-07-14 11:45:14.696 10 INFO neutron.wsgi [None req-4ec644c8-8bb1-4c7d-ba51-0334819055e8 e820eb7e754441859d3dfd86f088be9c 5d80ea2504e6400d9538295a00471c07 - - default default] 10.0.0.24 "GET /v2.0/security-groups?tenant_id=3972f04aa62d48d9abab869fda8a37ab&name=default HTTP/1.1" status: 200 len: 3000 time: 0.1716444
2026-07-14 11:45:14.987 9 INFO neutron.wsgi [req-8f0d7d0d-d1e7-4277-8cdf-9826b3aa4624 req-68cbf1a4-25b7-42e6-9459-76567776b289 510ec922fc0a4c2daf74f2b7376f9572 007b620f9f02429dbfe1620e7e0729be - - fd004ce52a97444eaaca329ac57bdc02 fd004ce52a97444eaaca329ac57bdc02] 199.204.45.3 "GET /v2.0/ports?device_id=197bbaa2-ac4c-4c90-9186-05684ac6f7e3&fields=binding%3Ahost_id&fields=binding%3Avif_type HTTP/1.1" status: 200 len: 265 time: 0.0397315
2026-07-14 11:45:15.042 10 INFO neutron.wsgi [None req-6af7aef9-55b3-4341-a267-9e22446736d3 e820eb7e754441859d3dfd86f088be9c 5d80ea2504e6400d9538295a00471c07 - - default default] 10.0.0.24 "DELETE /v2.0/security-groups/93a8e09d-83de-4ed6-b6b0-26d30f9ff52e HTTP/1.1" status: 204 len: 168 time: 0.3400946
2026-07-14 11:45:15.058 9 INFO neutron.wsgi [req-8f0d7d0d-d1e7-4277-8cdf-9826b3aa4624 req-c4983f46-8f41-4c5f-9756-06fca5993882 510ec922fc0a4c2daf74f2b7376f9572 007b620f9f02429dbfe1620e7e0729be - - fd004ce52a97444eaaca329ac57bdc02 fd004ce52a97444eaaca329ac57bdc02] 199.204.45.3 "GET /v2.0/ports?tenant_id=accad997ad7e4d3aaae920dabe217222&device_id=197bbaa2-ac4c-4c90-9186-05684ac6f7e3 HTTP/1.1" status: 200 len: 1634 time: 0.0357633
2026-07-14 11:45:15.155 9 INFO neutron.wsgi [req-8f0d7d0d-d1e7-4277-8cdf-9826b3aa4624 req-ac9b1e8c-8fa6-4d67-9135-2b8572e4a373 510ec922fc0a4c2daf74f2b7376f9572 007b620f9f02429dbfe1620e7e0729be - - fd004ce52a97444eaaca329ac57bdc02 fd004ce52a97444eaaca329ac57bdc02] 199.204.45.3 "GET /v2.0/networks?id=bf57cc14-73f3-434a-80fa-cd845227dca8 HTTP/1.1" status: 200 len: 1002 time: 0.0797727
2026-07-14 11:45:15.213 9 INFO neutron.wsgi [req-8f0d7d0d-d1e7-4277-8cdf-9826b3aa4624 req-e95f65da-448d-45c9-a2da-409996a1e9e8 510ec922fc0a4c2daf74f2b7376f9572 007b620f9f02429dbfe1620e7e0729be - - fd004ce52a97444eaaca329ac57bdc02 fd004ce52a97444eaaca329ac57bdc02] 199.204.45.3 "GET /v2.0/floatingips?fixed_ip_address=10.2.1.99&port_id=64552091-8d4f-4ba2-a0a9-229516fb9974 HTTP/1.1" status: 200 len: 1058 time: 0.0521202
2026-07-14 11:45:15.248 9 INFO neutron.wsgi [req-8f0d7d0d-d1e7-4277-8cdf-9826b3aa4624 req-231cf2c0-991b-4242-aeb4-3748d8b4a5ae 510ec922fc0a4c2daf74f2b7376f9572 007b620f9f02429dbfe1620e7e0729be - - fd004ce52a97444eaaca329ac57bdc02 fd004ce52a97444eaaca329ac57bdc02] 199.204.45.3 "GET /v2.0/floatingips?fixed_ip_address=fd7b%3Af9f7%3Afff%3A4eca%3A%3A3ca&port_id=64552091-8d4f-4ba2-a0a9-229516fb9974 HTTP/1.1" status: 200 len: 217 time: 0.0302124
2026-07-14 11:45:15.342 9 INFO neutron.wsgi [req-8f0d7d0d-d1e7-4277-8cdf-9826b3aa4624 req-fcc4050c-3b77-425a-a1a9-81f4b3bf8fa7 510ec922fc0a4c2daf74f2b7376f9572 007b620f9f02429dbfe1620e7e0729be - - fd004ce52a97444eaaca329ac57bdc02 fd004ce52a97444eaaca329ac57bdc02] 199.204.45.3 "GET /v2.0/subnets?id=69a996d2-4656-4b76-9810-22ef508e52b1&id=b4432d56-9d80-445c-93be-882d80b0f000 HTTP/1.1" status: 200 len: 1563 time: 0.0815129
2026-07-14 11:45:15.374 9 INFO neutron.wsgi [req-8f0d7d0d-d1e7-4277-8cdf-9826b3aa4624 req-08fdc396-e9e7-46f8-90c1-1dfe87b1f3c0 510ec922fc0a4c2daf74f2b7376f9572 007b620f9f02429dbfe1620e7e0729be - - fd004ce52a97444eaaca329ac57bdc02 fd004ce52a97444eaaca329ac57bdc02] 199.204.45.3 "GET /v2.0/ports?network_id=bf57cc14-73f3-434a-80fa-cd845227dca8&device_owner=network%3Adhcp HTTP/1.1" status: 200 len: 210 time: 0.0223653
2026-07-14 11:45:15.403 9 INFO neutron.wsgi [req-8f0d7d0d-d1e7-4277-8cdf-9826b3aa4624 req-341db27d-a1e9-4a50-805b-a12c79b8e5ef 510ec922fc0a4c2daf74f2b7376f9572 007b620f9f02429dbfe1620e7e0729be - - fd004ce52a97444eaaca329ac57bdc02 fd004ce52a97444eaaca329ac57bdc02] 199.204.45.3 "GET /v2.0/ports?network_id=bf57cc14-73f3-434a-80fa-cd845227dca8&device_owner=network%3Adhcp HTTP/1.1" status: 200 len: 210 time: 0.0226741
2026-07-14 11:45:15.485 9 INFO neutron.wsgi [req-8f0d7d0d-d1e7-4277-8cdf-9826b3aa4624 req-04702b69-cdc8-4838-a42c-d27c13bf1aec 510ec922fc0a4c2daf74f2b7376f9572 007b620f9f02429dbfe1620e7e0729be - - fd004ce52a97444eaaca329ac57bdc02 fd004ce52a97444eaaca329ac57bdc02] 199.204.45.3 "GET /v2.0/networks/bf57cc14-73f3-434a-80fa-cd845227dca8?fields=segments HTTP/1.1" status: 200 len: 212 time: 0.0751202
2026-07-14 11:45:15.760 9 INFO neutron.wsgi [None req-bb89e452-d7a1-453a-9dd2-91e0c27088e1 e820eb7e754441859d3dfd86f088be9c 5d80ea2504e6400d9538295a00471c07 - - default default] 199.204.45.3 "GET /v2.0/extensions/security-group HTTP/1.1" status: 200 len: 369 time: 0.0073802
2026-07-14 11:45:15.780 9 INFO neutron.wsgi [None req-60bd7d10-c828-4cd7-b292-aeb4cc9650d1 e820eb7e754441859d3dfd86f088be9c 5d80ea2504e6400d9538295a00471c07 - - default default] 199.204.45.3 "GET /v2.0/extensions/dns-integration HTTP/1.1" status: 200 len: 371 time: 0.0065820
2026-07-14 11:45:15.788 9 INFO neutron.wsgi [None req-59cd638a-f16b-48c5-9357-06530b8ae873 e820eb7e754441859d3dfd86f088be9c 5d80ea2504e6400d9538295a00471c07 - - default default] 199.204.45.3 "GET /v2.0/extensions/qos HTTP/1.1" status: 200 len: 365 time: 0.0037942
2026-07-14 11:45:15.801 9 INFO neutron.wsgi [None req-fa479c35-68fa-4347-a5dc-33d0fb9baf62 e820eb7e754441859d3dfd86f088be9c 5d80ea2504e6400d9538295a00471c07 - - default default] 199.204.45.3 "GET /v2.0/extensions/allowed-address-pairs HTTP/1.1" status: 200 len: 383 time: 0.0060084
2026-07-14 11:45:15.826 9 INFO neutron.wsgi [req-8f0d7d0d-d1e7-4277-8cdf-9826b3aa4624 req-21418204-997c-403c-8e37-06367d10fdac 510ec922fc0a4c2daf74f2b7376f9572 007b620f9f02429dbfe1620e7e0729be - - fd004ce52a97444eaaca329ac57bdc02 fd004ce52a97444eaaca329ac57bdc02] 199.204.45.3 "GET /v2.0/networks/bf57cc14-73f3-434a-80fa-cd845227dca8?fields=provider%3Aphysical_network&fields=provider%3Anetwork_type HTTP/1.1" status: 200 len: 277 time: 0.3326173
2026-07-14 11:45:15.840 9 INFO neutron.wsgi [None req-75aa0d56-7d49-46e8-a682-4948c0457d22 e820eb7e754441859d3dfd86f088be9c 5d80ea2504e6400d9538295a00471c07 - - default default] 199.204.45.3 "GET /v2.0/ports?device_id=37d73e3b-b67e-4f05-a44e-c4ced0c569ca HTTP/1.1" status: 200 len: 3926 time: 0.0314460
2026-07-14 11:45:16.003 9 INFO neutron.wsgi [None req-30de9b3b-835d-4420-9343-6bdc63eaf2b2 e820eb7e754441859d3dfd86f088be9c 5d80ea2504e6400d9538295a00471c07 - - default default] 199.204.45.3 "GET /v2.0/extensions/security-group HTTP/1.1" status: 200 len: 369 time: 0.0066535
2026-07-14 11:45:16.011 9 INFO neutron.wsgi [None req-db428c98-64b2-4d89-80c9-b21f0f7ce4ac e820eb7e754441859d3dfd86f088be9c 5d80ea2504e6400d9538295a00471c07 - - default default] 199.204.45.3 "GET /v2.0/extensions/dns-integration HTTP/1.1" status: 200 len: 371 time: 0.0037644
2026-07-14 11:45:16.021 9 INFO neutron.wsgi [None req-7123e4f4-572c-4e7a-9ff0-22bb65f6b8de e820eb7e754441859d3dfd86f088be9c 5d80ea2504e6400d9538295a00471c07 - - default default] 199.204.45.3 "GET /v2.0/extensions/qos HTTP/1.1" status: 200 len: 365 time: 0.0057645
2026-07-14 11:45:16.031 9 INFO neutron.wsgi [None req-9bc72e24-1c49-45f2-a404-25f139a28a28 e820eb7e754441859d3dfd86f088be9c 5d80ea2504e6400d9538295a00471c07 - - default default] 199.204.45.3 "GET /v2.0/extensions/allowed-address-pairs HTTP/1.1" status: 200 len: 383 time: 0.0051937
2026-07-14 11:45:16.073 9 INFO neutron.wsgi [None req-c08f1f2e-20c1-4355-9df7-02537970933c e820eb7e754441859d3dfd86f088be9c 5d80ea2504e6400d9538295a00471c07 - - default default] 199.204.45.3 "GET /v2.0/ports/dbd56342-f4df-471a-bdba-b1b229dc3037 HTTP/1.1" status: 200 len: 1406 time: 0.0353298
2026-07-14 11:45:16.486 9 INFO neutron.db.ovn_revision_numbers_db [None req-dfc08b9b-1789-4139-870f-64e4c5e95128 e820eb7e754441859d3dfd86f088be9c 5d80ea2504e6400d9538295a00471c07 - - default default] Successfully bumped revision number for resource dbd56342-f4df-471a-bdba-b1b229dc3037 (type: ports) to 6
2026-07-14 11:45:16.498 9 INFO neutron.wsgi [None req-dfc08b9b-1789-4139-870f-64e4c5e95128 e820eb7e754441859d3dfd86f088be9c 5d80ea2504e6400d9538295a00471c07 - - default default] 199.204.45.3 "PUT /v2.0/ports/dbd56342-f4df-471a-bdba-b1b229dc3037 HTTP/1.1" status: 200 len: 1203 time: 0.4208357 /var/lib/openstack/lib/python3.10/site-packages/pycadf/identifier.py:71: UserWarning: Invalid uuid: neutron. To ensure interoperability, identifiers should be a valid uuid. warnings.warn(('Invalid uuid: %s. To ensure interoperability, '
2026-07-14 11:45:16.542 9 INFO neutron.notifiers.nova [-] Nova event matching ['req-fe99d388-af25-40a1-bd28-a40dc578612a'] response: {'name': 'network-changed', 'server_uuid': '37d73e3b-b67e-4f05-a44e-c4ced0c569ca', 'tag': 'dbd56342-f4df-471a-bdba-b1b229dc3037', 'status': 'completed', 'code': 200}
2026-07-14 11:45:16.556 9 INFO neutron.wsgi [None req-0b3cf142-4532-48bc-ae69-655d7d1773ec e820eb7e754441859d3dfd86f088be9c 5d80ea2504e6400d9538295a00471c07 - - default default] 199.204.45.3 "GET /v2.0/networks/bf57cc14-73f3-434a-80fa-cd845227dca8 HTTP/1.1" status: 200 len: 999 time: 0.0489171
2026-07-14 11:45:16.607 9 INFO neutron.wsgi [None req-f17bed70-7974-4357-8aa0-6ff80aa7e6a1 e820eb7e754441859d3dfd86f088be9c 5d80ea2504e6400d9538295a00471c07 - - default default] 199.204.45.3 "GET /v2.0/ports?device_id=37d73e3b-b67e-4f05-a44e-c4ced0c569ca HTTP/1.1" status: 200 len: 3751 time: 0.0437133
2026-07-14 11:45:16.612 9 INFO neutron.wsgi [req-0b8ac5c9-a7c1-4c32-8f24-9d9be0bfe87c req-a5b1db5b-3480-4a6b-a9eb-75f47aa871de 510ec922fc0a4c2daf74f2b7376f9572 007b620f9f02429dbfe1620e7e0729be - - fd004ce52a97444eaaca329ac57bdc02 fd004ce52a97444eaaca329ac57bdc02] 199.204.45.3 "GET /v2.0/ports?tenant_id=5d80ea2504e6400d9538295a00471c07&device_id=37d73e3b-b67e-4f05-a44e-c4ced0c569ca HTTP/1.1" status: 200 len: 3751 time: 0.0407455
2026-07-14 11:45:16.679 9 INFO neutron.wsgi [req-0b8ac5c9-a7c1-4c32-8f24-9d9be0bfe87c req-45cdfbf2-09e7-40bf-af59-a2f8b88f4935 510ec922fc0a4c2daf74f2b7376f9572 007b620f9f02429dbfe1620e7e0729be - - fd004ce52a97444eaaca329ac57bdc02 fd004ce52a97444eaaca329ac57bdc02] 199.204.45.3 "GET /v2.0/networks?id=bf57cc14-73f3-434a-80fa-cd845227dca8 HTTP/1.1" status: 200 len: 1002 time: 0.0574780
2026-07-14 11:45:16.733 9 INFO neutron.wsgi [None req-a87357ab-f60a-42fa-8612-605216d87358 e820eb7e754441859d3dfd86f088be9c 5d80ea2504e6400d9538295a00471c07 - - default default] 199.204.45.3 "GET /v2.0/ports?device_id=37d73e3b-b67e-4f05-a44e-c4ced0c569ca HTTP/1.1" status: 200 len: 3751 time: 0.0497916
2026-07-14 11:45:16.766 9 INFO neutron.wsgi [req-0b8ac5c9-a7c1-4c32-8f24-9d9be0bfe87c req-818a01ae-faa7-48cf-bfc8-34de7ae94338 510ec922fc0a4c2daf74f2b7376f9572 007b620f9f02429dbfe1620e7e0729be - - fd004ce52a97444eaaca329ac57bdc02 fd004ce52a97444eaaca329ac57bdc02] 199.204.45.3 "GET /v2.0/networks/bf57cc14-73f3-434a-80fa-cd845227dca8?fields=segments HTTP/1.1" status: 200 len: 212 time: 0.0577722
2026-07-14 11:45:16.852 9 INFO neutron.wsgi [req-0b8ac5c9-a7c1-4c32-8f24-9d9be0bfe87c req-13006620-9796-4f6e-8b8c-36abd2395699 510ec922fc0a4c2daf74f2b7376f9572 007b620f9f02429dbfe1620e7e0729be - - fd004ce52a97444eaaca329ac57bdc02 fd004ce52a97444eaaca329ac57bdc02] 199.204.45.3 "GET /v2.0/networks/bf57cc14-73f3-434a-80fa-cd845227dca8?fields=provider%3Aphysical_network&fields=provider%3Anetwork_type HTTP/1.1" status: 200 len: 277 time: 0.0791466
2026-07-14 11:45:17.038 9 INFO neutron.plugins.ml2.drivers.ovn.mech_driver.mech_driver [None req-c1242a75-d02a-4fc2-b5c7-5567aded73f5 - - - - - -] OVN reports status down for port: dbd56342-f4df-471a-bdba-b1b229dc3037
2026-07-14 11:45:17.147 9 INFO neutron.wsgi [req-12f056f5-a670-4bb1-8ccb-6a7c2af28c44 req-df456e02-dd0f-4d5d-b602-d01720fe04e9 510ec922fc0a4c2daf74f2b7376f9572 007b620f9f02429dbfe1620e7e0729be - - fd004ce52a97444eaaca329ac57bdc02 fd004ce52a97444eaaca329ac57bdc02] 199.204.45.3 "GET /v2.0/ports/dbd56342-f4df-471a-bdba-b1b229dc3037 HTTP/1.1" status: 200 len: 1231 time: 0.0635338
2026-07-14 11:45:17.396 9 INFO neutron.db.ovn_revision_numbers_db [None req-c1242a75-d02a-4fc2-b5c7-5567aded73f5 - - - - - -] Successfully bumped revision number for resource dbd56342-f4df-471a-bdba-b1b229dc3037 (type: ports) to 7
2026-07-14 11:45:17.432 9 INFO neutron.wsgi [req-12f056f5-a670-4bb1-8ccb-6a7c2af28c44 req-f4d3184d-246b-4bde-828e-65ea16a7a4d1 e820eb7e754441859d3dfd86f088be9c 5d80ea2504e6400d9538295a00471c07 - - default default] 199.204.45.3 "DELETE /v2.0/ports/dbd56342-f4df-471a-bdba-b1b229dc3037 HTTP/1.1" status: 204 len: 173 time: 0.2793503
2026-07-14 11:45:17.529 9 INFO neutron.wsgi [req-12f056f5-a670-4bb1-8ccb-6a7c2af28c44 req-5e650ad4-1840-424c-9f9d-109001ee5738 510ec922fc0a4c2daf74f2b7376f9572 007b620f9f02429dbfe1620e7e0729be - - fd004ce52a97444eaaca329ac57bdc02 fd004ce52a97444eaaca329ac57bdc02] 199.204.45.3 "GET /v2.0/ports?tenant_id=5d80ea2504e6400d9538295a00471c07&device_id=37d73e3b-b67e-4f05-a44e-c4ced0c569ca HTTP/1.1" status: 200 len: 2728 time: 0.0367844
2026-07-14 11:45:17.596 9 INFO neutron.wsgi [req-12f056f5-a670-4bb1-8ccb-6a7c2af28c44 req-f4d3399b-d670-42b6-96e9-5cc8df7f772e 510ec922fc0a4c2daf74f2b7376f9572 007b620f9f02429dbfe1620e7e0729be - - fd004ce52a97444eaaca329ac57bdc02 fd004ce52a97444eaaca329ac57bdc02] 199.204.45.3 "GET /v2.0/networks?id=26d50531-2434-4f35-b778-6bd6a04d1b4a&id=63f4ea5f-e9ed-4d41-91a0-b93707f53ab3&id=bf57cc14-73f3-434a-80fa-cd845227dca8 HTTP/1.1" status: 200 len: 2517 time: 0.0608521
2026-07-14 11:45:17.627 9 INFO neutron.wsgi [req-12f056f5-a670-4bb1-8ccb-6a7c2af28c44 req-7babd72f-22b8-46a6-b318-d2598aae3e4c 510ec922fc0a4c2daf74f2b7376f9572 007b620f9f02429dbfe1620e7e0729be - - fd004ce52a97444eaaca329ac57bdc02 fd004ce52a97444eaaca329ac57bdc02] 199.204.45.3 "GET /v2.0/floatingips?fixed_ip_address=172.24.2.199&port_id=bccd9d62-2962-425e-8339-997261351a3f HTTP/1.1" status: 200 len: 217 time: 0.0237672
2026-07-14 11:45:17.665 9 INFO neutron.wsgi [req-12f056f5-a670-4bb1-8ccb-6a7c2af28c44 req-578369a0-8800-49d0-b7d5-d32cdc29c4f5 510ec922fc0a4c2daf74f2b7376f9572 007b620f9f02429dbfe1620e7e0729be - - fd004ce52a97444eaaca329ac57bdc02 fd004ce52a97444eaaca329ac57bdc02] 199.204.45.3 "GET /v2.0/subnets?id=4b5e758c-5ef6-4306-bd4e-1858e4a1c091 HTTP/1.1" status: 200 len: 829 time: 0.0318494
2026-07-14 11:45:17.689 9 INFO neutron.wsgi [req-12f056f5-a670-4bb1-8ccb-6a7c2af28c44 req-fdca2bf9-fdad-4f6c-a895-c6264ce3019e 510ec922fc0a4c2daf74f2b7376f9572 007b620f9f02429dbfe1620e7e0729be - - fd004ce52a97444eaaca329ac57bdc02 fd004ce52a97444eaaca329ac57bdc02] 199.204.45.3 "GET /v2.0/ports?network_id=26d50531-2434-4f35-b778-6bd6a04d1b4a&device_owner=network%3Adhcp HTTP/1.1" status: 200 len: 210 time: 0.0193670
2026-07-14 11:45:17.768 9 INFO neutron.wsgi [req-12f056f5-a670-4bb1-8ccb-6a7c2af28c44 req-392e0400-0597-4551-9fc0-d15204a401dc 510ec922fc0a4c2daf74f2b7376f9572 007b620f9f02429dbfe1620e7e0729be - - fd004ce52a97444eaaca329ac57bdc02 fd004ce52a97444eaaca329ac57bdc02] 199.204.45.3 "GET /v2.0/networks/26d50531-2434-4f35-b778-6bd6a04d1b4a?fields=segments HTTP/1.1" status: 200 len: 212 time: 0.0724964
2026-07-14 11:45:17.773 9 INFO neutron.wsgi [None req-12e2d964-0a09-4e28-bd37-2e263eb86928 e820eb7e754441859d3dfd86f088be9c 5d80ea2504e6400d9538295a00471c07 - - default default] 199.204.45.3 "GET /v2.0/ports?device_id=37d73e3b-b67e-4f05-a44e-c4ced0c569ca HTTP/1.1" status: 200 len: 2728 time: 0.0320756
2026-07-14 11:45:17.798 9 INFO neutron.pecan_wsgi.hooks.translation [None req-b1cef96d-2d5c-4138-8477-05404e37e682 e820eb7e754441859d3dfd86f088be9c 5d80ea2504e6400d9538295a00471c07 - - default default] DELETE failed (client error): The resource could not be found.
2026-07-14 11:45:17.800 9 INFO neutron.wsgi [None req-b1cef96d-2d5c-4138-8477-05404e37e682 e820eb7e754441859d3dfd86f088be9c 5d80ea2504e6400d9538295a00471c07 - - default default] 199.204.45.3 "DELETE /v2.0/ports/dbd56342-f4df-471a-bdba-b1b229dc3037 HTTP/1.1" status: 404 len: 338 time: 0.0192189
2026-07-14 11:45:17.841 9 INFO neutron.wsgi [req-12f056f5-a670-4bb1-8ccb-6a7c2af28c44 req-d1eceac3-f03d-4d4b-bf5f-e57126ac4500 510ec922fc0a4c2daf74f2b7376f9572 007b620f9f02429dbfe1620e7e0729be - - fd004ce52a97444eaaca329ac57bdc02 fd004ce52a97444eaaca329ac57bdc02] 199.204.45.3 "GET /v2.0/networks/26d50531-2434-4f35-b778-6bd6a04d1b4a?fields=provider%3Aphysical_network&fields=provider%3Anetwork_type HTTP/1.1" status: 200 len: 277 time: 0.0662692
2026-07-14 11:45:17.874 9 INFO neutron.wsgi [None req-35fd9850-8a90-436f-a037-9173c6a653f7 e820eb7e754441859d3dfd86f088be9c 5d80ea2504e6400d9538295a00471c07 - - default default] 199.204.45.3 "GET /v2.0/extensions/security-group HTTP/1.1" status: 200 len: 369 time: 0.0033908
2026-07-14 11:45:17.876 9 INFO neutron.wsgi [req-12f056f5-a670-4bb1-8ccb-6a7c2af28c44 req-c55a4374-42d1-4167-8a98-57e2d05fca7e 510ec922fc0a4c2daf74f2b7376f9572 007b620f9f02429dbfe1620e7e0729be - - fd004ce52a97444eaaca329ac57bdc02 fd004ce52a97444eaaca329ac57bdc02] 199.204.45.3 "GET /v2.0/floatingips?fixed_ip_address=10.1.1.136&port_id=059ea9b8-0dde-43f0-ad3c-32f3d1c53101 HTTP/1.1" status: 200 len: 217 time: 0.0259006
2026-07-14 11:45:17.881 9 INFO neutron.wsgi [None req-f0f04343-87b9-4c48-8908-1f625beb3028 e820eb7e754441859d3dfd86f088be9c 5d80ea2504e6400d9538295a00471c07 - - default default] 199.204.45.3 "GET /v2.0/extensions/dns-integration HTTP/1.1" status: 200 len: 371 time: 0.0030816
2026-07-14 11:45:17.892 9 INFO neutron.wsgi [None req-90ac93cd-5b89-430a-b4eb-9f4b07e2b8e0 e820eb7e754441859d3dfd86f088be9c 5d80ea2504e6400d9538295a00471c07 - - default default] 199.204.45.3 "GET /v2.0/extensions/qos HTTP/1.1" status: 200 len: 365 time: 0.0062044
2026-07-14 11:45:17.901 9 INFO neutron.wsgi [None req-c8799bc3-0056-449b-b64d-3d73cfe298a5 e820eb7e754441859d3dfd86f088be9c 5d80ea2504e6400d9538295a00471c07 - - default default] 199.204.45.3 "GET /v2.0/extensions/allowed-address-pairs HTTP/1.1" status: 200 len: 383 time: 0.0034411
2026-07-14 11:45:17.932 9 INFO neutron.wsgi [req-12f056f5-a670-4bb1-8ccb-6a7c2af28c44 req-159a83fb-9e8d-4b4f-9d76-c1555d48b02a 510ec922fc0a4c2daf74f2b7376f9572 007b620f9f02429dbfe1620e7e0729be - - fd004ce52a97444eaaca329ac57bdc02 fd004ce52a97444eaaca329ac57bdc02] 199.204.45.3 "GET /v2.0/subnets?id=4b0b37bf-5fbb-4c5f-866f-5672f67453e2 HTTP/1.1" status: 200 len: 854 time: 0.0468576
2026-07-14 11:45:17.951 9 INFO neutron.wsgi [None req-a5fd4048-9d88-4564-88dd-ffb1acf2790a e820eb7e754441859d3dfd86f088be9c 5d80ea2504e6400d9538295a00471c07 - - default default] 199.204.45.3 "GET /v2.0/subnets/4b0b37bf-5fbb-4c5f-866f-5672f67453e2 HTTP/1.1" status: 200 len: 851 time: 0.0421891
