2026-07-14 11:44:05.417 10 INFO neutron.wsgi [None req-df8009e6-c324-4692-b848-3c219e62c859 b3b99b88ccd84a53a9b3c873e5de709b b225a285a185433ba92bd0a7718f2f5c - - default default] 10.0.0.24 "PUT /v2.0/routers/aa9478ff-841e-4b40-ab74-1f42e286fac5/remove_router_interface HTTP/1.1" status: 200 len: 503 time: 0.6418130 /var/lib/openstack/lib/python3.10/site-packages/pycadf/identifier.py:71: UserWarning: Invalid uuid: neutron. To ensure interoperability, identifiers should be a valid uuid. warnings.warn(('Invalid uuid: %s. To ensure interoperability, '
2026-07-14 11:44:05.501 10 INFO neutron.api.v2.resource [None req-cbac1534-67bc-40f9-9505-5a8e441f9031 b3b99b88ccd84a53a9b3c873e5de709b b225a285a185433ba92bd0a7718f2f5c - - default default] remove_router_interface failed (client error): The resource could not be found.
2026-07-14 11:44:05.502 10 INFO neutron.wsgi [None req-cbac1534-67bc-40f9-9505-5a8e441f9031 b3b99b88ccd84a53a9b3c873e5de709b b225a285a185433ba92bd0a7718f2f5c - - default default] 10.0.0.24 "PUT /v2.0/routers/aa9478ff-841e-4b40-ab74-1f42e286fac5/remove_router_interface HTTP/1.1" status: 404 len: 398 time: 0.0813110
2026-07-14 11:44:05.533 10 INFO neutron.wsgi [None req-6975985d-72af-40ee-ae31-23e5ad3ad5dc b3b99b88ccd84a53a9b3c873e5de709b b225a285a185433ba92bd0a7718f2f5c - - default default] 10.0.0.24 "GET /v2.0/ports?device_id=aa9478ff-841e-4b40-ab74-1f42e286fac5 HTTP/1.1" status: 200 len: 205 time: 0.0247917
2026-07-14 11:44:05.690 9 INFO neutron.wsgi [None req-3921f49e-833a-46ff-8651-f18f43a1b3c3 ef7bbffff44048a3843776e2288818ec 4cb897cf6a5346b4a70af68450779a93 - - default default] 10.0.0.24 "POST /v2.0/subnetpools HTTP/1.1" status: 201 len: 715 time: 0.2278337
2026-07-14 11:44:05.743 9 INFO neutron.wsgi [None req-2420204f-ba20-4fa4-95e8-9045d744c0f6 ef7bbffff44048a3843776e2288818ec 4cb897cf6a5346b4a70af68450779a93 - - default default] 10.0.0.24 "PUT /v2.0/subnetpools/05894911-d047-4ca4-a04e-945e4ce82f01/tags HTTP/1.1" status: 200 len: 218 time: 0.0424700
2026-07-14 11:44:05.764 9 INFO neutron.wsgi [None req-afd0fe18-c5a7-4bf1-854a-1595c342a9fc ef7bbffff44048a3843776e2288818ec 4cb897cf6a5346b4a70af68450779a93 - - default default] 10.0.0.24 "GET /v2.0/subnetpools/05894911-d047-4ca4-a04e-945e4ce82f01/tags HTTP/1.1" status: 200 len: 218 time: 0.0170753
2026-07-14 11:44:05.795 9 INFO neutron.wsgi [None req-81e95c45-f128-43d5-9063-99a52c7d077b ef7bbffff44048a3843776e2288818ec 4cb897cf6a5346b4a70af68450779a93 - - default default] 10.0.0.24 "PUT /v2.0/subnetpools/05894911-d047-4ca4-a04e-945e4ce82f01/tags/green HTTP/1.1" status: 201 len: 201 time: 0.0283136
2026-07-14 11:44:05.819 9 INFO neutron.wsgi [None req-1f8a64ad-ff5f-48e5-9d61-19aa8ac572c9 ef7bbffff44048a3843776e2288818ec 4cb897cf6a5346b4a70af68450779a93 - - default default] 10.0.0.24 "GET /v2.0/subnetpools/05894911-d047-4ca4-a04e-945e4ce82f01/tags HTTP/1.1" status: 200 len: 227 time: 0.0183923
2026-07-14 11:44:05.843 9 INFO neutron.wsgi [None req-f647ea79-7874-465b-ab37-644314a5ca00 ef7bbffff44048a3843776e2288818ec 4cb897cf6a5346b4a70af68450779a93 - - default default] 10.0.0.24 "PUT /v2.0/subnetpools/05894911-d047-4ca4-a04e-945e4ce82f01/tags/red HTTP/1.1" status: 201 len: 201 time: 0.0193245
2026-07-14 11:44:05.869 9 INFO neutron.wsgi [None req-fe574804-2f2b-4005-abae-bbf850ca12a8 ef7bbffff44048a3843776e2288818ec 4cb897cf6a5346b4a70af68450779a93 - - default default] 10.0.0.24 "GET /v2.0/subnetpools/05894911-d047-4ca4-a04e-945e4ce82f01/tags HTTP/1.1" status: 200 len: 227 time: 0.0224683
2026-07-14 11:44:05.901 9 INFO neutron.wsgi [None req-703f4211-6606-46c8-8e72-8812bb5cd05e ef7bbffff44048a3843776e2288818ec 4cb897cf6a5346b4a70af68450779a93 - - default default] 10.0.0.24 "PUT /v2.0/subnetpools/05894911-d047-4ca4-a04e-945e4ce82f01/tags/black.or.white HTTP/1.1" status: 201 len: 201 time: 0.0261633
2026-07-14 11:44:05.923 9 INFO neutron.wsgi [None req-929c0751-8604-47e5-8d9d-26c6dfc3c555 ef7bbffff44048a3843776e2288818ec 4cb897cf6a5346b4a70af68450779a93 - - default default] 10.0.0.24 "GET /v2.0/subnetpools/05894911-d047-4ca4-a04e-945e4ce82f01/tags HTTP/1.1" status: 200 len: 245 time: 0.0166416
2026-07-14 11:44:05.968 9 INFO neutron.wsgi [None req-52f749e6-fa9b-4fbb-96f9-d3b70ef2a0c1 ef7bbffff44048a3843776e2288818ec 4cb897cf6a5346b4a70af68450779a93 - - default default] 10.0.0.24 "PUT /v2.0/subnetpools/05894911-d047-4ca4-a04e-945e4ce82f01/tags HTTP/1.1" status: 200 len: 230 time: 0.0403445
2026-07-14 11:44:05.991 9 INFO neutron.wsgi [None req-a20badd8-8820-4065-9f0f-890dcad7d63c ef7bbffff44048a3843776e2288818ec 4cb897cf6a5346b4a70af68450779a93 - - default default] 10.0.0.24 "GET /v2.0/subnetpools/05894911-d047-4ca4-a04e-945e4ce82f01/tags HTTP/1.1" status: 200 len: 230 time: 0.0165324
2026-07-14 11:44:06.012 9 INFO neutron.wsgi [None req-93c10c3e-7242-4541-b017-b0f0f17052b5 ef7bbffff44048a3843776e2288818ec 4cb897cf6a5346b4a70af68450779a93 - - default default] 10.0.0.24 "GET /v2.0/subnetpools/05894911-d047-4ca4-a04e-945e4ce82f01/tags/red HTTP/1.1" status: 204 len: 168 time: 0.0161741
2026-07-14 11:44:06.041 9 INFO neutron.api.v2.resource [None req-0a9bdbb3-86a8-4811-9553-b0167bd1049c ef7bbffff44048a3843776e2288818ec 4cb897cf6a5346b4a70af68450779a93 - - default default] show failed (client error): The resource could not be found.
2026-07-14 11:44:06.042 9 INFO neutron.wsgi [None req-0a9bdbb3-86a8-4811-9553-b0167bd1049c ef7bbffff44048a3843776e2288818ec 4cb897cf6a5346b4a70af68450779a93 - - default default] 10.0.0.24 "GET /v2.0/subnetpools/05894911-d047-4ca4-a04e-945e4ce82f01/tags/green HTTP/1.1" status: 404 len: 299 time: 0.0247002
2026-07-14 11:44:06.079 9 INFO neutron.wsgi [None req-d36b0b70-138b-49ae-bcc4-90e99fb0a038 ef7bbffff44048a3843776e2288818ec 4cb897cf6a5346b4a70af68450779a93 - - default default] 10.0.0.24 "DELETE /v2.0/subnetpools/05894911-d047-4ca4-a04e-945e4ce82f01/tags/red HTTP/1.1" status: 204 len: 168 time: 0.0333741
2026-07-14 11:44:06.103 9 INFO neutron.wsgi [None req-02cf930e-cf0f-4808-9fb0-93b638d76909 ef7bbffff44048a3843776e2288818ec 4cb897cf6a5346b4a70af68450779a93 - - default default] 10.0.0.24 "GET /v2.0/subnetpools/05894911-d047-4ca4-a04e-945e4ce82f01/tags HTTP/1.1" status: 200 len: 223 time: 0.0182853
2026-07-14 11:44:06.131 9 INFO neutron.api.v2.resource [None req-57138804-6f22-4607-9240-39f45038ac9c ef7bbffff44048a3843776e2288818ec 4cb897cf6a5346b4a70af68450779a93 - - default default] delete failed (client error): The resource could not be found.
2026-07-14 11:44:06.133 9 INFO neutron.wsgi [None req-57138804-6f22-4607-9240-39f45038ac9c ef7bbffff44048a3843776e2288818ec 4cb897cf6a5346b4a70af68450779a93 - - default default] 10.0.0.24 "DELETE /v2.0/subnetpools/05894911-d047-4ca4-a04e-945e4ce82f01/tags/green HTTP/1.1" status: 404 len: 299 time: 0.0232124
2026-07-14 11:44:06.161 10 INFO neutron.wsgi [None req-962d252d-01bf-4bc7-b03a-b9f89aade83b b3b99b88ccd84a53a9b3c873e5de709b b225a285a185433ba92bd0a7718f2f5c - - default default] 10.0.0.24 "DELETE /v2.0/routers/aa9478ff-841e-4b40-ab74-1f42e286fac5 HTTP/1.1" status: 204 len: 168 time: 0.6240821
2026-07-14 11:44:06.205 9 INFO neutron.wsgi [None req-42d321a0-e317-431f-aeab-cbc3d0a370a5 ef7bbffff44048a3843776e2288818ec 4cb897cf6a5346b4a70af68450779a93 - - default default] 10.0.0.24 "DELETE /v2.0/subnetpools/05894911-d047-4ca4-a04e-945e4ce82f01/tags HTTP/1.1" status: 204 len: 168 time: 0.0685148
2026-07-14 11:44:06.239 9 INFO neutron.wsgi [None req-c0517e2b-9188-4234-83a6-70c1f549557a ef7bbffff44048a3843776e2288818ec 4cb897cf6a5346b4a70af68450779a93 - - default default] 10.0.0.24 "GET /v2.0/subnetpools/05894911-d047-4ca4-a04e-945e4ce82f01/tags HTTP/1.1" status: 200 len: 205 time: 0.0289891
2026-07-14 11:44:06.310 10 INFO neutron.wsgi [None req-3859a3be-9bc6-4cf1-bf1c-faf3caab0ade ef7bbffff44048a3843776e2288818ec 4cb897cf6a5346b4a70af68450779a93 - - default default] 10.0.0.24 "DELETE /v2.0/subnetpools/05894911-d047-4ca4-a04e-945e4ce82f01 HTTP/1.1" status: 204 len: 168 time: 0.0619493
2026-07-14 11:44:06.411 9 INFO neutron.wsgi [None req-c52f28ed-1180-47c0-9d9f-58d54d3febfc b3b99b88ccd84a53a9b3c873e5de709b b225a285a185433ba92bd0a7718f2f5c - - default default] 10.0.0.24 "DELETE /v2.0/subnets/0b18b4e3-4aaf-414f-bfc3-512bda99b79a HTTP/1.1" status: 204 len: 168 time: 0.2406743
2026-07-14 11:44:06.874 9 INFO neutron.services.segments.plugin [-] Segment d8af427d-6703-46ef-a176-24adae96ccfe resource provider aggregate not found
2026-07-14 11:44:06.878 9 INFO neutron.services.segments.plugin [-] Segment d8af427d-6703-46ef-a176-24adae96ccfe resource provider aggregate not found
2026-07-14 11:44:06.891 9 INFO neutron.services.segments.plugin [-] Segment d8af427d-6703-46ef-a176-24adae96ccfe resource provider not found; error: Placement Client Error (4xx): {"errors": [{"status": 404, "title": "Not Found", "detail": "The resource could not be found.\n\n No resource provider with uuid d8af427d-6703-46ef-a176-24adae96ccfe found for delete ", "request_id": "req-60cc7072-cca7-4db9-9c2e-6b3a4d7c19bc"}]}
2026-07-14 11:44:06.892 9 INFO neutron.services.segments.plugin [-] Segment d8af427d-6703-46ef-a176-24adae96ccfe resource provider not found; error: Placement Client Error (4xx): {"errors": [{"status": 404, "title": "Not Found", "detail": "The resource could not be found.\n\n No resource provider with uuid d8af427d-6703-46ef-a176-24adae96ccfe found for delete ", "request_id": "req-e72bc17d-25f1-4d5b-b6fc-151458666c1c"}]}
2026-07-14 11:44:06.941 9 INFO neutron.wsgi [None req-441bdcc8-9aab-410d-99e6-a43fc14c0000 b3b99b88ccd84a53a9b3c873e5de709b b225a285a185433ba92bd0a7718f2f5c - - default default] 10.0.0.24 "DELETE /v2.0/networks/5135b35d-b656-4967-a705-c9925a7b1caa HTTP/1.1" status: 204 len: 168 time: 0.5222442
2026-07-14 11:44:07.031 10 INFO neutron.db.segments_db [None req-f7e2ed64-e893-4eb2-89d8-a84d6893b27f b3b99b88ccd84a53a9b3c873e5de709b b225a285a185433ba92bd0a7718f2f5c - - default default] Added segment f75d50aa-1947-4375-a40c-d326f464fea6 of type geneve for network 9a5d0d20-cc82-48f6-84db-ef8d7336c4f3
2026-07-14 11:44:07.199 10 INFO neutron.db.ovn_revision_numbers_db [None req-f7e2ed64-e893-4eb2-89d8-a84d6893b27f b3b99b88ccd84a53a9b3c873e5de709b b225a285a185433ba92bd0a7718f2f5c - - default default] Successfully bumped revision number for resource 9a5d0d20-cc82-48f6-84db-ef8d7336c4f3 (type: networks) to 1
2026-07-14 11:44:07.390 10 WARNING neutron.scheduler.dhcp_agent_scheduler [None req-f7e2ed64-e893-4eb2-89d8-a84d6893b27f b3b99b88ccd84a53a9b3c873e5de709b b225a285a185433ba92bd0a7718f2f5c - - default default] No more DHCP agents
2026-07-14 11:44:07.396 10 WARNING neutron.api.rpc.agentnotifiers.dhcp_rpc_agent_api [None req-f7e2ed64-e893-4eb2-89d8-a84d6893b27f b3b99b88ccd84a53a9b3c873e5de709b b225a285a185433ba92bd0a7718f2f5c - - default default] Unable to schedule network 9a5d0d20-cc82-48f6-84db-ef8d7336c4f3: no agents available; will retry on subsequent port and subnet creation events.
2026-07-14 11:44:07.421 9 INFO neutron.db.ovn_revision_numbers_db [None req-38ca5604-dfc1-49db-8732-235e18f4f003 e820eb7e754441859d3dfd86f088be9c 5d80ea2504e6400d9538295a00471c07 - - default default] Successfully bumped revision number for resource 6d2cd068-4526-4df7-80b0-678b682b3c56 (type: security_groups) to 1
2026-07-14 11:44:07.440 9 INFO neutron.db.ovn_revision_numbers_db [None req-38ca5604-dfc1-49db-8732-235e18f4f003 e820eb7e754441859d3dfd86f088be9c 5d80ea2504e6400d9538295a00471c07 - - default default] Successfully bumped revision number for resource 1650f9b6-a074-4834-8480-d82c0373a1e3 (type: security_group_rules) to 0
2026-07-14 11:44:07.460 9 INFO neutron.db.ovn_revision_numbers_db [None req-38ca5604-dfc1-49db-8732-235e18f4f003 e820eb7e754441859d3dfd86f088be9c 5d80ea2504e6400d9538295a00471c07 - - default default] Successfully bumped revision number for resource a8534b74-0dcc-42b2-ba51-78984ec692a0 (type: security_group_rules) to 0
2026-07-14 11:44:07.482 9 INFO neutron.db.ovn_revision_numbers_db [None req-38ca5604-dfc1-49db-8732-235e18f4f003 e820eb7e754441859d3dfd86f088be9c 5d80ea2504e6400d9538295a00471c07 - - default default] Successfully bumped revision number for resource bc9c84a4-6358-411c-9f43-b6219f11fd3e (type: security_group_rules) to 0
2026-07-14 11:44:07.502 9 INFO neutron.db.ovn_revision_numbers_db [None req-38ca5604-dfc1-49db-8732-235e18f4f003 e820eb7e754441859d3dfd86f088be9c 5d80ea2504e6400d9538295a00471c07 - - default default] Successfully bumped revision number for resource f433f082-b810-48ac-8832-b6c6c721134e (type: security_group_rules) to 0
2026-07-14 11:44:07.506 10 INFO neutron.db.ovn_revision_numbers_db [None req-f7e2ed64-e893-4eb2-89d8-a84d6893b27f b3b99b88ccd84a53a9b3c873e5de709b b225a285a185433ba92bd0a7718f2f5c - - default default] Successfully bumped revision number for resource 9f1f8ef9-db6b-4d71-8ffe-8ed6392261ba (type: ports) to 1
2026-07-14 11:44:07.529 9 INFO neutron.wsgi [None req-38ca5604-dfc1-49db-8732-235e18f4f003 e820eb7e754441859d3dfd86f088be9c 5d80ea2504e6400d9538295a00471c07 - - default default] 10.0.0.24 "GET /v2.0/security-groups?tenant_id=e7c812bbe28745c99b2d30364db54536&name=default HTTP/1.1" status: 200 len: 2996 time: 0.3491902
2026-07-14 11:44:07.538 10 INFO neutron.wsgi [None req-f7e2ed64-e893-4eb2-89d8-a84d6893b27f b3b99b88ccd84a53a9b3c873e5de709b b225a285a185433ba92bd0a7718f2f5c - - default default] 10.0.0.24 "POST /v2.0/networks HTTP/1.1" status: 201 len: 829 time: 0.5903423
2026-07-14 11:44:07.796 9 INFO neutron.wsgi [None req-383a2642-6724-4116-9851-2d4ddfe76125 e820eb7e754441859d3dfd86f088be9c 5d80ea2504e6400d9538295a00471c07 - - default default] 10.0.0.24 "DELETE /v2.0/security-groups/6d2cd068-4526-4df7-80b0-678b682b3c56 HTTP/1.1" status: 204 len: 168 time: 0.2610824
2026-07-14 11:44:07.854 9 INFO neutron.wsgi [req-e4d5d6af-2ce7-4827-bec9-447a92a2e45b req-f512f2bb-400a-4b0d-afc8-c6de3d294533 510ec922fc0a4c2daf74f2b7376f9572 007b620f9f02429dbfe1620e7e0729be - - fd004ce52a97444eaaca329ac57bdc02 fd004ce52a97444eaaca329ac57bdc02] 10.0.0.152 "GET /v2.0/ports?device_id=d83b914f-266d-45f6-9857-c7229791106c HTTP/1.1" status: 200 len: 1409 time: 0.0476010
2026-07-14 11:44:07.874 10 WARNING neutron.scheduler.dhcp_agent_scheduler [None req-d28bb00a-087a-44e3-ada7-7be60858c837 b3b99b88ccd84a53a9b3c873e5de709b b225a285a185433ba92bd0a7718f2f5c - - default default] No more DHCP agents
2026-07-14 11:44:07.876 10 WARNING neutron.api.rpc.agentnotifiers.dhcp_rpc_agent_api [None req-d28bb00a-087a-44e3-ada7-7be60858c837 b3b99b88ccd84a53a9b3c873e5de709b b225a285a185433ba92bd0a7718f2f5c - - default default] Unable to schedule network 9a5d0d20-cc82-48f6-84db-ef8d7336c4f3: no agents available; will retry on subsequent port and subnet creation events.
2026-07-14 11:44:07.907 9 INFO neutron.wsgi [req-e4d5d6af-2ce7-4827-bec9-447a92a2e45b req-b68a14ab-4def-4250-b6c5-d6d4f21160cc 510ec922fc0a4c2daf74f2b7376f9572 007b620f9f02429dbfe1620e7e0729be - - fd004ce52a97444eaaca329ac57bdc02 fd004ce52a97444eaaca329ac57bdc02] 10.0.0.152 "GET /v2.0/security-groups?id=3c7646d6-bed5-46c9-bbc7-db2f9bf27fd7&fields=id&fields=name HTTP/1.1" status: 200 len: 312 time: 0.0460980
2026-07-14 11:44:08.074 9 INFO neutron.db.ovn_revision_numbers_db [None req-ddaf4544-9d61-445b-9ef5-c69c070418f5 e820eb7e754441859d3dfd86f088be9c 5d80ea2504e6400d9538295a00471c07 - - default default] Successfully bumped revision number for resource 4a600762-60f3-4645-9ffc-f37a68c3af2e (type: security_groups) to 1
2026-07-14 11:44:08.107 9 INFO neutron.db.ovn_revision_numbers_db [None req-ddaf4544-9d61-445b-9ef5-c69c070418f5 e820eb7e754441859d3dfd86f088be9c 5d80ea2504e6400d9538295a00471c07 - - default default] Successfully bumped revision number for resource 1910fea5-8032-4ed1-b8f4-7039fccd8c79 (type: security_group_rules) to 0
2026-07-14 11:44:08.128 9 INFO neutron.db.ovn_revision_numbers_db [None req-ddaf4544-9d61-445b-9ef5-c69c070418f5 e820eb7e754441859d3dfd86f088be9c 5d80ea2504e6400d9538295a00471c07 - - default default] Successfully bumped revision number for resource 23e88fe4-006f-4dd2-a164-42c92d955bd0 (type: security_group_rules) to 0
2026-07-14 11:44:08.147 9 INFO neutron.db.ovn_revision_numbers_db [None req-ddaf4544-9d61-445b-9ef5-c69c070418f5 e820eb7e754441859d3dfd86f088be9c 5d80ea2504e6400d9538295a00471c07 - - default default] Successfully bumped revision number for resource 33fb92d3-5d66-4ca4-bae6-0b5d7ca38a5a (type: security_group_rules) to 0
2026-07-14 11:44:08.161 9 INFO neutron.db.ovn_revision_numbers_db [None req-ddaf4544-9d61-445b-9ef5-c69c070418f5 e820eb7e754441859d3dfd86f088be9c 5d80ea2504e6400d9538295a00471c07 - - default default] Successfully bumped revision number for resource cae6977b-ca3f-43aa-8108-21229f883693 (type: security_group_rules) to 0
2026-07-14 11:44:08.187 9 INFO neutron.wsgi [None req-ddaf4544-9d61-445b-9ef5-c69c070418f5 e820eb7e754441859d3dfd86f088be9c 5d80ea2504e6400d9538295a00471c07 - - default default] 10.0.0.24 "GET /v2.0/security-groups?tenant_id=4cb897cf6a5346b4a70af68450779a93&name=default HTTP/1.1" status: 200 len: 2996 time: 0.2362635
2026-07-14 11:44:08.389 10 INFO neutron.db.ovn_revision_numbers_db [None req-d28bb00a-087a-44e3-ada7-7be60858c837 b3b99b88ccd84a53a9b3c873e5de709b b225a285a185433ba92bd0a7718f2f5c - - default default] Successfully bumped revision number for resource 9f1f8ef9-db6b-4d71-8ffe-8ed6392261ba (type: ports) to 2
2026-07-14 11:44:08.410 9 INFO neutron.wsgi [None req-7b312997-8b81-4cc4-a723-6f60d7dba809 e820eb7e754441859d3dfd86f088be9c 5d80ea2504e6400d9538295a00471c07 - - default default] 10.0.0.24 "DELETE /v2.0/security-groups/4a600762-60f3-4645-9ffc-f37a68c3af2e HTTP/1.1" status: 204 len: 168 time: 0.2182078
2026-07-14 11:44:08.440 10 INFO neutron.db.ovn_revision_numbers_db [None req-d28bb00a-087a-44e3-ada7-7be60858c837 b3b99b88ccd84a53a9b3c873e5de709b b225a285a185433ba92bd0a7718f2f5c - - default default] Successfully bumped revision number for resource 7f83397e-d748-4ae7-9ded-284e04f0a1f5 (type: subnets) to 0
2026-07-14 11:44:08.461 10 INFO neutron.wsgi [None req-d28bb00a-087a-44e3-ada7-7be60858c837 b3b99b88ccd84a53a9b3c873e5de709b b225a285a185433ba92bd0a7718f2f5c - - default default] 10.0.0.24 "POST /v2.0/subnets HTTP/1.1" status: 201 len: 801 time: 0.9163463
2026-07-14 11:44:08.489 10 WARNING neutron.plugins.ml2.drivers.ovn.mech_driver.ovsdb.ovn_client [None req-bce252a6-e8d4-4e60-89b6-69e113a9828b - - - - - -] No port found with ID 97009c29-2b55-4d7e-a77b-e682b9f8ce74: RuntimeError: No port found with ID 97009c29-2b55-4d7e-a77b-e682b9f8ce74
2026-07-14 11:44:08.674 9 INFO neutron.db.ovn_revision_numbers_db [None req-761f7e58-0546-4366-80e6-fbdee27acdb1 b3b99b88ccd84a53a9b3c873e5de709b b225a285a185433ba92bd0a7718f2f5c - - default default] Successfully bumped revision number for resource 24c2c04c-fc42-4a25-8e2e-37cc1443a5b1 (type: routers) to 1
2026-07-14 11:44:08.689 9 INFO neutron.wsgi [None req-761f7e58-0546-4366-80e6-fbdee27acdb1 b3b99b88ccd84a53a9b3c873e5de709b b225a285a185433ba92bd0a7718f2f5c - - default default] 10.0.0.24 "POST /v2.0/routers HTTP/1.1" status: 201 len: 686 time: 0.2214551
2026-07-14 11:44:09.116 9 WARNING neutron.scheduler.dhcp_agent_scheduler [None req-69c7ee21-3f00-444d-b524-2492985d9d7a b3b99b88ccd84a53a9b3c873e5de709b b225a285a185433ba92bd0a7718f2f5c - - default default] No more DHCP agents
2026-07-14 11:44:09.117 9 WARNING neutron.api.rpc.agentnotifiers.dhcp_rpc_agent_api [None req-69c7ee21-3f00-444d-b524-2492985d9d7a b3b99b88ccd84a53a9b3c873e5de709b b225a285a185433ba92bd0a7718f2f5c - - default default] Unable to schedule network 9a5d0d20-cc82-48f6-84db-ef8d7336c4f3: no agents available; will retry on subsequent port and subnet creation events.
2026-07-14 11:44:09.280 9 INFO neutron.db.ovn_revision_numbers_db [None req-69c7ee21-3f00-444d-b524-2492985d9d7a b3b99b88ccd84a53a9b3c873e5de709b b225a285a185433ba92bd0a7718f2f5c - - default default] Successfully bumped revision number for resource 798aa56c-78a9-46ff-9021-d4bfda7c88dc (type: ports) to 1
2026-07-14 11:44:09.751 9 INFO neutron.plugins.ml2.drivers.ovn.mech_driver.mech_driver [None req-c1242a75-d02a-4fc2-b5c7-5567aded73f5 - - - - - -] OVN reports status up for port: 798aa56c-78a9-46ff-9021-d4bfda7c88dc
2026-07-14 11:44:09.761 9 INFO neutron.plugins.ml2.plugin [None req-c1242a75-d02a-4fc2-b5c7-5567aded73f5 - - - - - -] Attempt 1 to provision port 798aa56c-78a9-46ff-9021-d4bfda7c88dc
2026-07-14 11:44:09.781 9 INFO neutron.db.ovn_revision_numbers_db [None req-69c7ee21-3f00-444d-b524-2492985d9d7a b3b99b88ccd84a53a9b3c873e5de709b b225a285a185433ba92bd0a7718f2f5c - - default default] Successfully bumped revision number for resource 798aa56c-78a9-46ff-9021-d4bfda7c88dc (type: router_ports) to 1
2026-07-14 11:44:09.990 9 INFO neutron.db.ovn_revision_numbers_db [None req-69c7ee21-3f00-444d-b524-2492985d9d7a b3b99b88ccd84a53a9b3c873e5de709b b225a285a185433ba92bd0a7718f2f5c - - default default] Successfully bumped revision number for resource 798aa56c-78a9-46ff-9021-d4bfda7c88dc (type: ports) to 1
2026-07-14 11:44:10.071 9 WARNING neutron.scheduler.dhcp_agent_scheduler [None req-69c7ee21-3f00-444d-b524-2492985d9d7a b3b99b88ccd84a53a9b3c873e5de709b b225a285a185433ba92bd0a7718f2f5c - - default default] No more DHCP agents
2026-07-14 11:44:10.073 9 WARNING neutron.api.rpc.agentnotifiers.dhcp_rpc_agent_api [None req-69c7ee21-3f00-444d-b524-2492985d9d7a b3b99b88ccd84a53a9b3c873e5de709b b225a285a185433ba92bd0a7718f2f5c - - default default] Unable to schedule network 9a5d0d20-cc82-48f6-84db-ef8d7336c4f3: no agents available; will retry on subsequent port and subnet creation events.
2026-07-14 11:44:10.441 10 INFO neutron.plugins.ml2.drivers.ovn.mech_driver.mech_driver [None req-bce252a6-e8d4-4e60-89b6-69e113a9828b - - - - - -] OVN reports status down for port: 7a6ba34e-d3b0-454f-9acd-6b5fbc3a4771
2026-07-14 11:44:10.541 9 INFO neutron.db.ovn_revision_numbers_db [None req-c1242a75-d02a-4fc2-b5c7-5567aded73f5 - - - - - -] Successfully bumped revision number for resource 798aa56c-78a9-46ff-9021-d4bfda7c88dc (type: ports) to 2
2026-07-14 11:44:10.630 10 INFO neutron.wsgi [req-a7e63cef-99bb-4377-8974-1909090f9b1b req-9bb0c6b0-2d93-43a3-9ea1-e8b71aa4d4c9 74e029b5abf54ee48dc7724da09605d6 a9690140da344901a4bc15c35b39550e - - default default] 10.0.0.47 "GET /v2.0/ports?device_id=d83b914f-266d-45f6-9857-c7229791106c HTTP/1.1" status: 200 len: 1170 time: 0.2128031
2026-07-14 11:44:10.708 10 INFO neutron.wsgi [req-a7e63cef-99bb-4377-8974-1909090f9b1b req-6ea4714f-6483-41e3-9b7f-fa3379e8c116 74e029b5abf54ee48dc7724da09605d6 a9690140da344901a4bc15c35b39550e - - default default] 10.0.0.47 "GET /v2.0/security-groups?id=3c7646d6-bed5-46c9-bbc7-db2f9bf27fd7&fields=id&fields=name HTTP/1.1" status: 200 len: 312 time: 0.0678854
2026-07-14 11:44:10.760 10 INFO neutron.notifiers.nova [-] Nova event matching ['req-06b22e60-bf15-4f4f-bdfe-5e887138d04a'] response: {'server_uuid': 'd83b914f-266d-45f6-9857-c7229791106c', 'name': 'network-vif-unplugged', 'status': 'completed', 'tag': '7a6ba34e-d3b0-454f-9acd-6b5fbc3a4771', 'code': 200}
2026-07-14 11:44:10.808 9 INFO neutron.db.ovn_revision_numbers_db [None req-c1242a75-d02a-4fc2-b5c7-5567aded73f5 - - - - - -] Successfully bumped revision number for resource 798aa56c-78a9-46ff-9021-d4bfda7c88dc (type: router_ports) to 2
2026-07-14 11:44:10.853 9 INFO neutron.db.ovn_revision_numbers_db [None req-69c7ee21-3f00-444d-b524-2492985d9d7a b3b99b88ccd84a53a9b3c873e5de709b b225a285a185433ba92bd0a7718f2f5c - - default default] Successfully bumped revision number for resource 798aa56c-78a9-46ff-9021-d4bfda7c88dc (type: router_ports) to 2
2026-07-14 11:44:10.855 9 INFO neutron.wsgi [None req-69c7ee21-3f00-444d-b524-2492985d9d7a b3b99b88ccd84a53a9b3c873e5de709b b225a285a185433ba92bd0a7718f2f5c - - default default] 10.0.0.24 "PUT /v2.0/routers/24c2c04c-fc42-4a25-8e2e-37cc1443a5b1/add_router_interface HTTP/1.1" status: 200 len: 503 time: 2.1614673
2026-07-14 11:44:10.909 10 INFO neutron.db.ovn_revision_numbers_db [None req-bce252a6-e8d4-4e60-89b6-69e113a9828b - - - - - -] Successfully bumped revision number for resource 7a6ba34e-d3b0-454f-9acd-6b5fbc3a4771 (type: ports) to 5
2026-07-14 11:44:10.916 9 INFO neutron.wsgi [req-b713dbf6-1182-417f-864f-d023dd3dac5f req-be96b9da-0f68-4163-9a58-0360f03b2a2e 74e029b5abf54ee48dc7724da09605d6 a9690140da344901a4bc15c35b39550e - - default default] 199.204.45.3 "GET /v2.0/ports?device_id=d83b914f-266d-45f6-9857-c7229791106c HTTP/1.1" status: 200 len: 1168 time: 0.1699724
2026-07-14 11:44:11.018 9 INFO neutron.wsgi [None req-673e3718-b382-44e1-af1e-12117128efdc b3b99b88ccd84a53a9b3c873e5de709b b225a285a185433ba92bd0a7718f2f5c - - default default] 10.0.0.24 "GET /v2.0/ports/798aa56c-78a9-46ff-9021-d4bfda7c88dc HTTP/1.1" status: 200 len: 1137 time: 0.1422603
2026-07-14 11:44:11.059 9 INFO neutron.wsgi [None req-86359ede-3fe8-4d0d-8347-d6807fd41d5d b3b99b88ccd84a53a9b3c873e5de709b b225a285a185433ba92bd0a7718f2f5c - - default default] 10.0.0.24 "GET /v2.0/ports/798aa56c-78a9-46ff-9021-d4bfda7c88dc HTTP/1.1" status: 200 len: 1137 time: 0.0341406
2026-07-14 11:44:11.405 9 INFO neutron.db.l3_db [req-b713dbf6-1182-417f-864f-d023dd3dac5f req-9ef4ca9d-0e9c-411c-9d5f-16066c0d3941 74e029b5abf54ee48dc7724da09605d6 a9690140da344901a4bc15c35b39550e - - default default] Floating IP 6d510936-b965-456e-8d4c-9e6f02fb1faf disassociated. External IP: 10.96.250.207, port: 7a6ba34e-d3b0-454f-9acd-6b5fbc3a4771.
2026-07-14 11:44:11.642 9 INFO neutron.wsgi [req-b713dbf6-1182-417f-864f-d023dd3dac5f req-9ef4ca9d-0e9c-411c-9d5f-16066c0d3941 74e029b5abf54ee48dc7724da09605d6 a9690140da344901a4bc15c35b39550e - - default default] 199.204.45.3 "DELETE /v2.0/ports/7a6ba34e-d3b0-454f-9acd-6b5fbc3a4771 HTTP/1.1" status: 204 len: 173 time: 0.7190108
2026-07-14 11:44:11.705 9 INFO neutron.notifiers.nova [-] Nova event matching ['req-642e6ef9-2dba-4cd0-9610-fc75e94aebe0'] response: {'server_uuid': 'd83b914f-266d-45f6-9857-c7229791106c', 'name': 'network-vif-deleted', 'tag': '7a6ba34e-d3b0-454f-9acd-6b5fbc3a4771', 'status': 'completed', 'code': 200}
2026-07-14 11:44:11.824 9 INFO neutron.wsgi [req-aad1b1d3-e19f-4412-91af-32217d5eb9a9 req-fd1f6e94-0618-41fb-8292-5fd32c8a821a 74e029b5abf54ee48dc7724da09605d6 a9690140da344901a4bc15c35b39550e - - default default] 10.0.0.47 "GET /v2.0/ports?device_id=d83b914f-266d-45f6-9857-c7229791106c HTTP/1.1" status: 200 len: 210 time: 0.0198278
2026-07-14 11:44:11.925 9 INFO neutron.wsgi [None req-1f2d40e8-a074-4409-994c-7d22a6c6d754 b3b99b88ccd84a53a9b3c873e5de709b b225a285a185433ba92bd0a7718f2f5c - - default default] 10.0.0.24 "PUT /v2.0/routers/24c2c04c-fc42-4a25-8e2e-37cc1443a5b1/remove_router_interface HTTP/1.1" status: 200 len: 503 time: 0.8556676 /var/lib/openstack/lib/python3.10/site-packages/pycadf/identifier.py:71: UserWarning: Invalid uuid: neutron. To ensure interoperability, identifiers should be a valid uuid. warnings.warn(('Invalid uuid: %s. To ensure interoperability, '
2026-07-14 11:44:11.957 9 INFO neutron.wsgi [None req-bcd82305-0554-4fd5-b872-c7ea3b0d31ed b3b99b88ccd84a53a9b3c873e5de709b b225a285a185433ba92bd0a7718f2f5c - - default default] 10.0.0.24 "GET /v2.0/ports?device_id=24c2c04c-fc42-4a25-8e2e-37cc1443a5b1 HTTP/1.1" status: 200 len: 205 time: 0.0240972
2026-07-14 11:44:12.188 9 INFO neutron.wsgi [None req-71b81a9a-ec55-4781-b527-b73af17625c3 b3b99b88ccd84a53a9b3c873e5de709b b225a285a185433ba92bd0a7718f2f5c - - default default] 10.0.0.24 "DELETE /v2.0/routers/24c2c04c-fc42-4a25-8e2e-37cc1443a5b1 HTTP/1.1" status: 204 len: 168 time: 0.2268662
2026-07-14 11:44:12.384 9 INFO neutron.wsgi [None req-0047042f-17e3-4a90-bf9a-6c4f61ec4664 b3b99b88ccd84a53a9b3c873e5de709b b225a285a185433ba92bd0a7718f2f5c - - default default] 10.0.0.24 "DELETE /v2.0/subnets/7f83397e-d748-4ae7-9ded-284e04f0a1f5 HTTP/1.1" status: 204 len: 168 time: 0.1909380 /var/lib/openstack/lib/python3.10/site-packages/pycadf/identifier.py:71: UserWarning: Invalid uuid: neutron. To ensure interoperability, identifiers should be a valid uuid. warnings.warn(('Invalid uuid: %s. To ensure interoperability, '
2026-07-14 11:44:12.570 9 INFO neutron.db.ovn_revision_numbers_db [None req-cb48ac06-b887-421c-826a-2de17c767ce7 aa2039fbd54b4233b3c32fecf9cb544d 55dfc36b48c8429fad2a8c83802338d0 - - default default] Successfully bumped revision number for resource 44f2a3f2-1e88-4ecc-8143-61b2e0ad1e5a (type: security_groups) to 1
2026-07-14 11:44:12.584 9 INFO neutron.db.ovn_revision_numbers_db [None req-cb48ac06-b887-421c-826a-2de17c767ce7 aa2039fbd54b4233b3c32fecf9cb544d 55dfc36b48c8429fad2a8c83802338d0 - - default default] Successfully bumped revision number for resource 3f322e42-3504-4fac-b4e4-d5a79addef77 (type: security_group_rules) to 0
2026-07-14 11:44:12.597 9 INFO neutron.db.ovn_revision_numbers_db [None req-cb48ac06-b887-421c-826a-2de17c767ce7 aa2039fbd54b4233b3c32fecf9cb544d 55dfc36b48c8429fad2a8c83802338d0 - - default default] Successfully bumped revision number for resource 4646e836-741a-4980-af3a-dccb9ba838f8 (type: security_group_rules) to 0
2026-07-14 11:44:12.611 9 INFO neutron.db.ovn_revision_numbers_db [None req-cb48ac06-b887-421c-826a-2de17c767ce7 aa2039fbd54b4233b3c32fecf9cb544d 55dfc36b48c8429fad2a8c83802338d0 - - default default] Successfully bumped revision number for resource 4c8351c9-0f13-4a00-b192-7d62e6d6546f (type: security_group_rules) to 0
2026-07-14 11:44:12.625 9 INFO neutron.db.ovn_revision_numbers_db [None req-cb48ac06-b887-421c-826a-2de17c767ce7 aa2039fbd54b4233b3c32fecf9cb544d 55dfc36b48c8429fad2a8c83802338d0 - - default default] Successfully bumped revision number for resource c893a2e1-95c6-45ba-b915-5d800e624d3e (type: security_group_rules) to 0
2026-07-14 11:44:12.669 9 INFO neutron.db.segments_db [None req-cb48ac06-b887-421c-826a-2de17c767ce7 aa2039fbd54b4233b3c32fecf9cb544d 55dfc36b48c8429fad2a8c83802338d0 - - default default] Added segment 103e9360-c622-4520-8ff9-879f4714713f of type geneve for network 0b402655-8902-4462-9970-a309288f3776
2026-07-14 11:44:12.799 10 INFO neutron.notifiers.nova [-] Nova event matching ['req-6832086d-ba63-459e-bcca-65efc8231f38'] response: {'server_uuid': 'd83b914f-266d-45f6-9857-c7229791106c', 'name': 'network-vif-plugged', 'status': 'completed', 'tag': '7a6ba34e-d3b0-454f-9acd-6b5fbc3a4771', 'code': 200}
2026-07-14 11:44:12.839 9 INFO neutron.db.ovn_revision_numbers_db [None req-cb48ac06-b887-421c-826a-2de17c767ce7 aa2039fbd54b4233b3c32fecf9cb544d 55dfc36b48c8429fad2a8c83802338d0 - - default default] Successfully bumped revision number for resource 0b402655-8902-4462-9970-a309288f3776 (type: networks) to 1
2026-07-14 11:44:12.843 10 INFO neutron.services.segments.plugin [-] Segment f75d50aa-1947-4375-a40c-d326f464fea6 resource provider aggregate not found
2026-07-14 11:44:12.848 10 INFO neutron.services.segments.plugin [-] Segment f75d50aa-1947-4375-a40c-d326f464fea6 resource provider aggregate not found
2026-07-14 11:44:12.863 10 INFO neutron.services.segments.plugin [-] Segment f75d50aa-1947-4375-a40c-d326f464fea6 resource provider not found; error: Placement Client Error (4xx): {"errors": [{"status": 404, "title": "Not Found", "detail": "The resource could not be found.\n\n No resource provider with uuid f75d50aa-1947-4375-a40c-d326f464fea6 found for delete ", "request_id": "req-52ff0ed7-63c0-4a18-a09d-12a1453cd337"}]}
2026-07-14 11:44:12.864 10 INFO neutron.services.segments.plugin [-] Segment f75d50aa-1947-4375-a40c-d326f464fea6 resource provider not found; error: Placement Client Error (4xx): {"errors": [{"status": 404, "title": "Not Found", "detail": "The resource could not be found.\n\n No resource provider with uuid f75d50aa-1947-4375-a40c-d326f464fea6 found for delete ", "request_id": "req-3becfde1-a94c-483d-aecb-04335d3bc673"}]}
2026-07-14 11:44:12.916 10 INFO neutron.wsgi [None req-2c44e146-5171-4401-b20c-718df511716a b3b99b88ccd84a53a9b3c873e5de709b b225a285a185433ba92bd0a7718f2f5c - - default default] 10.0.0.24 "DELETE /v2.0/networks/9a5d0d20-cc82-48f6-84db-ef8d7336c4f3 HTTP/1.1" status: 204 len: 168 time: 0.5263872
2026-07-14 11:44:13.030 9 WARNING neutron.scheduler.dhcp_agent_scheduler [None req-cb48ac06-b887-421c-826a-2de17c767ce7 aa2039fbd54b4233b3c32fecf9cb544d 55dfc36b48c8429fad2a8c83802338d0 - - default default] No more DHCP agents
2026-07-14 11:44:13.033 9 WARNING neutron.api.rpc.agentnotifiers.dhcp_rpc_agent_api [None req-cb48ac06-b887-421c-826a-2de17c767ce7 aa2039fbd54b4233b3c32fecf9cb544d 55dfc36b48c8429fad2a8c83802338d0 - - default default] Unable to schedule network 0b402655-8902-4462-9970-a309288f3776: no agents available; will retry on subsequent port and subnet creation events.
2026-07-14 11:44:13.095 9 INFO neutron.wsgi [None req-d1b4c92a-b7c4-4f60-83b0-3d7390b8e00c 74e029b5abf54ee48dc7724da09605d6 a9690140da344901a4bc15c35b39550e - - default default] 10.0.0.24 "DELETE /v2.0/security-groups/3c7646d6-bed5-46c9-bbc7-db2f9bf27fd7 HTTP/1.1" status: 204 len: 168 time: 0.1962013
2026-07-14 11:44:13.119 9 INFO neutron.db.ovn_revision_numbers_db [None req-cb48ac06-b887-421c-826a-2de17c767ce7 aa2039fbd54b4233b3c32fecf9cb544d 55dfc36b48c8429fad2a8c83802338d0 - - default default] Successfully bumped revision number for resource 0c61a6a6-2b73-4be3-9612-f1bb78231afb (type: ports) to 1
2026-07-14 11:44:13.161 9 INFO neutron.wsgi [None req-cb48ac06-b887-421c-826a-2de17c767ce7 aa2039fbd54b4233b3c32fecf9cb544d 55dfc36b48c8429fad2a8c83802338d0 - - default default] 10.0.0.24 "POST /v2.0/networks HTTP/1.1" status: 201 len: 831 time: 0.9110470
2026-07-14 11:44:13.310 10 INFO neutron.db.segments_db [None req-1cc3caf9-b2d5-4b60-9af1-920b713214dd aa2039fbd54b4233b3c32fecf9cb544d 55dfc36b48c8429fad2a8c83802338d0 - - default default] Added segment 5d4e7ddc-3898-476b-86d0-d8fa71e64799 of type geneve for network ffa51797-007a-4040-b880-acfedb7a4006
2026-07-14 11:44:13.464 9 INFO neutron.wsgi [None req-96748081-723e-4db2-a176-679e2c477384 74e029b5abf54ee48dc7724da09605d6 a9690140da344901a4bc15c35b39550e - - default default] 10.0.0.24 "DELETE /v2.0/floatingips/6d510936-b965-456e-8d4c-9e6f02fb1faf HTTP/1.1" status: 204 len: 168 time: 0.3373711
2026-07-14 11:44:13.557 10 INFO neutron.db.ovn_revision_numbers_db [None req-1cc3caf9-b2d5-4b60-9af1-920b713214dd aa2039fbd54b4233b3c32fecf9cb544d 55dfc36b48c8429fad2a8c83802338d0 - - default default] Successfully bumped revision number for resource ffa51797-007a-4040-b880-acfedb7a4006 (type: networks) to 1
2026-07-14 11:44:13.605 10 WARNING neutron.scheduler.dhcp_agent_scheduler [None req-935a647c-2e17-4437-be35-aef5cac36783 b3b99b88ccd84a53a9b3c873e5de709b b225a285a185433ba92bd0a7718f2f5c - - default default] No more DHCP agents
2026-07-14 11:44:13.610 10 WARNING neutron.api.rpc.agentnotifiers.dhcp_rpc_agent_api [None req-935a647c-2e17-4437-be35-aef5cac36783 b3b99b88ccd84a53a9b3c873e5de709b b225a285a185433ba92bd0a7718f2f5c - - default default] Unable to schedule network 91d2a21b-e0ad-496c-85dc-0a4fa055edab: no agents available; will retry on subsequent port and subnet creation events.
2026-07-14 11:44:13.703 10 INFO neutron.plugins.ml2.drivers.ovn.mech_driver.mech_driver [None req-bce252a6-e8d4-4e60-89b6-69e113a9828b - - - - - -] OVN reports status down for port: 26dc1713-a942-486a-899b-7f6c41d5d4b4
2026-07-14 11:44:13.734 10 INFO neutron.wsgi [req-5055489d-b545-46f3-be4e-8be74731e266 req-b2defc68-8e73-477b-9f43-2a14d3f17faa 74e029b5abf54ee48dc7724da09605d6 a9690140da344901a4bc15c35b39550e - - default default] 10.0.0.47 "GET /v2.0/ports?device_id=16982626-ccf3-41fc-9ad9-7802f64fc6be HTTP/1.1" status: 200 len: 1174 time: 0.0766256
2026-07-14 11:44:13.832 10 INFO neutron.wsgi [req-5055489d-b545-46f3-be4e-8be74731e266 req-eedf1cc3-bac0-497e-94c3-442224b625d1 74e029b5abf54ee48dc7724da09605d6 a9690140da344901a4bc15c35b39550e - - default default] 10.0.0.47 "GET /v2.0/security-groups?id=7555ec55-d733-4ccc-83d0-b2201fe7cd27&fields=id&fields=name HTTP/1.1" status: 200 len: 313 time: 0.0872850
2026-07-14 11:44:13.958 10 WARNING neutron.scheduler.dhcp_agent_scheduler [None req-1cc3caf9-b2d5-4b60-9af1-920b713214dd aa2039fbd54b4233b3c32fecf9cb544d 55dfc36b48c8429fad2a8c83802338d0 - - default default] No more DHCP agents
2026-07-14 11:44:13.960 10 INFO neutron.db.ovn_revision_numbers_db [None req-935a647c-2e17-4437-be35-aef5cac36783 b3b99b88ccd84a53a9b3c873e5de709b b225a285a185433ba92bd0a7718f2f5c - - default default] Successfully bumped revision number for resource 8f965979-e10c-4821-936d-f83d17d284bf (type: ports) to 1
2026-07-14 11:44:13.962 10 WARNING neutron.api.rpc.agentnotifiers.dhcp_rpc_agent_api [None req-1cc3caf9-b2d5-4b60-9af1-920b713214dd aa2039fbd54b4233b3c32fecf9cb544d 55dfc36b48c8429fad2a8c83802338d0 - - default default] Unable to schedule network ffa51797-007a-4040-b880-acfedb7a4006: no agents available; will retry on subsequent port and subnet creation events.
2026-07-14 11:44:14.057 9 INFO neutron.wsgi [req-8624cf65-4178-4ded-b58a-037fbe73b479 req-d8c66e1a-2471-4c32-92a4-41822f244b2d 74e029b5abf54ee48dc7724da09605d6 a9690140da344901a4bc15c35b39550e - - default default] 199.204.45.3 "GET /v2.0/ports?device_id=16982626-ccf3-41fc-9ad9-7802f64fc6be HTTP/1.1" status: 200 len: 1172 time: 0.0768673
2026-07-14 11:44:14.117 10 INFO neutron.db.ovn_revision_numbers_db [None req-1cc3caf9-b2d5-4b60-9af1-920b713214dd aa2039fbd54b4233b3c32fecf9cb544d 55dfc36b48c8429fad2a8c83802338d0 - - default default] Successfully bumped revision number for resource ffa14f87-5c1d-4498-b3d6-c48b4ee8d6b5 (type: ports) to 1
2026-07-14 11:44:14.163 10 INFO neutron.wsgi [None req-1cc3caf9-b2d5-4b60-9af1-920b713214dd aa2039fbd54b4233b3c32fecf9cb544d 55dfc36b48c8429fad2a8c83802338d0 - - default default] 10.0.0.24 "POST /v2.0/networks HTTP/1.1" status: 201 len: 831 time: 0.9918442
2026-07-14 11:44:14.248 9 INFO neutron.wsgi [None req-c6817301-1b01-4eca-bf7f-144205907e69 aa2039fbd54b4233b3c32fecf9cb544d 55dfc36b48c8429fad2a8c83802338d0 - - default default] 10.0.0.24 "PUT /v2.0/networks/0b402655-8902-4462-9970-a309288f3776/tags HTTP/1.1" status: 200 len: 218 time: 0.0814583
2026-07-14 11:44:14.562 10 INFO neutron.db.ovn_revision_numbers_db [None req-bce252a6-e8d4-4e60-89b6-69e113a9828b - - - - - -] Successfully bumped revision number for resource 26dc1713-a942-486a-899b-7f6c41d5d4b4 (type: ports) to 5
2026-07-14 11:44:14.588 9 INFO neutron.wsgi [None req-212e00c1-c8da-4ddf-a0e4-ba741a07824a aa2039fbd54b4233b3c32fecf9cb544d 55dfc36b48c8429fad2a8c83802338d0 - - default default] 10.0.0.24 "GET /v2.0/networks/0b402655-8902-4462-9970-a309288f3776/tags HTTP/1.1" status: 200 len: 218 time: 0.3343065
2026-07-14 11:44:14.706 10 INFO neutron.wsgi [None req-c0465e05-c48e-4499-9150-1b21a9c82b02 aa2039fbd54b4233b3c32fecf9cb544d 55dfc36b48c8429fad2a8c83802338d0 - - default default] 10.0.0.24 "PUT /v2.0/networks/ffa51797-007a-4040-b880-acfedb7a4006/tags HTTP/1.1" status: 200 len: 210 time: 0.1112909 /var/lib/openstack/lib/python3.10/site-packages/pycadf/identifier.py:71: UserWarning: Invalid uuid: neutron. To ensure interoperability, identifiers should be a valid uuid. warnings.warn(('Invalid uuid: %s. To ensure interoperability, '
2026-07-14 11:44:14.758 9 INFO neutron.wsgi [req-8624cf65-4178-4ded-b58a-037fbe73b479 req-2d09417e-972c-4f40-b68f-5e9c6a4a7351 74e029b5abf54ee48dc7724da09605d6 a9690140da344901a4bc15c35b39550e - - default default] 199.204.45.3 "DELETE /v2.0/ports/26dc1713-a942-486a-899b-7f6c41d5d4b4 HTTP/1.1" status: 204 len: 173 time: 0.6948268
2026-07-14 11:44:14.779 10 INFO neutron.wsgi [None req-4fa6b644-34d2-4d0c-8a35-f6673b437eff aa2039fbd54b4233b3c32fecf9cb544d 55dfc36b48c8429fad2a8c83802338d0 - - default default] 10.0.0.24 "GET /v2.0/networks/ffa51797-007a-4040-b880-acfedb7a4006/tags HTTP/1.1" status: 200 len: 210 time: 0.0664535
2026-07-14 11:44:14.823 9 INFO neutron.notifiers.nova [-] Nova event matching ['req-7aee5b67-2905-49f5-8927-b1dea970ba52'] response: {'server_uuid': '16982626-ccf3-41fc-9ad9-7802f64fc6be', 'name': 'network-vif-deleted', 'tag': '26dc1713-a942-486a-899b-7f6c41d5d4b4', 'status': 'completed', 'code': 200}
2026-07-14 11:44:14.854 9 INFO neutron.wsgi [None req-403ca0b7-a064-4cfa-a005-a9753e753c3e aa2039fbd54b4233b3c32fecf9cb544d 55dfc36b48c8429fad2a8c83802338d0 - - default default] 10.0.0.24 "PUT /v2.0/networks/ffa51797-007a-4040-b880-acfedb7a4006/tags HTTP/1.1" status: 200 len: 205 time: 0.0689795
2026-07-14 11:44:14.861 10 INFO neutron.notifiers.nova [-] Nova event matching ['req-5c0a254a-2aa6-46df-ace0-cae33cc2700e'] response: {'server_uuid': '16982626-ccf3-41fc-9ad9-7802f64fc6be', 'name': 'network-vif-unplugged', 'status': 'completed', 'tag': '26dc1713-a942-486a-899b-7f6c41d5d4b4', 'code': 200}
2026-07-14 11:44:14.861 10 INFO neutron.notifiers.nova [-] Nova event matching ['req-5c0a254a-2aa6-46df-ace0-cae33cc2700e'] response: {'server_uuid': '16982626-ccf3-41fc-9ad9-7802f64fc6be', 'name': 'network-vif-plugged', 'status': 'completed', 'tag': '26dc1713-a942-486a-899b-7f6c41d5d4b4', 'code': 200}
2026-07-14 11:44:14.901 9 INFO neutron.wsgi [None req-99bb1476-f825-49d5-afd7-7188d3155cb7 aa2039fbd54b4233b3c32fecf9cb544d 55dfc36b48c8429fad2a8c83802338d0 - - default default] 10.0.0.24 "GET /v2.0/networks/ffa51797-007a-4040-b880-acfedb7a4006/tags HTTP/1.1" status: 200 len: 205 time: 0.0375051
2026-07-14 11:44:14.977 9 INFO neutron.wsgi [req-ecdc838f-fac8-46ea-8efe-8aa55f37d055 req-ae0ffeae-6338-4574-a64b-bcc855a313c2 510ec922fc0a4c2daf74f2b7376f9572 007b620f9f02429dbfe1620e7e0729be - - fd004ce52a97444eaaca329ac57bdc02 fd004ce52a97444eaaca329ac57bdc02] 199.204.45.3 "GET /v2.0/ports?device_id=79511d01-c160-43bd-891a-3422c4fb9483&fields=binding%3Ahost_id&fields=binding%3Avif_type HTTP/1.1" status: 200 len: 265 time: 0.0712757
2026-07-14 11:44:14.980 9 INFO neutron.wsgi [req-204e8bb5-0bb0-4c90-b4dc-f04466f9409c req-a74dbc1c-bce6-4a47-8c96-6306c75d39f8 74e029b5abf54ee48dc7724da09605d6 a9690140da344901a4bc15c35b39550e - - default default] 10.0.0.47 "GET /v2.0/ports?device_id=16982626-ccf3-41fc-9ad9-7802f64fc6be HTTP/1.1" status: 200 len: 210 time: 0.0356424
2026-07-14 11:44:14.985 9 INFO neutron.wsgi [None req-e167845c-a484-4273-83e0-3b461b4331df aa2039fbd54b4233b3c32fecf9cb544d 55dfc36b48c8429fad2a8c83802338d0 - - default default] 10.0.0.24 "GET /v2.0/networks/0b402655-8902-4462-9970-a309288f3776/tags HTTP/1.1" status: 200 len: 218 time: 0.0781193
2026-07-14 11:44:15.084 9 INFO neutron.wsgi [req-ecdc838f-fac8-46ea-8efe-8aa55f37d055 req-d8eceeb5-659c-4494-9986-cf02e37319db 510ec922fc0a4c2daf74f2b7376f9572 007b620f9f02429dbfe1620e7e0729be - - fd004ce52a97444eaaca329ac57bdc02 fd004ce52a97444eaaca329ac57bdc02] 199.204.45.3 "GET /v2.0/ports?tenant_id=accad997ad7e4d3aaae920dabe217222&device_id=79511d01-c160-43bd-891a-3422c4fb9483 HTTP/1.1" status: 200 len: 1642 time: 0.0605471
2026-07-14 11:44:15.103 10 INFO neutron.db.ovn_revision_numbers_db [None req-935a647c-2e17-4437-be35-aef5cac36783 b3b99b88ccd84a53a9b3c873e5de709b b225a285a185433ba92bd0a7718f2f5c - - default default] Successfully bumped revision number for resource 8f965979-e10c-4821-936d-f83d17d284bf (type: router_ports) to 1
2026-07-14 11:44:15.166 10 INFO neutron.db.ovn_revision_numbers_db [None req-935a647c-2e17-4437-be35-aef5cac36783 b3b99b88ccd84a53a9b3c873e5de709b b225a285a185433ba92bd0a7718f2f5c - - default default] Successfully bumped revision number for resource db0045cb-c044-4c6c-8a08-976515aa0c3f (type: routers) to 2
2026-07-14 11:44:15.180 10 INFO neutron.wsgi [None req-935a647c-2e17-4437-be35-aef5cac36783 b3b99b88ccd84a53a9b3c873e5de709b b225a285a185433ba92bd0a7718f2f5c - - default default] 10.0.0.24 "POST /v2.0/routers HTTP/1.1" status: 201 len: 868 time: 2.2571933
2026-07-14 11:44:15.202 9 INFO neutron.wsgi [req-ecdc838f-fac8-46ea-8efe-8aa55f37d055 req-e8045bbb-13c7-4dc3-9424-9fff48cf36a7 510ec922fc0a4c2daf74f2b7376f9572 007b620f9f02429dbfe1620e7e0729be - - fd004ce52a97444eaaca329ac57bdc02 fd004ce52a97444eaaca329ac57bdc02] 199.204.45.3 "GET /v2.0/networks?id=52a9edac-555b-4faa-9678-e02cc9bb4cbb HTTP/1.1" status: 200 len: 1002 time: 0.0897601
2026-07-14 11:44:15.255 10 INFO neutron.wsgi [None req-687bae29-d3a2-4efc-af6e-2f9ae4029254 b3b99b88ccd84a53a9b3c873e5de709b b225a285a185433ba92bd0a7718f2f5c - - default default] 10.0.0.24 "GET /v2.0/routers/db0045cb-c044-4c6c-8a08-976515aa0c3f HTTP/1.1" status: 200 len: 869 time: 0.0674162
2026-07-14 11:44:15.269 9 INFO neutron.wsgi [req-ecdc838f-fac8-46ea-8efe-8aa55f37d055 req-8fcf44c5-5dda-48b2-b10f-810989002786 510ec922fc0a4c2daf74f2b7376f9572 007b620f9f02429dbfe1620e7e0729be - - fd004ce52a97444eaaca329ac57bdc02 fd004ce52a97444eaaca329ac57bdc02] 199.204.45.3 "GET /v2.0/floatingips?fixed_ip_address=10.2.2.148&port_id=3722cb71-f0a3-484d-8df6-e6c83e4568b1 HTTP/1.1" status: 200 len: 1059 time: 0.0594819
2026-07-14 11:44:15.298 9 INFO neutron.wsgi [req-ecdc838f-fac8-46ea-8efe-8aa55f37d055 req-b0e388cf-de2c-4314-9117-c5b9d9a6b732 510ec922fc0a4c2daf74f2b7376f9572 007b620f9f02429dbfe1620e7e0729be - - fd004ce52a97444eaaca329ac57bdc02 fd004ce52a97444eaaca329ac57bdc02] 199.204.45.3 "GET /v2.0/floatingips?fixed_ip_address=fd77%3A1457%3A4cf0%3A26a8%3A%3A313&port_id=3722cb71-f0a3-484d-8df6-e6c83e4568b1 HTTP/1.1" status: 200 len: 217 time: 0.0220253
2026-07-14 11:44:15.328 10 INFO neutron.wsgi [None req-608512a3-89ba-40f6-b36f-662ead579d9a b3b99b88ccd84a53a9b3c873e5de709b b225a285a185433ba92bd0a7718f2f5c - - default default] 10.0.0.24 "GET /v2.0/routers HTTP/1.1" status: 200 len: 872 time: 0.0658350
2026-07-14 11:44:15.354 9 INFO neutron.wsgi [req-ecdc838f-fac8-46ea-8efe-8aa55f37d055 req-5547d4bc-5aa3-44e4-a19e-1f22d5a0cfed 510ec922fc0a4c2daf74f2b7376f9572 007b620f9f02429dbfe1620e7e0729be - - fd004ce52a97444eaaca329ac57bdc02 fd004ce52a97444eaaca329ac57bdc02] 199.204.45.3 "GET /v2.0/subnets?id=b62df567-ad57-4309-ad6f-155e4ea1c7f8&id=bd937e3d-5d50-49b1-ac72-67641abcbd04 HTTP/1.1" status: 200 len: 1565 time: 0.0499568
2026-07-14 11:44:15.395 9 INFO neutron.wsgi [req-ecdc838f-fac8-46ea-8efe-8aa55f37d055 req-be28682e-94ea-4e61-861c-70c92aed255a 510ec922fc0a4c2daf74f2b7376f9572 007b620f9f02429dbfe1620e7e0729be - - fd004ce52a97444eaaca329ac57bdc02 fd004ce52a97444eaaca329ac57bdc02] 199.204.45.3 "GET /v2.0/ports?network_id=52a9edac-555b-4faa-9678-e02cc9bb4cbb&device_owner=network%3Adhcp HTTP/1.1" status: 200 len: 210 time: 0.0340686
2026-07-14 11:44:15.447 9 INFO neutron.wsgi [req-ecdc838f-fac8-46ea-8efe-8aa55f37d055 req-dfc4ba63-0505-4384-856e-6310de32fa2e 510ec922fc0a4c2daf74f2b7376f9572 007b620f9f02429dbfe1620e7e0729be - - fd004ce52a97444eaaca329ac57bdc02 fd004ce52a97444eaaca329ac57bdc02] 199.204.45.3 "GET /v2.0/ports?network_id=52a9edac-555b-4faa-9678-e02cc9bb4cbb&device_owner=network%3Adhcp HTTP/1.1" status: 200 len: 210 time: 0.0461917
2026-07-14 11:44:15.563 9 INFO neutron.services.segments.plugin [-] Segment 103e9360-c622-4520-8ff9-879f4714713f resource provider aggregate not found
2026-07-14 11:44:15.570 9 INFO neutron.services.segments.plugin [-] Segment 103e9360-c622-4520-8ff9-879f4714713f resource provider aggregate not found
2026-07-14 11:44:15.590 9 INFO neutron.services.segments.plugin [-] Segment 103e9360-c622-4520-8ff9-879f4714713f resource provider not found; error: Placement Client Error (4xx): {"errors": [{"status": 404, "title": "Not Found", "detail": "The resource could not be found.\n\n No resource provider with uuid 103e9360-c622-4520-8ff9-879f4714713f found for delete ", "request_id": "req-cfc0c82b-fc8d-42b9-9c41-bdf773de3331"}]}
2026-07-14 11:44:15.595 9 INFO neutron.wsgi [req-ecdc838f-fac8-46ea-8efe-8aa55f37d055 req-0d422e86-8c56-4c7f-b236-cbaf84e39ae4 510ec922fc0a4c2daf74f2b7376f9572 007b620f9f02429dbfe1620e7e0729be - - fd004ce52a97444eaaca329ac57bdc02 fd004ce52a97444eaaca329ac57bdc02] 199.204.45.3 "GET /v2.0/networks/52a9edac-555b-4faa-9678-e02cc9bb4cbb?fields=segments HTTP/1.1" status: 200 len: 212 time: 0.1364453
2026-07-14 11:44:15.596 9 INFO neutron.services.segments.plugin [-] Segment 103e9360-c622-4520-8ff9-879f4714713f resource provider not found; error: Placement Client Error (4xx): {"errors": [{"status": 404, "title": "Not Found", "detail": "The resource could not be found.\n\n No resource provider with uuid 103e9360-c622-4520-8ff9-879f4714713f found for delete ", "request_id": "req-cc181512-d023-436d-84c2-39d264bb4170"}]}
2026-07-14 11:44:15.627 9 INFO neutron.wsgi [None req-682a4593-a6d9-4b49-b04b-ba42c7490b35 aa2039fbd54b4233b3c32fecf9cb544d 55dfc36b48c8429fad2a8c83802338d0 - - default default] 10.0.0.24 "DELETE /v2.0/networks/0b402655-8902-4462-9970-a309288f3776 HTTP/1.1" status: 204 len: 168 time: 0.6297414
2026-07-14 11:44:15.671 9 INFO neutron.wsgi [req-ecdc838f-fac8-46ea-8efe-8aa55f37d055 req-6573fe67-dc16-415f-b866-31da8fb03eaa 510ec922fc0a4c2daf74f2b7376f9572 007b620f9f02429dbfe1620e7e0729be - - fd004ce52a97444eaaca329ac57bdc02 fd004ce52a97444eaaca329ac57bdc02] 199.204.45.3 "GET /v2.0/networks/52a9edac-555b-4faa-9678-e02cc9bb4cbb?fields=provider%3Aphysical_network&fields=provider%3Anetwork_type HTTP/1.1" status: 200 len: 277 time: 0.0695474
2026-07-14 11:44:15.826 10 INFO neutron.db.ovn_revision_numbers_db [None req-beea80b5-8399-4499-826c-6c1410b7484b b3b99b88ccd84a53a9b3c873e5de709b b225a285a185433ba92bd0a7718f2f5c - - default default] Successfully bumped revision number for resource db0045cb-c044-4c6c-8a08-976515aa0c3f (type: routers) to 3
2026-07-14 11:44:15.829 10 INFO neutron.wsgi [None req-beea80b5-8399-4499-826c-6c1410b7484b b3b99b88ccd84a53a9b3c873e5de709b b225a285a185433ba92bd0a7718f2f5c - - default default] 10.0.0.24 "PUT /v2.0/routers/db0045cb-c044-4c6c-8a08-976515aa0c3f HTTP/1.1" status: 200 len: 876 time: 0.4967976
2026-07-14 11:44:15.944 10 INFO neutron.wsgi [None req-33bda7aa-5cef-41d9-8b79-a3be7e93217e b3b99b88ccd84a53a9b3c873e5de709b b225a285a185433ba92bd0a7718f2f5c - - default default] 10.0.0.24 "GET /v2.0/routers/db0045cb-c044-4c6c-8a08-976515aa0c3f HTTP/1.1" status: 200 len: 876 time: 0.0991373
