2026-07-14 11:43:04.855 10 INFO neutron.db.l3_db [None req-0812ce76-89e4-40d1-8637-c8ee801db005 0a418eaf640c46418b7dff15bc24f8fd accad997ad7e4d3aaae920dabe217222 - - default default] Floating IP 98117114-a011-439f-b76b-cd53ee0ef45c associated. External IP: 10.96.250.215, port: 64552091-8d4f-4ba2-a0a9-229516fb9974.
2026-07-14 11:43:04.966 9 WARNING neutron.scheduler.dhcp_agent_scheduler [None req-9966d72c-b383-4a1f-a29f-5afbf638a2e0 80b7a62bc43f4e1ea50874561f14ee61 59ab3472c773463d851477bdfb6169a5 - - default default] No more DHCP agents
2026-07-14 11:43:04.970 9 WARNING neutron.api.rpc.agentnotifiers.dhcp_rpc_agent_api [None req-9966d72c-b383-4a1f-a29f-5afbf638a2e0 80b7a62bc43f4e1ea50874561f14ee61 59ab3472c773463d851477bdfb6169a5 - - default default] Unable to schedule network 1884dc42-dadc-4c9a-8ce7-09ada7828efa: no agents available; will retry on subsequent port and subnet creation events.
2026-07-14 11:43:05.055 9 WARNING neutron.scheduler.dhcp_agent_scheduler [None req-331694b6-dec0-4248-af4d-1adfd7c3d432 eb197f428c0247fdb0f0561ac5bab0d8 a9e3249daf864550a3b8ac4f3409fd62 - - default default] No more DHCP agents
2026-07-14 11:43:05.061 10 INFO neutron.db.ovn_revision_numbers_db [None req-0812ce76-89e4-40d1-8637-c8ee801db005 0a418eaf640c46418b7dff15bc24f8fd accad997ad7e4d3aaae920dabe217222 - - default default] Successfully bumped revision number for resource 98117114-a011-439f-b76b-cd53ee0ef45c (type: floatingips) to 0
2026-07-14 11:43:05.063 9 WARNING neutron.api.rpc.agentnotifiers.dhcp_rpc_agent_api [None req-331694b6-dec0-4248-af4d-1adfd7c3d432 eb197f428c0247fdb0f0561ac5bab0d8 a9e3249daf864550a3b8ac4f3409fd62 - - default default] Unable to schedule network 91d2a21b-e0ad-496c-85dc-0a4fa055edab: no agents available; will retry on subsequent port and subnet creation events.
2026-07-14 11:43:05.120 9 INFO neutron.db.ovn_revision_numbers_db [None req-9966d72c-b383-4a1f-a29f-5afbf638a2e0 80b7a62bc43f4e1ea50874561f14ee61 59ab3472c773463d851477bdfb6169a5 - - default default] Successfully bumped revision number for resource cc06b2a0-97eb-40a5-baf6-6714c3834389 (type: ports) to 1
2026-07-14 11:43:05.150 9 INFO neutron.wsgi [None req-9966d72c-b383-4a1f-a29f-5afbf638a2e0 80b7a62bc43f4e1ea50874561f14ee61 59ab3472c773463d851477bdfb6169a5 - - default default] 10.0.0.24 "POST /v2.0/networks HTTP/1.1" status: 201 len: 835 time: 0.9142358 /var/lib/openstack/lib/python3.10/site-packages/pycadf/identifier.py:71: UserWarning: Invalid uuid: neutron. To ensure interoperability, identifiers should be a valid uuid. warnings.warn(('Invalid uuid: %s. To ensure interoperability, '
2026-07-14 11:43:05.187 10 INFO neutron.db.ovn_revision_numbers_db [None req-0812ce76-89e4-40d1-8637-c8ee801db005 0a418eaf640c46418b7dff15bc24f8fd accad997ad7e4d3aaae920dabe217222 - - default default] Successfully bumped revision number for resource 98117114-a011-439f-b76b-cd53ee0ef45c (type: floatingips) to 1
2026-07-14 11:43:05.223 10 INFO neutron.wsgi [None req-0812ce76-89e4-40d1-8637-c8ee801db005 0a418eaf640c46418b7dff15bc24f8fd accad997ad7e4d3aaae920dabe217222 - - default default] 10.0.0.24 "POST /v2.0/floatingips HTTP/1.1" status: 201 len: 1053 time: 1.4124992
2026-07-14 11:43:05.339 10 INFO neutron.wsgi [req-9fee18b6-7a03-4675-a8ed-59a056f6ed9e req-19e15d5a-4990-4e9b-becf-9d391b2262f1 0a418eaf640c46418b7dff15bc24f8fd accad997ad7e4d3aaae920dabe217222 - - default default] 10.0.0.47 "GET /v2.0/security-groups?name=tempest-lb_member_SG-367741515&fields=id&tenant_id=accad997ad7e4d3aaae920dabe217222 HTTP/1.1" status: 200 len: 267 time: 0.0357754
2026-07-14 11:43:05.417 10 INFO neutron.wsgi [req-9fee18b6-7a03-4675-a8ed-59a056f6ed9e req-f2439f18-c036-40d8-8fa0-cb18b155c4ed 0a418eaf640c46418b7dff15bc24f8fd accad997ad7e4d3aaae920dabe217222 - - default default] 10.0.0.47 "GET /v2.0/networks?id=52a9edac-555b-4faa-9678-e02cc9bb4cbb HTTP/1.1" status: 200 len: 903 time: 0.0709639
2026-07-14 11:43:05.438 10 INFO neutron.wsgi [req-9fee18b6-7a03-4675-a8ed-59a056f6ed9e req-2fd866b0-af6f-45d9-931c-41c52380c6aa 0a418eaf640c46418b7dff15bc24f8fd accad997ad7e4d3aaae920dabe217222 - - default default] 10.0.0.47 "GET /v2.0/quotas/accad997ad7e4d3aaae920dabe217222 HTTP/1.1" status: 200 len: 386 time: 0.0122809
2026-07-14 11:43:05.498 9 WARNING neutron.scheduler.dhcp_agent_scheduler [None req-700d87a8-cad5-40e7-bfa1-2cd0e36e65ee 80b7a62bc43f4e1ea50874561f14ee61 59ab3472c773463d851477bdfb6169a5 - - default default] No more DHCP agents
2026-07-14 11:43:05.501 9 WARNING neutron.api.rpc.agentnotifiers.dhcp_rpc_agent_api [None req-700d87a8-cad5-40e7-bfa1-2cd0e36e65ee 80b7a62bc43f4e1ea50874561f14ee61 59ab3472c773463d851477bdfb6169a5 - - default default] Unable to schedule network 1884dc42-dadc-4c9a-8ce7-09ada7828efa: no agents available; will retry on subsequent port and subnet creation events.
2026-07-14 11:43:05.545 9 INFO neutron.db.ovn_revision_numbers_db [None req-331694b6-dec0-4248-af4d-1adfd7c3d432 eb197f428c0247fdb0f0561ac5bab0d8 a9e3249daf864550a3b8ac4f3409fd62 - - default default] Successfully bumped revision number for resource 2f1f8903-3d50-4800-bb19-91da65bd6f32 (type: floatingips) to 0
2026-07-14 11:43:05.552 9 INFO neutron.db.ovn_revision_numbers_db [None req-700d87a8-cad5-40e7-bfa1-2cd0e36e65ee 80b7a62bc43f4e1ea50874561f14ee61 59ab3472c773463d851477bdfb6169a5 - - default default] Successfully bumped revision number for resource 30e43907-d0e2-46b7-9316-caf67dafb561 (type: subnets) to 0
2026-07-14 11:43:05.557 9 INFO neutron.wsgi [None req-331694b6-dec0-4248-af4d-1adfd7c3d432 eb197f428c0247fdb0f0561ac5bab0d8 a9e3249daf864550a3b8ac4f3409fd62 - - default default] 10.0.0.24 "POST /v2.0/floatingips HTTP/1.1" status: 201 len: 751 time: 1.1654174
2026-07-14 11:43:05.586 9 INFO neutron.wsgi [None req-700d87a8-cad5-40e7-bfa1-2cd0e36e65ee 80b7a62bc43f4e1ea50874561f14ee61 59ab3472c773463d851477bdfb6169a5 - - default default] 10.0.0.24 "POST /v2.0/subnets HTTP/1.1" status: 201 len: 821 time: 0.4271209
2026-07-14 11:43:05.592 10 INFO neutron.wsgi [req-9fee18b6-7a03-4675-a8ed-59a056f6ed9e req-b875ae20-63d7-4784-a67b-0b304687305b 0a418eaf640c46418b7dff15bc24f8fd accad997ad7e4d3aaae920dabe217222 - - default default] 10.0.0.47 "GET /v2.0/ports?tenant_id=accad997ad7e4d3aaae920dabe217222&fields=id HTTP/1.1" status: 200 len: 532 time: 0.1470487
2026-07-14 11:43:05.626 9 INFO neutron.wsgi [None req-730d5b29-c0cd-471d-b124-076f62d8122a eb197f428c0247fdb0f0561ac5bab0d8 a9e3249daf864550a3b8ac4f3409fd62 - - default default] 10.0.0.24 "PUT /v2.0/floatingips/bd17ff25-6073-48b5-a7b3-9da59b679793/tags HTTP/1.1" status: 200 len: 210 time: 0.0619593
2026-07-14 11:43:05.674 9 INFO neutron.wsgi [None req-f04780b0-d7c8-4f07-93d4-447d7ecafcea eb197f428c0247fdb0f0561ac5bab0d8 a9e3249daf864550a3b8ac4f3409fd62 - - default default] 10.0.0.24 "PUT /v2.0/floatingips/5e07e8f2-1d63-4ee5-934e-71d7df01ade3/tags HTTP/1.1" status: 200 len: 218 time: 0.0424223
2026-07-14 11:43:05.693 10 INFO neutron.wsgi [req-9fee18b6-7a03-4675-a8ed-59a056f6ed9e req-0e2befe6-f79c-4acb-9ec5-173ad490e313 510ec922fc0a4c2daf74f2b7376f9572 007b620f9f02429dbfe1620e7e0729be - - fd004ce52a97444eaaca329ac57bdc02 fd004ce52a97444eaaca329ac57bdc02] 10.0.0.47 "GET /v2.0/networks/52a9edac-555b-4faa-9678-e02cc9bb4cbb?fields=segments HTTP/1.1" status: 200 len: 212 time: 0.0807021
2026-07-14 11:43:05.729 9 INFO neutron.wsgi [None req-55d82e03-e6fb-4409-8dd6-34314dd84720 eb197f428c0247fdb0f0561ac5bab0d8 a9e3249daf864550a3b8ac4f3409fd62 - - default default] 10.0.0.24 "PUT /v2.0/floatingips/fc91f2da-0324-429a-97eb-8b3f21fd1039/tags HTTP/1.1" status: 200 len: 227 time: 0.0462956
2026-07-14 11:43:05.770 9 INFO neutron.wsgi [None req-7d330170-a432-41e2-aadb-da8b077d514c eb197f428c0247fdb0f0561ac5bab0d8 a9e3249daf864550a3b8ac4f3409fd62 - - default default] 10.0.0.24 "PUT /v2.0/floatingips/f09cd041-393f-456a-863e-75a6dab10d64/tags HTTP/1.1" status: 200 len: 212 time: 0.0331044
2026-07-14 11:43:05.810 10 INFO neutron.wsgi [req-9fee18b6-7a03-4675-a8ed-59a056f6ed9e req-b7276e7f-76bd-4894-9378-6df330b23199 510ec922fc0a4c2daf74f2b7376f9572 007b620f9f02429dbfe1620e7e0729be - - fd004ce52a97444eaaca329ac57bdc02 fd004ce52a97444eaaca329ac57bdc02] 10.0.0.47 "GET /v2.0/networks/52a9edac-555b-4faa-9678-e02cc9bb4cbb?fields=provider%3Aphysical_network&fields=provider%3Anetwork_type HTTP/1.1" status: 200 len: 277 time: 0.1048520
2026-07-14 11:43:05.816 9 INFO neutron.wsgi [None req-b1fb6cd7-3004-443e-a067-6907fc3e1010 eb197f428c0247fdb0f0561ac5bab0d8 a9e3249daf864550a3b8ac4f3409fd62 - - default default] 10.0.0.24 "GET /v2.0/floatingips?tags=red HTTP/1.1" status: 200 len: 1866 time: 0.0393727
2026-07-14 11:43:05.860 9 INFO neutron.wsgi [None req-b87f0d9e-fd87-407d-a3c2-da680667f477 eb197f428c0247fdb0f0561ac5bab0d8 a9e3249daf864550a3b8ac4f3409fd62 - - default default] 10.0.0.24 "GET /v2.0/floatingips?tags=red%2Cblue HTTP/1.1" status: 200 len: 1323 time: 0.0388651
2026-07-14 11:43:05.903 9 INFO neutron.wsgi [None req-521143ce-57ab-41a0-a6c0-e36983a02cd4 eb197f428c0247fdb0f0561ac5bab0d8 a9e3249daf864550a3b8ac4f3409fd62 - - default default] 10.0.0.24 "GET /v2.0/floatingips?tags-any=blue HTTP/1.1" status: 200 len: 1323 time: 0.0386326
2026-07-14 11:43:05.964 10 INFO neutron.wsgi [None req-25de2a17-7284-41cf-84f5-302687f92c7a eb197f428c0247fdb0f0561ac5bab0d8 a9e3249daf864550a3b8ac4f3409fd62 - - default default] 10.0.0.24 "GET /v2.0/floatingips?tags-any=red%2Cblue HTTP/1.1" status: 200 len: 1866 time: 0.0527089
2026-07-14 11:43:05.968 10 INFO neutron.notifiers.nova [-] Nova event matching ['req-5ba2eed4-975c-45b9-9b0a-5437e43f8ad0'] response: {'name': 'network-changed', 'server_uuid': '197bbaa2-ac4c-4c90-9186-05684ac6f7e3', 'tag': '64552091-8d4f-4ba2-a0a9-229516fb9974', 'status': 'completed', 'code': 200}
2026-07-14 11:43:05.991 9 INFO neutron.wsgi [req-244f2bdb-a550-4f57-8c2b-579b05e9cc8b req-35d16a2a-9739-4a81-995d-4912253f4100 0a418eaf640c46418b7dff15bc24f8fd accad997ad7e4d3aaae920dabe217222 - - default default] 10.0.0.47 "GET /v2.0/ports?device_id=79511d01-c160-43bd-891a-3422c4fb9483 HTTP/1.1" status: 200 len: 210 time: 0.0314057
2026-07-14 11:43:06.017 10 WARNING neutron.scheduler.dhcp_agent_scheduler [None req-4a48be87-89a0-4d1b-a613-17672283a7d8 80b7a62bc43f4e1ea50874561f14ee61 59ab3472c773463d851477bdfb6169a5 - - default default] No more DHCP agents
2026-07-14 11:43:06.019 10 WARNING neutron.api.rpc.agentnotifiers.dhcp_rpc_agent_api [None req-4a48be87-89a0-4d1b-a613-17672283a7d8 80b7a62bc43f4e1ea50874561f14ee61 59ab3472c773463d851477bdfb6169a5 - - default default] Unable to schedule network 1884dc42-dadc-4c9a-8ce7-09ada7828efa: no agents available; will retry on subsequent port and subnet creation events.
2026-07-14 11:43:06.043 9 INFO neutron.wsgi [None req-cf873860-2a59-467f-b2ce-08d5e73beb76 eb197f428c0247fdb0f0561ac5bab0d8 a9e3249daf864550a3b8ac4f3409fd62 - - default default] 10.0.0.24 "GET /v2.0/floatingips?not-tags=red HTTP/1.1" status: 200 len: 1295 time: 0.0720811
2026-07-14 11:43:06.070 9 INFO neutron.wsgi [req-c3eb2818-dc5b-497a-aba1-ab81884f80c6 req-a3eb5ffb-07f3-413c-9498-e2d0d9771647 510ec922fc0a4c2daf74f2b7376f9572 007b620f9f02429dbfe1620e7e0729be - - fd004ce52a97444eaaca329ac57bdc02 fd004ce52a97444eaaca329ac57bdc02] 199.204.45.3 "GET /v2.0/ports?tenant_id=accad997ad7e4d3aaae920dabe217222&device_id=197bbaa2-ac4c-4c90-9186-05684ac6f7e3 HTTP/1.1" status: 200 len: 1634 time: 0.0824378
2026-07-14 11:43:06.109 9 INFO neutron.wsgi [None req-6faa5317-9328-4283-853a-b26685cfcece eb197f428c0247fdb0f0561ac5bab0d8 a9e3249daf864550a3b8ac4f3409fd62 - - default default] 10.0.0.24 "GET /v2.0/floatingips?not-tags=red%2Cblue HTTP/1.1" status: 200 len: 1838 time: 0.0587964
2026-07-14 11:43:06.152 10 INFO neutron.wsgi [None req-b34704e8-53d4-42ab-90e0-fb901615e822 eb197f428c0247fdb0f0561ac5bab0d8 a9e3249daf864550a3b8ac4f3409fd62 - - default default] 10.0.0.24 "GET /v2.0/floatingips?not-tags-any=blue HTTP/1.1" status: 200 len: 1838 time: 0.0391979
2026-07-14 11:43:06.153 10 INFO neutron.db.ovn_revision_numbers_db [None req-4a48be87-89a0-4d1b-a613-17672283a7d8 80b7a62bc43f4e1ea50874561f14ee61 59ab3472c773463d851477bdfb6169a5 - - default default] Successfully bumped revision number for resource 0ddb48c4-1c49-47c8-b4dd-4c399092026a (type: ports) to 1
2026-07-14 11:43:06.160 9 INFO neutron.wsgi [req-c3eb2818-dc5b-497a-aba1-ab81884f80c6 req-a784bb3a-71d2-49cb-9997-f37857951c2e 510ec922fc0a4c2daf74f2b7376f9572 007b620f9f02429dbfe1620e7e0729be - - fd004ce52a97444eaaca329ac57bdc02 fd004ce52a97444eaaca329ac57bdc02] 199.204.45.3 "GET /v2.0/networks?id=bf57cc14-73f3-434a-80fa-cd845227dca8 HTTP/1.1" status: 200 len: 1002 time: 0.0780888
2026-07-14 11:43:06.187 10 INFO neutron.wsgi [None req-4a48be87-89a0-4d1b-a613-17672283a7d8 80b7a62bc43f4e1ea50874561f14ee61 59ab3472c773463d851477bdfb6169a5 - - default default] 10.0.0.24 "POST /v2.0/ports HTTP/1.1" status: 201 len: 1127 time: 0.5919237
2026-07-14 11:43:06.190 10 INFO neutron.wsgi [None req-cf2e8744-888b-4925-a065-a49851a8c38c eb197f428c0247fdb0f0561ac5bab0d8 a9e3249daf864550a3b8ac4f3409fd62 - - default default] 10.0.0.24 "GET /v2.0/floatingips?not-tags-any=red%2Cblue HTTP/1.1" status: 200 len: 1295 time: 0.0296447
2026-07-14 11:43:06.227 9 INFO neutron.wsgi [req-c3eb2818-dc5b-497a-aba1-ab81884f80c6 req-a1d9f17f-effe-49ea-911c-821b15d29ccf 510ec922fc0a4c2daf74f2b7376f9572 007b620f9f02429dbfe1620e7e0729be - - fd004ce52a97444eaaca329ac57bdc02 fd004ce52a97444eaaca329ac57bdc02] 199.204.45.3 "GET /v2.0/floatingips?fixed_ip_address=10.2.1.99&port_id=64552091-8d4f-4ba2-a0a9-229516fb9974 HTTP/1.1" status: 200 len: 1058 time: 0.0584822
2026-07-14 11:43:06.263 9 INFO neutron.wsgi [req-c3eb2818-dc5b-497a-aba1-ab81884f80c6 req-a23b7a3a-24a4-4326-805b-ef0d8151ef73 510ec922fc0a4c2daf74f2b7376f9572 007b620f9f02429dbfe1620e7e0729be - - fd004ce52a97444eaaca329ac57bdc02 fd004ce52a97444eaaca329ac57bdc02] 199.204.45.3 "GET /v2.0/floatingips?fixed_ip_address=fd7b%3Af9f7%3Afff%3A4eca%3A%3A3ca&port_id=64552091-8d4f-4ba2-a0a9-229516fb9974 HTTP/1.1" status: 200 len: 217 time: 0.0281529
2026-07-14 11:43:06.310 9 INFO neutron.wsgi [req-c3eb2818-dc5b-497a-aba1-ab81884f80c6 req-237da17b-bb55-4ef5-974f-d06b43882017 510ec922fc0a4c2daf74f2b7376f9572 007b620f9f02429dbfe1620e7e0729be - - fd004ce52a97444eaaca329ac57bdc02 fd004ce52a97444eaaca329ac57bdc02] 199.204.45.3 "GET /v2.0/subnets?id=69a996d2-4656-4b76-9810-22ef508e52b1&id=b4432d56-9d80-445c-93be-882d80b0f000 HTTP/1.1" status: 200 len: 1563 time: 0.0404606
2026-07-14 11:43:06.340 9 INFO neutron.wsgi [req-c3eb2818-dc5b-497a-aba1-ab81884f80c6 req-60e28963-c247-418b-becd-8e1469b04982 510ec922fc0a4c2daf74f2b7376f9572 007b620f9f02429dbfe1620e7e0729be - - fd004ce52a97444eaaca329ac57bdc02 fd004ce52a97444eaaca329ac57bdc02] 199.204.45.3 "GET /v2.0/ports?network_id=bf57cc14-73f3-434a-80fa-cd845227dca8&device_owner=network%3Adhcp HTTP/1.1" status: 200 len: 210 time: 0.0223868
2026-07-14 11:43:06.363 9 INFO neutron.wsgi [req-c3eb2818-dc5b-497a-aba1-ab81884f80c6 req-940bf22a-d9c3-4c9e-9929-6dd536f9aaef 510ec922fc0a4c2daf74f2b7376f9572 007b620f9f02429dbfe1620e7e0729be - - fd004ce52a97444eaaca329ac57bdc02 fd004ce52a97444eaaca329ac57bdc02] 199.204.45.3 "GET /v2.0/ports?network_id=bf57cc14-73f3-434a-80fa-cd845227dca8&device_owner=network%3Adhcp HTTP/1.1" status: 200 len: 210 time: 0.0191481
2026-07-14 11:43:06.459 9 INFO neutron.wsgi [req-c3eb2818-dc5b-497a-aba1-ab81884f80c6 req-6e31fe66-0d87-4d11-9061-56b41b6814bf 510ec922fc0a4c2daf74f2b7376f9572 007b620f9f02429dbfe1620e7e0729be - - fd004ce52a97444eaaca329ac57bdc02 fd004ce52a97444eaaca329ac57bdc02] 199.204.45.3 "GET /v2.0/networks/bf57cc14-73f3-434a-80fa-cd845227dca8?fields=segments HTTP/1.1" status: 200 len: 212 time: 0.0871198
2026-07-14 11:43:06.535 9 INFO neutron.wsgi [req-c3eb2818-dc5b-497a-aba1-ab81884f80c6 req-de24ef7d-f4d2-4ddc-982d-baa2e675d0ca 510ec922fc0a4c2daf74f2b7376f9572 007b620f9f02429dbfe1620e7e0729be - - fd004ce52a97444eaaca329ac57bdc02 fd004ce52a97444eaaca329ac57bdc02] 199.204.45.3 "GET /v2.0/networks/bf57cc14-73f3-434a-80fa-cd845227dca8?fields=provider%3Aphysical_network&fields=provider%3Anetwork_type HTTP/1.1" status: 200 len: 277 time: 0.0717766
2026-07-14 11:43:06.540 10 INFO neutron.wsgi [None req-75978014-7323-4555-a71c-9f0307b9e025 eb197f428c0247fdb0f0561ac5bab0d8 a9e3249daf864550a3b8ac4f3409fd62 - - default default] 10.0.0.24 "DELETE /v2.0/floatingips/bd17ff25-6073-48b5-a7b3-9da59b679793 HTTP/1.1" status: 204 len: 168 time: 0.3452570
2026-07-14 11:43:06.571 9 INFO neutron.wsgi [None req-a50e2ade-352d-4dfd-a52b-80512ef4c9e5 80b7a62bc43f4e1ea50874561f14ee61 59ab3472c773463d851477bdfb6169a5 - - default default] 10.0.0.24 "DELETE /v2.0/ports/0ddb48c4-1c49-47c8-b4dd-4c399092026a HTTP/1.1" status: 204 len: 168 time: 0.3776424
2026-07-14 11:43:06.597 10 INFO neutron.pecan_wsgi.hooks.translation [None req-7380e158-26ed-44e1-b1d2-c910de508436 80b7a62bc43f4e1ea50874561f14ee61 59ab3472c773463d851477bdfb6169a5 - - default default] GET failed (client error): The resource could not be found.
2026-07-14 11:43:06.599 10 INFO neutron.wsgi [None req-7380e158-26ed-44e1-b1d2-c910de508436 80b7a62bc43f4e1ea50874561f14ee61 59ab3472c773463d851477bdfb6169a5 - - default default] 10.0.0.24 "GET /v2.0/ports/0ddb48c4-1c49-47c8-b4dd-4c399092026a HTTP/1.1" status: 404 len: 333 time: 0.0234773
2026-07-14 11:43:06.682 9 INFO neutron.wsgi [req-9fee18b6-7a03-4675-a8ed-59a056f6ed9e req-b1cdf822-3e38-4fda-afc4-cfb058a0fb78 0a418eaf640c46418b7dff15bc24f8fd accad997ad7e4d3aaae920dabe217222 - - default default] 199.204.45.3 "GET /v2.0/networks?id=52a9edac-555b-4faa-9678-e02cc9bb4cbb HTTP/1.1" status: 200 len: 903 time: 0.0698397
2026-07-14 11:43:06.728 9 INFO neutron.wsgi [req-9fee18b6-7a03-4675-a8ed-59a056f6ed9e req-d188ebeb-6d34-4b61-9813-44d7eb394afc 0a418eaf640c46418b7dff15bc24f8fd accad997ad7e4d3aaae920dabe217222 - - default default] 199.204.45.3 "GET /v2.0/security-groups?fields=id&fields=name&tenant_id=accad997ad7e4d3aaae920dabe217222 HTTP/1.1" status: 200 len: 377 time: 0.0408974
2026-07-14 11:43:06.811 10 INFO neutron.wsgi [None req-6a52c25f-f53d-4c64-ab5b-cc9ee866bf82 80b7a62bc43f4e1ea50874561f14ee61 59ab3472c773463d851477bdfb6169a5 - - default default] 10.0.0.24 "DELETE /v2.0/subnets/30e43907-d0e2-46b7-9316-caf67dafb561 HTTP/1.1" status: 204 len: 168 time: 0.2066321
2026-07-14 11:43:06.955 10 INFO neutron.wsgi [None req-dba358f7-19c7-45d0-97a5-ec0c294b90bd eb197f428c0247fdb0f0561ac5bab0d8 a9e3249daf864550a3b8ac4f3409fd62 - - default default] 10.0.0.24 "DELETE /v2.0/floatingips/5e07e8f2-1d63-4ee5-934e-71d7df01ade3 HTTP/1.1" status: 204 len: 168 time: 0.4096777
2026-07-14 11:43:07.184 10 INFO neutron.services.segments.plugin [-] Segment 8a710615-2672-4252-ad3f-7d421a922702 resource provider aggregate not found
2026-07-14 11:43:07.191 10 INFO neutron.services.segments.plugin [-] Segment 8a710615-2672-4252-ad3f-7d421a922702 resource provider aggregate not found
2026-07-14 11:43:07.203 10 INFO neutron.services.segments.plugin [-] Segment 8a710615-2672-4252-ad3f-7d421a922702 resource provider not found; error: Placement Client Error (4xx): {"errors": [{"status": 404, "title": "Not Found", "detail": "The resource could not be found.\n\n No resource provider with uuid 8a710615-2672-4252-ad3f-7d421a922702 found for delete ", "request_id": "req-1fe705b7-303d-4495-b457-cfbfcd5f01bb"}]}
2026-07-14 11:43:07.211 10 INFO neutron.services.segments.plugin [-] Segment 8a710615-2672-4252-ad3f-7d421a922702 resource provider not found; error: Placement Client Error (4xx): {"errors": [{"status": 404, "title": "Not Found", "detail": "The resource could not be found.\n\n No resource provider with uuid 8a710615-2672-4252-ad3f-7d421a922702 found for delete ", "request_id": "req-57e43533-a889-4ba9-9895-e7fc98feadca"}]}
2026-07-14 11:43:07.232 10 INFO neutron.wsgi [None req-c924feeb-83d8-4425-89f9-5ff890b772c1 80b7a62bc43f4e1ea50874561f14ee61 59ab3472c773463d851477bdfb6169a5 - - default default] 10.0.0.24 "DELETE /v2.0/networks/1884dc42-dadc-4c9a-8ce7-09ada7828efa HTTP/1.1" status: 204 len: 168 time: 0.4158669
2026-07-14 11:43:07.390 9 WARNING neutron.scheduler.dhcp_agent_scheduler [req-9fee18b6-7a03-4675-a8ed-59a056f6ed9e req-259d1d48-fc10-4008-b1ed-84fa8246f9a6 0a418eaf640c46418b7dff15bc24f8fd accad997ad7e4d3aaae920dabe217222 - - default default] No more DHCP agents
2026-07-14 11:43:07.394 9 WARNING neutron.api.rpc.agentnotifiers.dhcp_rpc_agent_api [req-9fee18b6-7a03-4675-a8ed-59a056f6ed9e req-259d1d48-fc10-4008-b1ed-84fa8246f9a6 0a418eaf640c46418b7dff15bc24f8fd accad997ad7e4d3aaae920dabe217222 - - default default] Unable to schedule network 52a9edac-555b-4faa-9678-e02cc9bb4cbb: no agents available; will retry on subsequent port and subnet creation events.
2026-07-14 11:43:07.497 10 WARNING neutron.scheduler.dhcp_agent_scheduler [None req-47c9f8e1-1f40-49ba-ae8b-68719c238148 80b7a62bc43f4e1ea50874561f14ee61 59ab3472c773463d851477bdfb6169a5 - - default default] No more DHCP agents
2026-07-14 11:43:07.500 10 WARNING neutron.api.rpc.agentnotifiers.dhcp_rpc_agent_api [None req-47c9f8e1-1f40-49ba-ae8b-68719c238148 80b7a62bc43f4e1ea50874561f14ee61 59ab3472c773463d851477bdfb6169a5 - - default default] Unable to schedule network 6da17c04-0e5a-4348-a766-60858e6c9feb: no agents available; will retry on subsequent port and subnet creation events.
2026-07-14 11:43:07.589 10 INFO neutron.db.ovn_revision_numbers_db [None req-47c9f8e1-1f40-49ba-ae8b-68719c238148 80b7a62bc43f4e1ea50874561f14ee61 59ab3472c773463d851477bdfb6169a5 - - default default] Successfully bumped revision number for resource 2ec56fca-650c-495c-96e6-59cc0e554243 (type: ports) to 1
2026-07-14 11:43:07.611 9 INFO neutron.db.ovn_revision_numbers_db [req-9fee18b6-7a03-4675-a8ed-59a056f6ed9e req-259d1d48-fc10-4008-b1ed-84fa8246f9a6 0a418eaf640c46418b7dff15bc24f8fd accad997ad7e4d3aaae920dabe217222 - - default default] Successfully bumped revision number for resource 3722cb71-f0a3-484d-8df6-e6c83e4568b1 (type: ports) to 1
2026-07-14 11:43:07.617 10 INFO neutron.wsgi [None req-47c9f8e1-1f40-49ba-ae8b-68719c238148 80b7a62bc43f4e1ea50874561f14ee61 59ab3472c773463d851477bdfb6169a5 - - default default] 10.0.0.24 "POST /v2.0/ports HTTP/1.1" status: 201 len: 978 time: 0.3771281 /var/lib/openstack/lib/python3.10/site-packages/pycadf/identifier.py:71: UserWarning: Invalid uuid: neutron. To ensure interoperability, identifiers should be a valid uuid. warnings.warn(('Invalid uuid: %s. To ensure interoperability, '
2026-07-14 11:43:07.655 9 INFO neutron.wsgi [req-9fee18b6-7a03-4675-a8ed-59a056f6ed9e req-259d1d48-fc10-4008-b1ed-84fa8246f9a6 0a418eaf640c46418b7dff15bc24f8fd accad997ad7e4d3aaae920dabe217222 - - default default] 199.204.45.3 "POST /v2.0/ports HTTP/1.1" status: 201 len: 1392 time: 0.9229388 /var/lib/openstack/lib/python3.10/site-packages/pycadf/identifier.py:71: UserWarning: Invalid uuid: neutron. To ensure interoperability, identifiers should be a valid uuid. warnings.warn(('Invalid uuid: %s. To ensure interoperability, '
2026-07-14 11:43:07.688 9 INFO neutron.wsgi [None req-6e923e7a-865f-4017-93f7-a5eba3eaf9da eb197f428c0247fdb0f0561ac5bab0d8 a9e3249daf864550a3b8ac4f3409fd62 - - default default] 10.0.0.24 "DELETE /v2.0/floatingips/fc91f2da-0324-429a-97eb-8b3f21fd1039 HTTP/1.1" status: 204 len: 168 time: 0.7266009
2026-07-14 11:43:08.042 9 INFO neutron.plugins.ml2.drivers.ovn.mech_driver.mech_driver [None req-c1242a75-d02a-4fc2-b5c7-5567aded73f5 - - - - - -] OVN reports status down for port: 2ec56fca-650c-495c-96e6-59cc0e554243
2026-07-14 11:43:08.067 10 INFO neutron.db.ovn_revision_numbers_db [None req-f58197d8-45fa-4778-a7c5-bd065139372c 80b7a62bc43f4e1ea50874561f14ee61 59ab3472c773463d851477bdfb6169a5 - - default default] Successfully bumped revision number for resource 2ec56fca-650c-495c-96e6-59cc0e554243 (type: ports) to 2
2026-07-14 11:43:08.078 10 INFO neutron.wsgi [None req-f58197d8-45fa-4778-a7c5-bd065139372c 80b7a62bc43f4e1ea50874561f14ee61 59ab3472c773463d851477bdfb6169a5 - - default default] 10.0.0.24 "PUT /v2.0/ports/2ec56fca-650c-495c-96e6-59cc0e554243 HTTP/1.1" status: 200 len: 946 time: 0.4568677 /var/lib/openstack/lib/python3.10/site-packages/pycadf/identifier.py:71: UserWarning: Invalid uuid: neutron. To ensure interoperability, identifiers should be a valid uuid. warnings.warn(('Invalid uuid: %s. To ensure interoperability, '
2026-07-14 11:43:08.163 9 INFO neutron.wsgi [None req-641e717f-142a-4e6d-af6e-43883e283793 eb197f428c0247fdb0f0561ac5bab0d8 a9e3249daf864550a3b8ac4f3409fd62 - - default default] 10.0.0.24 "DELETE /v2.0/floatingips/f09cd041-393f-456a-863e-75a6dab10d64 HTTP/1.1" status: 204 len: 168 time: 0.4711885
2026-07-14 11:43:08.231 9 INFO neutron.db.ovn_revision_numbers_db [req-9fee18b6-7a03-4675-a8ed-59a056f6ed9e req-6698e0c4-a79e-4dd7-9d65-402e98920145 510ec922fc0a4c2daf74f2b7376f9572 007b620f9f02429dbfe1620e7e0729be - - fd004ce52a97444eaaca329ac57bdc02 fd004ce52a97444eaaca329ac57bdc02] Successfully bumped revision number for resource 3722cb71-f0a3-484d-8df6-e6c83e4568b1 (type: ports) to 2
2026-07-14 11:43:08.327 10 INFO neutron.wsgi [None req-830810f0-7d59-4565-9fe1-83dee5285c53 80b7a62bc43f4e1ea50874561f14ee61 59ab3472c773463d851477bdfb6169a5 - - default default] 10.0.0.24 "DELETE /v2.0/ports/2ec56fca-650c-495c-96e6-59cc0e554243 HTTP/1.1" status: 204 len: 168 time: 0.2445960
2026-07-14 11:43:08.445 10 INFO neutron.wsgi [None req-4d93ff7e-7987-40a9-a45c-2eed43ade62d 80b7a62bc43f4e1ea50874561f14ee61 59ab3472c773463d851477bdfb6169a5 - - default default] 10.0.0.24 "GET /v2.0/ports HTTP/1.1" status: 200 len: 1733 time: 0.1031704
2026-07-14 11:43:08.467 10 INFO neutron.pecan_wsgi.hooks.translation [None req-a7ffac6c-4063-4cdd-8023-157d09076f89 80b7a62bc43f4e1ea50874561f14ee61 59ab3472c773463d851477bdfb6169a5 - - default default] GET failed (client error): The resource could not be found.
2026-07-14 11:43:08.469 10 INFO neutron.wsgi [None req-a7ffac6c-4063-4cdd-8023-157d09076f89 80b7a62bc43f4e1ea50874561f14ee61 59ab3472c773463d851477bdfb6169a5 - - default default] 10.0.0.24 "GET /v2.0/ports/2ec56fca-650c-495c-96e6-59cc0e554243 HTTP/1.1" status: 404 len: 333 time: 0.0187047
2026-07-14 11:43:08.471 9 INFO neutron.db.ovn_revision_numbers_db [req-9fee18b6-7a03-4675-a8ed-59a056f6ed9e req-6698e0c4-a79e-4dd7-9d65-402e98920145 510ec922fc0a4c2daf74f2b7376f9572 007b620f9f02429dbfe1620e7e0729be - - fd004ce52a97444eaaca329ac57bdc02 fd004ce52a97444eaaca329ac57bdc02] Successfully bumped revision number for resource 3722cb71-f0a3-484d-8df6-e6c83e4568b1 (type: ports) to 2 /var/lib/openstack/lib/python3.10/site-packages/pycadf/identifier.py:71: UserWarning: Invalid uuid: neutron. To ensure interoperability, identifiers should be a valid uuid. warnings.warn(('Invalid uuid: %s. To ensure interoperability, '
2026-07-14 11:43:08.516 9 INFO neutron.wsgi [req-9fee18b6-7a03-4675-a8ed-59a056f6ed9e req-6698e0c4-a79e-4dd7-9d65-402e98920145 510ec922fc0a4c2daf74f2b7376f9572 007b620f9f02429dbfe1620e7e0729be - - fd004ce52a97444eaaca329ac57bdc02 fd004ce52a97444eaaca329ac57bdc02] 199.204.45.3 "PUT /v2.0/ports/3722cb71-f0a3-484d-8df6-e6c83e4568b1 HTTP/1.1" status: 200 len: 1609 time: 0.8517346
2026-07-14 11:43:08.570 9 INFO neutron.notifiers.nova [-] Nova event matching ['req-9792901d-60cf-42da-94d7-878d21889c3a'] response: {'name': 'network-changed', 'server_uuid': '79511d01-c160-43bd-891a-3422c4fb9483', 'tag': '3722cb71-f0a3-484d-8df6-e6c83e4568b1', 'status': 'completed', 'code': 200}
2026-07-14 11:43:08.601 9 INFO neutron.wsgi [None req-f639677b-cef3-40c8-8eb3-21bddfdcc66a 80b7a62bc43f4e1ea50874561f14ee61 59ab3472c773463d851477bdfb6169a5 - - default default] 10.0.0.24 "GET /v2.0/ports HTTP/1.1" status: 200 len: 1733 time: 0.1273596
2026-07-14 11:43:08.603 10 INFO neutron.wsgi [None req-5b5e7727-bf23-473e-aedc-f3ddf6dbf8a2 eb197f428c0247fdb0f0561ac5bab0d8 a9e3249daf864550a3b8ac4f3409fd62 - - default default] 10.0.0.24 "DELETE /v2.0/floatingips/2f1f8903-3d50-4800-bb19-91da65bd6f32 HTTP/1.1" status: 204 len: 168 time: 0.4348927
2026-07-14 11:43:08.605 9 INFO neutron.wsgi [req-9fee18b6-7a03-4675-a8ed-59a056f6ed9e req-4d2d8836-3afb-47ac-b8d8-11a9f70a31ef 510ec922fc0a4c2daf74f2b7376f9572 007b620f9f02429dbfe1620e7e0729be - - fd004ce52a97444eaaca329ac57bdc02 fd004ce52a97444eaaca329ac57bdc02] 199.204.45.3 "GET /v2.0/ports?tenant_id=accad997ad7e4d3aaae920dabe217222&device_id=79511d01-c160-43bd-891a-3422c4fb9483 HTTP/1.1" status: 200 len: 1640 time: 0.0364847
2026-07-14 11:43:08.652 9 INFO neutron.wsgi [req-9fee18b6-7a03-4675-a8ed-59a056f6ed9e req-c168ce40-57a4-4fa6-ac72-a0f0b73541ed 510ec922fc0a4c2daf74f2b7376f9572 007b620f9f02429dbfe1620e7e0729be - - fd004ce52a97444eaaca329ac57bdc02 fd004ce52a97444eaaca329ac57bdc02] 199.204.45.3 "GET /v2.0/floatingips?fixed_ip_address=10.2.2.148&port_id=3722cb71-f0a3-484d-8df6-e6c83e4568b1 HTTP/1.1" status: 200 len: 217 time: 0.0378890
2026-07-14 11:43:08.662 9 INFO neutron.wsgi [None req-9c01bd3d-0281-4312-8511-ce1e900ff98a 80b7a62bc43f4e1ea50874561f14ee61 59ab3472c773463d851477bdfb6169a5 - - default default] 10.0.0.24 "GET /v2.0/ports/3f33c55b-52d0-417a-b40c-abd2ac45c0f8 HTTP/1.1" status: 200 len: 973 time: 0.0545490
2026-07-14 11:43:08.687 10 INFO neutron.pecan_wsgi.hooks.translation [None req-d42f20f3-a6a7-4864-bb0c-6363300039ff 80b7a62bc43f4e1ea50874561f14ee61 59ab3472c773463d851477bdfb6169a5 - - default default] DELETE failed (client error): The resource could not be found.
2026-07-14 11:43:08.688 9 INFO neutron.wsgi [req-9fee18b6-7a03-4675-a8ed-59a056f6ed9e req-fd86b6f3-ca3b-4979-bccf-9defd3042081 510ec922fc0a4c2daf74f2b7376f9572 007b620f9f02429dbfe1620e7e0729be - - fd004ce52a97444eaaca329ac57bdc02 fd004ce52a97444eaaca329ac57bdc02] 199.204.45.3 "GET /v2.0/floatingips?fixed_ip_address=fd77%3A1457%3A4cf0%3A26a8%3A%3A313&port_id=3722cb71-f0a3-484d-8df6-e6c83e4568b1 HTTP/1.1" status: 200 len: 217 time: 0.0249336
2026-07-14 11:43:08.689 10 INFO neutron.wsgi [None req-d42f20f3-a6a7-4864-bb0c-6363300039ff 80b7a62bc43f4e1ea50874561f14ee61 59ab3472c773463d851477bdfb6169a5 - - default default] 10.0.0.24 "DELETE /v2.0/ports/0ddb48c4-1c49-47c8-b4dd-4c399092026a HTTP/1.1" status: 404 len: 333 time: 0.0212607
2026-07-14 11:43:08.708 10 INFO neutron.pecan_wsgi.hooks.translation [None req-3c51296c-20d8-45af-9fc2-8992b67754dc 80b7a62bc43f4e1ea50874561f14ee61 59ab3472c773463d851477bdfb6169a5 - - default default] DELETE failed (client error): The resource could not be found.
2026-07-14 11:43:08.710 10 INFO neutron.wsgi [None req-3c51296c-20d8-45af-9fc2-8992b67754dc 80b7a62bc43f4e1ea50874561f14ee61 59ab3472c773463d851477bdfb6169a5 - - default default] 10.0.0.24 "DELETE /v2.0/subnets/30e43907-d0e2-46b7-9316-caf67dafb561 HTTP/1.1" status: 404 len: 337 time: 0.0171838
2026-07-14 11:43:08.729 10 INFO neutron.pecan_wsgi.hooks.translation [None req-f4f63163-046a-4def-94f1-2a494a25763a 80b7a62bc43f4e1ea50874561f14ee61 59ab3472c773463d851477bdfb6169a5 - - default default] DELETE failed (client error): The resource could not be found.
2026-07-14 11:43:08.732 10 INFO neutron.wsgi [None req-f4f63163-046a-4def-94f1-2a494a25763a 80b7a62bc43f4e1ea50874561f14ee61 59ab3472c773463d851477bdfb6169a5 - - default default] 10.0.0.24 "DELETE /v2.0/subnets/8daf99d4-207f-4bc7-be32-a954a5e2f1af HTTP/1.1" status: 404 len: 337 time: 0.0172586
2026-07-14 11:43:08.735 9 INFO neutron.wsgi [req-9fee18b6-7a03-4675-a8ed-59a056f6ed9e req-e4e99012-2b0c-4e73-8145-5d56ee239e83 510ec922fc0a4c2daf74f2b7376f9572 007b620f9f02429dbfe1620e7e0729be - - fd004ce52a97444eaaca329ac57bdc02 fd004ce52a97444eaaca329ac57bdc02] 199.204.45.3 "GET /v2.0/subnets?id=b62df567-ad57-4309-ad6f-155e4ea1c7f8&id=bd937e3d-5d50-49b1-ac72-67641abcbd04 HTTP/1.1" status: 200 len: 1565 time: 0.0387235
2026-07-14 11:43:08.761 9 INFO neutron.wsgi [req-9fee18b6-7a03-4675-a8ed-59a056f6ed9e req-d959329b-c684-48d3-9fe0-3bf47265f614 510ec922fc0a4c2daf74f2b7376f9572 007b620f9f02429dbfe1620e7e0729be - - fd004ce52a97444eaaca329ac57bdc02 fd004ce52a97444eaaca329ac57bdc02] 199.204.45.3 "GET /v2.0/ports?network_id=52a9edac-555b-4faa-9678-e02cc9bb4cbb&device_owner=network%3Adhcp HTTP/1.1" status: 200 len: 210 time: 0.0216515
2026-07-14 11:43:08.788 9 INFO neutron.wsgi [req-9fee18b6-7a03-4675-a8ed-59a056f6ed9e req-3b74b208-95ba-4475-a8e7-4d5f6d7913cc 510ec922fc0a4c2daf74f2b7376f9572 007b620f9f02429dbfe1620e7e0729be - - fd004ce52a97444eaaca329ac57bdc02 fd004ce52a97444eaaca329ac57bdc02] 199.204.45.3 "GET /v2.0/ports?network_id=52a9edac-555b-4faa-9678-e02cc9bb4cbb&device_owner=network%3Adhcp HTTP/1.1" status: 200 len: 210 time: 0.0193543
2026-07-14 11:43:08.860 9 INFO neutron.wsgi [req-9fee18b6-7a03-4675-a8ed-59a056f6ed9e req-f9a8fc7a-46cf-4888-8213-5abcc208d355 510ec922fc0a4c2daf74f2b7376f9572 007b620f9f02429dbfe1620e7e0729be - - fd004ce52a97444eaaca329ac57bdc02 fd004ce52a97444eaaca329ac57bdc02] 199.204.45.3 "GET /v2.0/networks/52a9edac-555b-4faa-9678-e02cc9bb4cbb?fields=segments HTTP/1.1" status: 200 len: 212 time: 0.0662639
2026-07-14 11:43:08.956 9 INFO neutron.wsgi [req-9fee18b6-7a03-4675-a8ed-59a056f6ed9e req-3c3c15d6-30fe-437e-b3f1-f4f4953c65f5 510ec922fc0a4c2daf74f2b7376f9572 007b620f9f02429dbfe1620e7e0729be - - fd004ce52a97444eaaca329ac57bdc02 fd004ce52a97444eaaca329ac57bdc02] 199.204.45.3 "GET /v2.0/networks/52a9edac-555b-4faa-9678-e02cc9bb4cbb?fields=provider%3Aphysical_network&fields=provider%3Anetwork_type HTTP/1.1" status: 200 len: 277 time: 0.0819807
2026-07-14 11:43:09.014 10 INFO neutron.wsgi [None req-752f4cf8-b341-4f2d-83e4-3d152a07e688 80b7a62bc43f4e1ea50874561f14ee61 59ab3472c773463d851477bdfb6169a5 - - default default] 10.0.0.24 "DELETE /v2.0/ports/3f33c55b-52d0-417a-b40c-abd2ac45c0f8 HTTP/1.1" status: 204 len: 168 time: 0.2776713
2026-07-14 11:43:09.067 9 INFO neutron.wsgi [req-df7d15bc-d7aa-490c-aa9c-c8f0bd7e3547 req-08b090d2-ff24-4a94-af99-5af9ceade90b 510ec922fc0a4c2daf74f2b7376f9572 007b620f9f02429dbfe1620e7e0729be - - fd004ce52a97444eaaca329ac57bdc02 fd004ce52a97444eaaca329ac57bdc02] 199.204.45.3 "GET /v2.0/ports?tenant_id=accad997ad7e4d3aaae920dabe217222&device_id=79511d01-c160-43bd-891a-3422c4fb9483 HTTP/1.1" status: 200 len: 1640 time: 0.0535779
2026-07-14 11:43:09.136 9 INFO neutron.wsgi [req-df7d15bc-d7aa-490c-aa9c-c8f0bd7e3547 req-2bba6d0d-cf90-40cb-80c6-cd8578d4c062 510ec922fc0a4c2daf74f2b7376f9572 007b620f9f02429dbfe1620e7e0729be - - fd004ce52a97444eaaca329ac57bdc02 fd004ce52a97444eaaca329ac57bdc02] 199.204.45.3 "GET /v2.0/networks?id=52a9edac-555b-4faa-9678-e02cc9bb4cbb HTTP/1.1" status: 200 len: 1002 time: 0.0637400
2026-07-14 11:43:09.183 9 INFO neutron.wsgi [req-df7d15bc-d7aa-490c-aa9c-c8f0bd7e3547 req-410f10a1-06d5-4c0c-826c-a9617cf67e9e 510ec922fc0a4c2daf74f2b7376f9572 007b620f9f02429dbfe1620e7e0729be - - fd004ce52a97444eaaca329ac57bdc02 fd004ce52a97444eaaca329ac57bdc02] 199.204.45.3 "GET /v2.0/floatingips?fixed_ip_address=10.2.2.148&port_id=3722cb71-f0a3-484d-8df6-e6c83e4568b1 HTTP/1.1" status: 200 len: 217 time: 0.0402019
2026-07-14 11:43:09.202 10 INFO neutron.plugins.ml2.drivers.ovn.mech_driver.mech_driver [None req-bce252a6-e8d4-4e60-89b6-69e113a9828b - - - - - -] OVN reports status up for port: 3722cb71-f0a3-484d-8df6-e6c83e4568b1
2026-07-14 11:43:09.224 9 INFO neutron.wsgi [req-df7d15bc-d7aa-490c-aa9c-c8f0bd7e3547 req-09c49291-8341-4b32-9f65-e0512d39d4b5 510ec922fc0a4c2daf74f2b7376f9572 007b620f9f02429dbfe1620e7e0729be - - fd004ce52a97444eaaca329ac57bdc02 fd004ce52a97444eaaca329ac57bdc02] 199.204.45.3 "GET /v2.0/floatingips?fixed_ip_address=fd77%3A1457%3A4cf0%3A26a8%3A%3A313&port_id=3722cb71-f0a3-484d-8df6-e6c83e4568b1 HTTP/1.1" status: 200 len: 217 time: 0.0358782
2026-07-14 11:43:09.235 10 INFO neutron.plugins.ml2.plugin [None req-bce252a6-e8d4-4e60-89b6-69e113a9828b - - - - - -] Attempt 1 to provision port 3722cb71-f0a3-484d-8df6-e6c83e4568b1
2026-07-14 11:43:09.283 9 INFO neutron.wsgi [req-df7d15bc-d7aa-490c-aa9c-c8f0bd7e3547 req-6886a619-6734-493f-90de-0efaef137647 510ec922fc0a4c2daf74f2b7376f9572 007b620f9f02429dbfe1620e7e0729be - - fd004ce52a97444eaaca329ac57bdc02 fd004ce52a97444eaaca329ac57bdc02] 199.204.45.3 "GET /v2.0/subnets?id=b62df567-ad57-4309-ad6f-155e4ea1c7f8&id=bd937e3d-5d50-49b1-ac72-67641abcbd04 HTTP/1.1" status: 200 len: 1565 time: 0.0546718
2026-07-14 11:43:09.306 9 INFO neutron.wsgi [req-df7d15bc-d7aa-490c-aa9c-c8f0bd7e3547 req-4d543243-91b5-47c2-8793-3204e7e59932 510ec922fc0a4c2daf74f2b7376f9572 007b620f9f02429dbfe1620e7e0729be - - fd004ce52a97444eaaca329ac57bdc02 fd004ce52a97444eaaca329ac57bdc02] 199.204.45.3 "GET /v2.0/ports?network_id=52a9edac-555b-4faa-9678-e02cc9bb4cbb&device_owner=network%3Adhcp HTTP/1.1" status: 200 len: 210 time: 0.0176005
2026-07-14 11:43:09.345 9 INFO neutron.wsgi [req-df7d15bc-d7aa-490c-aa9c-c8f0bd7e3547 req-8c6639b3-e96e-42a8-9c57-46c8fe70a3e9 510ec922fc0a4c2daf74f2b7376f9572 007b620f9f02429dbfe1620e7e0729be - - fd004ce52a97444eaaca329ac57bdc02 fd004ce52a97444eaaca329ac57bdc02] 199.204.45.3 "GET /v2.0/ports?network_id=52a9edac-555b-4faa-9678-e02cc9bb4cbb&device_owner=network%3Adhcp HTTP/1.1" status: 200 len: 210 time: 0.0307820
2026-07-14 11:43:09.415 9 INFO neutron.wsgi [req-df7d15bc-d7aa-490c-aa9c-c8f0bd7e3547 req-dedae53e-e2bb-469d-86b9-bf0f6f90773c 510ec922fc0a4c2daf74f2b7376f9572 007b620f9f02429dbfe1620e7e0729be - - fd004ce52a97444eaaca329ac57bdc02 fd004ce52a97444eaaca329ac57bdc02] 199.204.45.3 "GET /v2.0/networks/52a9edac-555b-4faa-9678-e02cc9bb4cbb?fields=segments HTTP/1.1" status: 200 len: 212 time: 0.0651550
2026-07-14 11:43:09.422 10 INFO neutron.notifiers.nova [-] Nova event matching ['req-be796328-bf46-4fb9-96dd-1dc44732cdd1'] response: {'server_uuid': '79511d01-c160-43bd-891a-3422c4fb9483', 'name': 'network-vif-plugged', 'status': 'completed', 'tag': '3722cb71-f0a3-484d-8df6-e6c83e4568b1', 'code': 200}
2026-07-14 11:43:09.495 9 INFO neutron.wsgi [req-df7d15bc-d7aa-490c-aa9c-c8f0bd7e3547 req-ae5d8f0d-beab-437b-b259-2dd11c398c8e 510ec922fc0a4c2daf74f2b7376f9572 007b620f9f02429dbfe1620e7e0729be - - fd004ce52a97444eaaca329ac57bdc02 fd004ce52a97444eaaca329ac57bdc02] 199.204.45.3 "GET /v2.0/networks/52a9edac-555b-4faa-9678-e02cc9bb4cbb?fields=provider%3Aphysical_network&fields=provider%3Anetwork_type HTTP/1.1" status: 200 len: 277 time: 0.0717270
2026-07-14 11:43:09.508 10 INFO neutron.services.segments.plugin [-] Segment f9177db0-8396-4800-9e7c-173724ca2e05 resource provider aggregate not found
2026-07-14 11:43:09.532 10 INFO neutron.services.segments.plugin [-] Segment f9177db0-8396-4800-9e7c-173724ca2e05 resource provider aggregate not found
2026-07-14 11:43:09.538 10 INFO neutron.services.segments.plugin [-] Segment f9177db0-8396-4800-9e7c-173724ca2e05 resource provider not found; error: Placement Client Error (4xx): {"errors": [{"status": 404, "title": "Not Found", "detail": "The resource could not be found.\n\n No resource provider with uuid f9177db0-8396-4800-9e7c-173724ca2e05 found for delete ", "request_id": "req-452b31d0-cc17-4930-9bfe-a37cfb18c240"}]}
2026-07-14 11:43:09.550 10 INFO neutron.services.segments.plugin [-] Segment f9177db0-8396-4800-9e7c-173724ca2e05 resource provider not found; error: Placement Client Error (4xx): {"errors": [{"status": 404, "title": "Not Found", "detail": "The resource could not be found.\n\n No resource provider with uuid f9177db0-8396-4800-9e7c-173724ca2e05 found for delete ", "request_id": "req-270711b5-abc8-4141-ad77-04202500107e"}]}
2026-07-14 11:43:09.580 10 INFO neutron.wsgi [None req-81b63a06-f09f-4fec-812a-d2c55c610194 80b7a62bc43f4e1ea50874561f14ee61 59ab3472c773463d851477bdfb6169a5 - - default default] 10.0.0.24 "DELETE /v2.0/networks/6da17c04-0e5a-4348-a766-60858e6c9feb HTTP/1.1" status: 204 len: 168 time: 0.5611794
2026-07-14 11:43:09.667 10 INFO neutron.db.ovn_revision_numbers_db [None req-bce252a6-e8d4-4e60-89b6-69e113a9828b - - - - - -] Successfully bumped revision number for resource 3722cb71-f0a3-484d-8df6-e6c83e4568b1 (type: ports) to 4 /var/lib/openstack/lib/python3.10/site-packages/pycadf/identifier.py:71: UserWarning: Invalid uuid: neutron. To ensure interoperability, identifiers should be a valid uuid. warnings.warn(('Invalid uuid: %s. To ensure interoperability, '
2026-07-14 11:43:09.906 10 INFO neutron.db.ovn_revision_numbers_db [None req-63bfe386-b3c9-445b-a4ff-68e00071a148 e820eb7e754441859d3dfd86f088be9c 5d80ea2504e6400d9538295a00471c07 - - default default] Successfully bumped revision number for resource 73ae55c1-74d2-4da5-bf80-6e7bb02c736a (type: security_groups) to 1
2026-07-14 11:43:09.922 10 INFO neutron.db.ovn_revision_numbers_db [None req-63bfe386-b3c9-445b-a4ff-68e00071a148 e820eb7e754441859d3dfd86f088be9c 5d80ea2504e6400d9538295a00471c07 - - default default] Successfully bumped revision number for resource 347faf36-2d12-4081-8376-9c36925a0be0 (type: security_group_rules) to 0
2026-07-14 11:43:09.934 10 INFO neutron.db.ovn_revision_numbers_db [None req-63bfe386-b3c9-445b-a4ff-68e00071a148 e820eb7e754441859d3dfd86f088be9c 5d80ea2504e6400d9538295a00471c07 - - default default] Successfully bumped revision number for resource b9b0740c-7f6d-4079-a095-838aee2ea28f (type: security_group_rules) to 0
2026-07-14 11:43:09.950 10 INFO neutron.db.ovn_revision_numbers_db [None req-63bfe386-b3c9-445b-a4ff-68e00071a148 e820eb7e754441859d3dfd86f088be9c 5d80ea2504e6400d9538295a00471c07 - - default default] Successfully bumped revision number for resource d550e05c-95a9-4d9c-aac3-0e1701a6639f (type: security_group_rules) to 0
2026-07-14 11:43:09.970 10 INFO neutron.db.ovn_revision_numbers_db [None req-63bfe386-b3c9-445b-a4ff-68e00071a148 e820eb7e754441859d3dfd86f088be9c 5d80ea2504e6400d9538295a00471c07 - - default default] Successfully bumped revision number for resource ff675856-ec28-49c2-a7fa-ce99b1224eb5 (type: security_group_rules) to 0
2026-07-14 11:43:09.995 10 INFO neutron.wsgi [None req-63bfe386-b3c9-445b-a4ff-68e00071a148 e820eb7e754441859d3dfd86f088be9c 5d80ea2504e6400d9538295a00471c07 - - default default] 10.0.0.24 "GET /v2.0/security-groups?tenant_id=97bf526345be4091b747dea156bc6e00&name=default HTTP/1.1" status: 200 len: 2996 time: 0.3945417
2026-07-14 11:43:10.222 10 INFO neutron.wsgi [None req-b7e5966d-4337-4b23-a236-dec8867c1bc3 e820eb7e754441859d3dfd86f088be9c 5d80ea2504e6400d9538295a00471c07 - - default default] 10.0.0.24 "DELETE /v2.0/security-groups/73ae55c1-74d2-4da5-bf80-6e7bb02c736a HTTP/1.1" status: 204 len: 168 time: 0.2220891
2026-07-14 11:43:10.286 9 INFO neutron.wsgi [None req-9e8142dd-ff05-44bf-9f65-e3280fc05498 e820eb7e754441859d3dfd86f088be9c 5d80ea2504e6400d9538295a00471c07 - - default default] 10.0.0.24 "GET /v2.0/security-groups?tenant_id=59ab3472c773463d851477bdfb6169a5&name=default HTTP/1.1" status: 200 len: 2996 time: 0.2446964
2026-07-14 11:43:10.516 9 INFO neutron.db.ovn_revision_numbers_db [None req-1a981099-ffb9-4c48-a4ff-128f8735e1cc e820eb7e754441859d3dfd86f088be9c 5d80ea2504e6400d9538295a00471c07 - - default default] Successfully bumped revision number for resource 0eff3107-72af-4776-93f4-6cb8dad592ca (type: security_groups) to 1
2026-07-14 11:43:10.534 9 INFO neutron.db.ovn_revision_numbers_db [None req-1a981099-ffb9-4c48-a4ff-128f8735e1cc e820eb7e754441859d3dfd86f088be9c 5d80ea2504e6400d9538295a00471c07 - - default default] Successfully bumped revision number for resource 0cb937bd-c3be-47fc-b4a3-b76e2b2a5a15 (type: security_group_rules) to 0
2026-07-14 11:43:10.548 9 INFO neutron.db.ovn_revision_numbers_db [None req-1a981099-ffb9-4c48-a4ff-128f8735e1cc e820eb7e754441859d3dfd86f088be9c 5d80ea2504e6400d9538295a00471c07 - - default default] Successfully bumped revision number for resource 28213faf-a521-41df-ad62-b6ae12a9eb4b (type: security_group_rules) to 0
2026-07-14 11:43:10.561 9 INFO neutron.db.ovn_revision_numbers_db [None req-1a981099-ffb9-4c48-a4ff-128f8735e1cc e820eb7e754441859d3dfd86f088be9c 5d80ea2504e6400d9538295a00471c07 - - default default] Successfully bumped revision number for resource 8da46028-7c11-4a54-8220-9c1cd39dbb06 (type: security_group_rules) to 0
2026-07-14 11:43:10.575 9 INFO neutron.db.ovn_revision_numbers_db [None req-1a981099-ffb9-4c48-a4ff-128f8735e1cc e820eb7e754441859d3dfd86f088be9c 5d80ea2504e6400d9538295a00471c07 - - default default] Successfully bumped revision number for resource b6946e92-25c8-4361-b4d3-2861cdd3e870 (type: security_group_rules) to 0
2026-07-14 11:43:10.599 9 INFO neutron.wsgi [None req-069ea6ba-af69-4cba-b8d1-420818432ad5 e820eb7e754441859d3dfd86f088be9c 5d80ea2504e6400d9538295a00471c07 - - default default] 10.0.0.24 "DELETE /v2.0/security-groups/db0c5b10-c0b0-43ba-b4c7-5437526cf852 HTTP/1.1" status: 204 len: 168 time: 0.3082120
2026-07-14 11:43:10.604 9 INFO neutron.wsgi [None req-1a981099-ffb9-4c48-a4ff-128f8735e1cc e820eb7e754441859d3dfd86f088be9c 5d80ea2504e6400d9538295a00471c07 - - default default] 10.0.0.24 "GET /v2.0/security-groups?tenant_id=8340d6bbc15647a0a17bf215fdb7a33a&name=default HTTP/1.1" status: 200 len: 2996 time: 0.2672737
2026-07-14 11:43:10.858 10 INFO neutron.wsgi [None req-fc20ab34-b031-48df-81c8-5e3ab5338729 e820eb7e754441859d3dfd86f088be9c 5d80ea2504e6400d9538295a00471c07 - - default default] 10.0.0.24 "DELETE /v2.0/security-groups/0eff3107-72af-4776-93f4-6cb8dad592ca HTTP/1.1" status: 204 len: 168 time: 0.2484541
2026-07-14 11:43:11.164 10 INFO neutron.db.ovn_revision_numbers_db [None req-6e24489a-677b-450e-ad14-279b0d4ed1ae e820eb7e754441859d3dfd86f088be9c 5d80ea2504e6400d9538295a00471c07 - - default default] Successfully bumped revision number for resource 7c8ebd73-1bf9-412f-b761-4dc6d7537034 (type: security_groups) to 1
2026-07-14 11:43:11.187 10 INFO neutron.wsgi [req-5ab792b6-b116-4ff0-9548-82036af543a6 req-e6b0f443-0221-486d-be4b-9376c9a0d7de 0a418eaf640c46418b7dff15bc24f8fd accad997ad7e4d3aaae920dabe217222 - - default default] 10.0.0.47 "GET /v2.0/ports?device_id=79511d01-c160-43bd-891a-3422c4fb9483 HTTP/1.1" status: 200 len: 1404 time: 0.1145840
2026-07-14 11:43:11.189 10 INFO neutron.db.ovn_revision_numbers_db [None req-6e24489a-677b-450e-ad14-279b0d4ed1ae e820eb7e754441859d3dfd86f088be9c 5d80ea2504e6400d9538295a00471c07 - - default default] Successfully bumped revision number for resource 6b5b4c3f-f69c-41f1-8fdb-5d1f84a30300 (type: security_group_rules) to 0
2026-07-14 11:43:11.210 10 INFO neutron.db.ovn_revision_numbers_db [None req-6e24489a-677b-450e-ad14-279b0d4ed1ae e820eb7e754441859d3dfd86f088be9c 5d80ea2504e6400d9538295a00471c07 - - default default] Successfully bumped revision number for resource a7a69608-b621-4861-922f-bd6212489562 (type: security_group_rules) to 0
2026-07-14 11:43:11.226 10 INFO neutron.db.ovn_revision_numbers_db [None req-6e24489a-677b-450e-ad14-279b0d4ed1ae e820eb7e754441859d3dfd86f088be9c 5d80ea2504e6400d9538295a00471c07 - - default default] Successfully bumped revision number for resource fafe2065-6a7e-4871-a5aa-2f41d63e5a70 (type: security_group_rules) to 0
2026-07-14 11:43:11.239 10 INFO neutron.wsgi [req-5ab792b6-b116-4ff0-9548-82036af543a6 req-6daf4e8a-2131-4d18-bd7f-b4bd58121079 0a418eaf640c46418b7dff15bc24f8fd accad997ad7e4d3aaae920dabe217222 - - default default] 10.0.0.47 "GET /v2.0/security-groups?id=a56bccdf-d1ad-437c-a2f2-592d839243fd&fields=id&fields=name HTTP/1.1" status: 200 len: 310 time: 0.0428889
2026-07-14 11:43:11.264 10 INFO neutron.db.ovn_revision_numbers_db [None req-6e24489a-677b-450e-ad14-279b0d4ed1ae e820eb7e754441859d3dfd86f088be9c 5d80ea2504e6400d9538295a00471c07 - - default default] Successfully bumped revision number for resource fc10fdc1-c0e4-44db-922d-2a158c9c2473 (type: security_group_rules) to 0
2026-07-14 11:43:11.292 10 INFO neutron.wsgi [None req-6e24489a-677b-450e-ad14-279b0d4ed1ae e820eb7e754441859d3dfd86f088be9c 5d80ea2504e6400d9538295a00471c07 - - default default] 10.0.0.24 "GET /v2.0/security-groups?tenant_id=a9e3249daf864550a3b8ac4f3409fd62&name=default HTTP/1.1" status: 200 len: 2996 time: 0.2823067
2026-07-14 11:43:11.386 9 INFO neutron.wsgi [None req-6e5b2d2e-dfff-419b-a991-b292bbc8e538 0a418eaf640c46418b7dff15bc24f8fd accad997ad7e4d3aaae920dabe217222 - - default default] 10.0.0.24 "GET /v2.0/ports?network_id=52a9edac-555b-4faa-9678-e02cc9bb4cbb&mac_address=fa%3A16%3A3e%3A94%3Ad5%3Af1 HTTP/1.1" status: 200 len: 1399 time: 0.1175573
2026-07-14 11:43:11.482 10 INFO neutron.notifiers.nova [-] Nova event matching ['req-29982826-025b-4e85-9a07-9ed24a2e2a7c'] response: {'server_uuid': '79511d01-c160-43bd-891a-3422c4fb9483', 'name': 'network-vif-plugged', 'status': 'completed', 'tag': '3722cb71-f0a3-484d-8df6-e6c83e4568b1', 'code': 200}
2026-07-14 11:43:11.590 10 INFO neutron.wsgi [None req-c3c6d26c-0492-4311-87f5-fd15d7e2acf3 e820eb7e754441859d3dfd86f088be9c 5d80ea2504e6400d9538295a00471c07 - - default default] 10.0.0.24 "DELETE /v2.0/security-groups/7c8ebd73-1bf9-412f-b761-4dc6d7537034 HTTP/1.1" status: 204 len: 168 time: 0.2932413
2026-07-14 11:43:11.739 10 WARNING neutron.scheduler.dhcp_agent_scheduler [None req-256f1f6e-4a47-43de-b305-69346bbb40aa 0a418eaf640c46418b7dff15bc24f8fd accad997ad7e4d3aaae920dabe217222 - - default default] No more DHCP agents
2026-07-14 11:43:11.741 10 WARNING neutron.api.rpc.agentnotifiers.dhcp_rpc_agent_api [None req-256f1f6e-4a47-43de-b305-69346bbb40aa 0a418eaf640c46418b7dff15bc24f8fd accad997ad7e4d3aaae920dabe217222 - - default default] Unable to schedule network 91d2a21b-e0ad-496c-85dc-0a4fa055edab: no agents available; will retry on subsequent port and subnet creation events.
2026-07-14 11:43:12.145 10 INFO neutron.db.l3_db [None req-256f1f6e-4a47-43de-b305-69346bbb40aa 0a418eaf640c46418b7dff15bc24f8fd accad997ad7e4d3aaae920dabe217222 - - default default] Floating IP 264b0524-1977-4d76-ab0a-ffa169deb1a3 associated. External IP: 10.96.250.218, port: 3722cb71-f0a3-484d-8df6-e6c83e4568b1.
2026-07-14 11:43:12.377 10 INFO neutron.db.ovn_revision_numbers_db [None req-256f1f6e-4a47-43de-b305-69346bbb40aa 0a418eaf640c46418b7dff15bc24f8fd accad997ad7e4d3aaae920dabe217222 - - default default] Successfully bumped revision number for resource 264b0524-1977-4d76-ab0a-ffa169deb1a3 (type: floatingips) to 0
