2026-07-14 11:42:30.740 9 WARNING neutron.api.rpc.agentnotifiers.dhcp_rpc_agent_api [None req-bb5ca445-1165-45fa-a4ab-738a04bbe879 e820eb7e754441859d3dfd86f088be9c 5d80ea2504e6400d9538295a00471c07 - - default default] Unable to schedule network 91d2a21b-e0ad-496c-85dc-0a4fa055edab: no agents available; will retry on subsequent port and subnet creation events.
2026-07-14 11:42:30.896 9 INFO neutron.db.ovn_revision_numbers_db [None req-bb5ca445-1165-45fa-a4ab-738a04bbe879 e820eb7e754441859d3dfd86f088be9c 5d80ea2504e6400d9538295a00471c07 - - default default] Successfully bumped revision number for resource 02769420-b1ef-4373-8c72-7f8ea669724c (type: ports) to 1
2026-07-14 11:42:31.509 10 INFO neutron.plugins.ml2.drivers.ovn.mech_driver.mech_driver [None req-bce252a6-e8d4-4e60-89b6-69e113a9828b - - - - - -] OVN reports status up for port: 02769420-b1ef-4373-8c72-7f8ea669724c
2026-07-14 11:42:31.530 10 INFO neutron.plugins.ml2.plugin [None req-bce252a6-e8d4-4e60-89b6-69e113a9828b - - - - - -] Attempt 1 to provision port 02769420-b1ef-4373-8c72-7f8ea669724c
2026-07-14 11:42:31.558 9 INFO neutron.plugins.ml2.drivers.ovn.mech_driver.ovsdb.ovsdb_monitor [None req-f7e6df92-cc67-4fd1-ae22-8685835f486f - - - - - -] Router 8fe46497-319c-4e52-96fc-e73da474ee8f is bound to host instance
2026-07-14 11:42:31.576 9 INFO neutron.db.ovn_revision_numbers_db [None req-bb5ca445-1165-45fa-a4ab-738a04bbe879 e820eb7e754441859d3dfd86f088be9c 5d80ea2504e6400d9538295a00471c07 - - default default] Successfully bumped revision number for resource 02769420-b1ef-4373-8c72-7f8ea669724c (type: router_ports) to 1
2026-07-14 11:42:31.665 9 INFO neutron.db.ovn_revision_numbers_db [None req-bb5ca445-1165-45fa-a4ab-738a04bbe879 e820eb7e754441859d3dfd86f088be9c 5d80ea2504e6400d9538295a00471c07 - - default default] Successfully bumped revision number for resource 8fe46497-319c-4e52-96fc-e73da474ee8f (type: routers) to 2
2026-07-14 11:42:31.686 9 INFO neutron.wsgi [None req-bb5ca445-1165-45fa-a4ab-738a04bbe879 e820eb7e754441859d3dfd86f088be9c 5d80ea2504e6400d9538295a00471c07 - - default default] 10.0.0.24 "POST /v2.0/routers HTTP/1.1" status: 201 len: 874 time: 1.4397464
2026-07-14 11:42:32.140 10 WARNING neutron.scheduler.dhcp_agent_scheduler [None req-ce6d8195-d6dc-4efb-ae8a-206681ff30a9 e820eb7e754441859d3dfd86f088be9c 5d80ea2504e6400d9538295a00471c07 - - default default] No more DHCP agents
2026-07-14 11:42:32.144 10 WARNING neutron.api.rpc.agentnotifiers.dhcp_rpc_agent_api [None req-ce6d8195-d6dc-4efb-ae8a-206681ff30a9 e820eb7e754441859d3dfd86f088be9c 5d80ea2504e6400d9538295a00471c07 - - default default] Unable to schedule network 4a21e2fe-8f19-4c40-9d7b-fc8d62231ba9: no agents available; will retry on subsequent port and subnet creation events.
2026-07-14 11:42:32.169 9 INFO neutron.db.ovn_revision_numbers_db [None req-f7e6df92-cc67-4fd1-ae22-8685835f486f - - - - - -] Successfully bumped revision number for resource 02769420-b1ef-4373-8c72-7f8ea669724c (type: ports) to 1
2026-07-14 11:42:32.332 10 INFO neutron.db.ovn_revision_numbers_db [None req-ce6d8195-d6dc-4efb-ae8a-206681ff30a9 e820eb7e754441859d3dfd86f088be9c 5d80ea2504e6400d9538295a00471c07 - - default default] Successfully bumped revision number for resource 8a10b549-3593-4c33-8221-78dd75ec47b4 (type: ports) to 1
2026-07-14 11:42:32.515 9 INFO neutron.db.ovn_revision_numbers_db [None req-f7e6df92-cc67-4fd1-ae22-8685835f486f - - - - - -] Successfully bumped revision number for resource 02769420-b1ef-4373-8c72-7f8ea669724c (type: router_ports) to 3
2026-07-14 11:42:32.671 9 INFO neutron.db.ovn_revision_numbers_db [None req-f7e6df92-cc67-4fd1-ae22-8685835f486f - - - - - -] Successfully bumped revision number for resource 02769420-b1ef-4373-8c72-7f8ea669724c (type: ports) to 2
2026-07-14 11:42:32.833 9 INFO neutron.plugins.ml2.drivers.ovn.mech_driver.mech_driver [None req-c1242a75-d02a-4fc2-b5c7-5567aded73f5 - - - - - -] OVN reports status up for port: 8a10b549-3593-4c33-8221-78dd75ec47b4
2026-07-14 11:42:32.849 9 INFO neutron.plugins.ml2.plugin [None req-c1242a75-d02a-4fc2-b5c7-5567aded73f5 - - - - - -] Attempt 1 to provision port 8a10b549-3593-4c33-8221-78dd75ec47b4
2026-07-14 11:42:32.857 10 INFO neutron.db.ovn_revision_numbers_db [None req-ce6d8195-d6dc-4efb-ae8a-206681ff30a9 e820eb7e754441859d3dfd86f088be9c 5d80ea2504e6400d9538295a00471c07 - - default default] Successfully bumped revision number for resource 8a10b549-3593-4c33-8221-78dd75ec47b4 (type: router_ports) to 1
2026-07-14 11:42:32.924 9 INFO neutron.db.ovn_revision_numbers_db [None req-f7e6df92-cc67-4fd1-ae22-8685835f486f - - - - - -] Successfully bumped revision number for resource 02769420-b1ef-4373-8c72-7f8ea669724c (type: ports) to 4
2026-07-14 11:42:33.040 10 INFO neutron.db.ovn_revision_numbers_db [None req-ce6d8195-d6dc-4efb-ae8a-206681ff30a9 e820eb7e754441859d3dfd86f088be9c 5d80ea2504e6400d9538295a00471c07 - - default default] Successfully bumped revision number for resource 8a10b549-3593-4c33-8221-78dd75ec47b4 (type: ports) to 1
2026-07-14 11:42:33.109 10 WARNING neutron.scheduler.dhcp_agent_scheduler [None req-ce6d8195-d6dc-4efb-ae8a-206681ff30a9 e820eb7e754441859d3dfd86f088be9c 5d80ea2504e6400d9538295a00471c07 - - default default] No more DHCP agents
2026-07-14 11:42:33.111 10 WARNING neutron.api.rpc.agentnotifiers.dhcp_rpc_agent_api [None req-ce6d8195-d6dc-4efb-ae8a-206681ff30a9 e820eb7e754441859d3dfd86f088be9c 5d80ea2504e6400d9538295a00471c07 - - default default] Unable to schedule network 4a21e2fe-8f19-4c40-9d7b-fc8d62231ba9: no agents available; will retry on subsequent port and subnet creation events.
2026-07-14 11:42:33.551 9 INFO neutron.db.ovn_revision_numbers_db [None req-f7e6df92-cc67-4fd1-ae22-8685835f486f - - - - - -] Successfully bumped revision number for resource 02769420-b1ef-4373-8c72-7f8ea669724c (type: router_ports) to 4
2026-07-14 11:42:33.567 9 INFO neutron.db.ovn_revision_numbers_db [None req-c1242a75-d02a-4fc2-b5c7-5567aded73f5 - - - - - -] Successfully bumped revision number for resource 8a10b549-3593-4c33-8221-78dd75ec47b4 (type: ports) to 2
2026-07-14 11:42:33.694 9 INFO neutron.db.ovn_revision_numbers_db [None req-c1242a75-d02a-4fc2-b5c7-5567aded73f5 - - - - - -] Successfully bumped revision number for resource 8a10b549-3593-4c33-8221-78dd75ec47b4 (type: router_ports) to 2
2026-07-14 11:42:33.826 10 INFO neutron.db.ovn_revision_numbers_db [None req-ce6d8195-d6dc-4efb-ae8a-206681ff30a9 e820eb7e754441859d3dfd86f088be9c 5d80ea2504e6400d9538295a00471c07 - - default default] Successfully bumped revision number for resource 8a10b549-3593-4c33-8221-78dd75ec47b4 (type: router_ports) to 2
2026-07-14 11:42:33.829 10 INFO neutron.wsgi [None req-ce6d8195-d6dc-4efb-ae8a-206681ff30a9 e820eb7e754441859d3dfd86f088be9c 5d80ea2504e6400d9538295a00471c07 - - default default] 10.0.0.24 "PUT /v2.0/routers/8fe46497-319c-4e52-96fc-e73da474ee8f/add_router_interface HTTP/1.1" status: 200 len: 503 time: 2.1341760
2026-07-14 11:42:33.934 9 INFO neutron.wsgi [-] 10.0.0.11 "GET / HTTP/1.1" status: 200 len: 246 time: 0.0028443
2026-07-14 11:42:33.936 10 INFO neutron.wsgi [-] 10.0.0.11 "GET / HTTP/1.1" status: 200 len: 246 time: 0.0036860
2026-07-14 11:42:36.286 9 INFO neutron.wsgi [req-4f6e8d12-9fb8-4c65-9b70-141b4fdb35b9 req-a3bae7a6-a27d-4784-a4aa-864bb221cdbf d46a1005d835450ba3546f9b9f235765 a8188f4ca0644f9e9da15d3f2e412dd7 - - default default] 10.0.0.47 "GET /v2.0/networks?id=4a21e2fe-8f19-4c40-9d7b-fc8d62231ba9 HTTP/1.1" status: 200 len: 872 time: 0.0710604
2026-07-14 11:42:36.319 9 INFO neutron.wsgi [req-4f6e8d12-9fb8-4c65-9b70-141b4fdb35b9 req-5eca9197-9df6-4b3d-ace4-5bbf170b31aa d46a1005d835450ba3546f9b9f235765 a8188f4ca0644f9e9da15d3f2e412dd7 - - default default] 10.0.0.47 "GET /v2.0/quotas/a8188f4ca0644f9e9da15d3f2e412dd7 HTTP/1.1" status: 200 len: 386 time: 0.0255382
2026-07-14 11:42:36.426 9 INFO neutron.wsgi [req-4f6e8d12-9fb8-4c65-9b70-141b4fdb35b9 req-5271e110-3ae7-4603-b41c-b274e4f88e31 d46a1005d835450ba3546f9b9f235765 a8188f4ca0644f9e9da15d3f2e412dd7 - - default default] 10.0.0.47 "GET /v2.0/ports?tenant_id=a8188f4ca0644f9e9da15d3f2e412dd7&fields=id HTTP/1.1" status: 200 len: 302 time: 0.0995514
2026-07-14 11:42:36.519 9 INFO neutron.wsgi [req-4f6e8d12-9fb8-4c65-9b70-141b4fdb35b9 req-34320005-1cb9-4414-8cfc-2228f445e8cc 510ec922fc0a4c2daf74f2b7376f9572 007b620f9f02429dbfe1620e7e0729be - - fd004ce52a97444eaaca329ac57bdc02 fd004ce52a97444eaaca329ac57bdc02] 10.0.0.47 "GET /v2.0/networks/4a21e2fe-8f19-4c40-9d7b-fc8d62231ba9?fields=segments HTTP/1.1" status: 200 len: 212 time: 0.0873947
2026-07-14 11:42:36.579 10 INFO neutron.db.ovn_revision_numbers_db [None req-c11228e0-06e0-4936-a07f-407c3f8855b8 e820eb7e754441859d3dfd86f088be9c 5d80ea2504e6400d9538295a00471c07 - - default default] Successfully bumped revision number for resource e50de026-f530-411c-81ab-058744b39a95 (type: security_groups) to 1
2026-07-14 11:42:36.596 10 INFO neutron.db.ovn_revision_numbers_db [None req-c11228e0-06e0-4936-a07f-407c3f8855b8 e820eb7e754441859d3dfd86f088be9c 5d80ea2504e6400d9538295a00471c07 - - default default] Successfully bumped revision number for resource 1d837639-e7fc-49ee-8b82-960bd301a78c (type: security_group_rules) to 0
2026-07-14 11:42:36.605 9 INFO neutron.wsgi [req-4f6e8d12-9fb8-4c65-9b70-141b4fdb35b9 req-71d0478d-47ee-4a59-85b3-a20157397c73 510ec922fc0a4c2daf74f2b7376f9572 007b620f9f02429dbfe1620e7e0729be - - fd004ce52a97444eaaca329ac57bdc02 fd004ce52a97444eaaca329ac57bdc02] 10.0.0.47 "GET /v2.0/networks/4a21e2fe-8f19-4c40-9d7b-fc8d62231ba9?fields=provider%3Aphysical_network&fields=provider%3Anetwork_type HTTP/1.1" status: 200 len: 277 time: 0.0739176
2026-07-14 11:42:36.607 10 INFO neutron.db.ovn_revision_numbers_db [None req-c11228e0-06e0-4936-a07f-407c3f8855b8 e820eb7e754441859d3dfd86f088be9c 5d80ea2504e6400d9538295a00471c07 - - default default] Successfully bumped revision number for resource 2fc860e3-98e3-4e48-af40-dce0d66b5013 (type: security_group_rules) to 0
2026-07-14 11:42:36.631 10 INFO neutron.db.ovn_revision_numbers_db [None req-c11228e0-06e0-4936-a07f-407c3f8855b8 e820eb7e754441859d3dfd86f088be9c 5d80ea2504e6400d9538295a00471c07 - - default default] Successfully bumped revision number for resource cc365eef-a7a1-4bf7-9ad4-c59a3d3daba8 (type: security_group_rules) to 0
2026-07-14 11:42:36.647 10 INFO neutron.db.ovn_revision_numbers_db [None req-c11228e0-06e0-4936-a07f-407c3f8855b8 e820eb7e754441859d3dfd86f088be9c 5d80ea2504e6400d9538295a00471c07 - - default default] Successfully bumped revision number for resource e2a47ad7-42d8-4386-ac45-8f6c0c5e019f (type: security_group_rules) to 0
2026-07-14 11:42:36.671 10 INFO neutron.wsgi [None req-c11228e0-06e0-4936-a07f-407c3f8855b8 e820eb7e754441859d3dfd86f088be9c 5d80ea2504e6400d9538295a00471c07 - - default default] 10.0.0.24 "GET /v2.0/security-groups?tenant_id=7742952af9044cf5a416a85f38a1e09b&name=default HTTP/1.1" status: 200 len: 2996 time: 0.3359079
2026-07-14 11:42:36.760 10 INFO neutron.wsgi [req-b2d46fea-d73c-4581-a5ee-4a3972149c2e req-47548459-a898-4f93-bd03-b294d634932e d46a1005d835450ba3546f9b9f235765 a8188f4ca0644f9e9da15d3f2e412dd7 - - default default] 10.0.0.47 "GET /v2.0/ports?device_id=c7a829b0-f8a1-46d1-b284-aa2039e062f2 HTTP/1.1" status: 200 len: 210 time: 0.0203991
2026-07-14 11:42:36.916 10 INFO neutron.wsgi [None req-8161068c-e172-4584-9f05-c12a186511ca e820eb7e754441859d3dfd86f088be9c 5d80ea2504e6400d9538295a00471c07 - - default default] 10.0.0.24 "DELETE /v2.0/security-groups/e50de026-f530-411c-81ab-058744b39a95 HTTP/1.1" status: 204 len: 168 time: 0.2369802
2026-07-14 11:42:37.268 9 INFO neutron.db.ovn_revision_numbers_db [None req-9ba64f56-cc6b-464f-87f3-ca85a760cf89 e820eb7e754441859d3dfd86f088be9c 5d80ea2504e6400d9538295a00471c07 - - default default] Successfully bumped revision number for resource d95840b5-3747-4d97-896e-546de4dc9c5c (type: security_groups) to 1
2026-07-14 11:42:37.288 9 INFO neutron.db.ovn_revision_numbers_db [None req-9ba64f56-cc6b-464f-87f3-ca85a760cf89 e820eb7e754441859d3dfd86f088be9c 5d80ea2504e6400d9538295a00471c07 - - default default] Successfully bumped revision number for resource 4218ebe8-ec62-4359-b5c6-4adf97de030c (type: security_group_rules) to 0
2026-07-14 11:42:37.306 9 INFO neutron.db.ovn_revision_numbers_db [None req-9ba64f56-cc6b-464f-87f3-ca85a760cf89 e820eb7e754441859d3dfd86f088be9c 5d80ea2504e6400d9538295a00471c07 - - default default] Successfully bumped revision number for resource 9367c5dc-ca7f-4c22-85c9-44b2f2aae28f (type: security_group_rules) to 0
2026-07-14 11:42:37.319 9 INFO neutron.db.ovn_revision_numbers_db [None req-9ba64f56-cc6b-464f-87f3-ca85a760cf89 e820eb7e754441859d3dfd86f088be9c 5d80ea2504e6400d9538295a00471c07 - - default default] Successfully bumped revision number for resource a467ae2d-e779-4b76-8002-9ea400048edd (type: security_group_rules) to 0
2026-07-14 11:42:37.332 9 INFO neutron.db.ovn_revision_numbers_db [None req-9ba64f56-cc6b-464f-87f3-ca85a760cf89 e820eb7e754441859d3dfd86f088be9c 5d80ea2504e6400d9538295a00471c07 - - default default] Successfully bumped revision number for resource e70c45ec-2554-4c34-a038-84fbbd739fad (type: security_group_rules) to 0
2026-07-14 11:42:37.354 9 INFO neutron.wsgi [None req-9ba64f56-cc6b-464f-87f3-ca85a760cf89 e820eb7e754441859d3dfd86f088be9c 5d80ea2504e6400d9538295a00471c07 - - default default] 10.0.0.24 "GET /v2.0/security-groups?tenant_id=c338d6de88b748009ba725c98e8d5b9c&name=default HTTP/1.1" status: 200 len: 2996 time: 0.2174802
2026-07-14 11:42:37.530 9 INFO neutron.wsgi [req-4f6e8d12-9fb8-4c65-9b70-141b4fdb35b9 req-0d741461-66e4-41d1-a735-3009fcaa1b53 d46a1005d835450ba3546f9b9f235765 a8188f4ca0644f9e9da15d3f2e412dd7 - - default default] 199.204.45.3 "GET /v2.0/networks?id=4a21e2fe-8f19-4c40-9d7b-fc8d62231ba9 HTTP/1.1" status: 200 len: 872 time: 0.0983846
2026-07-14 11:42:37.664 9 INFO neutron.wsgi [None req-ffc05f08-7c20-4394-9b35-58cfd457a775 e820eb7e754441859d3dfd86f088be9c 5d80ea2504e6400d9538295a00471c07 - - default default] 10.0.0.24 "DELETE /v2.0/security-groups/d95840b5-3747-4d97-896e-546de4dc9c5c HTTP/1.1" status: 204 len: 168 time: 0.3053737
2026-07-14 11:42:37.852 9 INFO neutron.wsgi [req-23dc6c2a-6e82-4d09-83aa-e068ac38f774 req-c39817e0-428f-45b8-8276-a53d87b808e4 d46a1005d835450ba3546f9b9f235765 a8188f4ca0644f9e9da15d3f2e412dd7 - - default default] 10.0.0.47 "GET /v2.0/ports?device_id=c7a829b0-f8a1-46d1-b284-aa2039e062f2 HTTP/1.1" status: 200 len: 210 time: 0.0224457
2026-07-14 11:42:37.904 9 WARNING neutron.scheduler.dhcp_agent_scheduler [req-4f6e8d12-9fb8-4c65-9b70-141b4fdb35b9 req-8ac7b437-e6ec-4b2e-b555-0d179a2bd432 d46a1005d835450ba3546f9b9f235765 a8188f4ca0644f9e9da15d3f2e412dd7 - - default default] No more DHCP agents
2026-07-14 11:42:37.905 9 WARNING neutron.api.rpc.agentnotifiers.dhcp_rpc_agent_api [req-4f6e8d12-9fb8-4c65-9b70-141b4fdb35b9 req-8ac7b437-e6ec-4b2e-b555-0d179a2bd432 d46a1005d835450ba3546f9b9f235765 a8188f4ca0644f9e9da15d3f2e412dd7 - - default default] Unable to schedule network 4a21e2fe-8f19-4c40-9d7b-fc8d62231ba9: no agents available; will retry on subsequent port and subnet creation events.
2026-07-14 11:42:38.091 9 INFO neutron.db.ovn_revision_numbers_db [req-4f6e8d12-9fb8-4c65-9b70-141b4fdb35b9 req-8ac7b437-e6ec-4b2e-b555-0d179a2bd432 d46a1005d835450ba3546f9b9f235765 a8188f4ca0644f9e9da15d3f2e412dd7 - - default default] Successfully bumped revision number for resource 51dacf76-6236-4809-9ee5-ee41ce37c5ab (type: ports) to 1
2026-07-14 11:42:38.115 9 INFO neutron.wsgi [req-4f6e8d12-9fb8-4c65-9b70-141b4fdb35b9 req-8ac7b437-e6ec-4b2e-b555-0d179a2bd432 d46a1005d835450ba3546f9b9f235765 a8188f4ca0644f9e9da15d3f2e412dd7 - - default default] 199.204.45.3 "POST /v2.0/ports HTTP/1.1" status: 201 len: 1158 time: 0.5739393 /var/lib/openstack/lib/python3.10/site-packages/pycadf/identifier.py:71: UserWarning: Invalid uuid: neutron. To ensure interoperability, identifiers should be a valid uuid. warnings.warn(('Invalid uuid: %s. To ensure interoperability, '
2026-07-14 11:42:38.245 10 INFO neutron.db.ovn_revision_numbers_db [None req-7eb47c1f-4dbb-4a45-90e6-db9c54e20c57 0a418eaf640c46418b7dff15bc24f8fd accad997ad7e4d3aaae920dabe217222 - - default default] Successfully bumped revision number for resource 65738e62-c715-4420-a3a9-f6134146d8c0 (type: security_groups) to 1
2026-07-14 11:42:38.259 10 INFO neutron.db.ovn_revision_numbers_db [None req-7eb47c1f-4dbb-4a45-90e6-db9c54e20c57 0a418eaf640c46418b7dff15bc24f8fd accad997ad7e4d3aaae920dabe217222 - - default default] Successfully bumped revision number for resource 0b212b0d-2e45-4e09-9f9c-17761e698799 (type: security_group_rules) to 0
2026-07-14 11:42:38.272 10 INFO neutron.db.ovn_revision_numbers_db [None req-7eb47c1f-4dbb-4a45-90e6-db9c54e20c57 0a418eaf640c46418b7dff15bc24f8fd accad997ad7e4d3aaae920dabe217222 - - default default] Successfully bumped revision number for resource 12b880fd-a515-4b28-978d-7c7145910352 (type: security_group_rules) to 0
2026-07-14 11:42:38.302 10 INFO neutron.db.ovn_revision_numbers_db [None req-7eb47c1f-4dbb-4a45-90e6-db9c54e20c57 0a418eaf640c46418b7dff15bc24f8fd accad997ad7e4d3aaae920dabe217222 - - default default] Successfully bumped revision number for resource 227d5cb5-4179-4a64-b336-774b1b00fb2b (type: security_group_rules) to 0
2026-07-14 11:42:38.315 10 INFO neutron.db.ovn_revision_numbers_db [None req-7eb47c1f-4dbb-4a45-90e6-db9c54e20c57 0a418eaf640c46418b7dff15bc24f8fd accad997ad7e4d3aaae920dabe217222 - - default default] Successfully bumped revision number for resource 95eec843-1432-485f-bff7-f0c26510d8bf (type: security_group_rules) to 0
2026-07-14 11:42:38.370 10 INFO neutron.db.segments_db [None req-7eb47c1f-4dbb-4a45-90e6-db9c54e20c57 0a418eaf640c46418b7dff15bc24f8fd accad997ad7e4d3aaae920dabe217222 - - default default] Added segment 9fc912ee-8592-49e1-a147-3516db1cc2d6 of type geneve for network 63f4ea5f-e9ed-4d41-91a0-b93707f53ab3
2026-07-14 11:42:38.551 10 INFO neutron.db.ovn_revision_numbers_db [None req-7eb47c1f-4dbb-4a45-90e6-db9c54e20c57 0a418eaf640c46418b7dff15bc24f8fd accad997ad7e4d3aaae920dabe217222 - - default default] Successfully bumped revision number for resource 63f4ea5f-e9ed-4d41-91a0-b93707f53ab3 (type: networks) to 1
2026-07-14 11:42:38.563 9 INFO neutron.db.ovn_revision_numbers_db [req-4f6e8d12-9fb8-4c65-9b70-141b4fdb35b9 req-6a21aec8-a83b-40a9-a3c5-9d15c11d573b 510ec922fc0a4c2daf74f2b7376f9572 007b620f9f02429dbfe1620e7e0729be - - fd004ce52a97444eaaca329ac57bdc02 fd004ce52a97444eaaca329ac57bdc02] Successfully bumped revision number for resource 51dacf76-6236-4809-9ee5-ee41ce37c5ab (type: ports) to 2
2026-07-14 11:42:38.737 10 WARNING neutron.scheduler.dhcp_agent_scheduler [None req-7eb47c1f-4dbb-4a45-90e6-db9c54e20c57 0a418eaf640c46418b7dff15bc24f8fd accad997ad7e4d3aaae920dabe217222 - - default default] No more DHCP agents
2026-07-14 11:42:38.742 10 WARNING neutron.api.rpc.agentnotifiers.dhcp_rpc_agent_api [None req-7eb47c1f-4dbb-4a45-90e6-db9c54e20c57 0a418eaf640c46418b7dff15bc24f8fd accad997ad7e4d3aaae920dabe217222 - - default default] Unable to schedule network 63f4ea5f-e9ed-4d41-91a0-b93707f53ab3: no agents available; will retry on subsequent port and subnet creation events.
2026-07-14 11:42:38.787 9 INFO neutron.db.ovn_revision_numbers_db [req-4f6e8d12-9fb8-4c65-9b70-141b4fdb35b9 req-6a21aec8-a83b-40a9-a3c5-9d15c11d573b 510ec922fc0a4c2daf74f2b7376f9572 007b620f9f02429dbfe1620e7e0729be - - fd004ce52a97444eaaca329ac57bdc02 fd004ce52a97444eaaca329ac57bdc02] Successfully bumped revision number for resource 51dacf76-6236-4809-9ee5-ee41ce37c5ab (type: ports) to 2
2026-07-14 11:42:38.806 9 INFO neutron.wsgi [req-4f6e8d12-9fb8-4c65-9b70-141b4fdb35b9 req-6a21aec8-a83b-40a9-a3c5-9d15c11d573b 510ec922fc0a4c2daf74f2b7376f9572 007b620f9f02429dbfe1620e7e0729be - - fd004ce52a97444eaaca329ac57bdc02 fd004ce52a97444eaaca329ac57bdc02] 199.204.45.3 "PUT /v2.0/ports/51dacf76-6236-4809-9ee5-ee41ce37c5ab HTTP/1.1" status: 200 len: 1376 time: 0.6846812
2026-07-14 11:42:38.823 10 INFO neutron.db.ovn_revision_numbers_db [None req-7eb47c1f-4dbb-4a45-90e6-db9c54e20c57 0a418eaf640c46418b7dff15bc24f8fd accad997ad7e4d3aaae920dabe217222 - - default default] Successfully bumped revision number for resource c8b7fe90-2e16-45a1-9c0f-4f65b6195ebe (type: ports) to 1
2026-07-14 11:42:38.856 9 INFO neutron.notifiers.nova [-] Nova event matching ['req-e8528d56-d37b-4727-a37c-7a72df6e94c5'] response: {'name': 'network-changed', 'server_uuid': 'c7a829b0-f8a1-46d1-b284-aa2039e062f2', 'tag': '51dacf76-6236-4809-9ee5-ee41ce37c5ab', 'status': 'completed', 'code': 200} /var/lib/openstack/lib/python3.10/site-packages/pycadf/identifier.py:71: UserWarning: Invalid uuid: neutron. To ensure interoperability, identifiers should be a valid uuid. warnings.warn(('Invalid uuid: %s. To ensure interoperability, '
2026-07-14 11:42:38.878 10 INFO neutron.wsgi [None req-7eb47c1f-4dbb-4a45-90e6-db9c54e20c57 0a418eaf640c46418b7dff15bc24f8fd accad997ad7e4d3aaae920dabe217222 - - default default] 10.0.0.24 "POST /v2.0/networks HTTP/1.1" status: 201 len: 838 time: 0.9449215
2026-07-14 11:42:38.896 9 INFO neutron.wsgi [req-4f6e8d12-9fb8-4c65-9b70-141b4fdb35b9 req-41baa21b-fed9-4a20-ae71-be70da585a52 510ec922fc0a4c2daf74f2b7376f9572 007b620f9f02429dbfe1620e7e0729be - - fd004ce52a97444eaaca329ac57bdc02 fd004ce52a97444eaaca329ac57bdc02] 199.204.45.3 "GET /v2.0/ports?tenant_id=a8188f4ca0644f9e9da15d3f2e412dd7&device_id=c7a829b0-f8a1-46d1-b284-aa2039e062f2 HTTP/1.1" status: 200 len: 1407 time: 0.0359271
2026-07-14 11:42:38.921 9 INFO neutron.wsgi [req-4f6e8d12-9fb8-4c65-9b70-141b4fdb35b9 req-1733528c-4d57-4939-bcbe-e2750b0f9c46 510ec922fc0a4c2daf74f2b7376f9572 007b620f9f02429dbfe1620e7e0729be - - fd004ce52a97444eaaca329ac57bdc02 fd004ce52a97444eaaca329ac57bdc02] 199.204.45.3 "GET /v2.0/floatingips?fixed_ip_address=10.100.0.6&port_id=51dacf76-6236-4809-9ee5-ee41ce37c5ab HTTP/1.1" status: 200 len: 217 time: 0.0156696
2026-07-14 11:42:38.972 9 INFO neutron.wsgi [req-8ba5534f-e364-47ae-bd4b-57bcc9041dc3 req-fba448b8-0973-4a23-b290-15a02063dd21 d46a1005d835450ba3546f9b9f235765 a8188f4ca0644f9e9da15d3f2e412dd7 - - default default] 10.0.0.47 "GET /v2.0/ports?device_id=c7a829b0-f8a1-46d1-b284-aa2039e062f2 HTTP/1.1" status: 200 len: 1168 time: 0.0531380
2026-07-14 11:42:38.975 9 INFO neutron.wsgi [req-4f6e8d12-9fb8-4c65-9b70-141b4fdb35b9 req-db4f59a5-e3ff-45ed-bcbf-4cbeb8916e7d 510ec922fc0a4c2daf74f2b7376f9572 007b620f9f02429dbfe1620e7e0729be - - fd004ce52a97444eaaca329ac57bdc02 fd004ce52a97444eaaca329ac57bdc02] 199.204.45.3 "GET /v2.0/subnets?id=24d019cb-c827-4fa4-8269-0e4204c1318d HTTP/1.1" status: 200 len: 866 time: 0.0482001
2026-07-14 11:42:38.975 9 WARNING neutron.plugins.ml2.drivers.ovn.mech_driver.ovsdb.ovn_client [None req-c1242a75-d02a-4fc2-b5c7-5567aded73f5 - - - - - -] No hosting information found for port 8a10b549-3593-4c33-8221-78dd75ec47b4: RuntimeError: No hosting information found for port 8a10b549-3593-4c33-8221-78dd75ec47b4
2026-07-14 11:42:39.002 9 INFO neutron.wsgi [req-4f6e8d12-9fb8-4c65-9b70-141b4fdb35b9 req-147472dc-b5f9-43b8-aa34-af3acea378a7 510ec922fc0a4c2daf74f2b7376f9572 007b620f9f02429dbfe1620e7e0729be - - fd004ce52a97444eaaca329ac57bdc02 fd004ce52a97444eaaca329ac57bdc02] 199.204.45.3 "GET /v2.0/ports?network_id=4a21e2fe-8f19-4c40-9d7b-fc8d62231ba9&device_owner=network%3Adhcp HTTP/1.1" status: 200 len: 210 time: 0.0201273
2026-07-14 11:42:39.061 9 INFO neutron.wsgi [req-8ba5534f-e364-47ae-bd4b-57bcc9041dc3 req-355d3fc8-c446-412d-8938-0c8726183566 d46a1005d835450ba3546f9b9f235765 a8188f4ca0644f9e9da15d3f2e412dd7 - - default default] 10.0.0.47 "GET /v2.0/security-groups?id=34f05290-cbee-417a-ac26-4757605678e3&fields=id&fields=name HTTP/1.1" status: 200 len: 286 time: 0.0790267
2026-07-14 11:42:39.082 9 INFO neutron.wsgi [req-4f6e8d12-9fb8-4c65-9b70-141b4fdb35b9 req-f6929eb1-d245-4aab-bcd4-136fdaac9fee 510ec922fc0a4c2daf74f2b7376f9572 007b620f9f02429dbfe1620e7e0729be - - fd004ce52a97444eaaca329ac57bdc02 fd004ce52a97444eaaca329ac57bdc02] 199.204.45.3 "GET /v2.0/networks/4a21e2fe-8f19-4c40-9d7b-fc8d62231ba9?fields=segments HTTP/1.1" status: 200 len: 212 time: 0.0700176
2026-07-14 11:42:39.138 9 INFO neutron.wsgi [req-4f6e8d12-9fb8-4c65-9b70-141b4fdb35b9 req-832db1d1-64a9-4f36-bdfd-b4121bf76dbb 510ec922fc0a4c2daf74f2b7376f9572 007b620f9f02429dbfe1620e7e0729be - - fd004ce52a97444eaaca329ac57bdc02 fd004ce52a97444eaaca329ac57bdc02] 199.204.45.3 "GET /v2.0/networks/4a21e2fe-8f19-4c40-9d7b-fc8d62231ba9?fields=provider%3Aphysical_network&fields=provider%3Anetwork_type HTTP/1.1" status: 200 len: 277 time: 0.0498567
2026-07-14 11:42:39.165 10 WARNING neutron.scheduler.dhcp_agent_scheduler [None req-d1e5274d-c791-4a8a-90c7-d784b2cb3e6c 0a418eaf640c46418b7dff15bc24f8fd accad997ad7e4d3aaae920dabe217222 - - default default] No more DHCP agents
2026-07-14 11:42:39.171 10 WARNING neutron.api.rpc.agentnotifiers.dhcp_rpc_agent_api [None req-d1e5274d-c791-4a8a-90c7-d784b2cb3e6c 0a418eaf640c46418b7dff15bc24f8fd accad997ad7e4d3aaae920dabe217222 - - default default] Unable to schedule network 63f4ea5f-e9ed-4d41-91a0-b93707f53ab3: no agents available; will retry on subsequent port and subnet creation events.
2026-07-14 11:42:39.218 9 INFO neutron.wsgi [req-ed6da518-37ff-48dc-a67b-54814c3d7025 req-8363eab6-3407-4a43-9e1e-70c23ec6b52e 510ec922fc0a4c2daf74f2b7376f9572 007b620f9f02429dbfe1620e7e0729be - - fd004ce52a97444eaaca329ac57bdc02 fd004ce52a97444eaaca329ac57bdc02] 199.204.45.3 "GET /v2.0/ports?tenant_id=a8188f4ca0644f9e9da15d3f2e412dd7&device_id=c7a829b0-f8a1-46d1-b284-aa2039e062f2 HTTP/1.1" status: 200 len: 1407 time: 0.0382419
2026-07-14 11:42:39.291 9 INFO neutron.wsgi [req-ed6da518-37ff-48dc-a67b-54814c3d7025 req-146d9850-ad78-4119-bc32-2e9b98adc469 510ec922fc0a4c2daf74f2b7376f9572 007b620f9f02429dbfe1620e7e0729be - - fd004ce52a97444eaaca329ac57bdc02 fd004ce52a97444eaaca329ac57bdc02] 199.204.45.3 "GET /v2.0/networks?id=4a21e2fe-8f19-4c40-9d7b-fc8d62231ba9 HTTP/1.1" status: 200 len: 971 time: 0.0681281
2026-07-14 11:42:39.336 9 INFO neutron.wsgi [req-ed6da518-37ff-48dc-a67b-54814c3d7025 req-56db11dd-1c55-447d-9406-235ef2d7050d 510ec922fc0a4c2daf74f2b7376f9572 007b620f9f02429dbfe1620e7e0729be - - fd004ce52a97444eaaca329ac57bdc02 fd004ce52a97444eaaca329ac57bdc02] 199.204.45.3 "GET /v2.0/floatingips?fixed_ip_address=10.100.0.6&port_id=51dacf76-6236-4809-9ee5-ee41ce37c5ab HTTP/1.1" status: 200 len: 217 time: 0.0405984
2026-07-14 11:42:39.361 10 INFO neutron.plugins.ml2.drivers.ovn.mech_driver.mech_driver [None req-bce252a6-e8d4-4e60-89b6-69e113a9828b - - - - - -] OVN reports status up for port: 51dacf76-6236-4809-9ee5-ee41ce37c5ab
2026-07-14 11:42:39.377 10 INFO neutron.plugins.ml2.plugin [None req-bce252a6-e8d4-4e60-89b6-69e113a9828b - - - - - -] Attempt 1 to provision port 51dacf76-6236-4809-9ee5-ee41ce37c5ab
2026-07-14 11:42:39.381 9 INFO neutron.wsgi [req-ed6da518-37ff-48dc-a67b-54814c3d7025 req-02d05073-52c0-4981-a450-ec70dc36386e 510ec922fc0a4c2daf74f2b7376f9572 007b620f9f02429dbfe1620e7e0729be - - fd004ce52a97444eaaca329ac57bdc02 fd004ce52a97444eaaca329ac57bdc02] 199.204.45.3 "GET /v2.0/subnets?id=24d019cb-c827-4fa4-8269-0e4204c1318d HTTP/1.1" status: 200 len: 866 time: 0.0392709
2026-07-14 11:42:39.415 9 INFO neutron.wsgi [req-ed6da518-37ff-48dc-a67b-54814c3d7025 req-6611dfd4-2bed-452b-9083-a00a13fa9952 510ec922fc0a4c2daf74f2b7376f9572 007b620f9f02429dbfe1620e7e0729be - - fd004ce52a97444eaaca329ac57bdc02 fd004ce52a97444eaaca329ac57bdc02] 199.204.45.3 "GET /v2.0/ports?network_id=4a21e2fe-8f19-4c40-9d7b-fc8d62231ba9&device_owner=network%3Adhcp HTTP/1.1" status: 200 len: 210 time: 0.0277290
2026-07-14 11:42:39.492 9 INFO neutron.wsgi [req-ed6da518-37ff-48dc-a67b-54814c3d7025 req-3f4affb6-3938-4225-ad3d-cb114594a8d2 510ec922fc0a4c2daf74f2b7376f9572 007b620f9f02429dbfe1620e7e0729be - - fd004ce52a97444eaaca329ac57bdc02 fd004ce52a97444eaaca329ac57bdc02] 199.204.45.3 "GET /v2.0/networks/4a21e2fe-8f19-4c40-9d7b-fc8d62231ba9?fields=segments HTTP/1.1" status: 200 len: 212 time: 0.0703540
2026-07-14 11:42:39.567 9 INFO neutron.wsgi [req-ed6da518-37ff-48dc-a67b-54814c3d7025 req-7746f302-d1d1-4894-bf32-2517e9d51de6 510ec922fc0a4c2daf74f2b7376f9572 007b620f9f02429dbfe1620e7e0729be - - fd004ce52a97444eaaca329ac57bdc02 fd004ce52a97444eaaca329ac57bdc02] 199.204.45.3 "GET /v2.0/networks/4a21e2fe-8f19-4c40-9d7b-fc8d62231ba9?fields=provider%3Aphysical_network&fields=provider%3Anetwork_type HTTP/1.1" status: 200 len: 277 time: 0.0697358
2026-07-14 11:42:39.717 10 INFO neutron.notifiers.nova [-] Nova event matching ['req-c03acd98-d5da-4918-9d0f-e678f184f1a0'] response: {'server_uuid': 'c7a829b0-f8a1-46d1-b284-aa2039e062f2', 'name': 'network-vif-plugged', 'status': 'completed', 'tag': '51dacf76-6236-4809-9ee5-ee41ce37c5ab', 'code': 200}
2026-07-14 11:42:39.933 10 INFO neutron.db.ovn_revision_numbers_db [None req-bce252a6-e8d4-4e60-89b6-69e113a9828b - - - - - -] Successfully bumped revision number for resource 51dacf76-6236-4809-9ee5-ee41ce37c5ab (type: ports) to 4
2026-07-14 11:42:39.963 10 INFO neutron.db.ovn_revision_numbers_db [None req-d1e5274d-c791-4a8a-90c7-d784b2cb3e6c 0a418eaf640c46418b7dff15bc24f8fd accad997ad7e4d3aaae920dabe217222 - - default default] Successfully bumped revision number for resource c8b7fe90-2e16-45a1-9c0f-4f65b6195ebe (type: ports) to 2
2026-07-14 11:42:40.003 10 INFO neutron.db.ovn_revision_numbers_db [None req-d1e5274d-c791-4a8a-90c7-d784b2cb3e6c 0a418eaf640c46418b7dff15bc24f8fd accad997ad7e4d3aaae920dabe217222 - - default default] Successfully bumped revision number for resource 4b0b37bf-5fbb-4c5f-866f-5672f67453e2 (type: subnets) to 0
2026-07-14 11:42:40.016 10 INFO neutron.wsgi [None req-d1e5274d-c791-4a8a-90c7-d784b2cb3e6c 0a418eaf640c46418b7dff15bc24f8fd accad997ad7e4d3aaae920dabe217222 - - default default] 10.0.0.24 "POST /v2.0/subnets HTTP/1.1" status: 201 len: 833 time: 1.1325805
2026-07-14 11:42:40.166 9 INFO neutron.wsgi [req-0e92ae1c-d5c0-435f-8381-41e800f93639 req-f1b5ca2e-71b8-4079-819a-5df9502f5f43 d46a1005d835450ba3546f9b9f235765 a8188f4ca0644f9e9da15d3f2e412dd7 - - default default] 10.0.0.47 "GET /v2.0/ports?device_id=c7a829b0-f8a1-46d1-b284-aa2039e062f2 HTTP/1.1" status: 200 len: 1170 time: 0.0426490
2026-07-14 11:42:40.212 9 INFO neutron.wsgi [req-0e92ae1c-d5c0-435f-8381-41e800f93639 req-30989e92-a327-415a-bacc-26b16cf9e518 d46a1005d835450ba3546f9b9f235765 a8188f4ca0644f9e9da15d3f2e412dd7 - - default default] 10.0.0.47 "GET /v2.0/security-groups?id=34f05290-cbee-417a-ac26-4757605678e3&fields=id&fields=name HTTP/1.1" status: 200 len: 286 time: 0.0373447 /var/lib/openstack/lib/python3.10/site-packages/pycadf/identifier.py:71: UserWarning: Invalid uuid: neutron. To ensure interoperability, identifiers should be a valid uuid. warnings.warn(('Invalid uuid: %s. To ensure interoperability, '
2026-07-14 11:42:40.268 10 INFO neutron.wsgi [None req-5d756c39-0ebf-452a-92cf-6d258dc4fe26 85342f57379f4198b22e1047fa1b6815 c13c15d6658346d5879b89fd83f81902 - - default default] 10.0.0.24 "GET /v2.0/subnetpools?name=shared-default-subnetpool-v6 HTTP/1.1" status: 200 len: 212 time: 0.2468290
2026-07-14 11:42:40.637 10 WARNING neutron.scheduler.dhcp_agent_scheduler [None req-69315d90-0485-4196-96c9-2da6e022ddb5 0a418eaf640c46418b7dff15bc24f8fd accad997ad7e4d3aaae920dabe217222 - - default default] No more DHCP agents
2026-07-14 11:42:40.640 10 WARNING neutron.api.rpc.agentnotifiers.dhcp_rpc_agent_api [None req-69315d90-0485-4196-96c9-2da6e022ddb5 0a418eaf640c46418b7dff15bc24f8fd accad997ad7e4d3aaae920dabe217222 - - default default] Unable to schedule network 63f4ea5f-e9ed-4d41-91a0-b93707f53ab3: no agents available; will retry on subsequent port and subnet creation events.
2026-07-14 11:42:40.667 10 INFO neutron.db.ovn_revision_numbers_db [None req-69315d90-0485-4196-96c9-2da6e022ddb5 0a418eaf640c46418b7dff15bc24f8fd accad997ad7e4d3aaae920dabe217222 - - default default] Successfully bumped revision number for resource d24c0c4a-ffff-4604-bbee-cfa80aeaf037 (type: subnets) to 0
2026-07-14 11:42:40.684 10 INFO neutron.wsgi [None req-69315d90-0485-4196-96c9-2da6e022ddb5 0a418eaf640c46418b7dff15bc24f8fd accad997ad7e4d3aaae920dabe217222 - - default default] 10.0.0.24 "POST /v2.0/subnets HTTP/1.1" status: 201 len: 907 time: 0.4099934
2026-07-14 11:42:40.778 10 INFO neutron.db.segments_db [None req-ba9dffe0-49eb-4a20-aafe-003230782db2 0a418eaf640c46418b7dff15bc24f8fd accad997ad7e4d3aaae920dabe217222 - - default default] Added segment 8a5e6764-b172-4f24-95b4-a9ebc4e99487 of type geneve for network bf57cc14-73f3-434a-80fa-cd845227dca8
2026-07-14 11:42:40.933 10 INFO neutron.db.ovn_revision_numbers_db [None req-ba9dffe0-49eb-4a20-aafe-003230782db2 0a418eaf640c46418b7dff15bc24f8fd accad997ad7e4d3aaae920dabe217222 - - default default] Successfully bumped revision number for resource bf57cc14-73f3-434a-80fa-cd845227dca8 (type: networks) to 1
2026-07-14 11:42:41.104 10 WARNING neutron.scheduler.dhcp_agent_scheduler [None req-ba9dffe0-49eb-4a20-aafe-003230782db2 0a418eaf640c46418b7dff15bc24f8fd accad997ad7e4d3aaae920dabe217222 - - default default] No more DHCP agents
2026-07-14 11:42:41.110 10 WARNING neutron.api.rpc.agentnotifiers.dhcp_rpc_agent_api [None req-ba9dffe0-49eb-4a20-aafe-003230782db2 0a418eaf640c46418b7dff15bc24f8fd accad997ad7e4d3aaae920dabe217222 - - default default] Unable to schedule network bf57cc14-73f3-434a-80fa-cd845227dca8: no agents available; will retry on subsequent port and subnet creation events.
2026-07-14 11:42:41.217 10 INFO neutron.db.ovn_revision_numbers_db [None req-ba9dffe0-49eb-4a20-aafe-003230782db2 0a418eaf640c46418b7dff15bc24f8fd accad997ad7e4d3aaae920dabe217222 - - default default] Successfully bumped revision number for resource 04033995-18e5-41d3-b31c-9923e045bcaf (type: ports) to 1
2026-07-14 11:42:41.269 10 INFO neutron.wsgi [None req-ba9dffe0-49eb-4a20-aafe-003230782db2 0a418eaf640c46418b7dff15bc24f8fd accad997ad7e4d3aaae920dabe217222 - - default default] 10.0.0.24 "POST /v2.0/networks HTTP/1.1" status: 201 len: 836 time: 0.5783818
2026-07-14 11:42:41.417 9 INFO neutron.wsgi [req-fcbfc864-bb2f-4c97-a712-f99c0a5cd66d req-f1229ea4-2b7d-48b5-83a4-219c193a5778 b7c782ed0f534516bab30ad0542da35c 4f38cb78cbfc49a49d6d127c76093a12 - - default default] 10.0.0.47 "GET /v2.0/ports?device_id=6076cc9a-1d9e-4d0d-9001-df1b258fb1d9 HTTP/1.1" status: 200 len: 1210 time: 0.2471101
2026-07-14 11:42:41.493 10 INFO neutron.wsgi [req-c2251cfa-9fd7-4466-a072-458aeee4e344 req-2a132c34-9978-4dd9-9c0f-d0a479545f77 d46a1005d835450ba3546f9b9f235765 a8188f4ca0644f9e9da15d3f2e412dd7 - - default default] 10.0.0.47 "GET /v2.0/ports?device_id=c7a829b0-f8a1-46d1-b284-aa2039e062f2 HTTP/1.1" status: 200 len: 1170 time: 0.1726451
2026-07-14 11:42:41.519 9 INFO neutron.wsgi [req-fcbfc864-bb2f-4c97-a712-f99c0a5cd66d req-696ab21c-1e2d-4959-ae48-8f3e4d159eef b7c782ed0f534516bab30ad0542da35c 4f38cb78cbfc49a49d6d127c76093a12 - - default default] 10.0.0.47 "GET /v2.0/security-groups?id=74845f08-70b1-40eb-9bed-1eaafe309799&id=368cb8e0-54c9-41f7-ae46-046dcd0b4360&fields=id&fields=name HTTP/1.1" status: 200 len: 406 time: 0.0867040
2026-07-14 11:42:41.559 10 INFO neutron.wsgi [req-c2251cfa-9fd7-4466-a072-458aeee4e344 req-2c2381e6-a014-44af-9ec1-8f1f406b464d d46a1005d835450ba3546f9b9f235765 a8188f4ca0644f9e9da15d3f2e412dd7 - - default default] 10.0.0.47 "GET /v2.0/security-groups?id=34f05290-cbee-417a-ac26-4757605678e3&fields=id&fields=name HTTP/1.1" status: 200 len: 286 time: 0.0514805
2026-07-14 11:42:41.703 10 WARNING neutron.scheduler.dhcp_agent_scheduler [None req-fd77dbf0-7503-42ca-8264-8cf6f58788c2 0a418eaf640c46418b7dff15bc24f8fd accad997ad7e4d3aaae920dabe217222 - - default default] No more DHCP agents
2026-07-14 11:42:41.706 10 WARNING neutron.api.rpc.agentnotifiers.dhcp_rpc_agent_api [None req-fd77dbf0-7503-42ca-8264-8cf6f58788c2 0a418eaf640c46418b7dff15bc24f8fd accad997ad7e4d3aaae920dabe217222 - - default default] Unable to schedule network bf57cc14-73f3-434a-80fa-cd845227dca8: no agents available; will retry on subsequent port and subnet creation events.
2026-07-14 11:42:41.768 10 INFO neutron.notifiers.nova [-] Nova event matching ['req-ec0c733d-6bf1-42b9-8964-d550eae095bd'] response: {'server_uuid': 'c7a829b0-f8a1-46d1-b284-aa2039e062f2', 'name': 'network-vif-plugged', 'status': 'completed', 'tag': '51dacf76-6236-4809-9ee5-ee41ce37c5ab', 'code': 200}
2026-07-14 11:42:41.932 9 INFO neutron.wsgi [None req-fa7b82e0-5a47-4cb6-87f1-91a2c380c005 6b7d21a8c8514c63b122adbcd55d4579 c5a7666029254828a02dead5a2da572d - - default default] 10.0.0.24 "GET /v2.0/ports?device_id=6076cc9a-1d9e-4d0d-9001-df1b258fb1d9 HTTP/1.1" status: 200 len: 1443 time: 0.3828418
2026-07-14 11:42:42.013 9 INFO neutron.wsgi [None req-156b9b61-e441-4abe-80a3-8387274f2a63 b7c782ed0f534516bab30ad0542da35c 4f38cb78cbfc49a49d6d127c76093a12 - - default default] 10.0.0.24 "GET /v2.0/floatingips?floating_network_id=91d2a21b-e0ad-496c-85dc-0a4fa055edab&port_id=cd7d4edd-9fcd-4146-b36c-6b0642fddbb8 HTTP/1.1" status: 200 len: 1054 time: 0.0744228
2026-07-14 11:42:42.066 10 INFO neutron.plugins.ml2.drivers.ovn.mech_driver.mech_driver [None req-bce252a6-e8d4-4e60-89b6-69e113a9828b - - - - - -] OVN reports status down for port: 51dacf76-6236-4809-9ee5-ee41ce37c5ab
2026-07-14 11:42:42.140 9 INFO neutron.wsgi [req-115e717e-2843-4206-bdfa-133743dac2d9 req-94253f08-b5e8-488e-869e-9fcc09bdb6d2 d46a1005d835450ba3546f9b9f235765 a8188f4ca0644f9e9da15d3f2e412dd7 - - default default] 10.0.0.47 "GET /v2.0/ports?device_id=c7a829b0-f8a1-46d1-b284-aa2039e062f2 HTTP/1.1" status: 200 len: 1170 time: 0.1270487
2026-07-14 11:42:42.193 9 INFO neutron.wsgi [req-115e717e-2843-4206-bdfa-133743dac2d9 req-40625c63-23ba-4632-a078-16b9b2df6062 d46a1005d835450ba3546f9b9f235765 a8188f4ca0644f9e9da15d3f2e412dd7 - - default default] 10.0.0.47 "GET /v2.0/security-groups?id=34f05290-cbee-417a-ac26-4757605678e3&fields=id&fields=name HTTP/1.1" status: 200 len: 286 time: 0.0463915
2026-07-14 11:42:42.293 9 INFO neutron.wsgi [req-89dfd364-813c-453a-9889-3be6041e5b2b req-a7119383-a29d-4f5b-ab13-63cd8f90b590 510ec922fc0a4c2daf74f2b7376f9572 007b620f9f02429dbfe1620e7e0729be - - fd004ce52a97444eaaca329ac57bdc02 fd004ce52a97444eaaca329ac57bdc02] 10.0.0.152 "GET /v2.0/ports?device_id=6076cc9a-1d9e-4d0d-9001-df1b258fb1d9 HTTP/1.1" status: 200 len: 1448 time: 0.0367632
2026-07-14 11:42:42.345 9 INFO neutron.wsgi [req-89dfd364-813c-453a-9889-3be6041e5b2b req-73a03f8d-dc6f-4503-b286-ef6d77058795 510ec922fc0a4c2daf74f2b7376f9572 007b620f9f02429dbfe1620e7e0729be - - fd004ce52a97444eaaca329ac57bdc02 fd004ce52a97444eaaca329ac57bdc02] 10.0.0.152 "GET /v2.0/security-groups?id=74845f08-70b1-40eb-9bed-1eaafe309799&id=368cb8e0-54c9-41f7-ae46-046dcd0b4360&fields=id&fields=name HTTP/1.1" status: 200 len: 406 time: 0.0476944
2026-07-14 11:42:42.358 10 INFO neutron.db.ovn_revision_numbers_db [None req-fd77dbf0-7503-42ca-8264-8cf6f58788c2 0a418eaf640c46418b7dff15bc24f8fd accad997ad7e4d3aaae920dabe217222 - - default default] Successfully bumped revision number for resource 04033995-18e5-41d3-b31c-9923e045bcaf (type: ports) to 2
2026-07-14 11:42:42.397 9 INFO neutron.wsgi [req-69494c0f-0027-4b3d-b740-0976662f5ab0 req-9a9806dc-515d-45e2-9c66-2a2a5f420999 d46a1005d835450ba3546f9b9f235765 a8188f4ca0644f9e9da15d3f2e412dd7 - - default default] 199.204.45.3 "GET /v2.0/ports?device_id=c7a829b0-f8a1-46d1-b284-aa2039e062f2 HTTP/1.1" status: 200 len: 1168 time: 0.0477443
2026-07-14 11:42:42.437 10 INFO neutron.db.ovn_revision_numbers_db [None req-fd77dbf0-7503-42ca-8264-8cf6f58788c2 0a418eaf640c46418b7dff15bc24f8fd accad997ad7e4d3aaae920dabe217222 - - default default] Successfully bumped revision number for resource 69a996d2-4656-4b76-9810-22ef508e52b1 (type: subnets) to 0
2026-07-14 11:42:42.459 10 INFO neutron.wsgi [None req-fd77dbf0-7503-42ca-8264-8cf6f58788c2 0a418eaf640c46418b7dff15bc24f8fd accad997ad7e4d3aaae920dabe217222 - - default default] 10.0.0.24 "POST /v2.0/subnets HTTP/1.1" status: 201 len: 831 time: 1.1819367
2026-07-14 11:42:42.460 10 INFO neutron.db.ovn_revision_numbers_db [None req-bce252a6-e8d4-4e60-89b6-69e113a9828b - - - - - -] Successfully bumped revision number for resource 51dacf76-6236-4809-9ee5-ee41ce37c5ab (type: ports) to 5
2026-07-14 11:42:42.726 10 WARNING neutron.scheduler.dhcp_agent_scheduler [None req-1a86313b-5c7e-46db-9d64-af3217ff347e 0a418eaf640c46418b7dff15bc24f8fd accad997ad7e4d3aaae920dabe217222 - - default default] No more DHCP agents
2026-07-14 11:42:42.728 10 WARNING neutron.api.rpc.agentnotifiers.dhcp_rpc_agent_api [None req-1a86313b-5c7e-46db-9d64-af3217ff347e 0a418eaf640c46418b7dff15bc24f8fd accad997ad7e4d3aaae920dabe217222 - - default default] Unable to schedule network bf57cc14-73f3-434a-80fa-cd845227dca8: no agents available; will retry on subsequent port and subnet creation events.
2026-07-14 11:42:42.762 9 INFO neutron.wsgi [req-69494c0f-0027-4b3d-b740-0976662f5ab0 req-9f581e78-4e17-46c1-89bc-34d668b63f16 d46a1005d835450ba3546f9b9f235765 a8188f4ca0644f9e9da15d3f2e412dd7 - - default default] 199.204.45.3 "DELETE /v2.0/ports/51dacf76-6236-4809-9ee5-ee41ce37c5ab HTTP/1.1" status: 204 len: 173 time: 0.3612268
2026-07-14 11:42:42.773 10 INFO neutron.db.ovn_revision_numbers_db [None req-1a86313b-5c7e-46db-9d64-af3217ff347e 0a418eaf640c46418b7dff15bc24f8fd accad997ad7e4d3aaae920dabe217222 - - default default] Successfully bumped revision number for resource b4432d56-9d80-445c-93be-882d80b0f000 (type: subnets) to 0
2026-07-14 11:42:42.792 10 INFO neutron.wsgi [None req-1a86313b-5c7e-46db-9d64-af3217ff347e 0a418eaf640c46418b7dff15bc24f8fd accad997ad7e4d3aaae920dabe217222 - - default default] 10.0.0.24 "POST /v2.0/subnets HTTP/1.1" status: 201 len: 901 time: 0.3248191
2026-07-14 11:42:42.796 9 INFO neutron.notifiers.nova [-] Nova event matching ['req-bf919017-af69-479d-9fe7-059291fb9564'] response: {'server_uuid': 'c7a829b0-f8a1-46d1-b284-aa2039e062f2', 'name': 'network-vif-deleted', 'tag': '51dacf76-6236-4809-9ee5-ee41ce37c5ab', 'status': 'completed', 'code': 200} /var/lib/openstack/lib/python3.10/site-packages/pycadf/identifier.py:71: UserWarning: Invalid uuid: neutron. To ensure interoperability, identifiers should be a valid uuid. warnings.warn(('Invalid uuid: %s. To ensure interoperability, '
2026-07-14 11:42:42.886 10 INFO neutron.db.segments_db [None req-4ac3e8cb-8c3d-4338-9a2c-aabbb7e2ebde 0a418eaf640c46418b7dff15bc24f8fd accad997ad7e4d3aaae920dabe217222 - - default default] Added segment 09d20daf-c86c-49e2-87d7-ef28994bab39 of type geneve for network 52a9edac-555b-4faa-9678-e02cc9bb4cbb
2026-07-14 11:42:43.054 10 INFO neutron.db.ovn_revision_numbers_db [None req-4ac3e8cb-8c3d-4338-9a2c-aabbb7e2ebde 0a418eaf640c46418b7dff15bc24f8fd accad997ad7e4d3aaae920dabe217222 - - default default] Successfully bumped revision number for resource 52a9edac-555b-4faa-9678-e02cc9bb4cbb (type: networks) to 1
2026-07-14 11:42:43.235 10 WARNING neutron.scheduler.dhcp_agent_scheduler [None req-4ac3e8cb-8c3d-4338-9a2c-aabbb7e2ebde 0a418eaf640c46418b7dff15bc24f8fd accad997ad7e4d3aaae920dabe217222 - - default default] No more DHCP agents
2026-07-14 11:42:43.237 10 WARNING neutron.api.rpc.agentnotifiers.dhcp_rpc_agent_api [None req-4ac3e8cb-8c3d-4338-9a2c-aabbb7e2ebde 0a418eaf640c46418b7dff15bc24f8fd accad997ad7e4d3aaae920dabe217222 - - default default] Unable to schedule network 52a9edac-555b-4faa-9678-e02cc9bb4cbb: no agents available; will retry on subsequent port and subnet creation events.
2026-07-14 11:42:43.328 10 INFO neutron.db.ovn_revision_numbers_db [None req-4ac3e8cb-8c3d-4338-9a2c-aabbb7e2ebde 0a418eaf640c46418b7dff15bc24f8fd accad997ad7e4d3aaae920dabe217222 - - default default] Successfully bumped revision number for resource c140f947-6de1-4d53-8ccf-85cdd7704c56 (type: ports) to 1
2026-07-14 11:42:43.352 10 INFO neutron.wsgi [None req-4ac3e8cb-8c3d-4338-9a2c-aabbb7e2ebde 0a418eaf640c46418b7dff15bc24f8fd accad997ad7e4d3aaae920dabe217222 - - default default] 10.0.0.24 "POST /v2.0/networks HTTP/1.1" status: 201 len: 836 time: 0.5546463
2026-07-14 11:42:43.709 10 WARNING neutron.scheduler.dhcp_agent_scheduler [None req-7c481788-0c62-445e-bfa8-9d50779a4cbb 0a418eaf640c46418b7dff15bc24f8fd accad997ad7e4d3aaae920dabe217222 - - default default] No more DHCP agents
2026-07-14 11:42:43.713 10 WARNING neutron.api.rpc.agentnotifiers.dhcp_rpc_agent_api [None req-7c481788-0c62-445e-bfa8-9d50779a4cbb 0a418eaf640c46418b7dff15bc24f8fd accad997ad7e4d3aaae920dabe217222 - - default default] Unable to schedule network 52a9edac-555b-4faa-9678-e02cc9bb4cbb: no agents available; will retry on subsequent port and subnet creation events.
2026-07-14 11:42:43.835 10 INFO neutron.notifiers.nova [-] Nova event matching ['req-a593eb1b-d109-4212-bdf2-eba8f7168056'] response: {'server_uuid': 'c7a829b0-f8a1-46d1-b284-aa2039e062f2', 'name': 'network-vif-unplugged', 'status': 'completed', 'tag': '51dacf76-6236-4809-9ee5-ee41ce37c5ab', 'code': 200}
2026-07-14 11:42:43.835 10 INFO neutron.notifiers.nova [-] Nova event matching ['req-a593eb1b-d109-4212-bdf2-eba8f7168056'] response: {'server_uuid': 'c7a829b0-f8a1-46d1-b284-aa2039e062f2', 'name': 'network-vif-plugged', 'status': 'completed', 'tag': '51dacf76-6236-4809-9ee5-ee41ce37c5ab', 'code': 200}
2026-07-14 11:42:44.240 10 INFO neutron.db.ovn_revision_numbers_db [None req-7c481788-0c62-445e-bfa8-9d50779a4cbb 0a418eaf640c46418b7dff15bc24f8fd accad997ad7e4d3aaae920dabe217222 - - default default] Successfully bumped revision number for resource c140f947-6de1-4d53-8ccf-85cdd7704c56 (type: ports) to 2
2026-07-14 11:42:44.278 10 INFO neutron.db.ovn_revision_numbers_db [None req-7c481788-0c62-445e-bfa8-9d50779a4cbb 0a418eaf640c46418b7dff15bc24f8fd accad997ad7e4d3aaae920dabe217222 - - default default] Successfully bumped revision number for resource b62df567-ad57-4309-ad6f-155e4ea1c7f8 (type: subnets) to 0
2026-07-14 11:42:44.293 10 INFO neutron.wsgi [None req-7c481788-0c62-445e-bfa8-9d50779a4cbb 0a418eaf640c46418b7dff15bc24f8fd accad997ad7e4d3aaae920dabe217222 - - default default] 10.0.0.24 "POST /v2.0/subnets HTTP/1.1" status: 201 len: 830 time: 0.9254549
2026-07-14 11:42:44.370 10 INFO neutron.db.ovn_revision_numbers_db [None req-1b43806d-9d69-492d-9701-15c50ce7835b e820eb7e754441859d3dfd86f088be9c 5d80ea2504e6400d9538295a00471c07 - - default default] Successfully bumped revision number for resource fc766a13-fae7-4e9f-b7c6-591020166101 (type: security_groups) to 1
2026-07-14 11:42:44.389 10 INFO neutron.db.ovn_revision_numbers_db [None req-1b43806d-9d69-492d-9701-15c50ce7835b e820eb7e754441859d3dfd86f088be9c 5d80ea2504e6400d9538295a00471c07 - - default default] Successfully bumped revision number for resource 0457eb53-0732-4ee8-8785-6ffb591ee809 (type: security_group_rules) to 0
2026-07-14 11:42:44.404 10 INFO neutron.db.ovn_revision_numbers_db [None req-1b43806d-9d69-492d-9701-15c50ce7835b e820eb7e754441859d3dfd86f088be9c 5d80ea2504e6400d9538295a00471c07 - - default default] Successfully bumped revision number for resource 05c146bc-6c6a-4e3b-b3d4-cc7bd1559d16 (type: security_group_rules) to 0
2026-07-14 11:42:44.425 10 INFO neutron.db.ovn_revision_numbers_db [None req-1b43806d-9d69-492d-9701-15c50ce7835b e820eb7e754441859d3dfd86f088be9c 5d80ea2504e6400d9538295a00471c07 - - default default] Successfully bumped revision number for resource 659ae55d-76bf-4a42-8cbe-53c1384229ec (type: security_group_rules) to 0
2026-07-14 11:42:44.449 10 INFO neutron.db.ovn_revision_numbers_db [None req-1b43806d-9d69-492d-9701-15c50ce7835b e820eb7e754441859d3dfd86f088be9c 5d80ea2504e6400d9538295a00471c07 - - default default] Successfully bumped revision number for resource f1bd66d4-bc54-45a3-b366-d8748ce15683 (type: security_group_rules) to 0
2026-07-14 11:42:44.482 10 INFO neutron.wsgi [None req-1b43806d-9d69-492d-9701-15c50ce7835b e820eb7e754441859d3dfd86f088be9c 5d80ea2504e6400d9538295a00471c07 - - default default] 10.0.0.24 "GET /v2.0/security-groups?tenant_id=02cc33f3d5194ed79004eae954ff2776&name=default HTTP/1.1" status: 200 len: 2996 time: 0.3929589
2026-07-14 11:42:44.560 9 INFO neutron.wsgi [req-ae108bff-1356-426c-915c-91da04e793f5 req-d9941f3c-caa7-4d21-bd88-4d6378d3aa7c b7c782ed0f534516bab30ad0542da35c 4f38cb78cbfc49a49d6d127c76093a12 - - default default] 10.0.0.47 "GET /v2.0/ports?device_id=6076cc9a-1d9e-4d0d-9001-df1b258fb1d9 HTTP/1.1" status: 200 len: 1210 time: 0.0590732
2026-07-14 11:42:44.571 9 INFO neutron.plugins.ml2.drivers.ovn.mech_driver.mech_driver [None req-c1242a75-d02a-4fc2-b5c7-5567aded73f5 - - - - - -] OVN reports status down for port: cd7d4edd-9fcd-4146-b36c-6b0642fddbb8
2026-07-14 11:42:44.676 9 INFO neutron.wsgi [req-ae108bff-1356-426c-915c-91da04e793f5 req-e3d2701f-bd8a-4d48-958c-49327b11b977 b7c782ed0f534516bab30ad0542da35c 4f38cb78cbfc49a49d6d127c76093a12 - - default default] 10.0.0.47 "GET /v2.0/security-groups?id=74845f08-70b1-40eb-9bed-1eaafe309799&id=368cb8e0-54c9-41f7-ae46-046dcd0b4360&fields=id&fields=name HTTP/1.1" status: 200 len: 406 time: 0.1026044
2026-07-14 11:42:44.753 10 INFO neutron.wsgi [None req-4a469d82-9c05-4a02-b972-9fd3983d8c91 e820eb7e754441859d3dfd86f088be9c 5d80ea2504e6400d9538295a00471c07 - - default default] 10.0.0.24 "DELETE /v2.0/security-groups/fc766a13-fae7-4e9f-b7c6-591020166101 HTTP/1.1" status: 204 len: 168 time: 0.2654209
2026-07-14 11:42:45.003 10 INFO neutron.db.ovn_revision_numbers_db [None req-04fa19f7-271d-4443-9120-8b5a84967455 e820eb7e754441859d3dfd86f088be9c 5d80ea2504e6400d9538295a00471c07 - - default default] Successfully bumped revision number for resource f0d395f8-0d4c-441f-9ddb-9fc0934d46c4 (type: security_groups) to 1
2026-07-14 11:42:45.017 10 INFO neutron.db.ovn_revision_numbers_db [None req-04fa19f7-271d-4443-9120-8b5a84967455 e820eb7e754441859d3dfd86f088be9c 5d80ea2504e6400d9538295a00471c07 - - default default] Successfully bumped revision number for resource 0f6feb23-97b9-4d4d-a7ae-c3ee3f483ded (type: security_group_rules) to 0
