2026-07-14 11:44:15.981 9 INFO neutron.wsgi [None req-a439da5c-8572-4d4e-bd39-eb5bbfea797c b3b99b88ccd84a53a9b3c873e5de709b b225a285a185433ba92bd0a7718f2f5c - - default default] 10.0.0.24 "GET /v2.0/ports?device_id=db0045cb-c044-4c6c-8a08-976515aa0c3f HTTP/1.1" status: 200 len: 205 time: 0.0302057
2026-07-14 11:44:16.028 10 INFO neutron.services.segments.plugin [-] Segment 5d4e7ddc-3898-476b-86d0-d8fa71e64799 resource provider aggregate not found
2026-07-14 11:44:16.037 10 INFO neutron.services.segments.plugin [-] Segment 5d4e7ddc-3898-476b-86d0-d8fa71e64799 resource provider aggregate not found
2026-07-14 11:44:16.043 10 INFO neutron.services.segments.plugin [-] Segment 5d4e7ddc-3898-476b-86d0-d8fa71e64799 resource provider not found; error: Placement Client Error (4xx): {"errors": [{"status": 404, "title": "Not Found", "detail": "The resource could not be found.\n\n No resource provider with uuid 5d4e7ddc-3898-476b-86d0-d8fa71e64799 found for delete ", "request_id": "req-7cb97e79-26d9-4abf-a571-375b3f91e239"}]}
2026-07-14 11:44:16.056 10 INFO neutron.services.segments.plugin [-] Segment 5d4e7ddc-3898-476b-86d0-d8fa71e64799 resource provider not found; error: Placement Client Error (4xx): {"errors": [{"status": 404, "title": "Not Found", "detail": "The resource could not be found.\n\n No resource provider with uuid 5d4e7ddc-3898-476b-86d0-d8fa71e64799 found for delete ", "request_id": "req-64752f75-ae98-405e-80b1-1e90a2c8ff5a"}]}
2026-07-14 11:44:16.077 10 INFO neutron.wsgi [None req-3478391e-03e9-4823-8a1c-72fe018a59d2 aa2039fbd54b4233b3c32fecf9cb544d 55dfc36b48c8429fad2a8c83802338d0 - - default default] 10.0.0.24 "DELETE /v2.0/networks/ffa51797-007a-4040-b880-acfedb7a4006 HTTP/1.1" status: 204 len: 168 time: 0.4375262
2026-07-14 11:44:16.095 9 WARNING neutron.plugins.ml2.drivers.ovn.mech_driver.ovsdb.ovn_client [None req-c1242a75-d02a-4fc2-b5c7-5567aded73f5 - - - - - -] No port found with ID 798aa56c-78a9-46ff-9021-d4bfda7c88dc: RuntimeError: No port found with ID 798aa56c-78a9-46ff-9021-d4bfda7c88dc
2026-07-14 11:44:16.138 9 INFO neutron.plugins.ml2.drivers.ovn.mech_driver.mech_driver [None req-c1242a75-d02a-4fc2-b5c7-5567aded73f5 - - - - - -] OVN reports status up for port: 8f965979-e10c-4821-936d-f83d17d284bf
2026-07-14 11:44:16.165 9 INFO neutron.plugins.ml2.plugin [None req-c1242a75-d02a-4fc2-b5c7-5567aded73f5 - - - - - -] Attempt 1 to provision port 8f965979-e10c-4821-936d-f83d17d284bf
2026-07-14 11:44:16.360 9 INFO neutron.wsgi [None req-a09b45d4-7a5f-4544-a3ab-beceac4597c5 74e029b5abf54ee48dc7724da09605d6 a9690140da344901a4bc15c35b39550e - - default default] 10.0.0.24 "DELETE /v2.0/security-groups/7555ec55-d733-4ccc-83d0-b2201fe7cd27 HTTP/1.1" status: 204 len: 168 time: 0.3147590
2026-07-14 11:44:16.802 9 INFO neutron.wsgi [None req-6336979e-26e0-4f1c-9a91-7bb15a7e82b6 b3b99b88ccd84a53a9b3c873e5de709b b225a285a185433ba92bd0a7718f2f5c - - default default] 10.0.0.24 "DELETE /v2.0/routers/db0045cb-c044-4c6c-8a08-976515aa0c3f HTTP/1.1" status: 204 len: 168 time: 0.8145580 /var/lib/openstack/lib/python3.10/site-packages/pycadf/identifier.py:71: UserWarning: Invalid uuid: neutron. To ensure interoperability, identifiers should be a valid uuid. warnings.warn(('Invalid uuid: %s. To ensure interoperability, '
2026-07-14 11:44:16.839 9 INFO neutron.wsgi [None req-74e70d70-516b-43bc-a8c2-21d0c822d096 b3b99b88ccd84a53a9b3c873e5de709b b225a285a185433ba92bd0a7718f2f5c - - default default] 10.0.0.24 "GET /v2.0/ports?device_id=db0045cb-c044-4c6c-8a08-976515aa0c3f HTTP/1.1" status: 200 len: 205 time: 0.0301604
2026-07-14 11:44:16.874 9 INFO neutron.api.v2.resource [None req-625e9a9f-b352-47f4-ac55-ec732afabf27 b3b99b88ccd84a53a9b3c873e5de709b b225a285a185433ba92bd0a7718f2f5c - - default default] delete failed (client error): The resource could not be found.
2026-07-14 11:44:16.876 9 INFO neutron.wsgi [None req-625e9a9f-b352-47f4-ac55-ec732afabf27 b3b99b88ccd84a53a9b3c873e5de709b b225a285a185433ba92bd0a7718f2f5c - - default default] 10.0.0.24 "DELETE /v2.0/routers/db0045cb-c044-4c6c-8a08-976515aa0c3f HTTP/1.1" status: 404 len: 336 time: 0.0290256
2026-07-14 11:44:16.903 9 INFO neutron.wsgi [None req-29824d76-2d15-4457-8c29-11b4fa3913f9 b3b99b88ccd84a53a9b3c873e5de709b b225a285a185433ba92bd0a7718f2f5c - - default default] 10.0.0.24 "GET /v2.0/ports?device_id=24c2c04c-fc42-4a25-8e2e-37cc1443a5b1 HTTP/1.1" status: 200 len: 205 time: 0.0209424
2026-07-14 11:44:16.932 10 INFO neutron.api.v2.resource [None req-089a1dbf-386f-43ac-a003-ab6fda2f14f5 b3b99b88ccd84a53a9b3c873e5de709b b225a285a185433ba92bd0a7718f2f5c - - default default] delete failed (client error): The resource could not be found.
2026-07-14 11:44:16.933 10 INFO neutron.wsgi [None req-089a1dbf-386f-43ac-a003-ab6fda2f14f5 b3b99b88ccd84a53a9b3c873e5de709b b225a285a185433ba92bd0a7718f2f5c - - default default] 10.0.0.24 "DELETE /v2.0/routers/24c2c04c-fc42-4a25-8e2e-37cc1443a5b1 HTTP/1.1" status: 404 len: 336 time: 0.0235703
2026-07-14 11:44:16.950 9 INFO neutron.wsgi [None req-bdf07521-25ef-436f-ba79-4358a43c85d7 e820eb7e754441859d3dfd86f088be9c 5d80ea2504e6400d9538295a00471c07 - - default default] 10.0.0.24 "GET /v2.0/security-groups?tenant_id=55dfc36b48c8429fad2a8c83802338d0&name=default HTTP/1.1" status: 200 len: 3000 time: 0.1631474
2026-07-14 11:44:16.962 9 INFO neutron.pecan_wsgi.hooks.translation [None req-f10d7e1a-cb92-4031-ba2e-3178a388bca3 b3b99b88ccd84a53a9b3c873e5de709b b225a285a185433ba92bd0a7718f2f5c - - default default] DELETE failed (client error): The resource could not be found.
2026-07-14 11:44:16.963 9 INFO neutron.wsgi [None req-f10d7e1a-cb92-4031-ba2e-3178a388bca3 b3b99b88ccd84a53a9b3c873e5de709b b225a285a185433ba92bd0a7718f2f5c - - default default] 10.0.0.24 "DELETE /v2.0/subnets/7f83397e-d748-4ae7-9ded-284e04f0a1f5 HTTP/1.1" status: 404 len: 337 time: 0.0239732
2026-07-14 11:44:16.987 9 INFO neutron.wsgi [None req-6c7ee3a2-3710-4da6-b21e-c2300ada0e08 b3b99b88ccd84a53a9b3c873e5de709b b225a285a185433ba92bd0a7718f2f5c - - default default] 10.0.0.24 "GET /v2.0/ports?device_id=aa9478ff-841e-4b40-ab74-1f42e286fac5 HTTP/1.1" status: 200 len: 205 time: 0.0196984
2026-07-14 11:44:17.014 9 INFO neutron.api.v2.resource [None req-3bb670d4-6106-4868-905e-6b6a9537ab1d b3b99b88ccd84a53a9b3c873e5de709b b225a285a185433ba92bd0a7718f2f5c - - default default] delete failed (client error): The resource could not be found.
2026-07-14 11:44:17.015 9 INFO neutron.wsgi [None req-3bb670d4-6106-4868-905e-6b6a9537ab1d b3b99b88ccd84a53a9b3c873e5de709b b225a285a185433ba92bd0a7718f2f5c - - default default] 10.0.0.24 "DELETE /v2.0/routers/aa9478ff-841e-4b40-ab74-1f42e286fac5 HTTP/1.1" status: 404 len: 336 time: 0.0241842
2026-07-14 11:44:17.038 9 INFO neutron.pecan_wsgi.hooks.translation [None req-2decab69-3e61-4637-8e74-8170e4d74b08 b3b99b88ccd84a53a9b3c873e5de709b b225a285a185433ba92bd0a7718f2f5c - - default default] DELETE failed (client error): The resource could not be found.
2026-07-14 11:44:17.040 9 INFO neutron.wsgi [None req-2decab69-3e61-4637-8e74-8170e4d74b08 b3b99b88ccd84a53a9b3c873e5de709b b225a285a185433ba92bd0a7718f2f5c - - default default] 10.0.0.24 "DELETE /v2.0/subnets/0b18b4e3-4aaf-414f-bfc3-512bda99b79a HTTP/1.1" status: 404 len: 337 time: 0.0204790
2026-07-14 11:44:17.067 9 INFO neutron.wsgi [None req-7ea0d98b-5263-4154-a72d-7e2cf0d31a09 b3b99b88ccd84a53a9b3c873e5de709b b225a285a185433ba92bd0a7718f2f5c - - default default] 10.0.0.24 "GET /v2.0/ports?device_id=9e8e72d1-b5a4-406b-8914-ea33b8cb271c HTTP/1.1" status: 200 len: 205 time: 0.0218804
2026-07-14 11:44:17.106 9 INFO neutron.api.v2.resource [None req-e31c2cdc-3555-4c05-a9e8-fbdafda7fa95 b3b99b88ccd84a53a9b3c873e5de709b b225a285a185433ba92bd0a7718f2f5c - - default default] delete failed (client error): The resource could not be found.
2026-07-14 11:44:17.109 9 INFO neutron.wsgi [None req-e31c2cdc-3555-4c05-a9e8-fbdafda7fa95 b3b99b88ccd84a53a9b3c873e5de709b b225a285a185433ba92bd0a7718f2f5c - - default default] 10.0.0.24 "DELETE /v2.0/routers/9e8e72d1-b5a4-406b-8914-ea33b8cb271c HTTP/1.1" status: 404 len: 336 time: 0.0383298
2026-07-14 11:44:17.144 9 INFO neutron.pecan_wsgi.hooks.translation [None req-20e3e14a-5b14-4465-a88d-c6a96308dcb6 b3b99b88ccd84a53a9b3c873e5de709b b225a285a185433ba92bd0a7718f2f5c - - default default] DELETE failed (client error): The resource could not be found.
2026-07-14 11:44:17.148 9 INFO neutron.wsgi [None req-20e3e14a-5b14-4465-a88d-c6a96308dcb6 b3b99b88ccd84a53a9b3c873e5de709b b225a285a185433ba92bd0a7718f2f5c - - default default] 10.0.0.24 "DELETE /v2.0/subnets/d5273fc5-a464-4313-b1f4-2c8586bce19c HTTP/1.1" status: 404 len: 337 time: 0.0344999
2026-07-14 11:44:17.170 9 INFO neutron.pecan_wsgi.hooks.translation [None req-1e3f27ff-6b1c-4586-8530-08b2e2f012df b3b99b88ccd84a53a9b3c873e5de709b b225a285a185433ba92bd0a7718f2f5c - - default default] DELETE failed (client error): The resource could not be found.
2026-07-14 11:44:17.174 9 INFO neutron.wsgi [None req-1e3f27ff-6b1c-4586-8530-08b2e2f012df b3b99b88ccd84a53a9b3c873e5de709b b225a285a185433ba92bd0a7718f2f5c - - default default] 10.0.0.24 "DELETE /v2.0/subnets/94281530-7bac-4b30-aba6-8adff28d1ed2 HTTP/1.1" status: 404 len: 337 time: 0.0223715
2026-07-14 11:44:17.261 10 INFO neutron.wsgi [None req-bb1886c7-2573-40fd-8030-7d1621e80752 e820eb7e754441859d3dfd86f088be9c 5d80ea2504e6400d9538295a00471c07 - - default default] 10.0.0.24 "DELETE /v2.0/security-groups/44f2a3f2-1e88-4ecc-8143-61b2e0ad1e5a HTTP/1.1" status: 204 len: 168 time: 0.3012583
2026-07-14 11:44:17.389 10 INFO neutron.wsgi [None req-942dc826-fda0-4b9d-a97b-b92ffefb8b8c 74e029b5abf54ee48dc7724da09605d6 a9690140da344901a4bc15c35b39550e - - default default] 10.0.0.24 "PUT /v2.0/routers/0bfe3cd6-4873-498c-9c6b-1ef07fc5e3e4/remove_router_interface HTTP/1.1" status: 200 len: 503 time: 0.9986467
2026-07-14 11:44:17.648 9 INFO neutron.db.ovn_revision_numbers_db [None req-8f4bfb5a-dd0b-404a-9293-e3401f9773e5 e820eb7e754441859d3dfd86f088be9c 5d80ea2504e6400d9538295a00471c07 - - default default] Successfully bumped revision number for resource b3fab356-1aba-4afd-abff-af9dc4f31b53 (type: security_groups) to 1
2026-07-14 11:44:17.668 9 INFO neutron.db.ovn_revision_numbers_db [None req-8f4bfb5a-dd0b-404a-9293-e3401f9773e5 e820eb7e754441859d3dfd86f088be9c 5d80ea2504e6400d9538295a00471c07 - - default default] Successfully bumped revision number for resource 097c851c-bf80-4990-b51f-6db5ff306c31 (type: security_group_rules) to 0
2026-07-14 11:44:17.694 9 INFO neutron.wsgi [None req-1b74b963-d7e7-4d0b-bb71-ddcf55e58e34 74e029b5abf54ee48dc7724da09605d6 a9690140da344901a4bc15c35b39550e - - default default] 10.0.0.24 "DELETE /v2.0/subnets/09d00a60-a2cd-4700-abaa-bfac7ce93992 HTTP/1.1" status: 204 len: 168 time: 0.2968073
2026-07-14 11:44:17.700 9 INFO neutron.db.ovn_revision_numbers_db [None req-8f4bfb5a-dd0b-404a-9293-e3401f9773e5 e820eb7e754441859d3dfd86f088be9c 5d80ea2504e6400d9538295a00471c07 - - default default] Successfully bumped revision number for resource 68cc3368-4388-41da-a99f-dd2e5a07238c (type: security_group_rules) to 0 /var/lib/openstack/lib/python3.10/site-packages/pycadf/identifier.py:71: UserWarning: Invalid uuid: neutron. To ensure interoperability, identifiers should be a valid uuid. warnings.warn(('Invalid uuid: %s. To ensure interoperability, '
2026-07-14 11:44:17.720 9 INFO neutron.db.ovn_revision_numbers_db [None req-8f4bfb5a-dd0b-404a-9293-e3401f9773e5 e820eb7e754441859d3dfd86f088be9c 5d80ea2504e6400d9538295a00471c07 - - default default] Successfully bumped revision number for resource b45d6e14-653e-4c71-b64a-e0eff08174d8 (type: security_group_rules) to 0
2026-07-14 11:44:17.738 9 INFO neutron.db.ovn_revision_numbers_db [None req-8f4bfb5a-dd0b-404a-9293-e3401f9773e5 e820eb7e754441859d3dfd86f088be9c 5d80ea2504e6400d9538295a00471c07 - - default default] Successfully bumped revision number for resource fdcc17d2-3153-4b1b-aa5c-370a8c59241b (type: security_group_rules) to 0
2026-07-14 11:44:17.768 9 INFO neutron.wsgi [None req-8f4bfb5a-dd0b-404a-9293-e3401f9773e5 e820eb7e754441859d3dfd86f088be9c 5d80ea2504e6400d9538295a00471c07 - - default default] 10.0.0.24 "GET /v2.0/security-groups?tenant_id=000ef9663769440384a429d539ce474b&name=default HTTP/1.1" status: 200 len: 3000 time: 0.3423405
2026-07-14 11:44:17.894 9 INFO neutron.wsgi [None req-3b55feb4-9b19-401c-949c-96adbf689e78 e820eb7e754441859d3dfd86f088be9c 5d80ea2504e6400d9538295a00471c07 - - default default] 10.0.0.24 "GET /v2.0/security-groups?tenant_id=b225a285a185433ba92bd0a7718f2f5c&name=default HTTP/1.1" status: 200 len: 2996 time: 0.1613564
2026-07-14 11:44:18.029 9 INFO neutron.wsgi [None req-bb6402b1-7ce8-427a-9baa-c45f7ecc08ca e820eb7e754441859d3dfd86f088be9c 5d80ea2504e6400d9538295a00471c07 - - default default] 10.0.0.24 "DELETE /v2.0/security-groups/b3fab356-1aba-4afd-abff-af9dc4f31b53 HTTP/1.1" status: 204 len: 168 time: 0.2550323
2026-07-14 11:44:18.147 9 INFO neutron.wsgi [None req-aa746115-62f4-4ccb-afe4-d557bfb73339 e820eb7e754441859d3dfd86f088be9c 5d80ea2504e6400d9538295a00471c07 - - default default] 10.0.0.24 "DELETE /v2.0/security-groups/f234171a-31c2-47a0-bd7b-2d3a6e36895b HTTP/1.1" status: 204 len: 168 time: 0.2463012
2026-07-14 11:44:18.377 10 INFO neutron.wsgi [None req-f0f7075d-f8d8-47b0-a7f4-b116a3025a9d 74e029b5abf54ee48dc7724da09605d6 a9690140da344901a4bc15c35b39550e - - default default] 10.0.0.24 "DELETE /v2.0/routers/0bfe3cd6-4873-498c-9c6b-1ef07fc5e3e4 HTTP/1.1" status: 204 len: 168 time: 0.6731455
2026-07-14 11:44:18.788 10 INFO neutron.services.segments.plugin [-] Segment 1b3e4a1e-ada9-4f07-94b6-b4ec0222a9ba resource provider aggregate not found
2026-07-14 11:44:18.794 10 INFO neutron.services.segments.plugin [-] Segment 1b3e4a1e-ada9-4f07-94b6-b4ec0222a9ba resource provider aggregate not found
2026-07-14 11:44:18.812 10 INFO neutron.services.segments.plugin [-] Segment 1b3e4a1e-ada9-4f07-94b6-b4ec0222a9ba resource provider not found; error: Placement Client Error (4xx): {"errors": [{"status": 404, "title": "Not Found", "detail": "The resource could not be found.\n\n No resource provider with uuid 1b3e4a1e-ada9-4f07-94b6-b4ec0222a9ba found for delete ", "request_id": "req-bda739ef-919b-4c4d-b8d1-b51d8b77fb1a"}]}
2026-07-14 11:44:18.813 10 INFO neutron.services.segments.plugin [-] Segment 1b3e4a1e-ada9-4f07-94b6-b4ec0222a9ba resource provider not found; error: Placement Client Error (4xx): {"errors": [{"status": 404, "title": "Not Found", "detail": "The resource could not be found.\n\n No resource provider with uuid 1b3e4a1e-ada9-4f07-94b6-b4ec0222a9ba found for delete ", "request_id": "req-2468c6b5-ff9e-4762-8395-4801c8d1f0a5"}]}
2026-07-14 11:44:18.837 10 INFO neutron.wsgi [None req-13f4cc31-5a2e-410e-8051-85e5f5341fb3 74e029b5abf54ee48dc7724da09605d6 a9690140da344901a4bc15c35b39550e - - default default] 10.0.0.24 "DELETE /v2.0/networks/a6fee978-d13e-4694-8335-624ba69b6a30 HTTP/1.1" status: 204 len: 168 time: 0.4539909
2026-07-14 11:44:18.933 9 INFO neutron.wsgi [-] 10.0.0.11 "GET / HTTP/1.1" status: 200 len: 246 time: 0.0022931
2026-07-14 11:44:18.934 10 INFO neutron.wsgi [-] 10.0.0.11 "GET / HTTP/1.1" status: 200 len: 246 time: 0.0025346
2026-07-14 11:44:20.094 10 INFO neutron.db.ovn_revision_numbers_db [None req-8e1e7d3f-776d-4e3e-8bbb-71ee630b3058 e820eb7e754441859d3dfd86f088be9c 5d80ea2504e6400d9538295a00471c07 - - default default] Successfully bumped revision number for resource 3c98cacf-479e-48c8-acf7-51c1421a9237 (type: security_groups) to 1
2026-07-14 11:44:20.113 10 INFO neutron.db.ovn_revision_numbers_db [None req-8e1e7d3f-776d-4e3e-8bbb-71ee630b3058 e820eb7e754441859d3dfd86f088be9c 5d80ea2504e6400d9538295a00471c07 - - default default] Successfully bumped revision number for resource 9def5b04-6b88-42a4-aeb6-9ebed0346879 (type: security_group_rules) to 0
2026-07-14 11:44:20.133 10 INFO neutron.db.ovn_revision_numbers_db [None req-8e1e7d3f-776d-4e3e-8bbb-71ee630b3058 e820eb7e754441859d3dfd86f088be9c 5d80ea2504e6400d9538295a00471c07 - - default default] Successfully bumped revision number for resource b670b518-6bb4-41c2-8e7d-7ab6d48348f7 (type: security_group_rules) to 0
2026-07-14 11:44:20.137 9 INFO neutron.wsgi [None req-a6c8aab9-df26-4e27-be2c-7a9e50e1cd08 e820eb7e754441859d3dfd86f088be9c 5d80ea2504e6400d9538295a00471c07 - - default default] 199.204.45.3 "GET /v2.0/extensions/security-group HTTP/1.1" status: 200 len: 369 time: 0.0074151
2026-07-14 11:44:20.146 10 INFO neutron.db.ovn_revision_numbers_db [None req-8e1e7d3f-776d-4e3e-8bbb-71ee630b3058 e820eb7e754441859d3dfd86f088be9c 5d80ea2504e6400d9538295a00471c07 - - default default] Successfully bumped revision number for resource c89077b5-7069-4eee-b8dc-c22dffabebc1 (type: security_group_rules) to 0
2026-07-14 11:44:20.152 10 INFO neutron.wsgi [-] 10.0.0.24 "GET / HTTP/1.1" status: 200 len: 279 time: 0.0019851
2026-07-14 11:44:20.153 9 INFO neutron.wsgi [None req-2030444b-47ce-4426-9419-7f88697ba559 e820eb7e754441859d3dfd86f088be9c 5d80ea2504e6400d9538295a00471c07 - - default default] 199.204.45.3 "GET /v2.0/extensions/dns-integration HTTP/1.1" status: 200 len: 371 time: 0.0086739
2026-07-14 11:44:20.164 10 INFO neutron.db.ovn_revision_numbers_db [None req-8e1e7d3f-776d-4e3e-8bbb-71ee630b3058 e820eb7e754441859d3dfd86f088be9c 5d80ea2504e6400d9538295a00471c07 - - default default] Successfully bumped revision number for resource ccfcef0e-8e67-4cd6-8ed8-cfd3a2b0416a (type: security_group_rules) to 0
2026-07-14 11:44:20.165 9 INFO neutron.wsgi [None req-a13cdec7-be23-413e-89bc-6ebbc9703b29 e820eb7e754441859d3dfd86f088be9c 5d80ea2504e6400d9538295a00471c07 - - default default] 199.204.45.3 "GET /v2.0/extensions/qos HTTP/1.1" status: 200 len: 365 time: 0.0067971
2026-07-14 11:44:20.183 9 INFO neutron.wsgi [None req-fe0a96e2-2f7e-4b46-9353-f969dedc5ab9 e820eb7e754441859d3dfd86f088be9c 5d80ea2504e6400d9538295a00471c07 - - default default] 199.204.45.3 "GET /v2.0/extensions/allowed-address-pairs HTTP/1.1" status: 200 len: 383 time: 0.0095863
2026-07-14 11:44:20.185 10 INFO neutron.wsgi [None req-8e1e7d3f-776d-4e3e-8bbb-71ee630b3058 e820eb7e754441859d3dfd86f088be9c 5d80ea2504e6400d9538295a00471c07 - - default default] 10.0.0.24 "GET /v2.0/security-groups?tenant_id=b9dd55a17b744496aabb9a298b58f55c&name=default HTTP/1.1" status: 200 len: 3000 time: 0.7786129
2026-07-14 11:44:20.227 9 INFO neutron.wsgi [None req-6ffc8d98-f984-48d2-bf8c-ddfa09c5cd46 e820eb7e754441859d3dfd86f088be9c 5d80ea2504e6400d9538295a00471c07 - - default default] 199.204.45.3 "GET /v2.0/subnets/4b0b37bf-5fbb-4c5f-866f-5672f67453e2 HTTP/1.1" status: 200 len: 851 time: 0.0374982
2026-07-14 11:44:20.293 9 INFO neutron.wsgi [None req-3ef9120d-1519-4711-bc50-ac60197282a6 e820eb7e754441859d3dfd86f088be9c 5d80ea2504e6400d9538295a00471c07 - - default default] 199.204.45.3 "GET /v2.0/ports?device_id=37d73e3b-b67e-4f05-a44e-c4ced0c569ca HTTP/1.1" status: 200 len: 1417 time: 0.0373759
2026-07-14 11:44:20.370 10 INFO neutron.wsgi [None req-f2a53c99-e5cd-4efd-bb80-6e7e07874b0f e65b28fd79b144b4b77078e09c691051 b468319ef88a4d8ba3c9e5e7f531df08 - - default default] 10.0.0.24 "GET /v2.0/ HTTP/1.1" status: 200 len: 826 time: 0.2141206
2026-07-14 11:44:20.457 10 INFO neutron.wsgi [None req-b415e09f-7eb7-436b-b9a4-97eabf37a447 e820eb7e754441859d3dfd86f088be9c 5d80ea2504e6400d9538295a00471c07 - - default default] 10.0.0.24 "DELETE /v2.0/security-groups/3c98cacf-479e-48c8-acf7-51c1421a9237 HTTP/1.1" status: 204 len: 168 time: 0.2616665
2026-07-14 11:44:20.623 10 INFO neutron.wsgi [None req-851fd209-4842-49b0-9296-a3a573c96dec e820eb7e754441859d3dfd86f088be9c 5d80ea2504e6400d9538295a00471c07 - - default default] 10.0.0.24 "GET /v2.0/security-groups?tenant_id=a9690140da344901a4bc15c35b39550e&name=default HTTP/1.1" status: 200 len: 2996 time: 0.0635407
2026-07-14 11:44:20.646 9 WARNING neutron.scheduler.dhcp_agent_scheduler [None req-a5f46c48-adf3-4319-8fe5-505c0eb5fdcc e820eb7e754441859d3dfd86f088be9c 5d80ea2504e6400d9538295a00471c07 - - default default] No more DHCP agents
2026-07-14 11:44:20.648 9 WARNING neutron.api.rpc.agentnotifiers.dhcp_rpc_agent_api [None req-a5f46c48-adf3-4319-8fe5-505c0eb5fdcc e820eb7e754441859d3dfd86f088be9c 5d80ea2504e6400d9538295a00471c07 - - default default] Unable to schedule network 63f4ea5f-e9ed-4d41-91a0-b93707f53ab3: no agents available; will retry on subsequent port and subnet creation events.
2026-07-14 11:44:20.844 10 INFO neutron.wsgi [None req-c2f17f40-d547-40bf-95b9-2e65271eb2ab e820eb7e754441859d3dfd86f088be9c 5d80ea2504e6400d9538295a00471c07 - - default default] 10.0.0.24 "DELETE /v2.0/security-groups/9c6699e6-5b4d-4a58-9cae-140d556c3c91 HTTP/1.1" status: 204 len: 168 time: 0.2167850
2026-07-14 11:44:20.845 9 INFO neutron.db.ovn_revision_numbers_db [None req-a5f46c48-adf3-4319-8fe5-505c0eb5fdcc e820eb7e754441859d3dfd86f088be9c 5d80ea2504e6400d9538295a00471c07 - - default default] Successfully bumped revision number for resource 059ea9b8-0dde-43f0-ad3c-32f3d1c53101 (type: ports) to 1
2026-07-14 11:44:20.865 9 INFO neutron.wsgi [None req-a5f46c48-adf3-4319-8fe5-505c0eb5fdcc e820eb7e754441859d3dfd86f088be9c 5d80ea2504e6400d9538295a00471c07 - - default default] 199.204.45.3 "POST /v2.0/ports HTTP/1.1" status: 201 len: 1302 time: 0.5645766 /var/lib/openstack/lib/python3.10/site-packages/pycadf/identifier.py:71: UserWarning: Invalid uuid: neutron. To ensure interoperability, identifiers should be a valid uuid. warnings.warn(('Invalid uuid: %s. To ensure interoperability, '
2026-07-14 11:44:20.970 9 INFO neutron.wsgi [req-55d8710d-67ef-4ead-98c0-8c913b159566 req-ea99649d-abb2-4424-afd5-a0b13c170a37 e820eb7e754441859d3dfd86f088be9c 5d80ea2504e6400d9538295a00471c07 - - default default] 10.0.0.47 "GET /v2.0/ports/059ea9b8-0dde-43f0-ad3c-32f3d1c53101 HTTP/1.1" status: 200 len: 1297 time: 0.0436664
2026-07-14 11:44:20.991 9 INFO neutron.wsgi [req-55d8710d-67ef-4ead-98c0-8c913b159566 req-32f298eb-57d1-417f-b5fb-cb2601aa503d e820eb7e754441859d3dfd86f088be9c 5d80ea2504e6400d9538295a00471c07 - - default default] 10.0.0.47 "GET /v2.0/extensions HTTP/1.1" status: 200 len: 16525 time: 0.0128117
2026-07-14 11:44:21.121 9 WARNING neutron.plugins.ml2.drivers.ovn.mech_driver.ovsdb.ovn_client [None req-c1242a75-d02a-4fc2-b5c7-5567aded73f5 - - - - - -] No port found with ID 8f965979-e10c-4821-936d-f83d17d284bf: RuntimeError: No port found with ID 8f965979-e10c-4821-936d-f83d17d284bf
2026-07-14 11:44:21.137 9 INFO neutron.wsgi [req-55d8710d-67ef-4ead-98c0-8c913b159566 req-8c7a5870-6b65-445e-bc82-d5667a55d976 510ec922fc0a4c2daf74f2b7376f9572 007b620f9f02429dbfe1620e7e0729be - - fd004ce52a97444eaaca329ac57bdc02 fd004ce52a97444eaaca329ac57bdc02] 199.204.45.3 "GET /v2.0/ports/059ea9b8-0dde-43f0-ad3c-32f3d1c53101?fields=binding%3Avnic_type&fields=binding%3Aprofile&fields=network_id&fields=resource_request&fields=numa_affinity_policy&fields=device_profile HTTP/1.1" status: 200 len: 335 time: 0.0727270
2026-07-14 11:44:21.235 10 INFO neutron.db.ovn_revision_numbers_db [None req-fcebc12a-2419-4096-a8bf-444032d6ab92 e820eb7e754441859d3dfd86f088be9c 5d80ea2504e6400d9538295a00471c07 - - default default] Successfully bumped revision number for resource 091dfc2e-129e-4e5d-84c6-467fae296ae7 (type: security_groups) to 1
2026-07-14 11:44:21.247 10 INFO neutron.db.ovn_revision_numbers_db [None req-fcebc12a-2419-4096-a8bf-444032d6ab92 e820eb7e754441859d3dfd86f088be9c 5d80ea2504e6400d9538295a00471c07 - - default default] Successfully bumped revision number for resource 0b87b7b2-02bb-4beb-a8bf-8331e5ffabf6 (type: security_group_rules) to 0
2026-07-14 11:44:21.258 10 INFO neutron.db.ovn_revision_numbers_db [None req-fcebc12a-2419-4096-a8bf-444032d6ab92 e820eb7e754441859d3dfd86f088be9c 5d80ea2504e6400d9538295a00471c07 - - default default] Successfully bumped revision number for resource a6788b2c-c0f6-4ae1-ad54-29664fecd6f9 (type: security_group_rules) to 0
2026-07-14 11:44:21.258 9 INFO neutron.wsgi [req-55d8710d-67ef-4ead-98c0-8c913b159566 req-31998e4d-a148-4974-9b8c-331058c7be17 510ec922fc0a4c2daf74f2b7376f9572 007b620f9f02429dbfe1620e7e0729be - - fd004ce52a97444eaaca329ac57bdc02 fd004ce52a97444eaaca329ac57bdc02] 199.204.45.3 "GET /v2.0/networks/63f4ea5f-e9ed-4d41-91a0-b93707f53ab3?fields=segments HTTP/1.1" status: 200 len: 212 time: 0.1064408
2026-07-14 11:44:21.279 10 INFO neutron.db.ovn_revision_numbers_db [None req-fcebc12a-2419-4096-a8bf-444032d6ab92 e820eb7e754441859d3dfd86f088be9c 5d80ea2504e6400d9538295a00471c07 - - default default] Successfully bumped revision number for resource abc700ee-0dd5-45c7-b8e2-c90a6a0e6df5 (type: security_group_rules) to 0
2026-07-14 11:44:21.306 10 INFO neutron.db.ovn_revision_numbers_db [None req-fcebc12a-2419-4096-a8bf-444032d6ab92 e820eb7e754441859d3dfd86f088be9c 5d80ea2504e6400d9538295a00471c07 - - default default] Successfully bumped revision number for resource c0572a98-09e2-40c3-b199-74499c71e9c2 (type: security_group_rules) to 0
2026-07-14 11:44:21.334 10 INFO neutron.wsgi [None req-fcebc12a-2419-4096-a8bf-444032d6ab92 e820eb7e754441859d3dfd86f088be9c 5d80ea2504e6400d9538295a00471c07 - - default default] 10.0.0.24 "GET /v2.0/security-groups?tenant_id=b468319ef88a4d8ba3c9e5e7f531df08&name=default HTTP/1.1" status: 200 len: 3000 time: 0.4564452
2026-07-14 11:44:21.351 9 INFO neutron.wsgi [req-55d8710d-67ef-4ead-98c0-8c913b159566 req-1b40663e-8c9e-4691-b0f0-a137ae3f49ce 510ec922fc0a4c2daf74f2b7376f9572 007b620f9f02429dbfe1620e7e0729be - - fd004ce52a97444eaaca329ac57bdc02 fd004ce52a97444eaaca329ac57bdc02] 199.204.45.3 "GET /v2.0/networks/63f4ea5f-e9ed-4d41-91a0-b93707f53ab3?fields=provider%3Aphysical_network&fields=provider%3Anetwork_type HTTP/1.1" status: 200 len: 277 time: 0.0724726
2026-07-14 11:44:21.410 9 INFO neutron.wsgi [req-55d8710d-67ef-4ead-98c0-8c913b159566 req-f52c060e-4244-412a-8b20-79b08abcc555 510ec922fc0a4c2daf74f2b7376f9572 007b620f9f02429dbfe1620e7e0729be - - fd004ce52a97444eaaca329ac57bdc02 fd004ce52a97444eaaca329ac57bdc02] 199.204.45.3 "GET /v2.0/ports/059ea9b8-0dde-43f0-ad3c-32f3d1c53101 HTTP/1.1" status: 200 len: 1297 time: 0.0383835
2026-07-14 11:44:21.488 9 INFO neutron.wsgi [req-55d8710d-67ef-4ead-98c0-8c913b159566 req-568fec5c-1a7a-48b4-9c95-3f22b5a41c57 e820eb7e754441859d3dfd86f088be9c 5d80ea2504e6400d9538295a00471c07 - - default default] 199.204.45.3 "GET /v2.0/networks?id=63f4ea5f-e9ed-4d41-91a0-b93707f53ab3 HTTP/1.1" status: 200 len: 1004 time: 0.0737298
2026-07-14 11:44:21.573 10 INFO neutron.wsgi [None req-56138735-83c1-4e24-be7d-da3ff6dbe96a e820eb7e754441859d3dfd86f088be9c 5d80ea2504e6400d9538295a00471c07 - - default default] 10.0.0.24 "DELETE /v2.0/security-groups/091dfc2e-129e-4e5d-84c6-467fae296ae7 HTTP/1.1" status: 204 len: 168 time: 0.2309275
2026-07-14 11:44:21.975 9 INFO neutron.db.ovn_revision_numbers_db [req-55d8710d-67ef-4ead-98c0-8c913b159566 req-f2d64280-2652-48e8-b579-0f1d8b356f1f 510ec922fc0a4c2daf74f2b7376f9572 007b620f9f02429dbfe1620e7e0729be - - fd004ce52a97444eaaca329ac57bdc02 fd004ce52a97444eaaca329ac57bdc02] Successfully bumped revision number for resource 059ea9b8-0dde-43f0-ad3c-32f3d1c53101 (type: ports) to 2
2026-07-14 11:44:22.156 9 INFO neutron.db.ovn_revision_numbers_db [req-55d8710d-67ef-4ead-98c0-8c913b159566 req-f2d64280-2652-48e8-b579-0f1d8b356f1f 510ec922fc0a4c2daf74f2b7376f9572 007b620f9f02429dbfe1620e7e0729be - - fd004ce52a97444eaaca329ac57bdc02 fd004ce52a97444eaaca329ac57bdc02] Successfully bumped revision number for resource 059ea9b8-0dde-43f0-ad3c-32f3d1c53101 (type: ports) to 2
2026-07-14 11:44:22.168 9 INFO neutron.wsgi [req-55d8710d-67ef-4ead-98c0-8c913b159566 req-f2d64280-2652-48e8-b579-0f1d8b356f1f 510ec922fc0a4c2daf74f2b7376f9572 007b620f9f02429dbfe1620e7e0729be - - fd004ce52a97444eaaca329ac57bdc02 fd004ce52a97444eaaca329ac57bdc02] 199.204.45.3 "PUT /v2.0/ports/059ea9b8-0dde-43f0-ad3c-32f3d1c53101 HTTP/1.1" status: 200 len: 1428 time: 0.6692538
2026-07-14 11:44:22.217 9 INFO neutron.notifiers.nova [-] Nova event matching ['req-ef0ff7c9-2c48-443d-b57f-aa9f90fb59bb'] response: {'name': 'network-changed', 'server_uuid': '37d73e3b-b67e-4f05-a44e-c4ced0c569ca', 'tag': '059ea9b8-0dde-43f0-ad3c-32f3d1c53101', 'status': 'completed', 'code': 200} /var/lib/openstack/lib/python3.10/site-packages/pycadf/identifier.py:71: UserWarning: Invalid uuid: neutron. To ensure interoperability, identifiers should be a valid uuid. warnings.warn(('Invalid uuid: %s. To ensure interoperability, '
2026-07-14 11:44:22.255 9 INFO neutron.wsgi [req-55d8710d-67ef-4ead-98c0-8c913b159566 req-54170ee1-d796-4cde-8fc7-040819b108fe 510ec922fc0a4c2daf74f2b7376f9572 007b620f9f02429dbfe1620e7e0729be - - fd004ce52a97444eaaca329ac57bdc02 fd004ce52a97444eaaca329ac57bdc02] 199.204.45.3 "GET /v2.0/ports?tenant_id=5d80ea2504e6400d9538295a00471c07&device_id=37d73e3b-b67e-4f05-a44e-c4ced0c569ca HTTP/1.1" status: 200 len: 2665 time: 0.0409467
2026-07-14 11:44:22.291 9 INFO neutron.wsgi [req-55d8710d-67ef-4ead-98c0-8c913b159566 req-37ad796a-5d32-42da-80af-a0f3cac34836 510ec922fc0a4c2daf74f2b7376f9572 007b620f9f02429dbfe1620e7e0729be - - fd004ce52a97444eaaca329ac57bdc02 fd004ce52a97444eaaca329ac57bdc02] 199.204.45.3 "GET /v2.0/floatingips?fixed_ip_address=172.24.2.199&port_id=bccd9d62-2962-425e-8339-997261351a3f HTTP/1.1" status: 200 len: 217 time: 0.0306425
2026-07-14 11:44:22.343 9 INFO neutron.wsgi [req-55d8710d-67ef-4ead-98c0-8c913b159566 req-b54eed4f-941f-416d-8781-ee2816621080 510ec922fc0a4c2daf74f2b7376f9572 007b620f9f02429dbfe1620e7e0729be - - fd004ce52a97444eaaca329ac57bdc02 fd004ce52a97444eaaca329ac57bdc02] 199.204.45.3 "GET /v2.0/subnets?id=4b5e758c-5ef6-4306-bd4e-1858e4a1c091 HTTP/1.1" status: 200 len: 829 time: 0.0467491
2026-07-14 11:44:22.374 9 INFO neutron.wsgi [req-55d8710d-67ef-4ead-98c0-8c913b159566 req-5f7dfb27-c7be-4542-aba2-72a4d489775d 510ec922fc0a4c2daf74f2b7376f9572 007b620f9f02429dbfe1620e7e0729be - - fd004ce52a97444eaaca329ac57bdc02 fd004ce52a97444eaaca329ac57bdc02] 199.204.45.3 "GET /v2.0/ports?network_id=26d50531-2434-4f35-b778-6bd6a04d1b4a&device_owner=network%3Adhcp HTTP/1.1" status: 200 len: 210 time: 0.0271249
2026-07-14 11:44:22.464 9 INFO neutron.wsgi [req-55d8710d-67ef-4ead-98c0-8c913b159566 req-0ef70ba8-127d-4126-966e-8452dd020133 510ec922fc0a4c2daf74f2b7376f9572 007b620f9f02429dbfe1620e7e0729be - - fd004ce52a97444eaaca329ac57bdc02 fd004ce52a97444eaaca329ac57bdc02] 199.204.45.3 "GET /v2.0/networks/26d50531-2434-4f35-b778-6bd6a04d1b4a?fields=segments HTTP/1.1" status: 200 len: 212 time: 0.0852489
2026-07-14 11:44:22.541 9 INFO neutron.wsgi [req-55d8710d-67ef-4ead-98c0-8c913b159566 req-8bb95de1-cdc1-42ea-93cc-91af47532df0 510ec922fc0a4c2daf74f2b7376f9572 007b620f9f02429dbfe1620e7e0729be - - fd004ce52a97444eaaca329ac57bdc02 fd004ce52a97444eaaca329ac57bdc02] 199.204.45.3 "GET /v2.0/networks/26d50531-2434-4f35-b778-6bd6a04d1b4a?fields=provider%3Aphysical_network&fields=provider%3Anetwork_type HTTP/1.1" status: 200 len: 277 time: 0.0690930
2026-07-14 11:44:22.566 9 INFO neutron.wsgi [req-55d8710d-67ef-4ead-98c0-8c913b159566 req-e4a2d5f9-e602-49c4-9511-5d5bb95d47f1 510ec922fc0a4c2daf74f2b7376f9572 007b620f9f02429dbfe1620e7e0729be - - fd004ce52a97444eaaca329ac57bdc02 fd004ce52a97444eaaca329ac57bdc02] 199.204.45.3 "GET /v2.0/floatingips?fixed_ip_address=10.1.1.136&port_id=059ea9b8-0dde-43f0-ad3c-32f3d1c53101 HTTP/1.1" status: 200 len: 217 time: 0.0212433
2026-07-14 11:44:22.602 9 INFO neutron.wsgi [req-55d8710d-67ef-4ead-98c0-8c913b159566 req-a1d449bb-8875-4c07-a7a5-70d85716c3f3 510ec922fc0a4c2daf74f2b7376f9572 007b620f9f02429dbfe1620e7e0729be - - fd004ce52a97444eaaca329ac57bdc02 fd004ce52a97444eaaca329ac57bdc02] 199.204.45.3 "GET /v2.0/subnets?id=4b0b37bf-5fbb-4c5f-866f-5672f67453e2 HTTP/1.1" status: 200 len: 854 time: 0.0325999
2026-07-14 11:44:22.625 9 INFO neutron.wsgi [req-55d8710d-67ef-4ead-98c0-8c913b159566 req-ae968caa-5f7c-44c7-8ba0-b5cd36695260 510ec922fc0a4c2daf74f2b7376f9572 007b620f9f02429dbfe1620e7e0729be - - fd004ce52a97444eaaca329ac57bdc02 fd004ce52a97444eaaca329ac57bdc02] 199.204.45.3 "GET /v2.0/ports?network_id=63f4ea5f-e9ed-4d41-91a0-b93707f53ab3&device_owner=network%3Adhcp HTTP/1.1" status: 200 len: 210 time: 0.0201614
2026-07-14 11:44:22.686 10 INFO neutron.db.ovn_revision_numbers_db [None req-c4f0e24e-1e76-4e9e-8e13-0c83d28b4331 e820eb7e754441859d3dfd86f088be9c 5d80ea2504e6400d9538295a00471c07 - - default default] Successfully bumped revision number for resource 3a3e13b3-cf06-418f-ae0b-9b12e658966d (type: security_groups) to 1
2026-07-14 11:44:22.697 9 INFO neutron.wsgi [req-55d8710d-67ef-4ead-98c0-8c913b159566 req-91a68df4-e117-4f65-b3cf-9f4ff93224ad 510ec922fc0a4c2daf74f2b7376f9572 007b620f9f02429dbfe1620e7e0729be - - fd004ce52a97444eaaca329ac57bdc02 fd004ce52a97444eaaca329ac57bdc02] 199.204.45.3 "GET /v2.0/networks/63f4ea5f-e9ed-4d41-91a0-b93707f53ab3?fields=segments HTTP/1.1" status: 200 len: 212 time: 0.0682592
2026-07-14 11:44:22.700 10 INFO neutron.db.ovn_revision_numbers_db [None req-c4f0e24e-1e76-4e9e-8e13-0c83d28b4331 e820eb7e754441859d3dfd86f088be9c 5d80ea2504e6400d9538295a00471c07 - - default default] Successfully bumped revision number for resource 177c9269-b2dd-4c45-9d32-5c9e8e7ddb4d (type: security_group_rules) to 0
2026-07-14 11:44:22.718 10 INFO neutron.db.ovn_revision_numbers_db [None req-c4f0e24e-1e76-4e9e-8e13-0c83d28b4331 e820eb7e754441859d3dfd86f088be9c 5d80ea2504e6400d9538295a00471c07 - - default default] Successfully bumped revision number for resource 29bee81c-ef64-49f2-812c-3454302f95ae (type: security_group_rules) to 0
2026-07-14 11:44:22.735 10 INFO neutron.db.ovn_revision_numbers_db [None req-c4f0e24e-1e76-4e9e-8e13-0c83d28b4331 e820eb7e754441859d3dfd86f088be9c 5d80ea2504e6400d9538295a00471c07 - - default default] Successfully bumped revision number for resource 58812721-d332-4a38-b645-0310b9d071a1 (type: security_group_rules) to 0
2026-07-14 11:44:22.752 10 INFO neutron.db.ovn_revision_numbers_db [None req-c4f0e24e-1e76-4e9e-8e13-0c83d28b4331 e820eb7e754441859d3dfd86f088be9c 5d80ea2504e6400d9538295a00471c07 - - default default] Successfully bumped revision number for resource ed75ab91-63b1-47f6-9e79-eccd1253cd13 (type: security_group_rules) to 0
2026-07-14 11:44:22.759 9 INFO neutron.wsgi [req-55d8710d-67ef-4ead-98c0-8c913b159566 req-9ffeeadd-e0e5-4260-b294-e1c14f5c3856 510ec922fc0a4c2daf74f2b7376f9572 007b620f9f02429dbfe1620e7e0729be - - fd004ce52a97444eaaca329ac57bdc02 fd004ce52a97444eaaca329ac57bdc02] 199.204.45.3 "GET /v2.0/networks/63f4ea5f-e9ed-4d41-91a0-b93707f53ab3?fields=provider%3Aphysical_network&fields=provider%3Anetwork_type HTTP/1.1" status: 200 len: 277 time: 0.0568047
2026-07-14 11:44:22.777 10 INFO neutron.wsgi [None req-c4f0e24e-1e76-4e9e-8e13-0c83d28b4331 e820eb7e754441859d3dfd86f088be9c 5d80ea2504e6400d9538295a00471c07 - - default default] 10.0.0.24 "GET /v2.0/security-groups?tenant_id=ab105773f27e49638c68777b9d854bc8&name=default HTTP/1.1" status: 200 len: 3000 time: 0.4075804
2026-07-14 11:44:22.854 9 INFO neutron.wsgi [req-dfe539c4-c2d7-4f8b-bf09-a2cbbf6dd969 req-b577f4f5-841d-4621-be26-d38d923d8400 510ec922fc0a4c2daf74f2b7376f9572 007b620f9f02429dbfe1620e7e0729be - - fd004ce52a97444eaaca329ac57bdc02 fd004ce52a97444eaaca329ac57bdc02] 199.204.45.3 "GET /v2.0/ports?tenant_id=5d80ea2504e6400d9538295a00471c07&device_id=37d73e3b-b67e-4f05-a44e-c4ced0c569ca HTTP/1.1" status: 200 len: 2665 time: 0.0529127
2026-07-14 11:44:22.874 10 INFO neutron.plugins.ml2.drivers.ovn.mech_driver.mech_driver [None req-bce252a6-e8d4-4e60-89b6-69e113a9828b - - - - - -] OVN reports status up for port: 059ea9b8-0dde-43f0-ad3c-32f3d1c53101
2026-07-14 11:44:22.904 10 INFO neutron.plugins.ml2.plugin [None req-bce252a6-e8d4-4e60-89b6-69e113a9828b - - - - - -] Attempt 1 to provision port 059ea9b8-0dde-43f0-ad3c-32f3d1c53101
2026-07-14 11:44:23.102 10 INFO neutron.notifiers.nova [-] Nova event matching ['req-783bdd00-fce8-4ac3-92bf-a04ffae8b0c5'] response: {'server_uuid': '37d73e3b-b67e-4f05-a44e-c4ced0c569ca', 'name': 'network-vif-plugged', 'status': 'completed', 'tag': '059ea9b8-0dde-43f0-ad3c-32f3d1c53101', 'code': 200}
2026-07-14 11:44:23.147 10 INFO neutron.wsgi [None req-5fcf5fb7-d0db-4178-a72c-893d52bc88fe e820eb7e754441859d3dfd86f088be9c 5d80ea2504e6400d9538295a00471c07 - - default default] 10.0.0.24 "DELETE /v2.0/security-groups/3a3e13b3-cf06-418f-ae0b-9b12e658966d HTTP/1.1" status: 204 len: 168 time: 0.3560693
2026-07-14 11:44:23.258 9 INFO neutron.wsgi [req-55d8710d-67ef-4ead-98c0-8c913b159566 req-542273fa-031b-453c-b906-f0a672189937 e820eb7e754441859d3dfd86f088be9c 5d80ea2504e6400d9538295a00471c07 - - default default] 10.0.0.47 "GET /v2.0/ports/059ea9b8-0dde-43f0-ad3c-32f3d1c53101 HTTP/1.1" status: 200 len: 1458 time: 0.0334983
2026-07-14 11:44:23.269 9 INFO neutron.wsgi [req-dfe539c4-c2d7-4f8b-bf09-a2cbbf6dd969 req-a78bb5f5-e606-41ba-84a8-12194e4b9041 510ec922fc0a4c2daf74f2b7376f9572 007b620f9f02429dbfe1620e7e0729be - - fd004ce52a97444eaaca329ac57bdc02 fd004ce52a97444eaaca329ac57bdc02] 199.204.45.3 "GET /v2.0/networks?id=63f4ea5f-e9ed-4d41-91a0-b93707f53ab3 HTTP/1.1" status: 200 len: 1004 time: 0.3937593
2026-07-14 11:44:23.273 10 INFO neutron.db.ovn_revision_numbers_db [None req-bce252a6-e8d4-4e60-89b6-69e113a9828b - - - - - -] Successfully bumped revision number for resource 059ea9b8-0dde-43f0-ad3c-32f3d1c53101 (type: ports) to 4
2026-07-14 11:44:23.316 9 INFO neutron.wsgi [req-dfe539c4-c2d7-4f8b-bf09-a2cbbf6dd969 req-bd8fbbed-4f57-41bf-8c28-d3f2b98663e5 510ec922fc0a4c2daf74f2b7376f9572 007b620f9f02429dbfe1620e7e0729be - - fd004ce52a97444eaaca329ac57bdc02 fd004ce52a97444eaaca329ac57bdc02] 199.204.45.3 "GET /v2.0/floatingips?fixed_ip_address=10.1.1.136&port_id=059ea9b8-0dde-43f0-ad3c-32f3d1c53101 HTTP/1.1" status: 200 len: 217 time: 0.0245016
2026-07-14 11:44:23.366 9 INFO neutron.wsgi [req-dfe539c4-c2d7-4f8b-bf09-a2cbbf6dd969 req-127b90cf-977c-4cf4-9aa0-55bed61d9044 510ec922fc0a4c2daf74f2b7376f9572 007b620f9f02429dbfe1620e7e0729be - - fd004ce52a97444eaaca329ac57bdc02 fd004ce52a97444eaaca329ac57bdc02] 199.204.45.3 "GET /v2.0/subnets?id=4b0b37bf-5fbb-4c5f-866f-5672f67453e2 HTTP/1.1" status: 200 len: 854 time: 0.0407624
2026-07-14 11:44:23.406 9 INFO neutron.wsgi [req-dfe539c4-c2d7-4f8b-bf09-a2cbbf6dd969 req-6cad3c2b-9b7e-4a99-b704-b9598e563f60 510ec922fc0a4c2daf74f2b7376f9572 007b620f9f02429dbfe1620e7e0729be - - fd004ce52a97444eaaca329ac57bdc02 fd004ce52a97444eaaca329ac57bdc02] 199.204.45.3 "GET /v2.0/ports?network_id=63f4ea5f-e9ed-4d41-91a0-b93707f53ab3&device_owner=network%3Adhcp HTTP/1.1" status: 200 len: 210 time: 0.0314279
2026-07-14 11:44:23.423 10 INFO neutron.db.ovn_revision_numbers_db [None req-b8178304-22ca-4930-be57-6c2e008d6222 e820eb7e754441859d3dfd86f088be9c 5d80ea2504e6400d9538295a00471c07 - - default default] Successfully bumped revision number for resource 5f2994f5-23e1-4d4e-9119-a21571d629ca (type: security_groups) to 1
2026-07-14 11:44:23.439 10 INFO neutron.db.ovn_revision_numbers_db [None req-b8178304-22ca-4930-be57-6c2e008d6222 e820eb7e754441859d3dfd86f088be9c 5d80ea2504e6400d9538295a00471c07 - - default default] Successfully bumped revision number for resource 149a460a-b9e0-4b85-8a33-0dcfe92e9520 (type: security_group_rules) to 0
2026-07-14 11:44:23.452 10 INFO neutron.db.ovn_revision_numbers_db [None req-b8178304-22ca-4930-be57-6c2e008d6222 e820eb7e754441859d3dfd86f088be9c 5d80ea2504e6400d9538295a00471c07 - - default default] Successfully bumped revision number for resource a711afa9-a8b9-42b7-b112-9b5ecbf3befa (type: security_group_rules) to 0
2026-07-14 11:44:23.466 10 INFO neutron.db.ovn_revision_numbers_db [None req-b8178304-22ca-4930-be57-6c2e008d6222 e820eb7e754441859d3dfd86f088be9c 5d80ea2504e6400d9538295a00471c07 - - default default] Successfully bumped revision number for resource cd7cc417-6c13-44d6-9d96-09c40d02492e (type: security_group_rules) to 0
2026-07-14 11:44:23.484 10 INFO neutron.db.ovn_revision_numbers_db [None req-b8178304-22ca-4930-be57-6c2e008d6222 e820eb7e754441859d3dfd86f088be9c 5d80ea2504e6400d9538295a00471c07 - - default default] Successfully bumped revision number for resource d1fe7e0e-fdf0-423e-b4ef-32292b47da0e (type: security_group_rules) to 0
2026-07-14 11:44:23.499 9 INFO neutron.wsgi [req-dfe539c4-c2d7-4f8b-bf09-a2cbbf6dd969 req-bdc7dfd0-cd92-4977-8525-5c4c08657410 510ec922fc0a4c2daf74f2b7376f9572 007b620f9f02429dbfe1620e7e0729be - - fd004ce52a97444eaaca329ac57bdc02 fd004ce52a97444eaaca329ac57bdc02] 199.204.45.3 "GET /v2.0/networks/63f4ea5f-e9ed-4d41-91a0-b93707f53ab3?fields=segments HTTP/1.1" status: 200 len: 212 time: 0.0823345
2026-07-14 11:44:23.511 10 INFO neutron.wsgi [None req-b8178304-22ca-4930-be57-6c2e008d6222 e820eb7e754441859d3dfd86f088be9c 5d80ea2504e6400d9538295a00471c07 - - default default] 10.0.0.24 "GET /v2.0/security-groups?tenant_id=a294a3b636ba40dbb079aac98c98e99a&name=default HTTP/1.1" status: 200 len: 3000 time: 0.2043302 /var/lib/openstack/lib/python3.10/site-packages/pycadf/identifier.py:71: UserWarning: Invalid uuid: neutron. To ensure interoperability, identifiers should be a valid uuid. warnings.warn(('Invalid uuid: %s. To ensure interoperability, '
2026-07-14 11:44:23.591 9 INFO neutron.wsgi [req-dfe539c4-c2d7-4f8b-bf09-a2cbbf6dd969 req-cf45bc50-bc0f-4d3b-ba05-d278d76668f4 510ec922fc0a4c2daf74f2b7376f9572 007b620f9f02429dbfe1620e7e0729be - - fd004ce52a97444eaaca329ac57bdc02 fd004ce52a97444eaaca329ac57bdc02] 199.204.45.3 "GET /v2.0/networks/63f4ea5f-e9ed-4d41-91a0-b93707f53ab3?fields=provider%3Aphysical_network&fields=provider%3Anetwork_type HTTP/1.1" status: 200 len: 277 time: 0.0824928
2026-07-14 11:44:23.699 9 INFO neutron.db.ovn_revision_numbers_db [None req-bfc9e4e0-1f67-42eb-b328-a413fd2d5230 e820eb7e754441859d3dfd86f088be9c 5d80ea2504e6400d9538295a00471c07 - - default default] Successfully bumped revision number for resource 059ea9b8-0dde-43f0-ad3c-32f3d1c53101 (type: ports) to 5
2026-07-14 11:44:23.706 10 INFO neutron.wsgi [None req-50a80424-c4aa-45fe-b3b7-7a050a1a0072 e820eb7e754441859d3dfd86f088be9c 5d80ea2504e6400d9538295a00471c07 - - default default] 10.0.0.24 "DELETE /v2.0/security-groups/5f2994f5-23e1-4d4e-9119-a21571d629ca HTTP/1.1" status: 204 len: 168 time: 0.1897626
2026-07-14 11:44:23.707 9 INFO neutron.wsgi [None req-bfc9e4e0-1f67-42eb-b328-a413fd2d5230 e820eb7e754441859d3dfd86f088be9c 5d80ea2504e6400d9538295a00471c07 - - default default] 199.204.45.3 "PUT /v2.0/ports/059ea9b8-0dde-43f0-ad3c-32f3d1c53101 HTTP/1.1" status: 200 len: 1491 time: 0.4375932 /var/lib/openstack/lib/python3.10/site-packages/pycadf/identifier.py:71: UserWarning: Invalid uuid: neutron. To ensure interoperability, identifiers should be a valid uuid. warnings.warn(('Invalid uuid: %s. To ensure interoperability, '
2026-07-14 11:44:23.741 9 INFO neutron.wsgi [None req-e77257b9-2523-4137-b705-7d0ed113ab0b e820eb7e754441859d3dfd86f088be9c 5d80ea2504e6400d9538295a00471c07 - - default default] 199.204.45.3 "GET /v2.0/security-groups?name=lb-799e3e03-e592-4015-b242-37b0d6f6a188 HTTP/1.1" status: 200 len: 1775 time: 0.0287821
2026-07-14 11:44:24.034 9 INFO neutron.db.ovn_revision_numbers_db [None req-cc15b051-84f3-4830-b10d-37d2463d5891 e820eb7e754441859d3dfd86f088be9c 5d80ea2504e6400d9538295a00471c07 - - default default] Successfully bumped revision number for resource 059ea9b8-0dde-43f0-ad3c-32f3d1c53101 (type: ports) to 6
2026-07-14 11:44:24.043 9 INFO neutron.wsgi [None req-cc15b051-84f3-4830-b10d-37d2463d5891 e820eb7e754441859d3dfd86f088be9c 5d80ea2504e6400d9538295a00471c07 - - default default] 199.204.45.3 "PUT /v2.0/ports/059ea9b8-0dde-43f0-ad3c-32f3d1c53101 HTTP/1.1" status: 200 len: 1491 time: 0.2982247 /var/lib/openstack/lib/python3.10/site-packages/pycadf/identifier.py:71: UserWarning: Invalid uuid: neutron. To ensure interoperability, identifiers should be a valid uuid. warnings.warn(('Invalid uuid: %s. To ensure interoperability, '
2026-07-14 11:44:24.124 9 INFO neutron.wsgi [None req-aa6b9cea-5c43-4a60-be91-82a4305b6010 e820eb7e754441859d3dfd86f088be9c 5d80ea2504e6400d9538295a00471c07 - - default default] 199.204.45.3 "GET /v2.0/extensions/security-group HTTP/1.1" status: 200 len: 369 time: 0.0084903
2026-07-14 11:44:24.143 9 INFO neutron.wsgi [None req-8a2d23cc-ee85-4b36-8ec8-4d2c377c8106 e820eb7e754441859d3dfd86f088be9c 5d80ea2504e6400d9538295a00471c07 - - default default] 199.204.45.3 "GET /v2.0/extensions/dns-integration HTTP/1.1" status: 200 len: 371 time: 0.0054262
2026-07-14 11:44:24.152 9 INFO neutron.wsgi [None req-ea4424fa-c97a-4b30-bf44-5263a2083ca4 e820eb7e754441859d3dfd86f088be9c 5d80ea2504e6400d9538295a00471c07 - - default default] 199.204.45.3 "GET /v2.0/extensions/qos HTTP/1.1" status: 200 len: 365 time: 0.0040298
2026-07-14 11:44:24.169 9 INFO neutron.wsgi [None req-4c810d5a-6923-451f-b2ef-9f76069c96a1 e820eb7e754441859d3dfd86f088be9c 5d80ea2504e6400d9538295a00471c07 - - default default] 199.204.45.3 "GET /v2.0/extensions/allowed-address-pairs HTTP/1.1" status: 200 len: 383 time: 0.0069323
2026-07-14 11:44:24.215 9 INFO neutron.wsgi [None req-2f7bee57-44d9-432f-b8d4-429e01fd47d3 e820eb7e754441859d3dfd86f088be9c 5d80ea2504e6400d9538295a00471c07 - - default default] 199.204.45.3 "GET /v2.0/subnets/4b0b37bf-5fbb-4c5f-866f-5672f67453e2 HTTP/1.1" status: 200 len: 851 time: 0.0370255
2026-07-14 11:44:24.260 9 INFO neutron.notifiers.nova [-] Nova event matching ['req-f17c6150-01a2-468a-813f-7099b73dfdbb'] response: {'name': 'network-changed', 'server_uuid': '37d73e3b-b67e-4f05-a44e-c4ced0c569ca', 'tag': '059ea9b8-0dde-43f0-ad3c-32f3d1c53101', 'status': 'completed', 'code': 200}
2026-07-14 11:44:24.261 9 INFO neutron.notifiers.nova [-] Nova event matching ['req-f17c6150-01a2-468a-813f-7099b73dfdbb'] response: {'name': 'network-changed', 'server_uuid': '37d73e3b-b67e-4f05-a44e-c4ced0c569ca', 'tag': '059ea9b8-0dde-43f0-ad3c-32f3d1c53101', 'status': 'completed', 'code': 200}
2026-07-14 11:44:24.263 9 INFO neutron.wsgi [None req-96861443-37a1-456d-8326-c5d2f44d6e9c e820eb7e754441859d3dfd86f088be9c 5d80ea2504e6400d9538295a00471c07 - - default default] 199.204.45.3 "GET /v2.0/ports/ebd6e377-420f-4845-acaf-09a01e04f5df HTTP/1.1" status: 200 len: 1332 time: 0.0357051
2026-07-14 11:44:24.302 9 INFO neutron.wsgi [None req-a403d287-8fa3-457b-83f1-3f5e15ecdac9 e820eb7e754441859d3dfd86f088be9c 5d80ea2504e6400d9538295a00471c07 - - default default] 199.204.45.3 "GET /v2.0/ports/059ea9b8-0dde-43f0-ad3c-32f3d1c53101 HTTP/1.1" status: 200 len: 1519 time: 0.0333428
2026-07-14 11:44:24.333 9 INFO neutron.wsgi [req-94aa0252-f150-48a2-98a2-2bb7955381c0 req-51b62be8-938c-49d8-a34f-4af3f6f61aa5 510ec922fc0a4c2daf74f2b7376f9572 007b620f9f02429dbfe1620e7e0729be - - fd004ce52a97444eaaca329ac57bdc02 fd004ce52a97444eaaca329ac57bdc02] 199.204.45.3 "GET /v2.0/ports?tenant_id=5d80ea2504e6400d9538295a00471c07&device_id=37d73e3b-b67e-4f05-a44e-c4ced0c569ca HTTP/1.1" status: 200 len: 2728 time: 0.0452936
2026-07-14 11:44:24.340 9 INFO neutron.wsgi [None req-1199ecb1-8e80-4cde-845a-6f6019a34094 e820eb7e754441859d3dfd86f088be9c 5d80ea2504e6400d9538295a00471c07 - - default default] 199.204.45.3 "GET /v2.0/subnets/4b0b37bf-5fbb-4c5f-866f-5672f67453e2 HTTP/1.1" status: 200 len: 851 time: 0.0297127
2026-07-14 11:44:24.422 9 INFO neutron.wsgi [None req-cd14d23b-0782-441d-a1e6-45a8ca70e172 e820eb7e754441859d3dfd86f088be9c 5d80ea2504e6400d9538295a00471c07 - - default default] 199.204.45.3 "GET /v2.0/networks/63f4ea5f-e9ed-4d41-91a0-b93707f53ab3 HTTP/1.1" status: 200 len: 1001 time: 0.0743024
2026-07-14 11:44:24.428 9 INFO neutron.wsgi [req-94aa0252-f150-48a2-98a2-2bb7955381c0 req-29820913-61fa-495b-ae79-537a03de441b 510ec922fc0a4c2daf74f2b7376f9572 007b620f9f02429dbfe1620e7e0729be - - fd004ce52a97444eaaca329ac57bdc02 fd004ce52a97444eaaca329ac57bdc02] 199.204.45.3 "GET /v2.0/networks?id=63f4ea5f-e9ed-4d41-91a0-b93707f53ab3 HTTP/1.1" status: 200 len: 1004 time: 0.0852921
2026-07-14 11:44:24.469 9 INFO neutron.wsgi [req-94aa0252-f150-48a2-98a2-2bb7955381c0 req-94a80288-a6b7-4afd-a777-3fc8653c40bf 510ec922fc0a4c2daf74f2b7376f9572 007b620f9f02429dbfe1620e7e0729be - - fd004ce52a97444eaaca329ac57bdc02 fd004ce52a97444eaaca329ac57bdc02] 199.204.45.3 "GET /v2.0/floatingips?fixed_ip_address=10.1.1.136&port_id=059ea9b8-0dde-43f0-ad3c-32f3d1c53101 HTTP/1.1" status: 200 len: 217 time: 0.0305636
2026-07-14 11:44:24.479 9 INFO neutron.wsgi [None req-6c1c560a-6efe-4e13-9602-91a54f284601 e820eb7e754441859d3dfd86f088be9c 5d80ea2504e6400d9538295a00471c07 - - default default] 199.204.45.3 "GET /v2.0/ports/ebd6e377-420f-4845-acaf-09a01e04f5df HTTP/1.1" status: 200 len: 1332 time: 0.0474319
2026-07-14 11:44:24.518 9 INFO neutron.wsgi [req-94aa0252-f150-48a2-98a2-2bb7955381c0 req-0019a222-040e-4b94-9e63-63fb1d5f1586 510ec922fc0a4c2daf74f2b7376f9572 007b620f9f02429dbfe1620e7e0729be - - fd004ce52a97444eaaca329ac57bdc02 fd004ce52a97444eaaca329ac57bdc02] 199.204.45.3 "GET /v2.0/subnets?id=4b0b37bf-5fbb-4c5f-866f-5672f67453e2 HTTP/1.1" status: 200 len: 854 time: 0.0419004
2026-07-14 11:44:24.526 9 INFO neutron.wsgi [None req-a1cc4871-15e8-4a28-a00f-d842c12369bd e820eb7e754441859d3dfd86f088be9c 5d80ea2504e6400d9538295a00471c07 - - default default] 199.204.45.3 "GET /v2.0/subnets/4b0b37bf-5fbb-4c5f-866f-5672f67453e2 HTTP/1.1" status: 200 len: 851 time: 0.0390611
2026-07-14 11:44:24.551 9 INFO neutron.wsgi [req-94aa0252-f150-48a2-98a2-2bb7955381c0 req-5428217d-c1ff-42f3-b693-3e7800ceadd7 510ec922fc0a4c2daf74f2b7376f9572 007b620f9f02429dbfe1620e7e0729be - - fd004ce52a97444eaaca329ac57bdc02 fd004ce52a97444eaaca329ac57bdc02] 199.204.45.3 "GET /v2.0/ports?network_id=63f4ea5f-e9ed-4d41-91a0-b93707f53ab3&device_owner=network%3Adhcp HTTP/1.1" status: 200 len: 210 time: 0.0245519
2026-07-14 11:44:24.620 9 INFO neutron.wsgi [req-94aa0252-f150-48a2-98a2-2bb7955381c0 req-e7985f8f-895a-4134-af0b-4e418882e57a 510ec922fc0a4c2daf74f2b7376f9572 007b620f9f02429dbfe1620e7e0729be - - fd004ce52a97444eaaca329ac57bdc02 fd004ce52a97444eaaca329ac57bdc02] 199.204.45.3 "GET /v2.0/networks/63f4ea5f-e9ed-4d41-91a0-b93707f53ab3?fields=segments HTTP/1.1" status: 200 len: 212 time: 0.0626402
