2026-07-14 11:41:51.493 10 INFO neutron.db.ovn_revision_numbers_db [None req-3f0e60e6-55db-4b46-932d-73e2440c9869 e820eb7e754441859d3dfd86f088be9c 5d80ea2504e6400d9538295a00471c07 - - default default] Successfully bumped revision number for resource dda2050d-9357-4288-bc49-699c23a06356 (type: router_ports) to 1
2026-07-14 11:41:51.567 10 INFO neutron.db.ovn_revision_numbers_db [None req-3f0e60e6-55db-4b46-932d-73e2440c9869 e820eb7e754441859d3dfd86f088be9c 5d80ea2504e6400d9538295a00471c07 - - default default] Successfully bumped revision number for resource c4b58043-b02f-4514-a993-afdfd2ac8ae4 (type: routers) to 2
2026-07-14 11:41:51.581 10 INFO neutron.wsgi [None req-3f0e60e6-55db-4b46-932d-73e2440c9869 e820eb7e754441859d3dfd86f088be9c 5d80ea2504e6400d9538295a00471c07 - - default default] 10.0.0.24 "POST /v2.0/routers HTTP/1.1" status: 201 len: 876 time: 1.2934012
2026-07-14 11:41:51.982 9 INFO neutron.db.ovn_revision_numbers_db [None req-f7e6df92-cc67-4fd1-ae22-8685835f486f - - - - - -] Successfully bumped revision number for resource dda2050d-9357-4288-bc49-699c23a06356 (type: ports) to 1
2026-07-14 11:41:52.048 10 WARNING neutron.scheduler.dhcp_agent_scheduler [None req-74613a1d-bfb3-4170-b06e-38049eb83bec e820eb7e754441859d3dfd86f088be9c 5d80ea2504e6400d9538295a00471c07 - - default default] No more DHCP agents
2026-07-14 11:41:52.051 10 WARNING neutron.api.rpc.agentnotifiers.dhcp_rpc_agent_api [None req-74613a1d-bfb3-4170-b06e-38049eb83bec e820eb7e754441859d3dfd86f088be9c 5d80ea2504e6400d9538295a00471c07 - - default default] Unable to schedule network 9c3c5609-486f-4cd2-94d2-d2c30649e252: no agents available; will retry on subsequent port and subnet creation events.
2026-07-14 11:41:52.194 10 INFO neutron.db.ovn_revision_numbers_db [None req-74613a1d-bfb3-4170-b06e-38049eb83bec e820eb7e754441859d3dfd86f088be9c 5d80ea2504e6400d9538295a00471c07 - - default default] Successfully bumped revision number for resource 94d7a957-4d88-4b3a-8ace-4a3d48903985 (type: ports) to 1
2026-07-14 11:41:52.226 9 INFO neutron.db.ovn_revision_numbers_db [None req-f7e6df92-cc67-4fd1-ae22-8685835f486f - - - - - -] Successfully bumped revision number for resource dda2050d-9357-4288-bc49-699c23a06356 (type: router_ports) to 3
2026-07-14 11:41:52.293 10 INFO neutron.wsgi [None req-7457d958-8860-41e0-b872-cce8e5e414b2 fbc1a5e30ec74cf3b882060a3c2b39e3 4669a21c478747f6902ea908f3475247 - - default default] 10.0.0.24 "POST /v2.0/subnetpools HTTP/1.1" status: 201 len: 715 time: 0.1683826
2026-07-14 11:41:52.396 9 INFO neutron.wsgi [None req-10faeece-f353-4dd2-b6af-124634ea0a98 fbc1a5e30ec74cf3b882060a3c2b39e3 4669a21c478747f6902ea908f3475247 - - default default] 10.0.0.24 "POST /v2.0/subnetpools HTTP/1.1" status: 201 len: 715 time: 0.0940807
2026-07-14 11:41:52.429 9 INFO neutron.db.ovn_revision_numbers_db [None req-f7e6df92-cc67-4fd1-ae22-8685835f486f - - - - - -] Successfully bumped revision number for resource dda2050d-9357-4288-bc49-699c23a06356 (type: ports) to 2
2026-07-14 11:41:52.479 10 INFO neutron.db.ovn_revision_numbers_db [None req-a31d350e-72d0-45d2-a5ef-b1576d58388d 526a7566e3fa474d88a0fe53670a1743 42d1debe6fa44278aa5d68dee1d9877d - - default default] Successfully bumped revision number for resource 7f6eaa18-4697-4c42-be83-0f93cbb7ae6b (type: security_groups) to 1
2026-07-14 11:41:52.483 9 INFO neutron.wsgi [None req-5920f491-5756-43f5-a3e3-095c1b09e8e7 fbc1a5e30ec74cf3b882060a3c2b39e3 4669a21c478747f6902ea908f3475247 - - default default] 10.0.0.24 "POST /v2.0/subnetpools HTTP/1.1" status: 201 len: 715 time: 0.0814259
2026-07-14 11:41:52.518 10 INFO neutron.db.ovn_revision_numbers_db [None req-a31d350e-72d0-45d2-a5ef-b1576d58388d 526a7566e3fa474d88a0fe53670a1743 42d1debe6fa44278aa5d68dee1d9877d - - default default] Successfully bumped revision number for resource 074aea38-cd63-4097-960d-1ebcec99bc94 (type: security_group_rules) to 0
2026-07-14 11:41:52.537 10 INFO neutron.db.ovn_revision_numbers_db [None req-a31d350e-72d0-45d2-a5ef-b1576d58388d 526a7566e3fa474d88a0fe53670a1743 42d1debe6fa44278aa5d68dee1d9877d - - default default] Successfully bumped revision number for resource 19d62d65-496e-46f5-ba71-bad87dbad0ec (type: security_group_rules) to 0
2026-07-14 11:41:52.552 10 INFO neutron.db.ovn_revision_numbers_db [None req-a31d350e-72d0-45d2-a5ef-b1576d58388d 526a7566e3fa474d88a0fe53670a1743 42d1debe6fa44278aa5d68dee1d9877d - - default default] Successfully bumped revision number for resource b9b2a5db-61c7-4fff-9f5d-a2ad0f785384 (type: security_group_rules) to 0
2026-07-14 11:41:52.565 9 INFO neutron.wsgi [None req-5f84bc89-5c53-4e22-a678-572042ff5559 fbc1a5e30ec74cf3b882060a3c2b39e3 4669a21c478747f6902ea908f3475247 - - default default] 10.0.0.24 "POST /v2.0/subnetpools HTTP/1.1" status: 201 len: 715 time: 0.0746293
2026-07-14 11:41:52.583 10 INFO neutron.db.ovn_revision_numbers_db [None req-a31d350e-72d0-45d2-a5ef-b1576d58388d 526a7566e3fa474d88a0fe53670a1743 42d1debe6fa44278aa5d68dee1d9877d - - default default] Successfully bumped revision number for resource e2c63b47-79c0-4bae-ac27-893849625653 (type: security_group_rules) to 0
2026-07-14 11:41:52.651 9 INFO neutron.wsgi [None req-0ec8fd82-c269-4079-ba12-d3838a93660f fbc1a5e30ec74cf3b882060a3c2b39e3 4669a21c478747f6902ea908f3475247 - - default default] 10.0.0.24 "POST /v2.0/subnetpools HTTP/1.1" status: 201 len: 715 time: 0.0796020
2026-07-14 11:41:52.696 9 INFO neutron.wsgi [None req-e0fece19-839c-4e86-b73c-92b92031082c fbc1a5e30ec74cf3b882060a3c2b39e3 4669a21c478747f6902ea908f3475247 - - default default] 10.0.0.24 "PUT /v2.0/subnetpools/d754220a-c6a2-49c5-beb6-0bd4ded8ad27/tags HTTP/1.1" status: 200 len: 210 time: 0.0385256
2026-07-14 11:41:52.728 9 INFO neutron.db.ovn_revision_numbers_db [None req-f7e6df92-cc67-4fd1-ae22-8685835f486f - - - - - -] Successfully bumped revision number for resource dda2050d-9357-4288-bc49-699c23a06356 (type: ports) to 4
2026-07-14 11:41:52.732 9 INFO neutron.wsgi [None req-0dcf39f4-e3c0-418d-adb0-f8b47adb2668 fbc1a5e30ec74cf3b882060a3c2b39e3 4669a21c478747f6902ea908f3475247 - - default default] 10.0.0.24 "PUT /v2.0/subnetpools/19fe37fb-b79a-4c1b-8561-a0cde99db740/tags HTTP/1.1" status: 200 len: 218 time: 0.0306311
2026-07-14 11:41:52.780 9 INFO neutron.wsgi [None req-40612544-b9bc-4635-a320-747b926b0d1b fbc1a5e30ec74cf3b882060a3c2b39e3 4669a21c478747f6902ea908f3475247 - - default default] 10.0.0.24 "PUT /v2.0/subnetpools/7a713298-f4f6-4dcd-9eeb-2516a7869523/tags HTTP/1.1" status: 200 len: 227 time: 0.0431654
2026-07-14 11:41:52.822 9 INFO neutron.wsgi [None req-05d87532-47f2-48c0-a9f3-fe4d2d070dfa a8534227e0494763b78ce61d3ec0418c 5c5443a861b546538a163e6d8e39110a - - default default] 10.0.0.13 "GET /v2.0/extensions HTTP/1.1" status: 200 len: 16525 time: 0.0070038
2026-07-14 11:41:52.836 9 INFO neutron.wsgi [None req-7d02b0d3-592d-45f8-bdbe-7f307605b863 fbc1a5e30ec74cf3b882060a3c2b39e3 4669a21c478747f6902ea908f3475247 - - default default] 10.0.0.24 "PUT /v2.0/subnetpools/eff1f2d1-ed68-4df1-a58c-2c55f047b80e/tags HTTP/1.1" status: 200 len: 212 time: 0.0506361
2026-07-14 11:41:52.847 10 INFO neutron.db.segments_db [None req-a31d350e-72d0-45d2-a5ef-b1576d58388d 526a7566e3fa474d88a0fe53670a1743 42d1debe6fa44278aa5d68dee1d9877d - - default default] Added segment c2a4ea8e-1e49-47c9-82cd-e4d6e04de111 of type geneve for network 2d152cad-c2be-4948-8b7d-d9e0104c8a0a
2026-07-14 11:41:52.882 10 INFO neutron.wsgi [None req-6085e88f-33da-4695-b5bf-24c192864667 fbc1a5e30ec74cf3b882060a3c2b39e3 4669a21c478747f6902ea908f3475247 - - default default] 10.0.0.24 "GET /v2.0/subnetpools?tags=red HTTP/1.1" status: 200 len: 1758 time: 0.0302904
2026-07-14 11:41:52.916 9 INFO neutron.wsgi [None req-fb200e40-c6a3-4df4-bd25-50f18f7114a6 fbc1a5e30ec74cf3b882060a3c2b39e3 4669a21c478747f6902ea908f3475247 - - default default] 10.0.0.24 "GET /v2.0/subnetpools?tags=red%2Cblue HTTP/1.1" status: 200 len: 1251 time: 0.0287464
2026-07-14 11:41:52.963 10 INFO neutron.wsgi [None req-0261ae85-92dc-4a19-af73-3a9e431824d7 fbc1a5e30ec74cf3b882060a3c2b39e3 4669a21c478747f6902ea908f3475247 - - default default] 10.0.0.24 "GET /v2.0/subnetpools?tags-any=blue HTTP/1.1" status: 200 len: 1251 time: 0.0349965
2026-07-14 11:41:52.976 10 INFO neutron.db.ovn_revision_numbers_db [None req-74613a1d-bfb3-4170-b06e-38049eb83bec e820eb7e754441859d3dfd86f088be9c 5d80ea2504e6400d9538295a00471c07 - - default default] Successfully bumped revision number for resource 94d7a957-4d88-4b3a-8ace-4a3d48903985 (type: router_ports) to 1
2026-07-14 11:41:53.005 9 INFO neutron.wsgi [None req-8cab46e3-0bc3-41cb-a311-c1b7e2afb5a4 fbc1a5e30ec74cf3b882060a3c2b39e3 4669a21c478747f6902ea908f3475247 - - default default] 10.0.0.24 "GET /v2.0/subnetpools?tags-any=red%2Cblue HTTP/1.1" status: 200 len: 1758 time: 0.0324152
2026-07-14 11:41:53.016 9 INFO neutron.wsgi [None req-b7224a05-1cbd-4cd4-8f63-d8d3c72db850 a8534227e0494763b78ce61d3ec0418c 5c5443a861b546538a163e6d8e39110a - - default default] 10.0.0.13 "GET /v2.0/quotas/5c5443a861b546538a163e6d8e39110a/details HTTP/1.1" status: 200 len: 756 time: 0.1752656
2026-07-14 11:41:53.029 9 INFO neutron.db.ovn_revision_numbers_db [None req-f7e6df92-cc67-4fd1-ae22-8685835f486f - - - - - -] Successfully bumped revision number for resource dda2050d-9357-4288-bc49-699c23a06356 (type: router_ports) to 4
2026-07-14 11:41:53.055 10 INFO neutron.wsgi [None req-b343777a-6768-4d18-b37b-41a538ad3d8d fbc1a5e30ec74cf3b882060a3c2b39e3 4669a21c478747f6902ea908f3475247 - - default default] 10.0.0.24 "GET /v2.0/subnetpools?not-tags=red HTTP/1.1" status: 200 len: 1223 time: 0.0437250
2026-07-14 11:41:53.061 10 INFO neutron.db.ovn_revision_numbers_db [None req-a31d350e-72d0-45d2-a5ef-b1576d58388d 526a7566e3fa474d88a0fe53670a1743 42d1debe6fa44278aa5d68dee1d9877d - - default default] Successfully bumped revision number for resource 2d152cad-c2be-4948-8b7d-d9e0104c8a0a (type: networks) to 1
2026-07-14 11:41:53.108 10 INFO neutron.wsgi [None req-f0c64ec5-e46e-4362-a588-de13c8997f5e fbc1a5e30ec74cf3b882060a3c2b39e3 4669a21c478747f6902ea908f3475247 - - default default] 10.0.0.24 "GET /v2.0/subnetpools?not-tags=red%2Cblue HTTP/1.1" status: 200 len: 1730 time: 0.0453818
2026-07-14 11:41:53.172 9 INFO neutron.wsgi [None req-75e6fc6a-d1a4-4c4d-a9cb-f9e16d0a9666 fbc1a5e30ec74cf3b882060a3c2b39e3 4669a21c478747f6902ea908f3475247 - - default default] 10.0.0.24 "GET /v2.0/subnetpools?not-tags-any=blue HTTP/1.1" status: 200 len: 1730 time: 0.0498164
2026-07-14 11:41:53.199 9 INFO neutron.wsgi [None req-b5ec2be9-7971-426b-8397-475d94d876b1 fbc1a5e30ec74cf3b882060a3c2b39e3 4669a21c478747f6902ea908f3475247 - - default default] 10.0.0.24 "GET /v2.0/subnetpools?not-tags-any=red%2Cblue HTTP/1.1" status: 200 len: 1223 time: 0.0208991
2026-07-14 11:41:53.215 10 INFO neutron.db.ovn_revision_numbers_db [None req-74613a1d-bfb3-4170-b06e-38049eb83bec e820eb7e754441859d3dfd86f088be9c 5d80ea2504e6400d9538295a00471c07 - - default default] Successfully bumped revision number for resource 94d7a957-4d88-4b3a-8ace-4a3d48903985 (type: ports) to 1
2026-07-14 11:41:53.263 9 INFO neutron.wsgi [None req-30657221-561f-40b3-b386-d19049f119c9 fbc1a5e30ec74cf3b882060a3c2b39e3 4669a21c478747f6902ea908f3475247 - - default default] 10.0.0.24 "DELETE /v2.0/subnetpools/d754220a-c6a2-49c5-beb6-0bd4ded8ad27 HTTP/1.1" status: 204 len: 168 time: 0.0564721
2026-07-14 11:41:53.282 10 WARNING neutron.scheduler.dhcp_agent_scheduler [None req-a31d350e-72d0-45d2-a5ef-b1576d58388d 526a7566e3fa474d88a0fe53670a1743 42d1debe6fa44278aa5d68dee1d9877d - - default default] No more DHCP agents
2026-07-14 11:41:53.286 10 WARNING neutron.api.rpc.agentnotifiers.dhcp_rpc_agent_api [None req-a31d350e-72d0-45d2-a5ef-b1576d58388d 526a7566e3fa474d88a0fe53670a1743 42d1debe6fa44278aa5d68dee1d9877d - - default default] Unable to schedule network 2d152cad-c2be-4948-8b7d-d9e0104c8a0a: no agents available; will retry on subsequent port and subnet creation events.
2026-07-14 11:41:53.310 10 WARNING neutron.scheduler.dhcp_agent_scheduler [None req-74613a1d-bfb3-4170-b06e-38049eb83bec e820eb7e754441859d3dfd86f088be9c 5d80ea2504e6400d9538295a00471c07 - - default default] No more DHCP agents
2026-07-14 11:41:53.320 10 WARNING neutron.api.rpc.agentnotifiers.dhcp_rpc_agent_api [None req-74613a1d-bfb3-4170-b06e-38049eb83bec e820eb7e754441859d3dfd86f088be9c 5d80ea2504e6400d9538295a00471c07 - - default default] Unable to schedule network 9c3c5609-486f-4cd2-94d2-d2c30649e252: no agents available; will retry on subsequent port and subnet creation events.
2026-07-14 11:41:53.321 9 INFO neutron.wsgi [None req-b1f06ae0-7304-4d8e-8872-bd2c6b3c7287 fbc1a5e30ec74cf3b882060a3c2b39e3 4669a21c478747f6902ea908f3475247 - - default default] 10.0.0.24 "DELETE /v2.0/subnetpools/19fe37fb-b79a-4c1b-8561-a0cde99db740 HTTP/1.1" status: 204 len: 168 time: 0.0535314
2026-07-14 11:41:53.388 9 INFO neutron.wsgi [None req-90a7daeb-9fed-4105-8237-f36df12834da fbc1a5e30ec74cf3b882060a3c2b39e3 4669a21c478747f6902ea908f3475247 - - default default] 10.0.0.24 "DELETE /v2.0/subnetpools/7a713298-f4f6-4dcd-9eeb-2516a7869523 HTTP/1.1" status: 204 len: 168 time: 0.0608568
2026-07-14 11:41:53.403 10 INFO neutron.db.ovn_revision_numbers_db [None req-a31d350e-72d0-45d2-a5ef-b1576d58388d 526a7566e3fa474d88a0fe53670a1743 42d1debe6fa44278aa5d68dee1d9877d - - default default] Successfully bumped revision number for resource 0f41a692-a344-46af-8685-b60927c605a9 (type: ports) to 1
2026-07-14 11:41:53.450 10 INFO neutron.wsgi [None req-a31d350e-72d0-45d2-a5ef-b1576d58388d 526a7566e3fa474d88a0fe53670a1743 42d1debe6fa44278aa5d68dee1d9877d - - default default] 10.0.0.24 "POST /v2.0/networks HTTP/1.1" status: 201 len: 844 time: 1.2173083
2026-07-14 11:41:53.504 10 INFO neutron.wsgi [None req-4c3121a6-f96f-4e7c-91f9-28aa548166c4 fbc1a5e30ec74cf3b882060a3c2b39e3 4669a21c478747f6902ea908f3475247 - - default default] 10.0.0.24 "DELETE /v2.0/subnetpools/eff1f2d1-ed68-4df1-a58c-2c55f047b80e HTTP/1.1" status: 204 len: 168 time: 0.1108024
2026-07-14 11:41:53.575 10 INFO neutron.wsgi [None req-db1ef452-26c8-4b0f-925d-c62afae3bc09 fbc1a5e30ec74cf3b882060a3c2b39e3 4669a21c478747f6902ea908f3475247 - - default default] 10.0.0.24 "DELETE /v2.0/subnetpools/350d8d13-a242-474c-ba52-3ddef7efefd4 HTTP/1.1" status: 204 len: 168 time: 0.0671086
2026-07-14 11:41:53.722 9 WARNING neutron.scheduler.dhcp_agent_scheduler [None req-c18dcd46-06ef-4e57-a839-f495baf75746 526a7566e3fa474d88a0fe53670a1743 42d1debe6fa44278aa5d68dee1d9877d - - default default] No more DHCP agents
2026-07-14 11:41:53.727 9 WARNING neutron.api.rpc.agentnotifiers.dhcp_rpc_agent_api [None req-c18dcd46-06ef-4e57-a839-f495baf75746 526a7566e3fa474d88a0fe53670a1743 42d1debe6fa44278aa5d68dee1d9877d - - default default] Unable to schedule network 2d152cad-c2be-4948-8b7d-d9e0104c8a0a: no agents available; will retry on subsequent port and subnet creation events.
2026-07-14 11:41:53.816 10 INFO neutron.db.ovn_revision_numbers_db [None req-74613a1d-bfb3-4170-b06e-38049eb83bec e820eb7e754441859d3dfd86f088be9c 5d80ea2504e6400d9538295a00471c07 - - default default] Successfully bumped revision number for resource 94d7a957-4d88-4b3a-8ace-4a3d48903985 (type: router_ports) to 1
2026-07-14 11:41:53.819 10 INFO neutron.wsgi [None req-74613a1d-bfb3-4170-b06e-38049eb83bec e820eb7e754441859d3dfd86f088be9c 5d80ea2504e6400d9538295a00471c07 - - default default] 10.0.0.24 "PUT /v2.0/routers/c4b58043-b02f-4514-a993-afdfd2ac8ae4/add_router_interface HTTP/1.1" status: 200 len: 503 time: 2.2338610
2026-07-14 11:41:53.820 9 INFO neutron.db.ovn_revision_numbers_db [None req-c18dcd46-06ef-4e57-a839-f495baf75746 526a7566e3fa474d88a0fe53670a1743 42d1debe6fa44278aa5d68dee1d9877d - - default default] Successfully bumped revision number for resource 9547600a-92b9-4f47-af9c-0c073da5a5fe (type: ports) to 1
2026-07-14 11:41:53.848 9 INFO neutron.wsgi [None req-c18dcd46-06ef-4e57-a839-f495baf75746 526a7566e3fa474d88a0fe53670a1743 42d1debe6fa44278aa5d68dee1d9877d - - default default] 10.0.0.24 "POST /v2.0/ports HTTP/1.1" status: 201 len: 974 time: 0.3924887 /var/lib/openstack/lib/python3.10/site-packages/pycadf/identifier.py:71: UserWarning: Invalid uuid: neutron. To ensure interoperability, identifiers should be a valid uuid. warnings.warn(('Invalid uuid: %s. To ensure interoperability, '
2026-07-14 11:41:53.930 9 INFO neutron.db.segments_db [None req-03a69201-30c1-457e-be6b-e97c35b2e5ad 526a7566e3fa474d88a0fe53670a1743 42d1debe6fa44278aa5d68dee1d9877d - - default default] Added segment 25953598-d7fa-4f53-bc7a-e0ad0d4ee64d of type geneve for network 1bffa579-2ad8-41a9-8042-1527f0df61ff
2026-07-14 11:41:54.085 9 INFO neutron.db.ovn_revision_numbers_db [None req-03a69201-30c1-457e-be6b-e97c35b2e5ad 526a7566e3fa474d88a0fe53670a1743 42d1debe6fa44278aa5d68dee1d9877d - - default default] Successfully bumped revision number for resource 1bffa579-2ad8-41a9-8042-1527f0df61ff (type: networks) to 1
2026-07-14 11:41:54.254 9 WARNING neutron.scheduler.dhcp_agent_scheduler [None req-03a69201-30c1-457e-be6b-e97c35b2e5ad 526a7566e3fa474d88a0fe53670a1743 42d1debe6fa44278aa5d68dee1d9877d - - default default] No more DHCP agents
2026-07-14 11:41:54.257 9 WARNING neutron.api.rpc.agentnotifiers.dhcp_rpc_agent_api [None req-03a69201-30c1-457e-be6b-e97c35b2e5ad 526a7566e3fa474d88a0fe53670a1743 42d1debe6fa44278aa5d68dee1d9877d - - default default] Unable to schedule network 1bffa579-2ad8-41a9-8042-1527f0df61ff: no agents available; will retry on subsequent port and subnet creation events.
2026-07-14 11:41:54.339 9 INFO neutron.db.ovn_revision_numbers_db [None req-03a69201-30c1-457e-be6b-e97c35b2e5ad 526a7566e3fa474d88a0fe53670a1743 42d1debe6fa44278aa5d68dee1d9877d - - default default] Successfully bumped revision number for resource 52a361fa-7a01-41d9-9e15-807241ccce9a (type: ports) to 1
2026-07-14 11:41:54.361 9 INFO neutron.wsgi [None req-03a69201-30c1-457e-be6b-e97c35b2e5ad 526a7566e3fa474d88a0fe53670a1743 42d1debe6fa44278aa5d68dee1d9877d - - default default] 10.0.0.24 "POST /v2.0/networks HTTP/1.1" status: 201 len: 830 time: 0.5082490
2026-07-14 11:41:54.505 9 INFO neutron.plugins.ml2.drivers.ovn.mech_driver.mech_driver [None req-c1242a75-d02a-4fc2-b5c7-5567aded73f5 - - - - - -] OVN reports status up for port: 94d7a957-4d88-4b3a-8ace-4a3d48903985
2026-07-14 11:41:54.526 9 INFO neutron.plugins.ml2.plugin [None req-c1242a75-d02a-4fc2-b5c7-5567aded73f5 - - - - - -] Attempt 1 to provision port 94d7a957-4d88-4b3a-8ace-4a3d48903985
2026-07-14 11:41:54.633 10 INFO neutron.db.ovn_revision_numbers_db [None req-e0ab03ad-6a0a-41fb-9e86-167d6da25037 d347648dd42140dda3ec3df83445ec9c 6726d778b54944e5a4d8fccd22fdce33 - - default default] Successfully bumped revision number for resource ef4b5dbd-8ba4-4d7b-89d9-965dbe6b603f (type: security_groups) to 1
2026-07-14 11:41:54.647 10 INFO neutron.db.ovn_revision_numbers_db [None req-a6ff8481-6b7f-4eb4-9877-0723ead741dc e820eb7e754441859d3dfd86f088be9c 5d80ea2504e6400d9538295a00471c07 - - default default] Successfully bumped revision number for resource 071b3491-4815-45ed-8a5d-095c93e82805 (type: security_groups) to 1
2026-07-14 11:41:54.665 10 INFO neutron.db.ovn_revision_numbers_db [None req-a6ff8481-6b7f-4eb4-9877-0723ead741dc e820eb7e754441859d3dfd86f088be9c 5d80ea2504e6400d9538295a00471c07 - - default default] Successfully bumped revision number for resource 19ba3e24-93ee-4c4f-8a04-deafcac382bf (type: security_group_rules) to 0
2026-07-14 11:41:54.668 10 INFO neutron.db.ovn_revision_numbers_db [None req-e0ab03ad-6a0a-41fb-9e86-167d6da25037 d347648dd42140dda3ec3df83445ec9c 6726d778b54944e5a4d8fccd22fdce33 - - default default] Successfully bumped revision number for resource 677c23d1-85a6-4cde-8402-d9f35d6a99af (type: security_group_rules) to 0
2026-07-14 11:41:54.678 9 WARNING neutron.scheduler.dhcp_agent_scheduler [None req-002c476b-6023-402c-b6eb-167dc7064ec0 526a7566e3fa474d88a0fe53670a1743 42d1debe6fa44278aa5d68dee1d9877d - - default default] No more DHCP agents
2026-07-14 11:41:54.682 9 WARNING neutron.api.rpc.agentnotifiers.dhcp_rpc_agent_api [None req-002c476b-6023-402c-b6eb-167dc7064ec0 526a7566e3fa474d88a0fe53670a1743 42d1debe6fa44278aa5d68dee1d9877d - - default default] Unable to schedule network 1bffa579-2ad8-41a9-8042-1527f0df61ff: no agents available; will retry on subsequent port and subnet creation events.
2026-07-14 11:41:54.686 10 INFO neutron.db.ovn_revision_numbers_db [None req-a6ff8481-6b7f-4eb4-9877-0723ead741dc e820eb7e754441859d3dfd86f088be9c 5d80ea2504e6400d9538295a00471c07 - - default default] Successfully bumped revision number for resource 232a648d-0ec0-4343-b42b-23fdbef8906c (type: security_group_rules) to 0
2026-07-14 11:41:54.688 10 INFO neutron.db.ovn_revision_numbers_db [None req-e0ab03ad-6a0a-41fb-9e86-167d6da25037 d347648dd42140dda3ec3df83445ec9c 6726d778b54944e5a4d8fccd22fdce33 - - default default] Successfully bumped revision number for resource a063a9fd-5f35-43df-845d-b0266bb612f0 (type: security_group_rules) to 0
2026-07-14 11:41:54.713 10 INFO neutron.wsgi [None req-e0ab03ad-6a0a-41fb-9e86-167d6da25037 d347648dd42140dda3ec3df83445ec9c 6726d778b54944e5a4d8fccd22fdce33 - - default default] 10.0.0.24 "POST /v2.0/security-groups HTTP/1.1" status: 201 len: 1797 time: 0.2072527
2026-07-14 11:41:54.714 10 INFO neutron.db.ovn_revision_numbers_db [None req-a6ff8481-6b7f-4eb4-9877-0723ead741dc e820eb7e754441859d3dfd86f088be9c 5d80ea2504e6400d9538295a00471c07 - - default default] Successfully bumped revision number for resource 843d19ca-868c-44df-baac-9bb88ce6542a (type: security_group_rules) to 0
2026-07-14 11:41:54.733 10 INFO neutron.db.ovn_revision_numbers_db [None req-a6ff8481-6b7f-4eb4-9877-0723ead741dc e820eb7e754441859d3dfd86f088be9c 5d80ea2504e6400d9538295a00471c07 - - default default] Successfully bumped revision number for resource eed3fdc9-c0e1-4c60-8f73-c0e0e2e85237 (type: security_group_rules) to 0
2026-07-14 11:41:54.758 10 INFO neutron.wsgi [None req-a6ff8481-6b7f-4eb4-9877-0723ead741dc e820eb7e754441859d3dfd86f088be9c 5d80ea2504e6400d9538295a00471c07 - - default default] 10.0.0.24 "GET /v2.0/security-groups?tenant_id=3696a859a38c4e908bedb7ed176e766e&name=default HTTP/1.1" status: 200 len: 2996 time: 0.3534415
2026-07-14 11:41:54.867 10 INFO neutron.db.ovn_revision_numbers_db [None req-c344d875-cb16-4bd4-a486-9cee39a33817 d347648dd42140dda3ec3df83445ec9c 6726d778b54944e5a4d8fccd22fdce33 - - default default] Successfully bumped revision number for resource 654d5d28-7e9d-4a77-8285-e6d69b91bcdf (type: security_group_rules) to 0
2026-07-14 11:41:54.889 9 INFO neutron.db.ovn_revision_numbers_db [None req-c1242a75-d02a-4fc2-b5c7-5567aded73f5 - - - - - -] Successfully bumped revision number for resource 94d7a957-4d88-4b3a-8ace-4a3d48903985 (type: ports) to 2
2026-07-14 11:41:54.897 10 INFO neutron.wsgi [None req-c344d875-cb16-4bd4-a486-9cee39a33817 d347648dd42140dda3ec3df83445ec9c 6726d778b54944e5a4d8fccd22fdce33 - - default default] 10.0.0.24 "POST /v2.0/security-group-rules HTTP/1.1" status: 201 len: 764 time: 0.1767054
2026-07-14 11:41:55.031 9 INFO neutron.db.ovn_revision_numbers_db [None req-c1242a75-d02a-4fc2-b5c7-5567aded73f5 - - - - - -] Successfully bumped revision number for resource 94d7a957-4d88-4b3a-8ace-4a3d48903985 (type: router_ports) to 2
2026-07-14 11:41:55.045 10 INFO neutron.wsgi [None req-dc4932c7-be6b-41b0-9eea-6bb8d8b5fbd9 e820eb7e754441859d3dfd86f088be9c 5d80ea2504e6400d9538295a00471c07 - - default default] 10.0.0.24 "DELETE /v2.0/security-groups/071b3491-4815-45ed-8a5d-095c93e82805 HTTP/1.1" status: 204 len: 168 time: 0.2512820
2026-07-14 11:41:55.047 10 INFO neutron.db.ovn_revision_numbers_db [None req-768d4782-92fe-4886-98ff-cd693437f81c d347648dd42140dda3ec3df83445ec9c 6726d778b54944e5a4d8fccd22fdce33 - - default default] Successfully bumped revision number for resource 698fe7af-346d-4643-89f6-e148bc3fbf86 (type: security_group_rules) to 0
2026-07-14 11:41:55.069 10 INFO neutron.wsgi [None req-768d4782-92fe-4886-98ff-cd693437f81c d347648dd42140dda3ec3df83445ec9c 6726d778b54944e5a4d8fccd22fdce33 - - default default] 10.0.0.24 "POST /v2.0/security-group-rules HTTP/1.1" status: 201 len: 769 time: 0.1666999
2026-07-14 11:41:55.333 10 INFO neutron.db.ovn_revision_numbers_db [None req-49712572-7d54-4c1a-bd56-2c6f4158dd64 e820eb7e754441859d3dfd86f088be9c 5d80ea2504e6400d9538295a00471c07 - - default default] Successfully bumped revision number for resource f5f3f26c-b56d-4faa-806c-8fca4a3839a9 (type: security_groups) to 1
2026-07-14 11:41:55.367 10 WARNING neutron.scheduler.dhcp_agent_scheduler [None req-47db0ac5-cc88-4269-9ea1-2b93c1d8e77d d347648dd42140dda3ec3df83445ec9c 6726d778b54944e5a4d8fccd22fdce33 - - default default] No more DHCP agents
2026-07-14 11:41:55.371 10 WARNING neutron.api.rpc.agentnotifiers.dhcp_rpc_agent_api [None req-47db0ac5-cc88-4269-9ea1-2b93c1d8e77d d347648dd42140dda3ec3df83445ec9c 6726d778b54944e5a4d8fccd22fdce33 - - default default] Unable to schedule network 91d2a21b-e0ad-496c-85dc-0a4fa055edab: no agents available; will retry on subsequent port and subnet creation events.
2026-07-14 11:41:55.372 10 INFO neutron.db.ovn_revision_numbers_db [None req-49712572-7d54-4c1a-bd56-2c6f4158dd64 e820eb7e754441859d3dfd86f088be9c 5d80ea2504e6400d9538295a00471c07 - - default default] Successfully bumped revision number for resource 0f2b9942-5294-4a87-afe1-90a361255ffc (type: security_group_rules) to 0
2026-07-14 11:41:55.398 10 INFO neutron.db.ovn_revision_numbers_db [None req-49712572-7d54-4c1a-bd56-2c6f4158dd64 e820eb7e754441859d3dfd86f088be9c 5d80ea2504e6400d9538295a00471c07 - - default default] Successfully bumped revision number for resource 2008ba0b-27f3-4412-ae75-847699458c98 (type: security_group_rules) to 0
2026-07-14 11:41:55.419 10 INFO neutron.db.ovn_revision_numbers_db [None req-49712572-7d54-4c1a-bd56-2c6f4158dd64 e820eb7e754441859d3dfd86f088be9c 5d80ea2504e6400d9538295a00471c07 - - default default] Successfully bumped revision number for resource 5f95b3aa-2563-43ea-a357-cb7563cc51fe (type: security_group_rules) to 0
2026-07-14 11:41:55.437 10 INFO neutron.db.ovn_revision_numbers_db [None req-49712572-7d54-4c1a-bd56-2c6f4158dd64 e820eb7e754441859d3dfd86f088be9c 5d80ea2504e6400d9538295a00471c07 - - default default] Successfully bumped revision number for resource c39a1727-d657-4444-b05d-04514ed8859f (type: security_group_rules) to 0
2026-07-14 11:41:55.468 10 INFO neutron.wsgi [None req-49712572-7d54-4c1a-bd56-2c6f4158dd64 e820eb7e754441859d3dfd86f088be9c 5d80ea2504e6400d9538295a00471c07 - - default default] 10.0.0.24 "GET /v2.0/security-groups?tenant_id=4669a21c478747f6902ea908f3475247&name=default HTTP/1.1" status: 200 len: 2996 time: 0.2673056
2026-07-14 11:41:55.556 9 INFO neutron.db.ovn_revision_numbers_db [None req-002c476b-6023-402c-b6eb-167dc7064ec0 526a7566e3fa474d88a0fe53670a1743 42d1debe6fa44278aa5d68dee1d9877d - - default default] Successfully bumped revision number for resource 52a361fa-7a01-41d9-9e15-807241ccce9a (type: ports) to 2
2026-07-14 11:41:55.604 9 INFO neutron.db.ovn_revision_numbers_db [None req-002c476b-6023-402c-b6eb-167dc7064ec0 526a7566e3fa474d88a0fe53670a1743 42d1debe6fa44278aa5d68dee1d9877d - - default default] Successfully bumped revision number for resource 4c2ab601-8522-4497-8fa4-0cd43821b595 (type: subnets) to 0
2026-07-14 11:41:55.627 9 INFO neutron.wsgi [None req-002c476b-6023-402c-b6eb-167dc7064ec0 526a7566e3fa474d88a0fe53670a1743 42d1debe6fa44278aa5d68dee1d9877d - - default default] 10.0.0.24 "POST /v2.0/subnets HTTP/1.1" status: 201 len: 801 time: 1.2606173
2026-07-14 11:41:55.694 9 INFO neutron.db.ovn_revision_numbers_db [None req-d6c7d43c-6275-44b4-8e3b-541faeff837e e820eb7e754441859d3dfd86f088be9c 5d80ea2504e6400d9538295a00471c07 - - default default] Successfully bumped revision number for resource 866f75ae-1bb7-4a73-8b50-1638724081a5 (type: security_groups) to 1
2026-07-14 11:41:55.711 10 INFO neutron.db.ovn_revision_numbers_db [None req-47db0ac5-cc88-4269-9ea1-2b93c1d8e77d d347648dd42140dda3ec3df83445ec9c 6726d778b54944e5a4d8fccd22fdce33 - - default default] Successfully bumped revision number for resource 96fd54c8-9086-4593-8217-33383f3c140a (type: floatingips) to 0
2026-07-14 11:41:55.717 9 INFO neutron.db.ovn_revision_numbers_db [None req-d6c7d43c-6275-44b4-8e3b-541faeff837e e820eb7e754441859d3dfd86f088be9c 5d80ea2504e6400d9538295a00471c07 - - default default] Successfully bumped revision number for resource 585f1516-e1f2-4844-a320-0cf88b8e2a36 (type: security_group_rules) to 0
2026-07-14 11:41:55.733 10 INFO neutron.wsgi [None req-47db0ac5-cc88-4269-9ea1-2b93c1d8e77d d347648dd42140dda3ec3df83445ec9c 6726d778b54944e5a4d8fccd22fdce33 - - default default] 10.0.0.24 "POST /v2.0/floatingips HTTP/1.1" status: 201 len: 751 time: 0.6572633
2026-07-14 11:41:55.741 9 INFO neutron.db.ovn_revision_numbers_db [None req-d6c7d43c-6275-44b4-8e3b-541faeff837e e820eb7e754441859d3dfd86f088be9c 5d80ea2504e6400d9538295a00471c07 - - default default] Successfully bumped revision number for resource 62dae293-9145-4ac4-b9d4-4e21c610d1ef (type: security_group_rules) to 0
2026-07-14 11:41:55.772 9 INFO neutron.db.ovn_revision_numbers_db [None req-d6c7d43c-6275-44b4-8e3b-541faeff837e e820eb7e754441859d3dfd86f088be9c 5d80ea2504e6400d9538295a00471c07 - - default default] Successfully bumped revision number for resource 81d3c2b6-6ca3-4f4b-b34f-10758a975de8 (type: security_group_rules) to 0
2026-07-14 11:41:55.788 9 INFO neutron.wsgi [None req-20cfb4b2-e110-40e6-ad7d-d3883b8f1bd1 e820eb7e754441859d3dfd86f088be9c 5d80ea2504e6400d9538295a00471c07 - - default default] 10.0.0.24 "DELETE /v2.0/security-groups/f5f3f26c-b56d-4faa-806c-8fca4a3839a9 HTTP/1.1" status: 204 len: 168 time: 0.3149135
2026-07-14 11:41:55.810 9 INFO neutron.db.ovn_revision_numbers_db [None req-d6c7d43c-6275-44b4-8e3b-541faeff837e e820eb7e754441859d3dfd86f088be9c 5d80ea2504e6400d9538295a00471c07 - - default default] Successfully bumped revision number for resource 9701197e-6b9e-47b6-9abe-bec4e023d7f0 (type: security_group_rules) to 0
2026-07-14 11:41:55.842 9 INFO neutron.wsgi [None req-d6c7d43c-6275-44b4-8e3b-541faeff837e e820eb7e754441859d3dfd86f088be9c 5d80ea2504e6400d9538295a00471c07 - - default default] 10.0.0.24 "GET /v2.0/security-groups?tenant_id=5c5443a861b546538a163e6d8e39110a&name=default HTTP/1.1" status: 200 len: 2996 time: 0.4630735
2026-07-14 11:41:56.001 9 WARNING neutron.scheduler.dhcp_agent_scheduler [None req-0462d662-76db-4ec9-9129-0c2cf1096fca 526a7566e3fa474d88a0fe53670a1743 42d1debe6fa44278aa5d68dee1d9877d - - default default] No more DHCP agents
2026-07-14 11:41:56.004 10 INFO neutron.wsgi [None req-a53b8184-b853-4cdb-bc4b-349ae94841ba e820eb7e754441859d3dfd86f088be9c 5d80ea2504e6400d9538295a00471c07 - - default default] 10.0.0.24 "DELETE /v2.0/security-groups/866f75ae-1bb7-4a73-8b50-1638724081a5 HTTP/1.1" status: 204 len: 168 time: 0.1562068
2026-07-14 11:41:56.006 9 WARNING neutron.api.rpc.agentnotifiers.dhcp_rpc_agent_api [None req-0462d662-76db-4ec9-9129-0c2cf1096fca 526a7566e3fa474d88a0fe53670a1743 42d1debe6fa44278aa5d68dee1d9877d - - default default] Unable to schedule network 1bffa579-2ad8-41a9-8042-1527f0df61ff: no agents available; will retry on subsequent port and subnet creation events.
2026-07-14 11:41:56.038 9 INFO neutron.db.ovn_revision_numbers_db [None req-81d280a1-aecf-46ee-919e-74e56dc5b5a5 e820eb7e754441859d3dfd86f088be9c 5d80ea2504e6400d9538295a00471c07 - - default default] Successfully bumped revision number for resource 6a562d9e-26b6-40f4-8475-a72bc400d630 (type: security_groups) to 1
2026-07-14 11:41:56.059 9 INFO neutron.db.ovn_revision_numbers_db [None req-81d280a1-aecf-46ee-919e-74e56dc5b5a5 e820eb7e754441859d3dfd86f088be9c 5d80ea2504e6400d9538295a00471c07 - - default default] Successfully bumped revision number for resource 0176a826-e814-407a-bdbe-0be13ce6435e (type: security_group_rules) to 0
2026-07-14 11:41:56.080 9 INFO neutron.db.ovn_revision_numbers_db [None req-81d280a1-aecf-46ee-919e-74e56dc5b5a5 e820eb7e754441859d3dfd86f088be9c 5d80ea2504e6400d9538295a00471c07 - - default default] Successfully bumped revision number for resource 57d248bb-4d1c-4729-8fe0-8a3c38566847 (type: security_group_rules) to 0
2026-07-14 11:41:56.098 9 INFO neutron.db.ovn_revision_numbers_db [None req-81d280a1-aecf-46ee-919e-74e56dc5b5a5 e820eb7e754441859d3dfd86f088be9c 5d80ea2504e6400d9538295a00471c07 - - default default] Successfully bumped revision number for resource 90c20b87-0b6d-4a17-be81-4dbd151fc418 (type: security_group_rules) to 0
2026-07-14 11:41:56.120 9 INFO neutron.db.ovn_revision_numbers_db [None req-81d280a1-aecf-46ee-919e-74e56dc5b5a5 e820eb7e754441859d3dfd86f088be9c 5d80ea2504e6400d9538295a00471c07 - - default default] Successfully bumped revision number for resource a31930db-aa52-44bc-b27e-b27e3179826b (type: security_group_rules) to 0
2026-07-14 11:41:56.147 9 INFO neutron.wsgi [None req-81d280a1-aecf-46ee-919e-74e56dc5b5a5 e820eb7e754441859d3dfd86f088be9c 5d80ea2504e6400d9538295a00471c07 - - default default] 10.0.0.24 "GET /v2.0/security-groups?tenant_id=1b14121812154a91b5fa03be54415284&name=default HTTP/1.1" status: 200 len: 2996 time: 0.2551935 /var/lib/openstack/lib/python3.10/site-packages/pycadf/identifier.py:71: UserWarning: Invalid uuid: neutron. To ensure interoperability, identifiers should be a valid uuid. warnings.warn(('Invalid uuid: %s. To ensure interoperability, '
2026-07-14 11:41:56.202 9 INFO neutron.db.ovn_revision_numbers_db [None req-0462d662-76db-4ec9-9129-0c2cf1096fca 526a7566e3fa474d88a0fe53670a1743 42d1debe6fa44278aa5d68dee1d9877d - - default default] Successfully bumped revision number for resource e97d658f-1fa5-4d38-87f4-ffa8c7e557d4 (type: ports) to 1
2026-07-14 11:41:56.224 9 INFO neutron.wsgi [req-139b1065-87e3-4cad-afb2-f49a40fc6d11 req-9b7483a5-679c-4922-b985-49fc880a0812 d347648dd42140dda3ec3df83445ec9c 6726d778b54944e5a4d8fccd22fdce33 - - default default] 10.0.0.47 "GET /v2.0/security-groups?name=tempest-securitygroup--1132694099&fields=id&tenant_id=6726d778b54944e5a4d8fccd22fdce33 HTTP/1.1" status: 200 len: 267 time: 0.0452399
2026-07-14 11:41:56.243 9 INFO neutron.wsgi [None req-0462d662-76db-4ec9-9129-0c2cf1096fca 526a7566e3fa474d88a0fe53670a1743 42d1debe6fa44278aa5d68dee1d9877d - - default default] 10.0.0.24 "POST /v2.0/ports HTTP/1.1" status: 201 len: 1148 time: 0.6114676
2026-07-14 11:41:56.295 9 INFO neutron.wsgi [req-139b1065-87e3-4cad-afb2-f49a40fc6d11 req-73617e0b-3aa7-4335-9fe1-5182eced920b d347648dd42140dda3ec3df83445ec9c 6726d778b54944e5a4d8fccd22fdce33 - - default default] 10.0.0.47 "GET /v2.0/networks?id=9c3c5609-486f-4cd2-94d2-d2c30649e252 HTTP/1.1" status: 200 len: 874 time: 0.0634456
2026-07-14 11:41:56.310 9 INFO neutron.wsgi [req-139b1065-87e3-4cad-afb2-f49a40fc6d11 req-99d1e083-9434-4b13-8ce3-18b5c4cd3de8 d347648dd42140dda3ec3df83445ec9c 6726d778b54944e5a4d8fccd22fdce33 - - default default] 10.0.0.47 "GET /v2.0/quotas/6726d778b54944e5a4d8fccd22fdce33 HTTP/1.1" status: 200 len: 386 time: 0.0095870
2026-07-14 11:41:56.423 9 INFO neutron.wsgi [req-139b1065-87e3-4cad-afb2-f49a40fc6d11 req-f978ba93-7387-4b05-bcc9-2133a6214e3d d347648dd42140dda3ec3df83445ec9c 6726d778b54944e5a4d8fccd22fdce33 - - default default] 10.0.0.47 "GET /v2.0/ports?tenant_id=6726d778b54944e5a4d8fccd22fdce33&fields=id HTTP/1.1" status: 200 len: 302 time: 0.1081505
2026-07-14 11:41:56.426 9 INFO neutron.wsgi [None req-3edb7a7d-c237-4257-8a7e-fb59ef1cfdc6 e820eb7e754441859d3dfd86f088be9c 5d80ea2504e6400d9538295a00471c07 - - default default] 10.0.0.24 "DELETE /v2.0/security-groups/6a562d9e-26b6-40f4-8475-a72bc400d630 HTTP/1.1" status: 204 len: 168 time: 0.2709498
2026-07-14 11:41:56.505 9 INFO neutron.wsgi [req-139b1065-87e3-4cad-afb2-f49a40fc6d11 req-a2958939-0784-4cc3-8426-6f52607d7a3a 510ec922fc0a4c2daf74f2b7376f9572 007b620f9f02429dbfe1620e7e0729be - - fd004ce52a97444eaaca329ac57bdc02 fd004ce52a97444eaaca329ac57bdc02] 10.0.0.47 "GET /v2.0/networks/9c3c5609-486f-4cd2-94d2-d2c30649e252?fields=segments HTTP/1.1" status: 200 len: 212 time: 0.0682890
2026-07-14 11:41:56.564 9 INFO neutron.wsgi [req-139b1065-87e3-4cad-afb2-f49a40fc6d11 req-15d9aaf9-54d4-4845-9f6b-b6b345e35533 510ec922fc0a4c2daf74f2b7376f9572 007b620f9f02429dbfe1620e7e0729be - - fd004ce52a97444eaaca329ac57bdc02 fd004ce52a97444eaaca329ac57bdc02] 10.0.0.47 "GET /v2.0/networks/9c3c5609-486f-4cd2-94d2-d2c30649e252?fields=provider%3Aphysical_network&fields=provider%3Anetwork_type HTTP/1.1" status: 200 len: 277 time: 0.0539300
2026-07-14 11:41:56.590 10 INFO neutron.wsgi [None req-523acf80-8842-4726-9b06-4965180332c4 526a7566e3fa474d88a0fe53670a1743 42d1debe6fa44278aa5d68dee1d9877d - - default default] 10.0.0.24 "DELETE /v2.0/ports/e97d658f-1fa5-4d38-87f4-ffa8c7e557d4 HTTP/1.1" status: 204 len: 168 time: 0.3419254
2026-07-14 11:41:56.612 10 INFO neutron.pecan_wsgi.hooks.translation [None req-ef075470-6f25-4f4d-9f1f-ffd5eec8743b 526a7566e3fa474d88a0fe53670a1743 42d1debe6fa44278aa5d68dee1d9877d - - default default] DELETE failed (client error): The resource could not be found.
2026-07-14 11:41:56.614 10 INFO neutron.wsgi [None req-ef075470-6f25-4f4d-9f1f-ffd5eec8743b 526a7566e3fa474d88a0fe53670a1743 42d1debe6fa44278aa5d68dee1d9877d - - default default] 10.0.0.24 "DELETE /v2.0/ports/e97d658f-1fa5-4d38-87f4-ffa8c7e557d4 HTTP/1.1" status: 404 len: 333 time: 0.0200834
2026-07-14 11:41:56.639 9 INFO neutron.pecan_wsgi.hooks.translation [None req-293393e4-c335-4290-90b9-89f7c561516f 526a7566e3fa474d88a0fe53670a1743 42d1debe6fa44278aa5d68dee1d9877d - - default default] GET failed (client error): The resource could not be found.
2026-07-14 11:41:56.640 9 INFO neutron.wsgi [None req-293393e4-c335-4290-90b9-89f7c561516f 526a7566e3fa474d88a0fe53670a1743 42d1debe6fa44278aa5d68dee1d9877d - - default default] 10.0.0.24 "GET /v2.0/ports/e97d658f-1fa5-4d38-87f4-ffa8c7e557d4 HTTP/1.1" status: 404 len: 333 time: 0.0187354
2026-07-14 11:41:56.751 10 INFO neutron.wsgi [req-e3e85c3c-61f6-41b7-81e8-fc55283bbbe9 req-f257a84c-eade-4655-90dc-efeeaefb3a50 d347648dd42140dda3ec3df83445ec9c 6726d778b54944e5a4d8fccd22fdce33 - - default default] 10.0.0.47 "GET /v2.0/ports?device_id=702c7756-1128-466a-9a92-d202a6a2fad3 HTTP/1.1" status: 200 len: 210 time: 0.0348315
2026-07-14 11:41:56.861 9 INFO neutron.wsgi [None req-5ef46758-ea03-4556-9412-81b4b1f2c773 526a7566e3fa474d88a0fe53670a1743 42d1debe6fa44278aa5d68dee1d9877d - - default default] 10.0.0.24 "DELETE /v2.0/subnets/4c2ab601-8522-4497-8fa4-0cd43821b595 HTTP/1.1" status: 204 len: 168 time: 0.2162421
2026-07-14 11:41:57.176 9 INFO neutron.services.segments.plugin [-] Segment 25953598-d7fa-4f53-bc7a-e0ad0d4ee64d resource provider aggregate not found
2026-07-14 11:41:57.183 9 INFO neutron.services.segments.plugin [-] Segment 25953598-d7fa-4f53-bc7a-e0ad0d4ee64d resource provider aggregate not found
2026-07-14 11:41:57.195 9 INFO neutron.services.segments.plugin [-] Segment 25953598-d7fa-4f53-bc7a-e0ad0d4ee64d resource provider not found; error: Placement Client Error (4xx): {"errors": [{"status": 404, "title": "Not Found", "detail": "The resource could not be found.\n\n No resource provider with uuid 25953598-d7fa-4f53-bc7a-e0ad0d4ee64d found for delete ", "request_id": "req-f25bb4f4-e596-43f4-be18-a38145762380"}]}
2026-07-14 11:41:57.198 9 INFO neutron.services.segments.plugin [-] Segment 25953598-d7fa-4f53-bc7a-e0ad0d4ee64d resource provider not found; error: Placement Client Error (4xx): {"errors": [{"status": 404, "title": "Not Found", "detail": "The resource could not be found.\n\n No resource provider with uuid 25953598-d7fa-4f53-bc7a-e0ad0d4ee64d found for delete ", "request_id": "req-03a8db11-a762-4f65-af56-3901a9536c8f"}]}
2026-07-14 11:41:57.219 9 INFO neutron.wsgi [None req-6a19994d-5251-4417-835f-066640a39bc2 526a7566e3fa474d88a0fe53670a1743 42d1debe6fa44278aa5d68dee1d9877d - - default default] 10.0.0.24 "DELETE /v2.0/networks/1bffa579-2ad8-41a9-8042-1527f0df61ff HTTP/1.1" status: 204 len: 168 time: 0.3540466
2026-07-14 11:41:57.329 10 INFO neutron.db.segments_db [None req-98681197-efea-406a-99c5-82745a95c293 526a7566e3fa474d88a0fe53670a1743 42d1debe6fa44278aa5d68dee1d9877d - - default default] Added segment 19c55e56-d820-40e5-84f1-ef4af18ba3f8 of type geneve for network 1dbb8ea4-b055-40cf-8174-cef7f26ac36e
2026-07-14 11:41:57.463 10 INFO neutron.wsgi [req-139b1065-87e3-4cad-afb2-f49a40fc6d11 req-c0d17bc3-dc44-4198-b746-0114444a858b d347648dd42140dda3ec3df83445ec9c 6726d778b54944e5a4d8fccd22fdce33 - - default default] 199.204.45.3 "GET /v2.0/networks?id=9c3c5609-486f-4cd2-94d2-d2c30649e252 HTTP/1.1" status: 200 len: 874 time: 0.1130509
2026-07-14 11:41:57.533 10 INFO neutron.db.ovn_revision_numbers_db [None req-98681197-efea-406a-99c5-82745a95c293 526a7566e3fa474d88a0fe53670a1743 42d1debe6fa44278aa5d68dee1d9877d - - default default] Successfully bumped revision number for resource 1dbb8ea4-b055-40cf-8174-cef7f26ac36e (type: networks) to 1
2026-07-14 11:41:57.558 10 INFO neutron.wsgi [req-139b1065-87e3-4cad-afb2-f49a40fc6d11 req-faf58ad9-d808-4b97-91da-7437b5fa2092 d347648dd42140dda3ec3df83445ec9c 6726d778b54944e5a4d8fccd22fdce33 - - default default] 199.204.45.3 "GET /v2.0/security-groups?fields=id&fields=name&tenant_id=6726d778b54944e5a4d8fccd22fdce33 HTTP/1.1" status: 200 len: 380 time: 0.0885999
2026-07-14 11:41:57.750 10 WARNING neutron.scheduler.dhcp_agent_scheduler [None req-98681197-efea-406a-99c5-82745a95c293 526a7566e3fa474d88a0fe53670a1743 42d1debe6fa44278aa5d68dee1d9877d - - default default] No more DHCP agents
2026-07-14 11:41:57.755 10 WARNING neutron.api.rpc.agentnotifiers.dhcp_rpc_agent_api [None req-98681197-efea-406a-99c5-82745a95c293 526a7566e3fa474d88a0fe53670a1743 42d1debe6fa44278aa5d68dee1d9877d - - default default] Unable to schedule network 1dbb8ea4-b055-40cf-8174-cef7f26ac36e: no agents available; will retry on subsequent port and subnet creation events.
2026-07-14 11:41:57.862 9 INFO neutron.wsgi [req-9bb7372c-fe6e-434f-819a-6487ef39dd23 req-264b1d38-fc08-4c59-8cae-2413b266357a d347648dd42140dda3ec3df83445ec9c 6726d778b54944e5a4d8fccd22fdce33 - - default default] 10.0.0.47 "GET /v2.0/ports?device_id=702c7756-1128-466a-9a92-d202a6a2fad3 HTTP/1.1" status: 200 len: 210 time: 0.0246685
2026-07-14 11:41:57.864 10 INFO neutron.db.ovn_revision_numbers_db [None req-98681197-efea-406a-99c5-82745a95c293 526a7566e3fa474d88a0fe53670a1743 42d1debe6fa44278aa5d68dee1d9877d - - default default] Successfully bumped revision number for resource b4bc73e6-5b81-4ed1-aa59-10354d970a5c (type: ports) to 1
2026-07-14 11:41:57.899 10 INFO neutron.wsgi [None req-98681197-efea-406a-99c5-82745a95c293 526a7566e3fa474d88a0fe53670a1743 42d1debe6fa44278aa5d68dee1d9877d - - default default] 10.0.0.24 "POST /v2.0/networks HTTP/1.1" status: 201 len: 831 time: 0.6747482
2026-07-14 11:41:58.031 10 WARNING neutron.scheduler.dhcp_agent_scheduler [req-139b1065-87e3-4cad-afb2-f49a40fc6d11 req-a83bb5c5-0d91-4a7a-84ce-a84b0f641bf1 d347648dd42140dda3ec3df83445ec9c 6726d778b54944e5a4d8fccd22fdce33 - - default default] No more DHCP agents
2026-07-14 11:41:58.034 10 WARNING neutron.api.rpc.agentnotifiers.dhcp_rpc_agent_api [req-139b1065-87e3-4cad-afb2-f49a40fc6d11 req-a83bb5c5-0d91-4a7a-84ce-a84b0f641bf1 d347648dd42140dda3ec3df83445ec9c 6726d778b54944e5a4d8fccd22fdce33 - - default default] Unable to schedule network 9c3c5609-486f-4cd2-94d2-d2c30649e252: no agents available; will retry on subsequent port and subnet creation events.
2026-07-14 11:41:58.196 9 INFO neutron.db.ovn_revision_numbers_db [None req-6cc7a3cf-ede1-4218-920b-0ab907c21dfe e820eb7e754441859d3dfd86f088be9c 5d80ea2504e6400d9538295a00471c07 - - default default] Successfully bumped revision number for resource 272b7868-a937-4f55-b62a-cb6087a9ab85 (type: security_groups) to 1
2026-07-14 11:41:58.209 10 WARNING neutron.scheduler.dhcp_agent_scheduler [None req-3b393bb3-d373-46b5-b762-d4202379bce9 526a7566e3fa474d88a0fe53670a1743 42d1debe6fa44278aa5d68dee1d9877d - - default default] No more DHCP agents
2026-07-14 11:41:58.213 10 WARNING neutron.api.rpc.agentnotifiers.dhcp_rpc_agent_api [None req-3b393bb3-d373-46b5-b762-d4202379bce9 526a7566e3fa474d88a0fe53670a1743 42d1debe6fa44278aa5d68dee1d9877d - - default default] Unable to schedule network 1dbb8ea4-b055-40cf-8174-cef7f26ac36e: no agents available; will retry on subsequent port and subnet creation events.
2026-07-14 11:41:58.215 9 INFO neutron.db.ovn_revision_numbers_db [None req-6cc7a3cf-ede1-4218-920b-0ab907c21dfe e820eb7e754441859d3dfd86f088be9c 5d80ea2504e6400d9538295a00471c07 - - default default] Successfully bumped revision number for resource 27e2fe2c-89ac-43eb-8174-890f80ca7e7e (type: security_group_rules) to 0
2026-07-14 11:41:58.238 9 INFO neutron.db.ovn_revision_numbers_db [None req-6cc7a3cf-ede1-4218-920b-0ab907c21dfe e820eb7e754441859d3dfd86f088be9c 5d80ea2504e6400d9538295a00471c07 - - default default] Successfully bumped revision number for resource 92a6b316-843a-43bf-a70e-170b259d6995 (type: security_group_rules) to 0
2026-07-14 11:41:58.253 9 INFO neutron.db.ovn_revision_numbers_db [None req-6cc7a3cf-ede1-4218-920b-0ab907c21dfe e820eb7e754441859d3dfd86f088be9c 5d80ea2504e6400d9538295a00471c07 - - default default] Successfully bumped revision number for resource b1cc301e-4c6a-45bd-bf33-669f25212c83 (type: security_group_rules) to 0
2026-07-14 11:41:58.263 10 INFO neutron.db.ovn_revision_numbers_db [req-139b1065-87e3-4cad-afb2-f49a40fc6d11 req-a83bb5c5-0d91-4a7a-84ce-a84b0f641bf1 d347648dd42140dda3ec3df83445ec9c 6726d778b54944e5a4d8fccd22fdce33 - - default default] Successfully bumped revision number for resource b2329d59-5ed0-40f7-84d0-e870e9a81ae3 (type: ports) to 1
2026-07-14 11:41:58.271 9 INFO neutron.db.ovn_revision_numbers_db [None req-6cc7a3cf-ede1-4218-920b-0ab907c21dfe e820eb7e754441859d3dfd86f088be9c 5d80ea2504e6400d9538295a00471c07 - - default default] Successfully bumped revision number for resource f38f85df-1c3f-416f-9926-d75a2c8fc0ec (type: security_group_rules) to 0
2026-07-14 11:41:58.296 10 INFO neutron.wsgi [req-139b1065-87e3-4cad-afb2-f49a40fc6d11 req-a83bb5c5-0d91-4a7a-84ce-a84b0f641bf1 d347648dd42140dda3ec3df83445ec9c 6726d778b54944e5a4d8fccd22fdce33 - - default default] 199.204.45.3 "POST /v2.0/ports HTTP/1.1" status: 201 len: 1158 time: 0.7263677 /var/lib/openstack/lib/python3.10/site-packages/pycadf/identifier.py:71: UserWarning: Invalid uuid: neutron. To ensure interoperability, identifiers should be a valid uuid. warnings.warn(('Invalid uuid: %s. To ensure interoperability, '
2026-07-14 11:41:58.325 9 INFO neutron.db.segments_db [None req-6cc7a3cf-ede1-4218-920b-0ab907c21dfe e820eb7e754441859d3dfd86f088be9c 5d80ea2504e6400d9538295a00471c07 - - default default] Added segment 195a5332-cf9e-4409-b986-32f5384a980c of type geneve for network 1654d310-59e0-4b8e-a541-8f40db471dc7
2026-07-14 11:41:58.537 9 INFO neutron.db.ovn_revision_numbers_db [None req-6cc7a3cf-ede1-4218-920b-0ab907c21dfe e820eb7e754441859d3dfd86f088be9c 5d80ea2504e6400d9538295a00471c07 - - default default] Successfully bumped revision number for resource 1654d310-59e0-4b8e-a541-8f40db471dc7 (type: networks) to 1
2026-07-14 11:41:58.777 9 WARNING neutron.scheduler.dhcp_agent_scheduler [None req-6cc7a3cf-ede1-4218-920b-0ab907c21dfe e820eb7e754441859d3dfd86f088be9c 5d80ea2504e6400d9538295a00471c07 - - default default] No more DHCP agents
2026-07-14 11:41:58.780 9 WARNING neutron.api.rpc.agentnotifiers.dhcp_rpc_agent_api [None req-6cc7a3cf-ede1-4218-920b-0ab907c21dfe e820eb7e754441859d3dfd86f088be9c 5d80ea2504e6400d9538295a00471c07 - - default default] Unable to schedule network 1654d310-59e0-4b8e-a541-8f40db471dc7: no agents available; will retry on subsequent port and subnet creation events.
2026-07-14 11:41:58.871 9 INFO neutron.db.ovn_revision_numbers_db [None req-6cc7a3cf-ede1-4218-920b-0ab907c21dfe e820eb7e754441859d3dfd86f088be9c 5d80ea2504e6400d9538295a00471c07 - - default default] Successfully bumped revision number for resource 4b8f3f8a-39d1-4b92-b1e6-646def7c3050 (type: ports) to 1
2026-07-14 11:41:58.927 9 INFO neutron.wsgi [None req-6cc7a3cf-ede1-4218-920b-0ab907c21dfe e820eb7e754441859d3dfd86f088be9c 5d80ea2504e6400d9538295a00471c07 - - default default] 10.0.0.24 "POST /v2.0/networks HTTP/1.1" status: 201 len: 941 time: 1.0947497
2026-07-14 11:41:59.086 9 WARNING neutron.scheduler.dhcp_agent_scheduler [None req-841770a1-d57e-47ad-ad16-e58bb254e621 e820eb7e754441859d3dfd86f088be9c 5d80ea2504e6400d9538295a00471c07 - - default default] No more DHCP agents
2026-07-14 11:41:59.091 9 WARNING neutron.api.rpc.agentnotifiers.dhcp_rpc_agent_api [None req-841770a1-d57e-47ad-ad16-e58bb254e621 e820eb7e754441859d3dfd86f088be9c 5d80ea2504e6400d9538295a00471c07 - - default default] Unable to schedule network 1654d310-59e0-4b8e-a541-8f40db471dc7: no agents available; will retry on subsequent port and subnet creation events.
2026-07-14 11:41:59.131 10 INFO neutron.wsgi [req-83968edb-4dc9-4045-9e14-9a77afb10c59 req-6e6d0b37-d77e-4cc7-aeb3-e7f92d69f193 d347648dd42140dda3ec3df83445ec9c 6726d778b54944e5a4d8fccd22fdce33 - - default default] 10.0.0.47 "GET /v2.0/ports?device_id=702c7756-1128-466a-9a92-d202a6a2fad3 HTTP/1.1" status: 200 len: 1168 time: 0.1669002 /var/lib/openstack/lib/python3.10/site-packages/pycadf/identifier.py:71: UserWarning: Invalid uuid: neutron. To ensure interoperability, identifiers should be a valid uuid. warnings.warn(('Invalid uuid: %s. To ensure interoperability, '
2026-07-14 11:41:59.225 10 INFO neutron.wsgi [req-83968edb-4dc9-4045-9e14-9a77afb10c59 req-e3aec78c-b8d0-4ae9-839e-38141f303ab1 d347648dd42140dda3ec3df83445ec9c 6726d778b54944e5a4d8fccd22fdce33 - - default default] 10.0.0.47 "GET /v2.0/security-groups?id=ef4b5dbd-8ba4-4d7b-89d9-965dbe6b603f&fields=id&fields=name HTTP/1.1" status: 200 len: 313 time: 0.0849636
