2026-07-14 11:43:29.294 10 INFO neutron.wsgi [None req-7143ee56-00d8-4eeb-b5c8-8e3122f6bb34 e820eb7e754441859d3dfd86f088be9c 5d80ea2504e6400d9538295a00471c07 - - default default] 10.0.0.89 "GET /v2.0/extensions/allowed-address-pairs HTTP/1.1" status: 200 len: 383 time: 0.0051615
2026-07-14 11:43:29.336 10 INFO neutron.wsgi [None req-946d8c73-bf94-4a11-8ef7-f4de990ae239 e820eb7e754441859d3dfd86f088be9c 5d80ea2504e6400d9538295a00471c07 - - default default] 10.0.0.89 "GET /v2.0/subnets/4b0b37bf-5fbb-4c5f-866f-5672f67453e2 HTTP/1.1" status: 200 len: 851 time: 0.0346198
2026-07-14 11:43:29.583 10 INFO neutron.wsgi [None req-562d46dc-b6fd-4468-a90a-e62249557dfd e820eb7e754441859d3dfd86f088be9c 5d80ea2504e6400d9538295a00471c07 - - default default] 10.0.0.89 "GET /v2.0/extensions/security-group HTTP/1.1" status: 200 len: 369 time: 0.0042999
2026-07-14 11:43:29.600 10 INFO neutron.wsgi [None req-70aa5bab-0dc2-4552-95bb-dbe5403f90ca e820eb7e754441859d3dfd86f088be9c 5d80ea2504e6400d9538295a00471c07 - - default default] 10.0.0.89 "GET /v2.0/extensions/dns-integration HTTP/1.1" status: 200 len: 371 time: 0.0065272
2026-07-14 11:43:29.611 10 INFO neutron.wsgi [None req-aeb0eafa-b179-4532-8c99-2f078cd4d266 e820eb7e754441859d3dfd86f088be9c 5d80ea2504e6400d9538295a00471c07 - - default default] 10.0.0.89 "GET /v2.0/extensions/qos HTTP/1.1" status: 200 len: 365 time: 0.0030506
2026-07-14 11:43:29.620 10 INFO neutron.wsgi [None req-4d39248f-245e-462f-a02f-b7375d86537b e820eb7e754441859d3dfd86f088be9c 5d80ea2504e6400d9538295a00471c07 - - default default] 10.0.0.89 "GET /v2.0/extensions/allowed-address-pairs HTTP/1.1" status: 200 len: 383 time: 0.0044084
2026-07-14 11:43:29.683 9 INFO neutron.wsgi [req-64c6b1e7-3f0e-4e4d-a5d4-882f9b0828b6 req-8bad5f06-3b9c-4514-8294-b815d6c13dcb 510ec922fc0a4c2daf74f2b7376f9572 007b620f9f02429dbfe1620e7e0729be - - fd004ce52a97444eaaca329ac57bdc02 fd004ce52a97444eaaca329ac57bdc02] 199.204.45.3 "GET /v2.0/networks/a6fee978-d13e-4694-8335-624ba69b6a30?fields=segments HTTP/1.1" status: 200 len: 212 time: 0.3937035
2026-07-14 11:43:29.692 10 INFO neutron.wsgi [None req-343248db-4efa-4d52-9cf3-58e55d3ce65a e820eb7e754441859d3dfd86f088be9c 5d80ea2504e6400d9538295a00471c07 - - default default] 10.0.0.89 "GET /v2.0/networks/63f4ea5f-e9ed-4d41-91a0-b93707f53ab3 HTTP/1.1" status: 200 len: 1001 time: 0.0639594
2026-07-14 11:43:29.708 10 INFO neutron.wsgi [None req-d675396d-47b1-4920-8a47-bd281d879da6 e820eb7e754441859d3dfd86f088be9c 5d80ea2504e6400d9538295a00471c07 - - default default] 10.0.0.89 "GET /v2.0/extensions/project-id HTTP/1.1" status: 200 len: 403 time: 0.0067117
2026-07-14 11:43:29.778 9 INFO neutron.db.ovn_revision_numbers_db [None req-950b8de0-a810-416f-853d-33c9a0394f6e 6a7bccac9e8c49f09b1f418df624e44b e3e4d3ad54ff4d19933257c0d1ae872d - - default default] Successfully bumped revision number for resource 4124b735-255e-425f-a8c4-f33efec486a8 (type: ports) to 2
2026-07-14 11:43:29.781 9 INFO neutron.wsgi [req-64c6b1e7-3f0e-4e4d-a5d4-882f9b0828b6 req-115b3f73-51d5-43e0-b06a-bd6318cc99cf 510ec922fc0a4c2daf74f2b7376f9572 007b620f9f02429dbfe1620e7e0729be - - fd004ce52a97444eaaca329ac57bdc02 fd004ce52a97444eaaca329ac57bdc02] 199.204.45.3 "GET /v2.0/networks/a6fee978-d13e-4694-8335-624ba69b6a30?fields=provider%3Aphysical_network&fields=provider%3Anetwork_type HTTP/1.1" status: 200 len: 277 time: 0.0931551
2026-07-14 11:43:29.875 9 INFO neutron.wsgi [req-78b2dc68-83c0-4b01-8efd-da0d75f476a4 req-b70d04b8-59a2-4ce8-a128-1fea17b8fec4 510ec922fc0a4c2daf74f2b7376f9572 007b620f9f02429dbfe1620e7e0729be - - fd004ce52a97444eaaca329ac57bdc02 fd004ce52a97444eaaca329ac57bdc02] 199.204.45.3 "GET /v2.0/ports?tenant_id=a9690140da344901a4bc15c35b39550e&device_id=16982626-ccf3-41fc-9ad9-7802f64fc6be HTTP/1.1" status: 200 len: 1411 time: 0.0514491
2026-07-14 11:43:29.990 10 INFO neutron.plugins.ml2.drivers.ovn.mech_driver.mech_driver [None req-bce252a6-e8d4-4e60-89b6-69e113a9828b - - - - - -] OVN reports status up for port: 26dc1713-a942-486a-899b-7f6c41d5d4b4
2026-07-14 11:43:30.008 10 INFO neutron.plugins.ml2.plugin [None req-bce252a6-e8d4-4e60-89b6-69e113a9828b - - - - - -] Attempt 1 to provision port 26dc1713-a942-486a-899b-7f6c41d5d4b4
2026-07-14 11:43:30.015 9 INFO neutron.wsgi [req-78b2dc68-83c0-4b01-8efd-da0d75f476a4 req-ddac7b42-6681-437e-9cbf-14abdd16ac70 510ec922fc0a4c2daf74f2b7376f9572 007b620f9f02429dbfe1620e7e0729be - - fd004ce52a97444eaaca329ac57bdc02 fd004ce52a97444eaaca329ac57bdc02] 199.204.45.3 "GET /v2.0/networks?id=a6fee978-d13e-4694-8335-624ba69b6a30 HTTP/1.1" status: 200 len: 959 time: 0.1270826
2026-07-14 11:43:30.049 10 WARNING neutron.scheduler.dhcp_agent_scheduler [None req-85c2c26e-0018-4433-a555-4c3bb7c646ba e820eb7e754441859d3dfd86f088be9c 5d80ea2504e6400d9538295a00471c07 - - default default] No more DHCP agents
2026-07-14 11:43:30.051 9 INFO neutron.db.ovn_revision_numbers_db [None req-c1242a75-d02a-4fc2-b5c7-5567aded73f5 - - - - - -] Successfully bumped revision number for resource 4124b735-255e-425f-a8c4-f33efec486a8 (type: ports) to 3
2026-07-14 11:43:30.055 9 INFO neutron.wsgi [req-78b2dc68-83c0-4b01-8efd-da0d75f476a4 req-0ff71e1d-381b-43c7-8454-be6da31e1cde 510ec922fc0a4c2daf74f2b7376f9572 007b620f9f02429dbfe1620e7e0729be - - fd004ce52a97444eaaca329ac57bdc02 fd004ce52a97444eaaca329ac57bdc02] 199.204.45.3 "GET /v2.0/floatingips?fixed_ip_address=10.100.0.10&port_id=26dc1713-a942-486a-899b-7f6c41d5d4b4 HTTP/1.1" status: 200 len: 217 time: 0.0342722
2026-07-14 11:43:30.056 10 WARNING neutron.api.rpc.agentnotifiers.dhcp_rpc_agent_api [None req-85c2c26e-0018-4433-a555-4c3bb7c646ba e820eb7e754441859d3dfd86f088be9c 5d80ea2504e6400d9538295a00471c07 - - default default] Unable to schedule network 63f4ea5f-e9ed-4d41-91a0-b93707f53ab3: no agents available; will retry on subsequent port and subnet creation events.
2026-07-14 11:43:30.142 9 INFO neutron.wsgi [req-78b2dc68-83c0-4b01-8efd-da0d75f476a4 req-2c9eb150-52e1-4915-aafc-a82e80da8c33 510ec922fc0a4c2daf74f2b7376f9572 007b620f9f02429dbfe1620e7e0729be - - fd004ce52a97444eaaca329ac57bdc02 fd004ce52a97444eaaca329ac57bdc02] 199.204.45.3 "GET /v2.0/subnets?id=09d00a60-a2cd-4700-abaa-bfac7ce93992 HTTP/1.1" status: 200 len: 853 time: 0.0812595 /var/lib/openstack/lib/python3.10/site-packages/pycadf/identifier.py:71: UserWarning: Invalid uuid: neutron. To ensure interoperability, identifiers should be a valid uuid. warnings.warn(('Invalid uuid: %s. To ensure interoperability, '
2026-07-14 11:43:30.188 9 INFO neutron.wsgi [req-78b2dc68-83c0-4b01-8efd-da0d75f476a4 req-bf47fb17-fb9f-4936-a99f-9c62785e796d 510ec922fc0a4c2daf74f2b7376f9572 007b620f9f02429dbfe1620e7e0729be - - fd004ce52a97444eaaca329ac57bdc02 fd004ce52a97444eaaca329ac57bdc02] 199.204.45.3 "GET /v2.0/ports?network_id=a6fee978-d13e-4694-8335-624ba69b6a30&device_owner=network%3Adhcp HTTP/1.1" status: 200 len: 210 time: 0.0300593
2026-07-14 11:43:30.190 10 INFO neutron.notifiers.nova [-] Nova event matching ['req-d20a4a6b-8704-4f52-838c-097d316763bb'] response: {'server_uuid': '16982626-ccf3-41fc-9ad9-7802f64fc6be', 'name': 'network-vif-plugged', 'status': 'completed', 'tag': '26dc1713-a942-486a-899b-7f6c41d5d4b4', 'code': 200}
2026-07-14 11:43:30.279 10 INFO neutron.db.ovn_revision_numbers_db [None req-85c2c26e-0018-4433-a555-4c3bb7c646ba e820eb7e754441859d3dfd86f088be9c 5d80ea2504e6400d9538295a00471c07 - - default default] Successfully bumped revision number for resource ebd6e377-420f-4845-acaf-09a01e04f5df (type: ports) to 1
2026-07-14 11:43:30.305 10 INFO neutron.wsgi [None req-85c2c26e-0018-4433-a555-4c3bb7c646ba e820eb7e754441859d3dfd86f088be9c 5d80ea2504e6400d9538295a00471c07 - - default default] 10.0.0.89 "POST /v2.0/ports HTTP/1.1" status: 201 len: 1337 time: 0.5915172
2026-07-14 11:43:30.308 9 INFO neutron.wsgi [req-78b2dc68-83c0-4b01-8efd-da0d75f476a4 req-7b237c13-46fa-4d99-831c-4677167b2c98 510ec922fc0a4c2daf74f2b7376f9572 007b620f9f02429dbfe1620e7e0729be - - fd004ce52a97444eaaca329ac57bdc02 fd004ce52a97444eaaca329ac57bdc02] 199.204.45.3 "GET /v2.0/networks/a6fee978-d13e-4694-8335-624ba69b6a30?fields=segments HTTP/1.1" status: 200 len: 212 time: 0.1091623
2026-07-14 11:43:30.329 9 INFO neutron.db.ovn_revision_numbers_db [None req-c1242a75-d02a-4fc2-b5c7-5567aded73f5 - - - - - -] Successfully bumped revision number for resource 4124b735-255e-425f-a8c4-f33efec486a8 (type: router_ports) to 3
2026-07-14 11:43:30.388 10 INFO neutron.db.ovn_revision_numbers_db [None req-bce252a6-e8d4-4e60-89b6-69e113a9828b - - - - - -] Successfully bumped revision number for resource 26dc1713-a942-486a-899b-7f6c41d5d4b4 (type: ports) to 4
2026-07-14 11:43:30.420 9 INFO neutron.wsgi [req-222a5cda-6921-4708-a9a6-a59527bec451 req-37e381e0-2844-4081-b7a4-ba95f350e531 74e029b5abf54ee48dc7724da09605d6 a9690140da344901a4bc15c35b39550e - - default default] 10.0.0.47 "GET /v2.0/ports?device_id=16982626-ccf3-41fc-9ad9-7802f64fc6be HTTP/1.1" status: 200 len: 1174 time: 0.0870860
2026-07-14 11:43:30.455 9 INFO neutron.wsgi [req-78b2dc68-83c0-4b01-8efd-da0d75f476a4 req-0417ded8-0514-4c1b-86d4-1653c759800f 510ec922fc0a4c2daf74f2b7376f9572 007b620f9f02429dbfe1620e7e0729be - - fd004ce52a97444eaaca329ac57bdc02 fd004ce52a97444eaaca329ac57bdc02] 199.204.45.3 "GET /v2.0/networks/a6fee978-d13e-4694-8335-624ba69b6a30?fields=provider%3Aphysical_network&fields=provider%3Anetwork_type HTTP/1.1" status: 200 len: 277 time: 0.1371822
2026-07-14 11:43:30.505 9 INFO neutron.wsgi [req-222a5cda-6921-4708-a9a6-a59527bec451 req-3e508036-5f5f-4a7c-9a13-668eab125a07 74e029b5abf54ee48dc7724da09605d6 a9690140da344901a4bc15c35b39550e - - default default] 10.0.0.47 "GET /v2.0/security-groups?id=7555ec55-d733-4ccc-83d0-b2201fe7cd27&fields=id&fields=name HTTP/1.1" status: 200 len: 313 time: 0.0770180
2026-07-14 11:43:30.680 9 INFO neutron.db.ovn_revision_numbers_db [None req-950b8de0-a810-416f-853d-33c9a0394f6e 6a7bccac9e8c49f09b1f418df624e44b e3e4d3ad54ff4d19933257c0d1ae872d - - default default] Successfully bumped revision number for resource 4124b735-255e-425f-a8c4-f33efec486a8 (type: ports) to 3
2026-07-14 11:43:30.748 9 WARNING neutron.scheduler.dhcp_agent_scheduler [None req-950b8de0-a810-416f-853d-33c9a0394f6e 6a7bccac9e8c49f09b1f418df624e44b e3e4d3ad54ff4d19933257c0d1ae872d - - default default] No more DHCP agents
2026-07-14 11:43:30.750 9 WARNING neutron.api.rpc.agentnotifiers.dhcp_rpc_agent_api [None req-950b8de0-a810-416f-853d-33c9a0394f6e 6a7bccac9e8c49f09b1f418df624e44b e3e4d3ad54ff4d19933257c0d1ae872d - - default default] Unable to schedule network c6355e49-3d11-4303-b789-3eb025671f2e: no agents available; will retry on subsequent port and subnet creation events. /var/lib/openstack/lib/python3.10/site-packages/pycadf/identifier.py:71: UserWarning: Invalid uuid: neutron. To ensure interoperability, identifiers should be a valid uuid. warnings.warn(('Invalid uuid: %s. To ensure interoperability, '
2026-07-14 11:43:30.941 9 INFO neutron.db.ovn_revision_numbers_db [None req-950b8de0-a810-416f-853d-33c9a0394f6e 6a7bccac9e8c49f09b1f418df624e44b e3e4d3ad54ff4d19933257c0d1ae872d - - default default] Successfully bumped revision number for resource 4124b735-255e-425f-a8c4-f33efec486a8 (type: router_ports) to 3
2026-07-14 11:43:30.944 9 INFO neutron.wsgi [None req-950b8de0-a810-416f-853d-33c9a0394f6e 6a7bccac9e8c49f09b1f418df624e44b e3e4d3ad54ff4d19933257c0d1ae872d - - default default] 10.0.0.24 "PUT /v2.0/routers/194b8bf2-f0e1-4181-830d-e10a4bb7fc40/add_router_interface HTTP/1.1" status: 200 len: 503 time: 2.3528409 /var/lib/openstack/lib/python3.10/site-packages/pycadf/identifier.py:71: UserWarning: Invalid uuid: neutron. To ensure interoperability, identifiers should be a valid uuid. warnings.warn(('Invalid uuid: %s. To ensure interoperability, '
2026-07-14 11:43:31.030 9 INFO neutron.wsgi [None req-49fe1613-853b-4b7d-8b35-692576aa863a 6a7bccac9e8c49f09b1f418df624e44b e3e4d3ad54ff4d19933257c0d1ae872d - - default default] 10.0.0.24 "GET /v2.0/ports/4124b735-255e-425f-a8c4-f33efec486a8 HTTP/1.1" status: 200 len: 1219 time: 0.0812092
2026-07-14 11:43:31.057 10 INFO neutron.db.ovn_revision_numbers_db [None req-1b70b1d8-ba08-4b45-a1ad-9538300aa042 6b5aaf1cb86c4faa991bad22c7af2d2e bb9a91a2011d4131920458547bdf205d - - default default] Successfully bumped revision number for resource d7e14eac-b45b-43cd-9bf8-6c91ac919f2a (type: routers) to 1
2026-07-14 11:43:31.074 10 INFO neutron.wsgi [None req-1b70b1d8-ba08-4b45-a1ad-9538300aa042 6b5aaf1cb86c4faa991bad22c7af2d2e bb9a91a2011d4131920458547bdf205d - - default default] 10.0.0.24 "POST /v2.0/routers HTTP/1.1" status: 201 len: 654 time: 0.3784993
2026-07-14 11:43:31.282 10 INFO neutron.db.ovn_revision_numbers_db [None req-36edf6ba-77b4-4b31-b3d4-2d1d164c36c0 6b5aaf1cb86c4faa991bad22c7af2d2e bb9a91a2011d4131920458547bdf205d - - default default] Successfully bumped revision number for resource 7dbba02b-cf57-4f70-8892-ea151612e85a (type: routers) to 1
2026-07-14 11:43:31.300 10 INFO neutron.wsgi [None req-36edf6ba-77b4-4b31-b3d4-2d1d164c36c0 6b5aaf1cb86c4faa991bad22c7af2d2e bb9a91a2011d4131920458547bdf205d - - default default] 10.0.0.24 "POST /v2.0/routers HTTP/1.1" status: 201 len: 654 time: 0.2207744
2026-07-14 11:43:31.510 10 INFO neutron.db.ovn_revision_numbers_db [None req-33a7606c-6903-48f4-95c4-284d85074e8c 6b5aaf1cb86c4faa991bad22c7af2d2e bb9a91a2011d4131920458547bdf205d - - default default] Successfully bumped revision number for resource fe2a43c8-8d46-47b4-a803-2afbf1dae5ef (type: routers) to 1
2026-07-14 11:43:31.523 10 INFO neutron.wsgi [None req-33a7606c-6903-48f4-95c4-284d85074e8c 6b5aaf1cb86c4faa991bad22c7af2d2e bb9a91a2011d4131920458547bdf205d - - default default] 10.0.0.24 "POST /v2.0/routers HTTP/1.1" status: 201 len: 654 time: 0.2168965
2026-07-14 11:43:31.713 10 INFO neutron.wsgi [req-4f996f08-8759-474e-b557-6953d3c8335b req-87946329-3727-4a55-97dc-641228d5d87a 74e029b5abf54ee48dc7724da09605d6 a9690140da344901a4bc15c35b39550e - - default default] 10.0.0.47 "GET /v2.0/ports?device_id=16982626-ccf3-41fc-9ad9-7802f64fc6be HTTP/1.1" status: 200 len: 1174 time: 0.1462457
2026-07-14 11:43:31.736 10 INFO neutron.db.ovn_revision_numbers_db [None req-ee6a1dfd-1e5d-4c23-a2a5-5306ce447871 6b5aaf1cb86c4faa991bad22c7af2d2e bb9a91a2011d4131920458547bdf205d - - default default] Successfully bumped revision number for resource 88d8cc2e-0cc0-453b-8508-455619331382 (type: routers) to 1
2026-07-14 11:43:31.755 9 INFO neutron.wsgi [None req-6cf5d20e-9e00-422a-b9b7-69a170a93016 6a7bccac9e8c49f09b1f418df624e44b e3e4d3ad54ff4d19933257c0d1ae872d - - default default] 10.0.0.24 "PUT /v2.0/routers/194b8bf2-f0e1-4181-830d-e10a4bb7fc40/remove_router_interface HTTP/1.1" status: 200 len: 503 time: 0.7196519
2026-07-14 11:43:31.759 10 INFO neutron.wsgi [None req-ee6a1dfd-1e5d-4c23-a2a5-5306ce447871 6b5aaf1cb86c4faa991bad22c7af2d2e bb9a91a2011d4131920458547bdf205d - - default default] 10.0.0.24 "POST /v2.0/routers HTTP/1.1" status: 201 len: 654 time: 0.2294314 /var/lib/openstack/lib/python3.10/site-packages/pycadf/identifier.py:71: UserWarning: Invalid uuid: neutron. To ensure interoperability, identifiers should be a valid uuid. warnings.warn(('Invalid uuid: %s. To ensure interoperability, '
2026-07-14 11:43:31.772 10 INFO neutron.wsgi [req-4f996f08-8759-474e-b557-6953d3c8335b req-42b65bc9-7a3d-47fd-80a5-e0722a434674 74e029b5abf54ee48dc7724da09605d6 a9690140da344901a4bc15c35b39550e - - default default] 10.0.0.47 "GET /v2.0/security-groups?id=7555ec55-d733-4ccc-83d0-b2201fe7cd27&fields=id&fields=name HTTP/1.1" status: 200 len: 313 time: 0.0464756
2026-07-14 11:43:31.825 9 INFO neutron.api.v2.resource [None req-234c575a-2a38-41e7-afd3-293fe2a26b9c 6a7bccac9e8c49f09b1f418df624e44b e3e4d3ad54ff4d19933257c0d1ae872d - - default default] remove_router_interface failed (client error): The resource could not be found.
2026-07-14 11:43:31.827 9 INFO neutron.wsgi [None req-234c575a-2a38-41e7-afd3-293fe2a26b9c 6a7bccac9e8c49f09b1f418df624e44b e3e4d3ad54ff4d19933257c0d1ae872d - - default default] 10.0.0.24 "PUT /v2.0/routers/194b8bf2-f0e1-4181-830d-e10a4bb7fc40/remove_router_interface HTTP/1.1" status: 404 len: 398 time: 0.0676401
2026-07-14 11:43:31.871 9 INFO neutron.wsgi [None req-6139745b-bfd3-439b-bcbc-b30e493e19df e820eb7e754441859d3dfd86f088be9c 5d80ea2504e6400d9538295a00471c07 - - default default] 199.204.45.3 "GET /v2.0/extensions/security-group HTTP/1.1" status: 200 len: 369 time: 0.0694616
2026-07-14 11:43:31.875 10 INFO neutron.wsgi [None req-273702a6-d0c0-4b9a-8d69-1165c404a63e 6a7bccac9e8c49f09b1f418df624e44b e3e4d3ad54ff4d19933257c0d1ae872d - - default default] 10.0.0.24 "GET /v2.0/ports?device_id=194b8bf2-f0e1-4181-830d-e10a4bb7fc40 HTTP/1.1" status: 200 len: 205 time: 0.0368376
2026-07-14 11:43:31.885 9 INFO neutron.wsgi [None req-5d676430-f845-4a5a-835e-50112b1fcb41 e820eb7e754441859d3dfd86f088be9c 5d80ea2504e6400d9538295a00471c07 - - default default] 199.204.45.3 "GET /v2.0/extensions/dns-integration HTTP/1.1" status: 200 len: 371 time: 0.0067284
2026-07-14 11:43:31.892 9 INFO neutron.wsgi [None req-d4bf65f0-51e9-410f-a406-e34574f64610 e820eb7e754441859d3dfd86f088be9c 5d80ea2504e6400d9538295a00471c07 - - default default] 199.204.45.3 "GET /v2.0/extensions/qos HTTP/1.1" status: 200 len: 365 time: 0.0031197
2026-07-14 11:43:31.905 9 INFO neutron.wsgi [None req-9dc1529d-7dc3-4512-981c-30682f84663d e820eb7e754441859d3dfd86f088be9c 5d80ea2504e6400d9538295a00471c07 - - default default] 199.204.45.3 "GET /v2.0/extensions/allowed-address-pairs HTTP/1.1" status: 200 len: 383 time: 0.0044303
2026-07-14 11:43:31.912 9 INFO neutron.wsgi [req-5e1c9fc7-4a6d-400e-ad53-197ee73b3e58 req-7e2e1989-a29b-466f-b2f7-a04336d237bf 74e029b5abf54ee48dc7724da09605d6 a9690140da344901a4bc15c35b39550e - - default default] 10.0.0.47 "GET /v2.0/ports?device_id=16982626-ccf3-41fc-9ad9-7802f64fc6be HTTP/1.1" status: 200 len: 1174 time: 0.0609913
2026-07-14 11:43:31.947 9 INFO neutron.wsgi [None req-7df8b977-5cfe-4c69-9a63-0b5b5c2073c2 e820eb7e754441859d3dfd86f088be9c 5d80ea2504e6400d9538295a00471c07 - - default default] 199.204.45.3 "GET /v2.0/ports/ebd6e377-420f-4845-acaf-09a01e04f5df HTTP/1.1" status: 200 len: 1332 time: 0.0339401
2026-07-14 11:43:32.008 10 INFO neutron.db.ovn_revision_numbers_db [None req-94a504f2-7f9a-40e8-ae6b-2cecac02f71e 6b5aaf1cb86c4faa991bad22c7af2d2e bb9a91a2011d4131920458547bdf205d - - default default] Successfully bumped revision number for resource 55e74be7-e6ea-4ecf-9c20-06f1dde3430d (type: routers) to 1
2026-07-14 11:43:32.027 10 INFO neutron.wsgi [None req-94a504f2-7f9a-40e8-ae6b-2cecac02f71e 6b5aaf1cb86c4faa991bad22c7af2d2e bb9a91a2011d4131920458547bdf205d - - default default] 10.0.0.24 "POST /v2.0/routers HTTP/1.1" status: 201 len: 654 time: 0.2630973
2026-07-14 11:43:32.123 10 INFO neutron.wsgi [None req-cb11d0bf-2160-4be0-99c3-de4e9a884c9a 6b5aaf1cb86c4faa991bad22c7af2d2e bb9a91a2011d4131920458547bdf205d - - default default] 10.0.0.24 "PUT /v2.0/routers/d7e14eac-b45b-43cd-9bf8-6c91ac919f2a/tags HTTP/1.1" status: 200 len: 210 time: 0.0906081
2026-07-14 11:43:32.199 10 INFO neutron.wsgi [None req-07cab569-14e0-45e2-bd81-96e86910f494 6a7bccac9e8c49f09b1f418df624e44b e3e4d3ad54ff4d19933257c0d1ae872d - - default default] 10.0.0.24 "DELETE /v2.0/routers/194b8bf2-f0e1-4181-830d-e10a4bb7fc40 HTTP/1.1" status: 204 len: 168 time: 0.3184276
2026-07-14 11:43:32.213 10 INFO neutron.wsgi [None req-42db41f7-917f-42b3-9d00-fa1215188a58 6b5aaf1cb86c4faa991bad22c7af2d2e bb9a91a2011d4131920458547bdf205d - - default default] 10.0.0.24 "PUT /v2.0/routers/7dbba02b-cf57-4f70-8892-ea151612e85a/tags HTTP/1.1" status: 200 len: 218 time: 0.0790067
2026-07-14 11:43:32.221 10 INFO neutron.notifiers.nova [-] Nova event matching ['req-31be42d2-a4c5-4478-839c-6d72b85ad32f'] response: {'server_uuid': '16982626-ccf3-41fc-9ad9-7802f64fc6be', 'name': 'network-vif-plugged', 'status': 'completed', 'tag': '26dc1713-a942-486a-899b-7f6c41d5d4b4', 'code': 200}
2026-07-14 11:43:32.264 9 INFO neutron.wsgi [None req-e882a26c-659d-4047-bb91-e951fe927dc1 e820eb7e754441859d3dfd86f088be9c 5d80ea2504e6400d9538295a00471c07 - - default default] 199.204.45.3 "GET /v2.0/extensions/security-group HTTP/1.1" status: 200 len: 369 time: 0.0063045
2026-07-14 11:43:32.274 9 INFO neutron.wsgi [None req-d36917b5-3029-469a-9083-ecc278260a0e e820eb7e754441859d3dfd86f088be9c 5d80ea2504e6400d9538295a00471c07 - - default default] 199.204.45.3 "GET /v2.0/extensions/dns-integration HTTP/1.1" status: 200 len: 371 time: 0.0033028
2026-07-14 11:43:32.277 9 INFO neutron.wsgi [req-5e1c9fc7-4a6d-400e-ad53-197ee73b3e58 req-dc0b7ec3-921e-47f3-99b0-e158b315f5c6 74e029b5abf54ee48dc7724da09605d6 a9690140da344901a4bc15c35b39550e - - default default] 10.0.0.47 "GET /v2.0/security-groups?id=7555ec55-d733-4ccc-83d0-b2201fe7cd27&fields=id&fields=name HTTP/1.1" status: 200 len: 313 time: 0.3511417
2026-07-14 11:43:32.281 9 INFO neutron.wsgi [None req-670e893f-1dd4-4c79-b95f-60f610a478f0 e820eb7e754441859d3dfd86f088be9c 5d80ea2504e6400d9538295a00471c07 - - default default] 199.204.45.3 "GET /v2.0/extensions/qos HTTP/1.1" status: 200 len: 365 time: 0.0030935
2026-07-14 11:43:32.288 9 INFO neutron.wsgi [None req-9865b92f-e086-4438-9c46-14853a031126 e820eb7e754441859d3dfd86f088be9c 5d80ea2504e6400d9538295a00471c07 - - default default] 199.204.45.3 "GET /v2.0/extensions/allowed-address-pairs HTTP/1.1" status: 200 len: 383 time: 0.0030138
2026-07-14 11:43:32.329 9 INFO neutron.wsgi [None req-f1707301-2bcd-4c1c-9b8c-18dd7cf4ac77 e820eb7e754441859d3dfd86f088be9c 5d80ea2504e6400d9538295a00471c07 - - default default] 199.204.45.3 "GET /v2.0/security-groups?name=lb-799e3e03-e592-4015-b242-37b0d6f6a188 HTTP/1.1" status: 200 len: 221 time: 0.0361714
2026-07-14 11:43:32.344 9 INFO neutron.wsgi [None req-787020d1-fbfd-4645-80da-2aa3e955c096 6c657bd046df44ae8a955cbd3b8fcfff b9dd55a17b744496aabb9a298b58f55c - - default default] 10.0.0.24 "GET /v2.0/ports?device_id=16982626-ccf3-41fc-9ad9-7802f64fc6be HTTP/1.1" status: 200 len: 1408 time: 0.0352805
2026-07-14 11:43:32.496 9 INFO neutron.db.ovn_revision_numbers_db [None req-9e2311c8-7e0d-4103-88d3-0d4b20ce406a e820eb7e754441859d3dfd86f088be9c 5d80ea2504e6400d9538295a00471c07 - - default default] Successfully bumped revision number for resource d7d23b68-a4df-4559-b3de-2df90d1b87f1 (type: security_groups) to 1
2026-07-14 11:43:32.514 9 INFO neutron.db.ovn_revision_numbers_db [None req-9e2311c8-7e0d-4103-88d3-0d4b20ce406a e820eb7e754441859d3dfd86f088be9c 5d80ea2504e6400d9538295a00471c07 - - default default] Successfully bumped revision number for resource 29a0b101-3ddd-4025-b02e-d71c17e6a056 (type: security_group_rules) to 0
2026-07-14 11:43:32.533 9 INFO neutron.db.ovn_revision_numbers_db [None req-9e2311c8-7e0d-4103-88d3-0d4b20ce406a e820eb7e754441859d3dfd86f088be9c 5d80ea2504e6400d9538295a00471c07 - - default default] Successfully bumped revision number for resource f242f897-16fc-41c3-95cf-522c31576926 (type: security_group_rules) to 0
2026-07-14 11:43:32.554 10 INFO neutron.wsgi [None req-68ac6c10-801d-43a8-8adc-c45781cebc5f 6b5aaf1cb86c4faa991bad22c7af2d2e bb9a91a2011d4131920458547bdf205d - - default default] 10.0.0.24 "PUT /v2.0/routers/fe2a43c8-8d46-47b4-a803-2afbf1dae5ef/tags HTTP/1.1" status: 200 len: 227 time: 0.3321900
2026-07-14 11:43:32.560 9 INFO neutron.wsgi [None req-9e2311c8-7e0d-4103-88d3-0d4b20ce406a e820eb7e754441859d3dfd86f088be9c 5d80ea2504e6400d9538295a00471c07 - - default default] 199.204.45.3 "POST /v2.0/security-groups HTTP/1.1" status: 201 len: 1777 time: 0.2241886
2026-07-14 11:43:32.605 9 INFO neutron.wsgi [None req-1f3e27e2-d8c7-44f2-999b-f5e46769e77e e820eb7e754441859d3dfd86f088be9c 5d80ea2504e6400d9538295a00471c07 - - default default] 199.204.45.3 "GET /v2.0/security-group-rules?security_group_id=d7d23b68-a4df-4559-b3de-2df90d1b87f1 HTTP/1.1" status: 200 len: 1318 time: 0.0348587
2026-07-14 11:43:32.615 10 INFO neutron.wsgi [None req-6a9bf150-ebb3-4152-8bf4-4eac9a5147d0 6b5aaf1cb86c4faa991bad22c7af2d2e bb9a91a2011d4131920458547bdf205d - - default default] 10.0.0.24 "PUT /v2.0/routers/88d8cc2e-0cc0-453b-8508-455619331382/tags HTTP/1.1" status: 200 len: 212 time: 0.0547397
2026-07-14 11:43:32.679 9 WARNING neutron.scheduler.dhcp_agent_scheduler [None req-cb426ad0-88b6-4f7d-a4b8-5d6466e60d26 74e029b5abf54ee48dc7724da09605d6 a9690140da344901a4bc15c35b39550e - - default default] No more DHCP agents
2026-07-14 11:43:32.685 9 WARNING neutron.api.rpc.agentnotifiers.dhcp_rpc_agent_api [None req-cb426ad0-88b6-4f7d-a4b8-5d6466e60d26 74e029b5abf54ee48dc7724da09605d6 a9690140da344901a4bc15c35b39550e - - default default] Unable to schedule network 91d2a21b-e0ad-496c-85dc-0a4fa055edab: no agents available; will retry on subsequent port and subnet creation events.
2026-07-14 11:43:32.690 10 INFO neutron.wsgi [None req-d1f05bc1-d371-49ad-8913-4a598bc1877e 6b5aaf1cb86c4faa991bad22c7af2d2e bb9a91a2011d4131920458547bdf205d - - default default] 10.0.0.24 "GET /v2.0/routers?tags=red HTTP/1.1" status: 200 len: 1601 time: 0.0702581
2026-07-14 11:43:32.785 10 INFO neutron.wsgi [None req-4ff074e7-9365-4506-9339-36e80826b1c5 6b5aaf1cb86c4faa991bad22c7af2d2e bb9a91a2011d4131920458547bdf205d - - default default] 10.0.0.24 "GET /v2.0/routers?tags=red%2Cblue HTTP/1.1" status: 200 len: 1144 time: 0.0874181
2026-07-14 11:43:32.826 10 INFO neutron.wsgi [None req-0f71de96-7270-4c57-8d48-59320e9026ff 6a7bccac9e8c49f09b1f418df624e44b e3e4d3ad54ff4d19933257c0d1ae872d - - default default] 10.0.0.24 "DELETE /v2.0/subnets/8dc6f3be-2667-4c5c-9dca-cea1233305f9 HTTP/1.1" status: 204 len: 168 time: 0.6216035
2026-07-14 11:43:32.858 10 INFO neutron.wsgi [None req-a8f1acb9-1b9b-4da6-a4d6-29100b5f7317 6b5aaf1cb86c4faa991bad22c7af2d2e bb9a91a2011d4131920458547bdf205d - - default default] 10.0.0.24 "GET /v2.0/routers?tags-any=blue HTTP/1.1" status: 200 len: 1144 time: 0.0689542
2026-07-14 11:43:32.902 10 INFO neutron.wsgi [None req-17332a0f-0190-4572-b0fe-21e1fc5a3865 6b5aaf1cb86c4faa991bad22c7af2d2e bb9a91a2011d4131920458547bdf205d - - default default] 10.0.0.24 "GET /v2.0/routers?tags-any=red%2Cblue HTTP/1.1" status: 200 len: 1601 time: 0.0384250
2026-07-14 11:43:32.967 10 INFO neutron.wsgi [None req-c123b80e-fe7b-4547-9182-11d49d0bfe68 6b5aaf1cb86c4faa991bad22c7af2d2e bb9a91a2011d4131920458547bdf205d - - default default] 10.0.0.24 "GET /v2.0/routers?not-tags=red HTTP/1.1" status: 200 len: 1116 time: 0.0611103
2026-07-14 11:43:33.054 10 INFO neutron.wsgi [None req-f38d7d7e-b54e-4ef5-9b0d-6ab68a82aac5 6b5aaf1cb86c4faa991bad22c7af2d2e bb9a91a2011d4131920458547bdf205d - - default default] 10.0.0.24 "GET /v2.0/routers?not-tags=red%2Cblue HTTP/1.1" status: 200 len: 1573 time: 0.0805838
2026-07-14 11:43:33.132 10 INFO neutron.wsgi [None req-c6033326-d5bc-4ed7-9fe4-00e65edf9cd0 6b5aaf1cb86c4faa991bad22c7af2d2e bb9a91a2011d4131920458547bdf205d - - default default] 10.0.0.24 "GET /v2.0/routers?not-tags-any=blue HTTP/1.1" status: 200 len: 1573 time: 0.0737360
2026-07-14 11:43:33.194 10 INFO neutron.wsgi [None req-ca228507-a0a4-4fd5-9ffb-0fa79eca502d 6b5aaf1cb86c4faa991bad22c7af2d2e bb9a91a2011d4131920458547bdf205d - - default default] 10.0.0.24 "GET /v2.0/routers?not-tags-any=red%2Cblue HTTP/1.1" status: 200 len: 1116 time: 0.0519419
2026-07-14 11:43:33.207 9 INFO neutron.db.ovn_revision_numbers_db [None req-e4b6eb04-2c53-46c1-ab10-a35054fbbbc3 e820eb7e754441859d3dfd86f088be9c 5d80ea2504e6400d9538295a00471c07 - - default default] Successfully bumped revision number for resource ebd6e377-420f-4845-acaf-09a01e04f5df (type: ports) to 2
2026-07-14 11:43:33.220 9 INFO neutron.wsgi [None req-e4b6eb04-2c53-46c1-ab10-a35054fbbbc3 e820eb7e754441859d3dfd86f088be9c 5d80ea2504e6400d9538295a00471c07 - - default default] 199.204.45.3 "PUT /v2.0/ports/ebd6e377-420f-4845-acaf-09a01e04f5df HTTP/1.1" status: 200 len: 1332 time: 0.6090491 /var/lib/openstack/lib/python3.10/site-packages/pycadf/identifier.py:71: UserWarning: Invalid uuid: neutron. To ensure interoperability, identifiers should be a valid uuid. warnings.warn(('Invalid uuid: %s. To ensure interoperability, '
2026-07-14 11:43:33.240 9 INFO neutron.wsgi [None req-ae894929-fc85-4e71-8e90-e5db60fb885c e820eb7e754441859d3dfd86f088be9c 5d80ea2504e6400d9538295a00471c07 - - default default] 199.204.45.3 "GET /v2.0/extensions/security-group HTTP/1.1" status: 200 len: 369 time: 0.0056221
2026-07-14 11:43:33.243 10 INFO neutron.wsgi [None req-5a1f1b21-0d92-4d2d-99ce-7bb670160b31 6b5aaf1cb86c4faa991bad22c7af2d2e bb9a91a2011d4131920458547bdf205d - - default default] 10.0.0.24 "GET /v2.0/routers/d7e14eac-b45b-43cd-9bf8-6c91ac919f2a HTTP/1.1" status: 200 len: 660 time: 0.0404928
2026-07-14 11:43:33.251 9 INFO neutron.wsgi [None req-7a73d7c6-f315-49f0-bde0-cd1753fb02a6 e820eb7e754441859d3dfd86f088be9c 5d80ea2504e6400d9538295a00471c07 - - default default] 199.204.45.3 "GET /v2.0/extensions/dns-integration HTTP/1.1" status: 200 len: 371 time: 0.0059798
2026-07-14 11:43:33.265 9 INFO neutron.wsgi [None req-e661223a-269e-4a48-9fbe-df805e772f92 e820eb7e754441859d3dfd86f088be9c 5d80ea2504e6400d9538295a00471c07 - - default default] 199.204.45.3 "GET /v2.0/extensions/qos HTTP/1.1" status: 200 len: 365 time: 0.0038941
2026-07-14 11:43:33.287 9 INFO neutron.wsgi [None req-6a5c2853-a6db-46d9-a869-0a949b4efbae e820eb7e754441859d3dfd86f088be9c 5d80ea2504e6400d9538295a00471c07 - - default default] 199.204.45.3 "GET /v2.0/extensions/allowed-address-pairs HTTP/1.1" status: 200 len: 383 time: 0.0103953
2026-07-14 11:43:33.356 9 INFO neutron.wsgi [None req-151d2f84-90f6-4023-9fcf-5e74d28d46a4 e820eb7e754441859d3dfd86f088be9c 5d80ea2504e6400d9538295a00471c07 - - default default] 199.204.45.3 "GET /v2.0/subnets/4b0b37bf-5fbb-4c5f-866f-5672f67453e2 HTTP/1.1" status: 200 len: 851 time: 0.0546904
2026-07-14 11:43:33.374 9 INFO neutron.db.l3_db [None req-cb426ad0-88b6-4f7d-a4b8-5d6466e60d26 74e029b5abf54ee48dc7724da09605d6 a9690140da344901a4bc15c35b39550e - - default default] Floating IP 6d510936-b965-456e-8d4c-9e6f02fb1faf associated. External IP: 10.96.250.207, port: 26dc1713-a942-486a-899b-7f6c41d5d4b4.
2026-07-14 11:43:33.476 9 INFO neutron.services.segments.plugin [-] Segment 7cd58ccf-f017-4ff3-9a56-2b552c7cb9b0 resource provider aggregate not found
2026-07-14 11:43:33.482 9 INFO neutron.services.segments.plugin [-] Segment 7cd58ccf-f017-4ff3-9a56-2b552c7cb9b0 resource provider aggregate not found
2026-07-14 11:43:33.504 9 INFO neutron.services.segments.plugin [-] Segment 7cd58ccf-f017-4ff3-9a56-2b552c7cb9b0 resource provider not found; error: Placement Client Error (4xx): {"errors": [{"status": 404, "title": "Not Found", "detail": "The resource could not be found.\n\n No resource provider with uuid 7cd58ccf-f017-4ff3-9a56-2b552c7cb9b0 found for delete ", "request_id": "req-4c038b88-9186-42c8-88fd-5b39e4c00a8d"}]}
2026-07-14 11:43:33.520 9 INFO neutron.services.segments.plugin [-] Segment 7cd58ccf-f017-4ff3-9a56-2b552c7cb9b0 resource provider not found; error: Placement Client Error (4xx): {"errors": [{"status": 404, "title": "Not Found", "detail": "The resource could not be found.\n\n No resource provider with uuid 7cd58ccf-f017-4ff3-9a56-2b552c7cb9b0 found for delete ", "request_id": "req-88eb21b6-075c-449b-a36a-b024b25c4086"}]}
2026-07-14 11:43:33.561 9 INFO neutron.wsgi [None req-d1cdb592-7690-45a5-8ead-4bf683edee52 6a7bccac9e8c49f09b1f418df624e44b e3e4d3ad54ff4d19933257c0d1ae872d - - default default] 10.0.0.24 "DELETE /v2.0/networks/c6355e49-3d11-4303-b789-3eb025671f2e HTTP/1.1" status: 204 len: 168 time: 0.7296658
2026-07-14 11:43:33.641 9 INFO neutron.db.ovn_revision_numbers_db [None req-cb426ad0-88b6-4f7d-a4b8-5d6466e60d26 74e029b5abf54ee48dc7724da09605d6 a9690140da344901a4bc15c35b39550e - - default default] Successfully bumped revision number for resource 6d510936-b965-456e-8d4c-9e6f02fb1faf (type: floatingips) to 0
2026-07-14 11:43:33.698 10 INFO neutron.db.ovn_revision_numbers_db [None req-471baa0a-8028-4a43-b583-f68727cd72d1 6b5aaf1cb86c4faa991bad22c7af2d2e bb9a91a2011d4131920458547bdf205d - - default default] Successfully bumped revision number for resource d7e14eac-b45b-43cd-9bf8-6c91ac919f2a (type: routers) to 2
2026-07-14 11:43:33.702 10 INFO neutron.wsgi [None req-471baa0a-8028-4a43-b583-f68727cd72d1 6b5aaf1cb86c4faa991bad22c7af2d2e bb9a91a2011d4131920458547bdf205d - - default default] 10.0.0.24 "PUT /v2.0/routers/d7e14eac-b45b-43cd-9bf8-6c91ac919f2a HTTP/1.1" status: 200 len: 660 time: 0.4525983
2026-07-14 11:43:33.721 10 INFO neutron.db.segments_db [None req-d7427972-8bc4-4acf-b380-4f2ce49a725b 6a7bccac9e8c49f09b1f418df624e44b e3e4d3ad54ff4d19933257c0d1ae872d - - default default] Added segment 3ffa3afa-7ace-4c8e-a84f-cc6348676f8c of type geneve for network ca8036d3-e5a1-49f7-b056-29732c48d290
2026-07-14 11:43:33.740 9 INFO neutron.wsgi [None req-2296b286-af17-403b-9a56-b54632a1274e 6b5aaf1cb86c4faa991bad22c7af2d2e bb9a91a2011d4131920458547bdf205d - - default default] 10.0.0.24 "GET /v2.0/ports?device_id=d7e14eac-b45b-43cd-9bf8-6c91ac919f2a HTTP/1.1" status: 200 len: 205 time: 0.0313797
2026-07-14 11:43:33.779 9 INFO neutron.db.ovn_revision_numbers_db [None req-cb426ad0-88b6-4f7d-a4b8-5d6466e60d26 74e029b5abf54ee48dc7724da09605d6 a9690140da344901a4bc15c35b39550e - - default default] Successfully bumped revision number for resource 6d510936-b965-456e-8d4c-9e6f02fb1faf (type: floatingips) to 1
2026-07-14 11:43:33.833 9 INFO neutron.wsgi [None req-cb426ad0-88b6-4f7d-a4b8-5d6466e60d26 74e029b5abf54ee48dc7724da09605d6 a9690140da344901a4bc15c35b39550e - - default default] 10.0.0.24 "POST /v2.0/floatingips HTTP/1.1" status: 201 len: 1055 time: 1.4844556
2026-07-14 11:43:33.872 9 INFO neutron.notifiers.nova [-] Nova event matching ['req-453ef237-10c8-40c5-be84-e0adb1af1bac'] response: {'name': 'network-changed', 'server_uuid': '16982626-ccf3-41fc-9ad9-7802f64fc6be', 'tag': '26dc1713-a942-486a-899b-7f6c41d5d4b4', 'status': 'completed', 'code': 200}
2026-07-14 11:43:33.919 9 INFO neutron.wsgi [req-c9c8c45e-e424-426c-9db0-2ca82a38ff6a req-b819b730-f0fc-42cf-983f-787bfeb78664 510ec922fc0a4c2daf74f2b7376f9572 007b620f9f02429dbfe1620e7e0729be - - fd004ce52a97444eaaca329ac57bdc02 fd004ce52a97444eaaca329ac57bdc02] 199.204.45.3 "GET /v2.0/ports?tenant_id=a9690140da344901a4bc15c35b39550e&device_id=16982626-ccf3-41fc-9ad9-7802f64fc6be HTTP/1.1" status: 200 len: 1413 time: 0.0338056
2026-07-14 11:43:33.933 9 INFO neutron.wsgi [-] 10.0.0.11 "GET / HTTP/1.1" status: 200 len: 246 time: 0.0016875
2026-07-14 11:43:33.936 9 INFO neutron.wsgi [-] 10.0.0.11 "GET / HTTP/1.1" status: 200 len: 246 time: 0.0015352
2026-07-14 11:43:33.972 10 INFO neutron.wsgi [None req-eea223f6-b8d1-4c11-b008-c8a81c343dc5 74e029b5abf54ee48dc7724da09605d6 a9690140da344901a4bc15c35b39550e - - default default] 10.0.0.24 "GET /v2.0/floatingips/6d510936-b965-456e-8d4c-9e6f02fb1faf HTTP/1.1" status: 200 len: 1052 time: 0.1339581
2026-07-14 11:43:33.996 9 INFO neutron.wsgi [req-c9c8c45e-e424-426c-9db0-2ca82a38ff6a req-27a4dd77-0d4c-4e1b-912b-c7402af08c8d 510ec922fc0a4c2daf74f2b7376f9572 007b620f9f02429dbfe1620e7e0729be - - fd004ce52a97444eaaca329ac57bdc02 fd004ce52a97444eaaca329ac57bdc02] 199.204.45.3 "GET /v2.0/networks?id=a6fee978-d13e-4694-8335-624ba69b6a30 HTTP/1.1" status: 200 len: 959 time: 0.0710769
2026-07-14 11:43:34.035 9 INFO neutron.wsgi [req-c9c8c45e-e424-426c-9db0-2ca82a38ff6a req-668ea54a-5e01-419f-be86-712dbd5c474c 510ec922fc0a4c2daf74f2b7376f9572 007b620f9f02429dbfe1620e7e0729be - - fd004ce52a97444eaaca329ac57bdc02 fd004ce52a97444eaaca329ac57bdc02] 199.204.45.3 "GET /v2.0/floatingips?fixed_ip_address=10.100.0.10&port_id=26dc1713-a942-486a-899b-7f6c41d5d4b4 HTTP/1.1" status: 200 len: 1060 time: 0.0351956
2026-07-14 11:43:34.035 10 INFO neutron.db.ovn_revision_numbers_db [None req-d7427972-8bc4-4acf-b380-4f2ce49a725b 6a7bccac9e8c49f09b1f418df624e44b e3e4d3ad54ff4d19933257c0d1ae872d - - default default] Successfully bumped revision number for resource ca8036d3-e5a1-49f7-b056-29732c48d290 (type: networks) to 1
2026-07-14 11:43:34.072 9 INFO neutron.wsgi [req-c9c8c45e-e424-426c-9db0-2ca82a38ff6a req-716cbaa5-0e92-434f-b85f-c17fb50750ea 510ec922fc0a4c2daf74f2b7376f9572 007b620f9f02429dbfe1620e7e0729be - - fd004ce52a97444eaaca329ac57bdc02 fd004ce52a97444eaaca329ac57bdc02] 199.204.45.3 "GET /v2.0/subnets?id=09d00a60-a2cd-4700-abaa-bfac7ce93992 HTTP/1.1" status: 200 len: 853 time: 0.0335515
2026-07-14 11:43:34.097 9 INFO neutron.wsgi [req-c9c8c45e-e424-426c-9db0-2ca82a38ff6a req-0d0341f6-6a7d-41ec-8e8b-fe271c43205c 510ec922fc0a4c2daf74f2b7376f9572 007b620f9f02429dbfe1620e7e0729be - - fd004ce52a97444eaaca329ac57bdc02 fd004ce52a97444eaaca329ac57bdc02] 199.204.45.3 "GET /v2.0/ports?network_id=a6fee978-d13e-4694-8335-624ba69b6a30&device_owner=network%3Adhcp HTTP/1.1" status: 200 len: 210 time: 0.0170004
2026-07-14 11:43:34.160 9 INFO neutron.wsgi [req-c9c8c45e-e424-426c-9db0-2ca82a38ff6a req-44be17b8-1671-4569-b831-03007ecadb77 510ec922fc0a4c2daf74f2b7376f9572 007b620f9f02429dbfe1620e7e0729be - - fd004ce52a97444eaaca329ac57bdc02 fd004ce52a97444eaaca329ac57bdc02] 199.204.45.3 "GET /v2.0/networks/a6fee978-d13e-4694-8335-624ba69b6a30?fields=segments HTTP/1.1" status: 200 len: 212 time: 0.0553536
2026-07-14 11:43:34.226 9 INFO neutron.wsgi [req-c9c8c45e-e424-426c-9db0-2ca82a38ff6a req-9b0e1174-6514-47e6-b499-0168a9676170 510ec922fc0a4c2daf74f2b7376f9572 007b620f9f02429dbfe1620e7e0729be - - fd004ce52a97444eaaca329ac57bdc02 fd004ce52a97444eaaca329ac57bdc02] 199.204.45.3 "GET /v2.0/networks/a6fee978-d13e-4694-8335-624ba69b6a30?fields=provider%3Aphysical_network&fields=provider%3Anetwork_type HTTP/1.1" status: 200 len: 277 time: 0.0586925
2026-07-14 11:43:34.324 10 INFO neutron.wsgi [None req-4e3f6371-e0b2-419e-939c-89f1d0f5f703 6b5aaf1cb86c4faa991bad22c7af2d2e bb9a91a2011d4131920458547bdf205d - - default default] 10.0.0.24 "DELETE /v2.0/routers/d7e14eac-b45b-43cd-9bf8-6c91ac919f2a HTTP/1.1" status: 204 len: 168 time: 0.5783443
2026-07-14 11:43:34.370 9 INFO neutron.wsgi [None req-dc5400dd-f8d3-495f-a621-cda5fe607c32 6b5aaf1cb86c4faa991bad22c7af2d2e bb9a91a2011d4131920458547bdf205d - - default default] 10.0.0.24 "GET /v2.0/routers/7dbba02b-cf57-4f70-8892-ea151612e85a HTTP/1.1" status: 200 len: 668 time: 0.0408847
2026-07-14 11:43:34.498 10 WARNING neutron.scheduler.dhcp_agent_scheduler [None req-d7427972-8bc4-4acf-b380-4f2ce49a725b 6a7bccac9e8c49f09b1f418df624e44b e3e4d3ad54ff4d19933257c0d1ae872d - - default default] No more DHCP agents
2026-07-14 11:43:34.503 10 WARNING neutron.api.rpc.agentnotifiers.dhcp_rpc_agent_api [None req-d7427972-8bc4-4acf-b380-4f2ce49a725b 6a7bccac9e8c49f09b1f418df624e44b e3e4d3ad54ff4d19933257c0d1ae872d - - default default] Unable to schedule network ca8036d3-e5a1-49f7-b056-29732c48d290: no agents available; will retry on subsequent port and subnet creation events.
2026-07-14 11:43:34.587 10 INFO neutron.db.ovn_revision_numbers_db [None req-d7427972-8bc4-4acf-b380-4f2ce49a725b 6a7bccac9e8c49f09b1f418df624e44b e3e4d3ad54ff4d19933257c0d1ae872d - - default default] Successfully bumped revision number for resource b920feb1-ce71-45ce-a98a-31eb97eb72f6 (type: ports) to 1
2026-07-14 11:43:34.610 10 INFO neutron.wsgi [None req-d7427972-8bc4-4acf-b380-4f2ce49a725b 6a7bccac9e8c49f09b1f418df624e44b e3e4d3ad54ff4d19933257c0d1ae872d - - default default] 10.0.0.24 "POST /v2.0/networks HTTP/1.1" status: 201 len: 833 time: 1.0432427
2026-07-14 11:43:34.884 10 WARNING neutron.scheduler.dhcp_agent_scheduler [None req-2614f339-8f70-4671-922b-95f19bdf2756 6a7bccac9e8c49f09b1f418df624e44b e3e4d3ad54ff4d19933257c0d1ae872d - - default default] No more DHCP agents
2026-07-14 11:43:34.885 10 WARNING neutron.api.rpc.agentnotifiers.dhcp_rpc_agent_api [None req-2614f339-8f70-4671-922b-95f19bdf2756 6a7bccac9e8c49f09b1f418df624e44b e3e4d3ad54ff4d19933257c0d1ae872d - - default default] Unable to schedule network ca8036d3-e5a1-49f7-b056-29732c48d290: no agents available; will retry on subsequent port and subnet creation events.
2026-07-14 11:43:34.916 10 INFO neutron.db.ovn_revision_numbers_db [None req-2614f339-8f70-4671-922b-95f19bdf2756 6a7bccac9e8c49f09b1f418df624e44b e3e4d3ad54ff4d19933257c0d1ae872d - - default default] Successfully bumped revision number for resource f38044ec-5c60-4920-b86b-21d34618296a (type: subnets) to 0
2026-07-14 11:43:34.935 10 INFO neutron.wsgi [None req-2614f339-8f70-4671-922b-95f19bdf2756 6a7bccac9e8c49f09b1f418df624e44b e3e4d3ad54ff4d19933257c0d1ae872d - - default default] 10.0.0.24 "POST /v2.0/subnets HTTP/1.1" status: 201 len: 821 time: 0.3185186
2026-07-14 11:43:35.095 9 INFO neutron.db.ovn_revision_numbers_db [None req-1a2190d7-efaa-42bc-b9c5-cd6f032316a9 6b5aaf1cb86c4faa991bad22c7af2d2e bb9a91a2011d4131920458547bdf205d - - default default] Successfully bumped revision number for resource 7dbba02b-cf57-4f70-8892-ea151612e85a (type: routers) to 2
2026-07-14 11:43:35.099 9 INFO neutron.wsgi [None req-1a2190d7-efaa-42bc-b9c5-cd6f032316a9 6b5aaf1cb86c4faa991bad22c7af2d2e bb9a91a2011d4131920458547bdf205d - - default default] 10.0.0.24 "PUT /v2.0/routers/7dbba02b-cf57-4f70-8892-ea151612e85a HTTP/1.1" status: 200 len: 668 time: 0.7222114
2026-07-14 11:43:35.114 10 INFO neutron.db.ovn_revision_numbers_db [None req-dc921c5e-d279-48d2-82ce-81e76c136686 6a7bccac9e8c49f09b1f418df624e44b e3e4d3ad54ff4d19933257c0d1ae872d - - default default] Successfully bumped revision number for resource 030a0e86-7de9-4752-b61d-cfaea8f6f947 (type: routers) to 1
2026-07-14 11:43:35.126 10 INFO neutron.wsgi [None req-3b2fae49-20a6-4d99-8c8c-555c02b8138c 6b5aaf1cb86c4faa991bad22c7af2d2e bb9a91a2011d4131920458547bdf205d - - default default] 10.0.0.24 "GET /v2.0/ports?device_id=7dbba02b-cf57-4f70-8892-ea151612e85a HTTP/1.1" status: 200 len: 205 time: 0.0226033
2026-07-14 11:43:35.140 10 INFO neutron.wsgi [None req-dc921c5e-d279-48d2-82ce-81e76c136686 6a7bccac9e8c49f09b1f418df624e44b e3e4d3ad54ff4d19933257c0d1ae872d - - default default] 10.0.0.24 "POST /v2.0/routers HTTP/1.1" status: 201 len: 690 time: 0.1985726
2026-07-14 11:43:35.322 10 INFO neutron.wsgi [None req-14159cd6-ddd1-42b1-8e29-de29e30c1eae 6b5aaf1cb86c4faa991bad22c7af2d2e bb9a91a2011d4131920458547bdf205d - - default default] 10.0.0.24 "DELETE /v2.0/routers/7dbba02b-cf57-4f70-8892-ea151612e85a HTTP/1.1" status: 204 len: 168 time: 0.1905708
2026-07-14 11:43:35.404 9 INFO neutron.wsgi [None req-1718e074-8ddf-4354-a3ee-78b9914b523b 6b5aaf1cb86c4faa991bad22c7af2d2e bb9a91a2011d4131920458547bdf205d - - default default] 10.0.0.24 "GET /v2.0/routers/fe2a43c8-8d46-47b4-a803-2afbf1dae5ef HTTP/1.1" status: 200 len: 677 time: 0.0765479
2026-07-14 11:43:35.459 9 WARNING neutron.plugins.ml2.drivers.ovn.mech_driver.ovsdb.ovn_client [None req-c1242a75-d02a-4fc2-b5c7-5567aded73f5 - - - - - -] No port found with ID 4124b735-255e-425f-a8c4-f33efec486a8: RuntimeError: No port found with ID 4124b735-255e-425f-a8c4-f33efec486a8
2026-07-14 11:43:35.682 9 WARNING neutron.scheduler.dhcp_agent_scheduler [None req-8718403b-f002-4a62-8986-25fc4dea79ff 6a7bccac9e8c49f09b1f418df624e44b e3e4d3ad54ff4d19933257c0d1ae872d - - default default] No more DHCP agents
2026-07-14 11:43:35.684 9 WARNING neutron.api.rpc.agentnotifiers.dhcp_rpc_agent_api [None req-8718403b-f002-4a62-8986-25fc4dea79ff 6a7bccac9e8c49f09b1f418df624e44b e3e4d3ad54ff4d19933257c0d1ae872d - - default default] Unable to schedule network ca8036d3-e5a1-49f7-b056-29732c48d290: no agents available; will retry on subsequent port and subnet creation events.
2026-07-14 11:43:35.763 10 INFO neutron.db.ovn_revision_numbers_db [None req-c90f9fa5-705e-40ef-9169-1e1ff98004aa 6b5aaf1cb86c4faa991bad22c7af2d2e bb9a91a2011d4131920458547bdf205d - - default default] Successfully bumped revision number for resource fe2a43c8-8d46-47b4-a803-2afbf1dae5ef (type: routers) to 2
2026-07-14 11:43:35.765 10 INFO neutron.wsgi [None req-c90f9fa5-705e-40ef-9169-1e1ff98004aa 6b5aaf1cb86c4faa991bad22c7af2d2e bb9a91a2011d4131920458547bdf205d - - default default] 10.0.0.24 "PUT /v2.0/routers/fe2a43c8-8d46-47b4-a803-2afbf1dae5ef HTTP/1.1" status: 200 len: 677 time: 0.3564773
2026-07-14 11:43:35.793 10 INFO neutron.wsgi [None req-3703bc8a-eb4c-4184-afac-b1e514d38d04 6b5aaf1cb86c4faa991bad22c7af2d2e bb9a91a2011d4131920458547bdf205d - - default default] 10.0.0.24 "GET /v2.0/ports?device_id=fe2a43c8-8d46-47b4-a803-2afbf1dae5ef HTTP/1.1" status: 200 len: 205 time: 0.0221791
2026-07-14 11:43:35.802 9 INFO neutron.db.ovn_revision_numbers_db [None req-8718403b-f002-4a62-8986-25fc4dea79ff 6a7bccac9e8c49f09b1f418df624e44b e3e4d3ad54ff4d19933257c0d1ae872d - - default default] Successfully bumped revision number for resource ad221bb1-0679-4ee0-950c-8687fab07920 (type: ports) to 1
2026-07-14 11:43:35.985 10 INFO neutron.wsgi [None req-631c695b-afff-4499-8930-115781eac5b7 6b5aaf1cb86c4faa991bad22c7af2d2e bb9a91a2011d4131920458547bdf205d - - default default] 10.0.0.24 "DELETE /v2.0/routers/fe2a43c8-8d46-47b4-a803-2afbf1dae5ef HTTP/1.1" status: 204 len: 168 time: 0.1879354
2026-07-14 11:43:36.036 10 INFO neutron.wsgi [None req-1f234ec0-986b-4fb2-a8ca-cc57cb605775 6b5aaf1cb86c4faa991bad22c7af2d2e bb9a91a2011d4131920458547bdf205d - - default default] 10.0.0.24 "GET /v2.0/routers/88d8cc2e-0cc0-453b-8508-455619331382 HTTP/1.1" status: 200 len: 662 time: 0.0450132
2026-07-14 11:43:36.192 10 INFO neutron.plugins.ml2.drivers.ovn.mech_driver.mech_driver [None req-bce252a6-e8d4-4e60-89b6-69e113a9828b - - - - - -] OVN reports status up for port: ad221bb1-0679-4ee0-950c-8687fab07920
2026-07-14 11:43:36.207 10 INFO neutron.plugins.ml2.plugin [None req-bce252a6-e8d4-4e60-89b6-69e113a9828b - - - - - -] Attempt 1 to provision port ad221bb1-0679-4ee0-950c-8687fab07920
2026-07-14 11:43:36.212 9 INFO neutron.db.ovn_revision_numbers_db [None req-8718403b-f002-4a62-8986-25fc4dea79ff 6a7bccac9e8c49f09b1f418df624e44b e3e4d3ad54ff4d19933257c0d1ae872d - - default default] Successfully bumped revision number for resource ad221bb1-0679-4ee0-950c-8687fab07920 (type: router_ports) to 1
2026-07-14 11:43:36.324 9 INFO neutron.db.ovn_revision_numbers_db [None req-8718403b-f002-4a62-8986-25fc4dea79ff 6a7bccac9e8c49f09b1f418df624e44b e3e4d3ad54ff4d19933257c0d1ae872d - - default default] Successfully bumped revision number for resource ad221bb1-0679-4ee0-950c-8687fab07920 (type: ports) to 1
2026-07-14 11:43:36.393 9 WARNING neutron.scheduler.dhcp_agent_scheduler [None req-8718403b-f002-4a62-8986-25fc4dea79ff 6a7bccac9e8c49f09b1f418df624e44b e3e4d3ad54ff4d19933257c0d1ae872d - - default default] No more DHCP agents
2026-07-14 11:43:36.395 9 WARNING neutron.api.rpc.agentnotifiers.dhcp_rpc_agent_api [None req-8718403b-f002-4a62-8986-25fc4dea79ff 6a7bccac9e8c49f09b1f418df624e44b e3e4d3ad54ff4d19933257c0d1ae872d - - default default] Unable to schedule network ca8036d3-e5a1-49f7-b056-29732c48d290: no agents available; will retry on subsequent port and subnet creation events.
2026-07-14 11:43:36.599 9 INFO neutron.db.ovn_revision_numbers_db [None req-8718403b-f002-4a62-8986-25fc4dea79ff 6a7bccac9e8c49f09b1f418df624e44b e3e4d3ad54ff4d19933257c0d1ae872d - - default default] Successfully bumped revision number for resource ad221bb1-0679-4ee0-950c-8687fab07920 (type: router_ports) to 2
2026-07-14 11:43:36.602 9 INFO neutron.wsgi [None req-8718403b-f002-4a62-8986-25fc4dea79ff 6a7bccac9e8c49f09b1f418df624e44b e3e4d3ad54ff4d19933257c0d1ae872d - - default default] 10.0.0.24 "PUT /v2.0/routers/030a0e86-7de9-4752-b61d-cfaea8f6f947/add_router_interface HTTP/1.1" status: 200 len: 503 time: 1.4554284 /var/lib/openstack/lib/python3.10/site-packages/pycadf/identifier.py:71: UserWarning: Invalid uuid: neutron. To ensure interoperability, identifiers should be a valid uuid. warnings.warn(('Invalid uuid: %s. To ensure interoperability, '
2026-07-14 11:43:36.677 10 INFO neutron.db.ovn_revision_numbers_db [None req-c570bbbb-be09-4cfa-8ac1-2240e986f1ce 6b5aaf1cb86c4faa991bad22c7af2d2e bb9a91a2011d4131920458547bdf205d - - default default] Successfully bumped revision number for resource 88d8cc2e-0cc0-453b-8508-455619331382 (type: routers) to 2
2026-07-14 11:43:36.680 10 INFO neutron.wsgi [None req-c570bbbb-be09-4cfa-8ac1-2240e986f1ce 6b5aaf1cb86c4faa991bad22c7af2d2e bb9a91a2011d4131920458547bdf205d - - default default] 10.0.0.24 "PUT /v2.0/routers/88d8cc2e-0cc0-453b-8508-455619331382 HTTP/1.1" status: 200 len: 662 time: 0.6388938
2026-07-14 11:43:36.696 9 INFO neutron.wsgi [None req-f97a010a-3a2e-4745-a5ee-c45a96c3cce9 6a7bccac9e8c49f09b1f418df624e44b e3e4d3ad54ff4d19933257c0d1ae872d - - default default] 10.0.0.24 "GET /v2.0/ports/ad221bb1-0679-4ee0-950c-8687fab07920 HTTP/1.1" status: 200 len: 1141 time: 0.0881121
2026-07-14 11:43:36.711 10 INFO neutron.wsgi [None req-b918b843-6dce-4c2d-b332-7839cbff6442 6b5aaf1cb86c4faa991bad22c7af2d2e bb9a91a2011d4131920458547bdf205d - - default default] 10.0.0.24 "GET /v2.0/ports?device_id=88d8cc2e-0cc0-453b-8508-455619331382 HTTP/1.1" status: 200 len: 205 time: 0.0250516
2026-07-14 11:43:36.732 9 INFO neutron.wsgi [None req-90d0850b-adb4-4fa4-91df-72d8819edb05 6a7bccac9e8c49f09b1f418df624e44b e3e4d3ad54ff4d19933257c0d1ae872d - - default default] 10.0.0.24 "GET /v2.0/ports/ad221bb1-0679-4ee0-950c-8687fab07920 HTTP/1.1" status: 200 len: 1141 time: 0.0303497
2026-07-14 11:43:36.879 10 INFO neutron.db.ovn_revision_numbers_db [None req-bce252a6-e8d4-4e60-89b6-69e113a9828b - - - - - -] Successfully bumped revision number for resource ad221bb1-0679-4ee0-950c-8687fab07920 (type: ports) to 2
2026-07-14 11:43:36.957 10 INFO neutron.wsgi [None req-0261d711-36c1-482c-8bc0-0c3a9ac1d52c 6b5aaf1cb86c4faa991bad22c7af2d2e bb9a91a2011d4131920458547bdf205d - - default default] 10.0.0.24 "DELETE /v2.0/routers/88d8cc2e-0cc0-453b-8508-455619331382 HTTP/1.1" status: 204 len: 168 time: 0.2422028
2026-07-14 11:43:37.012 10 INFO neutron.db.ovn_revision_numbers_db [None req-bce252a6-e8d4-4e60-89b6-69e113a9828b - - - - - -] Successfully bumped revision number for resource ad221bb1-0679-4ee0-950c-8687fab07920 (type: router_ports) to 2
