2026-07-14 11:43:12.511 10 INFO neutron.db.ovn_revision_numbers_db [None req-256f1f6e-4a47-43de-b305-69346bbb40aa 0a418eaf640c46418b7dff15bc24f8fd accad997ad7e4d3aaae920dabe217222 - - default default] Successfully bumped revision number for resource 264b0524-1977-4d76-ab0a-ffa169deb1a3 (type: floatingips) to 1
2026-07-14 11:43:12.547 10 INFO neutron.wsgi [None req-256f1f6e-4a47-43de-b305-69346bbb40aa 0a418eaf640c46418b7dff15bc24f8fd accad997ad7e4d3aaae920dabe217222 - - default default] 10.0.0.24 "POST /v2.0/floatingips HTTP/1.1" status: 201 len: 1054 time: 1.1558728 /var/lib/openstack/lib/python3.10/site-packages/pycadf/identifier.py:71: UserWarning: Invalid uuid: neutron. To ensure interoperability, identifiers should be a valid uuid. warnings.warn(('Invalid uuid: %s. To ensure interoperability, '
2026-07-14 11:43:12.863 10 INFO neutron.db.ovn_revision_numbers_db [None req-c3c1579f-3ad3-4fcc-b7b4-d65c14ec445d 6a7bccac9e8c49f09b1f418df624e44b e3e4d3ad54ff4d19933257c0d1ae872d - - default default] Successfully bumped revision number for resource f1863d19-3b4c-444a-827c-a9e64b13fb0b (type: security_groups) to 1
2026-07-14 11:43:12.879 10 INFO neutron.db.ovn_revision_numbers_db [None req-c3c1579f-3ad3-4fcc-b7b4-d65c14ec445d 6a7bccac9e8c49f09b1f418df624e44b e3e4d3ad54ff4d19933257c0d1ae872d - - default default] Successfully bumped revision number for resource 632e8e42-8287-41a2-84cd-788c8052f30e (type: security_group_rules) to 0
2026-07-14 11:43:12.895 10 INFO neutron.db.ovn_revision_numbers_db [None req-c3c1579f-3ad3-4fcc-b7b4-d65c14ec445d 6a7bccac9e8c49f09b1f418df624e44b e3e4d3ad54ff4d19933257c0d1ae872d - - default default] Successfully bumped revision number for resource 7f470e2c-1081-4962-bc94-c6d33bfaaba8 (type: security_group_rules) to 0
2026-07-14 11:43:12.910 10 INFO neutron.db.ovn_revision_numbers_db [None req-c3c1579f-3ad3-4fcc-b7b4-d65c14ec445d 6a7bccac9e8c49f09b1f418df624e44b e3e4d3ad54ff4d19933257c0d1ae872d - - default default] Successfully bumped revision number for resource a66961fb-d8fd-4fec-8864-6ebf20ab09b1 (type: security_group_rules) to 0
2026-07-14 11:43:12.923 10 INFO neutron.db.ovn_revision_numbers_db [None req-c3c1579f-3ad3-4fcc-b7b4-d65c14ec445d 6a7bccac9e8c49f09b1f418df624e44b e3e4d3ad54ff4d19933257c0d1ae872d - - default default] Successfully bumped revision number for resource b85feba9-9bc2-4029-8906-dd08a7ad69d4 (type: security_group_rules) to 0
2026-07-14 11:43:12.971 10 INFO neutron.db.segments_db [None req-c3c1579f-3ad3-4fcc-b7b4-d65c14ec445d 6a7bccac9e8c49f09b1f418df624e44b e3e4d3ad54ff4d19933257c0d1ae872d - - default default] Added segment 787e5ac7-5f54-4360-aa89-0571d480c774 of type geneve for network c95386c1-e785-47be-8b1d-26ac52ad3c44
2026-07-14 11:43:13.145 10 INFO neutron.db.ovn_revision_numbers_db [None req-c3c1579f-3ad3-4fcc-b7b4-d65c14ec445d 6a7bccac9e8c49f09b1f418df624e44b e3e4d3ad54ff4d19933257c0d1ae872d - - default default] Successfully bumped revision number for resource c95386c1-e785-47be-8b1d-26ac52ad3c44 (type: networks) to 1
2026-07-14 11:43:13.416 10 WARNING neutron.scheduler.dhcp_agent_scheduler [None req-c3c1579f-3ad3-4fcc-b7b4-d65c14ec445d 6a7bccac9e8c49f09b1f418df624e44b e3e4d3ad54ff4d19933257c0d1ae872d - - default default] No more DHCP agents
2026-07-14 11:43:13.418 10 WARNING neutron.api.rpc.agentnotifiers.dhcp_rpc_agent_api [None req-c3c1579f-3ad3-4fcc-b7b4-d65c14ec445d 6a7bccac9e8c49f09b1f418df624e44b e3e4d3ad54ff4d19933257c0d1ae872d - - default default] Unable to schedule network c95386c1-e785-47be-8b1d-26ac52ad3c44: no agents available; will retry on subsequent port and subnet creation events.
2026-07-14 11:43:13.420 10 INFO neutron.db.ovn_revision_numbers_db [None req-d37d716a-16bf-4b27-9a70-2d0105862c9d e820eb7e754441859d3dfd86f088be9c 5d80ea2504e6400d9538295a00471c07 - - default default] Successfully bumped revision number for resource 74607830-9614-45ab-922b-f00c8fb13ce8 (type: security_groups) to 1
2026-07-14 11:43:13.458 10 INFO neutron.db.ovn_revision_numbers_db [None req-d37d716a-16bf-4b27-9a70-2d0105862c9d e820eb7e754441859d3dfd86f088be9c 5d80ea2504e6400d9538295a00471c07 - - default default] Successfully bumped revision number for resource 14006003-5cdb-4216-9833-6c2cf2e2cb47 (type: security_group_rules) to 0
2026-07-14 11:43:13.480 10 INFO neutron.db.ovn_revision_numbers_db [None req-d37d716a-16bf-4b27-9a70-2d0105862c9d e820eb7e754441859d3dfd86f088be9c 5d80ea2504e6400d9538295a00471c07 - - default default] Successfully bumped revision number for resource 1735a52e-6bd9-4dfc-ac35-54c2899689f6 (type: security_group_rules) to 0
2026-07-14 11:43:13.514 10 INFO neutron.db.ovn_revision_numbers_db [None req-d37d716a-16bf-4b27-9a70-2d0105862c9d e820eb7e754441859d3dfd86f088be9c 5d80ea2504e6400d9538295a00471c07 - - default default] Successfully bumped revision number for resource 55bbe265-8175-48be-aa14-64d117dffd96 (type: security_group_rules) to 0
2026-07-14 11:43:13.528 10 INFO neutron.db.ovn_revision_numbers_db [None req-c3c1579f-3ad3-4fcc-b7b4-d65c14ec445d 6a7bccac9e8c49f09b1f418df624e44b e3e4d3ad54ff4d19933257c0d1ae872d - - default default] Successfully bumped revision number for resource 4afdaec8-2562-4d96-9a79-b51fef7c75db (type: ports) to 1
2026-07-14 11:43:13.531 10 INFO neutron.db.ovn_revision_numbers_db [None req-d37d716a-16bf-4b27-9a70-2d0105862c9d e820eb7e754441859d3dfd86f088be9c 5d80ea2504e6400d9538295a00471c07 - - default default] Successfully bumped revision number for resource cfe978b4-e1cd-482a-a369-c4b4ed19c653 (type: security_group_rules) to 0
2026-07-14 11:43:13.541 10 INFO neutron.notifiers.nova [-] Nova event matching ['req-383d1881-2267-42be-956c-4740a79ce70c'] response: {'name': 'network-changed', 'server_uuid': '79511d01-c160-43bd-891a-3422c4fb9483', 'tag': '3722cb71-f0a3-484d-8df6-e6c83e4568b1', 'status': 'completed', 'code': 200}
2026-07-14 11:43:13.562 10 INFO neutron.wsgi [None req-d37d716a-16bf-4b27-9a70-2d0105862c9d e820eb7e754441859d3dfd86f088be9c 5d80ea2504e6400d9538295a00471c07 - - default default] 10.0.0.24 "GET /v2.0/security-groups?tenant_id=56a3afa66d71407b812ab88d418fa00e&name=default HTTP/1.1" status: 200 len: 2996 time: 0.5562520
2026-07-14 11:43:13.567 10 INFO neutron.wsgi [None req-c3c1579f-3ad3-4fcc-b7b4-d65c14ec445d 6a7bccac9e8c49f09b1f418df624e44b e3e4d3ad54ff4d19933257c0d1ae872d - - default default] 10.0.0.24 "POST /v2.0/networks HTTP/1.1" status: 201 len: 833 time: 1.0627599
2026-07-14 11:43:13.597 9 INFO neutron.wsgi [req-ca0452c1-2c75-4c64-8e28-3a5b1f7c99ee req-f5e349b2-23d7-4dce-85a4-b002c530eb2b 510ec922fc0a4c2daf74f2b7376f9572 007b620f9f02429dbfe1620e7e0729be - - fd004ce52a97444eaaca329ac57bdc02 fd004ce52a97444eaaca329ac57bdc02] 199.204.45.3 "GET /v2.0/ports?tenant_id=accad997ad7e4d3aaae920dabe217222&device_id=79511d01-c160-43bd-891a-3422c4fb9483 HTTP/1.1" status: 200 len: 1642 time: 0.0372813
2026-07-14 11:43:13.668 9 INFO neutron.wsgi [req-ca0452c1-2c75-4c64-8e28-3a5b1f7c99ee req-5622663a-8cce-457a-85c0-91af68a67096 510ec922fc0a4c2daf74f2b7376f9572 007b620f9f02429dbfe1620e7e0729be - - fd004ce52a97444eaaca329ac57bdc02 fd004ce52a97444eaaca329ac57bdc02] 199.204.45.3 "GET /v2.0/networks?id=52a9edac-555b-4faa-9678-e02cc9bb4cbb HTTP/1.1" status: 200 len: 1002 time: 0.0644073
2026-07-14 11:43:13.677 10 INFO neutron.db.segments_db [None req-ae3332ab-9915-4987-8d24-a05e5ec516f4 6a7bccac9e8c49f09b1f418df624e44b e3e4d3ad54ff4d19933257c0d1ae872d - - default default] Added segment c764a479-f9c6-4d09-9b07-d605356f96eb of type geneve for network 346b152f-a064-448b-b7c1-4899147867ba
2026-07-14 11:43:13.717 9 INFO neutron.wsgi [req-ca0452c1-2c75-4c64-8e28-3a5b1f7c99ee req-d92c6eec-ebca-4eb1-8d3f-334cc33452f0 510ec922fc0a4c2daf74f2b7376f9572 007b620f9f02429dbfe1620e7e0729be - - fd004ce52a97444eaaca329ac57bdc02 fd004ce52a97444eaaca329ac57bdc02] 199.204.45.3 "GET /v2.0/floatingips?fixed_ip_address=10.2.2.148&port_id=3722cb71-f0a3-484d-8df6-e6c83e4568b1 HTTP/1.1" status: 200 len: 1059 time: 0.0413582
2026-07-14 11:43:13.755 9 INFO neutron.wsgi [req-ca0452c1-2c75-4c64-8e28-3a5b1f7c99ee req-3fe0d406-e857-46ea-88c5-763865ed55be 510ec922fc0a4c2daf74f2b7376f9572 007b620f9f02429dbfe1620e7e0729be - - fd004ce52a97444eaaca329ac57bdc02 fd004ce52a97444eaaca329ac57bdc02] 199.204.45.3 "GET /v2.0/floatingips?fixed_ip_address=fd77%3A1457%3A4cf0%3A26a8%3A%3A313&port_id=3722cb71-f0a3-484d-8df6-e6c83e4568b1 HTTP/1.1" status: 200 len: 217 time: 0.0306337
2026-07-14 11:43:13.802 9 INFO neutron.wsgi [req-ca0452c1-2c75-4c64-8e28-3a5b1f7c99ee req-64dae018-85a8-489f-af01-3172de63e471 510ec922fc0a4c2daf74f2b7376f9572 007b620f9f02429dbfe1620e7e0729be - - fd004ce52a97444eaaca329ac57bdc02 fd004ce52a97444eaaca329ac57bdc02] 199.204.45.3 "GET /v2.0/subnets?id=b62df567-ad57-4309-ad6f-155e4ea1c7f8&id=bd937e3d-5d50-49b1-ac72-67641abcbd04 HTTP/1.1" status: 200 len: 1565 time: 0.0418115
2026-07-14 11:43:13.827 10 INFO neutron.wsgi [None req-ff31c5cf-48fd-4b57-aced-b246c7439f16 e820eb7e754441859d3dfd86f088be9c 5d80ea2504e6400d9538295a00471c07 - - default default] 10.0.0.24 "DELETE /v2.0/security-groups/74607830-9614-45ab-922b-f00c8fb13ce8 HTTP/1.1" status: 204 len: 168 time: 0.2589014
2026-07-14 11:43:13.828 9 INFO neutron.wsgi [req-ca0452c1-2c75-4c64-8e28-3a5b1f7c99ee req-e4f7eac2-79e0-4a38-a2d4-07636da5396c 510ec922fc0a4c2daf74f2b7376f9572 007b620f9f02429dbfe1620e7e0729be - - fd004ce52a97444eaaca329ac57bdc02 fd004ce52a97444eaaca329ac57bdc02] 199.204.45.3 "GET /v2.0/ports?network_id=52a9edac-555b-4faa-9678-e02cc9bb4cbb&device_owner=network%3Adhcp HTTP/1.1" status: 200 len: 210 time: 0.0211580
2026-07-14 11:43:13.841 10 INFO neutron.db.ovn_revision_numbers_db [None req-ae3332ab-9915-4987-8d24-a05e5ec516f4 6a7bccac9e8c49f09b1f418df624e44b e3e4d3ad54ff4d19933257c0d1ae872d - - default default] Successfully bumped revision number for resource 346b152f-a064-448b-b7c1-4899147867ba (type: networks) to 1
2026-07-14 11:43:13.869 9 INFO neutron.wsgi [req-ca0452c1-2c75-4c64-8e28-3a5b1f7c99ee req-7e4d4372-c6b3-4c01-814b-4a3154647009 510ec922fc0a4c2daf74f2b7376f9572 007b620f9f02429dbfe1620e7e0729be - - fd004ce52a97444eaaca329ac57bdc02 fd004ce52a97444eaaca329ac57bdc02] 199.204.45.3 "GET /v2.0/ports?network_id=52a9edac-555b-4faa-9678-e02cc9bb4cbb&device_owner=network%3Adhcp HTTP/1.1" status: 200 len: 210 time: 0.0326300
2026-07-14 11:43:13.941 9 INFO neutron.wsgi [req-ca0452c1-2c75-4c64-8e28-3a5b1f7c99ee req-31800f40-7b04-4f21-8487-32164012cba3 510ec922fc0a4c2daf74f2b7376f9572 007b620f9f02429dbfe1620e7e0729be - - fd004ce52a97444eaaca329ac57bdc02 fd004ce52a97444eaaca329ac57bdc02] 199.204.45.3 "GET /v2.0/networks/52a9edac-555b-4faa-9678-e02cc9bb4cbb?fields=segments HTTP/1.1" status: 200 len: 212 time: 0.0659037
2026-07-14 11:43:14.024 9 INFO neutron.wsgi [req-ca0452c1-2c75-4c64-8e28-3a5b1f7c99ee req-e9bc2ca1-7171-4d12-876d-e256ed67b04c 510ec922fc0a4c2daf74f2b7376f9572 007b620f9f02429dbfe1620e7e0729be - - fd004ce52a97444eaaca329ac57bdc02 fd004ce52a97444eaaca329ac57bdc02] 199.204.45.3 "GET /v2.0/networks/52a9edac-555b-4faa-9678-e02cc9bb4cbb?fields=provider%3Aphysical_network&fields=provider%3Anetwork_type HTTP/1.1" status: 200 len: 277 time: 0.0773096
2026-07-14 11:43:14.111 10 WARNING neutron.scheduler.dhcp_agent_scheduler [None req-ae3332ab-9915-4987-8d24-a05e5ec516f4 6a7bccac9e8c49f09b1f418df624e44b e3e4d3ad54ff4d19933257c0d1ae872d - - default default] No more DHCP agents
2026-07-14 11:43:14.113 10 WARNING neutron.api.rpc.agentnotifiers.dhcp_rpc_agent_api [None req-ae3332ab-9915-4987-8d24-a05e5ec516f4 6a7bccac9e8c49f09b1f418df624e44b e3e4d3ad54ff4d19933257c0d1ae872d - - default default] Unable to schedule network 346b152f-a064-448b-b7c1-4899147867ba: no agents available; will retry on subsequent port and subnet creation events.
2026-07-14 11:43:14.194 10 INFO neutron.db.ovn_revision_numbers_db [None req-ae3332ab-9915-4987-8d24-a05e5ec516f4 6a7bccac9e8c49f09b1f418df624e44b e3e4d3ad54ff4d19933257c0d1ae872d - - default default] Successfully bumped revision number for resource 42916912-a1fa-42a1-a570-4ce7978809a6 (type: ports) to 1
2026-07-14 11:43:14.212 10 INFO neutron.wsgi [None req-ae3332ab-9915-4987-8d24-a05e5ec516f4 6a7bccac9e8c49f09b1f418df624e44b e3e4d3ad54ff4d19933257c0d1ae872d - - default default] 10.0.0.24 "POST /v2.0/networks HTTP/1.1" status: 201 len: 833 time: 0.6360765
2026-07-14 11:43:14.512 10 WARNING neutron.scheduler.dhcp_agent_scheduler [None req-111e09c6-adf1-43e4-9573-32ed896c0180 6a7bccac9e8c49f09b1f418df624e44b e3e4d3ad54ff4d19933257c0d1ae872d - - default default] No more DHCP agents
2026-07-14 11:43:14.520 10 WARNING neutron.api.rpc.agentnotifiers.dhcp_rpc_agent_api [None req-111e09c6-adf1-43e4-9573-32ed896c0180 6a7bccac9e8c49f09b1f418df624e44b e3e4d3ad54ff4d19933257c0d1ae872d - - default default] Unable to schedule network c95386c1-e785-47be-8b1d-26ac52ad3c44: no agents available; will retry on subsequent port and subnet creation events.
2026-07-14 11:43:14.563 10 INFO neutron.db.ovn_revision_numbers_db [None req-111e09c6-adf1-43e4-9573-32ed896c0180 6a7bccac9e8c49f09b1f418df624e44b e3e4d3ad54ff4d19933257c0d1ae872d - - default default] Successfully bumped revision number for resource 3135dfc1-b6d0-4eae-81d2-b68ecf05bf1b (type: subnets) to 0
2026-07-14 11:43:14.580 10 INFO neutron.wsgi [None req-111e09c6-adf1-43e4-9573-32ed896c0180 6a7bccac9e8c49f09b1f418df624e44b e3e4d3ad54ff4d19933257c0d1ae872d - - default default] 10.0.0.24 "POST /v2.0/subnets HTTP/1.1" status: 201 len: 821 time: 0.3586576
2026-07-14 11:43:14.764 9 INFO neutron.wsgi [req-098bf4e5-4ae4-4be5-b3d1-ebf7e93ff453 req-333489ea-da34-4d76-8c4a-55b060890cc8 510ec922fc0a4c2daf74f2b7376f9572 007b620f9f02429dbfe1620e7e0729be - - fd004ce52a97444eaaca329ac57bdc02 fd004ce52a97444eaaca329ac57bdc02] 10.0.0.152 "GET /v2.0/ports?device_id=197bbaa2-ac4c-4c90-9186-05684ac6f7e3 HTTP/1.1" status: 200 len: 1634 time: 0.0440292
2026-07-14 11:43:14.825 9 INFO neutron.wsgi [req-098bf4e5-4ae4-4be5-b3d1-ebf7e93ff453 req-a724cfe0-e97d-4c4e-bb4c-9cead2048e18 510ec922fc0a4c2daf74f2b7376f9572 007b620f9f02429dbfe1620e7e0729be - - fd004ce52a97444eaaca329ac57bdc02 fd004ce52a97444eaaca329ac57bdc02] 10.0.0.152 "GET /v2.0/security-groups?id=a56bccdf-d1ad-437c-a2f2-592d839243fd&fields=id&fields=name HTTP/1.1" status: 200 len: 310 time: 0.0548661
2026-07-14 11:43:15.063 10 WARNING neutron.scheduler.dhcp_agent_scheduler [None req-de9319e3-883a-47a5-bc71-c473db00c139 6a7bccac9e8c49f09b1f418df624e44b e3e4d3ad54ff4d19933257c0d1ae872d - - default default] No more DHCP agents
2026-07-14 11:43:15.065 10 WARNING neutron.api.rpc.agentnotifiers.dhcp_rpc_agent_api [None req-de9319e3-883a-47a5-bc71-c473db00c139 6a7bccac9e8c49f09b1f418df624e44b e3e4d3ad54ff4d19933257c0d1ae872d - - default default] Unable to schedule network 346b152f-a064-448b-b7c1-4899147867ba: no agents available; will retry on subsequent port and subnet creation events.
2026-07-14 11:43:15.101 10 INFO neutron.db.ovn_revision_numbers_db [None req-de9319e3-883a-47a5-bc71-c473db00c139 6a7bccac9e8c49f09b1f418df624e44b e3e4d3ad54ff4d19933257c0d1ae872d - - default default] Successfully bumped revision number for resource bd03bdd6-f378-4833-a70e-4d2960583e68 (type: subnets) to 0
2026-07-14 11:43:15.118 10 INFO neutron.wsgi [None req-de9319e3-883a-47a5-bc71-c473db00c139 6a7bccac9e8c49f09b1f418df624e44b e3e4d3ad54ff4d19933257c0d1ae872d - - default default] 10.0.0.24 "POST /v2.0/subnets HTTP/1.1" status: 201 len: 830 time: 0.5303562
2026-07-14 11:43:15.275 9 INFO neutron.wsgi [req-a917a3fd-1819-4600-abb8-c0bdadadf690 req-e91b2664-ade4-4df2-a5b6-0a1fe751245b 510ec922fc0a4c2daf74f2b7376f9572 007b620f9f02429dbfe1620e7e0729be - - fd004ce52a97444eaaca329ac57bdc02 fd004ce52a97444eaaca329ac57bdc02] 199.204.45.3 "GET /v2.0/ports?device_id=197bbaa2-ac4c-4c90-9186-05684ac6f7e3&fields=binding%3Ahost_id&fields=binding%3Avif_type HTTP/1.1" status: 200 len: 265 time: 0.0473924
2026-07-14 11:43:15.348 9 INFO neutron.db.ovn_revision_numbers_db [None req-8456df94-2b9c-4a3a-9490-68c5a2fa7753 6a7bccac9e8c49f09b1f418df624e44b e3e4d3ad54ff4d19933257c0d1ae872d - - default default] Successfully bumped revision number for resource 67b4a094-ccaa-42b7-a78d-dce9a56eee38 (type: routers) to 1
2026-07-14 11:43:15.362 9 INFO neutron.wsgi [None req-8456df94-2b9c-4a3a-9490-68c5a2fa7753 6a7bccac9e8c49f09b1f418df624e44b e3e4d3ad54ff4d19933257c0d1ae872d - - default default] 10.0.0.24 "POST /v2.0/routers HTTP/1.1" status: 201 len: 691 time: 0.2381966
2026-07-14 11:43:15.365 9 INFO neutron.wsgi [req-a917a3fd-1819-4600-abb8-c0bdadadf690 req-b049c870-28e1-42a6-b6f1-e05085f7ff2b 510ec922fc0a4c2daf74f2b7376f9572 007b620f9f02429dbfe1620e7e0729be - - fd004ce52a97444eaaca329ac57bdc02 fd004ce52a97444eaaca329ac57bdc02] 199.204.45.3 "GET /v2.0/ports?tenant_id=accad997ad7e4d3aaae920dabe217222&device_id=197bbaa2-ac4c-4c90-9186-05684ac6f7e3 HTTP/1.1" status: 200 len: 1634 time: 0.0418367
2026-07-14 11:43:15.770 9 INFO neutron.wsgi [req-a917a3fd-1819-4600-abb8-c0bdadadf690 req-3d4557d1-45ae-4c78-ae1b-7e20386ced16 510ec922fc0a4c2daf74f2b7376f9572 007b620f9f02429dbfe1620e7e0729be - - fd004ce52a97444eaaca329ac57bdc02 fd004ce52a97444eaaca329ac57bdc02] 199.204.45.3 "GET /v2.0/networks?id=bf57cc14-73f3-434a-80fa-cd845227dca8 HTTP/1.1" status: 200 len: 1002 time: 0.3785086
2026-07-14 11:43:15.846 9 INFO neutron.wsgi [req-a917a3fd-1819-4600-abb8-c0bdadadf690 req-75f3268a-366d-4cbc-b3a1-a1f7e718ec27 510ec922fc0a4c2daf74f2b7376f9572 007b620f9f02429dbfe1620e7e0729be - - fd004ce52a97444eaaca329ac57bdc02 fd004ce52a97444eaaca329ac57bdc02] 199.204.45.3 "GET /v2.0/floatingips?fixed_ip_address=10.2.1.99&port_id=64552091-8d4f-4ba2-a0a9-229516fb9974 HTTP/1.1" status: 200 len: 1058 time: 0.0679667
2026-07-14 11:43:15.891 9 INFO neutron.wsgi [req-a917a3fd-1819-4600-abb8-c0bdadadf690 req-cf8d5e1a-f4a1-4f44-930a-bff7f13eeaf4 510ec922fc0a4c2daf74f2b7376f9572 007b620f9f02429dbfe1620e7e0729be - - fd004ce52a97444eaaca329ac57bdc02 fd004ce52a97444eaaca329ac57bdc02] 199.204.45.3 "GET /v2.0/floatingips?fixed_ip_address=fd7b%3Af9f7%3Afff%3A4eca%3A%3A3ca&port_id=64552091-8d4f-4ba2-a0a9-229516fb9974 HTTP/1.1" status: 200 len: 217 time: 0.0290594
2026-07-14 11:43:15.940 9 INFO neutron.wsgi [req-a917a3fd-1819-4600-abb8-c0bdadadf690 req-9565fc35-116b-473c-9748-a78e60cc06e7 510ec922fc0a4c2daf74f2b7376f9572 007b620f9f02429dbfe1620e7e0729be - - fd004ce52a97444eaaca329ac57bdc02 fd004ce52a97444eaaca329ac57bdc02] 199.204.45.3 "GET /v2.0/subnets?id=69a996d2-4656-4b76-9810-22ef508e52b1&id=b4432d56-9d80-445c-93be-882d80b0f000 HTTP/1.1" status: 200 len: 1563 time: 0.0402794
2026-07-14 11:43:15.975 9 INFO neutron.wsgi [req-a917a3fd-1819-4600-abb8-c0bdadadf690 req-ded16f33-f46d-4056-9cbb-586080f2e2f5 510ec922fc0a4c2daf74f2b7376f9572 007b620f9f02429dbfe1620e7e0729be - - fd004ce52a97444eaaca329ac57bdc02 fd004ce52a97444eaaca329ac57bdc02] 199.204.45.3 "GET /v2.0/ports?network_id=bf57cc14-73f3-434a-80fa-cd845227dca8&device_owner=network%3Adhcp HTTP/1.1" status: 200 len: 210 time: 0.0268595
2026-07-14 11:43:16.010 9 INFO neutron.wsgi [req-a917a3fd-1819-4600-abb8-c0bdadadf690 req-bd6f4868-2fc1-4165-b449-fba01f0b4674 510ec922fc0a4c2daf74f2b7376f9572 007b620f9f02429dbfe1620e7e0729be - - fd004ce52a97444eaaca329ac57bdc02 fd004ce52a97444eaaca329ac57bdc02] 199.204.45.3 "GET /v2.0/ports?network_id=bf57cc14-73f3-434a-80fa-cd845227dca8&device_owner=network%3Adhcp HTTP/1.1" status: 200 len: 210 time: 0.0277832
2026-07-14 11:43:16.127 9 INFO neutron.wsgi [req-a917a3fd-1819-4600-abb8-c0bdadadf690 req-8f9898f6-3e5c-4fa9-82ce-853d6e64d98b 510ec922fc0a4c2daf74f2b7376f9572 007b620f9f02429dbfe1620e7e0729be - - fd004ce52a97444eaaca329ac57bdc02 fd004ce52a97444eaaca329ac57bdc02] 199.204.45.3 "GET /v2.0/networks/bf57cc14-73f3-434a-80fa-cd845227dca8?fields=segments HTTP/1.1" status: 200 len: 212 time: 0.1075976
2026-07-14 11:43:16.214 9 INFO neutron.wsgi [req-a917a3fd-1819-4600-abb8-c0bdadadf690 req-53de4b44-f499-402b-92aa-2c4766e87f34 510ec922fc0a4c2daf74f2b7376f9572 007b620f9f02429dbfe1620e7e0729be - - fd004ce52a97444eaaca329ac57bdc02 fd004ce52a97444eaaca329ac57bdc02] 199.204.45.3 "GET /v2.0/networks/bf57cc14-73f3-434a-80fa-cd845227dca8?fields=provider%3Aphysical_network&fields=provider%3Anetwork_type HTTP/1.1" status: 200 len: 277 time: 0.0795989
2026-07-14 11:43:16.228 9 WARNING neutron.scheduler.dhcp_agent_scheduler [None req-35a98f5c-574e-474d-bb6a-2ae0ca6f48dc 6a7bccac9e8c49f09b1f418df624e44b e3e4d3ad54ff4d19933257c0d1ae872d - - default default] No more DHCP agents
2026-07-14 11:43:16.231 9 WARNING neutron.api.rpc.agentnotifiers.dhcp_rpc_agent_api [None req-35a98f5c-574e-474d-bb6a-2ae0ca6f48dc 6a7bccac9e8c49f09b1f418df624e44b e3e4d3ad54ff4d19933257c0d1ae872d - - default default] Unable to schedule network c95386c1-e785-47be-8b1d-26ac52ad3c44: no agents available; will retry on subsequent port and subnet creation events.
2026-07-14 11:43:16.321 10 INFO neutron.db.ovn_revision_numbers_db [None req-8663580d-318f-4b4e-af51-cf410b3f1438 4338b8e872ed4cc6b3412d44fddd8f4a 5dbb2763473c4905bec5fa14695bf995 - - default default] Successfully bumped revision number for resource 94285591-5bce-4ee0-8821-5b31670a82cb (type: security_groups) to 1
2026-07-14 11:43:16.342 10 INFO neutron.db.ovn_revision_numbers_db [None req-8663580d-318f-4b4e-af51-cf410b3f1438 4338b8e872ed4cc6b3412d44fddd8f4a 5dbb2763473c4905bec5fa14695bf995 - - default default] Successfully bumped revision number for resource 365f6a0c-8740-447f-95cf-6952f25f72ba (type: security_group_rules) to 0
2026-07-14 11:43:16.355 9 INFO neutron.db.ovn_revision_numbers_db [None req-35a98f5c-574e-474d-bb6a-2ae0ca6f48dc 6a7bccac9e8c49f09b1f418df624e44b e3e4d3ad54ff4d19933257c0d1ae872d - - default default] Successfully bumped revision number for resource 533ff94f-dbef-475b-a96d-3ba39730efea (type: ports) to 1
2026-07-14 11:43:16.363 10 INFO neutron.db.ovn_revision_numbers_db [None req-8663580d-318f-4b4e-af51-cf410b3f1438 4338b8e872ed4cc6b3412d44fddd8f4a 5dbb2763473c4905bec5fa14695bf995 - - default default] Successfully bumped revision number for resource 68ceefe8-54c7-4d5e-a59c-4d883392f0c1 (type: security_group_rules) to 0
2026-07-14 11:43:16.378 10 INFO neutron.db.ovn_revision_numbers_db [None req-8663580d-318f-4b4e-af51-cf410b3f1438 4338b8e872ed4cc6b3412d44fddd8f4a 5dbb2763473c4905bec5fa14695bf995 - - default default] Successfully bumped revision number for resource a44d4907-e0dd-4c93-a468-f8f69793eb72 (type: security_group_rules) to 0
2026-07-14 11:43:16.393 10 INFO neutron.db.ovn_revision_numbers_db [None req-8663580d-318f-4b4e-af51-cf410b3f1438 4338b8e872ed4cc6b3412d44fddd8f4a 5dbb2763473c4905bec5fa14695bf995 - - default default] Successfully bumped revision number for resource d82450d9-a1a1-4a79-99fe-2b86a30ec3af (type: security_group_rules) to 0
2026-07-14 11:43:16.439 10 INFO neutron.db.segments_db [None req-8663580d-318f-4b4e-af51-cf410b3f1438 4338b8e872ed4cc6b3412d44fddd8f4a 5dbb2763473c4905bec5fa14695bf995 - - default default] Added segment 3b249598-a84d-47d2-832e-ea01f2b44fc3 of type geneve for network abd74b0a-a936-4634-aca8-f3863dc75dc7
2026-07-14 11:43:16.587 10 INFO neutron.db.ovn_revision_numbers_db [None req-8663580d-318f-4b4e-af51-cf410b3f1438 4338b8e872ed4cc6b3412d44fddd8f4a 5dbb2763473c4905bec5fa14695bf995 - - default default] Successfully bumped revision number for resource abd74b0a-a936-4634-aca8-f3863dc75dc7 (type: networks) to 1
2026-07-14 11:43:16.708 9 INFO neutron.plugins.ml2.drivers.ovn.mech_driver.mech_driver [None req-c1242a75-d02a-4fc2-b5c7-5567aded73f5 - - - - - -] OVN reports status up for port: 533ff94f-dbef-475b-a96d-3ba39730efea
2026-07-14 11:43:16.729 10 WARNING neutron.scheduler.dhcp_agent_scheduler [None req-8663580d-318f-4b4e-af51-cf410b3f1438 4338b8e872ed4cc6b3412d44fddd8f4a 5dbb2763473c4905bec5fa14695bf995 - - default default] No more DHCP agents
2026-07-14 11:43:16.731 10 WARNING neutron.api.rpc.agentnotifiers.dhcp_rpc_agent_api [None req-8663580d-318f-4b4e-af51-cf410b3f1438 4338b8e872ed4cc6b3412d44fddd8f4a 5dbb2763473c4905bec5fa14695bf995 - - default default] Unable to schedule network abd74b0a-a936-4634-aca8-f3863dc75dc7: no agents available; will retry on subsequent port and subnet creation events.
2026-07-14 11:43:16.744 9 INFO neutron.plugins.ml2.plugin [None req-c1242a75-d02a-4fc2-b5c7-5567aded73f5 - - - - - -] Attempt 1 to provision port 533ff94f-dbef-475b-a96d-3ba39730efea
2026-07-14 11:43:16.762 9 INFO neutron.db.ovn_revision_numbers_db [None req-35a98f5c-574e-474d-bb6a-2ae0ca6f48dc 6a7bccac9e8c49f09b1f418df624e44b e3e4d3ad54ff4d19933257c0d1ae872d - - default default] Successfully bumped revision number for resource 533ff94f-dbef-475b-a96d-3ba39730efea (type: router_ports) to 1
2026-07-14 11:43:16.800 10 INFO neutron.db.ovn_revision_numbers_db [None req-8663580d-318f-4b4e-af51-cf410b3f1438 4338b8e872ed4cc6b3412d44fddd8f4a 5dbb2763473c4905bec5fa14695bf995 - - default default] Successfully bumped revision number for resource 62b73245-33c5-4320-8288-258536efcaa4 (type: ports) to 1
2026-07-14 11:43:16.824 10 INFO neutron.wsgi [None req-8663580d-318f-4b4e-af51-cf410b3f1438 4338b8e872ed4cc6b3412d44fddd8f4a 5dbb2763473c4905bec5fa14695bf995 - - default default] 10.0.0.24 "POST /v2.0/networks HTTP/1.1" status: 201 len: 830 time: 0.8395495
2026-07-14 11:43:16.903 9 INFO neutron.db.ovn_revision_numbers_db [None req-35a98f5c-574e-474d-bb6a-2ae0ca6f48dc 6a7bccac9e8c49f09b1f418df624e44b e3e4d3ad54ff4d19933257c0d1ae872d - - default default] Successfully bumped revision number for resource 533ff94f-dbef-475b-a96d-3ba39730efea (type: ports) to 1
2026-07-14 11:43:16.911 10 INFO neutron.db.segments_db [None req-c7039d18-6d09-4050-b1ab-80fb9a0f1898 4338b8e872ed4cc6b3412d44fddd8f4a 5dbb2763473c4905bec5fa14695bf995 - - default default] Added segment b52e6f73-3b3d-4b20-a96f-cb8257524d2e of type geneve for network 2e18728c-258e-45e4-ade9-a4afb0d6185f
2026-07-14 11:43:16.994 9 WARNING neutron.scheduler.dhcp_agent_scheduler [None req-35a98f5c-574e-474d-bb6a-2ae0ca6f48dc 6a7bccac9e8c49f09b1f418df624e44b e3e4d3ad54ff4d19933257c0d1ae872d - - default default] No more DHCP agents
2026-07-14 11:43:16.995 9 WARNING neutron.api.rpc.agentnotifiers.dhcp_rpc_agent_api [None req-35a98f5c-574e-474d-bb6a-2ae0ca6f48dc 6a7bccac9e8c49f09b1f418df624e44b e3e4d3ad54ff4d19933257c0d1ae872d - - default default] Unable to schedule network c95386c1-e785-47be-8b1d-26ac52ad3c44: no agents available; will retry on subsequent port and subnet creation events.
2026-07-14 11:43:17.072 10 INFO neutron.db.ovn_revision_numbers_db [None req-c7039d18-6d09-4050-b1ab-80fb9a0f1898 4338b8e872ed4cc6b3412d44fddd8f4a 5dbb2763473c4905bec5fa14695bf995 - - default default] Successfully bumped revision number for resource 2e18728c-258e-45e4-ade9-a4afb0d6185f (type: networks) to 1
2026-07-14 11:43:17.081 9 INFO neutron.db.ovn_revision_numbers_db [None req-c1242a75-d02a-4fc2-b5c7-5567aded73f5 - - - - - -] Successfully bumped revision number for resource 533ff94f-dbef-475b-a96d-3ba39730efea (type: ports) to 2
2026-07-14 11:43:17.168 10 INFO neutron.db.ovn_revision_numbers_db [None req-17edd9e3-05a3-4c53-8547-40217bf95081 74e029b5abf54ee48dc7724da09605d6 a9690140da344901a4bc15c35b39550e - - default default] Successfully bumped revision number for resource 9c6699e6-5b4d-4a58-9cae-140d556c3c91 (type: security_groups) to 1
2026-07-14 11:43:17.194 10 INFO neutron.db.ovn_revision_numbers_db [None req-17edd9e3-05a3-4c53-8547-40217bf95081 74e029b5abf54ee48dc7724da09605d6 a9690140da344901a4bc15c35b39550e - - default default] Successfully bumped revision number for resource 0b314b30-a744-4d1d-acb8-4933e757cd47 (type: security_group_rules) to 0
2026-07-14 11:43:17.218 10 INFO neutron.db.ovn_revision_numbers_db [None req-17edd9e3-05a3-4c53-8547-40217bf95081 74e029b5abf54ee48dc7724da09605d6 a9690140da344901a4bc15c35b39550e - - default default] Successfully bumped revision number for resource 2aedef7e-5211-4dcd-9cae-088e8529e295 (type: security_group_rules) to 0
2026-07-14 11:43:17.225 9 INFO neutron.db.ovn_revision_numbers_db [None req-35a98f5c-574e-474d-bb6a-2ae0ca6f48dc 6a7bccac9e8c49f09b1f418df624e44b e3e4d3ad54ff4d19933257c0d1ae872d - - default default] Successfully bumped revision number for resource 533ff94f-dbef-475b-a96d-3ba39730efea (type: router_ports) to 2
2026-07-14 11:43:17.227 9 INFO neutron.wsgi [None req-35a98f5c-574e-474d-bb6a-2ae0ca6f48dc 6a7bccac9e8c49f09b1f418df624e44b e3e4d3ad54ff4d19933257c0d1ae872d - - default default] 10.0.0.24 "PUT /v2.0/routers/67b4a094-ccaa-42b7-a78d-dce9a56eee38/add_router_interface HTTP/1.1" status: 200 len: 503 time: 1.8576074
2026-07-14 11:43:17.234 10 INFO neutron.db.ovn_revision_numbers_db [None req-17edd9e3-05a3-4c53-8547-40217bf95081 74e029b5abf54ee48dc7724da09605d6 a9690140da344901a4bc15c35b39550e - - default default] Successfully bumped revision number for resource 2f040430-eda3-450f-94cc-b696b77936e9 (type: security_group_rules) to 0
2026-07-14 11:43:17.255 10 WARNING neutron.scheduler.dhcp_agent_scheduler [None req-c7039d18-6d09-4050-b1ab-80fb9a0f1898 4338b8e872ed4cc6b3412d44fddd8f4a 5dbb2763473c4905bec5fa14695bf995 - - default default] No more DHCP agents
2026-07-14 11:43:17.257 10 WARNING neutron.api.rpc.agentnotifiers.dhcp_rpc_agent_api [None req-c7039d18-6d09-4050-b1ab-80fb9a0f1898 4338b8e872ed4cc6b3412d44fddd8f4a 5dbb2763473c4905bec5fa14695bf995 - - default default] Unable to schedule network 2e18728c-258e-45e4-ade9-a4afb0d6185f: no agents available; will retry on subsequent port and subnet creation events.
2026-07-14 11:43:17.259 10 INFO neutron.db.ovn_revision_numbers_db [None req-17edd9e3-05a3-4c53-8547-40217bf95081 74e029b5abf54ee48dc7724da09605d6 a9690140da344901a4bc15c35b39550e - - default default] Successfully bumped revision number for resource d7b749c4-e4ea-4c30-adcc-6d8ec71962d4 (type: security_group_rules) to 0
2026-07-14 11:43:17.310 9 INFO neutron.wsgi [None req-953beb1d-df8c-4b0b-a776-854d79efcd15 6a7bccac9e8c49f09b1f418df624e44b e3e4d3ad54ff4d19933257c0d1ae872d - - default default] 10.0.0.24 "GET /v2.0/ports/533ff94f-dbef-475b-a96d-3ba39730efea HTTP/1.1" status: 200 len: 1141 time: 0.0753772
2026-07-14 11:43:17.314 10 INFO neutron.db.segments_db [None req-17edd9e3-05a3-4c53-8547-40217bf95081 74e029b5abf54ee48dc7724da09605d6 a9690140da344901a4bc15c35b39550e - - default default] Added segment 1b3e4a1e-ada9-4f07-94b6-b4ec0222a9ba of type geneve for network a6fee978-d13e-4694-8335-624ba69b6a30
2026-07-14 11:43:17.351 10 INFO neutron.db.ovn_revision_numbers_db [None req-c7039d18-6d09-4050-b1ab-80fb9a0f1898 4338b8e872ed4cc6b3412d44fddd8f4a 5dbb2763473c4905bec5fa14695bf995 - - default default] Successfully bumped revision number for resource f5b7ab0a-22c5-49b3-bc3b-b87c1b6646a3 (type: ports) to 1
2026-07-14 11:43:17.385 10 INFO neutron.wsgi [None req-c7039d18-6d09-4050-b1ab-80fb9a0f1898 4338b8e872ed4cc6b3412d44fddd8f4a 5dbb2763473c4905bec5fa14695bf995 - - default default] 10.0.0.24 "POST /v2.0/networks HTTP/1.1" status: 201 len: 830 time: 0.5533316
2026-07-14 11:43:17.467 10 INFO neutron.db.ovn_revision_numbers_db [None req-17edd9e3-05a3-4c53-8547-40217bf95081 74e029b5abf54ee48dc7724da09605d6 a9690140da344901a4bc15c35b39550e - - default default] Successfully bumped revision number for resource a6fee978-d13e-4694-8335-624ba69b6a30 (type: networks) to 1
2026-07-14 11:43:17.516 9 INFO neutron.db.segments_db [None req-61c10c16-69a0-4537-bf7b-eb7f0c3cbd57 4338b8e872ed4cc6b3412d44fddd8f4a 5dbb2763473c4905bec5fa14695bf995 - - default default] Added segment 15f6d69f-a5d4-4c0c-bb5b-f3e628f8e7c0 of type geneve for network 0dcbfa12-df8c-4243-a0d4-d4eac74294bb
2026-07-14 11:43:17.631 10 WARNING neutron.scheduler.dhcp_agent_scheduler [None req-17edd9e3-05a3-4c53-8547-40217bf95081 74e029b5abf54ee48dc7724da09605d6 a9690140da344901a4bc15c35b39550e - - default default] No more DHCP agents
2026-07-14 11:43:17.634 10 WARNING neutron.api.rpc.agentnotifiers.dhcp_rpc_agent_api [None req-17edd9e3-05a3-4c53-8547-40217bf95081 74e029b5abf54ee48dc7724da09605d6 a9690140da344901a4bc15c35b39550e - - default default] Unable to schedule network a6fee978-d13e-4694-8335-624ba69b6a30: no agents available; will retry on subsequent port and subnet creation events.
2026-07-14 11:43:17.704 9 INFO neutron.db.ovn_revision_numbers_db [None req-61c10c16-69a0-4537-bf7b-eb7f0c3cbd57 4338b8e872ed4cc6b3412d44fddd8f4a 5dbb2763473c4905bec5fa14695bf995 - - default default] Successfully bumped revision number for resource 0dcbfa12-df8c-4243-a0d4-d4eac74294bb (type: networks) to 1
2026-07-14 11:43:17.723 10 INFO neutron.db.ovn_revision_numbers_db [None req-17edd9e3-05a3-4c53-8547-40217bf95081 74e029b5abf54ee48dc7724da09605d6 a9690140da344901a4bc15c35b39550e - - default default] Successfully bumped revision number for resource 8249d6b4-dc53-4dd0-ac7c-ab422575b3fc (type: ports) to 1
2026-07-14 11:43:17.753 10 INFO neutron.wsgi [None req-17edd9e3-05a3-4c53-8547-40217bf95081 74e029b5abf54ee48dc7724da09605d6 a9690140da344901a4bc15c35b39550e - - default default] 10.0.0.24 "POST /v2.0/networks HTTP/1.1" status: 201 len: 832 time: 1.0518909
2026-07-14 11:43:17.875 9 WARNING neutron.scheduler.dhcp_agent_scheduler [None req-3a5b838f-b771-4553-bdcd-65c525e3ff4a 6a7bccac9e8c49f09b1f418df624e44b e3e4d3ad54ff4d19933257c0d1ae872d - - default default] No more DHCP agents
2026-07-14 11:43:17.879 9 WARNING neutron.api.rpc.agentnotifiers.dhcp_rpc_agent_api [None req-3a5b838f-b771-4553-bdcd-65c525e3ff4a 6a7bccac9e8c49f09b1f418df624e44b e3e4d3ad54ff4d19933257c0d1ae872d - - default default] Unable to schedule network 346b152f-a064-448b-b7c1-4899147867ba: no agents available; will retry on subsequent port and subnet creation events.
2026-07-14 11:43:17.913 9 WARNING neutron.scheduler.dhcp_agent_scheduler [None req-61c10c16-69a0-4537-bf7b-eb7f0c3cbd57 4338b8e872ed4cc6b3412d44fddd8f4a 5dbb2763473c4905bec5fa14695bf995 - - default default] No more DHCP agents
2026-07-14 11:43:17.920 9 WARNING neutron.api.rpc.agentnotifiers.dhcp_rpc_agent_api [None req-61c10c16-69a0-4537-bf7b-eb7f0c3cbd57 4338b8e872ed4cc6b3412d44fddd8f4a 5dbb2763473c4905bec5fa14695bf995 - - default default] Unable to schedule network 0dcbfa12-df8c-4243-a0d4-d4eac74294bb: no agents available; will retry on subsequent port and subnet creation events.
2026-07-14 11:43:18.224 10 WARNING neutron.scheduler.dhcp_agent_scheduler [None req-252d6ba3-0d7f-4f83-b453-cf4bb2485177 74e029b5abf54ee48dc7724da09605d6 a9690140da344901a4bc15c35b39550e - - default default] No more DHCP agents
2026-07-14 11:43:18.226 10 WARNING neutron.api.rpc.agentnotifiers.dhcp_rpc_agent_api [None req-252d6ba3-0d7f-4f83-b453-cf4bb2485177 74e029b5abf54ee48dc7724da09605d6 a9690140da344901a4bc15c35b39550e - - default default] Unable to schedule network 91d2a21b-e0ad-496c-85dc-0a4fa055edab: no agents available; will retry on subsequent port and subnet creation events.
2026-07-14 11:43:18.337 9 INFO neutron.db.ovn_revision_numbers_db [None req-61c10c16-69a0-4537-bf7b-eb7f0c3cbd57 4338b8e872ed4cc6b3412d44fddd8f4a 5dbb2763473c4905bec5fa14695bf995 - - default default] Successfully bumped revision number for resource 2416ec6c-4442-4f2d-97a0-4f4fa326382d (type: ports) to 1
2026-07-14 11:43:18.339 9 INFO neutron.db.ovn_revision_numbers_db [None req-3a5b838f-b771-4553-bdcd-65c525e3ff4a 6a7bccac9e8c49f09b1f418df624e44b e3e4d3ad54ff4d19933257c0d1ae872d - - default default] Successfully bumped revision number for resource 30607f11-39d3-48a9-858b-a9a703a50ec8 (type: ports) to 1
2026-07-14 11:43:18.382 9 INFO neutron.wsgi [None req-61c10c16-69a0-4537-bf7b-eb7f0c3cbd57 4338b8e872ed4cc6b3412d44fddd8f4a 5dbb2763473c4905bec5fa14695bf995 - - default default] 10.0.0.24 "POST /v2.0/networks HTTP/1.1" status: 201 len: 831 time: 0.9910111
2026-07-14 11:43:18.408 10 INFO neutron.db.ovn_revision_numbers_db [None req-252d6ba3-0d7f-4f83-b453-cf4bb2485177 74e029b5abf54ee48dc7724da09605d6 a9690140da344901a4bc15c35b39550e - - default default] Successfully bumped revision number for resource 2fffbcb0-f9ba-4f4b-b6b6-b538d3855068 (type: ports) to 1
2026-07-14 11:43:18.516 9 INFO neutron.db.segments_db [None req-3f568f6d-e58e-4385-9d7f-d9521adbf23f 4338b8e872ed4cc6b3412d44fddd8f4a 5dbb2763473c4905bec5fa14695bf995 - - default default] Added segment 14a1e37c-f2dd-41af-99b4-d7340b34e1bb of type geneve for network 08ae47dd-096c-480c-8b7d-3257261b9f18
2026-07-14 11:43:18.728 9 INFO neutron.db.ovn_revision_numbers_db [None req-3f568f6d-e58e-4385-9d7f-d9521adbf23f 4338b8e872ed4cc6b3412d44fddd8f4a 5dbb2763473c4905bec5fa14695bf995 - - default default] Successfully bumped revision number for resource 08ae47dd-096c-480c-8b7d-3257261b9f18 (type: networks) to 1
2026-07-14 11:43:18.933 9 INFO neutron.wsgi [-] 10.0.0.11 "GET / HTTP/1.1" status: 200 len: 246 time: 0.0013294
2026-07-14 11:43:18.933 10 INFO neutron.wsgi [-] 10.0.0.11 "GET / HTTP/1.1" status: 200 len: 246 time: 0.0019536
2026-07-14 11:43:18.983 9 WARNING neutron.scheduler.dhcp_agent_scheduler [None req-3f568f6d-e58e-4385-9d7f-d9521adbf23f 4338b8e872ed4cc6b3412d44fddd8f4a 5dbb2763473c4905bec5fa14695bf995 - - default default] No more DHCP agents
2026-07-14 11:43:18.986 9 WARNING neutron.api.rpc.agentnotifiers.dhcp_rpc_agent_api [None req-3f568f6d-e58e-4385-9d7f-d9521adbf23f 4338b8e872ed4cc6b3412d44fddd8f4a 5dbb2763473c4905bec5fa14695bf995 - - default default] Unable to schedule network 08ae47dd-096c-480c-8b7d-3257261b9f18: no agents available; will retry on subsequent port and subnet creation events.
2026-07-14 11:43:18.999 9 INFO neutron.plugins.ml2.drivers.ovn.mech_driver.ovsdb.ovsdb_monitor [None req-f7e6df92-cc67-4fd1-ae22-8685835f486f - - - - - -] Router 0bfe3cd6-4873-498c-9c6b-1ef07fc5e3e4 is bound to host instance
2026-07-14 11:43:19.000 9 INFO neutron.db.ovn_revision_numbers_db [None req-3a5b838f-b771-4553-bdcd-65c525e3ff4a 6a7bccac9e8c49f09b1f418df624e44b e3e4d3ad54ff4d19933257c0d1ae872d - - default default] Successfully bumped revision number for resource 30607f11-39d3-48a9-858b-a9a703a50ec8 (type: router_ports) to 1
2026-07-14 11:43:19.011 10 INFO neutron.db.ovn_revision_numbers_db [None req-252d6ba3-0d7f-4f83-b453-cf4bb2485177 74e029b5abf54ee48dc7724da09605d6 a9690140da344901a4bc15c35b39550e - - default default] Successfully bumped revision number for resource 2fffbcb0-f9ba-4f4b-b6b6-b538d3855068 (type: router_ports) to 1
2026-07-14 11:43:19.078 10 INFO neutron.db.ovn_revision_numbers_db [None req-252d6ba3-0d7f-4f83-b453-cf4bb2485177 74e029b5abf54ee48dc7724da09605d6 a9690140da344901a4bc15c35b39550e - - default default] Successfully bumped revision number for resource 0bfe3cd6-4873-498c-9c6b-1ef07fc5e3e4 (type: routers) to 2
2026-07-14 11:43:19.101 10 INFO neutron.wsgi [None req-252d6ba3-0d7f-4f83-b453-cf4bb2485177 74e029b5abf54ee48dc7724da09605d6 a9690140da344901a4bc15c35b39550e - - default default] 10.0.0.24 "POST /v2.0/routers HTTP/1.1" status: 201 len: 874 time: 1.3427918
2026-07-14 11:43:19.159 9 INFO neutron.db.ovn_revision_numbers_db [None req-3f568f6d-e58e-4385-9d7f-d9521adbf23f 4338b8e872ed4cc6b3412d44fddd8f4a 5dbb2763473c4905bec5fa14695bf995 - - default default] Successfully bumped revision number for resource 85458827-caae-4508-8d77-95af397db5b5 (type: ports) to 1
2026-07-14 11:43:19.182 10 INFO neutron.wsgi [None req-5f36b551-fafa-4019-90bf-dcdacd3f33b2 6c657bd046df44ae8a955cbd3b8fcfff b9dd55a17b744496aabb9a298b58f55c - - default default] 10.0.0.24 "GET /v2.0/subnets?project_id=a9690140da344901a4bc15c35b39550e&cidr=10.100.0.0%2F28 HTTP/1.1" status: 200 len: 207 time: 0.0751226
2026-07-14 11:43:19.193 9 INFO neutron.db.ovn_revision_numbers_db [None req-3a5b838f-b771-4553-bdcd-65c525e3ff4a 6a7bccac9e8c49f09b1f418df624e44b e3e4d3ad54ff4d19933257c0d1ae872d - - default default] Successfully bumped revision number for resource 30607f11-39d3-48a9-858b-a9a703a50ec8 (type: ports) to 1
2026-07-14 11:43:19.215 9 INFO neutron.wsgi [None req-3f568f6d-e58e-4385-9d7f-d9521adbf23f 4338b8e872ed4cc6b3412d44fddd8f4a 5dbb2763473c4905bec5fa14695bf995 - - default default] 10.0.0.24 "POST /v2.0/networks HTTP/1.1" status: 201 len: 830 time: 0.8291461
2026-07-14 11:43:19.288 10 INFO neutron.wsgi [None req-8ed85119-6a34-45ba-991d-4aefbc553f75 6c657bd046df44ae8a955cbd3b8fcfff b9dd55a17b744496aabb9a298b58f55c - - default default] 10.0.0.24 "GET /v2.0/networks?router%3Aexternal=True HTTP/1.1" status: 200 len: 947 time: 0.0999799
2026-07-14 11:43:19.306 9 WARNING neutron.scheduler.dhcp_agent_scheduler [None req-3a5b838f-b771-4553-bdcd-65c525e3ff4a 6a7bccac9e8c49f09b1f418df624e44b e3e4d3ad54ff4d19933257c0d1ae872d - - default default] No more DHCP agents
2026-07-14 11:43:19.308 9 WARNING neutron.api.rpc.agentnotifiers.dhcp_rpc_agent_api [None req-3a5b838f-b771-4553-bdcd-65c525e3ff4a 6a7bccac9e8c49f09b1f418df624e44b e3e4d3ad54ff4d19933257c0d1ae872d - - default default] Unable to schedule network 346b152f-a064-448b-b7c1-4899147867ba: no agents available; will retry on subsequent port and subnet creation events.
2026-07-14 11:43:19.311 10 INFO neutron.wsgi [None req-53117147-5fea-4747-80c9-37f4f030e77f 6c657bd046df44ae8a955cbd3b8fcfff b9dd55a17b744496aabb9a298b58f55c - - default default] 10.0.0.24 "GET /v2.0/subnets?network_id=91d2a21b-e0ad-496c-85dc-0a4fa055edab&cidr=10.100.0.0%2F28 HTTP/1.1" status: 200 len: 207 time: 0.0182438
2026-07-14 11:43:19.345 10 INFO neutron.db.segments_db [None req-08d556d6-7a69-4787-917c-a019ebcc39f3 4338b8e872ed4cc6b3412d44fddd8f4a 5dbb2763473c4905bec5fa14695bf995 - - default default] Added segment a5abc771-df93-4922-8409-ae92c73191f9 of type geneve for network 5c7d376a-4def-4d3c-b87f-71da40417bd7
2026-07-14 11:43:19.516 10 INFO neutron.db.ovn_revision_numbers_db [None req-08d556d6-7a69-4787-917c-a019ebcc39f3 4338b8e872ed4cc6b3412d44fddd8f4a 5dbb2763473c4905bec5fa14695bf995 - - default default] Successfully bumped revision number for resource 5c7d376a-4def-4d3c-b87f-71da40417bd7 (type: networks) to 1
2026-07-14 11:43:19.578 9 INFO neutron.db.ovn_revision_numbers_db [None req-3a5b838f-b771-4553-bdcd-65c525e3ff4a 6a7bccac9e8c49f09b1f418df624e44b e3e4d3ad54ff4d19933257c0d1ae872d - - default default] Successfully bumped revision number for resource 30607f11-39d3-48a9-858b-a9a703a50ec8 (type: router_ports) to 1
2026-07-14 11:43:19.580 9 INFO neutron.wsgi [None req-3a5b838f-b771-4553-bdcd-65c525e3ff4a 6a7bccac9e8c49f09b1f418df624e44b e3e4d3ad54ff4d19933257c0d1ae872d - - default default] 10.0.0.24 "PUT /v2.0/routers/67b4a094-ccaa-42b7-a78d-dce9a56eee38/add_router_interface HTTP/1.1" status: 200 len: 503 time: 2.2624440
2026-07-14 11:43:19.695 9 INFO neutron.wsgi [None req-1618e250-ea58-4f6d-832c-3469f85e6ff8 6a7bccac9e8c49f09b1f418df624e44b e3e4d3ad54ff4d19933257c0d1ae872d - - default default] 10.0.0.24 "GET /v2.0/ports/30607f11-39d3-48a9-858b-a9a703a50ec8 HTTP/1.1" status: 200 len: 1147 time: 0.1104867
2026-07-14 11:43:19.733 9 INFO neutron.wsgi [None req-b7c81246-e768-4721-b744-bb2574a97359 6a7bccac9e8c49f09b1f418df624e44b e3e4d3ad54ff4d19933257c0d1ae872d - - default default] 10.0.0.24 "GET /v2.0/ports/30607f11-39d3-48a9-858b-a9a703a50ec8 HTTP/1.1" status: 200 len: 1147 time: 0.0329578
2026-07-14 11:43:19.769 9 INFO neutron.db.ovn_revision_numbers_db [None req-f7e6df92-cc67-4fd1-ae22-8685835f486f - - - - - -] Successfully bumped revision number for resource 2fffbcb0-f9ba-4f4b-b6b6-b538d3855068 (type: ports) to 1
2026-07-14 11:43:19.860 10 WARNING neutron.scheduler.dhcp_agent_scheduler [None req-0bdb1f79-c4ee-48f0-af42-6e32916d3e96 74e029b5abf54ee48dc7724da09605d6 a9690140da344901a4bc15c35b39550e - - default default] No more DHCP agents
2026-07-14 11:43:19.866 10 WARNING neutron.api.rpc.agentnotifiers.dhcp_rpc_agent_api [None req-0bdb1f79-c4ee-48f0-af42-6e32916d3e96 74e029b5abf54ee48dc7724da09605d6 a9690140da344901a4bc15c35b39550e - - default default] Unable to schedule network a6fee978-d13e-4694-8335-624ba69b6a30: no agents available; will retry on subsequent port and subnet creation events.
2026-07-14 11:43:19.957 10 WARNING neutron.scheduler.dhcp_agent_scheduler [None req-08d556d6-7a69-4787-917c-a019ebcc39f3 4338b8e872ed4cc6b3412d44fddd8f4a 5dbb2763473c4905bec5fa14695bf995 - - default default] No more DHCP agents
2026-07-14 11:43:19.963 10 WARNING neutron.api.rpc.agentnotifiers.dhcp_rpc_agent_api [None req-08d556d6-7a69-4787-917c-a019ebcc39f3 4338b8e872ed4cc6b3412d44fddd8f4a 5dbb2763473c4905bec5fa14695bf995 - - default default] Unable to schedule network 5c7d376a-4def-4d3c-b87f-71da40417bd7: no agents available; will retry on subsequent port and subnet creation events.
2026-07-14 11:43:20.033 9 INFO neutron.db.ovn_revision_numbers_db [None req-f7e6df92-cc67-4fd1-ae22-8685835f486f - - - - - -] Successfully bumped revision number for resource 2fffbcb0-f9ba-4f4b-b6b6-b538d3855068 (type: router_ports) to 3
2026-07-14 11:43:20.083 10 INFO neutron.db.ovn_revision_numbers_db [None req-08d556d6-7a69-4787-917c-a019ebcc39f3 4338b8e872ed4cc6b3412d44fddd8f4a 5dbb2763473c4905bec5fa14695bf995 - - default default] Successfully bumped revision number for resource 07a0f886-72b9-41df-b026-175d0068b710 (type: ports) to 1
2026-07-14 11:43:20.112 10 INFO neutron.wsgi [None req-08d556d6-7a69-4787-917c-a019ebcc39f3 4338b8e872ed4cc6b3412d44fddd8f4a 5dbb2763473c4905bec5fa14695bf995 - - default default] 10.0.0.24 "POST /v2.0/networks HTTP/1.1" status: 201 len: 831 time: 0.8926787
2026-07-14 11:43:20.182 10 INFO neutron.wsgi [None req-60d78f02-4c93-4a1a-bd3f-e3831774e6ff 4338b8e872ed4cc6b3412d44fddd8f4a 5dbb2763473c4905bec5fa14695bf995 - - default default] 10.0.0.24 "PUT /v2.0/networks/abd74b0a-a936-4634-aca8-f3863dc75dc7/tags HTTP/1.1" status: 200 len: 210 time: 0.0613363
2026-07-14 11:43:20.194 9 INFO neutron.db.ovn_revision_numbers_db [None req-f7e6df92-cc67-4fd1-ae22-8685835f486f - - - - - -] Successfully bumped revision number for resource 2fffbcb0-f9ba-4f4b-b6b6-b538d3855068 (type: ports) to 2
2026-07-14 11:43:20.239 9 INFO neutron.wsgi [None req-45781238-b119-4b8d-821a-5e3f7af2b909 4338b8e872ed4cc6b3412d44fddd8f4a 5dbb2763473c4905bec5fa14695bf995 - - default default] 10.0.0.24 "PUT /v2.0/networks/2e18728c-258e-45e4-ade9-a4afb0d6185f/tags HTTP/1.1" status: 200 len: 218 time: 0.0523868
2026-07-14 11:43:20.291 9 INFO neutron.wsgi [None req-6c2eb985-fb14-4ef6-afc2-d8a83f314890 4338b8e872ed4cc6b3412d44fddd8f4a 5dbb2763473c4905bec5fa14695bf995 - - default default] 10.0.0.24 "PUT /v2.0/networks/0dcbfa12-df8c-4243-a0d4-d4eac74294bb/tags HTTP/1.1" status: 200 len: 227 time: 0.0489264
2026-07-14 11:43:20.357 10 INFO neutron.wsgi [None req-f6dde046-9ff4-4b51-90ef-964f2207fcfd 4338b8e872ed4cc6b3412d44fddd8f4a 5dbb2763473c4905bec5fa14695bf995 - - default default] 10.0.0.24 "PUT /v2.0/networks/08ae47dd-096c-480c-8b7d-3257261b9f18/tags HTTP/1.1" status: 200 len: 212 time: 0.0598755
2026-07-14 11:43:20.449 10 INFO neutron.wsgi [None req-3ae4bdd5-8585-411d-82de-63ae504243af 4338b8e872ed4cc6b3412d44fddd8f4a 5dbb2763473c4905bec5fa14695bf995 - - default default] 10.0.0.24 "GET /v2.0/networks?tags=red HTTP/1.1" status: 200 len: 2068 time: 0.0815670
2026-07-14 11:43:20.454 9 INFO neutron.db.ovn_revision_numbers_db [None req-f7e6df92-cc67-4fd1-ae22-8685835f486f - - - - - -] Successfully bumped revision number for resource 2fffbcb0-f9ba-4f4b-b6b6-b538d3855068 (type: ports) to 4
2026-07-14 11:43:20.503 10 INFO neutron.db.ovn_revision_numbers_db [None req-0bdb1f79-c4ee-48f0-af42-6e32916d3e96 74e029b5abf54ee48dc7724da09605d6 a9690140da344901a4bc15c35b39550e - - default default] Successfully bumped revision number for resource 8249d6b4-dc53-4dd0-ac7c-ab422575b3fc (type: ports) to 2
2026-07-14 11:43:20.561 10 INFO neutron.wsgi [None req-c4c0d94c-6625-463b-a74d-efe55b4d86ee 4338b8e872ed4cc6b3412d44fddd8f4a 5dbb2763473c4905bec5fa14695bf995 - - default default] 10.0.0.24 "GET /v2.0/networks?tags=red%2Cblue HTTP/1.1" status: 200 len: 1456 time: 0.1055994
2026-07-14 11:43:20.569 10 INFO neutron.db.ovn_revision_numbers_db [None req-0bdb1f79-c4ee-48f0-af42-6e32916d3e96 74e029b5abf54ee48dc7724da09605d6 a9690140da344901a4bc15c35b39550e - - default default] Successfully bumped revision number for resource 09d00a60-a2cd-4700-abaa-bfac7ce93992 (type: subnets) to 0
2026-07-14 11:43:20.586 10 INFO neutron.wsgi [None req-0bdb1f79-c4ee-48f0-af42-6e32916d3e96 74e029b5abf54ee48dc7724da09605d6 a9690140da344901a4bc15c35b39550e - - default default] 10.0.0.24 "POST /v2.0/subnets HTTP/1.1" status: 201 len: 832 time: 1.2704644
2026-07-14 11:43:20.640 9 INFO neutron.wsgi [None req-ff13ad7e-0294-4f68-b404-5f2369991794 4338b8e872ed4cc6b3412d44fddd8f4a 5dbb2763473c4905bec5fa14695bf995 - - default default] 10.0.0.24 "GET /v2.0/networks?tags-any=blue HTTP/1.1" status: 200 len: 1456 time: 0.0718665
2026-07-14 11:43:20.685 9 INFO neutron.db.ovn_revision_numbers_db [None req-f7e6df92-cc67-4fd1-ae22-8685835f486f - - - - - -] Successfully bumped revision number for resource 2fffbcb0-f9ba-4f4b-b6b6-b538d3855068 (type: router_ports) to 4
2026-07-14 11:43:20.739 10 INFO neutron.wsgi [None req-bcc82e78-c2e9-40e6-aedc-828505581849 4338b8e872ed4cc6b3412d44fddd8f4a 5dbb2763473c4905bec5fa14695bf995 - - default default] 10.0.0.24 "GET /v2.0/networks?tags-any=red%2Cblue HTTP/1.1" status: 200 len: 2068 time: 0.0943604
2026-07-14 11:43:20.777 9 INFO neutron.wsgi [None req-047a0084-4c31-4c13-9c58-99276415187d 6a7bccac9e8c49f09b1f418df624e44b e3e4d3ad54ff4d19933257c0d1ae872d - - default default] 10.0.0.24 "GET /v2.0/ports/30607f11-39d3-48a9-858b-a9a703a50ec8 HTTP/1.1" status: 200 len: 1147 time: 0.0388329
2026-07-14 11:43:20.856 10 INFO neutron.wsgi [None req-f0a6d460-ed43-4784-aba5-0b9e5bfe8b9a 4338b8e872ed4cc6b3412d44fddd8f4a 5dbb2763473c4905bec5fa14695bf995 - - default default] 10.0.0.24 "GET /v2.0/networks?not-tags=red HTTP/1.1" status: 200 len: 2068 time: 0.1121707
2026-07-14 11:43:20.981 9 INFO neutron.wsgi [None req-a5bdc083-3063-43f9-9e22-5f7b0bd6c4e6 4338b8e872ed4cc6b3412d44fddd8f4a 5dbb2763473c4905bec5fa14695bf995 - - default default] 10.0.0.24 "GET /v2.0/networks?not-tags=red%2Cblue HTTP/1.1" status: 200 len: 2680 time: 0.1190689
2026-07-14 11:43:21.206 10 WARNING neutron.scheduler.dhcp_agent_scheduler [None req-e404ddc1-ec79-4889-a7ed-18f9f38edb9e 74e029b5abf54ee48dc7724da09605d6 a9690140da344901a4bc15c35b39550e - - default default] No more DHCP agents
