2026-07-14 11:41:09.226 10 INFO neutron.wsgi [req-ec11e39d-bfa9-4826-9d4b-3aa1813c5c51 req-bdef1085-107e-41d2-9e93-8bbe3b8f4fe9 510ec922fc0a4c2daf74f2b7376f9572 007b620f9f02429dbfe1620e7e0729be - - fd004ce52a97444eaaca329ac57bdc02 fd004ce52a97444eaaca329ac57bdc02] 199.204.45.3 "GET /v2.0/ports?tenant_id=2be4d939592a4be8a2c1cbc7e88cd8fb&device_id=649f87a5-1ff6-4430-9476-ef3a41f786df HTTP/1.1" status: 200 len: 1409 time: 0.0513513
2026-07-14 11:41:09.270 9 INFO neutron.wsgi [None req-cc542076-e98b-47c4-ac9a-e4a4e12a4c08 c60935b10e1544f39671d9863bb87dba 4e4f9924d6ad453285be4c9d46068d1d - - default default] 10.0.0.24 "DELETE /v2.0/security-group-rules/2f81d67e-0167-4e48-ba05-0908c2d49ec8 HTTP/1.1" status: 204 len: 168 time: 0.0996406
2026-07-14 11:41:09.307 9 INFO neutron.wsgi [None req-eeaa8f52-173f-44f2-91b9-5ea67b049a99 c60935b10e1544f39671d9863bb87dba 4e4f9924d6ad453285be4c9d46068d1d - - default default] 10.0.0.24 "GET /v2.0/security-group-rules HTTP/1.1" status: 200 len: 3567 time: 0.0315254
2026-07-14 11:41:09.424 9 INFO neutron.wsgi [None req-bdc62513-2d8a-4e49-8cad-be94461da866 c60935b10e1544f39671d9863bb87dba 4e4f9924d6ad453285be4c9d46068d1d - - default default] 10.0.0.24 "DELETE /v2.0/security-groups/3a4f9d5e-dea6-42be-a7bc-615a1fec4ae6 HTTP/1.1" status: 204 len: 168 time: 0.1134036
2026-07-14 11:41:09.485 9 INFO neutron.wsgi [None req-56d8b861-0ccd-4c02-8f34-3db83974b124 c60935b10e1544f39671d9863bb87dba 4e4f9924d6ad453285be4c9d46068d1d - - default default] 10.0.0.24 "GET /v2.0/security-groups HTTP/1.1" status: 200 len: 2996 time: 0.0556500
2026-07-14 11:41:09.529 9 INFO neutron.wsgi [None req-1841727c-aa5e-49ab-b0ee-afbabde38dac c60935b10e1544f39671d9863bb87dba 4e4f9924d6ad453285be4c9d46068d1d - - default default] 10.0.0.24 "GET /v2.0/security-groups HTTP/1.1" status: 200 len: 2996 time: 0.0376287
2026-07-14 11:41:09.529 10 INFO neutron.wsgi [req-ec11e39d-bfa9-4826-9d4b-3aa1813c5c51 req-fdaa2301-32c0-4afb-b652-76bfb291c410 510ec922fc0a4c2daf74f2b7376f9572 007b620f9f02429dbfe1620e7e0729be - - fd004ce52a97444eaaca329ac57bdc02 fd004ce52a97444eaaca329ac57bdc02] 199.204.45.3 "GET /v2.0/networks?id=a511fdd7-84c8-44a8-922f-dd730993f01a HTTP/1.1" status: 200 len: 981 time: 0.2963989
2026-07-14 11:41:09.597 10 INFO neutron.wsgi [req-ec11e39d-bfa9-4826-9d4b-3aa1813c5c51 req-fb320127-d17b-4898-8873-e94c3745c52c 510ec922fc0a4c2daf74f2b7376f9572 007b620f9f02429dbfe1620e7e0729be - - fd004ce52a97444eaaca329ac57bdc02 fd004ce52a97444eaaca329ac57bdc02] 199.204.45.3 "GET /v2.0/floatingips?fixed_ip_address=10.100.0.4&port_id=a719b4dd-e1a6-400a-8e0e-9ddd6547384e HTTP/1.1" status: 200 len: 1059 time: 0.0598700
2026-07-14 11:41:09.642 10 INFO neutron.wsgi [req-ec11e39d-bfa9-4826-9d4b-3aa1813c5c51 req-13885a30-2041-4de5-a237-11cad23946da 510ec922fc0a4c2daf74f2b7376f9572 007b620f9f02429dbfe1620e7e0729be - - fd004ce52a97444eaaca329ac57bdc02 fd004ce52a97444eaaca329ac57bdc02] 199.204.45.3 "GET /v2.0/subnets?id=6f75536b-8a3d-4591-8c4b-5165c8495fb0 HTTP/1.1" status: 200 len: 876 time: 0.0377400
2026-07-14 11:41:09.667 10 INFO neutron.wsgi [req-ec11e39d-bfa9-4826-9d4b-3aa1813c5c51 req-4799055d-1124-4b05-aa4d-2cd71804bf9d 510ec922fc0a4c2daf74f2b7376f9572 007b620f9f02429dbfe1620e7e0729be - - fd004ce52a97444eaaca329ac57bdc02 fd004ce52a97444eaaca329ac57bdc02] 199.204.45.3 "GET /v2.0/ports?network_id=a511fdd7-84c8-44a8-922f-dd730993f01a&device_owner=network%3Adhcp HTTP/1.1" status: 200 len: 210 time: 0.0181427
2026-07-14 11:41:09.790 10 INFO neutron.wsgi [req-ec11e39d-bfa9-4826-9d4b-3aa1813c5c51 req-55b0d818-586d-4a5b-a962-729aee00f545 510ec922fc0a4c2daf74f2b7376f9572 007b620f9f02429dbfe1620e7e0729be - - fd004ce52a97444eaaca329ac57bdc02 fd004ce52a97444eaaca329ac57bdc02] 199.204.45.3 "GET /v2.0/networks/a511fdd7-84c8-44a8-922f-dd730993f01a?fields=segments HTTP/1.1" status: 200 len: 212 time: 0.1172926
2026-07-14 11:41:09.878 10 INFO neutron.wsgi [req-ec11e39d-bfa9-4826-9d4b-3aa1813c5c51 req-1e145e44-6164-4bb6-8cf4-cd734e2a41db 510ec922fc0a4c2daf74f2b7376f9572 007b620f9f02429dbfe1620e7e0729be - - fd004ce52a97444eaaca329ac57bdc02 fd004ce52a97444eaaca329ac57bdc02] 199.204.45.3 "GET /v2.0/networks/a511fdd7-84c8-44a8-922f-dd730993f01a?fields=provider%3Aphysical_network&fields=provider%3Anetwork_type HTTP/1.1" status: 200 len: 277 time: 0.0789800
2026-07-14 11:41:09.975 10 WARNING neutron.scheduler.dhcp_agent_scheduler [None req-8a9e6970-165d-4760-b560-a3bf38e91897 c39379b8f4974152a4e9e6296827b110 e8b62f19b48b4de79d92b729c5c9ff01 - - default default] No more DHCP agents
2026-07-14 11:41:09.978 10 WARNING neutron.api.rpc.agentnotifiers.dhcp_rpc_agent_api [None req-8a9e6970-165d-4760-b560-a3bf38e91897 c39379b8f4974152a4e9e6296827b110 e8b62f19b48b4de79d92b729c5c9ff01 - - default default] Unable to schedule network 78e41874-6d81-4bff-914e-b1f04e906f92: no agents available; will retry on subsequent port and subnet creation events.
2026-07-14 11:41:10.155 10 INFO neutron.db.ovn_revision_numbers_db [None req-8a9e6970-165d-4760-b560-a3bf38e91897 c39379b8f4974152a4e9e6296827b110 e8b62f19b48b4de79d92b729c5c9ff01 - - default default] Successfully bumped revision number for resource 3527f29c-7abc-4b4a-9d6f-4bfa09707f3c (type: ports) to 1
2026-07-14 11:41:10.218 9 INFO neutron.wsgi [None req-75d98bc0-77ab-4b75-8846-09c8c35380d4 e820eb7e754441859d3dfd86f088be9c 5d80ea2504e6400d9538295a00471c07 - - default default] 10.0.0.24 "GET /v2.0/security-groups?tenant_id=4e4f9924d6ad453285be4c9d46068d1d&name=default HTTP/1.1" status: 200 len: 2996 time: 0.1637483
2026-07-14 11:41:10.375 9 INFO neutron.wsgi [req-cf1838e5-edd3-4191-b088-8cbca895e1e5 req-55c1aa8e-6756-4dcb-8678-23e29f29db80 542febbdfed54952a8e649d08a3561fc 2be4d939592a4be8a2c1cbc7e88cd8fb - - default default] 10.0.0.47 "GET /v2.0/ports?device_id=649f87a5-1ff6-4430-9476-ef3a41f786df HTTP/1.1" status: 200 len: 1170 time: 0.0407274
2026-07-14 11:41:10.464 9 INFO neutron.wsgi [req-cf1838e5-edd3-4191-b088-8cbca895e1e5 req-dcb2991a-69b1-4878-97c8-baf2ed4febb2 542febbdfed54952a8e649d08a3561fc 2be4d939592a4be8a2c1cbc7e88cd8fb - - default default] 10.0.0.47 "GET /v2.0/security-groups?id=33934efa-4ed2-4a9a-8805-ceefc1dfc225&fields=id&fields=name HTTP/1.1" status: 200 len: 313 time: 0.0830181
2026-07-14 11:41:10.521 9 INFO neutron.wsgi [None req-69a8dda7-53ea-4080-b99b-3d2c7dec61d8 e820eb7e754441859d3dfd86f088be9c 5d80ea2504e6400d9538295a00471c07 - - default default] 10.0.0.24 "DELETE /v2.0/security-groups/60d35b04-cfe3-448c-adba-527c4e1b7c06 HTTP/1.1" status: 204 len: 168 time: 0.2994769
2026-07-14 11:41:10.751 9 INFO neutron.plugins.ml2.drivers.ovn.mech_driver.mech_driver [None req-c1242a75-d02a-4fc2-b5c7-5567aded73f5 - - - - - -] OVN reports status up for port: 3527f29c-7abc-4b4a-9d6f-4bfa09707f3c
2026-07-14 11:41:10.758 9 INFO neutron.plugins.ml2.plugin [None req-c1242a75-d02a-4fc2-b5c7-5567aded73f5 - - - - - -] Attempt 1 to provision port 3527f29c-7abc-4b4a-9d6f-4bfa09707f3c
2026-07-14 11:41:10.801 10 INFO neutron.wsgi [req-2fffd478-5be1-4308-85f1-109408fbdd8e req-fc8633cc-9e2b-4aa7-bfbf-6dd44f7ba3b0 542febbdfed54952a8e649d08a3561fc 2be4d939592a4be8a2c1cbc7e88cd8fb - - default default] 199.204.45.3 "GET /v2.0/ports?device_id=649f87a5-1ff6-4430-9476-ef3a41f786df HTTP/1.1" status: 200 len: 1170 time: 0.1181836
2026-07-14 11:41:10.801 10 INFO neutron.db.ovn_revision_numbers_db [None req-8a9e6970-165d-4760-b560-a3bf38e91897 c39379b8f4974152a4e9e6296827b110 e8b62f19b48b4de79d92b729c5c9ff01 - - default default] Successfully bumped revision number for resource 3527f29c-7abc-4b4a-9d6f-4bfa09707f3c (type: router_ports) to 1
2026-07-14 11:41:10.997 10 INFO neutron.db.ovn_revision_numbers_db [None req-8a9e6970-165d-4760-b560-a3bf38e91897 c39379b8f4974152a4e9e6296827b110 e8b62f19b48b4de79d92b729c5c9ff01 - - default default] Successfully bumped revision number for resource 3527f29c-7abc-4b4a-9d6f-4bfa09707f3c (type: ports) to 1
2026-07-14 11:41:11.052 9 INFO neutron.db.ovn_revision_numbers_db [None req-c1242a75-d02a-4fc2-b5c7-5567aded73f5 - - - - - -] Successfully bumped revision number for resource 3527f29c-7abc-4b4a-9d6f-4bfa09707f3c (type: ports) to 2
2026-07-14 11:41:11.121 10 WARNING neutron.scheduler.dhcp_agent_scheduler [None req-8a9e6970-165d-4760-b560-a3bf38e91897 c39379b8f4974152a4e9e6296827b110 e8b62f19b48b4de79d92b729c5c9ff01 - - default default] No more DHCP agents
2026-07-14 11:41:11.122 10 WARNING neutron.api.rpc.agentnotifiers.dhcp_rpc_agent_api [None req-8a9e6970-165d-4760-b560-a3bf38e91897 c39379b8f4974152a4e9e6296827b110 e8b62f19b48b4de79d92b729c5c9ff01 - - default default] Unable to schedule network 78e41874-6d81-4bff-914e-b1f04e906f92: no agents available; will retry on subsequent port and subnet creation events.
2026-07-14 11:41:11.185 9 INFO neutron.db.ovn_revision_numbers_db [None req-c1242a75-d02a-4fc2-b5c7-5567aded73f5 - - - - - -] Successfully bumped revision number for resource 3527f29c-7abc-4b4a-9d6f-4bfa09707f3c (type: router_ports) to 2
2026-07-14 11:41:11.202 10 INFO neutron.db.l3_db [req-2fffd478-5be1-4308-85f1-109408fbdd8e req-156320e3-e810-45ee-b575-14320f8a8187 542febbdfed54952a8e649d08a3561fc 2be4d939592a4be8a2c1cbc7e88cd8fb - - default default] Floating IP 8ca4b90b-4145-4420-8b04-2b3a30352333 disassociated. External IP: 10.96.250.218, port: a719b4dd-e1a6-400a-8e0e-9ddd6547384e.
2026-07-14 11:41:11.465 10 INFO neutron.wsgi [req-2fffd478-5be1-4308-85f1-109408fbdd8e req-156320e3-e810-45ee-b575-14320f8a8187 542febbdfed54952a8e649d08a3561fc 2be4d939592a4be8a2c1cbc7e88cd8fb - - default default] 199.204.45.3 "DELETE /v2.0/ports/a719b4dd-e1a6-400a-8e0e-9ddd6547384e HTTP/1.1" status: 204 len: 173 time: 0.6532800
2026-07-14 11:41:11.515 10 INFO neutron.notifiers.nova [-] Nova event matching ['req-aaf5bb8f-b982-4b10-9ba6-1a37755fe4dd'] response: {'server_uuid': '649f87a5-1ff6-4430-9476-ef3a41f786df', 'name': 'network-vif-deleted', 'tag': 'a719b4dd-e1a6-400a-8e0e-9ddd6547384e', 'status': 'completed', 'code': 200}
2026-07-14 11:41:11.572 10 INFO neutron.db.ovn_revision_numbers_db [None req-8a9e6970-165d-4760-b560-a3bf38e91897 c39379b8f4974152a4e9e6296827b110 e8b62f19b48b4de79d92b729c5c9ff01 - - default default] Successfully bumped revision number for resource 3527f29c-7abc-4b4a-9d6f-4bfa09707f3c (type: router_ports) to 2
2026-07-14 11:41:11.576 9 INFO neutron.wsgi [req-8aa4fb95-6ec1-440c-9f24-caca79dbde57 req-84074f44-52c5-4d1e-b306-88b789d2ba27 542febbdfed54952a8e649d08a3561fc 2be4d939592a4be8a2c1cbc7e88cd8fb - - default default] 10.0.0.47 "GET /v2.0/ports?device_id=649f87a5-1ff6-4430-9476-ef3a41f786df HTTP/1.1" status: 200 len: 210 time: 0.0352168
2026-07-14 11:41:11.576 10 INFO neutron.wsgi [None req-8a9e6970-165d-4760-b560-a3bf38e91897 c39379b8f4974152a4e9e6296827b110 e8b62f19b48b4de79d92b729c5c9ff01 - - default default] 10.0.0.24 "PUT /v2.0/routers/b090fed9-bc24-429b-bb35-f5e496f3fb0c/add_router_interface HTTP/1.1" status: 200 len: 503 time: 2.4642198
2026-07-14 11:41:11.947 9 WARNING neutron.scheduler.dhcp_agent_scheduler [None req-392425f6-3d7e-4670-ad05-8c6d5c1ac9f7 c39379b8f4974152a4e9e6296827b110 e8b62f19b48b4de79d92b729c5c9ff01 - - default default] No more DHCP agents
2026-07-14 11:41:11.949 9 WARNING neutron.api.rpc.agentnotifiers.dhcp_rpc_agent_api [None req-392425f6-3d7e-4670-ad05-8c6d5c1ac9f7 c39379b8f4974152a4e9e6296827b110 e8b62f19b48b4de79d92b729c5c9ff01 - - default default] Unable to schedule network 78e41874-6d81-4bff-914e-b1f04e906f92: no agents available; will retry on subsequent port and subnet creation events.
2026-07-14 11:41:12.165 10 INFO neutron.wsgi [req-24c5ffdf-81e4-4904-a4a5-763e87305bc1 req-04e546cf-30fb-4d81-94c1-46c5217e7865 88e1d9d0d4174993ba29603e64250953 ac7d19e68908497d9d9a46241a2b6e81 - - default default] 10.0.0.47 "GET /v2.0/ports?device_id=9959a51a-8d80-4546-940f-345ab1162339 HTTP/1.1" status: 200 len: 1174 time: 0.0806522
2026-07-14 11:41:12.225 10 INFO neutron.wsgi [req-24c5ffdf-81e4-4904-a4a5-763e87305bc1 req-1845e819-0c7f-464a-9b65-c68d2f0326ef 88e1d9d0d4174993ba29603e64250953 ac7d19e68908497d9d9a46241a2b6e81 - - default default] 10.0.0.47 "GET /v2.0/security-groups?id=883ba285-5c2e-42d7-92d9-bcd190ff2691&fields=id&fields=name HTTP/1.1" status: 200 len: 313 time: 0.0525677
2026-07-14 11:41:12.316 9 INFO neutron.db.ovn_revision_numbers_db [None req-392425f6-3d7e-4670-ad05-8c6d5c1ac9f7 c39379b8f4974152a4e9e6296827b110 e8b62f19b48b4de79d92b729c5c9ff01 - - default default] Successfully bumped revision number for resource f24ed2f2-f74b-4f42-ba39-7c2ceef3e97d (type: ports) to 1
2026-07-14 11:41:12.339 9 INFO neutron.wsgi [None req-392425f6-3d7e-4670-ad05-8c6d5c1ac9f7 c39379b8f4974152a4e9e6296827b110 e8b62f19b48b4de79d92b729c5c9ff01 - - default default] 10.0.0.24 "POST /v2.0/ports HTTP/1.1" status: 201 len: 1157 time: 0.7593651 /var/lib/openstack/lib/python3.10/site-packages/pycadf/identifier.py:71: UserWarning: Invalid uuid: neutron. To ensure interoperability, identifiers should be a valid uuid. warnings.warn(('Invalid uuid: %s. To ensure interoperability, '
2026-07-14 11:41:12.440 10 INFO neutron.wsgi [req-afb1bac3-25a7-49e0-abdf-efe2cab6a496 req-9ede719a-61c9-4508-973c-d825457cf05b 88e1d9d0d4174993ba29603e64250953 ac7d19e68908497d9d9a46241a2b6e81 - - default default] 10.0.0.47 "GET /v2.0/ports?device_id=9959a51a-8d80-4546-940f-345ab1162339 HTTP/1.1" status: 200 len: 1174 time: 0.0570304
2026-07-14 11:41:12.478 10 INFO neutron.wsgi [req-afb1bac3-25a7-49e0-abdf-efe2cab6a496 req-eed46399-8d9f-412b-8ede-8c5f03eb4ab5 88e1d9d0d4174993ba29603e64250953 ac7d19e68908497d9d9a46241a2b6e81 - - default default] 10.0.0.47 "GET /v2.0/security-groups?id=883ba285-5c2e-42d7-92d9-bcd190ff2691&fields=id&fields=name HTTP/1.1" status: 200 len: 313 time: 0.0319099 /var/lib/openstack/lib/python3.10/site-packages/pycadf/identifier.py:71: UserWarning: Invalid uuid: neutron. To ensure interoperability, identifiers should be a valid uuid. warnings.warn(('Invalid uuid: %s. To ensure interoperability, '
2026-07-14 11:41:12.738 9 WARNING neutron.scheduler.dhcp_agent_scheduler [None req-2ad57ead-cc31-4022-bb9c-f014b776a44f c39379b8f4974152a4e9e6296827b110 e8b62f19b48b4de79d92b729c5c9ff01 - - default default] No more DHCP agents
2026-07-14 11:41:12.741 10 INFO neutron.wsgi [req-dbb45a05-8cf2-4ba4-9638-dfe10a3aeb0e req-1754d7cb-b2e4-4f02-93eb-b2b7630a7c6b 88e1d9d0d4174993ba29603e64250953 ac7d19e68908497d9d9a46241a2b6e81 - - default default] 199.204.45.3 "GET /v2.0/ports?device_id=9959a51a-8d80-4546-940f-345ab1162339 HTTP/1.1" status: 200 len: 1174 time: 0.0345871
2026-07-14 11:41:12.742 9 WARNING neutron.api.rpc.agentnotifiers.dhcp_rpc_agent_api [None req-2ad57ead-cc31-4022-bb9c-f014b776a44f c39379b8f4974152a4e9e6296827b110 e8b62f19b48b4de79d92b729c5c9ff01 - - default default] Unable to schedule network 78e41874-6d81-4bff-914e-b1f04e906f92: no agents available; will retry on subsequent port and subnet creation events.
2026-07-14 11:41:12.880 9 INFO neutron.wsgi [None req-d09877e5-2583-44e1-be59-c37f56c059ab 542febbdfed54952a8e649d08a3561fc 2be4d939592a4be8a2c1cbc7e88cd8fb - - default default] 10.0.0.24 "DELETE /v2.0/security-groups/33934efa-4ed2-4a9a-8805-ceefc1dfc225 HTTP/1.1" status: 204 len: 168 time: 0.1830115 /var/lib/openstack/lib/python3.10/site-packages/pycadf/identifier.py:71: UserWarning: Invalid uuid: neutron. To ensure interoperability, identifiers should be a valid uuid. warnings.warn(('Invalid uuid: %s. To ensure interoperability, '
2026-07-14 11:41:12.898 9 INFO neutron.api.v2.resource [None req-de7f4f76-b82d-41b3-85e6-8d91bb43ae3b 542febbdfed54952a8e649d08a3561fc 2be4d939592a4be8a2c1cbc7e88cd8fb - - default default] show failed (client error): The resource could not be found.
2026-07-14 11:41:12.899 9 INFO neutron.wsgi [None req-de7f4f76-b82d-41b3-85e6-8d91bb43ae3b 542febbdfed54952a8e649d08a3561fc 2be4d939592a4be8a2c1cbc7e88cd8fb - - default default] 10.0.0.24 "GET /v2.0/security-groups/33934efa-4ed2-4a9a-8805-ceefc1dfc225 HTTP/1.1" status: 404 len: 347 time: 0.0145564
2026-07-14 11:41:12.966 9 INFO neutron.db.ovn_revision_numbers_db [None req-2ad57ead-cc31-4022-bb9c-f014b776a44f c39379b8f4974152a4e9e6296827b110 e8b62f19b48b4de79d92b729c5c9ff01 - - default default] Successfully bumped revision number for resource 3ed9ea44-dd84-4413-8789-56e854facf65 (type: ports) to 1
2026-07-14 11:41:12.987 9 INFO neutron.wsgi [None req-2ad57ead-cc31-4022-bb9c-f014b776a44f c39379b8f4974152a4e9e6296827b110 e8b62f19b48b4de79d92b729c5c9ff01 - - default default] 10.0.0.24 "POST /v2.0/ports HTTP/1.1" status: 201 len: 1158 time: 0.6428802
2026-07-14 11:41:13.102 10 INFO neutron.db.l3_db [req-dbb45a05-8cf2-4ba4-9638-dfe10a3aeb0e req-ce24e92d-e7c8-45e3-a4d3-8823f7683d7f 88e1d9d0d4174993ba29603e64250953 ac7d19e68908497d9d9a46241a2b6e81 - - default default] Floating IP e6cde5b2-68c8-4991-81e8-31a1c72266c3 disassociated. External IP: 10.96.250.204, port: 1ab82f1a-d20f-4cae-af68-2578f2049ef5.
2026-07-14 11:41:13.248 9 INFO neutron.wsgi [None req-3152e440-6f31-4573-8712-21cff69a8109 542febbdfed54952a8e649d08a3561fc 2be4d939592a4be8a2c1cbc7e88cd8fb - - default default] 10.0.0.24 "DELETE /v2.0/floatingips/8ca4b90b-4145-4420-8b04-2b3a30352333 HTTP/1.1" status: 204 len: 168 time: 0.3449545
2026-07-14 11:41:13.570 9 INFO neutron.wsgi [req-b28b11ac-b322-4c66-8be4-8fa3c587e487 req-7dc47fa7-96ad-4b4f-8678-ad44e4b41d49 88e1d9d0d4174993ba29603e64250953 ac7d19e68908497d9d9a46241a2b6e81 - - default default] 10.0.0.47 "GET /v2.0/ports?device_id=9959a51a-8d80-4546-940f-345ab1162339 HTTP/1.1" status: 200 len: 210 time: 0.0275497
2026-07-14 11:41:13.588 10 INFO neutron.wsgi [req-dbb45a05-8cf2-4ba4-9638-dfe10a3aeb0e req-ce24e92d-e7c8-45e3-a4d3-8823f7683d7f 88e1d9d0d4174993ba29603e64250953 ac7d19e68908497d9d9a46241a2b6e81 - - default default] 199.204.45.3 "DELETE /v2.0/ports/1ab82f1a-d20f-4cae-af68-2578f2049ef5 HTTP/1.1" status: 204 len: 173 time: 0.8415124
2026-07-14 11:41:13.607 10 WARNING neutron.scheduler.dhcp_agent_scheduler [None req-4da15a70-f262-45fe-b744-8f2f5d10f90a c39379b8f4974152a4e9e6296827b110 e8b62f19b48b4de79d92b729c5c9ff01 - - default default] No more DHCP agents
2026-07-14 11:41:13.611 10 WARNING neutron.api.rpc.agentnotifiers.dhcp_rpc_agent_api [None req-4da15a70-f262-45fe-b744-8f2f5d10f90a c39379b8f4974152a4e9e6296827b110 e8b62f19b48b4de79d92b729c5c9ff01 - - default default] Unable to schedule network 91d2a21b-e0ad-496c-85dc-0a4fa055edab: no agents available; will retry on subsequent port and subnet creation events.
2026-07-14 11:41:13.631 10 INFO neutron.notifiers.nova [-] Nova event matching ['req-83810810-114e-4580-9a86-1c8f4b56aa04'] response: {'server_uuid': '9959a51a-8d80-4546-940f-345ab1162339', 'name': 'network-vif-deleted', 'tag': '1ab82f1a-d20f-4cae-af68-2578f2049ef5', 'status': 'completed', 'code': 200}
2026-07-14 11:41:14.074 10 INFO neutron.db.l3_db [None req-4da15a70-f262-45fe-b744-8f2f5d10f90a c39379b8f4974152a4e9e6296827b110 e8b62f19b48b4de79d92b729c5c9ff01 - - default default] Floating IP ab73915c-271a-4034-a1f2-60b7cf033c47 associated. External IP: 10.96.250.207, port: 3ed9ea44-dd84-4413-8789-56e854facf65.
2026-07-14 11:41:14.141 10 WARNING neutron.plugins.ml2.drivers.ovn.mech_driver.ovsdb.ovn_client [None req-bce252a6-e8d4-4e60-89b6-69e113a9828b - - - - - -] No hosting information found for port 18cf903c-22dc-486b-a14c-87f5e163da18: RuntimeError: No hosting information found for port 18cf903c-22dc-486b-a14c-87f5e163da18
2026-07-14 11:41:14.141 10 INFO neutron.plugins.ml2.drivers.ovn.mech_driver.mech_driver [None req-bce252a6-e8d4-4e60-89b6-69e113a9828b - - - - - -] OVN reports status down for port: a719b4dd-e1a6-400a-8e0e-9ddd6547384e
2026-07-14 11:41:14.159 10 INFO neutron.plugins.ml2.drivers.ovn.mech_driver.mech_driver [None req-bce252a6-e8d4-4e60-89b6-69e113a9828b - - - - - -] OVN reports status down for port: 1ab82f1a-d20f-4cae-af68-2578f2049ef5
2026-07-14 11:41:14.268 10 INFO neutron.db.ovn_revision_numbers_db [None req-4da15a70-f262-45fe-b744-8f2f5d10f90a c39379b8f4974152a4e9e6296827b110 e8b62f19b48b4de79d92b729c5c9ff01 - - default default] Successfully bumped revision number for resource ab73915c-271a-4034-a1f2-60b7cf033c47 (type: floatingips) to 0
2026-07-14 11:41:14.376 10 INFO neutron.db.ovn_revision_numbers_db [None req-4da15a70-f262-45fe-b744-8f2f5d10f90a c39379b8f4974152a4e9e6296827b110 e8b62f19b48b4de79d92b729c5c9ff01 - - default default] Successfully bumped revision number for resource ab73915c-271a-4034-a1f2-60b7cf033c47 (type: floatingips) to 1
2026-07-14 11:41:14.410 10 INFO neutron.wsgi [None req-4da15a70-f262-45fe-b744-8f2f5d10f90a c39379b8f4974152a4e9e6296827b110 e8b62f19b48b4de79d92b729c5c9ff01 - - default default] 10.0.0.24 "POST /v2.0/floatingips HTTP/1.1" status: 201 len: 1042 time: 1.4179006
2026-07-14 11:41:14.549 10 INFO neutron.db.l3_db [None req-501e9f5c-381a-417d-bf23-331e84aa75d2 c39379b8f4974152a4e9e6296827b110 e8b62f19b48b4de79d92b729c5c9ff01 - - default default] Floating IP ab73915c-271a-4034-a1f2-60b7cf033c47 disassociated. External IP: 10.96.250.207, port: 3ed9ea44-dd84-4413-8789-56e854facf65.
2026-07-14 11:41:14.579 10 INFO neutron.db.ovn_revision_numbers_db [None req-501e9f5c-381a-417d-bf23-331e84aa75d2 c39379b8f4974152a4e9e6296827b110 e8b62f19b48b4de79d92b729c5c9ff01 - - default default] Successfully bumped revision number for resource ab73915c-271a-4034-a1f2-60b7cf033c47 (type: floatingips) to 2
2026-07-14 11:41:14.605 9 INFO neutron.wsgi [None req-51e3d82e-d819-4e58-a415-26ad431e5bf4 e820eb7e754441859d3dfd86f088be9c 5d80ea2504e6400d9538295a00471c07 - - default default] 10.0.0.24 "PUT /v2.0/routers/9241f753-b3bc-4207-a81d-d189a398c2a8/remove_router_interface HTTP/1.1" status: 200 len: 503 time: 1.2685487 /var/lib/openstack/lib/python3.10/site-packages/pycadf/identifier.py:71: UserWarning: Invalid uuid: neutron. To ensure interoperability, identifiers should be a valid uuid. warnings.warn(('Invalid uuid: %s. To ensure interoperability, '
2026-07-14 11:41:14.658 10 INFO neutron.wsgi [None req-501e9f5c-381a-417d-bf23-331e84aa75d2 c39379b8f4974152a4e9e6296827b110 e8b62f19b48b4de79d92b729c5c9ff01 - - default default] 10.0.0.24 "PUT /v2.0/floatingips/ab73915c-271a-4034-a1f2-60b7cf033c47 HTTP/1.1" status: 200 len: 748 time: 0.2421005
2026-07-14 11:41:14.782 10 INFO neutron.wsgi [None req-cf69f5ae-b63a-407d-8dac-343c3034720f 88e1d9d0d4174993ba29603e64250953 ac7d19e68908497d9d9a46241a2b6e81 - - default default] 10.0.0.24 "DELETE /v2.0/security-groups/883ba285-5c2e-42d7-92d9-bcd190ff2691 HTTP/1.1" status: 204 len: 168 time: 0.1228957
2026-07-14 11:41:14.798 10 INFO neutron.api.v2.resource [None req-ecf72215-f779-4618-9d1e-e05dc2d69ff8 88e1d9d0d4174993ba29603e64250953 ac7d19e68908497d9d9a46241a2b6e81 - - default default] show failed (client error): The resource could not be found.
2026-07-14 11:41:14.800 10 INFO neutron.wsgi [None req-ecf72215-f779-4618-9d1e-e05dc2d69ff8 88e1d9d0d4174993ba29603e64250953 ac7d19e68908497d9d9a46241a2b6e81 - - default default] 10.0.0.24 "GET /v2.0/security-groups/883ba285-5c2e-42d7-92d9-bcd190ff2691 HTTP/1.1" status: 404 len: 347 time: 0.0111670
2026-07-14 11:41:15.072 9 INFO neutron.wsgi [None req-d4517198-e8b1-4874-8c91-2837797a9b8b c39379b8f4974152a4e9e6296827b110 e8b62f19b48b4de79d92b729c5c9ff01 - - default default] 10.0.0.24 "DELETE /v2.0/floatingips/ab73915c-271a-4034-a1f2-60b7cf033c47 HTTP/1.1" status: 204 len: 168 time: 0.4091704
2026-07-14 11:41:15.253 10 INFO neutron.db.ovn_revision_numbers_db [None req-5ace54e4-7d38-4146-90eb-153924e27408 e820eb7e754441859d3dfd86f088be9c 5d80ea2504e6400d9538295a00471c07 - - default default] Successfully bumped revision number for resource cc6e58dc-e9a9-4266-ba8c-d6b2608c41e7 (type: security_groups) to 1
2026-07-14 11:41:15.271 10 INFO neutron.wsgi [None req-f35263b8-90b3-4e17-96ea-cc16bfcafa2b 88e1d9d0d4174993ba29603e64250953 ac7d19e68908497d9d9a46241a2b6e81 - - default default] 10.0.0.24 "DELETE /v2.0/floatingips/e6cde5b2-68c8-4991-81e8-31a1c72266c3 HTTP/1.1" status: 204 len: 168 time: 0.4650629
2026-07-14 11:41:15.305 10 INFO neutron.db.ovn_revision_numbers_db [None req-5ace54e4-7d38-4146-90eb-153924e27408 e820eb7e754441859d3dfd86f088be9c 5d80ea2504e6400d9538295a00471c07 - - default default] Successfully bumped revision number for resource 245c29be-8f76-4695-a27c-db34252d88c5 (type: security_group_rules) to 0
2026-07-14 11:41:15.342 10 INFO neutron.db.ovn_revision_numbers_db [None req-5ace54e4-7d38-4146-90eb-153924e27408 e820eb7e754441859d3dfd86f088be9c 5d80ea2504e6400d9538295a00471c07 - - default default] Successfully bumped revision number for resource 42033643-d85e-4f6c-8ee7-5c35b3eba8ca (type: security_group_rules) to 0
2026-07-14 11:41:15.382 10 INFO neutron.db.ovn_revision_numbers_db [None req-5ace54e4-7d38-4146-90eb-153924e27408 e820eb7e754441859d3dfd86f088be9c 5d80ea2504e6400d9538295a00471c07 - - default default] Successfully bumped revision number for resource 7a15fb91-c00e-46e8-8eb6-b31de10274fe (type: security_group_rules) to 0
2026-07-14 11:41:15.420 10 INFO neutron.db.ovn_revision_numbers_db [None req-5ace54e4-7d38-4146-90eb-153924e27408 e820eb7e754441859d3dfd86f088be9c 5d80ea2504e6400d9538295a00471c07 - - default default] Successfully bumped revision number for resource 8f58665d-7249-4611-abaa-175902e91b38 (type: security_group_rules) to 0
2026-07-14 11:41:15.460 10 INFO neutron.wsgi [None req-5ace54e4-7d38-4146-90eb-153924e27408 e820eb7e754441859d3dfd86f088be9c 5d80ea2504e6400d9538295a00471c07 - - default default] 10.0.0.24 "GET /v2.0/security-groups?tenant_id=43618a53e22045f2a0afee550f73698a&name=default HTTP/1.1" status: 200 len: 2996 time: 0.5327756
2026-07-14 11:41:15.529 10 WARNING neutron.scheduler.dhcp_agent_scheduler [None req-06d6b270-deb7-4e09-b327-645e8b33d314 c39379b8f4974152a4e9e6296827b110 e8b62f19b48b4de79d92b729c5c9ff01 - - default default] No more DHCP agents
2026-07-14 11:41:15.531 9 INFO neutron.wsgi [None req-5e88d874-59b7-4fcd-9982-f903b4a0337f e820eb7e754441859d3dfd86f088be9c 5d80ea2504e6400d9538295a00471c07 - - default default] 10.0.0.24 "DELETE /v2.0/routers/9241f753-b3bc-4207-a81d-d189a398c2a8 HTTP/1.1" status: 204 len: 168 time: 0.9212978
2026-07-14 11:41:15.533 10 WARNING neutron.api.rpc.agentnotifiers.dhcp_rpc_agent_api [None req-06d6b270-deb7-4e09-b327-645e8b33d314 c39379b8f4974152a4e9e6296827b110 e8b62f19b48b4de79d92b729c5c9ff01 - - default default] Unable to schedule network 91d2a21b-e0ad-496c-85dc-0a4fa055edab: no agents available; will retry on subsequent port and subnet creation events.
2026-07-14 11:41:15.714 9 INFO neutron.wsgi [None req-7ae48e65-d7c4-4bc7-b67a-693395fc2419 e820eb7e754441859d3dfd86f088be9c 5d80ea2504e6400d9538295a00471c07 - - default default] 10.0.0.24 "DELETE /v2.0/subnets/6f75536b-8a3d-4591-8c4b-5165c8495fb0 HTTP/1.1" status: 204 len: 168 time: 0.1786129
2026-07-14 11:41:15.875 10 INFO neutron.wsgi [None req-21bfa049-4674-41c9-b29c-0ba43088e8eb e820eb7e754441859d3dfd86f088be9c 5d80ea2504e6400d9538295a00471c07 - - default default] 10.0.0.24 "DELETE /v2.0/security-groups/cc6e58dc-e9a9-4266-ba8c-d6b2608c41e7 HTTP/1.1" status: 204 len: 168 time: 0.4032273
2026-07-14 11:41:16.049 9 WARNING neutron.plugins.ml2.drivers.ovn.mech_driver.ovsdb.ovn_client [None req-c1242a75-d02a-4fc2-b5c7-5567aded73f5 - - - - - -] No hosting information found for port 3527f29c-7abc-4b4a-9d6f-4bfa09707f3c: RuntimeError: No hosting information found for port 3527f29c-7abc-4b4a-9d6f-4bfa09707f3c
2026-07-14 11:41:16.217 9 INFO neutron.services.segments.plugin [-] Segment 962e19a0-dd2b-442e-ba8f-ff5cc59bb713 resource provider aggregate not found
2026-07-14 11:41:16.223 9 INFO neutron.services.segments.plugin [-] Segment 962e19a0-dd2b-442e-ba8f-ff5cc59bb713 resource provider aggregate not found
2026-07-14 11:41:16.240 9 INFO neutron.services.segments.plugin [-] Segment 962e19a0-dd2b-442e-ba8f-ff5cc59bb713 resource provider not found; error: Placement Client Error (4xx): {"errors": [{"status": 404, "title": "Not Found", "detail": "The resource could not be found.\n\n No resource provider with uuid 962e19a0-dd2b-442e-ba8f-ff5cc59bb713 found for delete ", "request_id": "req-076fc74b-094a-4660-876a-5257b7e1afcf"}]}
2026-07-14 11:41:16.246 9 INFO neutron.services.segments.plugin [-] Segment 962e19a0-dd2b-442e-ba8f-ff5cc59bb713 resource provider not found; error: Placement Client Error (4xx): {"errors": [{"status": 404, "title": "Not Found", "detail": "The resource could not be found.\n\n No resource provider with uuid 962e19a0-dd2b-442e-ba8f-ff5cc59bb713 found for delete ", "request_id": "req-563d6276-c96d-4d42-b05e-ca26d2fa4062"}]}
2026-07-14 11:41:16.262 9 INFO neutron.wsgi [None req-e0e64398-4368-48e6-b785-aa9814e84120 e820eb7e754441859d3dfd86f088be9c 5d80ea2504e6400d9538295a00471c07 - - default default] 10.0.0.24 "DELETE /v2.0/networks/a511fdd7-84c8-44a8-922f-dd730993f01a HTTP/1.1" status: 204 len: 168 time: 0.5410573
2026-07-14 11:41:16.320 10 INFO neutron.db.l3_db [None req-06d6b270-deb7-4e09-b327-645e8b33d314 c39379b8f4974152a4e9e6296827b110 e8b62f19b48b4de79d92b729c5c9ff01 - - default default] Floating IP bf557e00-3f18-4fad-b936-ecf6ca50cd31 associated. External IP: 10.96.250.210, port: f24ed2f2-f74b-4f42-ba39-7c2ceef3e97d. /var/lib/openstack/lib/python3.10/site-packages/pycadf/identifier.py:71: UserWarning: Invalid uuid: neutron. To ensure interoperability, identifiers should be a valid uuid. warnings.warn(('Invalid uuid: %s. To ensure interoperability, '
2026-07-14 11:41:16.493 9 INFO neutron.wsgi [None req-7662f2dc-42d9-47b5-9675-2637e5beb7c0 e820eb7e754441859d3dfd86f088be9c 5d80ea2504e6400d9538295a00471c07 - - default default] 10.0.0.24 "GET /v2.0/security-groups?tenant_id=2be4d939592a4be8a2c1cbc7e88cd8fb&name=default HTTP/1.1" status: 200 len: 2996 time: 0.0452700
2026-07-14 11:41:16.588 10 INFO neutron.db.ovn_revision_numbers_db [None req-06d6b270-deb7-4e09-b327-645e8b33d314 c39379b8f4974152a4e9e6296827b110 e8b62f19b48b4de79d92b729c5c9ff01 - - default default] Successfully bumped revision number for resource bf557e00-3f18-4fad-b936-ecf6ca50cd31 (type: floatingips) to 0
2026-07-14 11:41:16.724 9 INFO neutron.wsgi [None req-df4d9bb6-ede0-46ca-95d3-376867ab1fa2 e820eb7e754441859d3dfd86f088be9c 5d80ea2504e6400d9538295a00471c07 - - default default] 10.0.0.24 "DELETE /v2.0/security-groups/de2d7aaa-41ac-410f-97d2-2f28512591a6 HTTP/1.1" status: 204 len: 168 time: 0.2253423
2026-07-14 11:41:16.742 10 INFO neutron.db.ovn_revision_numbers_db [None req-06d6b270-deb7-4e09-b327-645e8b33d314 c39379b8f4974152a4e9e6296827b110 e8b62f19b48b4de79d92b729c5c9ff01 - - default default] Successfully bumped revision number for resource bf557e00-3f18-4fad-b936-ecf6ca50cd31 (type: floatingips) to 1
2026-07-14 11:41:16.799 10 INFO neutron.wsgi [None req-06d6b270-deb7-4e09-b327-645e8b33d314 c39379b8f4974152a4e9e6296827b110 e8b62f19b48b4de79d92b729c5c9ff01 - - default default] 10.0.0.24 "POST /v2.0/floatingips HTTP/1.1" status: 201 len: 1041 time: 1.7193813 /var/lib/openstack/lib/python3.10/site-packages/pycadf/identifier.py:71: UserWarning: Invalid uuid: neutron. To ensure interoperability, identifiers should be a valid uuid. warnings.warn(('Invalid uuid: %s. To ensure interoperability, '
2026-07-14 11:41:16.848 9 INFO neutron.wsgi [None req-2d034aaf-cfd7-4ff7-92ae-6408557c3dc8 c39379b8f4974152a4e9e6296827b110 e8b62f19b48b4de79d92b729c5c9ff01 - - default default] 10.0.0.24 "GET /v2.0/floatingips/bf557e00-3f18-4fad-b936-ecf6ca50cd31 HTTP/1.1" status: 200 len: 1038 time: 0.0448191
2026-07-14 11:41:16.882 10 INFO neutron.wsgi [None req-7814087c-2e8b-4d14-a355-c55434981495 e820eb7e754441859d3dfd86f088be9c 5d80ea2504e6400d9538295a00471c07 - - default default] 10.0.0.24 "PUT /v2.0/routers/9cdde759-b456-4b55-8833-1f378e025202/remove_router_interface HTTP/1.1" status: 200 len: 503 time: 1.6030674 /var/lib/openstack/lib/python3.10/site-packages/pycadf/identifier.py:71: UserWarning: Invalid uuid: neutron. To ensure interoperability, identifiers should be a valid uuid. warnings.warn(('Invalid uuid: %s. To ensure interoperability, '
2026-07-14 11:41:16.913 9 INFO neutron.wsgi [None req-09c2e9c2-293d-4f55-a1da-7969bcf29fc3 c39379b8f4974152a4e9e6296827b110 e8b62f19b48b4de79d92b729c5c9ff01 - - default default] 10.0.0.24 "GET /v2.0/floatingips HTTP/1.1" status: 200 len: 1041 time: 0.0604391
2026-07-14 11:41:17.202 9 INFO neutron.db.l3_db [None req-f085b4b9-3a2a-414b-88ef-edb3f22e6135 c39379b8f4974152a4e9e6296827b110 e8b62f19b48b4de79d92b729c5c9ff01 - - default default] Floating IP bf557e00-3f18-4fad-b936-ecf6ca50cd31 associated. External IP: 10.96.250.210, port: f24ed2f2-f74b-4f42-ba39-7c2ceef3e97d.
2026-07-14 11:41:17.485 10 INFO neutron.wsgi [None req-a238f9bf-c49b-431f-858e-25d60f8d78cc e820eb7e754441859d3dfd86f088be9c 5d80ea2504e6400d9538295a00471c07 - - default default] 10.0.0.24 "DELETE /v2.0/routers/9cdde759-b456-4b55-8833-1f378e025202 HTTP/1.1" status: 204 len: 168 time: 0.5989704
2026-07-14 11:41:17.493 9 INFO neutron.db.ovn_revision_numbers_db [None req-f085b4b9-3a2a-414b-88ef-edb3f22e6135 c39379b8f4974152a4e9e6296827b110 e8b62f19b48b4de79d92b729c5c9ff01 - - default default] Successfully bumped revision number for resource bf557e00-3f18-4fad-b936-ecf6ca50cd31 (type: floatingips) to 2
2026-07-14 11:41:17.585 9 INFO neutron.db.ovn_revision_numbers_db [None req-f085b4b9-3a2a-414b-88ef-edb3f22e6135 c39379b8f4974152a4e9e6296827b110 e8b62f19b48b4de79d92b729c5c9ff01 - - default default] Successfully bumped revision number for resource bf557e00-3f18-4fad-b936-ecf6ca50cd31 (type: floatingips) to 2
2026-07-14 11:41:17.637 9 INFO neutron.wsgi [None req-f085b4b9-3a2a-414b-88ef-edb3f22e6135 c39379b8f4974152a4e9e6296827b110 e8b62f19b48b4de79d92b729c5c9ff01 - - default default] 10.0.0.24 "PUT /v2.0/floatingips/bf557e00-3f18-4fad-b936-ecf6ca50cd31 HTTP/1.1" status: 200 len: 1039 time: 0.7076030 /var/lib/openstack/lib/python3.10/site-packages/pycadf/identifier.py:71: UserWarning: Invalid uuid: neutron. To ensure interoperability, identifiers should be a valid uuid. warnings.warn(('Invalid uuid: %s. To ensure interoperability, '
2026-07-14 11:41:17.702 10 INFO neutron.wsgi [None req-08a4345d-57b4-4a8f-817c-aaadc52b842c e820eb7e754441859d3dfd86f088be9c 5d80ea2504e6400d9538295a00471c07 - - default default] 10.0.0.24 "DELETE /v2.0/subnets/3ddd574a-4929-4ef4-8f35-0e275e40a9db HTTP/1.1" status: 204 len: 168 time: 0.2099440
2026-07-14 11:41:17.793 9 INFO neutron.db.l3_db [None req-e865b48b-5f2d-4bf4-b03f-e0a3a60120f8 c39379b8f4974152a4e9e6296827b110 e8b62f19b48b4de79d92b729c5c9ff01 - - default default] Floating IP bf557e00-3f18-4fad-b936-ecf6ca50cd31 disassociated. External IP: 10.96.250.210, port: 3ed9ea44-dd84-4413-8789-56e854facf65.
2026-07-14 11:41:17.861 9 INFO neutron.db.ovn_revision_numbers_db [None req-e865b48b-5f2d-4bf4-b03f-e0a3a60120f8 c39379b8f4974152a4e9e6296827b110 e8b62f19b48b4de79d92b729c5c9ff01 - - default default] Successfully bumped revision number for resource bf557e00-3f18-4fad-b936-ecf6ca50cd31 (type: floatingips) to 3
2026-07-14 11:41:17.922 9 INFO neutron.wsgi [None req-e865b48b-5f2d-4bf4-b03f-e0a3a60120f8 c39379b8f4974152a4e9e6296827b110 e8b62f19b48b4de79d92b729c5c9ff01 - - default default] 10.0.0.24 "PUT /v2.0/floatingips/bf557e00-3f18-4fad-b936-ecf6ca50cd31 HTTP/1.1" status: 200 len: 748 time: 0.2780490
2026-07-14 11:41:18.075 10 INFO neutron.services.segments.plugin [-] Segment e19c334f-9bf3-449a-b25f-b3dbb40eb6ae resource provider aggregate not found
2026-07-14 11:41:18.080 10 INFO neutron.services.segments.plugin [-] Segment e19c334f-9bf3-449a-b25f-b3dbb40eb6ae resource provider aggregate not found
2026-07-14 11:41:18.091 10 INFO neutron.services.segments.plugin [-] Segment e19c334f-9bf3-449a-b25f-b3dbb40eb6ae resource provider not found; error: Placement Client Error (4xx): {"errors": [{"status": 404, "title": "Not Found", "detail": "The resource could not be found.\n\n No resource provider with uuid e19c334f-9bf3-449a-b25f-b3dbb40eb6ae found for delete ", "request_id": "req-a0cf5062-0060-4737-ba4f-b9136dfaa00c"}]}
2026-07-14 11:41:18.099 10 INFO neutron.services.segments.plugin [-] Segment e19c334f-9bf3-449a-b25f-b3dbb40eb6ae resource provider not found; error: Placement Client Error (4xx): {"errors": [{"status": 404, "title": "Not Found", "detail": "The resource could not be found.\n\n No resource provider with uuid e19c334f-9bf3-449a-b25f-b3dbb40eb6ae found for delete ", "request_id": "req-28c2cc26-964b-4e2a-806f-8d16829a6386"}]}
2026-07-14 11:41:18.129 10 INFO neutron.wsgi [None req-cb8243c7-85fb-419e-9fbf-0f8bcc4b094b e820eb7e754441859d3dfd86f088be9c 5d80ea2504e6400d9538295a00471c07 - - default default] 10.0.0.24 "DELETE /v2.0/networks/f6561249-4a13-4db7-8867-6199fd038548 HTTP/1.1" status: 204 len: 168 time: 0.4221916
2026-07-14 11:41:18.293 10 INFO neutron.wsgi [None req-bf1112ee-784f-4773-a5f4-0d0d87612790 c39379b8f4974152a4e9e6296827b110 e8b62f19b48b4de79d92b729c5c9ff01 - - default default] 10.0.0.24 "DELETE /v2.0/floatingips/bf557e00-3f18-4fad-b936-ecf6ca50cd31 HTTP/1.1" status: 204 len: 168 time: 0.3677738 /var/lib/openstack/lib/python3.10/site-packages/pycadf/identifier.py:71: UserWarning: Invalid uuid: neutron. To ensure interoperability, identifiers should be a valid uuid. warnings.warn(('Invalid uuid: %s. To ensure interoperability, '
2026-07-14 11:41:18.321 10 INFO neutron.api.v2.resource [None req-1b9f76c9-bde6-4f51-8cb8-704db8a3dd24 c39379b8f4974152a4e9e6296827b110 e8b62f19b48b4de79d92b729c5c9ff01 - - default default] delete failed (client error): The resource could not be found.
2026-07-14 11:41:18.323 10 INFO neutron.wsgi [None req-1b9f76c9-bde6-4f51-8cb8-704db8a3dd24 c39379b8f4974152a4e9e6296827b110 e8b62f19b48b4de79d92b729c5c9ff01 - - default default] 10.0.0.24 "DELETE /v2.0/floatingips/bf557e00-3f18-4fad-b936-ecf6ca50cd31 HTTP/1.1" status: 404 len: 345 time: 0.0250874
2026-07-14 11:41:18.364 9 INFO neutron.wsgi [None req-38b7d30c-ea8c-44a9-ad40-31fad2cdb7bc e820eb7e754441859d3dfd86f088be9c 5d80ea2504e6400d9538295a00471c07 - - default default] 10.0.0.24 "GET /v2.0/security-groups?tenant_id=ac7d19e68908497d9d9a46241a2b6e81&name=default HTTP/1.1" status: 200 len: 2992 time: 0.0563779
2026-07-14 11:41:18.603 10 INFO neutron.wsgi [None req-e5f917a1-6182-44d0-88f2-288e7af1d221 e820eb7e754441859d3dfd86f088be9c 5d80ea2504e6400d9538295a00471c07 - - default default] 10.0.0.24 "DELETE /v2.0/security-groups/a5c2b60a-fde1-459e-9786-ceb3a473d574 HTTP/1.1" status: 204 len: 168 time: 0.2349424
2026-07-14 11:41:18.740 9 INFO neutron.wsgi [None req-46a8cffc-2153-4a85-9843-dd9f5b3ce80f c39379b8f4974152a4e9e6296827b110 e8b62f19b48b4de79d92b729c5c9ff01 - - default default] 10.0.0.24 "DELETE /v2.0/ports/3ed9ea44-dd84-4413-8789-56e854facf65 HTTP/1.1" status: 204 len: 168 time: 0.4116549
2026-07-14 11:41:18.774 10 INFO neutron.db.ovn_revision_numbers_db [None req-0c084579-e63a-4c2c-bbb3-5c1f05c28f3f e820eb7e754441859d3dfd86f088be9c 5d80ea2504e6400d9538295a00471c07 - - default default] Successfully bumped revision number for resource 4db84f40-148c-4a99-9dbd-11cd1a6aa410 (type: security_groups) to 1
2026-07-14 11:41:18.787 10 INFO neutron.db.ovn_revision_numbers_db [None req-0c084579-e63a-4c2c-bbb3-5c1f05c28f3f e820eb7e754441859d3dfd86f088be9c 5d80ea2504e6400d9538295a00471c07 - - default default] Successfully bumped revision number for resource 003bacb6-ed8a-47b1-a50b-5e2d4f3c47a2 (type: security_group_rules) to 0
2026-07-14 11:41:18.805 10 INFO neutron.db.ovn_revision_numbers_db [None req-0c084579-e63a-4c2c-bbb3-5c1f05c28f3f e820eb7e754441859d3dfd86f088be9c 5d80ea2504e6400d9538295a00471c07 - - default default] Successfully bumped revision number for resource 04880a8d-27b4-48ff-8515-7a94af222dc7 (type: security_group_rules) to 0
2026-07-14 11:41:18.821 10 INFO neutron.db.ovn_revision_numbers_db [None req-0c084579-e63a-4c2c-bbb3-5c1f05c28f3f e820eb7e754441859d3dfd86f088be9c 5d80ea2504e6400d9538295a00471c07 - - default default] Successfully bumped revision number for resource 1d426999-9074-467b-9786-a43685553846 (type: security_group_rules) to 0
2026-07-14 11:41:18.836 10 INFO neutron.db.ovn_revision_numbers_db [None req-0c084579-e63a-4c2c-bbb3-5c1f05c28f3f e820eb7e754441859d3dfd86f088be9c 5d80ea2504e6400d9538295a00471c07 - - default default] Successfully bumped revision number for resource e70f47d6-096f-437c-8121-962eb284ac94 (type: security_group_rules) to 0
2026-07-14 11:41:18.906 10 INFO neutron.db.segments_db [None req-0c084579-e63a-4c2c-bbb3-5c1f05c28f3f e820eb7e754441859d3dfd86f088be9c 5d80ea2504e6400d9538295a00471c07 - - default default] Added segment 2e847f88-68eb-47a4-89e6-1b9b60c21d55 of type geneve for network 7e5c5f79-f298-48db-a77a-b759ee0114c4
2026-07-14 11:41:18.935 9 INFO neutron.wsgi [-] 10.0.0.11 "GET / HTTP/1.1" status: 200 len: 246 time: 0.0022080
2026-07-14 11:41:18.937 9 INFO neutron.wsgi [-] 10.0.0.11 "GET / HTTP/1.1" status: 200 len: 246 time: 0.0012391
2026-07-14 11:41:19.048 9 INFO neutron.wsgi [None req-cc071e3e-dcf1-4166-ac9f-957078067946 c39379b8f4974152a4e9e6296827b110 e8b62f19b48b4de79d92b729c5c9ff01 - - default default] 10.0.0.24 "DELETE /v2.0/ports/f24ed2f2-f74b-4f42-ba39-7c2ceef3e97d HTTP/1.1" status: 204 len: 168 time: 0.3026781
2026-07-14 11:41:19.072 10 INFO neutron.db.ovn_revision_numbers_db [None req-0c084579-e63a-4c2c-bbb3-5c1f05c28f3f e820eb7e754441859d3dfd86f088be9c 5d80ea2504e6400d9538295a00471c07 - - default default] Successfully bumped revision number for resource 7e5c5f79-f298-48db-a77a-b759ee0114c4 (type: networks) to 1
2026-07-14 11:41:19.157 9 INFO neutron.wsgi [None req-a1e54281-6311-46ba-bdab-8aa548164988 c39379b8f4974152a4e9e6296827b110 e8b62f19b48b4de79d92b729c5c9ff01 - - default default] 10.0.0.24 "GET /v2.0/ports?device_id=b090fed9-bc24-429b-bb35-f5e496f3fb0c HTTP/1.1" status: 200 len: 1140 time: 0.1017270
2026-07-14 11:41:19.281 10 WARNING neutron.scheduler.dhcp_agent_scheduler [None req-0c084579-e63a-4c2c-bbb3-5c1f05c28f3f e820eb7e754441859d3dfd86f088be9c 5d80ea2504e6400d9538295a00471c07 - - default default] No more DHCP agents
2026-07-14 11:41:19.283 10 WARNING neutron.api.rpc.agentnotifiers.dhcp_rpc_agent_api [None req-0c084579-e63a-4c2c-bbb3-5c1f05c28f3f e820eb7e754441859d3dfd86f088be9c 5d80ea2504e6400d9538295a00471c07 - - default default] Unable to schedule network 7e5c5f79-f298-48db-a77a-b759ee0114c4: no agents available; will retry on subsequent port and subnet creation events.
2026-07-14 11:41:19.377 10 INFO neutron.db.ovn_revision_numbers_db [None req-0c084579-e63a-4c2c-bbb3-5c1f05c28f3f e820eb7e754441859d3dfd86f088be9c 5d80ea2504e6400d9538295a00471c07 - - default default] Successfully bumped revision number for resource aad74f8a-595d-4b36-9965-e7ddb1038e3b (type: ports) to 1
2026-07-14 11:41:19.407 10 INFO neutron.wsgi [None req-0c084579-e63a-4c2c-bbb3-5c1f05c28f3f e820eb7e754441859d3dfd86f088be9c 5d80ea2504e6400d9538295a00471c07 - - default default] 10.0.0.24 "POST /v2.0/networks HTTP/1.1" status: 201 len: 949 time: 0.9447436
2026-07-14 11:41:19.428 10 INFO neutron.db.ovn_revision_numbers_db [None req-8fcb7eab-3b96-4c11-bcc8-e501273f1997 e820eb7e754441859d3dfd86f088be9c 5d80ea2504e6400d9538295a00471c07 - - default default] Successfully bumped revision number for resource 32a8f47d-1a19-401f-9e81-eea262a375d3 (type: security_groups) to 1
2026-07-14 11:41:19.445 10 INFO neutron.db.ovn_revision_numbers_db [None req-8fcb7eab-3b96-4c11-bcc8-e501273f1997 e820eb7e754441859d3dfd86f088be9c 5d80ea2504e6400d9538295a00471c07 - - default default] Successfully bumped revision number for resource 284fa5ab-40e1-4eef-949c-c7a12e08be42 (type: security_group_rules) to 0
2026-07-14 11:41:19.481 10 INFO neutron.db.ovn_revision_numbers_db [None req-8fcb7eab-3b96-4c11-bcc8-e501273f1997 e820eb7e754441859d3dfd86f088be9c 5d80ea2504e6400d9538295a00471c07 - - default default] Successfully bumped revision number for resource 937378fb-f356-419b-998b-5754ad2ba99f (type: security_group_rules) to 0
2026-07-14 11:41:19.500 10 INFO neutron.db.ovn_revision_numbers_db [None req-8fcb7eab-3b96-4c11-bcc8-e501273f1997 e820eb7e754441859d3dfd86f088be9c 5d80ea2504e6400d9538295a00471c07 - - default default] Successfully bumped revision number for resource e32f31f2-d3f6-486f-8c0c-1ea3adf3f3e2 (type: security_group_rules) to 0
2026-07-14 11:41:19.541 10 INFO neutron.db.ovn_revision_numbers_db [None req-8fcb7eab-3b96-4c11-bcc8-e501273f1997 e820eb7e754441859d3dfd86f088be9c 5d80ea2504e6400d9538295a00471c07 - - default default] Successfully bumped revision number for resource f3b2178a-1a89-47d0-a8f3-4c2c54e7d7ac (type: security_group_rules) to 0
2026-07-14 11:41:19.569 10 INFO neutron.wsgi [None req-8fcb7eab-3b96-4c11-bcc8-e501273f1997 e820eb7e754441859d3dfd86f088be9c 5d80ea2504e6400d9538295a00471c07 - - default default] 10.0.0.24 "GET /v2.0/security-groups?tenant_id=ed483cb721d04a558c961ea547cc4f22&name=default HTTP/1.1" status: 200 len: 2996 time: 0.3882802
2026-07-14 11:41:19.580 10 WARNING neutron.scheduler.dhcp_agent_scheduler [None req-a9c60d1e-0543-4eb7-8e9c-0ec87dcf94a7 e820eb7e754441859d3dfd86f088be9c 5d80ea2504e6400d9538295a00471c07 - - default default] No more DHCP agents
2026-07-14 11:41:19.582 10 WARNING neutron.api.rpc.agentnotifiers.dhcp_rpc_agent_api [None req-a9c60d1e-0543-4eb7-8e9c-0ec87dcf94a7 e820eb7e754441859d3dfd86f088be9c 5d80ea2504e6400d9538295a00471c07 - - default default] Unable to schedule network 7e5c5f79-f298-48db-a77a-b759ee0114c4: no agents available; will retry on subsequent port and subnet creation events.
2026-07-14 11:41:19.863 9 INFO neutron.wsgi [None req-2323af97-2c7f-4a71-b9c4-8bef10083bea e820eb7e754441859d3dfd86f088be9c 5d80ea2504e6400d9538295a00471c07 - - default default] 10.0.0.24 "DELETE /v2.0/security-groups/32a8f47d-1a19-401f-9e81-eea262a375d3 HTTP/1.1" status: 204 len: 168 time: 0.2875967
2026-07-14 11:41:20.037 9 INFO neutron.wsgi [None req-62148c43-8d05-4b38-84e7-d72f49fdcc9b c39379b8f4974152a4e9e6296827b110 e8b62f19b48b4de79d92b729c5c9ff01 - - default default] 10.0.0.24 "PUT /v2.0/routers/b090fed9-bc24-429b-bb35-f5e496f3fb0c/remove_router_interface HTTP/1.1" status: 200 len: 503 time: 0.8736742 /var/lib/openstack/lib/python3.10/site-packages/pycadf/identifier.py:71: UserWarning: Invalid uuid: neutron. To ensure interoperability, identifiers should be a valid uuid. warnings.warn(('Invalid uuid: %s. To ensure interoperability, '
2026-07-14 11:41:20.085 10 INFO neutron.db.ovn_revision_numbers_db [None req-a9c60d1e-0543-4eb7-8e9c-0ec87dcf94a7 e820eb7e754441859d3dfd86f088be9c 5d80ea2504e6400d9538295a00471c07 - - default default] Successfully bumped revision number for resource aad74f8a-595d-4b36-9965-e7ddb1038e3b (type: ports) to 2
2026-07-14 11:41:20.129 10 INFO neutron.db.ovn_revision_numbers_db [None req-a9c60d1e-0543-4eb7-8e9c-0ec87dcf94a7 e820eb7e754441859d3dfd86f088be9c 5d80ea2504e6400d9538295a00471c07 - - default default] Successfully bumped revision number for resource b8e34390-6c36-4545-b3ad-99ef35064053 (type: subnets) to 0
2026-07-14 11:41:20.152 10 INFO neutron.wsgi [None req-a9c60d1e-0543-4eb7-8e9c-0ec87dcf94a7 e820eb7e754441859d3dfd86f088be9c 5d80ea2504e6400d9538295a00471c07 - - default default] 10.0.0.24 "POST /v2.0/subnets HTTP/1.1" status: 201 len: 869 time: 0.7392144
2026-07-14 11:41:20.931 9 INFO neutron.wsgi [None req-243493bd-1d1f-4cb2-9de1-cfa42d0c0af1 c39379b8f4974152a4e9e6296827b110 e8b62f19b48b4de79d92b729c5c9ff01 - - default default] 10.0.0.24 "DELETE /v2.0/routers/b090fed9-bc24-429b-bb35-f5e496f3fb0c HTTP/1.1" status: 204 len: 168 time: 0.8844042
2026-07-14 11:41:20.957 10 WARNING neutron.scheduler.dhcp_agent_scheduler [None req-e225900a-278d-4e3b-8a73-caf10d3c4703 e820eb7e754441859d3dfd86f088be9c 5d80ea2504e6400d9538295a00471c07 - - default default] No more DHCP agents
2026-07-14 11:41:20.961 10 WARNING neutron.api.rpc.agentnotifiers.dhcp_rpc_agent_api [None req-e225900a-278d-4e3b-8a73-caf10d3c4703 e820eb7e754441859d3dfd86f088be9c 5d80ea2504e6400d9538295a00471c07 - - default default] Unable to schedule network 91d2a21b-e0ad-496c-85dc-0a4fa055edab: no agents available; will retry on subsequent port and subnet creation events.
2026-07-14 11:41:21.149 9 INFO neutron.wsgi [None req-c8c112aa-61de-430f-b0bd-58cff66ebe3e c39379b8f4974152a4e9e6296827b110 e8b62f19b48b4de79d92b729c5c9ff01 - - default default] 10.0.0.24 "DELETE /v2.0/subnets/8f36c156-e2a7-4fbe-b066-fd4b3f725909 HTTP/1.1" status: 204 len: 168 time: 0.2132745
2026-07-14 11:41:21.153 10 INFO neutron.db.ovn_revision_numbers_db [None req-e225900a-278d-4e3b-8a73-caf10d3c4703 e820eb7e754441859d3dfd86f088be9c 5d80ea2504e6400d9538295a00471c07 - - default default] Successfully bumped revision number for resource 6b7cacec-b004-477e-8375-c82f27e112ae (type: ports) to 1
2026-07-14 11:41:21.530 9 INFO neutron.services.segments.plugin [-] Segment 800cac73-604b-488f-bdda-a08d2bcfe972 resource provider aggregate not found
2026-07-14 11:41:21.544 9 INFO neutron.services.segments.plugin [-] Segment 800cac73-604b-488f-bdda-a08d2bcfe972 resource provider aggregate not found
2026-07-14 11:41:21.558 9 INFO neutron.services.segments.plugin [-] Segment 800cac73-604b-488f-bdda-a08d2bcfe972 resource provider not found; error: Placement Client Error (4xx): {"errors": [{"status": 404, "title": "Not Found", "detail": "The resource could not be found.\n\n No resource provider with uuid 800cac73-604b-488f-bdda-a08d2bcfe972 found for delete ", "request_id": "req-2ff68ee3-d978-4d78-8f48-a1b3d32685ef"}]}
2026-07-14 11:41:21.565 9 INFO neutron.services.segments.plugin [-] Segment 800cac73-604b-488f-bdda-a08d2bcfe972 resource provider not found; error: Placement Client Error (4xx): {"errors": [{"status": 404, "title": "Not Found", "detail": "The resource could not be found.\n\n No resource provider with uuid 800cac73-604b-488f-bdda-a08d2bcfe972 found for delete ", "request_id": "req-45e85bec-6309-4793-b8a1-b80c8c0bb003"}]}
2026-07-14 11:41:21.596 9 INFO neutron.wsgi [None req-463a2f4f-e9b3-41be-b945-7fcf93c64ebd c39379b8f4974152a4e9e6296827b110 e8b62f19b48b4de79d92b729c5c9ff01 - - default default] 10.0.0.24 "DELETE /v2.0/networks/78e41874-6d81-4bff-914e-b1f04e906f92 HTTP/1.1" status: 204 len: 168 time: 0.4406314
