2026-07-14 11:43:21.211 10 WARNING neutron.api.rpc.agentnotifiers.dhcp_rpc_agent_api [None req-e404ddc1-ec79-4889-a7ed-18f9f38edb9e 74e029b5abf54ee48dc7724da09605d6 a9690140da344901a4bc15c35b39550e - - default default] Unable to schedule network a6fee978-d13e-4694-8335-624ba69b6a30: no agents available; will retry on subsequent port and subnet creation events.
2026-07-14 11:43:21.396 10 INFO neutron.db.ovn_revision_numbers_db [None req-e404ddc1-ec79-4889-a7ed-18f9f38edb9e 74e029b5abf54ee48dc7724da09605d6 a9690140da344901a4bc15c35b39550e - - default default] Successfully bumped revision number for resource a7b92e40-3a31-45f3-a4b9-028d614bcc62 (type: ports) to 1
2026-07-14 11:43:21.410 9 INFO neutron.wsgi [None req-9003c562-a70d-4ebb-ad2f-4fa50821c141 4338b8e872ed4cc6b3412d44fddd8f4a 5dbb2763473c4905bec5fa14695bf995 - - default default] 10.0.0.24 "GET /v2.0/networks?not-tags-any=blue HTTP/1.1" status: 200 len: 2680 time: 0.4230812
2026-07-14 11:43:21.491 9 INFO neutron.wsgi [None req-34bb37b2-ec32-4e13-8dc3-461239ca477c 4338b8e872ed4cc6b3412d44fddd8f4a 5dbb2763473c4905bec5fa14695bf995 - - default default] 10.0.0.24 "GET /v2.0/networks?not-tags-any=red%2Cblue HTTP/1.1" status: 200 len: 2068 time: 0.0768952
2026-07-14 11:43:21.829 9 INFO neutron.services.segments.plugin [-] Segment 3b249598-a84d-47d2-832e-ea01f2b44fc3 resource provider aggregate not found
2026-07-14 11:43:21.833 9 INFO neutron.services.segments.plugin [-] Segment 3b249598-a84d-47d2-832e-ea01f2b44fc3 resource provider aggregate not found
2026-07-14 11:43:21.851 9 INFO neutron.services.segments.plugin [-] Segment 3b249598-a84d-47d2-832e-ea01f2b44fc3 resource provider not found; error: Placement Client Error (4xx): {"errors": [{"status": 404, "title": "Not Found", "detail": "The resource could not be found.\n\n No resource provider with uuid 3b249598-a84d-47d2-832e-ea01f2b44fc3 found for delete ", "request_id": "req-89bb6485-c0ea-4e12-a0f1-55e765c79fdd"}]}
2026-07-14 11:43:21.852 9 INFO neutron.services.segments.plugin [-] Segment 3b249598-a84d-47d2-832e-ea01f2b44fc3 resource provider not found; error: Placement Client Error (4xx): {"errors": [{"status": 404, "title": "Not Found", "detail": "The resource could not be found.\n\n No resource provider with uuid 3b249598-a84d-47d2-832e-ea01f2b44fc3 found for delete ", "request_id": "req-1ec78f4d-f511-4912-8404-4aba2cad5d37"}]}
2026-07-14 11:43:21.873 9 INFO neutron.wsgi [None req-fa2ff799-a99e-4282-89b8-b673358ae955 4338b8e872ed4cc6b3412d44fddd8f4a 5dbb2763473c4905bec5fa14695bf995 - - default default] 10.0.0.24 "DELETE /v2.0/networks/abd74b0a-a936-4634-aca8-f3863dc75dc7 HTTP/1.1" status: 204 len: 168 time: 0.3729968
2026-07-14 11:43:21.881 10 INFO neutron.wsgi [None req-48b088bf-8443-422e-9570-d7ab95b0868b 6a7bccac9e8c49f09b1f418df624e44b e3e4d3ad54ff4d19933257c0d1ae872d - - default default] 10.0.0.24 "GET /v2.0/ports/30607f11-39d3-48a9-858b-a9a703a50ec8 HTTP/1.1" status: 200 len: 1147 time: 0.0956357
2026-07-14 11:43:21.885 10 INFO neutron.plugins.ml2.drivers.ovn.mech_driver.mech_driver [None req-bce252a6-e8d4-4e60-89b6-69e113a9828b - - - - - -] OVN reports status up for port: a7b92e40-3a31-45f3-a4b9-028d614bcc62
2026-07-14 11:43:21.899 10 INFO neutron.plugins.ml2.plugin [None req-bce252a6-e8d4-4e60-89b6-69e113a9828b - - - - - -] Attempt 1 to provision port a7b92e40-3a31-45f3-a4b9-028d614bcc62
2026-07-14 11:43:21.919 10 INFO neutron.db.ovn_revision_numbers_db [None req-e404ddc1-ec79-4889-a7ed-18f9f38edb9e 74e029b5abf54ee48dc7724da09605d6 a9690140da344901a4bc15c35b39550e - - default default] Successfully bumped revision number for resource a7b92e40-3a31-45f3-a4b9-028d614bcc62 (type: router_ports) to 1
2026-07-14 11:43:22.187 9 WARNING neutron.plugins.ml2.drivers.ovn.mech_driver.ovsdb.ovn_client [None req-c1242a75-d02a-4fc2-b5c7-5567aded73f5 - - - - - -] No hosting information found for port 533ff94f-dbef-475b-a96d-3ba39730efea: RuntimeError: No hosting information found for port 533ff94f-dbef-475b-a96d-3ba39730efea
2026-07-14 11:43:22.187 9 INFO neutron.plugins.ml2.drivers.ovn.mech_driver.mech_driver [None req-c1242a75-d02a-4fc2-b5c7-5567aded73f5 - - - - - -] OVN reports status up for port: 30607f11-39d3-48a9-858b-a9a703a50ec8
2026-07-14 11:43:22.197 9 INFO neutron.plugins.ml2.plugin [None req-c1242a75-d02a-4fc2-b5c7-5567aded73f5 - - - - - -] Attempt 1 to provision port 30607f11-39d3-48a9-858b-a9a703a50ec8
2026-07-14 11:43:22.293 9 INFO neutron.wsgi [None req-664c0ad6-64f5-4646-b241-5009f2ef3ca0 4338b8e872ed4cc6b3412d44fddd8f4a 5dbb2763473c4905bec5fa14695bf995 - - default default] 10.0.0.24 "DELETE /v2.0/networks/2e18728c-258e-45e4-ade9-a4afb0d6185f HTTP/1.1" status: 204 len: 168 time: 0.4148092
2026-07-14 11:43:22.335 10 INFO neutron.db.ovn_revision_numbers_db [None req-e404ddc1-ec79-4889-a7ed-18f9f38edb9e 74e029b5abf54ee48dc7724da09605d6 a9690140da344901a4bc15c35b39550e - - default default] Successfully bumped revision number for resource a7b92e40-3a31-45f3-a4b9-028d614bcc62 (type: ports) to 1
2026-07-14 11:43:22.422 10 WARNING neutron.scheduler.dhcp_agent_scheduler [None req-e404ddc1-ec79-4889-a7ed-18f9f38edb9e 74e029b5abf54ee48dc7724da09605d6 a9690140da344901a4bc15c35b39550e - - default default] No more DHCP agents
2026-07-14 11:43:22.424 10 WARNING neutron.api.rpc.agentnotifiers.dhcp_rpc_agent_api [None req-e404ddc1-ec79-4889-a7ed-18f9f38edb9e 74e029b5abf54ee48dc7724da09605d6 a9690140da344901a4bc15c35b39550e - - default default] Unable to schedule network a6fee978-d13e-4694-8335-624ba69b6a30: no agents available; will retry on subsequent port and subnet creation events.
2026-07-14 11:43:22.430 10 INFO neutron.db.ovn_revision_numbers_db [None req-bce252a6-e8d4-4e60-89b6-69e113a9828b - - - - - -] Successfully bumped revision number for resource a7b92e40-3a31-45f3-a4b9-028d614bcc62 (type: ports) to 2
2026-07-14 11:43:22.570 9 INFO neutron.db.ovn_revision_numbers_db [None req-c1242a75-d02a-4fc2-b5c7-5567aded73f5 - - - - - -] Successfully bumped revision number for resource 30607f11-39d3-48a9-858b-a9a703a50ec8 (type: ports) to 2
2026-07-14 11:43:22.592 10 INFO neutron.db.ovn_revision_numbers_db [None req-bce252a6-e8d4-4e60-89b6-69e113a9828b - - - - - -] Successfully bumped revision number for resource a7b92e40-3a31-45f3-a4b9-028d614bcc62 (type: router_ports) to 2
2026-07-14 11:43:22.724 9 INFO neutron.db.ovn_revision_numbers_db [None req-c1242a75-d02a-4fc2-b5c7-5567aded73f5 - - - - - -] Successfully bumped revision number for resource 30607f11-39d3-48a9-858b-a9a703a50ec8 (type: router_ports) to 2
2026-07-14 11:43:22.787 9 INFO neutron.wsgi [None req-d1e6c57c-ec7e-40c4-a8bf-e1c5c1eba4dd 4338b8e872ed4cc6b3412d44fddd8f4a 5dbb2763473c4905bec5fa14695bf995 - - default default] 10.0.0.24 "DELETE /v2.0/networks/0dcbfa12-df8c-4243-a0d4-d4eac74294bb HTTP/1.1" status: 204 len: 168 time: 0.4875283
2026-07-14 11:43:22.822 10 INFO neutron.db.ovn_revision_numbers_db [None req-e404ddc1-ec79-4889-a7ed-18f9f38edb9e 74e029b5abf54ee48dc7724da09605d6 a9690140da344901a4bc15c35b39550e - - default default] Successfully bumped revision number for resource a7b92e40-3a31-45f3-a4b9-028d614bcc62 (type: router_ports) to 2
2026-07-14 11:43:22.825 10 INFO neutron.wsgi [None req-e404ddc1-ec79-4889-a7ed-18f9f38edb9e 74e029b5abf54ee48dc7724da09605d6 a9690140da344901a4bc15c35b39550e - - default default] 10.0.0.24 "PUT /v2.0/routers/0bfe3cd6-4873-498c-9c6b-1ef07fc5e3e4/add_router_interface HTTP/1.1" status: 200 len: 503 time: 2.2327895
2026-07-14 11:43:22.924 10 INFO neutron.wsgi [None req-bbe8ec03-3b82-4687-a5aa-d7053ef48e11 6c657bd046df44ae8a955cbd3b8fcfff b9dd55a17b744496aabb9a298b58f55c - - default default] 10.0.0.24 "GET /v2.0/networks HTTP/1.1" status: 200 len: 8397 time: 0.0936136
2026-07-14 11:43:22.937 9 INFO neutron.wsgi [None req-8a61bfe9-1279-46a3-ab08-8ba7c9c78a04 6a7bccac9e8c49f09b1f418df624e44b e3e4d3ad54ff4d19933257c0d1ae872d - - default default] 10.0.0.24 "GET /v2.0/ports/30607f11-39d3-48a9-858b-a9a703a50ec8 HTTP/1.1" status: 200 len: 1149 time: 0.0489321
2026-07-14 11:43:22.940 9 INFO neutron.wsgi [req-3d8819a2-5f07-4289-ab6d-c27150dba5c4 req-664d0c0e-12e2-493e-928d-ad7b070affc1 510ec922fc0a4c2daf74f2b7376f9572 007b620f9f02429dbfe1620e7e0729be - - fd004ce52a97444eaaca329ac57bdc02 fd004ce52a97444eaaca329ac57bdc02] 10.0.0.152 "GET /v2.0/ports?device_id=79511d01-c160-43bd-891a-3422c4fb9483 HTTP/1.1" status: 200 len: 1642 time: 0.1227736
2026-07-14 11:43:22.990 10 INFO neutron.wsgi [None req-4a495beb-feff-4726-a6a1-0c14c8741814 6c657bd046df44ae8a955cbd3b8fcfff b9dd55a17b744496aabb9a298b58f55c - - default default] 10.0.0.24 "GET /v2.0/subnets HTTP/1.1" status: 200 len: 7426 time: 0.0615337
2026-07-14 11:43:23.013 9 INFO neutron.wsgi [req-3d8819a2-5f07-4289-ab6d-c27150dba5c4 req-a05a7f1a-f4e7-4d80-b8ed-c89309c833f7 510ec922fc0a4c2daf74f2b7376f9572 007b620f9f02429dbfe1620e7e0729be - - fd004ce52a97444eaaca329ac57bdc02 fd004ce52a97444eaaca329ac57bdc02] 10.0.0.152 "GET /v2.0/security-groups?id=a56bccdf-d1ad-437c-a2f2-592d839243fd&fields=id&fields=name HTTP/1.1" status: 200 len: 310 time: 0.0649858
2026-07-14 11:43:23.110 10 INFO neutron.wsgi [None req-19f710bd-60de-48bd-a3cf-6b6f201860b3 6c657bd046df44ae8a955cbd3b8fcfff b9dd55a17b744496aabb9a298b58f55c - - default default] 10.0.0.24 "GET /v2.0/routers HTTP/1.1" status: 200 len: 2029 time: 0.1137414
2026-07-14 11:43:23.266 10 INFO neutron.services.segments.plugin [-] Segment 14a1e37c-f2dd-41af-99b4-d7340b34e1bb resource provider aggregate not found
2026-07-14 11:43:23.281 10 INFO neutron.services.segments.plugin [-] Segment 14a1e37c-f2dd-41af-99b4-d7340b34e1bb resource provider aggregate not found
2026-07-14 11:43:23.291 10 INFO neutron.services.segments.plugin [-] Segment 14a1e37c-f2dd-41af-99b4-d7340b34e1bb resource provider not found; error: Placement Client Error (4xx): {"errors": [{"status": 404, "title": "Not Found", "detail": "The resource could not be found.\n\n No resource provider with uuid 14a1e37c-f2dd-41af-99b4-d7340b34e1bb found for delete ", "request_id": "req-d3d8eb66-889b-40b0-a00b-766b5138d661"}]}
2026-07-14 11:43:23.296 10 INFO neutron.services.segments.plugin [-] Segment 14a1e37c-f2dd-41af-99b4-d7340b34e1bb resource provider not found; error: Placement Client Error (4xx): {"errors": [{"status": 404, "title": "Not Found", "detail": "The resource could not be found.\n\n No resource provider with uuid 14a1e37c-f2dd-41af-99b4-d7340b34e1bb found for delete ", "request_id": "req-025b761c-f0f4-4dcd-bbc8-0c422b86d8bf"}]}
2026-07-14 11:43:23.317 10 INFO neutron.wsgi [None req-b26e1560-ec10-49e3-a23f-2a08ba46bf24 4338b8e872ed4cc6b3412d44fddd8f4a 5dbb2763473c4905bec5fa14695bf995 - - default default] 10.0.0.24 "DELETE /v2.0/networks/08ae47dd-096c-480c-8b7d-3257261b9f18 HTTP/1.1" status: 204 len: 168 time: 0.5255427
2026-07-14 11:43:23.391 9 INFO neutron.db.ovn_revision_numbers_db [None req-84d47cdf-8573-40ed-a45d-74a31384f0ff 74e029b5abf54ee48dc7724da09605d6 a9690140da344901a4bc15c35b39550e - - default default] Successfully bumped revision number for resource 7555ec55-d733-4ccc-83d0-b2201fe7cd27 (type: security_groups) to 1
2026-07-14 11:43:23.416 9 INFO neutron.db.ovn_revision_numbers_db [None req-84d47cdf-8573-40ed-a45d-74a31384f0ff 74e029b5abf54ee48dc7724da09605d6 a9690140da344901a4bc15c35b39550e - - default default] Successfully bumped revision number for resource 3a9ce899-49f8-4b0f-9522-ddbcb5cb1cd6 (type: security_group_rules) to 0
2026-07-14 11:43:23.438 9 INFO neutron.db.ovn_revision_numbers_db [None req-84d47cdf-8573-40ed-a45d-74a31384f0ff 74e029b5abf54ee48dc7724da09605d6 a9690140da344901a4bc15c35b39550e - - default default] Successfully bumped revision number for resource 692a77d3-fd94-436a-ae54-0ff36ba1f35a (type: security_group_rules) to 0
2026-07-14 11:43:23.471 9 INFO neutron.wsgi [None req-84d47cdf-8573-40ed-a45d-74a31384f0ff 74e029b5abf54ee48dc7724da09605d6 a9690140da344901a4bc15c35b39550e - - default default] 10.0.0.24 "POST /v2.0/security-groups HTTP/1.1" status: 201 len: 1811 time: 0.3074038
2026-07-14 11:43:23.697 9 INFO neutron.wsgi [None req-d67874d9-e9cb-4eb2-a3a2-0a1d746ff496 6a7bccac9e8c49f09b1f418df624e44b e3e4d3ad54ff4d19933257c0d1ae872d - - default default] 10.0.0.24 "PUT /v2.0/routers/67b4a094-ccaa-42b7-a78d-dce9a56eee38/remove_router_interface HTTP/1.1" status: 200 len: 503 time: 0.7550116
2026-07-14 11:43:23.731 9 INFO neutron.db.ovn_revision_numbers_db [None req-48542ff8-0a38-451e-b0fd-95a1a86fcaf3 74e029b5abf54ee48dc7724da09605d6 a9690140da344901a4bc15c35b39550e - - default default] Successfully bumped revision number for resource 29577261-0310-4b1b-8433-3500d7307a95 (type: security_group_rules) to 0
2026-07-14 11:43:23.743 10 INFO neutron.wsgi [None req-515e148c-2b32-4a93-bee1-a0130f0ad45f 4338b8e872ed4cc6b3412d44fddd8f4a 5dbb2763473c4905bec5fa14695bf995 - - default default] 10.0.0.24 "DELETE /v2.0/networks/5c7d376a-4def-4d3c-b87f-71da40417bd7 HTTP/1.1" status: 204 len: 168 time: 0.4197385
2026-07-14 11:43:23.761 9 INFO neutron.wsgi [None req-48542ff8-0a38-451e-b0fd-95a1a86fcaf3 74e029b5abf54ee48dc7724da09605d6 a9690140da344901a4bc15c35b39550e - - default default] 10.0.0.24 "POST /v2.0/security-group-rules HTTP/1.1" status: 201 len: 764 time: 0.2841635 /var/lib/openstack/lib/python3.10/site-packages/pycadf/identifier.py:71: UserWarning: Invalid uuid: neutron. To ensure interoperability, identifiers should be a valid uuid. warnings.warn(('Invalid uuid: %s. To ensure interoperability, '
2026-07-14 11:43:23.790 10 INFO neutron.wsgi [None req-9d090a0e-bc65-4793-a01c-7cd3f7915a95 6a7bccac9e8c49f09b1f418df624e44b e3e4d3ad54ff4d19933257c0d1ae872d - - default default] 10.0.0.24 "GET /v2.0/ports/533ff94f-dbef-475b-a96d-3ba39730efea HTTP/1.1" status: 200 len: 1141 time: 0.0863163
2026-07-14 11:43:23.874 9 INFO neutron.services.segments.plugin [-] Segment b52e6f73-3b3d-4b20-a96f-cb8257524d2e resource provider aggregate not found
2026-07-14 11:43:23.883 9 INFO neutron.services.segments.plugin [-] Segment b52e6f73-3b3d-4b20-a96f-cb8257524d2e resource provider aggregate not found
2026-07-14 11:43:23.894 9 INFO neutron.services.segments.plugin [-] Segment b52e6f73-3b3d-4b20-a96f-cb8257524d2e resource provider not found; error: Placement Client Error (4xx): {"errors": [{"status": 404, "title": "Not Found", "detail": "The resource could not be found.\n\n No resource provider with uuid b52e6f73-3b3d-4b20-a96f-cb8257524d2e found for delete ", "request_id": "req-bc265696-2a9e-49d6-80b4-0004a63bec1f"}]}
2026-07-14 11:43:23.910 9 INFO neutron.services.segments.plugin [-] Segment b52e6f73-3b3d-4b20-a96f-cb8257524d2e resource provider not found; error: Placement Client Error (4xx): {"errors": [{"status": 404, "title": "Not Found", "detail": "The resource could not be found.\n\n No resource provider with uuid b52e6f73-3b3d-4b20-a96f-cb8257524d2e found for delete ", "request_id": "req-bbf6e827-a5d3-4372-94ab-979fd54df5ab"}]}
2026-07-14 11:43:23.917 9 INFO neutron.services.segments.plugin [-] Segment 15f6d69f-a5d4-4c0c-bb5b-f3e628f8e7c0 resource provider aggregate not found
2026-07-14 11:43:23.946 9 INFO neutron.services.segments.plugin [-] Segment 15f6d69f-a5d4-4c0c-bb5b-f3e628f8e7c0 resource provider not found; error: Placement Client Error (4xx): {"errors": [{"status": 404, "title": "Not Found", "detail": "The resource could not be found.\n\n No resource provider with uuid 15f6d69f-a5d4-4c0c-bb5b-f3e628f8e7c0 found for delete ", "request_id": "req-fda5f0b8-b2e3-40dd-a492-cb66d2ce33c2"}]}
2026-07-14 11:43:23.958 9 INFO neutron.services.segments.plugin [-] Segment 15f6d69f-a5d4-4c0c-bb5b-f3e628f8e7c0 resource provider aggregate not found
2026-07-14 11:43:23.983 9 INFO neutron.services.segments.plugin [-] Segment 15f6d69f-a5d4-4c0c-bb5b-f3e628f8e7c0 resource provider not found; error: Placement Client Error (4xx): {"errors": [{"status": 404, "title": "Not Found", "detail": "The resource could not be found.\n\n No resource provider with uuid 15f6d69f-a5d4-4c0c-bb5b-f3e628f8e7c0 found for delete ", "request_id": "req-bd501537-4325-4fe4-bfa8-2bed3979937a"}]}
2026-07-14 11:43:24.027 9 INFO neutron.db.ovn_revision_numbers_db [None req-adb94298-e8fa-4b4a-849b-90761b792fc5 74e029b5abf54ee48dc7724da09605d6 a9690140da344901a4bc15c35b39550e - - default default] Successfully bumped revision number for resource 93727c59-e82b-4b2c-b83f-b30509dc6211 (type: security_group_rules) to 0
2026-07-14 11:43:24.070 9 INFO neutron.wsgi [None req-adb94298-e8fa-4b4a-849b-90761b792fc5 74e029b5abf54ee48dc7724da09605d6 a9690140da344901a4bc15c35b39550e - - default default] 10.0.0.24 "POST /v2.0/security-group-rules HTTP/1.1" status: 201 len: 763 time: 0.3046205
2026-07-14 11:43:24.225 10 INFO neutron.db.ovn_revision_numbers_db [None req-ed818d3c-2410-4a2a-a654-075207c46683 74e029b5abf54ee48dc7724da09605d6 a9690140da344901a4bc15c35b39550e - - default default] Successfully bumped revision number for resource e9fd2431-c200-4e09-83db-0bce66d94cfb (type: security_group_rules) to 0
2026-07-14 11:43:24.261 10 INFO neutron.wsgi [None req-ed818d3c-2410-4a2a-a654-075207c46683 74e029b5abf54ee48dc7724da09605d6 a9690140da344901a4bc15c35b39550e - - default default] 10.0.0.24 "POST /v2.0/security-group-rules HTTP/1.1" status: 201 len: 769 time: 0.1852319
2026-07-14 11:43:24.484 9 INFO neutron.db.ovn_revision_numbers_db [None req-a9424438-137d-4239-b0ec-be38002c0dc7 74e029b5abf54ee48dc7724da09605d6 a9690140da344901a4bc15c35b39550e - - default default] Successfully bumped revision number for resource 7551be29-0c34-4ee7-b65b-7b9f8db4b87a (type: security_group_rules) to 0
2026-07-14 11:43:24.539 9 INFO neutron.wsgi [None req-a9424438-137d-4239-b0ec-be38002c0dc7 74e029b5abf54ee48dc7724da09605d6 a9690140da344901a4bc15c35b39550e - - default default] 10.0.0.24 "POST /v2.0/security-group-rules HTTP/1.1" status: 201 len: 768 time: 0.2725587
2026-07-14 11:43:24.595 9 INFO neutron.wsgi [None req-0d403387-1116-47fb-8a92-848370910bfa 6a7bccac9e8c49f09b1f418df624e44b e3e4d3ad54ff4d19933257c0d1ae872d - - default default] 10.0.0.24 "PUT /v2.0/routers/67b4a094-ccaa-42b7-a78d-dce9a56eee38/remove_router_interface HTTP/1.1" status: 200 len: 503 time: 0.8012047 /var/lib/openstack/lib/python3.10/site-packages/pycadf/identifier.py:71: UserWarning: Invalid uuid: neutron. To ensure interoperability, identifiers should be a valid uuid. warnings.warn(('Invalid uuid: %s. To ensure interoperability, '
2026-07-14 11:43:24.617 9 INFO neutron.db.securitygroups_db [None req-4d9d7cc0-f733-4dde-a824-aed603140f7e 74e029b5abf54ee48dc7724da09605d6 a9690140da344901a4bc15c35b39550e - - default default] Project a9690140da344901a4bc15c35b39550e added a security group rule with legacy IPv6 ICMP protocol name icmp, ipv6-icmp should be used instead. It was automatically converted.
2026-07-14 11:43:24.620 9 INFO neutron.wsgi [None req-9cbdf1ce-2f68-4f9b-ab93-ed23b67bd4b6 6a7bccac9e8c49f09b1f418df624e44b e3e4d3ad54ff4d19933257c0d1ae872d - - default default] 10.0.0.24 "GET /v2.0/ports?device_id=67b4a094-ccaa-42b7-a78d-dce9a56eee38 HTTP/1.1" status: 200 len: 205 time: 0.0213771
2026-07-14 11:43:24.817 9 INFO neutron.db.ovn_revision_numbers_db [None req-4d9d7cc0-f733-4dde-a824-aed603140f7e 74e029b5abf54ee48dc7724da09605d6 a9690140da344901a4bc15c35b39550e - - default default] Successfully bumped revision number for resource cc1be71f-8256-429d-84e6-3faa1601548c (type: security_group_rules) to 0
2026-07-14 11:43:24.841 9 INFO neutron.wsgi [None req-4d9d7cc0-f733-4dde-a824-aed603140f7e 74e029b5abf54ee48dc7724da09605d6 a9690140da344901a4bc15c35b39550e - - default default] 10.0.0.24 "POST /v2.0/security-group-rules HTTP/1.1" status: 201 len: 774 time: 0.2963512
2026-07-14 11:43:24.845 9 INFO neutron.wsgi [None req-7c703dd7-0781-4e40-a8f6-60f527ec821c 6a7bccac9e8c49f09b1f418df624e44b e3e4d3ad54ff4d19933257c0d1ae872d - - default default] 10.0.0.24 "DELETE /v2.0/routers/67b4a094-ccaa-42b7-a78d-dce9a56eee38 HTTP/1.1" status: 204 len: 168 time: 0.2198267
2026-07-14 11:43:24.877 9 INFO neutron.db.securitygroups_db [None req-d7db6237-f0b3-459e-9a23-95e8d7005043 74e029b5abf54ee48dc7724da09605d6 a9690140da344901a4bc15c35b39550e - - default default] Project a9690140da344901a4bc15c35b39550e added a security group rule with legacy IPv6 ICMP protocol name icmp, ipv6-icmp should be used instead. It was automatically converted.
2026-07-14 11:43:24.922 10 INFO neutron.db.ovn_revision_numbers_db [None req-b270d6cc-6d7c-41c0-8efa-1b35560a5830 e820eb7e754441859d3dfd86f088be9c 5d80ea2504e6400d9538295a00471c07 - - default default] Successfully bumped revision number for resource b9f2e151-cd80-4537-9480-cf436b349c5b (type: security_groups) to 1
2026-07-14 11:43:24.942 10 INFO neutron.db.ovn_revision_numbers_db [None req-b270d6cc-6d7c-41c0-8efa-1b35560a5830 e820eb7e754441859d3dfd86f088be9c 5d80ea2504e6400d9538295a00471c07 - - default default] Successfully bumped revision number for resource 0e917f8f-aa4b-49ae-a34e-8d72dda00aec (type: security_group_rules) to 0
2026-07-14 11:43:24.958 10 INFO neutron.db.ovn_revision_numbers_db [None req-b270d6cc-6d7c-41c0-8efa-1b35560a5830 e820eb7e754441859d3dfd86f088be9c 5d80ea2504e6400d9538295a00471c07 - - default default] Successfully bumped revision number for resource 30ef6366-67c1-457e-9f66-69e9969504dc (type: security_group_rules) to 0
2026-07-14 11:43:24.981 10 INFO neutron.db.ovn_revision_numbers_db [None req-b270d6cc-6d7c-41c0-8efa-1b35560a5830 e820eb7e754441859d3dfd86f088be9c 5d80ea2504e6400d9538295a00471c07 - - default default] Successfully bumped revision number for resource 5bc49ccc-ee72-4976-993e-6d67f53711e3 (type: security_group_rules) to 0
2026-07-14 11:43:24.990 9 INFO neutron.db.ovn_revision_numbers_db [None req-d7db6237-f0b3-459e-9a23-95e8d7005043 74e029b5abf54ee48dc7724da09605d6 a9690140da344901a4bc15c35b39550e - - default default] Successfully bumped revision number for resource 48d11017-caf3-49bc-964f-784db01c8fd4 (type: security_group_rules) to 0
2026-07-14 11:43:24.993 10 INFO neutron.db.ovn_revision_numbers_db [None req-b270d6cc-6d7c-41c0-8efa-1b35560a5830 e820eb7e754441859d3dfd86f088be9c 5d80ea2504e6400d9538295a00471c07 - - default default] Successfully bumped revision number for resource 73474b83-d26d-42aa-9e67-cbaa82502402 (type: security_group_rules) to 0
2026-07-14 11:43:25.014 10 INFO neutron.wsgi [None req-b270d6cc-6d7c-41c0-8efa-1b35560a5830 e820eb7e754441859d3dfd86f088be9c 5d80ea2504e6400d9538295a00471c07 - - default default] 10.0.0.24 "GET /v2.0/security-groups?tenant_id=6c45e46a110142b6a385c82b7fc2f9fd&name=default HTTP/1.1" status: 200 len: 2996 time: 0.3714244
2026-07-14 11:43:25.019 9 INFO neutron.wsgi [None req-d7db6237-f0b3-459e-9a23-95e8d7005043 74e029b5abf54ee48dc7724da09605d6 a9690140da344901a4bc15c35b39550e - - default default] 10.0.0.24 "POST /v2.0/security-group-rules HTTP/1.1" status: 201 len: 773 time: 0.1712439
2026-07-14 11:43:25.031 10 INFO neutron.wsgi [None req-ac474e42-9107-4835-8ada-cb95b985c000 6a7bccac9e8c49f09b1f418df624e44b e3e4d3ad54ff4d19933257c0d1ae872d - - default default] 10.0.0.24 "DELETE /v2.0/subnets/bd03bdd6-f378-4833-a70e-4d2960583e68 HTTP/1.1" status: 204 len: 168 time: 0.1801293
2026-07-14 11:43:25.266 10 INFO neutron.wsgi [None req-1b4b4195-88df-4f17-aa3d-4124989ccd7f e820eb7e754441859d3dfd86f088be9c 5d80ea2504e6400d9538295a00471c07 - - default default] 10.0.0.24 "DELETE /v2.0/security-groups/b9f2e151-cd80-4537-9480-cf436b349c5b HTTP/1.1" status: 204 len: 168 time: 0.2412386
2026-07-14 11:43:25.310 10 INFO neutron.services.segments.plugin [-] Segment a5abc771-df93-4922-8409-ae92c73191f9 resource provider aggregate not found
2026-07-14 11:43:25.317 10 INFO neutron.services.segments.plugin [-] Segment a5abc771-df93-4922-8409-ae92c73191f9 resource provider aggregate not found
2026-07-14 11:43:25.323 10 INFO neutron.services.segments.plugin [-] Segment a5abc771-df93-4922-8409-ae92c73191f9 resource provider not found; error: Placement Client Error (4xx): {"errors": [{"status": 404, "title": "Not Found", "detail": "The resource could not be found.\n\n No resource provider with uuid a5abc771-df93-4922-8409-ae92c73191f9 found for delete ", "request_id": "req-76cb5c9d-6166-4fe0-b357-89fe87b89196"}]}
2026-07-14 11:43:25.332 10 INFO neutron.services.segments.plugin [-] Segment a5abc771-df93-4922-8409-ae92c73191f9 resource provider not found; error: Placement Client Error (4xx): {"errors": [{"status": 404, "title": "Not Found", "detail": "The resource could not be found.\n\n No resource provider with uuid a5abc771-df93-4922-8409-ae92c73191f9 found for delete ", "request_id": "req-c1f46ccf-9636-4043-b89b-84b92dba1f4d"}]}
2026-07-14 11:43:25.412 10 INFO neutron.wsgi [None req-e02afe6d-4724-45a9-af8a-c4cb1d50fce1 e820eb7e754441859d3dfd86f088be9c 5d80ea2504e6400d9538295a00471c07 - - default default] 10.0.0.24 "GET /v2.0/security-groups?tenant_id=5dbb2763473c4905bec5fa14695bf995&name=default HTTP/1.1" status: 200 len: 2996 time: 0.0404489
2026-07-14 11:43:25.536 9 INFO neutron.wsgi [None req-8149b077-91ac-4297-a533-8b6339209b96 6a7bccac9e8c49f09b1f418df624e44b e3e4d3ad54ff4d19933257c0d1ae872d - - default default] 10.0.0.24 "DELETE /v2.0/subnets/3135dfc1-b6d0-4eae-81d2-b68ecf05bf1b HTTP/1.1" status: 204 len: 168 time: 0.4985938
2026-07-14 11:43:25.608 10 INFO neutron.wsgi [None req-2bf8b819-2e17-4251-b58b-d4c65920638a e820eb7e754441859d3dfd86f088be9c 5d80ea2504e6400d9538295a00471c07 - - default default] 10.0.0.24 "DELETE /v2.0/security-groups/94285591-5bce-4ee0-8821-5b31670a82cb HTTP/1.1" status: 204 len: 168 time: 0.1908545
2026-07-14 11:43:25.788 9 INFO neutron.wsgi [None req-3865974f-5903-4d7f-87f1-980e37fcc7dc 74e029b5abf54ee48dc7724da09605d6 a9690140da344901a4bc15c35b39550e - - default default] 10.0.0.24 "GET /v2.0/networks HTTP/1.1" status: 200 len: 1493 time: 0.2232862
2026-07-14 11:43:25.882 10 INFO neutron.db.ovn_revision_numbers_db [None req-529d91e0-5e3c-4f4d-b6ee-7fb8fe9c17b0 e820eb7e754441859d3dfd86f088be9c 5d80ea2504e6400d9538295a00471c07 - - default default] Successfully bumped revision number for resource 0cb97b25-d731-46b2-9d69-56dce121dc68 (type: security_groups) to 1
2026-07-14 11:43:25.900 10 INFO neutron.db.ovn_revision_numbers_db [None req-529d91e0-5e3c-4f4d-b6ee-7fb8fe9c17b0 e820eb7e754441859d3dfd86f088be9c 5d80ea2504e6400d9538295a00471c07 - - default default] Successfully bumped revision number for resource 0698d651-5180-4abe-b13c-23fdcda5babd (type: security_group_rules) to 0
2026-07-14 11:43:25.912 10 INFO neutron.wsgi [req-64c6b1e7-3f0e-4e4d-a5d4-882f9b0828b6 req-6b77c5bb-5f69-410e-9f76-77289898ce26 74e029b5abf54ee48dc7724da09605d6 a9690140da344901a4bc15c35b39550e - - default default] 10.0.0.47 "GET /v2.0/security-groups?name=tempest-secgroup-smoke-1936625800&fields=id&tenant_id=a9690140da344901a4bc15c35b39550e HTTP/1.1" status: 200 len: 267 time: 0.0498610
2026-07-14 11:43:25.918 10 INFO neutron.db.ovn_revision_numbers_db [None req-529d91e0-5e3c-4f4d-b6ee-7fb8fe9c17b0 e820eb7e754441859d3dfd86f088be9c 5d80ea2504e6400d9538295a00471c07 - - default default] Successfully bumped revision number for resource 105e1828-f3ba-45e1-a8d8-cdefe3ab91d6 (type: security_group_rules) to 0
2026-07-14 11:43:25.947 10 INFO neutron.db.ovn_revision_numbers_db [None req-529d91e0-5e3c-4f4d-b6ee-7fb8fe9c17b0 e820eb7e754441859d3dfd86f088be9c 5d80ea2504e6400d9538295a00471c07 - - default default] Successfully bumped revision number for resource 9e4aa066-5efc-467a-ac87-056403a74ded (type: security_group_rules) to 0
2026-07-14 11:43:25.959 9 INFO neutron.wsgi [None req-901073f0-02ac-4ef0-ac44-eb3666cfb4fb 6a7bccac9e8c49f09b1f418df624e44b e3e4d3ad54ff4d19933257c0d1ae872d - - default default] 10.0.0.24 "DELETE /v2.0/networks/346b152f-a064-448b-b7c1-4899147867ba HTTP/1.1" status: 204 len: 168 time: 0.4175518
2026-07-14 11:43:25.966 9 INFO neutron.services.segments.plugin [-] Segment c764a479-f9c6-4d09-9b07-d605356f96eb resource provider aggregate not found
2026-07-14 11:43:25.974 10 INFO neutron.db.ovn_revision_numbers_db [None req-529d91e0-5e3c-4f4d-b6ee-7fb8fe9c17b0 e820eb7e754441859d3dfd86f088be9c 5d80ea2504e6400d9538295a00471c07 - - default default] Successfully bumped revision number for resource ee3cf463-a392-4feb-b0d2-5741bab6c248 (type: security_group_rules) to 0
2026-07-14 11:43:25.990 9 INFO neutron.services.segments.plugin [-] Segment c764a479-f9c6-4d09-9b07-d605356f96eb resource provider not found; error: Placement Client Error (4xx): {"errors": [{"status": 404, "title": "Not Found", "detail": "The resource could not be found.\n\n No resource provider with uuid c764a479-f9c6-4d09-9b07-d605356f96eb found for delete ", "request_id": "req-e0075f9f-63be-4be6-b974-82a43823c3fb"}]}
2026-07-14 11:43:26.007 9 INFO neutron.services.segments.plugin [-] Segment c764a479-f9c6-4d09-9b07-d605356f96eb resource provider aggregate not found
2026-07-14 11:43:26.008 10 INFO neutron.wsgi [req-64c6b1e7-3f0e-4e4d-a5d4-882f9b0828b6 req-adfb2996-0e21-4da3-bccb-d0eeb6170a44 74e029b5abf54ee48dc7724da09605d6 a9690140da344901a4bc15c35b39550e - - default default] 10.0.0.47 "GET /v2.0/networks?id=a6fee978-d13e-4694-8335-624ba69b6a30 HTTP/1.1" status: 200 len: 860 time: 0.0851688
2026-07-14 11:43:26.010 10 INFO neutron.wsgi [None req-529d91e0-5e3c-4f4d-b6ee-7fb8fe9c17b0 e820eb7e754441859d3dfd86f088be9c 5d80ea2504e6400d9538295a00471c07 - - default default] 10.0.0.24 "GET /v2.0/security-groups?tenant_id=99f87dce636b405c9765ac01d8c8480c&name=default HTTP/1.1" status: 200 len: 2996 time: 0.2464964
2026-07-14 11:43:26.027 10 INFO neutron.wsgi [req-64c6b1e7-3f0e-4e4d-a5d4-882f9b0828b6 req-fef5032a-0699-4e68-9fc2-ad655c1479d4 74e029b5abf54ee48dc7724da09605d6 a9690140da344901a4bc15c35b39550e - - default default] 10.0.0.47 "GET /v2.0/quotas/a9690140da344901a4bc15c35b39550e HTTP/1.1" status: 200 len: 386 time: 0.0124528
2026-07-14 11:43:26.027 9 INFO neutron.services.segments.plugin [-] Segment c764a479-f9c6-4d09-9b07-d605356f96eb resource provider not found; error: Placement Client Error (4xx): {"errors": [{"status": 404, "title": "Not Found", "detail": "The resource could not be found.\n\n No resource provider with uuid c764a479-f9c6-4d09-9b07-d605356f96eb found for delete ", "request_id": "req-c682ad85-2b13-413e-9870-d63b6224c743"}]}
2026-07-14 11:43:26.146 10 INFO neutron.wsgi [req-64c6b1e7-3f0e-4e4d-a5d4-882f9b0828b6 req-88a09bb0-d4e9-4640-9de6-8267581698db 74e029b5abf54ee48dc7724da09605d6 a9690140da344901a4bc15c35b39550e - - default default] 10.0.0.47 "GET /v2.0/ports?tenant_id=a9690140da344901a4bc15c35b39550e&fields=id HTTP/1.1" status: 200 len: 302 time: 0.1127894
2026-07-14 11:43:26.212 10 INFO neutron.wsgi [req-64c6b1e7-3f0e-4e4d-a5d4-882f9b0828b6 req-8e64a2ad-8352-4a38-8b43-eb781051e216 510ec922fc0a4c2daf74f2b7376f9572 007b620f9f02429dbfe1620e7e0729be - - fd004ce52a97444eaaca329ac57bdc02 fd004ce52a97444eaaca329ac57bdc02] 10.0.0.47 "GET /v2.0/networks/a6fee978-d13e-4694-8335-624ba69b6a30?fields=segments HTTP/1.1" status: 200 len: 212 time: 0.0534840
2026-07-14 11:43:26.280 10 INFO neutron.wsgi [req-64c6b1e7-3f0e-4e4d-a5d4-882f9b0828b6 req-46e69a5c-0d8c-4b39-8ce9-16a5c6842429 510ec922fc0a4c2daf74f2b7376f9572 007b620f9f02429dbfe1620e7e0729be - - fd004ce52a97444eaaca329ac57bdc02 fd004ce52a97444eaaca329ac57bdc02] 10.0.0.47 "GET /v2.0/networks/a6fee978-d13e-4694-8335-624ba69b6a30?fields=provider%3Aphysical_network&fields=provider%3Anetwork_type HTTP/1.1" status: 200 len: 277 time: 0.0584195
2026-07-14 11:43:26.293 9 INFO neutron.wsgi [None req-e2855242-7cf8-49ad-ab68-d28cdf836112 e820eb7e754441859d3dfd86f088be9c 5d80ea2504e6400d9538295a00471c07 - - default default] 10.0.0.24 "DELETE /v2.0/security-groups/0cb97b25-d731-46b2-9d69-56dce121dc68 HTTP/1.1" status: 204 len: 168 time: 0.2759659
2026-07-14 11:43:26.415 9 INFO neutron.wsgi [None req-43c56423-c149-41cb-9981-60229ab5150f 6a7bccac9e8c49f09b1f418df624e44b e3e4d3ad54ff4d19933257c0d1ae872d - - default default] 10.0.0.24 "DELETE /v2.0/networks/c95386c1-e785-47be-8b1d-26ac52ad3c44 HTTP/1.1" status: 204 len: 168 time: 0.4505138
2026-07-14 11:43:26.446 9 INFO neutron.wsgi [req-3d90d1e4-1ce6-4a7a-be53-d97226683593 req-8d1a76c8-d351-4cff-ae4f-b501e8eb05aa 74e029b5abf54ee48dc7724da09605d6 a9690140da344901a4bc15c35b39550e - - default default] 10.0.0.47 "GET /v2.0/ports?device_id=16982626-ccf3-41fc-9ad9-7802f64fc6be HTTP/1.1" status: 200 len: 210 time: 0.0411994
2026-07-14 11:43:26.535 10 INFO neutron.db.segments_db [None req-d716a7a0-31eb-4bd4-979f-044698b81e9a 6a7bccac9e8c49f09b1f418df624e44b e3e4d3ad54ff4d19933257c0d1ae872d - - default default] Added segment 7cd58ccf-f017-4ff3-9a56-2b552c7cb9b0 of type geneve for network c6355e49-3d11-4303-b789-3eb025671f2e
2026-07-14 11:43:26.674 10 INFO neutron.db.ovn_revision_numbers_db [None req-d716a7a0-31eb-4bd4-979f-044698b81e9a 6a7bccac9e8c49f09b1f418df624e44b e3e4d3ad54ff4d19933257c0d1ae872d - - default default] Successfully bumped revision number for resource c6355e49-3d11-4303-b789-3eb025671f2e (type: networks) to 1
2026-07-14 11:43:26.842 10 WARNING neutron.scheduler.dhcp_agent_scheduler [None req-d716a7a0-31eb-4bd4-979f-044698b81e9a 6a7bccac9e8c49f09b1f418df624e44b e3e4d3ad54ff4d19933257c0d1ae872d - - default default] No more DHCP agents
2026-07-14 11:43:26.843 10 WARNING neutron.api.rpc.agentnotifiers.dhcp_rpc_agent_api [None req-d716a7a0-31eb-4bd4-979f-044698b81e9a 6a7bccac9e8c49f09b1f418df624e44b e3e4d3ad54ff4d19933257c0d1ae872d - - default default] Unable to schedule network c6355e49-3d11-4303-b789-3eb025671f2e: no agents available; will retry on subsequent port and subnet creation events.
2026-07-14 11:43:26.966 10 INFO neutron.db.ovn_revision_numbers_db [None req-d716a7a0-31eb-4bd4-979f-044698b81e9a 6a7bccac9e8c49f09b1f418df624e44b e3e4d3ad54ff4d19933257c0d1ae872d - - default default] Successfully bumped revision number for resource 671af7f7-82c5-4c4c-afe9-0a18905c3506 (type: ports) to 1
2026-07-14 11:43:27.001 10 INFO neutron.wsgi [None req-d716a7a0-31eb-4bd4-979f-044698b81e9a 6a7bccac9e8c49f09b1f418df624e44b e3e4d3ad54ff4d19933257c0d1ae872d - - default default] 10.0.0.24 "POST /v2.0/networks HTTP/1.1" status: 201 len: 832 time: 0.5734625
2026-07-14 11:43:27.258 9 INFO neutron.wsgi [req-64c6b1e7-3f0e-4e4d-a5d4-882f9b0828b6 req-6d813c2d-ede0-41b2-b6ff-e366b3fd3db1 74e029b5abf54ee48dc7724da09605d6 a9690140da344901a4bc15c35b39550e - - default default] 199.204.45.3 "GET /v2.0/networks?id=a6fee978-d13e-4694-8335-624ba69b6a30 HTTP/1.1" status: 200 len: 860 time: 0.1009133
2026-07-14 11:43:27.306 10 WARNING neutron.scheduler.dhcp_agent_scheduler [None req-90eb7e07-3557-41c8-b861-1b2ae4de942a 6a7bccac9e8c49f09b1f418df624e44b e3e4d3ad54ff4d19933257c0d1ae872d - - default default] No more DHCP agents
2026-07-14 11:43:27.310 10 WARNING neutron.api.rpc.agentnotifiers.dhcp_rpc_agent_api [None req-90eb7e07-3557-41c8-b861-1b2ae4de942a 6a7bccac9e8c49f09b1f418df624e44b e3e4d3ad54ff4d19933257c0d1ae872d - - default default] Unable to schedule network c6355e49-3d11-4303-b789-3eb025671f2e: no agents available; will retry on subsequent port and subnet creation events.
2026-07-14 11:43:27.346 10 INFO neutron.db.ovn_revision_numbers_db [None req-90eb7e07-3557-41c8-b861-1b2ae4de942a 6a7bccac9e8c49f09b1f418df624e44b e3e4d3ad54ff4d19933257c0d1ae872d - - default default] Successfully bumped revision number for resource 8dc6f3be-2667-4c5c-9dca-cea1233305f9 (type: subnets) to 0
2026-07-14 11:43:27.349 9 INFO neutron.wsgi [req-64c6b1e7-3f0e-4e4d-a5d4-882f9b0828b6 req-05125a7e-aec5-4d5e-83e6-ffe1be851672 74e029b5abf54ee48dc7724da09605d6 a9690140da344901a4bc15c35b39550e - - default default] 199.204.45.3 "GET /v2.0/security-groups?fields=id&fields=name&tenant_id=a9690140da344901a4bc15c35b39550e HTTP/1.1" status: 200 len: 380 time: 0.0856001
2026-07-14 11:43:27.364 10 INFO neutron.wsgi [None req-90eb7e07-3557-41c8-b861-1b2ae4de942a 6a7bccac9e8c49f09b1f418df624e44b e3e4d3ad54ff4d19933257c0d1ae872d - - default default] 10.0.0.24 "POST /v2.0/subnets HTTP/1.1" status: 201 len: 821 time: 0.3493984
2026-07-14 11:43:27.746 9 WARNING neutron.plugins.ml2.drivers.ovn.mech_driver.ovsdb.ovn_client [None req-c1242a75-d02a-4fc2-b5c7-5567aded73f5 - - - - - -] No port found with ID 30607f11-39d3-48a9-858b-a9a703a50ec8: RuntimeError: No port found with ID 30607f11-39d3-48a9-858b-a9a703a50ec8
2026-07-14 11:43:27.747 9 INFO neutron.plugins.ml2.drivers.ovn.mech_driver.mech_driver [None req-c1242a75-d02a-4fc2-b5c7-5567aded73f5 - - - - - -] OVN reports status up for port: 2fffbcb0-f9ba-4f4b-b6b6-b538d3855068
2026-07-14 11:43:27.758 9 WARNING neutron.scheduler.dhcp_agent_scheduler [req-64c6b1e7-3f0e-4e4d-a5d4-882f9b0828b6 req-57598b33-925c-4a99-8338-2bff6b530f0b 74e029b5abf54ee48dc7724da09605d6 a9690140da344901a4bc15c35b39550e - - default default] No more DHCP agents
2026-07-14 11:43:27.762 9 WARNING neutron.api.rpc.agentnotifiers.dhcp_rpc_agent_api [req-64c6b1e7-3f0e-4e4d-a5d4-882f9b0828b6 req-57598b33-925c-4a99-8338-2bff6b530f0b 74e029b5abf54ee48dc7724da09605d6 a9690140da344901a4bc15c35b39550e - - default default] Unable to schedule network a6fee978-d13e-4694-8335-624ba69b6a30: no agents available; will retry on subsequent port and subnet creation events. /var/lib/openstack/lib/python3.10/site-packages/pycadf/identifier.py:71: UserWarning: Invalid uuid: neutron. To ensure interoperability, identifiers should be a valid uuid. warnings.warn(('Invalid uuid: %s. To ensure interoperability, '
2026-07-14 11:43:27.785 9 INFO neutron.plugins.ml2.plugin [None req-c1242a75-d02a-4fc2-b5c7-5567aded73f5 - - - - - -] Attempt 1 to provision port 2fffbcb0-f9ba-4f4b-b6b6-b538d3855068
2026-07-14 11:43:27.814 9 INFO neutron.wsgi [None req-eff0f567-af1e-4529-95ae-8f64f48567bc 85342f57379f4198b22e1047fa1b6815 c13c15d6658346d5879b89fd83f81902 - - default default] 10.0.0.24 "GET /v2.0/subnets/4b0b37bf-5fbb-4c5f-866f-5672f67453e2 HTTP/1.1" status: 200 len: 846 time: 0.0489633
2026-07-14 11:43:27.833 10 INFO neutron.wsgi [req-c626c840-bd2d-4025-af64-d3ccd9ca266c req-ef991615-b2fc-40ac-9ed9-7768479b6d7a 74e029b5abf54ee48dc7724da09605d6 a9690140da344901a4bc15c35b39550e - - default default] 10.0.0.47 "GET /v2.0/ports?device_id=16982626-ccf3-41fc-9ad9-7802f64fc6be HTTP/1.1" status: 200 len: 1160 time: 0.3269176
2026-07-14 11:43:27.889 10 INFO neutron.wsgi [req-c626c840-bd2d-4025-af64-d3ccd9ca266c req-8a0e316d-db41-4803-86bf-fad0051f87f0 74e029b5abf54ee48dc7724da09605d6 a9690140da344901a4bc15c35b39550e - - default default] 10.0.0.47 "GET /v2.0/security-groups?id=7555ec55-d733-4ccc-83d0-b2201fe7cd27&fields=id&fields=name HTTP/1.1" status: 200 len: 313 time: 0.0449653
2026-07-14 11:43:27.902 10 INFO neutron.db.ovn_revision_numbers_db [None req-8191b83d-995d-4808-bdc7-96689c4e86aa 6a7bccac9e8c49f09b1f418df624e44b e3e4d3ad54ff4d19933257c0d1ae872d - - default default] Successfully bumped revision number for resource 194b8bf2-f0e1-4181-830d-e10a4bb7fc40 (type: routers) to 1
2026-07-14 11:43:27.917 10 INFO neutron.wsgi [None req-8191b83d-995d-4808-bdc7-96689c4e86aa 6a7bccac9e8c49f09b1f418df624e44b e3e4d3ad54ff4d19933257c0d1ae872d - - default default] 10.0.0.24 "POST /v2.0/routers HTTP/1.1" status: 201 len: 691 time: 0.5332682
2026-07-14 11:43:27.998 9 INFO neutron.db.ovn_revision_numbers_db [req-64c6b1e7-3f0e-4e4d-a5d4-882f9b0828b6 req-57598b33-925c-4a99-8338-2bff6b530f0b 74e029b5abf54ee48dc7724da09605d6 a9690140da344901a4bc15c35b39550e - - default default] Successfully bumped revision number for resource 26dc1713-a942-486a-899b-7f6c41d5d4b4 (type: ports) to 1
2026-07-14 11:43:28.010 9 INFO neutron.services.segments.plugin [-] Segment 787e5ac7-5f54-4360-aa89-0571d480c774 resource provider aggregate not found
2026-07-14 11:43:28.035 10 WARNING neutron.plugins.ml2.drivers.ovn.mech_driver.ovsdb.ovn_client [None req-bce252a6-e8d4-4e60-89b6-69e113a9828b - - - - - -] No hosting information found for port a7b92e40-3a31-45f3-a4b9-028d614bcc62: RuntimeError: No hosting information found for port a7b92e40-3a31-45f3-a4b9-028d614bcc62
2026-07-14 11:43:28.036 9 INFO neutron.wsgi [req-64c6b1e7-3f0e-4e4d-a5d4-882f9b0828b6 req-57598b33-925c-4a99-8338-2bff6b530f0b 74e029b5abf54ee48dc7724da09605d6 a9690140da344901a4bc15c35b39550e - - default default] 199.204.45.3 "POST /v2.0/ports HTTP/1.1" status: 201 len: 1162 time: 0.6737580
2026-07-14 11:43:28.047 9 INFO neutron.services.segments.plugin [-] Segment 787e5ac7-5f54-4360-aa89-0571d480c774 resource provider aggregate not found
2026-07-14 11:43:28.066 9 INFO neutron.services.segments.plugin [-] Segment 787e5ac7-5f54-4360-aa89-0571d480c774 resource provider not found; error: Placement Client Error (4xx): {"errors": [{"status": 404, "title": "Not Found", "detail": "The resource could not be found.\n\n No resource provider with uuid 787e5ac7-5f54-4360-aa89-0571d480c774 found for delete ", "request_id": "req-eac4801f-11c6-49bc-8721-b0a4b4df9aef"}]}
2026-07-14 11:43:28.085 9 INFO neutron.services.segments.plugin [-] Segment 787e5ac7-5f54-4360-aa89-0571d480c774 resource provider not found; error: Placement Client Error (4xx): {"errors": [{"status": 404, "title": "Not Found", "detail": "The resource could not be found.\n\n No resource provider with uuid 787e5ac7-5f54-4360-aa89-0571d480c774 found for delete ", "request_id": "req-7c96dfbe-c281-447b-8e82-a72856bbd7a8"}]}
2026-07-14 11:43:28.366 9 WARNING neutron.scheduler.dhcp_agent_scheduler [None req-35b75277-eb5c-4709-baf1-1f89ea20b090 6a7bccac9e8c49f09b1f418df624e44b e3e4d3ad54ff4d19933257c0d1ae872d - - default default] No more DHCP agents
2026-07-14 11:43:28.377 9 WARNING neutron.api.rpc.agentnotifiers.dhcp_rpc_agent_api [None req-35b75277-eb5c-4709-baf1-1f89ea20b090 6a7bccac9e8c49f09b1f418df624e44b e3e4d3ad54ff4d19933257c0d1ae872d - - default default] Unable to schedule network c6355e49-3d11-4303-b789-3eb025671f2e: no agents available; will retry on subsequent port and subnet creation events.
2026-07-14 11:43:28.545 9 INFO neutron.db.ovn_revision_numbers_db [None req-35b75277-eb5c-4709-baf1-1f89ea20b090 6a7bccac9e8c49f09b1f418df624e44b e3e4d3ad54ff4d19933257c0d1ae872d - - default default] Successfully bumped revision number for resource 4124b735-255e-425f-a8c4-f33efec486a8 (type: ports) to 1
2026-07-14 11:43:28.569 10 INFO neutron.wsgi [None req-2ea0a924-20f0-4d9a-8872-ac7356e371e5 e820eb7e754441859d3dfd86f088be9c 5d80ea2504e6400d9538295a00471c07 - - default default] 10.0.0.89 "GET /v2.0/extensions/security-group HTTP/1.1" status: 200 len: 369 time: 0.2167573
2026-07-14 11:43:28.583 10 INFO neutron.wsgi [None req-a66ad0ce-feee-4c18-97d5-d84132476282 e820eb7e754441859d3dfd86f088be9c 5d80ea2504e6400d9538295a00471c07 - - default default] 10.0.0.89 "GET /v2.0/extensions/dns-integration HTTP/1.1" status: 200 len: 371 time: 0.0053306
2026-07-14 11:43:28.586 9 INFO neutron.wsgi [None req-35b75277-eb5c-4709-baf1-1f89ea20b090 6a7bccac9e8c49f09b1f418df624e44b e3e4d3ad54ff4d19933257c0d1ae872d - - default default] 10.0.0.24 "POST /v2.0/ports HTTP/1.1" status: 201 len: 1161 time: 0.6502829 /var/lib/openstack/lib/python3.10/site-packages/pycadf/identifier.py:71: UserWarning: Invalid uuid: neutron. To ensure interoperability, identifiers should be a valid uuid. warnings.warn(('Invalid uuid: %s. To ensure interoperability, '
2026-07-14 11:43:28.593 10 INFO neutron.wsgi [None req-e71f5ea9-0766-4252-afa2-64e913a8d8e8 e820eb7e754441859d3dfd86f088be9c 5d80ea2504e6400d9538295a00471c07 - - default default] 10.0.0.89 "GET /v2.0/extensions/qos HTTP/1.1" status: 200 len: 365 time: 0.0056779
2026-07-14 11:43:28.608 10 INFO neutron.wsgi [None req-3b652abd-9c6a-4c9d-803e-98d92396bb8c e820eb7e754441859d3dfd86f088be9c 5d80ea2504e6400d9538295a00471c07 - - default default] 10.0.0.89 "GET /v2.0/extensions/allowed-address-pairs HTTP/1.1" status: 200 len: 383 time: 0.0080130
2026-07-14 11:43:28.672 9 INFO neutron.db.ovn_revision_numbers_db [req-64c6b1e7-3f0e-4e4d-a5d4-882f9b0828b6 req-afee5f34-feb0-4402-90b0-0af5aa1bb154 510ec922fc0a4c2daf74f2b7376f9572 007b620f9f02429dbfe1620e7e0729be - - fd004ce52a97444eaaca329ac57bdc02 fd004ce52a97444eaaca329ac57bdc02] Successfully bumped revision number for resource 26dc1713-a942-486a-899b-7f6c41d5d4b4 (type: ports) to 2 /var/lib/openstack/lib/python3.10/site-packages/pycadf/identifier.py:71: UserWarning: Invalid uuid: neutron. To ensure interoperability, identifiers should be a valid uuid. warnings.warn(('Invalid uuid: %s. To ensure interoperability, '
2026-07-14 11:43:28.962 9 INFO neutron.db.ovn_revision_numbers_db [req-64c6b1e7-3f0e-4e4d-a5d4-882f9b0828b6 req-afee5f34-feb0-4402-90b0-0af5aa1bb154 510ec922fc0a4c2daf74f2b7376f9572 007b620f9f02429dbfe1620e7e0729be - - fd004ce52a97444eaaca329ac57bdc02 fd004ce52a97444eaaca329ac57bdc02] Successfully bumped revision number for resource 26dc1713-a942-486a-899b-7f6c41d5d4b4 (type: ports) to 2
2026-07-14 11:43:29.022 9 INFO neutron.wsgi [req-64c6b1e7-3f0e-4e4d-a5d4-882f9b0828b6 req-afee5f34-feb0-4402-90b0-0af5aa1bb154 510ec922fc0a4c2daf74f2b7376f9572 007b620f9f02429dbfe1620e7e0729be - - fd004ce52a97444eaaca329ac57bdc02 fd004ce52a97444eaaca329ac57bdc02] 199.204.45.3 "PUT /v2.0/ports/26dc1713-a942-486a-899b-7f6c41d5d4b4 HTTP/1.1" status: 200 len: 1380 time: 0.9794247 /var/lib/openstack/lib/python3.10/site-packages/pycadf/identifier.py:71: UserWarning: Invalid uuid: neutron. To ensure interoperability, identifiers should be a valid uuid. warnings.warn(('Invalid uuid: %s. To ensure interoperability, '
2026-07-14 11:43:29.077 9 INFO neutron.notifiers.nova [-] Nova event matching ['req-e5bff693-b59b-45a1-95db-ad65a6820bb5'] response: {'name': 'network-changed', 'server_uuid': '16982626-ccf3-41fc-9ad9-7802f64fc6be', 'tag': '26dc1713-a942-486a-899b-7f6c41d5d4b4', 'status': 'completed', 'code': 200}
2026-07-14 11:43:29.132 9 INFO neutron.wsgi [req-64c6b1e7-3f0e-4e4d-a5d4-882f9b0828b6 req-542027ef-caeb-4e93-9aa4-fd5c9e0bd6ee 510ec922fc0a4c2daf74f2b7376f9572 007b620f9f02429dbfe1620e7e0729be - - fd004ce52a97444eaaca329ac57bdc02 fd004ce52a97444eaaca329ac57bdc02] 199.204.45.3 "GET /v2.0/ports?tenant_id=a9690140da344901a4bc15c35b39550e&device_id=16982626-ccf3-41fc-9ad9-7802f64fc6be HTTP/1.1" status: 200 len: 1411 time: 0.0727470
2026-07-14 11:43:29.137 9 INFO neutron.wsgi [req-aad97d5e-c642-4728-980f-c3de523ef5cb req-01a5f794-c7a9-430c-9a12-160d89f5e729 74e029b5abf54ee48dc7724da09605d6 a9690140da344901a4bc15c35b39550e - - default default] 10.0.0.47 "GET /v2.0/ports?device_id=16982626-ccf3-41fc-9ad9-7802f64fc6be HTTP/1.1" status: 200 len: 1172 time: 0.1845047
2026-07-14 11:43:29.168 9 INFO neutron.plugins.ml2.drivers.ovn.mech_driver.mech_driver [None req-c1242a75-d02a-4fc2-b5c7-5567aded73f5 - - - - - -] OVN reports status up for port: 4124b735-255e-425f-a8c4-f33efec486a8
2026-07-14 11:43:29.180 9 INFO neutron.wsgi [req-64c6b1e7-3f0e-4e4d-a5d4-882f9b0828b6 req-51274aed-6817-41cd-95d6-add2bc337cd8 510ec922fc0a4c2daf74f2b7376f9572 007b620f9f02429dbfe1620e7e0729be - - fd004ce52a97444eaaca329ac57bdc02 fd004ce52a97444eaaca329ac57bdc02] 199.204.45.3 "GET /v2.0/floatingips?fixed_ip_address=10.100.0.10&port_id=26dc1713-a942-486a-899b-7f6c41d5d4b4 HTTP/1.1" status: 200 len: 217 time: 0.0401132
2026-07-14 11:43:29.191 10 INFO neutron.wsgi [-] 10.0.0.89 "GET / HTTP/1.1" status: 200 len: 284 time: 0.0028579
2026-07-14 11:43:29.195 9 INFO neutron.plugins.ml2.plugin [None req-c1242a75-d02a-4fc2-b5c7-5567aded73f5 - - - - - -] Attempt 1 to provision port 4124b735-255e-425f-a8c4-f33efec486a8
2026-07-14 11:43:29.221 9 INFO neutron.db.ovn_revision_numbers_db [None req-950b8de0-a810-416f-853d-33c9a0394f6e 6a7bccac9e8c49f09b1f418df624e44b e3e4d3ad54ff4d19933257c0d1ae872d - - default default] Successfully bumped revision number for resource 4124b735-255e-425f-a8c4-f33efec486a8 (type: router_ports) to 2
2026-07-14 11:43:29.233 10 INFO neutron.wsgi [None req-93e5f99f-fa18-486f-bf78-dee01b5b7744 0a418eaf640c46418b7dff15bc24f8fd accad997ad7e4d3aaae920dabe217222 - - default default] 10.0.0.89 "GET /v2.0/subnets/4b0b37bf-5fbb-4c5f-866f-5672f67453e2 HTTP/1.1" status: 200 len: 833 time: 0.0363729
2026-07-14 11:43:29.245 9 INFO neutron.wsgi [req-aad97d5e-c642-4728-980f-c3de523ef5cb req-2acc8178-1d1b-4d2f-a8d9-1fed72b3831a 74e029b5abf54ee48dc7724da09605d6 a9690140da344901a4bc15c35b39550e - - default default] 10.0.0.47 "GET /v2.0/security-groups?id=7555ec55-d733-4ccc-83d0-b2201fe7cd27&fields=id&fields=name HTTP/1.1" status: 200 len: 313 time: 0.0928848
2026-07-14 11:43:29.249 10 INFO neutron.wsgi [None req-a041da00-5369-4bf4-87ca-0ba7e2947be9 e820eb7e754441859d3dfd86f088be9c 5d80ea2504e6400d9538295a00471c07 - - default default] 10.0.0.89 "GET /v2.0/extensions/security-group HTTP/1.1" status: 200 len: 369 time: 0.0063200
2026-07-14 11:43:29.250 9 INFO neutron.wsgi [req-64c6b1e7-3f0e-4e4d-a5d4-882f9b0828b6 req-8be6d263-8fa2-4e14-89b3-9ef7019b13cb 510ec922fc0a4c2daf74f2b7376f9572 007b620f9f02429dbfe1620e7e0729be - - fd004ce52a97444eaaca329ac57bdc02 fd004ce52a97444eaaca329ac57bdc02] 199.204.45.3 "GET /v2.0/subnets?id=09d00a60-a2cd-4700-abaa-bfac7ce93992 HTTP/1.1" status: 200 len: 853 time: 0.0635521
2026-07-14 11:43:29.270 10 INFO neutron.wsgi [None req-6eacd1f4-21aa-4e04-aac5-dc708e6b6a72 e820eb7e754441859d3dfd86f088be9c 5d80ea2504e6400d9538295a00471c07 - - default default] 10.0.0.89 "GET /v2.0/extensions/dns-integration HTTP/1.1" status: 200 len: 371 time: 0.0152855
2026-07-14 11:43:29.281 9 INFO neutron.wsgi [req-64c6b1e7-3f0e-4e4d-a5d4-882f9b0828b6 req-97e9bd9e-a0b6-446d-b433-8548a961b41b 510ec922fc0a4c2daf74f2b7376f9572 007b620f9f02429dbfe1620e7e0729be - - fd004ce52a97444eaaca329ac57bdc02 fd004ce52a97444eaaca329ac57bdc02] 199.204.45.3 "GET /v2.0/ports?network_id=a6fee978-d13e-4694-8335-624ba69b6a30&device_owner=network%3Adhcp HTTP/1.1" status: 200 len: 210 time: 0.0209348
2026-07-14 11:43:29.282 10 INFO neutron.wsgi [None req-97646adc-f60b-4512-ad80-78b99e3c8808 e820eb7e754441859d3dfd86f088be9c 5d80ea2504e6400d9538295a00471c07 - - default default] 10.0.0.89 "GET /v2.0/extensions/qos HTTP/1.1" status: 200 len: 365 time: 0.0052593
