2026-07-14 11:43:53.028 9 INFO neutron.wsgi [None req-3262e49a-cd8e-4d3f-a5f9-5ee96e2c313f cfd4f8fa67bd4cd78e55f55c61b4969b 3dffb4a74e8543b6a111bcc8cdc5d816 - - default default] 10.0.0.24 "GET /v2.0/trunks?tags=red%2Cblue HTTP/1.1" status: 200 len: 1041 time: 0.0262330
2026-07-14 11:43:53.051 10 INFO neutron.wsgi [None req-9e052c71-63e8-4600-abad-11b4cb62b624 b3b99b88ccd84a53a9b3c873e5de709b b225a285a185433ba92bd0a7718f2f5c - - default default] 10.0.0.24 "GET /v2.0/ports/f30e6237-bf1c-44f0-8ae4-fbac31559be0 HTTP/1.1" status: 200 len: 1135 time: 0.0409081
2026-07-14 11:43:53.062 9 INFO neutron.wsgi [None req-365c568f-f81e-451b-b6ec-115cc853e1b4 cfd4f8fa67bd4cd78e55f55c61b4969b 3dffb4a74e8543b6a111bcc8cdc5d816 - - default default] 10.0.0.24 "GET /v2.0/trunks?tags-any=blue HTTP/1.1" status: 200 len: 1041 time: 0.0232301
2026-07-14 11:43:53.088 9 INFO neutron.wsgi [None req-1591e6df-8ee6-4023-87bc-cbdc0ba1722b cfd4f8fa67bd4cd78e55f55c61b4969b 3dffb4a74e8543b6a111bcc8cdc5d816 - - default default] 10.0.0.24 "GET /v2.0/trunks?tags-any=red%2Cblue HTTP/1.1" status: 200 len: 1447 time: 0.0208421
2026-07-14 11:43:53.112 9 INFO neutron.wsgi [None req-47b5d25c-6872-4302-b4ed-8ad9a2257b0b cfd4f8fa67bd4cd78e55f55c61b4969b 3dffb4a74e8543b6a111bcc8cdc5d816 - - default default] 10.0.0.24 "GET /v2.0/trunks?not-tags=red HTTP/1.1" status: 200 len: 1013 time: 0.0184853
2026-07-14 11:43:53.137 9 INFO neutron.wsgi [None req-39d3a6ca-662b-4f61-b717-6f809cff5572 cfd4f8fa67bd4cd78e55f55c61b4969b 3dffb4a74e8543b6a111bcc8cdc5d816 - - default default] 10.0.0.24 "GET /v2.0/trunks?not-tags=red%2Cblue HTTP/1.1" status: 200 len: 1419 time: 0.0194211
2026-07-14 11:43:53.162 9 INFO neutron.wsgi [None req-8717dd06-5143-4b6b-aa61-89a5a4b3eac8 cfd4f8fa67bd4cd78e55f55c61b4969b 3dffb4a74e8543b6a111bcc8cdc5d816 - - default default] 10.0.0.24 "GET /v2.0/trunks?not-tags-any=blue HTTP/1.1" status: 200 len: 1419 time: 0.0206025
2026-07-14 11:43:53.184 9 INFO neutron.wsgi [None req-33d38d25-f81d-4d41-9b6c-91e0b2bea5d6 cfd4f8fa67bd4cd78e55f55c61b4969b 3dffb4a74e8543b6a111bcc8cdc5d816 - - default default] 10.0.0.24 "GET /v2.0/trunks?not-tags-any=red%2Cblue HTTP/1.1" status: 200 len: 1013 time: 0.0166254
2026-07-14 11:43:53.204 9 INFO neutron.wsgi [None req-5223f644-5be9-492f-ab82-77307d00d4c7 cfd4f8fa67bd4cd78e55f55c61b4969b 3dffb4a74e8543b6a111bcc8cdc5d816 - - default default] 10.0.0.24 "GET /v2.0/trunks/8e32fb76-c892-4e43-a28f-c739e43c9838 HTTP/1.1" status: 200 len: 608 time: 0.0137198
2026-07-14 11:43:53.294 9 INFO neutron.wsgi [None req-f625a74c-5e9c-4d5b-8e20-b64a8ebc580c cfd4f8fa67bd4cd78e55f55c61b4969b 3dffb4a74e8543b6a111bcc8cdc5d816 - - default default] 10.0.0.24 "GET /v2.0/ports/10591b5a-f332-46ec-9531-82cc19201da4 HTTP/1.1" status: 200 len: 1020 time: 0.0849595
2026-07-14 11:43:53.377 9 INFO neutron.wsgi [None req-d80d70a7-3b02-4426-b73c-1c54ef7ebc41 cfd4f8fa67bd4cd78e55f55c61b4969b 3dffb4a74e8543b6a111bcc8cdc5d816 - - default default] 10.0.0.24 "DELETE /v2.0/trunks/8e32fb76-c892-4e43-a28f-c739e43c9838 HTTP/1.1" status: 204 len: 168 time: 0.0781357
2026-07-14 11:43:53.401 9 INFO neutron.wsgi [None req-969cee72-7ad6-4445-bff9-7b261f99cd9f cfd4f8fa67bd4cd78e55f55c61b4969b 3dffb4a74e8543b6a111bcc8cdc5d816 - - default default] 10.0.0.24 "GET /v2.0/trunks/62ace7f6-6326-41a1-830f-b8af0b8f469b HTTP/1.1" status: 200 len: 616 time: 0.0163510
2026-07-14 11:43:53.491 9 INFO neutron.wsgi [None req-5f24106a-dd76-495a-9384-59551926b73b cfd4f8fa67bd4cd78e55f55c61b4969b 3dffb4a74e8543b6a111bcc8cdc5d816 - - default default] 10.0.0.24 "GET /v2.0/ports/fff4e473-a915-4660-9b29-f0b0409be4a1 HTTP/1.1" status: 200 len: 1020 time: 0.0858908
2026-07-14 11:43:53.601 10 INFO neutron.wsgi [None req-c8fdd469-d8cb-4204-a2b3-58c638cf9ddf cfd4f8fa67bd4cd78e55f55c61b4969b 3dffb4a74e8543b6a111bcc8cdc5d816 - - default default] 10.0.0.24 "DELETE /v2.0/trunks/62ace7f6-6326-41a1-830f-b8af0b8f469b HTTP/1.1" status: 204 len: 168 time: 0.1030805
2026-07-14 11:43:53.625 10 INFO neutron.wsgi [None req-f5aca161-49d7-45ab-b692-93ec9399bf64 cfd4f8fa67bd4cd78e55f55c61b4969b 3dffb4a74e8543b6a111bcc8cdc5d816 - - default default] 10.0.0.24 "GET /v2.0/trunks/3ef236e0-2c5e-463d-a21d-27df564cfccd HTTP/1.1" status: 200 len: 625 time: 0.0184307
2026-07-14 11:43:53.725 10 INFO neutron.wsgi [None req-1b93339b-1583-4389-9808-f1e9ff649b7f cfd4f8fa67bd4cd78e55f55c61b4969b 3dffb4a74e8543b6a111bcc8cdc5d816 - - default default] 10.0.0.24 "GET /v2.0/ports/e329f0d6-6e22-4c40-913c-eba9ffaf31a1 HTTP/1.1" status: 200 len: 1020 time: 0.0933125
2026-07-14 11:43:53.780 9 INFO neutron.wsgi [req-c80af02f-a565-4865-b1a1-99af39964cdc req-fd64cd14-7cf7-4b2a-8c13-da54a07384d9 74e029b5abf54ee48dc7724da09605d6 a9690140da344901a4bc15c35b39550e - - default default] 10.0.0.47 "GET /v2.0/ports?device_id=d83b914f-266d-45f6-9857-c7229791106c HTTP/1.1" status: 200 len: 1168 time: 0.0420139
2026-07-14 11:43:53.821 9 INFO neutron.wsgi [req-c80af02f-a565-4865-b1a1-99af39964cdc req-1d165e52-28c5-4de6-a476-2a429a52314f 74e029b5abf54ee48dc7724da09605d6 a9690140da344901a4bc15c35b39550e - - default default] 10.0.0.47 "GET /v2.0/security-groups?id=3c7646d6-bed5-46c9-bbc7-db2f9bf27fd7&fields=id&fields=name HTTP/1.1" status: 200 len: 312 time: 0.0363178
2026-07-14 11:43:53.831 10 INFO neutron.wsgi [None req-2aeea443-4d0c-4ff9-8f90-0a06fbbbd446 cfd4f8fa67bd4cd78e55f55c61b4969b 3dffb4a74e8543b6a111bcc8cdc5d816 - - default default] 10.0.0.24 "DELETE /v2.0/trunks/3ef236e0-2c5e-463d-a21d-27df564cfccd HTTP/1.1" status: 204 len: 168 time: 0.0999310
2026-07-14 11:43:53.853 9 INFO neutron.wsgi [None req-16d16854-2ec4-45ea-84aa-c6ec6b453928 cfd4f8fa67bd4cd78e55f55c61b4969b 3dffb4a74e8543b6a111bcc8cdc5d816 - - default default] 10.0.0.24 "GET /v2.0/trunks/77e94ea3-cb82-4e5c-959c-fd3e2b7e860d HTTP/1.1" status: 200 len: 610 time: 0.0173557
2026-07-14 11:43:53.949 9 INFO neutron.wsgi [None req-e45a1351-9953-4ae3-96cc-83b182da8fcf cfd4f8fa67bd4cd78e55f55c61b4969b 3dffb4a74e8543b6a111bcc8cdc5d816 - - default default] 10.0.0.24 "GET /v2.0/ports/7d8c76d0-8ce7-4a29-adbe-ae0c78f113b1 HTTP/1.1" status: 200 len: 1020 time: 0.0919788
2026-07-14 11:43:54.037 9 INFO neutron.wsgi [None req-e5f52cc0-14bf-4cf9-824a-a761105675c1 cfd4f8fa67bd4cd78e55f55c61b4969b 3dffb4a74e8543b6a111bcc8cdc5d816 - - default default] 10.0.0.24 "DELETE /v2.0/trunks/77e94ea3-cb82-4e5c-959c-fd3e2b7e860d HTTP/1.1" status: 204 len: 168 time: 0.0820186
2026-07-14 11:43:54.064 9 INFO neutron.wsgi [None req-1a62aafb-3505-4daf-b823-9f77f2f72722 cfd4f8fa67bd4cd78e55f55c61b4969b 3dffb4a74e8543b6a111bcc8cdc5d816 - - default default] 10.0.0.24 "GET /v2.0/trunks/51b7e87a-6d00-43e2-86fd-b549ff7430fd HTTP/1.1" status: 200 len: 603 time: 0.0217597
2026-07-14 11:43:54.097 10 INFO neutron.wsgi [None req-1d1023d1-098b-4aa0-a3e1-21dcaafbe872 b3b99b88ccd84a53a9b3c873e5de709b b225a285a185433ba92bd0a7718f2f5c - - default default] 10.0.0.24 "GET /v2.0/ports/f30e6237-bf1c-44f0-8ae4-fbac31559be0 HTTP/1.1" status: 200 len: 1135 time: 0.0402451
2026-07-14 11:43:54.212 9 INFO neutron.wsgi [None req-bd290169-6eab-45d3-9c08-fde17a6786e7 cfd4f8fa67bd4cd78e55f55c61b4969b 3dffb4a74e8543b6a111bcc8cdc5d816 - - default default] 10.0.0.24 "GET /v2.0/ports/6b36d1f1-a8a3-4e0c-a892-9df2bb60fee0 HTTP/1.1" status: 200 len: 1020 time: 0.1446922
2026-07-14 11:43:54.916 9 INFO neutron.wsgi [None req-eafa9a36-72bd-43be-9c7b-7cfabb1f1822 cfd4f8fa67bd4cd78e55f55c61b4969b 3dffb4a74e8543b6a111bcc8cdc5d816 - - default default] 10.0.0.24 "DELETE /v2.0/trunks/51b7e87a-6d00-43e2-86fd-b549ff7430fd HTTP/1.1" status: 204 len: 168 time: 0.6993337
2026-07-14 11:43:54.954 10 INFO neutron.wsgi [req-d3cfa363-d184-46ef-abc9-441024021475 req-70ec65c2-2f58-4c20-b639-af41c7712107 74e029b5abf54ee48dc7724da09605d6 a9690140da344901a4bc15c35b39550e - - default default] 10.0.0.47 "GET /v2.0/ports?device_id=d83b914f-266d-45f6-9857-c7229791106c HTTP/1.1" status: 200 len: 1168 time: 0.0599587
2026-07-14 11:43:55.013 10 INFO neutron.wsgi [req-d3cfa363-d184-46ef-abc9-441024021475 req-997d65c3-24aa-4ec0-89d2-4c8bd709766f 74e029b5abf54ee48dc7724da09605d6 a9690140da344901a4bc15c35b39550e - - default default] 10.0.0.47 "GET /v2.0/security-groups?id=3c7646d6-bed5-46c9-bbc7-db2f9bf27fd7&fields=id&fields=name HTTP/1.1" status: 200 len: 312 time: 0.0529447
2026-07-14 11:43:55.159 9 INFO neutron.wsgi [None req-26717dcf-d0ca-43fc-a13b-1ba110f2127c cfd4f8fa67bd4cd78e55f55c61b4969b 3dffb4a74e8543b6a111bcc8cdc5d816 - - default default] 10.0.0.24 "DELETE /v2.0/ports/10591b5a-f332-46ec-9531-82cc19201da4 HTTP/1.1" status: 204 len: 168 time: 0.2327642
2026-07-14 11:43:55.178 10 INFO neutron.wsgi [None req-42f74b27-cca9-43e8-8e02-ef0609027f67 b3b99b88ccd84a53a9b3c873e5de709b b225a285a185433ba92bd0a7718f2f5c - - default default] 10.0.0.24 "GET /v2.0/ports/f30e6237-bf1c-44f0-8ae4-fbac31559be0 HTTP/1.1" status: 200 len: 1135 time: 0.0517614
2026-07-14 11:43:55.360 10 WARNING neutron.plugins.ml2.drivers.ovn.mech_driver.ovsdb.ovn_client [None req-bce252a6-e8d4-4e60-89b6-69e113a9828b - - - - - -] No hosting information found for port 5133fef5-fb57-41cf-9085-e0c0f7f3cb10: RuntimeError: No hosting information found for port 5133fef5-fb57-41cf-9085-e0c0f7f3cb10
2026-07-14 11:43:55.360 10 INFO neutron.plugins.ml2.drivers.ovn.mech_driver.mech_driver [None req-bce252a6-e8d4-4e60-89b6-69e113a9828b - - - - - -] OVN reports status up for port: 7a6ba34e-d3b0-454f-9acd-6b5fbc3a4771
2026-07-14 11:43:55.371 10 INFO neutron.plugins.ml2.plugin [None req-bce252a6-e8d4-4e60-89b6-69e113a9828b - - - - - -] Attempt 1 to provision port 7a6ba34e-d3b0-454f-9acd-6b5fbc3a4771
2026-07-14 11:43:55.401 9 INFO neutron.wsgi [None req-ef766386-14d4-4927-898c-1cf0af310138 cfd4f8fa67bd4cd78e55f55c61b4969b 3dffb4a74e8543b6a111bcc8cdc5d816 - - default default] 10.0.0.24 "DELETE /v2.0/ports/fff4e473-a915-4660-9b29-f0b0409be4a1 HTTP/1.1" status: 204 len: 168 time: 0.2377286
2026-07-14 11:43:55.514 10 INFO neutron.notifiers.nova [-] Nova event matching ['req-bad2208a-c606-4fed-b64b-62010eb5af82'] response: {'server_uuid': 'd83b914f-266d-45f6-9857-c7229791106c', 'name': 'network-vif-plugged', 'status': 'completed', 'tag': '7a6ba34e-d3b0-454f-9acd-6b5fbc3a4771', 'code': 200}
2026-07-14 11:43:55.685 9 INFO neutron.wsgi [None req-c123f37a-2aaf-4026-a95b-5867edfee8cf cfd4f8fa67bd4cd78e55f55c61b4969b 3dffb4a74e8543b6a111bcc8cdc5d816 - - default default] 10.0.0.24 "DELETE /v2.0/ports/e329f0d6-6e22-4c40-913c-eba9ffaf31a1 HTTP/1.1" status: 204 len: 168 time: 0.2769361
2026-07-14 11:43:55.714 10 INFO neutron.db.ovn_revision_numbers_db [None req-bce252a6-e8d4-4e60-89b6-69e113a9828b - - - - - -] Successfully bumped revision number for resource 7a6ba34e-d3b0-454f-9acd-6b5fbc3a4771 (type: ports) to 4
2026-07-14 11:43:55.760 10 INFO neutron.plugins.ml2.drivers.ovn.mech_driver.mech_driver [None req-bce252a6-e8d4-4e60-89b6-69e113a9828b - - - - - -] OVN reports status up for port: f30e6237-bf1c-44f0-8ae4-fbac31559be0
2026-07-14 11:43:55.771 10 INFO neutron.plugins.ml2.plugin [None req-bce252a6-e8d4-4e60-89b6-69e113a9828b - - - - - -] Attempt 1 to provision port f30e6237-bf1c-44f0-8ae4-fbac31559be0
2026-07-14 11:43:55.927 9 INFO neutron.wsgi [None req-c31f033b-642f-4c12-a8f8-0bad0fea924e cfd4f8fa67bd4cd78e55f55c61b4969b 3dffb4a74e8543b6a111bcc8cdc5d816 - - default default] 10.0.0.24 "DELETE /v2.0/ports/7d8c76d0-8ce7-4a29-adbe-ae0c78f113b1 HTTP/1.1" status: 204 len: 168 time: 0.2379057 /var/lib/openstack/lib/python3.10/site-packages/pycadf/identifier.py:71: UserWarning: Invalid uuid: neutron. To ensure interoperability, identifiers should be a valid uuid. warnings.warn(('Invalid uuid: %s. To ensure interoperability, '
2026-07-14 11:43:56.128 10 INFO neutron.wsgi [req-efc015a4-6f2c-4d22-bbf0-cdf002959ab3 req-cb12ae07-c845-4db2-bf07-5d26e0cf340c 74e029b5abf54ee48dc7724da09605d6 a9690140da344901a4bc15c35b39550e - - default default] 10.0.0.47 "GET /v2.0/ports?device_id=d83b914f-266d-45f6-9857-c7229791106c HTTP/1.1" status: 200 len: 1170 time: 0.0427871
2026-07-14 11:43:56.128 9 INFO neutron.wsgi [None req-84762227-0f22-45c2-bbc6-61f51737843e cfd4f8fa67bd4cd78e55f55c61b4969b 3dffb4a74e8543b6a111bcc8cdc5d816 - - default default] 10.0.0.24 "DELETE /v2.0/ports/6b36d1f1-a8a3-4e0c-a892-9df2bb60fee0 HTTP/1.1" status: 204 len: 168 time: 0.1970744
2026-07-14 11:43:56.152 10 INFO neutron.db.ovn_revision_numbers_db [None req-bce252a6-e8d4-4e60-89b6-69e113a9828b - - - - - -] Successfully bumped revision number for resource f30e6237-bf1c-44f0-8ae4-fbac31559be0 (type: ports) to 2
2026-07-14 11:43:56.198 10 INFO neutron.wsgi [req-efc015a4-6f2c-4d22-bbf0-cdf002959ab3 req-2348706d-3206-4957-a471-ec22639a9dfb 74e029b5abf54ee48dc7724da09605d6 a9690140da344901a4bc15c35b39550e - - default default] 10.0.0.47 "GET /v2.0/security-groups?id=3c7646d6-bed5-46c9-bbc7-db2f9bf27fd7&fields=id&fields=name HTTP/1.1" status: 200 len: 312 time: 0.0624840
2026-07-14 11:43:56.293 10 INFO neutron.db.ovn_revision_numbers_db [None req-bce252a6-e8d4-4e60-89b6-69e113a9828b - - - - - -] Successfully bumped revision number for resource f30e6237-bf1c-44f0-8ae4-fbac31559be0 (type: router_ports) to 2
2026-07-14 11:43:56.297 9 INFO neutron.wsgi [None req-61a84ed9-e944-4e2f-b714-85863e0d6f21 b3b99b88ccd84a53a9b3c873e5de709b b225a285a185433ba92bd0a7718f2f5c - - default default] 10.0.0.24 "GET /v2.0/ports/f30e6237-bf1c-44f0-8ae4-fbac31559be0 HTTP/1.1" status: 200 len: 1137 time: 0.1103461
2026-07-14 11:43:56.392 9 INFO neutron.wsgi [req-492ca64e-efa2-48e0-a3ed-ec8a5826e36e req-0c1d28db-812e-456b-9314-e20bd6dd2947 74e029b5abf54ee48dc7724da09605d6 a9690140da344901a4bc15c35b39550e - - default default] 10.0.0.47 "GET /v2.0/ports?device_id=d83b914f-266d-45f6-9857-c7229791106c HTTP/1.1" status: 200 len: 1170 time: 0.1163800
2026-07-14 11:43:56.449 9 INFO neutron.wsgi [req-492ca64e-efa2-48e0-a3ed-ec8a5826e36e req-9d0d9fd7-0d94-4315-905b-4b2ab781e54e 74e029b5abf54ee48dc7724da09605d6 a9690140da344901a4bc15c35b39550e - - default default] 10.0.0.47 "GET /v2.0/security-groups?id=3c7646d6-bed5-46c9-bbc7-db2f9bf27fd7&fields=id&fields=name HTTP/1.1" status: 200 len: 312 time: 0.0477428
2026-07-14 11:43:56.520 9 INFO neutron.wsgi [None req-b49fd6ff-2adc-4b57-b289-835b6d255aa5 6c657bd046df44ae8a955cbd3b8fcfff b9dd55a17b744496aabb9a298b58f55c - - default default] 10.0.0.24 "GET /v2.0/ports?device_id=d83b914f-266d-45f6-9857-c7229791106c HTTP/1.1" status: 200 len: 1404 time: 0.0430403
2026-07-14 11:43:56.596 9 INFO neutron.services.segments.plugin [-] Segment 5b868889-6b15-40c5-89e8-c1db8daca666 resource provider aggregate not found
2026-07-14 11:43:56.602 9 INFO neutron.services.segments.plugin [-] Segment 5b868889-6b15-40c5-89e8-c1db8daca666 resource provider aggregate not found
2026-07-14 11:43:56.617 9 INFO neutron.services.segments.plugin [-] Segment 5b868889-6b15-40c5-89e8-c1db8daca666 resource provider not found; error: Placement Client Error (4xx): {"errors": [{"status": 404, "title": "Not Found", "detail": "The resource could not be found.\n\n No resource provider with uuid 5b868889-6b15-40c5-89e8-c1db8daca666 found for delete ", "request_id": "req-077688fc-d9ec-48a6-aee1-385418252a14"}]}
2026-07-14 11:43:56.624 9 INFO neutron.services.segments.plugin [-] Segment 5b868889-6b15-40c5-89e8-c1db8daca666 resource provider not found; error: Placement Client Error (4xx): {"errors": [{"status": 404, "title": "Not Found", "detail": "The resource could not be found.\n\n No resource provider with uuid 5b868889-6b15-40c5-89e8-c1db8daca666 found for delete ", "request_id": "req-6a5e2fa9-1230-42fd-b440-bb6bbf91340f"}]}
2026-07-14 11:43:56.665 9 INFO neutron.wsgi [None req-fee10163-cc9b-4961-a0be-17eab5e3c68b cfd4f8fa67bd4cd78e55f55c61b4969b 3dffb4a74e8543b6a111bcc8cdc5d816 - - default default] 10.0.0.24 "DELETE /v2.0/networks/bb96ce6e-7bc7-448d-a3fb-1372d3e7ff20 HTTP/1.1" status: 204 len: 168 time: 0.5312924
2026-07-14 11:43:56.818 9 INFO neutron.db.l3_db [None req-f433d5cb-2523-4bc1-ac92-ac5fdd910711 74e029b5abf54ee48dc7724da09605d6 a9690140da344901a4bc15c35b39550e - - default default] Floating IP 6d510936-b965-456e-8d4c-9e6f02fb1faf associated. External IP: 10.96.250.207, port: 7a6ba34e-d3b0-454f-9acd-6b5fbc3a4771.
2026-07-14 11:43:57.101 10 INFO neutron.wsgi [None req-2dcb9c53-60d3-446b-860e-8bd264dd3b71 b3b99b88ccd84a53a9b3c873e5de709b b225a285a185433ba92bd0a7718f2f5c - - default default] 10.0.0.24 "PUT /v2.0/routers/9e8e72d1-b5a4-406b-8914-ea33b8cb271c/remove_router_interface HTTP/1.1" status: 200 len: 503 time: 0.7977781 /var/lib/openstack/lib/python3.10/site-packages/pycadf/identifier.py:71: UserWarning: Invalid uuid: neutron. To ensure interoperability, identifiers should be a valid uuid. warnings.warn(('Invalid uuid: %s. To ensure interoperability, '
2026-07-14 11:43:57.128 9 INFO neutron.db.ovn_revision_numbers_db [None req-f433d5cb-2523-4bc1-ac92-ac5fdd910711 74e029b5abf54ee48dc7724da09605d6 a9690140da344901a4bc15c35b39550e - - default default] Successfully bumped revision number for resource 6d510936-b965-456e-8d4c-9e6f02fb1faf (type: floatingips) to 4
2026-07-14 11:43:57.321 9 INFO neutron.wsgi [None req-0ce49702-3859-481d-8bb8-f22df84bd6e4 cfd4f8fa67bd4cd78e55f55c61b4969b 3dffb4a74e8543b6a111bcc8cdc5d816 - - default default] 10.0.0.24 "DELETE /v2.0/networks/e71565fb-632c-476f-a895-30f4ab73aad0 HTTP/1.1" status: 204 len: 168 time: 0.6412413
2026-07-14 11:43:57.350 10 INFO neutron.wsgi [None req-51406bf2-9dc4-4ab8-9449-9ffc830259f3 b3b99b88ccd84a53a9b3c873e5de709b b225a285a185433ba92bd0a7718f2f5c - - default default] 10.0.0.24 "GET /v2.0/ports/5133fef5-fb57-41cf-9085-e0c0f7f3cb10 HTTP/1.1" status: 200 len: 1137 time: 0.2400005
2026-07-14 11:43:57.380 9 INFO neutron.db.ovn_revision_numbers_db [None req-f433d5cb-2523-4bc1-ac92-ac5fdd910711 74e029b5abf54ee48dc7724da09605d6 a9690140da344901a4bc15c35b39550e - - default default] Successfully bumped revision number for resource 6d510936-b965-456e-8d4c-9e6f02fb1faf (type: floatingips) to 5
2026-07-14 11:43:57.414 9 INFO neutron.wsgi [None req-f433d5cb-2523-4bc1-ac92-ac5fdd910711 74e029b5abf54ee48dc7724da09605d6 a9690140da344901a4bc15c35b39550e - - default default] 10.0.0.24 "PUT /v2.0/floatingips/6d510936-b965-456e-8d4c-9e6f02fb1faf HTTP/1.1" status: 200 len: 1049 time: 0.8872354
2026-07-14 11:43:57.455 9 INFO neutron.notifiers.nova [-] Nova event matching ['req-e72fdd30-bd3f-4895-a71b-590f0c3c9190'] response: {'name': 'network-changed', 'server_uuid': 'd83b914f-266d-45f6-9857-c7229791106c', 'tag': '7a6ba34e-d3b0-454f-9acd-6b5fbc3a4771', 'status': 'completed', 'code': 200}
2026-07-14 11:43:57.485 10 INFO neutron.wsgi [None req-2e8a0fe3-a04b-4df3-ba13-8b334de9b7b8 74e029b5abf54ee48dc7724da09605d6 a9690140da344901a4bc15c35b39550e - - default default] 10.0.0.24 "GET /v2.0/floatingips/6d510936-b965-456e-8d4c-9e6f02fb1faf HTTP/1.1" status: 200 len: 1051 time: 0.0644681 /var/lib/openstack/lib/python3.10/site-packages/pycadf/identifier.py:71: UserWarning: Invalid uuid: neutron. To ensure interoperability, identifiers should be a valid uuid. warnings.warn(('Invalid uuid: %s. To ensure interoperability, '
2026-07-14 11:43:57.528 9 INFO neutron.wsgi [req-6fc4b94b-e09a-46aa-8613-74c32ca1d340 req-95edc023-c994-4c8b-941e-68f2cc5ee6fa 510ec922fc0a4c2daf74f2b7376f9572 007b620f9f02429dbfe1620e7e0729be - - fd004ce52a97444eaaca329ac57bdc02 fd004ce52a97444eaaca329ac57bdc02] 199.204.45.3 "GET /v2.0/ports?tenant_id=a9690140da344901a4bc15c35b39550e&device_id=d83b914f-266d-45f6-9857-c7229791106c HTTP/1.1" status: 200 len: 1409 time: 0.0404167
2026-07-14 11:43:57.560 10 INFO neutron.notifiers.nova [-] Nova event matching ['req-b90182f2-9598-4a5c-ab2a-9fad24d79cfa'] response: {'server_uuid': 'd83b914f-266d-45f6-9857-c7229791106c', 'name': 'network-vif-plugged', 'status': 'completed', 'tag': '7a6ba34e-d3b0-454f-9acd-6b5fbc3a4771', 'code': 200}
2026-07-14 11:43:57.625 9 INFO neutron.wsgi [req-6fc4b94b-e09a-46aa-8613-74c32ca1d340 req-d8134e2a-ff2f-4f7a-8003-a012b2ec2499 510ec922fc0a4c2daf74f2b7376f9572 007b620f9f02429dbfe1620e7e0729be - - fd004ce52a97444eaaca329ac57bdc02 fd004ce52a97444eaaca329ac57bdc02] 199.204.45.3 "GET /v2.0/networks?id=a6fee978-d13e-4694-8335-624ba69b6a30 HTTP/1.1" status: 200 len: 959 time: 0.0888634
2026-07-14 11:43:57.683 9 INFO neutron.wsgi [req-6fc4b94b-e09a-46aa-8613-74c32ca1d340 req-1685cca3-35a2-4008-8bff-49fdbab3ce32 510ec922fc0a4c2daf74f2b7376f9572 007b620f9f02429dbfe1620e7e0729be - - fd004ce52a97444eaaca329ac57bdc02 fd004ce52a97444eaaca329ac57bdc02] 199.204.45.3 "GET /v2.0/floatingips?fixed_ip_address=10.100.0.9&port_id=7a6ba34e-d3b0-454f-9acd-6b5fbc3a4771 HTTP/1.1" status: 200 len: 1059 time: 0.0500917
2026-07-14 11:43:57.728 9 INFO neutron.wsgi [req-6fc4b94b-e09a-46aa-8613-74c32ca1d340 req-5ee48f77-1aaf-4ce7-a385-7a78714ead34 510ec922fc0a4c2daf74f2b7376f9572 007b620f9f02429dbfe1620e7e0729be - - fd004ce52a97444eaaca329ac57bdc02 fd004ce52a97444eaaca329ac57bdc02] 199.204.45.3 "GET /v2.0/subnets?id=09d00a60-a2cd-4700-abaa-bfac7ce93992 HTTP/1.1" status: 200 len: 853 time: 0.0342350
2026-07-14 11:43:57.757 9 INFO neutron.wsgi [req-6fc4b94b-e09a-46aa-8613-74c32ca1d340 req-55686d47-b6b8-4b0b-8a27-f030a9bf91ea 510ec922fc0a4c2daf74f2b7376f9572 007b620f9f02429dbfe1620e7e0729be - - fd004ce52a97444eaaca329ac57bdc02 fd004ce52a97444eaaca329ac57bdc02] 199.204.45.3 "GET /v2.0/ports?network_id=a6fee978-d13e-4694-8335-624ba69b6a30&device_owner=network%3Adhcp HTTP/1.1" status: 200 len: 210 time: 0.0211263
2026-07-14 11:43:57.836 10 INFO neutron.services.segments.plugin [-] Segment e8f7a18e-c01f-4daf-9d04-43676baad9b5 resource provider aggregate not found
2026-07-14 11:43:57.837 9 INFO neutron.wsgi [req-6fc4b94b-e09a-46aa-8613-74c32ca1d340 req-9d944af4-2381-4e9b-8422-97bc9ce530ea 510ec922fc0a4c2daf74f2b7376f9572 007b620f9f02429dbfe1620e7e0729be - - fd004ce52a97444eaaca329ac57bdc02 fd004ce52a97444eaaca329ac57bdc02] 199.204.45.3 "GET /v2.0/networks/a6fee978-d13e-4694-8335-624ba69b6a30?fields=segments HTTP/1.1" status: 200 len: 212 time: 0.0738997
2026-07-14 11:43:57.845 10 INFO neutron.services.segments.plugin [-] Segment e8f7a18e-c01f-4daf-9d04-43676baad9b5 resource provider aggregate not found
2026-07-14 11:43:57.863 10 INFO neutron.services.segments.plugin [-] Segment e8f7a18e-c01f-4daf-9d04-43676baad9b5 resource provider not found; error: Placement Client Error (4xx): {"errors": [{"status": 404, "title": "Not Found", "detail": "The resource could not be found.\n\n No resource provider with uuid e8f7a18e-c01f-4daf-9d04-43676baad9b5 found for delete ", "request_id": "req-8aab7dfb-3a2a-4c72-9a7d-a54e65242538"}]}
2026-07-14 11:43:57.877 10 INFO neutron.services.segments.plugin [-] Segment e8f7a18e-c01f-4daf-9d04-43676baad9b5 resource provider not found; error: Placement Client Error (4xx): {"errors": [{"status": 404, "title": "Not Found", "detail": "The resource could not be found.\n\n No resource provider with uuid e8f7a18e-c01f-4daf-9d04-43676baad9b5 found for delete ", "request_id": "req-6acf6258-f2a5-4fd2-bbb7-66c65a66b97c"}]}
2026-07-14 11:43:57.904 10 INFO neutron.wsgi [None req-1f274480-d799-41ff-bf0f-c05e8af1e6fc cfd4f8fa67bd4cd78e55f55c61b4969b 3dffb4a74e8543b6a111bcc8cdc5d816 - - default default] 10.0.0.24 "DELETE /v2.0/networks/ad1b5360-7039-47ca-b6fc-f2f5acfd4012 HTTP/1.1" status: 204 len: 168 time: 0.5704644
2026-07-14 11:43:57.920 9 INFO neutron.wsgi [req-6fc4b94b-e09a-46aa-8613-74c32ca1d340 req-631d10ca-095a-4589-8a3e-cbba1cbb9c9e 510ec922fc0a4c2daf74f2b7376f9572 007b620f9f02429dbfe1620e7e0729be - - fd004ce52a97444eaaca329ac57bdc02 fd004ce52a97444eaaca329ac57bdc02] 199.204.45.3 "GET /v2.0/networks/a6fee978-d13e-4694-8335-624ba69b6a30?fields=provider%3Aphysical_network&fields=provider%3Anetwork_type HTTP/1.1" status: 200 len: 277 time: 0.0766666
2026-07-14 11:43:58.238 10 INFO neutron.wsgi [None req-a83bd50e-eb8d-473c-8a8f-ccd63cbd3a99 b3b99b88ccd84a53a9b3c873e5de709b b225a285a185433ba92bd0a7718f2f5c - - default default] 10.0.0.24 "PUT /v2.0/routers/9e8e72d1-b5a4-406b-8914-ea33b8cb271c/remove_router_interface HTTP/1.1" status: 200 len: 503 time: 0.8828113 /var/lib/openstack/lib/python3.10/site-packages/pycadf/identifier.py:71: UserWarning: Invalid uuid: neutron. To ensure interoperability, identifiers should be a valid uuid. warnings.warn(('Invalid uuid: %s. To ensure interoperability, '
2026-07-14 11:43:58.263 10 INFO neutron.wsgi [None req-b267231b-56a2-45a8-8537-39639b8c8dda b3b99b88ccd84a53a9b3c873e5de709b b225a285a185433ba92bd0a7718f2f5c - - default default] 10.0.0.24 "GET /v2.0/ports?device_id=9e8e72d1-b5a4-406b-8914-ea33b8cb271c HTTP/1.1" status: 200 len: 205 time: 0.0183327
2026-07-14 11:43:58.646 9 INFO neutron.services.segments.plugin [-] Segment 4c557ac0-cff1-405d-ac62-1c42bc858222 resource provider aggregate not found
2026-07-14 11:43:58.660 9 INFO neutron.services.segments.plugin [-] Segment 4c557ac0-cff1-405d-ac62-1c42bc858222 resource provider aggregate not found
2026-07-14 11:43:58.679 9 INFO neutron.services.segments.plugin [-] Segment 4c557ac0-cff1-405d-ac62-1c42bc858222 resource provider not found; error: Placement Client Error (4xx): {"errors": [{"status": 404, "title": "Not Found", "detail": "The resource could not be found.\n\n No resource provider with uuid 4c557ac0-cff1-405d-ac62-1c42bc858222 found for delete ", "request_id": "req-84a119ec-e2ed-44f0-ab4a-8f4f8df7afbe"}]}
2026-07-14 11:43:58.690 9 INFO neutron.services.segments.plugin [-] Segment 4c557ac0-cff1-405d-ac62-1c42bc858222 resource provider not found; error: Placement Client Error (4xx): {"errors": [{"status": 404, "title": "Not Found", "detail": "The resource could not be found.\n\n No resource provider with uuid 4c557ac0-cff1-405d-ac62-1c42bc858222 found for delete ", "request_id": "req-c823348c-24a7-4714-8f58-7c92613bf084"}]}
2026-07-14 11:43:58.788 10 INFO neutron.wsgi [None req-a7a9a29f-7368-42be-acd1-f93fec09ade0 cfd4f8fa67bd4cd78e55f55c61b4969b 3dffb4a74e8543b6a111bcc8cdc5d816 - - default default] 10.0.0.24 "DELETE /v2.0/networks/e6be4a15-004a-45f1-b1fe-fd62a9f40ae2 HTTP/1.1" status: 204 len: 168 time: 0.8777413
2026-07-14 11:43:58.806 10 INFO neutron.wsgi [None req-d49820ae-342c-439a-87ee-e0e09a23516e b3b99b88ccd84a53a9b3c873e5de709b b225a285a185433ba92bd0a7718f2f5c - - default default] 10.0.0.24 "DELETE /v2.0/routers/9e8e72d1-b5a4-406b-8914-ea33b8cb271c HTTP/1.1" status: 204 len: 168 time: 0.5390475
2026-07-14 11:43:59.036 10 INFO neutron.wsgi [None req-63accca2-d526-46d9-8029-f71126591da0 b3b99b88ccd84a53a9b3c873e5de709b b225a285a185433ba92bd0a7718f2f5c - - default default] 10.0.0.24 "DELETE /v2.0/subnets/d5273fc5-a464-4313-b1f4-2c8586bce19c HTTP/1.1" status: 204 len: 168 time: 0.2242956
2026-07-14 11:43:59.247 10 INFO neutron.wsgi [None req-b88730b9-67e7-4bb4-afa8-cdc52ead2229 b3b99b88ccd84a53a9b3c873e5de709b b225a285a185433ba92bd0a7718f2f5c - - default default] 10.0.0.24 "DELETE /v2.0/subnets/94281530-7bac-4b30-aba6-8adff28d1ed2 HTTP/1.1" status: 204 len: 168 time: 0.2053580
2026-07-14 11:43:59.306 9 INFO neutron.wsgi [None req-199d2c0f-5a18-49ef-8287-6fd92fbcb149 cfd4f8fa67bd4cd78e55f55c61b4969b 3dffb4a74e8543b6a111bcc8cdc5d816 - - default default] 10.0.0.24 "DELETE /v2.0/networks/7f4ae78b-cf62-4edd-b495-1e4f5f0c11b9 HTTP/1.1" status: 204 len: 168 time: 0.5124974
2026-07-14 11:43:59.669 10 INFO neutron.wsgi [None req-ddb05efe-78dc-44ef-bc1e-53f1f5b8da82 b3b99b88ccd84a53a9b3c873e5de709b b225a285a185433ba92bd0a7718f2f5c - - default default] 10.0.0.24 "DELETE /v2.0/networks/b783d4c5-c295-4bb9-b8ed-983f318ab225 HTTP/1.1" status: 204 len: 168 time: 0.4175446
2026-07-14 11:43:59.886 10 INFO neutron.services.segments.plugin [-] Segment b70045e5-1930-4d71-9d23-ecd9902e45c6 resource provider aggregate not found
2026-07-14 11:43:59.897 10 INFO neutron.services.segments.plugin [-] Segment b70045e5-1930-4d71-9d23-ecd9902e45c6 resource provider aggregate not found
2026-07-14 11:43:59.907 10 INFO neutron.services.segments.plugin [-] Segment b70045e5-1930-4d71-9d23-ecd9902e45c6 resource provider not found; error: Placement Client Error (4xx): {"errors": [{"status": 404, "title": "Not Found", "detail": "The resource could not be found.\n\n No resource provider with uuid b70045e5-1930-4d71-9d23-ecd9902e45c6 found for delete ", "request_id": "req-d5375f75-6f81-4030-81f6-4455e20af540"}]}
2026-07-14 11:43:59.913 10 INFO neutron.services.segments.plugin [-] Segment b70045e5-1930-4d71-9d23-ecd9902e45c6 resource provider not found; error: Placement Client Error (4xx): {"errors": [{"status": 404, "title": "Not Found", "detail": "The resource could not be found.\n\n No resource provider with uuid b70045e5-1930-4d71-9d23-ecd9902e45c6 found for delete ", "request_id": "req-b66ab002-f407-4ce9-88c8-2cc6f2f095a9"}]}
2026-07-14 11:43:59.922 10 INFO neutron.services.segments.plugin [-] Segment a91b7268-89a8-4f8f-a685-cb245133b384 resource provider aggregate not found
2026-07-14 11:43:59.928 10 INFO neutron.services.segments.plugin [-] Segment a91b7268-89a8-4f8f-a685-cb245133b384 resource provider aggregate not found
2026-07-14 11:43:59.941 10 INFO neutron.services.segments.plugin [-] Segment a91b7268-89a8-4f8f-a685-cb245133b384 resource provider not found; error: Placement Client Error (4xx): {"errors": [{"status": 404, "title": "Not Found", "detail": "The resource could not be found.\n\n No resource provider with uuid a91b7268-89a8-4f8f-a685-cb245133b384 found for delete ", "request_id": "req-24367b19-839f-4ceb-8eca-566117c5a758"}]}
2026-07-14 11:43:59.946 10 INFO neutron.services.segments.plugin [-] Segment a91b7268-89a8-4f8f-a685-cb245133b384 resource provider not found; error: Placement Client Error (4xx): {"errors": [{"status": 404, "title": "Not Found", "detail": "The resource could not be found.\n\n No resource provider with uuid a91b7268-89a8-4f8f-a685-cb245133b384 found for delete ", "request_id": "req-cbcf7728-9232-42a7-94df-afdfde2cae07"}]}
2026-07-14 11:44:00.092 9 INFO neutron.wsgi [None req-214e547e-924a-471b-b1c7-f95ba27b12b9 b3b99b88ccd84a53a9b3c873e5de709b b225a285a185433ba92bd0a7718f2f5c - - default default] 10.0.0.24 "DELETE /v2.0/networks/a626291b-aeb2-4b0a-a1b7-e7846017813b HTTP/1.1" status: 204 len: 168 time: 0.4154229
2026-07-14 11:44:00.192 9 INFO neutron.db.segments_db [None req-f6bfc282-43a8-4c3f-86e0-d6c70bb47a35 b3b99b88ccd84a53a9b3c873e5de709b b225a285a185433ba92bd0a7718f2f5c - - default default] Added segment d8af427d-6703-46ef-a176-24adae96ccfe of type geneve for network 5135b35d-b656-4967-a705-c9925a7b1caa
2026-07-14 11:44:00.336 9 INFO neutron.db.ovn_revision_numbers_db [None req-f6bfc282-43a8-4c3f-86e0-d6c70bb47a35 b3b99b88ccd84a53a9b3c873e5de709b b225a285a185433ba92bd0a7718f2f5c - - default default] Successfully bumped revision number for resource 5135b35d-b656-4967-a705-c9925a7b1caa (type: networks) to 1
2026-07-14 11:44:00.459 10 INFO neutron.db.ovn_revision_numbers_db [None req-04b0c5f5-d41a-43ee-a6d0-38086fee7d47 e820eb7e754441859d3dfd86f088be9c 5d80ea2504e6400d9538295a00471c07 - - default default] Successfully bumped revision number for resource c2d8ba4c-21ba-4bf4-bd3b-2626236668e3 (type: security_groups) to 1
2026-07-14 11:44:00.495 10 INFO neutron.db.ovn_revision_numbers_db [None req-04b0c5f5-d41a-43ee-a6d0-38086fee7d47 e820eb7e754441859d3dfd86f088be9c 5d80ea2504e6400d9538295a00471c07 - - default default] Successfully bumped revision number for resource 0de2399f-57cd-478a-8d0a-1c1e06b58b52 (type: security_group_rules) to 0
2026-07-14 11:44:00.518 10 INFO neutron.db.ovn_revision_numbers_db [None req-04b0c5f5-d41a-43ee-a6d0-38086fee7d47 e820eb7e754441859d3dfd86f088be9c 5d80ea2504e6400d9538295a00471c07 - - default default] Successfully bumped revision number for resource 3164e182-1dc2-455c-ab3d-410d73c4332b (type: security_group_rules) to 0
2026-07-14 11:44:00.540 10 INFO neutron.db.ovn_revision_numbers_db [None req-04b0c5f5-d41a-43ee-a6d0-38086fee7d47 e820eb7e754441859d3dfd86f088be9c 5d80ea2504e6400d9538295a00471c07 - - default default] Successfully bumped revision number for resource e7fd5558-fcb7-4033-99de-17b0363f5a93 (type: security_group_rules) to 0
2026-07-14 11:44:00.558 10 INFO neutron.db.ovn_revision_numbers_db [None req-04b0c5f5-d41a-43ee-a6d0-38086fee7d47 e820eb7e754441859d3dfd86f088be9c 5d80ea2504e6400d9538295a00471c07 - - default default] Successfully bumped revision number for resource ff9827dc-cb27-4427-a2a7-5c0290c3a049 (type: security_group_rules) to 0
2026-07-14 11:44:00.564 9 WARNING neutron.scheduler.dhcp_agent_scheduler [None req-f6bfc282-43a8-4c3f-86e0-d6c70bb47a35 b3b99b88ccd84a53a9b3c873e5de709b b225a285a185433ba92bd0a7718f2f5c - - default default] No more DHCP agents
2026-07-14 11:44:00.566 9 WARNING neutron.api.rpc.agentnotifiers.dhcp_rpc_agent_api [None req-f6bfc282-43a8-4c3f-86e0-d6c70bb47a35 b3b99b88ccd84a53a9b3c873e5de709b b225a285a185433ba92bd0a7718f2f5c - - default default] Unable to schedule network 5135b35d-b656-4967-a705-c9925a7b1caa: no agents available; will retry on subsequent port and subnet creation events.
2026-07-14 11:44:00.585 10 INFO neutron.wsgi [None req-04b0c5f5-d41a-43ee-a6d0-38086fee7d47 e820eb7e754441859d3dfd86f088be9c 5d80ea2504e6400d9538295a00471c07 - - default default] 10.0.0.24 "GET /v2.0/security-groups?tenant_id=c20b9b83272542b994c9bd89e7b95f67&name=default HTTP/1.1" status: 200 len: 2996 time: 0.3786268
2026-07-14 11:44:00.648 9 INFO neutron.wsgi [None req-05c1f76c-f3f5-4aed-8afb-eb32c953c223 e820eb7e754441859d3dfd86f088be9c 5d80ea2504e6400d9538295a00471c07 - - default default] 10.0.0.94 "GET /v2.0/subnets HTTP/1.1" status: 200 len: 6138 time: 0.1671011
2026-07-14 11:44:00.684 9 INFO neutron.wsgi [None req-4b0d7061-f5c3-4eb2-92da-9a279b6b799b e820eb7e754441859d3dfd86f088be9c 5d80ea2504e6400d9538295a00471c07 - - default default] 10.0.0.94 "GET /v2.0/agents HTTP/1.1" status: 200 len: 997 time: 0.0306642
2026-07-14 11:44:00.706 9 INFO neutron.services.segments.plugin [-] Segment 9e48b124-5124-42d5-8d41-a3b44dd5b3f6 resource provider aggregate not found
2026-07-14 11:44:00.823 10 INFO neutron.wsgi [None req-b091a8a1-5e38-4615-bbae-aee9aa69e9a4 e820eb7e754441859d3dfd86f088be9c 5d80ea2504e6400d9538295a00471c07 - - default default] 10.0.0.24 "DELETE /v2.0/security-groups/c2d8ba4c-21ba-4bf4-bd3b-2626236668e3 HTTP/1.1" status: 204 len: 168 time: 0.2323415
2026-07-14 11:44:00.953 9 INFO neutron.services.segments.plugin [-] Segment 9e48b124-5124-42d5-8d41-a3b44dd5b3f6 resource provider aggregate not found
2026-07-14 11:44:00.978 9 INFO neutron.services.segments.plugin [-] Segment 9e48b124-5124-42d5-8d41-a3b44dd5b3f6 resource provider not found; error: Placement Client Error (4xx): {"errors": [{"status": 404, "title": "Not Found", "detail": "The resource could not be found.\n\n No resource provider with uuid 9e48b124-5124-42d5-8d41-a3b44dd5b3f6 found for delete ", "request_id": "req-1c2e6f9e-d61c-40f4-874b-34bb573c5e70"}]}
2026-07-14 11:44:00.984 9 INFO neutron.services.segments.plugin [-] Segment 9e48b124-5124-42d5-8d41-a3b44dd5b3f6 resource provider not found; error: Placement Client Error (4xx): {"errors": [{"status": 404, "title": "Not Found", "detail": "The resource could not be found.\n\n No resource provider with uuid 9e48b124-5124-42d5-8d41-a3b44dd5b3f6 found for delete ", "request_id": "req-beedf6f0-f867-425e-9cd4-cd5e32caad21"}]}
2026-07-14 11:44:00.989 10 INFO neutron.wsgi [None req-52d8450b-5f21-432d-b28d-e3b570f2a393 e820eb7e754441859d3dfd86f088be9c 5d80ea2504e6400d9538295a00471c07 - - default default] 10.0.0.24 "GET /v2.0/security-groups?tenant_id=3dffb4a74e8543b6a111bcc8cdc5d816&name=default HTTP/1.1" status: 200 len: 2996 time: 0.0347550
2026-07-14 11:44:00.991 9 INFO neutron.db.ovn_revision_numbers_db [None req-f6bfc282-43a8-4c3f-86e0-d6c70bb47a35 b3b99b88ccd84a53a9b3c873e5de709b b225a285a185433ba92bd0a7718f2f5c - - default default] Successfully bumped revision number for resource 3a53e5fb-1d90-43fa-b73e-d440b15423e1 (type: ports) to 1
2026-07-14 11:44:00.999 9 INFO neutron.services.segments.plugin [-] Segment ec129cc1-27c2-4135-a0f2-4c094cbbd386 resource provider aggregate not found
2026-07-14 11:44:01.009 9 INFO neutron.services.segments.plugin [-] Segment ec129cc1-27c2-4135-a0f2-4c094cbbd386 resource provider aggregate not found
2026-07-14 11:44:01.020 9 INFO neutron.services.segments.plugin [-] Segment ec129cc1-27c2-4135-a0f2-4c094cbbd386 resource provider not found; error: Placement Client Error (4xx): {"errors": [{"status": 404, "title": "Not Found", "detail": "The resource could not be found.\n\n No resource provider with uuid ec129cc1-27c2-4135-a0f2-4c094cbbd386 found for delete ", "request_id": "req-8684daa4-bf52-41ac-983a-7019e12ffbdb"}]}
2026-07-14 11:44:01.027 9 INFO neutron.wsgi [None req-ddc9ca94-0d64-408d-abad-8b85a2fa6ef8 e820eb7e754441859d3dfd86f088be9c 5d80ea2504e6400d9538295a00471c07 - - default default] 10.0.0.94 "GET /v2.0/ports HTTP/1.1" status: 200 len: 27408 time: 0.3342664
2026-07-14 11:44:01.031 9 INFO neutron.services.segments.plugin [-] Segment ec129cc1-27c2-4135-a0f2-4c094cbbd386 resource provider not found; error: Placement Client Error (4xx): {"errors": [{"status": 404, "title": "Not Found", "detail": "The resource could not be found.\n\n No resource provider with uuid ec129cc1-27c2-4135-a0f2-4c094cbbd386 found for delete ", "request_id": "req-69d1c3ba-67f1-4cfd-92cf-23439f788fec"}]}
2026-07-14 11:44:01.044 9 INFO neutron.wsgi [None req-f6bfc282-43a8-4c3f-86e0-d6c70bb47a35 b3b99b88ccd84a53a9b3c873e5de709b b225a285a185433ba92bd0a7718f2f5c - - default default] 10.0.0.24 "POST /v2.0/networks HTTP/1.1" status: 201 len: 828 time: 0.9448545
2026-07-14 11:44:01.083 9 INFO neutron.wsgi [None req-a9615263-3dbe-4633-953f-58a204f7148e e820eb7e754441859d3dfd86f088be9c 5d80ea2504e6400d9538295a00471c07 - - default default] 10.0.0.94 "GET /v2.0/subnets HTTP/1.1" status: 200 len: 6138 time: 0.0380635
2026-07-14 11:44:01.097 9 INFO neutron.wsgi [None req-8f201b1a-4a9f-4068-81f7-774a5346ff5d e820eb7e754441859d3dfd86f088be9c 5d80ea2504e6400d9538295a00471c07 - - default default] 10.0.0.94 "GET /v2.0/subnetpools HTTP/1.1" status: 200 len: 193 time: 0.0121610
2026-07-14 11:44:01.153 9 INFO neutron.wsgi [None req-6c74a325-ab08-4fe4-b90f-38c05f9b8124 e820eb7e754441859d3dfd86f088be9c 5d80ea2504e6400d9538295a00471c07 - - default default] 10.0.0.94 "GET /v2.0/floatingips HTTP/1.1" status: 200 len: 2721 time: 0.0557671
2026-07-14 11:44:01.246 9 INFO neutron.wsgi [None req-3cc5b5a2-3858-4d5d-8eb4-945407932197 e820eb7e754441859d3dfd86f088be9c 5d80ea2504e6400d9538295a00471c07 - - default default] 10.0.0.94 "GET /v2.0/networks HTTP/1.1" status: 200 len: 6168 time: 0.0915771
2026-07-14 11:44:01.280 10 INFO neutron.wsgi [None req-1cf2d503-205e-4b1d-a3fb-c7b3ebdac17d e820eb7e754441859d3dfd86f088be9c 5d80ea2504e6400d9538295a00471c07 - - default default] 10.0.0.24 "DELETE /v2.0/security-groups/eb48bfd3-f5ae-4707-9393-6608732ca777 HTTP/1.1" status: 204 len: 168 time: 0.2843087
2026-07-14 11:44:01.318 10 WARNING neutron.scheduler.dhcp_agent_scheduler [None req-4aaf48a1-36e2-4b6f-9e37-d11287bd864d b3b99b88ccd84a53a9b3c873e5de709b b225a285a185433ba92bd0a7718f2f5c - - default default] No more DHCP agents
2026-07-14 11:44:01.320 10 WARNING neutron.api.rpc.agentnotifiers.dhcp_rpc_agent_api [None req-4aaf48a1-36e2-4b6f-9e37-d11287bd864d b3b99b88ccd84a53a9b3c873e5de709b b225a285a185433ba92bd0a7718f2f5c - - default default] Unable to schedule network 5135b35d-b656-4967-a705-c9925a7b1caa: no agents available; will retry on subsequent port and subnet creation events.
2026-07-14 11:44:01.323 9 INFO neutron.wsgi [None req-5c38355a-ffff-4ebd-8aba-2ce201a728e0 e820eb7e754441859d3dfd86f088be9c 5d80ea2504e6400d9538295a00471c07 - - default default] 10.0.0.94 "GET /v2.0/security-groups HTTP/1.1" status: 200 len: 44814 time: 0.0688863
2026-07-14 11:44:01.486 9 INFO neutron.wsgi [None req-d9c5bb55-4e3a-43f7-8639-8cd1f2d42b46 e820eb7e754441859d3dfd86f088be9c 5d80ea2504e6400d9538295a00471c07 - - default default] 10.0.0.94 "GET /v2.0/routers HTTP/1.1" status: 200 len: 1522 time: 0.1521757
2026-07-14 11:44:01.519 9 INFO neutron.wsgi [None req-ea7eda61-3515-43c7-bbd2-64ac2c0344ed e820eb7e754441859d3dfd86f088be9c 5d80ea2504e6400d9538295a00471c07 - - default default] 10.0.0.94 "GET /v2.0/agents?binary=ovn-controller HTTP/1.1" status: 200 len: 591 time: 0.0303011
2026-07-14 11:44:01.541 9 INFO neutron.wsgi [None req-a852ebb2-ec6a-4f74-b4a0-6cb3ebb4756b e820eb7e754441859d3dfd86f088be9c 5d80ea2504e6400d9538295a00471c07 - - default default] 10.0.0.94 "GET /v2.0/network-ip-availabilities HTTP/1.1" status: 200 len: 4221 time: 0.0201714
2026-07-14 11:44:01.662 10 INFO neutron.db.ovn_revision_numbers_db [None req-bf04aaf7-b70f-4d9a-b443-a6feac9852de e820eb7e754441859d3dfd86f088be9c 5d80ea2504e6400d9538295a00471c07 - - default default] Successfully bumped revision number for resource 5050cd15-afdc-462e-8142-4da23a616d52 (type: security_groups) to 1
2026-07-14 11:44:01.698 10 INFO neutron.db.ovn_revision_numbers_db [None req-bf04aaf7-b70f-4d9a-b443-a6feac9852de e820eb7e754441859d3dfd86f088be9c 5d80ea2504e6400d9538295a00471c07 - - default default] Successfully bumped revision number for resource 5098c3ac-d324-457e-a68a-948ce8c5af9e (type: security_group_rules) to 0
2026-07-14 11:44:01.721 10 INFO neutron.db.ovn_revision_numbers_db [None req-bf04aaf7-b70f-4d9a-b443-a6feac9852de e820eb7e754441859d3dfd86f088be9c 5d80ea2504e6400d9538295a00471c07 - - default default] Successfully bumped revision number for resource 6a8ff5f2-3dbe-403b-b302-a354c6332a55 (type: security_group_rules) to 0
2026-07-14 11:44:01.744 10 INFO neutron.db.ovn_revision_numbers_db [None req-bf04aaf7-b70f-4d9a-b443-a6feac9852de e820eb7e754441859d3dfd86f088be9c 5d80ea2504e6400d9538295a00471c07 - - default default] Successfully bumped revision number for resource 77588d4c-341a-4882-9597-9493a8acaa81 (type: security_group_rules) to 0
2026-07-14 11:44:01.762 10 INFO neutron.db.ovn_revision_numbers_db [None req-bf04aaf7-b70f-4d9a-b443-a6feac9852de e820eb7e754441859d3dfd86f088be9c 5d80ea2504e6400d9538295a00471c07 - - default default] Successfully bumped revision number for resource 9c3c5fd3-0eba-44b0-8a1e-d261e79fac20 (type: security_group_rules) to 0
2026-07-14 11:44:01.808 10 INFO neutron.wsgi [None req-bf04aaf7-b70f-4d9a-b443-a6feac9852de e820eb7e754441859d3dfd86f088be9c 5d80ea2504e6400d9538295a00471c07 - - default default] 10.0.0.24 "GET /v2.0/security-groups?tenant_id=de7e1462ab82491c9d7f9145335f6682&name=default HTTP/1.1" status: 200 len: 2996 time: 0.3333681
2026-07-14 11:44:01.888 10 WARNING neutron.plugins.ml2.drivers.ovn.mech_driver.ovsdb.ovn_client [None req-bce252a6-e8d4-4e60-89b6-69e113a9828b - - - - - -] No port found with ID f30e6237-bf1c-44f0-8ae4-fbac31559be0: RuntimeError: No port found with ID f30e6237-bf1c-44f0-8ae4-fbac31559be0
2026-07-14 11:44:01.955 10 INFO neutron.db.ovn_revision_numbers_db [None req-4aaf48a1-36e2-4b6f-9e37-d11287bd864d b3b99b88ccd84a53a9b3c873e5de709b b225a285a185433ba92bd0a7718f2f5c - - default default] Successfully bumped revision number for resource 3a53e5fb-1d90-43fa-b73e-d440b15423e1 (type: ports) to 2
2026-07-14 11:44:01.990 10 INFO neutron.db.ovn_revision_numbers_db [None req-4aaf48a1-36e2-4b6f-9e37-d11287bd864d b3b99b88ccd84a53a9b3c873e5de709b b225a285a185433ba92bd0a7718f2f5c - - default default] Successfully bumped revision number for resource 0b18b4e3-4aaf-414f-bfc3-512bda99b79a (type: subnets) to 0
2026-07-14 11:44:02.009 10 INFO neutron.wsgi [None req-4aaf48a1-36e2-4b6f-9e37-d11287bd864d b3b99b88ccd84a53a9b3c873e5de709b b225a285a185433ba92bd0a7718f2f5c - - default default] 10.0.0.24 "POST /v2.0/subnets HTTP/1.1" status: 201 len: 801 time: 0.9607177
2026-07-14 11:44:02.086 10 INFO neutron.wsgi [None req-6699c21e-4463-4a18-b94e-31b7d25999ae e820eb7e754441859d3dfd86f088be9c 5d80ea2504e6400d9538295a00471c07 - - default default] 10.0.0.24 "DELETE /v2.0/security-groups/5050cd15-afdc-462e-8142-4da23a616d52 HTTP/1.1" status: 204 len: 168 time: 0.2706857
2026-07-14 11:44:02.189 9 INFO neutron.db.ovn_revision_numbers_db [None req-59a66077-ec9a-450a-91e7-062595d01516 b3b99b88ccd84a53a9b3c873e5de709b b225a285a185433ba92bd0a7718f2f5c - - default default] Successfully bumped revision number for resource aa9478ff-841e-4b40-ab74-1f42e286fac5 (type: routers) to 1
2026-07-14 11:44:02.206 9 INFO neutron.wsgi [None req-59a66077-ec9a-450a-91e7-062595d01516 b3b99b88ccd84a53a9b3c873e5de709b b225a285a185433ba92bd0a7718f2f5c - - default default] 10.0.0.24 "POST /v2.0/routers HTTP/1.1" status: 201 len: 687 time: 0.1899333
2026-07-14 11:44:02.582 9 WARNING neutron.scheduler.dhcp_agent_scheduler [None req-a43eec55-d71d-4188-bffb-eb4453e4b7f5 b3b99b88ccd84a53a9b3c873e5de709b b225a285a185433ba92bd0a7718f2f5c - - default default] No more DHCP agents
2026-07-14 11:44:02.583 9 WARNING neutron.api.rpc.agentnotifiers.dhcp_rpc_agent_api [None req-a43eec55-d71d-4188-bffb-eb4453e4b7f5 b3b99b88ccd84a53a9b3c873e5de709b b225a285a185433ba92bd0a7718f2f5c - - default default] Unable to schedule network 5135b35d-b656-4967-a705-c9925a7b1caa: no agents available; will retry on subsequent port and subnet creation events.
2026-07-14 11:44:02.735 9 INFO neutron.db.ovn_revision_numbers_db [None req-a43eec55-d71d-4188-bffb-eb4453e4b7f5 b3b99b88ccd84a53a9b3c873e5de709b b225a285a185433ba92bd0a7718f2f5c - - default default] Successfully bumped revision number for resource 97009c29-2b55-4d7e-a77b-e682b9f8ce74 (type: ports) to 1
2026-07-14 11:44:02.758 9 INFO neutron.wsgi [None req-a43eec55-d71d-4188-bffb-eb4453e4b7f5 b3b99b88ccd84a53a9b3c873e5de709b b225a285a185433ba92bd0a7718f2f5c - - default default] 10.0.0.24 "POST /v2.0/ports HTTP/1.1" status: 201 len: 1146 time: 0.5450158 /var/lib/openstack/lib/python3.10/site-packages/pycadf/identifier.py:71: UserWarning: Invalid uuid: neutron. To ensure interoperability, identifiers should be a valid uuid. warnings.warn(('Invalid uuid: %s. To ensure interoperability, '
2026-07-14 11:44:03.223 10 INFO neutron.plugins.ml2.drivers.ovn.mech_driver.mech_driver [None req-bce252a6-e8d4-4e60-89b6-69e113a9828b - - - - - -] OVN reports status up for port: 97009c29-2b55-4d7e-a77b-e682b9f8ce74
2026-07-14 11:44:03.231 10 INFO neutron.plugins.ml2.plugin [None req-bce252a6-e8d4-4e60-89b6-69e113a9828b - - - - - -] Attempt 1 to provision port 97009c29-2b55-4d7e-a77b-e682b9f8ce74
2026-07-14 11:44:03.234 9 INFO neutron.db.ovn_revision_numbers_db [None req-6c97ada6-1ee2-41d7-96a6-44f3e5ec3395 b3b99b88ccd84a53a9b3c873e5de709b b225a285a185433ba92bd0a7718f2f5c - - default default] Successfully bumped revision number for resource 97009c29-2b55-4d7e-a77b-e682b9f8ce74 (type: router_ports) to 2
2026-07-14 11:44:03.465 9 INFO neutron.db.ovn_revision_numbers_db [None req-6c97ada6-1ee2-41d7-96a6-44f3e5ec3395 b3b99b88ccd84a53a9b3c873e5de709b b225a285a185433ba92bd0a7718f2f5c - - default default] Successfully bumped revision number for resource 97009c29-2b55-4d7e-a77b-e682b9f8ce74 (type: ports) to 2
2026-07-14 11:44:03.555 10 INFO neutron.db.ovn_revision_numbers_db [None req-bce252a6-e8d4-4e60-89b6-69e113a9828b - - - - - -] Successfully bumped revision number for resource 97009c29-2b55-4d7e-a77b-e682b9f8ce74 (type: ports) to 3
2026-07-14 11:44:03.674 10 INFO neutron.db.ovn_revision_numbers_db [None req-bce252a6-e8d4-4e60-89b6-69e113a9828b - - - - - -] Successfully bumped revision number for resource 97009c29-2b55-4d7e-a77b-e682b9f8ce74 (type: router_ports) to 3
2026-07-14 11:44:03.932 9 INFO neutron.wsgi [-] 10.0.0.11 "GET / HTTP/1.1" status: 200 len: 246 time: 0.0013192
2026-07-14 11:44:03.934 9 INFO neutron.wsgi [-] 10.0.0.11 "GET / HTTP/1.1" status: 200 len: 246 time: 0.0010760
2026-07-14 11:44:04.135 9 INFO neutron.db.ovn_revision_numbers_db [None req-6c97ada6-1ee2-41d7-96a6-44f3e5ec3395 b3b99b88ccd84a53a9b3c873e5de709b b225a285a185433ba92bd0a7718f2f5c - - default default] Successfully bumped revision number for resource 97009c29-2b55-4d7e-a77b-e682b9f8ce74 (type: ports) to 3
2026-07-14 11:44:04.440 9 WARNING neutron.scheduler.dhcp_agent_scheduler [None req-6c97ada6-1ee2-41d7-96a6-44f3e5ec3395 b3b99b88ccd84a53a9b3c873e5de709b b225a285a185433ba92bd0a7718f2f5c - - default default] No more DHCP agents
2026-07-14 11:44:04.442 9 WARNING neutron.api.rpc.agentnotifiers.dhcp_rpc_agent_api [None req-6c97ada6-1ee2-41d7-96a6-44f3e5ec3395 b3b99b88ccd84a53a9b3c873e5de709b b225a285a185433ba92bd0a7718f2f5c - - default default] Unable to schedule network 5135b35d-b656-4967-a705-c9925a7b1caa: no agents available; will retry on subsequent port and subnet creation events.
2026-07-14 11:44:04.669 9 INFO neutron.db.ovn_revision_numbers_db [None req-6c97ada6-1ee2-41d7-96a6-44f3e5ec3395 b3b99b88ccd84a53a9b3c873e5de709b b225a285a185433ba92bd0a7718f2f5c - - default default] Successfully bumped revision number for resource 97009c29-2b55-4d7e-a77b-e682b9f8ce74 (type: router_ports) to 3
2026-07-14 11:44:04.672 9 INFO neutron.wsgi [None req-6c97ada6-1ee2-41d7-96a6-44f3e5ec3395 b3b99b88ccd84a53a9b3c873e5de709b b225a285a185433ba92bd0a7718f2f5c - - default default] 10.0.0.24 "PUT /v2.0/routers/aa9478ff-841e-4b40-ab74-1f42e286fac5/add_router_interface HTTP/1.1" status: 200 len: 503 time: 1.9094808 /var/lib/openstack/lib/python3.10/site-packages/pycadf/identifier.py:71: UserWarning: Invalid uuid: neutron. To ensure interoperability, identifiers should be a valid uuid. warnings.warn(('Invalid uuid: %s. To ensure interoperability, '
2026-07-14 11:44:04.769 9 INFO neutron.wsgi [None req-6742b9de-fd47-4994-9665-37561a76b4fe b3b99b88ccd84a53a9b3c873e5de709b b225a285a185433ba92bd0a7718f2f5c - - default default] 10.0.0.24 "GET /v2.0/ports/97009c29-2b55-4d7e-a77b-e682b9f8ce74 HTTP/1.1" status: 200 len: 1204 time: 0.0920203 /var/lib/openstack/lib/python3.10/site-packages/pycadf/identifier.py:71: UserWarning: Invalid uuid: neutron. To ensure interoperability, identifiers should be a valid uuid. warnings.warn(('Invalid uuid: %s. To ensure interoperability, '
