2026-07-14 11:43:37.024 9 INFO neutron.wsgi [None req-6c6da563-f2c2-45d0-bdde-496e713b8d01 6b5aaf1cb86c4faa991bad22c7af2d2e bb9a91a2011d4131920458547bdf205d - - default default] 10.0.0.24 "GET /v2.0/routers/55e74be7-e6ea-4ecf-9c20-06f1dde3430d HTTP/1.1" status: 200 len: 655 time: 0.0577767
2026-07-14 11:43:37.453 9 INFO neutron.wsgi [None req-dd3d0ee2-7c2d-4c12-8305-295020cc3748 6b5aaf1cb86c4faa991bad22c7af2d2e bb9a91a2011d4131920458547bdf205d - - default default] 10.0.0.24 "PUT /v2.0/routers/55e74be7-e6ea-4ecf-9c20-06f1dde3430d HTTP/1.1" status: 200 len: 655 time: 0.4247143
2026-07-14 11:43:37.517 9 INFO neutron.wsgi [None req-2be906b4-ea4d-435c-9ac8-99c61b0ddc5c 6b5aaf1cb86c4faa991bad22c7af2d2e bb9a91a2011d4131920458547bdf205d - - default default] 10.0.0.24 "GET /v2.0/ports?device_id=55e74be7-e6ea-4ecf-9c20-06f1dde3430d HTTP/1.1" status: 200 len: 205 time: 0.0595856
2026-07-14 11:43:37.520 9 INFO neutron.wsgi [None req-bb1f5e91-2cd4-4303-b4a5-fa6ac45c130d 6a7bccac9e8c49f09b1f418df624e44b e3e4d3ad54ff4d19933257c0d1ae872d - - default default] 10.0.0.24 "PUT /v2.0/routers/030a0e86-7de9-4752-b61d-cfaea8f6f947/remove_router_interface HTTP/1.1" status: 200 len: 503 time: 0.7818289 /var/lib/openstack/lib/python3.10/site-packages/pycadf/identifier.py:71: UserWarning: Invalid uuid: neutron. To ensure interoperability, identifiers should be a valid uuid. warnings.warn(('Invalid uuid: %s. To ensure interoperability, '
2026-07-14 11:43:37.549 10 INFO neutron.wsgi [None req-8d17f8d1-89db-4dd4-a647-6f002a3fe684 6a7bccac9e8c49f09b1f418df624e44b e3e4d3ad54ff4d19933257c0d1ae872d - - default default] 10.0.0.24 "GET /v2.0/ports?device_id=030a0e86-7de9-4752-b61d-cfaea8f6f947 HTTP/1.1" status: 200 len: 205 time: 0.0227399
2026-07-14 11:43:37.757 10 INFO neutron.wsgi [None req-17827a56-49b2-433f-a884-2750bebfe913 6a7bccac9e8c49f09b1f418df624e44b e3e4d3ad54ff4d19933257c0d1ae872d - - default default] 10.0.0.24 "DELETE /v2.0/routers/030a0e86-7de9-4752-b61d-cfaea8f6f947 HTTP/1.1" status: 204 len: 168 time: 0.2019632
2026-07-14 11:43:37.760 9 INFO neutron.wsgi [None req-ea75fa5e-7a50-42ae-916b-e5c1516d8e64 6b5aaf1cb86c4faa991bad22c7af2d2e bb9a91a2011d4131920458547bdf205d - - default default] 10.0.0.24 "DELETE /v2.0/routers/55e74be7-e6ea-4ecf-9c20-06f1dde3430d HTTP/1.1" status: 204 len: 168 time: 0.2343829
2026-07-14 11:43:37.927 10 INFO neutron.wsgi [None req-0370cfa0-d33c-40ca-904b-c229e67014ba 6a7bccac9e8c49f09b1f418df624e44b e3e4d3ad54ff4d19933257c0d1ae872d - - default default] 10.0.0.24 "DELETE /v2.0/subnets/f38044ec-5c60-4920-b86b-21d34618296a HTTP/1.1" status: 204 len: 168 time: 0.1666536
2026-07-14 11:43:38.276 10 INFO neutron.services.segments.plugin [-] Segment 3ffa3afa-7ace-4c8e-a84f-cc6348676f8c resource provider aggregate not found
2026-07-14 11:43:38.280 10 INFO neutron.services.segments.plugin [-] Segment 3ffa3afa-7ace-4c8e-a84f-cc6348676f8c resource provider aggregate not found
2026-07-14 11:43:38.297 10 INFO neutron.services.segments.plugin [-] Segment 3ffa3afa-7ace-4c8e-a84f-cc6348676f8c resource provider not found; error: Placement Client Error (4xx): {"errors": [{"status": 404, "title": "Not Found", "detail": "The resource could not be found.\n\n No resource provider with uuid 3ffa3afa-7ace-4c8e-a84f-cc6348676f8c found for delete ", "request_id": "req-f25ffa97-eb64-47dc-a285-7bb231be059a"}]}
2026-07-14 11:43:38.301 10 INFO neutron.services.segments.plugin [-] Segment 3ffa3afa-7ace-4c8e-a84f-cc6348676f8c resource provider not found; error: Placement Client Error (4xx): {"errors": [{"status": 404, "title": "Not Found", "detail": "The resource could not be found.\n\n No resource provider with uuid 3ffa3afa-7ace-4c8e-a84f-cc6348676f8c found for delete ", "request_id": "req-d7c7e603-1b62-496c-b558-3e43bca75435"}]}
2026-07-14 11:43:38.327 10 INFO neutron.wsgi [None req-d40bf4b3-4031-475b-a19b-0cb3acb16741 6a7bccac9e8c49f09b1f418df624e44b e3e4d3ad54ff4d19933257c0d1ae872d - - default default] 10.0.0.24 "DELETE /v2.0/networks/ca8036d3-e5a1-49f7-b056-29732c48d290 HTTP/1.1" status: 204 len: 168 time: 0.3941197
2026-07-14 11:43:38.774 10 INFO neutron.db.ovn_revision_numbers_db [None req-867b32d6-8e80-42f8-9f08-b4eeabc9c97e e820eb7e754441859d3dfd86f088be9c 5d80ea2504e6400d9538295a00471c07 - - default default] Successfully bumped revision number for resource 518d0a59-dfe3-4750-b9ae-88597add773e (type: security_groups) to 1
2026-07-14 11:43:38.788 10 INFO neutron.db.ovn_revision_numbers_db [None req-867b32d6-8e80-42f8-9f08-b4eeabc9c97e e820eb7e754441859d3dfd86f088be9c 5d80ea2504e6400d9538295a00471c07 - - default default] Successfully bumped revision number for resource 6176c580-62b6-4e75-9a90-c7085385ea4b (type: security_group_rules) to 0
2026-07-14 11:43:38.804 10 INFO neutron.db.ovn_revision_numbers_db [None req-867b32d6-8e80-42f8-9f08-b4eeabc9c97e e820eb7e754441859d3dfd86f088be9c 5d80ea2504e6400d9538295a00471c07 - - default default] Successfully bumped revision number for resource 86c4b6b6-b537-4fa4-af1a-d1c935ace518 (type: security_group_rules) to 0
2026-07-14 11:43:38.820 10 INFO neutron.db.ovn_revision_numbers_db [None req-867b32d6-8e80-42f8-9f08-b4eeabc9c97e e820eb7e754441859d3dfd86f088be9c 5d80ea2504e6400d9538295a00471c07 - - default default] Successfully bumped revision number for resource 8bc63594-2b5b-4cf8-84f3-16d773519919 (type: security_group_rules) to 0
2026-07-14 11:43:38.839 10 INFO neutron.db.ovn_revision_numbers_db [None req-867b32d6-8e80-42f8-9f08-b4eeabc9c97e e820eb7e754441859d3dfd86f088be9c 5d80ea2504e6400d9538295a00471c07 - - default default] Successfully bumped revision number for resource ca37d6d5-4df1-478d-b089-4010deb76a3f (type: security_group_rules) to 0
2026-07-14 11:43:38.890 10 INFO neutron.wsgi [None req-867b32d6-8e80-42f8-9f08-b4eeabc9c97e e820eb7e754441859d3dfd86f088be9c 5d80ea2504e6400d9538295a00471c07 - - default default] 10.0.0.24 "GET /v2.0/security-groups?tenant_id=e27ad76a585941d9805491f3509888c7&name=default HTTP/1.1" status: 200 len: 2996 time: 0.3723891
2026-07-14 11:43:39.093 10 INFO neutron.wsgi [None req-ef4879d5-957e-48f1-a3ed-33bf7403cb1a e820eb7e754441859d3dfd86f088be9c 5d80ea2504e6400d9538295a00471c07 - - default default] 10.0.0.24 "DELETE /v2.0/security-groups/518d0a59-dfe3-4750-b9ae-88597add773e HTTP/1.1" status: 204 len: 168 time: 0.1979473
2026-07-14 11:43:39.137 9 WARNING neutron.scheduler.dhcp_agent_scheduler [None req-778d17c0-5237-46cf-bb87-fbbbcd9bd126 6a7bccac9e8c49f09b1f418df624e44b e3e4d3ad54ff4d19933257c0d1ae872d - - default default] No more DHCP agents
2026-07-14 11:43:39.140 9 WARNING neutron.api.rpc.agentnotifiers.dhcp_rpc_agent_api [None req-778d17c0-5237-46cf-bb87-fbbbcd9bd126 6a7bccac9e8c49f09b1f418df624e44b e3e4d3ad54ff4d19933257c0d1ae872d - - default default] Unable to schedule network 91d2a21b-e0ad-496c-85dc-0a4fa055edab: no agents available; will retry on subsequent port and subnet creation events.
2026-07-14 11:43:39.288 9 INFO neutron.db.ovn_revision_numbers_db [None req-778d17c0-5237-46cf-bb87-fbbbcd9bd126 6a7bccac9e8c49f09b1f418df624e44b e3e4d3ad54ff4d19933257c0d1ae872d - - default default] Successfully bumped revision number for resource a5af29f8-d724-472b-bcdf-5f00d0b48001 (type: ports) to 1
2026-07-14 11:43:39.291 10 INFO neutron.db.ovn_revision_numbers_db [None req-348882e6-40b1-452e-92a0-e7b358cc09a8 e820eb7e754441859d3dfd86f088be9c 5d80ea2504e6400d9538295a00471c07 - - default default] Successfully bumped revision number for resource 249891f5-c755-4611-aaf0-ede4ffd81f94 (type: security_groups) to 1
2026-07-14 11:43:39.305 10 INFO neutron.db.ovn_revision_numbers_db [None req-348882e6-40b1-452e-92a0-e7b358cc09a8 e820eb7e754441859d3dfd86f088be9c 5d80ea2504e6400d9538295a00471c07 - - default default] Successfully bumped revision number for resource 0ee5f02b-097d-40ab-868d-1d1264da5e66 (type: security_group_rules) to 0
2026-07-14 11:43:39.324 10 INFO neutron.db.ovn_revision_numbers_db [None req-348882e6-40b1-452e-92a0-e7b358cc09a8 e820eb7e754441859d3dfd86f088be9c 5d80ea2504e6400d9538295a00471c07 - - default default] Successfully bumped revision number for resource 9c1cfdf6-e479-4317-bce9-a67ee175d8ef (type: security_group_rules) to 0
2026-07-14 11:43:39.337 10 INFO neutron.db.ovn_revision_numbers_db [None req-348882e6-40b1-452e-92a0-e7b358cc09a8 e820eb7e754441859d3dfd86f088be9c 5d80ea2504e6400d9538295a00471c07 - - default default] Successfully bumped revision number for resource a385db77-5421-43f8-be9f-abda5af63c7b (type: security_group_rules) to 0
2026-07-14 11:43:39.350 10 INFO neutron.db.ovn_revision_numbers_db [None req-348882e6-40b1-452e-92a0-e7b358cc09a8 e820eb7e754441859d3dfd86f088be9c 5d80ea2504e6400d9538295a00471c07 - - default default] Successfully bumped revision number for resource a6535510-714f-4607-a7b8-e1e9385be799 (type: security_group_rules) to 0
2026-07-14 11:43:39.371 10 INFO neutron.wsgi [None req-348882e6-40b1-452e-92a0-e7b358cc09a8 e820eb7e754441859d3dfd86f088be9c 5d80ea2504e6400d9538295a00471c07 - - default default] 10.0.0.24 "GET /v2.0/security-groups?tenant_id=0eaea704f56c4473a0c530e2ed5db824&name=default HTTP/1.1" status: 200 len: 2996 time: 0.1841455
2026-07-14 11:43:39.582 10 INFO neutron.wsgi [None req-b8a2b76a-6ae6-413f-8b61-3aaecc9d7a5d e820eb7e754441859d3dfd86f088be9c 5d80ea2504e6400d9538295a00471c07 - - default default] 10.0.0.24 "DELETE /v2.0/security-groups/249891f5-c755-4611-aaf0-ede4ffd81f94 HTTP/1.1" status: 204 len: 168 time: 0.2051361
2026-07-14 11:43:39.898 9 INFO neutron.db.ovn_revision_numbers_db [None req-1a0e07e8-ac35-4cf5-9a7a-79907cb19d50 e820eb7e754441859d3dfd86f088be9c 5d80ea2504e6400d9538295a00471c07 - - default default] Successfully bumped revision number for resource f8485e14-4f7c-4aca-922b-0db153acdb6d (type: security_groups) to 1
2026-07-14 11:43:39.903 9 INFO neutron.db.ovn_revision_numbers_db [None req-778d17c0-5237-46cf-bb87-fbbbcd9bd126 6a7bccac9e8c49f09b1f418df624e44b e3e4d3ad54ff4d19933257c0d1ae872d - - default default] Successfully bumped revision number for resource a5af29f8-d724-472b-bcdf-5f00d0b48001 (type: router_ports) to 1
2026-07-14 11:43:39.926 9 INFO neutron.db.ovn_revision_numbers_db [None req-1a0e07e8-ac35-4cf5-9a7a-79907cb19d50 e820eb7e754441859d3dfd86f088be9c 5d80ea2504e6400d9538295a00471c07 - - default default] Successfully bumped revision number for resource 37fffec0-e782-4fe3-86cc-8a0493128b89 (type: security_group_rules) to 0
2026-07-14 11:43:39.957 9 INFO neutron.db.ovn_revision_numbers_db [None req-1a0e07e8-ac35-4cf5-9a7a-79907cb19d50 e820eb7e754441859d3dfd86f088be9c 5d80ea2504e6400d9538295a00471c07 - - default default] Successfully bumped revision number for resource 58a4b3d2-d9fc-41fa-b820-fa72a524eb90 (type: security_group_rules) to 0
2026-07-14 11:43:39.972 9 INFO neutron.db.ovn_revision_numbers_db [None req-1a0e07e8-ac35-4cf5-9a7a-79907cb19d50 e820eb7e754441859d3dfd86f088be9c 5d80ea2504e6400d9538295a00471c07 - - default default] Successfully bumped revision number for resource 69995938-955b-4180-a0f2-7b6fa915881a (type: security_group_rules) to 0
2026-07-14 11:43:39.977 9 INFO neutron.db.ovn_revision_numbers_db [None req-778d17c0-5237-46cf-bb87-fbbbcd9bd126 6a7bccac9e8c49f09b1f418df624e44b e3e4d3ad54ff4d19933257c0d1ae872d - - default default] Successfully bumped revision number for resource 4f7dbfdb-f977-41d5-a982-e13ad7af066f (type: routers) to 2
2026-07-14 11:43:39.985 9 INFO neutron.db.ovn_revision_numbers_db [None req-1a0e07e8-ac35-4cf5-9a7a-79907cb19d50 e820eb7e754441859d3dfd86f088be9c 5d80ea2504e6400d9538295a00471c07 - - default default] Successfully bumped revision number for resource b377aa80-843a-4c61-9cdd-17237d794fdf (type: security_group_rules) to 0
2026-07-14 11:43:39.990 9 INFO neutron.wsgi [None req-778d17c0-5237-46cf-bb87-fbbbcd9bd126 6a7bccac9e8c49f09b1f418df624e44b e3e4d3ad54ff4d19933257c0d1ae872d - - default default] 10.0.0.24 "POST /v2.0/routers HTTP/1.1" status: 201 len: 872 time: 1.6569157
2026-07-14 11:43:40.007 9 INFO neutron.wsgi [None req-1a0e07e8-ac35-4cf5-9a7a-79907cb19d50 e820eb7e754441859d3dfd86f088be9c 5d80ea2504e6400d9538295a00471c07 - - default default] 10.0.0.24 "GET /v2.0/security-groups?tenant_id=bb9a91a2011d4131920458547bdf205d&name=default HTTP/1.1" status: 200 len: 2996 time: 0.2687347
2026-07-14 11:43:40.067 10 INFO neutron.wsgi [None req-88c4df51-8ba0-4370-90e0-2c7238643f0f 6a7bccac9e8c49f09b1f418df624e44b e3e4d3ad54ff4d19933257c0d1ae872d - - default default] 10.0.0.24 "GET /v2.0/routers/4f7dbfdb-f977-41d5-a982-e13ad7af066f HTTP/1.1" status: 200 len: 873 time: 0.0700223
2026-07-14 11:43:40.196 10 INFO neutron.wsgi [None req-f0d5d903-cb2c-432e-bac9-fc5b8a4a9759 6a7bccac9e8c49f09b1f418df624e44b e3e4d3ad54ff4d19933257c0d1ae872d - - default default] 10.0.0.24 "GET /v2.0/routers HTTP/1.1" status: 200 len: 876 time: 0.1243961
2026-07-14 11:43:40.207 9 INFO neutron.wsgi [None req-3bb55fc1-919b-4400-85a7-6f3d405971e7 e820eb7e754441859d3dfd86f088be9c 5d80ea2504e6400d9538295a00471c07 - - default default] 10.0.0.24 "DELETE /v2.0/security-groups/f8485e14-4f7c-4aca-922b-0db153acdb6d HTTP/1.1" status: 204 len: 168 time: 0.1953087
2026-07-14 11:43:40.751 9 INFO neutron.wsgi [req-66c32409-dbc6-41ee-978a-b3319cc0a2f0 req-cffe6f52-1a63-45c5-b198-2f68de2aeb51 e820eb7e754441859d3dfd86f088be9c 5d80ea2504e6400d9538295a00471c07 - - default default] 10.0.0.47 "GET /v2.0/security-groups?id=09a93ed7-e9c2-410b-a8b5-fe785eeab501&fields=id HTTP/1.1" status: 200 len: 267 time: 0.0366678
2026-07-14 11:43:40.818 9 INFO neutron.wsgi [req-66c32409-dbc6-41ee-978a-b3319cc0a2f0 req-92e0a29c-da1d-4f16-91d0-cb15d8e94b3e e820eb7e754441859d3dfd86f088be9c 5d80ea2504e6400d9538295a00471c07 - - default default] 10.0.0.47 "GET /v2.0/networks?id=26d50531-2434-4f35-b778-6bd6a04d1b4a HTTP/1.1" status: 200 len: 936 time: 0.0588984
2026-07-14 11:43:40.841 9 INFO neutron.wsgi [req-66c32409-dbc6-41ee-978a-b3319cc0a2f0 req-a7630b5a-4392-4838-ab45-136e95764bcc e820eb7e754441859d3dfd86f088be9c 5d80ea2504e6400d9538295a00471c07 - - default default] 10.0.0.47 "GET /v2.0/quotas/5d80ea2504e6400d9538295a00471c07 HTTP/1.1" status: 200 len: 385 time: 0.0166097
2026-07-14 11:43:40.841 10 INFO neutron.db.ovn_revision_numbers_db [None req-d3d1f944-9c66-411f-9b3e-7b56d46e0590 6a7bccac9e8c49f09b1f418df624e44b e3e4d3ad54ff4d19933257c0d1ae872d - - default default] Successfully bumped revision number for resource 4f7dbfdb-f977-41d5-a982-e13ad7af066f (type: routers) to 3
2026-07-14 11:43:40.845 10 INFO neutron.wsgi [None req-d3d1f944-9c66-411f-9b3e-7b56d46e0590 6a7bccac9e8c49f09b1f418df624e44b e3e4d3ad54ff4d19933257c0d1ae872d - - default default] 10.0.0.24 "PUT /v2.0/routers/4f7dbfdb-f977-41d5-a982-e13ad7af066f HTTP/1.1" status: 200 len: 880 time: 0.6443634
2026-07-14 11:43:40.904 9 INFO neutron.wsgi [req-66c32409-dbc6-41ee-978a-b3319cc0a2f0 req-07b93c38-cc99-46ec-88a6-92816f62e0f4 e820eb7e754441859d3dfd86f088be9c 5d80ea2504e6400d9538295a00471c07 - - default default] 10.0.0.47 "GET /v2.0/ports?tenant_id=5d80ea2504e6400d9538295a00471c07&fields=id HTTP/1.1" status: 200 len: 348 time: 0.0542545
2026-07-14 11:43:40.915 10 INFO neutron.wsgi [None req-12c89cfb-4d87-4c08-b6d5-428186176dd8 6a7bccac9e8c49f09b1f418df624e44b e3e4d3ad54ff4d19933257c0d1ae872d - - default default] 10.0.0.24 "GET /v2.0/routers/4f7dbfdb-f977-41d5-a982-e13ad7af066f HTTP/1.1" status: 200 len: 880 time: 0.0648158
2026-07-14 11:43:40.940 10 INFO neutron.wsgi [None req-70a41a9c-46ec-4506-a92e-7f1941266bfc 6a7bccac9e8c49f09b1f418df624e44b e3e4d3ad54ff4d19933257c0d1ae872d - - default default] 10.0.0.24 "GET /v2.0/ports?device_id=4f7dbfdb-f977-41d5-a982-e13ad7af066f HTTP/1.1" status: 200 len: 205 time: 0.0202136
2026-07-14 11:43:40.979 9 INFO neutron.wsgi [req-66c32409-dbc6-41ee-978a-b3319cc0a2f0 req-8a92a7e5-ada7-44ad-9d43-89651c9906b2 510ec922fc0a4c2daf74f2b7376f9572 007b620f9f02429dbfe1620e7e0729be - - fd004ce52a97444eaaca329ac57bdc02 fd004ce52a97444eaaca329ac57bdc02] 10.0.0.47 "GET /v2.0/networks/26d50531-2434-4f35-b778-6bd6a04d1b4a?fields=segments HTTP/1.1" status: 200 len: 212 time: 0.0624840
2026-07-14 11:43:41.043 9 INFO neutron.wsgi [req-66c32409-dbc6-41ee-978a-b3319cc0a2f0 req-b8363a11-9b03-44a0-a50f-21835a24a4b6 510ec922fc0a4c2daf74f2b7376f9572 007b620f9f02429dbfe1620e7e0729be - - fd004ce52a97444eaaca329ac57bdc02 fd004ce52a97444eaaca329ac57bdc02] 10.0.0.47 "GET /v2.0/networks/26d50531-2434-4f35-b778-6bd6a04d1b4a?fields=provider%3Aphysical_network&fields=provider%3Anetwork_type HTTP/1.1" status: 200 len: 277 time: 0.0566907
2026-07-14 11:43:41.376 10 INFO neutron.wsgi [req-0acb8f4f-a550-46a3-80ae-174a893eb557 req-a6da2057-f378-4066-b569-6a3f41f8a55e e820eb7e754441859d3dfd86f088be9c 5d80ea2504e6400d9538295a00471c07 - - default default] 10.0.0.47 "GET /v2.0/ports?device_id=37d73e3b-b67e-4f05-a44e-c4ced0c569ca HTTP/1.1" status: 200 len: 210 time: 0.0323484
2026-07-14 11:43:41.415 9 INFO neutron.wsgi [req-b7ad0132-75e8-47a2-b2fb-53f087bb7382 req-49e5cc82-fc66-421e-b8e5-d271073f18e5 510ec922fc0a4c2daf74f2b7376f9572 007b620f9f02429dbfe1620e7e0729be - - fd004ce52a97444eaaca329ac57bdc02 fd004ce52a97444eaaca329ac57bdc02] 10.0.0.152 "GET /v2.0/ports?device_id=16982626-ccf3-41fc-9ad9-7802f64fc6be HTTP/1.1" status: 200 len: 1413 time: 0.0419557
2026-07-14 11:43:41.465 9 INFO neutron.wsgi [req-397e93f0-7985-40f5-96a9-de8846738646 req-329a0896-0073-4c6e-95f9-18d0d6924a1d e820eb7e754441859d3dfd86f088be9c 5d80ea2504e6400d9538295a00471c07 - - default default] 10.0.0.47 "GET /v2.0/ports?device_id=37d73e3b-b67e-4f05-a44e-c4ced0c569ca HTTP/1.1" status: 200 len: 210 time: 0.0293777
2026-07-14 11:43:41.470 9 INFO neutron.wsgi [req-b7ad0132-75e8-47a2-b2fb-53f087bb7382 req-62bbab50-4c23-495b-81d5-ee718f4c6930 510ec922fc0a4c2daf74f2b7376f9572 007b620f9f02429dbfe1620e7e0729be - - fd004ce52a97444eaaca329ac57bdc02 fd004ce52a97444eaaca329ac57bdc02] 10.0.0.152 "GET /v2.0/security-groups?id=7555ec55-d733-4ccc-83d0-b2201fe7cd27&fields=id&fields=name HTTP/1.1" status: 200 len: 313 time: 0.0492661
2026-07-14 11:43:41.610 10 INFO neutron.wsgi [None req-550f3c27-9dc4-4e4a-9b7f-fb4127bd7b60 6a7bccac9e8c49f09b1f418df624e44b e3e4d3ad54ff4d19933257c0d1ae872d - - default default] 10.0.0.24 "DELETE /v2.0/routers/4f7dbfdb-f977-41d5-a982-e13ad7af066f HTTP/1.1" status: 204 len: 168 time: 0.6640897
2026-07-14 11:43:41.637 10 INFO neutron.wsgi [None req-5f9f74b4-c540-44bc-8858-080995b42cf9 6a7bccac9e8c49f09b1f418df624e44b e3e4d3ad54ff4d19933257c0d1ae872d - - default default] 10.0.0.24 "GET /v2.0/ports?device_id=4f7dbfdb-f977-41d5-a982-e13ad7af066f HTTP/1.1" status: 200 len: 205 time: 0.0209451
2026-07-14 11:43:41.669 9 INFO neutron.api.v2.resource [None req-e6c51c84-50a2-4b87-ab13-842b2dfd8e3b 6a7bccac9e8c49f09b1f418df624e44b e3e4d3ad54ff4d19933257c0d1ae872d - - default default] delete failed (client error): The resource could not be found.
2026-07-14 11:43:41.670 9 INFO neutron.wsgi [None req-e6c51c84-50a2-4b87-ab13-842b2dfd8e3b 6a7bccac9e8c49f09b1f418df624e44b e3e4d3ad54ff4d19933257c0d1ae872d - - default default] 10.0.0.24 "DELETE /v2.0/routers/4f7dbfdb-f977-41d5-a982-e13ad7af066f HTTP/1.1" status: 404 len: 336 time: 0.0290635
2026-07-14 11:43:41.697 9 INFO neutron.wsgi [None req-e1db3273-46f0-42d5-8ea0-3984aff59d96 6a7bccac9e8c49f09b1f418df624e44b e3e4d3ad54ff4d19933257c0d1ae872d - - default default] 10.0.0.24 "GET /v2.0/ports?device_id=030a0e86-7de9-4752-b61d-cfaea8f6f947 HTTP/1.1" status: 200 len: 205 time: 0.0224900
2026-07-14 11:43:41.724 9 INFO neutron.api.v2.resource [None req-46d8d1ba-3036-4a7c-baa1-fcbf5505da89 6a7bccac9e8c49f09b1f418df624e44b e3e4d3ad54ff4d19933257c0d1ae872d - - default default] delete failed (client error): The resource could not be found.
2026-07-14 11:43:41.725 9 INFO neutron.wsgi [None req-46d8d1ba-3036-4a7c-baa1-fcbf5505da89 6a7bccac9e8c49f09b1f418df624e44b e3e4d3ad54ff4d19933257c0d1ae872d - - default default] 10.0.0.24 "DELETE /v2.0/routers/030a0e86-7de9-4752-b61d-cfaea8f6f947 HTTP/1.1" status: 404 len: 336 time: 0.0246069
2026-07-14 11:43:41.744 9 INFO neutron.pecan_wsgi.hooks.translation [None req-2264ce09-5558-42b3-95fe-324d0e9c922f 6a7bccac9e8c49f09b1f418df624e44b e3e4d3ad54ff4d19933257c0d1ae872d - - default default] DELETE failed (client error): The resource could not be found.
2026-07-14 11:43:41.746 9 INFO neutron.wsgi [None req-2264ce09-5558-42b3-95fe-324d0e9c922f 6a7bccac9e8c49f09b1f418df624e44b e3e4d3ad54ff4d19933257c0d1ae872d - - default default] 10.0.0.24 "DELETE /v2.0/subnets/f38044ec-5c60-4920-b86b-21d34618296a HTTP/1.1" status: 404 len: 337 time: 0.0171759
2026-07-14 11:43:41.769 9 INFO neutron.wsgi [None req-60129e1f-fb8f-4008-976b-fe5a07a9bbfd 6a7bccac9e8c49f09b1f418df624e44b e3e4d3ad54ff4d19933257c0d1ae872d - - default default] 10.0.0.24 "GET /v2.0/ports?device_id=194b8bf2-f0e1-4181-830d-e10a4bb7fc40 HTTP/1.1" status: 200 len: 205 time: 0.0180831
2026-07-14 11:43:41.795 9 INFO neutron.api.v2.resource [None req-0382f26a-c516-4b4d-a057-fb780b3b3965 6a7bccac9e8c49f09b1f418df624e44b e3e4d3ad54ff4d19933257c0d1ae872d - - default default] delete failed (client error): The resource could not be found.
2026-07-14 11:43:41.796 9 INFO neutron.wsgi [None req-0382f26a-c516-4b4d-a057-fb780b3b3965 6a7bccac9e8c49f09b1f418df624e44b e3e4d3ad54ff4d19933257c0d1ae872d - - default default] 10.0.0.24 "DELETE /v2.0/routers/194b8bf2-f0e1-4181-830d-e10a4bb7fc40 HTTP/1.1" status: 404 len: 336 time: 0.0232229
2026-07-14 11:43:41.816 9 INFO neutron.pecan_wsgi.hooks.translation [None req-8d466c18-f099-45ab-b5d8-b24422c0e241 6a7bccac9e8c49f09b1f418df624e44b e3e4d3ad54ff4d19933257c0d1ae872d - - default default] DELETE failed (client error): The resource could not be found.
2026-07-14 11:43:41.818 9 INFO neutron.wsgi [None req-8d466c18-f099-45ab-b5d8-b24422c0e241 6a7bccac9e8c49f09b1f418df624e44b e3e4d3ad54ff4d19933257c0d1ae872d - - default default] 10.0.0.24 "DELETE /v2.0/subnets/8dc6f3be-2667-4c5c-9dca-cea1233305f9 HTTP/1.1" status: 404 len: 337 time: 0.0167317
2026-07-14 11:43:41.842 9 INFO neutron.wsgi [None req-3f7360b3-31f4-4921-a419-109accd53de7 6a7bccac9e8c49f09b1f418df624e44b e3e4d3ad54ff4d19933257c0d1ae872d - - default default] 10.0.0.24 "GET /v2.0/ports?device_id=67b4a094-ccaa-42b7-a78d-dce9a56eee38 HTTP/1.1" status: 200 len: 205 time: 0.0167434
2026-07-14 11:43:41.874 9 INFO neutron.api.v2.resource [None req-f48f1409-4840-479c-a49f-c7ab1dd5406e 6a7bccac9e8c49f09b1f418df624e44b e3e4d3ad54ff4d19933257c0d1ae872d - - default default] delete failed (client error): The resource could not be found.
2026-07-14 11:43:41.875 9 INFO neutron.wsgi [None req-f48f1409-4840-479c-a49f-c7ab1dd5406e 6a7bccac9e8c49f09b1f418df624e44b e3e4d3ad54ff4d19933257c0d1ae872d - - default default] 10.0.0.24 "DELETE /v2.0/routers/67b4a094-ccaa-42b7-a78d-dce9a56eee38 HTTP/1.1" status: 404 len: 336 time: 0.0287197
2026-07-14 11:43:41.902 9 INFO neutron.pecan_wsgi.hooks.translation [None req-094d65ad-6617-411f-bf69-96a2863fae3f 6a7bccac9e8c49f09b1f418df624e44b e3e4d3ad54ff4d19933257c0d1ae872d - - default default] DELETE failed (client error): The resource could not be found.
2026-07-14 11:43:41.904 9 INFO neutron.wsgi [None req-094d65ad-6617-411f-bf69-96a2863fae3f 6a7bccac9e8c49f09b1f418df624e44b e3e4d3ad54ff4d19933257c0d1ae872d - - default default] 10.0.0.24 "DELETE /v2.0/subnets/bd03bdd6-f378-4833-a70e-4d2960583e68 HTTP/1.1" status: 404 len: 337 time: 0.0245364
2026-07-14 11:43:41.923 9 INFO neutron.pecan_wsgi.hooks.translation [None req-debec8f0-342a-4e60-ad5a-dd59f0da88f9 6a7bccac9e8c49f09b1f418df624e44b e3e4d3ad54ff4d19933257c0d1ae872d - - default default] DELETE failed (client error): The resource could not be found.
2026-07-14 11:43:41.925 9 INFO neutron.wsgi [None req-debec8f0-342a-4e60-ad5a-dd59f0da88f9 6a7bccac9e8c49f09b1f418df624e44b e3e4d3ad54ff4d19933257c0d1ae872d - - default default] 10.0.0.24 "DELETE /v2.0/subnets/3135dfc1-b6d0-4eae-81d2-b68ecf05bf1b HTTP/1.1" status: 404 len: 337 time: 0.0160084
2026-07-14 11:43:42.010 10 WARNING neutron.plugins.ml2.drivers.ovn.mech_driver.ovsdb.ovn_client [None req-bce252a6-e8d4-4e60-89b6-69e113a9828b - - - - - -] No port found with ID ad221bb1-0679-4ee0-950c-8687fab07920: RuntimeError: No port found with ID ad221bb1-0679-4ee0-950c-8687fab07920
2026-07-14 11:43:42.010 10 INFO neutron.plugins.ml2.drivers.ovn.mech_driver.mech_driver [None req-bce252a6-e8d4-4e60-89b6-69e113a9828b - - - - - -] OVN reports status up for port: a5af29f8-d724-472b-bcdf-5f00d0b48001
2026-07-14 11:43:42.227 9 INFO neutron.wsgi [req-66c32409-dbc6-41ee-978a-b3319cc0a2f0 req-82b120e7-b4ed-4998-90f9-b1ed0f67f23f e820eb7e754441859d3dfd86f088be9c 5d80ea2504e6400d9538295a00471c07 - - default default] 199.204.45.3 "GET /v2.0/networks?id=26d50531-2434-4f35-b778-6bd6a04d1b4a HTTP/1.1" status: 200 len: 936 time: 0.0584593
2026-07-14 11:43:42.294 9 INFO neutron.wsgi [req-66c32409-dbc6-41ee-978a-b3319cc0a2f0 req-356bec21-3b81-45fe-8336-37a9112ef18d e820eb7e754441859d3dfd86f088be9c 5d80ea2504e6400d9538295a00471c07 - - default default] 199.204.45.3 "GET /v2.0/security-groups?fields=id&fields=name&tenant_id=5d80ea2504e6400d9538295a00471c07 HTTP/1.1" status: 200 len: 542 time: 0.0603049
2026-07-14 11:43:42.352 10 INFO neutron.wsgi [None req-2554dc3c-560d-4253-91a4-be630d018d77 6c657bd046df44ae8a955cbd3b8fcfff b9dd55a17b744496aabb9a298b58f55c - - default default] 10.0.0.24 "GET /v2.0/ports?project_id=a9690140da344901a4bc15c35b39550e&network_id=a6fee978-d13e-4694-8335-624ba69b6a30 HTTP/1.1" status: 200 len: 3514 time: 0.0489376
2026-07-14 11:43:42.605 9 INFO neutron.wsgi [None req-b45cfd6a-5f5f-4202-9ad1-777aceb0e8b5 6c657bd046df44ae8a955cbd3b8fcfff b9dd55a17b744496aabb9a298b58f55c - - default default] 10.0.0.24 "GET /v2.0/subnets?network_id=91d2a21b-e0ad-496c-85dc-0a4fa055edab HTTP/1.1" status: 200 len: 838 time: 0.0413957
2026-07-14 11:43:42.619 9 WARNING neutron.scheduler.dhcp_agent_scheduler [req-66c32409-dbc6-41ee-978a-b3319cc0a2f0 req-f9092e7c-3d55-469a-a9b8-47224bdee024 e820eb7e754441859d3dfd86f088be9c 5d80ea2504e6400d9538295a00471c07 - - default default] No more DHCP agents
2026-07-14 11:43:42.622 9 WARNING neutron.api.rpc.agentnotifiers.dhcp_rpc_agent_api [req-66c32409-dbc6-41ee-978a-b3319cc0a2f0 req-f9092e7c-3d55-469a-a9b8-47224bdee024 e820eb7e754441859d3dfd86f088be9c 5d80ea2504e6400d9538295a00471c07 - - default default] Unable to schedule network 26d50531-2434-4f35-b778-6bd6a04d1b4a: no agents available; will retry on subsequent port and subnet creation events.
2026-07-14 11:43:42.757 10 INFO neutron.wsgi [None req-6172b31c-ca2b-48c6-ab4a-348f63498386 e820eb7e754441859d3dfd86f088be9c 5d80ea2504e6400d9538295a00471c07 - - default default] 10.0.0.24 "GET /v2.0/security-groups?tenant_id=e3e4d3ad54ff4d19933257c0d1ae872d&name=default HTTP/1.1" status: 200 len: 2996 time: 0.2597041 /var/lib/openstack/lib/python3.10/site-packages/pycadf/identifier.py:71: UserWarning: Invalid uuid: neutron. To ensure interoperability, identifiers should be a valid uuid. warnings.warn(('Invalid uuid: %s. To ensure interoperability, '
2026-07-14 11:43:42.814 9 INFO neutron.db.ovn_revision_numbers_db [req-66c32409-dbc6-41ee-978a-b3319cc0a2f0 req-f9092e7c-3d55-469a-a9b8-47224bdee024 e820eb7e754441859d3dfd86f088be9c 5d80ea2504e6400d9538295a00471c07 - - default default] Successfully bumped revision number for resource bccd9d62-2962-425e-8339-997261351a3f (type: ports) to 1
2026-07-14 11:43:42.854 9 INFO neutron.wsgi [req-66c32409-dbc6-41ee-978a-b3319cc0a2f0 req-f9092e7c-3d55-469a-a9b8-47224bdee024 e820eb7e754441859d3dfd86f088be9c 5d80ea2504e6400d9538295a00471c07 - - default default] 199.204.45.3 "POST /v2.0/ports HTTP/1.1" status: 201 len: 1287 time: 0.5546405
2026-07-14 11:43:42.979 9 INFO neutron.db.l3_db [None req-839ed485-c9a5-4d71-8e14-48c065b2e82a 74e029b5abf54ee48dc7724da09605d6 a9690140da344901a4bc15c35b39550e - - default default] Floating IP 6d510936-b965-456e-8d4c-9e6f02fb1faf disassociated. External IP: 10.96.250.207, port: 26dc1713-a942-486a-899b-7f6c41d5d4b4.
2026-07-14 11:43:42.998 10 INFO neutron.wsgi [None req-a0238db6-ba32-4597-9fc1-7589142a0965 e820eb7e754441859d3dfd86f088be9c 5d80ea2504e6400d9538295a00471c07 - - default default] 10.0.0.24 "DELETE /v2.0/security-groups/f1863d19-3b4c-444a-827c-a9e64b13fb0b HTTP/1.1" status: 204 len: 168 time: 0.2298157
2026-07-14 11:43:43.079 9 INFO neutron.db.ovn_revision_numbers_db [None req-839ed485-c9a5-4d71-8e14-48c065b2e82a 74e029b5abf54ee48dc7724da09605d6 a9690140da344901a4bc15c35b39550e - - default default] Successfully bumped revision number for resource 6d510936-b965-456e-8d4c-9e6f02fb1faf (type: floatingips) to 2
2026-07-14 11:43:43.172 9 INFO neutron.wsgi [None req-839ed485-c9a5-4d71-8e14-48c065b2e82a 74e029b5abf54ee48dc7724da09605d6 a9690140da344901a4bc15c35b39550e - - default default] 10.0.0.24 "PUT /v2.0/floatingips/6d510936-b965-456e-8d4c-9e6f02fb1faf HTTP/1.1" status: 200 len: 748 time: 0.3898013
2026-07-14 11:43:43.213 10 INFO neutron.wsgi [None req-cadd34fb-98b4-47d8-b6d8-5554d67b2aee 74e029b5abf54ee48dc7724da09605d6 a9690140da344901a4bc15c35b39550e - - default default] 10.0.0.24 "GET /v2.0/floatingips/6d510936-b965-456e-8d4c-9e6f02fb1faf HTTP/1.1" status: 200 len: 746 time: 0.0345886
2026-07-14 11:43:43.214 9 INFO neutron.notifiers.nova [-] Nova event matching ['req-75ed40eb-14e4-469e-9566-f2db8f0a171f'] response: {'name': 'network-changed', 'server_uuid': '16982626-ccf3-41fc-9ad9-7802f64fc6be', 'tag': '26dc1713-a942-486a-899b-7f6c41d5d4b4', 'status': 'completed', 'code': 200}
2026-07-14 11:43:43.285 10 INFO neutron.wsgi [req-060bac20-e684-4b5c-8216-e36f7ebb10be req-0a55ae9c-05d6-4ba8-a2b2-39daf87483ce 510ec922fc0a4c2daf74f2b7376f9572 007b620f9f02429dbfe1620e7e0729be - - fd004ce52a97444eaaca329ac57bdc02 fd004ce52a97444eaaca329ac57bdc02] 199.204.45.3 "GET /v2.0/ports?tenant_id=a9690140da344901a4bc15c35b39550e&device_id=16982626-ccf3-41fc-9ad9-7802f64fc6be HTTP/1.1" status: 200 len: 1413 time: 0.0509045
2026-07-14 11:43:43.382 9 INFO neutron.db.ovn_revision_numbers_db [req-66c32409-dbc6-41ee-978a-b3319cc0a2f0 req-80037078-4aba-45df-ae9a-14a1eadf1e3f 510ec922fc0a4c2daf74f2b7376f9572 007b620f9f02429dbfe1620e7e0729be - - fd004ce52a97444eaaca329ac57bdc02 fd004ce52a97444eaaca329ac57bdc02] Successfully bumped revision number for resource bccd9d62-2962-425e-8339-997261351a3f (type: ports) to 2
2026-07-14 11:43:43.389 10 INFO neutron.wsgi [req-060bac20-e684-4b5c-8216-e36f7ebb10be req-7b77eeb9-7c27-4d28-afca-84cd5815ccfb 510ec922fc0a4c2daf74f2b7376f9572 007b620f9f02429dbfe1620e7e0729be - - fd004ce52a97444eaaca329ac57bdc02 fd004ce52a97444eaaca329ac57bdc02] 199.204.45.3 "GET /v2.0/networks?id=a6fee978-d13e-4694-8335-624ba69b6a30 HTTP/1.1" status: 200 len: 959 time: 0.0962877
2026-07-14 11:43:43.441 10 INFO neutron.wsgi [req-060bac20-e684-4b5c-8216-e36f7ebb10be req-ba41ec7e-90c8-4649-a54e-89968b2102dd 510ec922fc0a4c2daf74f2b7376f9572 007b620f9f02429dbfe1620e7e0729be - - fd004ce52a97444eaaca329ac57bdc02 fd004ce52a97444eaaca329ac57bdc02] 199.204.45.3 "GET /v2.0/floatingips?fixed_ip_address=10.100.0.10&port_id=26dc1713-a942-486a-899b-7f6c41d5d4b4 HTTP/1.1" status: 200 len: 217 time: 0.0362518
2026-07-14 11:43:43.501 10 INFO neutron.wsgi [req-060bac20-e684-4b5c-8216-e36f7ebb10be req-867fbfb9-e39c-4707-81aa-174be29c0d06 510ec922fc0a4c2daf74f2b7376f9572 007b620f9f02429dbfe1620e7e0729be - - fd004ce52a97444eaaca329ac57bdc02 fd004ce52a97444eaaca329ac57bdc02] 199.204.45.3 "GET /v2.0/subnets?id=09d00a60-a2cd-4700-abaa-bfac7ce93992 HTTP/1.1" status: 200 len: 853 time: 0.0515428
2026-07-14 11:43:43.540 10 INFO neutron.wsgi [req-060bac20-e684-4b5c-8216-e36f7ebb10be req-1fdb4f05-2375-42c6-8cd1-e243e4f9f3fc 510ec922fc0a4c2daf74f2b7376f9572 007b620f9f02429dbfe1620e7e0729be - - fd004ce52a97444eaaca329ac57bdc02 fd004ce52a97444eaaca329ac57bdc02] 199.204.45.3 "GET /v2.0/ports?network_id=a6fee978-d13e-4694-8335-624ba69b6a30&device_owner=network%3Adhcp HTTP/1.1" status: 200 len: 210 time: 0.0337403
2026-07-14 11:43:43.607 9 INFO neutron.db.ovn_revision_numbers_db [req-66c32409-dbc6-41ee-978a-b3319cc0a2f0 req-80037078-4aba-45df-ae9a-14a1eadf1e3f 510ec922fc0a4c2daf74f2b7376f9572 007b620f9f02429dbfe1620e7e0729be - - fd004ce52a97444eaaca329ac57bdc02 fd004ce52a97444eaaca329ac57bdc02] Successfully bumped revision number for resource bccd9d62-2962-425e-8339-997261351a3f (type: ports) to 2
2026-07-14 11:43:43.610 10 INFO neutron.wsgi [req-060bac20-e684-4b5c-8216-e36f7ebb10be req-716d1603-3f32-40b9-a628-5d55676760b8 510ec922fc0a4c2daf74f2b7376f9572 007b620f9f02429dbfe1620e7e0729be - - fd004ce52a97444eaaca329ac57bdc02 fd004ce52a97444eaaca329ac57bdc02] 199.204.45.3 "GET /v2.0/networks/a6fee978-d13e-4694-8335-624ba69b6a30?fields=segments HTTP/1.1" status: 200 len: 212 time: 0.0649862 /var/lib/openstack/lib/python3.10/site-packages/pycadf/identifier.py:71: UserWarning: Invalid uuid: neutron. To ensure interoperability, identifiers should be a valid uuid. warnings.warn(('Invalid uuid: %s. To ensure interoperability, '
2026-07-14 11:43:43.637 9 INFO neutron.wsgi [req-66c32409-dbc6-41ee-978a-b3319cc0a2f0 req-80037078-4aba-45df-ae9a-14a1eadf1e3f 510ec922fc0a4c2daf74f2b7376f9572 007b620f9f02429dbfe1620e7e0729be - - fd004ce52a97444eaaca329ac57bdc02 fd004ce52a97444eaaca329ac57bdc02] 199.204.45.3 "PUT /v2.0/ports/bccd9d62-2962-425e-8339-997261351a3f HTTP/1.1" status: 200 len: 1384 time: 0.7731476
2026-07-14 11:43:43.644 9 INFO neutron.wsgi [req-1968b14b-e645-4b91-ba43-b81a9f40e5ef req-1af29f28-55ef-41f9-befe-a4bf39661fa0 e820eb7e754441859d3dfd86f088be9c 5d80ea2504e6400d9538295a00471c07 - - default default] 10.0.0.47 "GET /v2.0/ports?device_id=37d73e3b-b67e-4f05-a44e-c4ced0c569ca HTTP/1.1" status: 200 len: 1415 time: 0.0335181
2026-07-14 11:43:43.684 10 INFO neutron.wsgi [req-060bac20-e684-4b5c-8216-e36f7ebb10be req-3b2dfc90-a97f-478e-8b4b-29663008e526 510ec922fc0a4c2daf74f2b7376f9572 007b620f9f02429dbfe1620e7e0729be - - fd004ce52a97444eaaca329ac57bdc02 fd004ce52a97444eaaca329ac57bdc02] 199.204.45.3 "GET /v2.0/networks/a6fee978-d13e-4694-8335-624ba69b6a30?fields=provider%3Aphysical_network&fields=provider%3Anetwork_type HTTP/1.1" status: 200 len: 277 time: 0.0684071
2026-07-14 11:43:43.694 9 INFO neutron.wsgi [req-1968b14b-e645-4b91-ba43-b81a9f40e5ef req-ce43d7e6-792f-4bd2-97a3-bd48933f5afb e820eb7e754441859d3dfd86f088be9c 5d80ea2504e6400d9538295a00471c07 - - default default] 10.0.0.47 "GET /v2.0/security-groups?id=09a93ed7-e9c2-410b-a8b5-fe785eeab501&fields=id&fields=name HTTP/1.1" status: 200 len: 294 time: 0.0416257
2026-07-14 11:43:43.715 9 INFO neutron.wsgi [req-66c32409-dbc6-41ee-978a-b3319cc0a2f0 req-c1e91e68-08b5-4e82-9c5c-f58d502ab8d3 510ec922fc0a4c2daf74f2b7376f9572 007b620f9f02429dbfe1620e7e0729be - - fd004ce52a97444eaaca329ac57bdc02 fd004ce52a97444eaaca329ac57bdc02] 199.204.45.3 "GET /v2.0/ports?tenant_id=5d80ea2504e6400d9538295a00471c07&device_id=37d73e3b-b67e-4f05-a44e-c4ced0c569ca HTTP/1.1" status: 200 len: 1415 time: 0.0393903
2026-07-14 11:43:43.742 9 INFO neutron.wsgi [req-66c32409-dbc6-41ee-978a-b3319cc0a2f0 req-a7b0f3ca-7ab5-4d5e-ae6b-92c820f2b071 510ec922fc0a4c2daf74f2b7376f9572 007b620f9f02429dbfe1620e7e0729be - - fd004ce52a97444eaaca329ac57bdc02 fd004ce52a97444eaaca329ac57bdc02] 199.204.45.3 "GET /v2.0/floatingips?fixed_ip_address=172.24.2.199&port_id=bccd9d62-2962-425e-8339-997261351a3f HTTP/1.1" status: 200 len: 217 time: 0.0202034
2026-07-14 11:43:43.782 9 INFO neutron.wsgi [req-66c32409-dbc6-41ee-978a-b3319cc0a2f0 req-f624a03d-f4ed-4032-8688-d41e21b7a5de 510ec922fc0a4c2daf74f2b7376f9572 007b620f9f02429dbfe1620e7e0729be - - fd004ce52a97444eaaca329ac57bdc02 fd004ce52a97444eaaca329ac57bdc02] 199.204.45.3 "GET /v2.0/subnets?id=4b5e758c-5ef6-4306-bd4e-1858e4a1c091 HTTP/1.1" status: 200 len: 829 time: 0.0333908
2026-07-14 11:43:43.826 10 INFO neutron.wsgi [req-eb399f1e-ca34-4105-a770-e53f5be8b610 req-172f9f8a-79f5-4384-a198-6c0d384ca74c e820eb7e754441859d3dfd86f088be9c 5d80ea2504e6400d9538295a00471c07 - - default default] 10.0.0.47 "GET /v2.0/ports?device_id=37d73e3b-b67e-4f05-a44e-c4ced0c569ca HTTP/1.1" status: 200 len: 1415 time: 0.0557010
2026-07-14 11:43:43.832 9 INFO neutron.wsgi [req-66c32409-dbc6-41ee-978a-b3319cc0a2f0 req-a0ad07a6-6547-4d57-b49b-e3af0e812f69 510ec922fc0a4c2daf74f2b7376f9572 007b620f9f02429dbfe1620e7e0729be - - fd004ce52a97444eaaca329ac57bdc02 fd004ce52a97444eaaca329ac57bdc02] 199.204.45.3 "GET /v2.0/ports?network_id=26d50531-2434-4f35-b778-6bd6a04d1b4a&device_owner=network%3Adhcp HTTP/1.1" status: 200 len: 210 time: 0.0410607
2026-07-14 11:43:43.923 9 INFO neutron.wsgi [req-66c32409-dbc6-41ee-978a-b3319cc0a2f0 req-3382ce19-9b0b-4c71-acea-9c9d59a9909c 510ec922fc0a4c2daf74f2b7376f9572 007b620f9f02429dbfe1620e7e0729be - - fd004ce52a97444eaaca329ac57bdc02 fd004ce52a97444eaaca329ac57bdc02] 199.204.45.3 "GET /v2.0/networks/26d50531-2434-4f35-b778-6bd6a04d1b4a?fields=segments HTTP/1.1" status: 200 len: 212 time: 0.0842886
2026-07-14 11:43:44.017 9 INFO neutron.wsgi [req-66c32409-dbc6-41ee-978a-b3319cc0a2f0 req-faa734d4-afad-4be9-9dc9-f934ae73a538 510ec922fc0a4c2daf74f2b7376f9572 007b620f9f02429dbfe1620e7e0729be - - fd004ce52a97444eaaca329ac57bdc02 fd004ce52a97444eaaca329ac57bdc02] 199.204.45.3 "GET /v2.0/networks/26d50531-2434-4f35-b778-6bd6a04d1b4a?fields=provider%3Aphysical_network&fields=provider%3Anetwork_type HTTP/1.1" status: 200 len: 277 time: 0.0881031
2026-07-14 11:43:44.247 9 INFO neutron.wsgi [req-188b1932-aa31-4f83-8c3f-c638adfb97b2 req-76404f6a-f0d6-4723-9f3d-3ae8d7aeb612 510ec922fc0a4c2daf74f2b7376f9572 007b620f9f02429dbfe1620e7e0729be - - fd004ce52a97444eaaca329ac57bdc02 fd004ce52a97444eaaca329ac57bdc02] 199.204.45.3 "GET /v2.0/ports?device_id=37d73e3b-b67e-4f05-a44e-c4ced0c569ca HTTP/1.1" status: 200 len: 1415 time: 0.0429845
2026-07-14 11:43:44.289 9 INFO neutron.wsgi [req-188b1932-aa31-4f83-8c3f-c638adfb97b2 req-046e6c69-eb57-4d46-a503-7d58254bb727 510ec922fc0a4c2daf74f2b7376f9572 007b620f9f02429dbfe1620e7e0729be - - fd004ce52a97444eaaca329ac57bdc02 fd004ce52a97444eaaca329ac57bdc02] 199.204.45.3 "GET /v2.0/security-groups?id=09a93ed7-e9c2-410b-a8b5-fe785eeab501&fields=id&fields=name HTTP/1.1" status: 200 len: 294 time: 0.0345380
2026-07-14 11:43:44.394 10 INFO neutron.plugins.ml2.drivers.ovn.mech_driver.mech_driver [None req-bce252a6-e8d4-4e60-89b6-69e113a9828b - - - - - -] OVN reports status up for port: bccd9d62-2962-425e-8339-997261351a3f
2026-07-14 11:43:44.413 10 INFO neutron.plugins.ml2.plugin [None req-bce252a6-e8d4-4e60-89b6-69e113a9828b - - - - - -] Attempt 1 to provision port bccd9d62-2962-425e-8339-997261351a3f
2026-07-14 11:43:44.450 10 INFO neutron.db.ovn_revision_numbers_db [None req-b38b4a76-7908-4375-afb1-5b0e0164180e 74e029b5abf54ee48dc7724da09605d6 a9690140da344901a4bc15c35b39550e - - default default] Successfully bumped revision number for resource 3c7646d6-bed5-46c9-bbc7-db2f9bf27fd7 (type: security_groups) to 1
2026-07-14 11:43:44.471 10 INFO neutron.db.ovn_revision_numbers_db [None req-b38b4a76-7908-4375-afb1-5b0e0164180e 74e029b5abf54ee48dc7724da09605d6 a9690140da344901a4bc15c35b39550e - - default default] Successfully bumped revision number for resource 9ea2692a-1f06-4d22-b5f1-539d782ede30 (type: security_group_rules) to 0
2026-07-14 11:43:44.514 10 INFO neutron.db.ovn_revision_numbers_db [None req-b38b4a76-7908-4375-afb1-5b0e0164180e 74e029b5abf54ee48dc7724da09605d6 a9690140da344901a4bc15c35b39550e - - default default] Successfully bumped revision number for resource c549ed82-ae66-425a-99d3-c4ba26cf5e72 (type: security_group_rules) to 0
2026-07-14 11:43:44.539 10 INFO neutron.wsgi [None req-b38b4a76-7908-4375-afb1-5b0e0164180e 74e029b5abf54ee48dc7724da09605d6 a9690140da344901a4bc15c35b39550e - - default default] 10.0.0.24 "POST /v2.0/security-groups HTTP/1.1" status: 201 len: 1809 time: 0.2540369
2026-07-14 11:43:44.596 10 INFO neutron.notifiers.nova [-] Nova event matching ['req-64679fe4-fe8d-49c0-a8ce-12c4c86b108e'] response: {'server_uuid': '37d73e3b-b67e-4f05-a44e-c4ced0c569ca', 'name': 'network-vif-plugged', 'status': 'completed', 'tag': 'bccd9d62-2962-425e-8339-997261351a3f', 'code': 200}
2026-07-14 11:43:44.669 9 INFO neutron.db.ovn_revision_numbers_db [None req-5109d224-cf5d-4ae9-8f82-d20520b50856 74e029b5abf54ee48dc7724da09605d6 a9690140da344901a4bc15c35b39550e - - default default] Successfully bumped revision number for resource 7b151295-93d6-4839-91f6-c55b46863a3f (type: security_group_rules) to 0
2026-07-14 11:43:44.695 9 INFO neutron.wsgi [None req-5109d224-cf5d-4ae9-8f82-d20520b50856 74e029b5abf54ee48dc7724da09605d6 a9690140da344901a4bc15c35b39550e - - default default] 10.0.0.24 "POST /v2.0/security-group-rules HTTP/1.1" status: 201 len: 764 time: 0.1492133
2026-07-14 11:43:44.773 10 INFO neutron.db.ovn_revision_numbers_db [None req-bce252a6-e8d4-4e60-89b6-69e113a9828b - - - - - -] Successfully bumped revision number for resource bccd9d62-2962-425e-8339-997261351a3f (type: ports) to 4
2026-07-14 11:43:44.832 9 INFO neutron.db.ovn_revision_numbers_db [None req-b6673220-1dc2-4202-9a83-6c235e086706 74e029b5abf54ee48dc7724da09605d6 a9690140da344901a4bc15c35b39550e - - default default] Successfully bumped revision number for resource d1536bfe-de02-44a3-9c2a-b5bddca17e34 (type: security_group_rules) to 0
2026-07-14 11:43:44.854 9 INFO neutron.wsgi [None req-b6673220-1dc2-4202-9a83-6c235e086706 74e029b5abf54ee48dc7724da09605d6 a9690140da344901a4bc15c35b39550e - - default default] 10.0.0.24 "POST /v2.0/security-group-rules HTTP/1.1" status: 201 len: 763 time: 0.1538429 /var/lib/openstack/lib/python3.10/site-packages/pycadf/identifier.py:71: UserWarning: Invalid uuid: neutron. To ensure interoperability, identifiers should be a valid uuid. warnings.warn(('Invalid uuid: %s. To ensure interoperability, '
2026-07-14 11:43:44.884 10 INFO neutron.db.ovn_revision_numbers_db [None req-8965c009-b335-450f-8790-edd5fac113f1 cfd4f8fa67bd4cd78e55f55c61b4969b 3dffb4a74e8543b6a111bcc8cdc5d816 - - default default] Successfully bumped revision number for resource eb48bfd3-f5ae-4707-9393-6608732ca777 (type: security_groups) to 1
2026-07-14 11:43:44.896 10 INFO neutron.db.ovn_revision_numbers_db [None req-8965c009-b335-450f-8790-edd5fac113f1 cfd4f8fa67bd4cd78e55f55c61b4969b 3dffb4a74e8543b6a111bcc8cdc5d816 - - default default] Successfully bumped revision number for resource 108a80f7-51d9-4961-9eb8-d278e6cb13ba (type: security_group_rules) to 0
2026-07-14 11:43:44.915 10 INFO neutron.db.ovn_revision_numbers_db [None req-8965c009-b335-450f-8790-edd5fac113f1 cfd4f8fa67bd4cd78e55f55c61b4969b 3dffb4a74e8543b6a111bcc8cdc5d816 - - default default] Successfully bumped revision number for resource 3ccbafb3-0f41-4e80-afde-7c29818d438b (type: security_group_rules) to 0
2026-07-14 11:43:44.934 10 INFO neutron.db.ovn_revision_numbers_db [None req-8965c009-b335-450f-8790-edd5fac113f1 cfd4f8fa67bd4cd78e55f55c61b4969b 3dffb4a74e8543b6a111bcc8cdc5d816 - - default default] Successfully bumped revision number for resource a9232e2c-b0f7-4d13-b502-4552063a5ad5 (type: security_group_rules) to 0
2026-07-14 11:43:44.950 10 INFO neutron.db.ovn_revision_numbers_db [None req-8965c009-b335-450f-8790-edd5fac113f1 cfd4f8fa67bd4cd78e55f55c61b4969b 3dffb4a74e8543b6a111bcc8cdc5d816 - - default default] Successfully bumped revision number for resource b70404a4-c28f-4a52-bbde-98b6af1f3196 (type: security_group_rules) to 0
2026-07-14 11:43:45.004 9 INFO neutron.db.ovn_revision_numbers_db [None req-b6a590c4-433f-4ad8-af2d-a1f40d75a901 b3b99b88ccd84a53a9b3c873e5de709b b225a285a185433ba92bd0a7718f2f5c - - default default] Successfully bumped revision number for resource f234171a-31c2-47a0-bd7b-2d3a6e36895b (type: security_groups) to 1
2026-07-14 11:43:45.020 9 INFO neutron.db.ovn_revision_numbers_db [None req-b6a590c4-433f-4ad8-af2d-a1f40d75a901 b3b99b88ccd84a53a9b3c873e5de709b b225a285a185433ba92bd0a7718f2f5c - - default default] Successfully bumped revision number for resource 0b91e2ef-432a-47d8-a4d4-890cab5cacad (type: security_group_rules) to 0
2026-07-14 11:43:45.023 10 INFO neutron.db.segments_db [None req-8965c009-b335-450f-8790-edd5fac113f1 cfd4f8fa67bd4cd78e55f55c61b4969b 3dffb4a74e8543b6a111bcc8cdc5d816 - - default default] Added segment 5b868889-6b15-40c5-89e8-c1db8daca666 of type geneve for network bb96ce6e-7bc7-448d-a3fb-1372d3e7ff20
2026-07-14 11:43:45.024 10 INFO neutron.db.ovn_revision_numbers_db [None req-4af4ea8c-25ce-42ec-a073-3d0933adaf8f 74e029b5abf54ee48dc7724da09605d6 a9690140da344901a4bc15c35b39550e - - default default] Successfully bumped revision number for resource 24ab3f8d-30d1-469b-b746-e5c4dda40364 (type: security_group_rules) to 0
2026-07-14 11:43:45.039 9 INFO neutron.db.ovn_revision_numbers_db [None req-b6a590c4-433f-4ad8-af2d-a1f40d75a901 b3b99b88ccd84a53a9b3c873e5de709b b225a285a185433ba92bd0a7718f2f5c - - default default] Successfully bumped revision number for resource 3e24cc65-7df2-4f9e-a29c-af6a1ab6bc4a (type: security_group_rules) to 0
2026-07-14 11:43:45.054 9 INFO neutron.db.ovn_revision_numbers_db [None req-b6a590c4-433f-4ad8-af2d-a1f40d75a901 b3b99b88ccd84a53a9b3c873e5de709b b225a285a185433ba92bd0a7718f2f5c - - default default] Successfully bumped revision number for resource 87df032e-f930-481e-81c1-38ee38cd2ce0 (type: security_group_rules) to 0
2026-07-14 11:43:45.069 10 INFO neutron.wsgi [None req-4af4ea8c-25ce-42ec-a073-3d0933adaf8f 74e029b5abf54ee48dc7724da09605d6 a9690140da344901a4bc15c35b39550e - - default default] 10.0.0.24 "POST /v2.0/security-group-rules HTTP/1.1" status: 201 len: 769 time: 0.2079508
2026-07-14 11:43:45.072 9 INFO neutron.db.ovn_revision_numbers_db [None req-b6a590c4-433f-4ad8-af2d-a1f40d75a901 b3b99b88ccd84a53a9b3c873e5de709b b225a285a185433ba92bd0a7718f2f5c - - default default] Successfully bumped revision number for resource 9e1e8e33-758b-4c2a-a80b-bac09403432c (type: security_group_rules) to 0
2026-07-14 11:43:45.137 9 INFO neutron.db.segments_db [None req-b6a590c4-433f-4ad8-af2d-a1f40d75a901 b3b99b88ccd84a53a9b3c873e5de709b b225a285a185433ba92bd0a7718f2f5c - - default default] Added segment ec129cc1-27c2-4135-a0f2-4c094cbbd386 of type geneve for network a626291b-aeb2-4b0a-a1b7-e7846017813b
2026-07-14 11:43:45.216 10 INFO neutron.db.ovn_revision_numbers_db [None req-8965c009-b335-450f-8790-edd5fac113f1 cfd4f8fa67bd4cd78e55f55c61b4969b 3dffb4a74e8543b6a111bcc8cdc5d816 - - default default] Successfully bumped revision number for resource bb96ce6e-7bc7-448d-a3fb-1372d3e7ff20 (type: networks) to 1
2026-07-14 11:43:45.252 9 INFO neutron.notifiers.nova [-] Nova event matching ['req-81eadb3e-4b60-4740-9b76-95ffdfca8a8b'] response: {'name': 'network-changed', 'server_uuid': '37d73e3b-b67e-4f05-a44e-c4ced0c569ca', 'tag': 'bccd9d62-2962-425e-8339-997261351a3f', 'status': 'completed', 'code': 200}
2026-07-14 11:43:45.300 10 INFO neutron.db.ovn_revision_numbers_db [None req-29d83042-4012-4dbc-9078-060f30acf87b 74e029b5abf54ee48dc7724da09605d6 a9690140da344901a4bc15c35b39550e - - default default] Successfully bumped revision number for resource 2d4df63d-5062-432c-bc62-595bcf98d85f (type: security_group_rules) to 0
2026-07-14 11:43:45.322 9 INFO neutron.wsgi [req-48463f96-a938-48f9-8ef0-85b5a99765a6 req-045f1b4d-97b3-41ee-9c24-77a084901d82 510ec922fc0a4c2daf74f2b7376f9572 007b620f9f02429dbfe1620e7e0729be - - fd004ce52a97444eaaca329ac57bdc02 fd004ce52a97444eaaca329ac57bdc02] 199.204.45.3 "GET /v2.0/ports?tenant_id=5d80ea2504e6400d9538295a00471c07&device_id=37d73e3b-b67e-4f05-a44e-c4ced0c569ca HTTP/1.1" status: 200 len: 1417 time: 0.0466781
2026-07-14 11:43:45.341 9 INFO neutron.db.ovn_revision_numbers_db [None req-b6a590c4-433f-4ad8-af2d-a1f40d75a901 b3b99b88ccd84a53a9b3c873e5de709b b225a285a185433ba92bd0a7718f2f5c - - default default] Successfully bumped revision number for resource a626291b-aeb2-4b0a-a1b7-e7846017813b (type: networks) to 1
2026-07-14 11:43:45.349 10 INFO neutron.wsgi [None req-29d83042-4012-4dbc-9078-060f30acf87b 74e029b5abf54ee48dc7724da09605d6 a9690140da344901a4bc15c35b39550e - - default default] 10.0.0.24 "POST /v2.0/security-group-rules HTTP/1.1" status: 201 len: 768 time: 0.2741625
2026-07-14 11:43:45.407 9 INFO neutron.db.securitygroups_db [None req-1461e513-da15-4f9e-8ab1-eed0f4ab7ebc 74e029b5abf54ee48dc7724da09605d6 a9690140da344901a4bc15c35b39550e - - default default] Project a9690140da344901a4bc15c35b39550e added a security group rule with legacy IPv6 ICMP protocol name icmp, ipv6-icmp should be used instead. It was automatically converted.
2026-07-14 11:43:45.417 9 INFO neutron.wsgi [req-48463f96-a938-48f9-8ef0-85b5a99765a6 req-c9af42aa-0f6c-4465-97f7-51163b3d09f4 510ec922fc0a4c2daf74f2b7376f9572 007b620f9f02429dbfe1620e7e0729be - - fd004ce52a97444eaaca329ac57bdc02 fd004ce52a97444eaaca329ac57bdc02] 199.204.45.3 "GET /v2.0/networks?id=26d50531-2434-4f35-b778-6bd6a04d1b4a HTTP/1.1" status: 200 len: 936 time: 0.0868328
2026-07-14 11:43:45.450 10 WARNING neutron.scheduler.dhcp_agent_scheduler [None req-8965c009-b335-450f-8790-edd5fac113f1 cfd4f8fa67bd4cd78e55f55c61b4969b 3dffb4a74e8543b6a111bcc8cdc5d816 - - default default] No more DHCP agents
2026-07-14 11:43:45.453 10 WARNING neutron.api.rpc.agentnotifiers.dhcp_rpc_agent_api [None req-8965c009-b335-450f-8790-edd5fac113f1 cfd4f8fa67bd4cd78e55f55c61b4969b 3dffb4a74e8543b6a111bcc8cdc5d816 - - default default] Unable to schedule network bb96ce6e-7bc7-448d-a3fb-1372d3e7ff20: no agents available; will retry on subsequent port and subnet creation events.
2026-07-14 11:43:45.472 9 INFO neutron.wsgi [req-48463f96-a938-48f9-8ef0-85b5a99765a6 req-1a49cb63-0956-42f8-af02-54574d7baf77 510ec922fc0a4c2daf74f2b7376f9572 007b620f9f02429dbfe1620e7e0729be - - fd004ce52a97444eaaca329ac57bdc02 fd004ce52a97444eaaca329ac57bdc02] 199.204.45.3 "GET /v2.0/floatingips?fixed_ip_address=172.24.2.199&port_id=bccd9d62-2962-425e-8339-997261351a3f HTTP/1.1" status: 200 len: 217 time: 0.0388973
2026-07-14 11:43:45.543 10 INFO neutron.db.ovn_revision_numbers_db [None req-8965c009-b335-450f-8790-edd5fac113f1 cfd4f8fa67bd4cd78e55f55c61b4969b 3dffb4a74e8543b6a111bcc8cdc5d816 - - default default] Successfully bumped revision number for resource 9a93301c-3290-48c0-b45d-3a793eaef3da (type: ports) to 1
