2026-07-17 11:59:43.327 7 INFO placement.requestlog [req-d79a187d-798d-4bc8-896a-4f5a5ad5fc86 req-d8e4db39-02c4-4195-ae50-32c2c2adf956 15a0535e6f20488d8100f2acdedae4f7 5cc3aadc1b384351a4678ec93e74a3eb - - 589769c26a024baaaa1f5d955dd28509 589769c26a024baaaa1f5d955dd28509] 199.204.45.216 "GET /resource_providers/bd931677-c5a3-4a3a-9e73-b877758c5077/allocations" status: 200 len: 54 microversion: 1.0 [pid: 7|app: 0|req: 293/581] 199.204.45.216 () {32 vars in 857 bytes} [Fri Jul 17 11:59:43 2026] GET /resource_providers/bd931677-c5a3-4a3a-9e73-b877758c5077/allocations => generated 54 bytes in 181 msecs (HTTP/1.1 200) 6 headers in 223 bytes (1 switches on core 0)
2026-07-17 11:59:43.356 8 INFO placement.requestlog [req-d79a187d-798d-4bc8-896a-4f5a5ad5fc86 req-07a5572d-29d8-4a39-9fa7-2d667af46bd9 15a0535e6f20488d8100f2acdedae4f7 5cc3aadc1b384351a4678ec93e74a3eb - - 589769c26a024baaaa1f5d955dd28509 589769c26a024baaaa1f5d955dd28509] 199.204.45.216 "GET /resource_providers?in_tree=bd931677-c5a3-4a3a-9e73-b877758c5077" status: 200 len: 797 microversion: 1.14 [pid: 8|app: 0|req: 289/582] 199.204.45.216 () {34 vars in 892 bytes} [Fri Jul 17 11:59:43 2026] GET /resource_providers?in_tree=bd931677-c5a3-4a3a-9e73-b877758c5077 => generated 797 bytes in 24 msecs (HTTP/1.1 200) 6 headers in 225 bytes (1 switches on core 0)
2026-07-17 11:59:43.379 7 INFO placement.requestlog [req-d79a187d-798d-4bc8-896a-4f5a5ad5fc86 req-de9cb45b-cddc-4487-a795-d8a425504abd 15a0535e6f20488d8100f2acdedae4f7 5cc3aadc1b384351a4678ec93e74a3eb - - 589769c26a024baaaa1f5d955dd28509 589769c26a024baaaa1f5d955dd28509] 199.204.45.216 "GET /resource_providers/bd931677-c5a3-4a3a-9e73-b877758c5077/inventories" status: 200 len: 400 microversion: 1.0 [pid: 7|app: 0|req: 294/583] 199.204.45.216 () {32 vars in 857 bytes} [Fri Jul 17 11:59:43 2026] GET /resource_providers/bd931677-c5a3-4a3a-9e73-b877758c5077/inventories => generated 400 bytes in 18 msecs (HTTP/1.1 200) 6 headers in 224 bytes (1 switches on core 0)
2026-07-17 11:59:43.400 8 INFO placement.requestlog [req-d79a187d-798d-4bc8-896a-4f5a5ad5fc86 req-da90503a-e251-414d-aeca-099bded790fd 15a0535e6f20488d8100f2acdedae4f7 5cc3aadc1b384351a4678ec93e74a3eb - - 589769c26a024baaaa1f5d955dd28509 589769c26a024baaaa1f5d955dd28509] 199.204.45.216 "GET /resource_providers/bd931677-c5a3-4a3a-9e73-b877758c5077/aggregates" status: 200 len: 53 microversion: 1.19 [pid: 8|app: 0|req: 290/584] 199.204.45.216 () {34 vars in 899 bytes} [Fri Jul 17 11:59:43 2026] GET /resource_providers/bd931677-c5a3-4a3a-9e73-b877758c5077/aggregates => generated 53 bytes in 16 msecs (HTTP/1.1 200) 8 headers in 295 bytes (1 switches on core 0)
2026-07-17 11:59:43.422 7 INFO placement.requestlog [req-d79a187d-798d-4bc8-896a-4f5a5ad5fc86 req-fe28368a-6193-4956-8b2d-5ae58ebec905 15a0535e6f20488d8100f2acdedae4f7 5cc3aadc1b384351a4678ec93e74a3eb - - 589769c26a024baaaa1f5d955dd28509 589769c26a024baaaa1f5d955dd28509] 199.204.45.216 "GET /resource_providers/bd931677-c5a3-4a3a-9e73-b877758c5077/traits" status: 200 len: 2316 microversion: 1.6 [pid: 7|app: 0|req: 295/585] 199.204.45.216 () {34 vars in 890 bytes} [Fri Jul 17 11:59:43 2026] GET /resource_providers/bd931677-c5a3-4a3a-9e73-b877758c5077/traits => generated 2316 bytes in 17 msecs (HTTP/1.1 200) 6 headers in 225 bytes (1 switches on core 0)
2026-07-17 11:59:43.441 8 INFO placement.requestlog [req-d79a187d-798d-4bc8-896a-4f5a5ad5fc86 req-aeb98207-199a-4552-87de-e6319b2858d8 15a0535e6f20488d8100f2acdedae4f7 5cc3aadc1b384351a4678ec93e74a3eb - - 589769c26a024baaaa1f5d955dd28509 589769c26a024baaaa1f5d955dd28509] 199.204.45.216 "GET /resource_providers/bd931677-c5a3-4a3a-9e73-b877758c5077/allocations" status: 200 len: 54 microversion: 1.0 [pid: 8|app: 0|req: 291/586] 199.204.45.216 () {32 vars in 857 bytes} [Fri Jul 17 11:59:43 2026] GET /resource_providers/bd931677-c5a3-4a3a-9e73-b877758c5077/allocations => generated 54 bytes in 15 msecs (HTTP/1.1 200) 6 headers in 223 bytes (1 switches on core 0)
2026-07-17 11:59:45.611 7 INFO placement.requestlog [None req-fa912675-d188-465f-9131-6e7c0bd4a71c - - - - - -] 10.0.0.11 "GET /" status: 200 len: 136 microversion: 1.0
2026-07-17 11:59:45.611 8 INFO placement.requestlog [None req-aecad4ac-7b68-4d58-817c-bc78ea8e5027 - - - - - -] 10.0.0.11 "GET /" status: 200 len: 136 microversion: 1.0
2026-07-17 11:59:55.611 8 INFO placement.requestlog [None req-2992daa1-6813-43c1-bac6-d9b6af55dd16 - - - - - -] 10.0.0.11 "GET /" status: 200 len: 136 microversion: 1.0
2026-07-17 11:59:55.611 7 INFO placement.requestlog [None req-504128d9-dba0-444d-b8a9-be3ae4ea0292 - - - - - -] 10.0.0.11 "GET /" status: 200 len: 136 microversion: 1.0
2026-07-17 12:00:05.611 8 INFO placement.requestlog [None req-a7981183-63e7-454b-87fd-092ee889d5d7 - - - - - -] 10.0.0.11 "GET /" status: 200 len: 136 microversion: 1.0
2026-07-17 12:00:05.611 7 INFO placement.requestlog [None req-620afa67-ffdb-49de-9fe6-41fb23d3fd53 - - - - - -] 10.0.0.11 "GET /" status: 200 len: 136 microversion: 1.0
2026-07-17 12:00:15.610 8 INFO placement.requestlog [None req-f14b7b90-22f9-4b98-bc73-33e88e43052b - - - - - -] 10.0.0.11 "GET /" status: 200 len: 136 microversion: 1.0
2026-07-17 12:00:15.611 7 INFO placement.requestlog [None req-8246a1fe-6691-4ad8-860a-1c958ebb7e88 - - - - - -] 10.0.0.11 "GET /" status: 200 len: 136 microversion: 1.0
2026-07-17 12:00:16.852 8 INFO placement.requestlog [req-3f534396-fc08-4779-b677-578c5b4d1a92 req-d257c91b-dc68-4d11-8d2a-fa5099f76977 15a0535e6f20488d8100f2acdedae4f7 5cc3aadc1b384351a4678ec93e74a3eb - - 589769c26a024baaaa1f5d955dd28509 589769c26a024baaaa1f5d955dd28509] 10.0.0.184 "GET /allocation_candidates?limit=1000&resources=DISK_GB%3A1%2CMEMORY_MB%3A512%2CVCPU%3A1&root_required=%21COMPUTE_STATUS_DISABLED" status: 200 len: 2781 microversion: 1.36 [pid: 8|app: 0|req: 296/595] 10.0.0.184 () {34 vars in 1012 bytes} [Fri Jul 17 12:00:16 2026] GET /allocation_candidates?limit=1000&resources=DISK_GB%3A1%2CMEMORY_MB%3A512%2CVCPU%3A1&root_required=%21COMPUTE_STATUS_DISABLED => generated 2781 bytes in 198 msecs (HTTP/1.1 200) 8 headers in 297 bytes (1 switches on core 0)
2026-07-17 12:00:16.888 7 INFO placement.requestlog [req-3f534396-fc08-4779-b677-578c5b4d1a92 req-a316b046-470e-46bf-bead-2732a8bd5be1 15a0535e6f20488d8100f2acdedae4f7 5cc3aadc1b384351a4678ec93e74a3eb - - 589769c26a024baaaa1f5d955dd28509 589769c26a024baaaa1f5d955dd28509] 10.0.0.184 "GET /allocations/4c181608-c2b1-4fe6-85cf-9574f9a821f4" status: 200 len: 19 microversion: 1.28 [pid: 7|app: 0|req: 300/596] 10.0.0.184 () {34 vars in 861 bytes} [Fri Jul 17 12:00:16 2026] GET /allocations/4c181608-c2b1-4fe6-85cf-9574f9a821f4 => generated 19 bytes in 11 msecs (HTTP/1.1 200) 8 headers in 295 bytes (1 switches on core 0)
2026-07-17 12:00:17.003 8 INFO placement.requestlog [req-3f534396-fc08-4779-b677-578c5b4d1a92 req-fbbd4bc2-8bb2-4249-a3bd-662d580bd1eb 15a0535e6f20488d8100f2acdedae4f7 5cc3aadc1b384351a4678ec93e74a3eb - - 589769c26a024baaaa1f5d955dd28509 589769c26a024baaaa1f5d955dd28509] 10.0.0.184 "PUT /allocations/4c181608-c2b1-4fe6-85cf-9574f9a821f4" status: 204 len: 0 microversion: 1.36 [pid: 8|app: 0|req: 297/597] 10.0.0.184 () {38 vars in 914 bytes} [Fri Jul 17 12:00:16 2026] PUT /allocations/4c181608-c2b1-4fe6-85cf-9574f9a821f4 => generated 0 bytes in 109 msecs (HTTP/1.1 204) 5 headers in 199 bytes (1 switches on core 0)
2026-07-17 12:00:18.569 7 INFO placement.requestlog [req-3f534396-fc08-4779-b677-578c5b4d1a92 req-da34b3ae-6ab9-4fbc-b33c-ff86943c86b7 15a0535e6f20488d8100f2acdedae4f7 5cc3aadc1b384351a4678ec93e74a3eb - - 589769c26a024baaaa1f5d955dd28509 589769c26a024baaaa1f5d955dd28509] 199.204.45.216 "GET /allocations/4c181608-c2b1-4fe6-85cf-9574f9a821f4" status: 200 len: 257 microversion: 1.28 [pid: 7|app: 0|req: 301/598] 199.204.45.216 () {34 vars in 863 bytes} [Fri Jul 17 12:00:18 2026] GET /allocations/4c181608-c2b1-4fe6-85cf-9574f9a821f4 => generated 257 bytes in 12 msecs (HTTP/1.1 200) 8 headers in 296 bytes (1 switches on core 0)
2026-07-17 12:00:19.164 8 INFO placement.requestlog [None req-ca3823c8-a1c7-45a7-ab0c-e107f7137e3c 84b70ea996c14d7eac55c71b58cb228d 5cc3aadc1b384351a4678ec93e74a3eb - - 589769c26a024baaaa1f5d955dd28509 589769c26a024baaaa1f5d955dd28509] 10.0.0.207 "GET /resource_providers/7f86a3d8-62d5-4f59-9549-41c7474c24dc/aggregates" status: 404 len: 235 microversion: 1.1 [pid: 8|app: 0|req: 298/599] 10.0.0.207 () {32 vars in 816 bytes} [Fri Jul 17 12:00:19 2026] GET /resource_providers/7f86a3d8-62d5-4f59-9549-41c7474c24dc/aggregates => generated 235 bytes in 70 msecs (HTTP/1.1 404) 5 headers in 202 bytes (1 switches on core 0)
2026-07-17 12:00:19.175 7 INFO placement.requestlog [None req-494eb33c-007f-43f1-bab8-2c5ae6cc6233 84b70ea996c14d7eac55c71b58cb228d 5cc3aadc1b384351a4678ec93e74a3eb - - 589769c26a024baaaa1f5d955dd28509 589769c26a024baaaa1f5d955dd28509] 10.0.0.207 "GET /resource_providers/7f86a3d8-62d5-4f59-9549-41c7474c24dc/aggregates" status: 404 len: 235 microversion: 1.1 [pid: 7|app: 0|req: 302/600] 10.0.0.207 () {32 vars in 816 bytes} [Fri Jul 17 12:00:19 2026] GET /resource_providers/7f86a3d8-62d5-4f59-9549-41c7474c24dc/aggregates => generated 235 bytes in 69 msecs (HTTP/1.1 404) 5 headers in 202 bytes (1 switches on core 0)
2026-07-17 12:00:19.184 8 INFO placement.requestlog [None req-ea11f3b0-036c-4f20-a11c-a1e5c47eff5b 84b70ea996c14d7eac55c71b58cb228d 5cc3aadc1b384351a4678ec93e74a3eb - - 589769c26a024baaaa1f5d955dd28509 589769c26a024baaaa1f5d955dd28509] 10.0.0.207 "DELETE /resource_providers/7f86a3d8-62d5-4f59-9549-41c7474c24dc" status: 404 len: 246 microversion: 1.1 [pid: 8|app: 0|req: 299/601] 10.0.0.207 () {34 vars in 816 bytes} [Fri Jul 17 12:00:19 2026] DELETE /resource_providers/7f86a3d8-62d5-4f59-9549-41c7474c24dc => generated 246 bytes in 9 msecs (HTTP/1.1 404) 6 headers in 231 bytes (1 switches on core 0)
2026-07-17 12:00:19.210 7 INFO placement.requestlog [None req-912f03b2-ef6c-4371-ac27-fe9627bdd03f 84b70ea996c14d7eac55c71b58cb228d 5cc3aadc1b384351a4678ec93e74a3eb - - 589769c26a024baaaa1f5d955dd28509 589769c26a024baaaa1f5d955dd28509] 10.0.0.207 "DELETE /resource_providers/7f86a3d8-62d5-4f59-9549-41c7474c24dc" status: 404 len: 246 microversion: 1.1 [pid: 7|app: 0|req: 303/602] 10.0.0.207 () {34 vars in 816 bytes} [Fri Jul 17 12:00:19 2026] DELETE /resource_providers/7f86a3d8-62d5-4f59-9549-41c7474c24dc => generated 246 bytes in 13 msecs (HTTP/1.1 404) 6 headers in 231 bytes (1 switches on core 0)
2026-07-17 12:00:19.608 8 INFO placement.requestlog [req-3f534396-fc08-4779-b677-578c5b4d1a92 req-0fc0b9bb-eb49-4cf5-8a66-37ed08536766 15a0535e6f20488d8100f2acdedae4f7 5cc3aadc1b384351a4678ec93e74a3eb - - 589769c26a024baaaa1f5d955dd28509 589769c26a024baaaa1f5d955dd28509] 199.204.45.216 "GET /resource_providers/bd931677-c5a3-4a3a-9e73-b877758c5077/allocations" status: 200 len: 152 microversion: 1.0 [pid: 8|app: 0|req: 300/603] 199.204.45.216 () {32 vars in 857 bytes} [Fri Jul 17 12:00:19 2026] GET /resource_providers/bd931677-c5a3-4a3a-9e73-b877758c5077/allocations => generated 152 bytes in 14 msecs (HTTP/1.1 200) 6 headers in 224 bytes (1 switches on core 0)
2026-07-17 12:00:19.627 7 INFO placement.requestlog [req-3f534396-fc08-4779-b677-578c5b4d1a92 req-08eef83d-75f9-40b0-88fb-96ed84e71250 15a0535e6f20488d8100f2acdedae4f7 5cc3aadc1b384351a4678ec93e74a3eb - - 589769c26a024baaaa1f5d955dd28509 589769c26a024baaaa1f5d955dd28509] 199.204.45.216 "GET /allocations/4c181608-c2b1-4fe6-85cf-9574f9a821f4" status: 200 len: 257 microversion: 1.28 [pid: 7|app: 0|req: 304/604] 199.204.45.216 () {34 vars in 863 bytes} [Fri Jul 17 12:00:19 2026] GET /allocations/4c181608-c2b1-4fe6-85cf-9574f9a821f4 => generated 257 bytes in 12 msecs (HTTP/1.1 200) 8 headers in 296 bytes (1 switches on core 0)
2026-07-17 12:00:20.374 8 INFO placement.requestlog [req-86232798-70f5-48cb-a341-56a5f18b7754 req-0fe306ee-af63-4c38-a90e-27168657208a 15a0535e6f20488d8100f2acdedae4f7 5cc3aadc1b384351a4678ec93e74a3eb - - 589769c26a024baaaa1f5d955dd28509 589769c26a024baaaa1f5d955dd28509] 10.0.0.184 "GET /allocation_candidates?limit=1000&resources=DISK_GB%3A1%2CMEMORY_MB%3A512%2CVCPU%3A1&root_required=%21COMPUTE_STATUS_DISABLED" status: 200 len: 2783 microversion: 1.36 [pid: 8|app: 0|req: 301/605] 10.0.0.184 () {34 vars in 1012 bytes} [Fri Jul 17 12:00:20 2026] GET /allocation_candidates?limit=1000&resources=DISK_GB%3A1%2CMEMORY_MB%3A512%2CVCPU%3A1&root_required=%21COMPUTE_STATUS_DISABLED => generated 2783 bytes in 50 msecs (HTTP/1.1 200) 8 headers in 297 bytes (1 switches on core 0)
2026-07-17 12:00:20.419 7 INFO placement.requestlog [req-86232798-70f5-48cb-a341-56a5f18b7754 req-8ac3a262-8716-4266-8e92-bb41f0b82753 15a0535e6f20488d8100f2acdedae4f7 5cc3aadc1b384351a4678ec93e74a3eb - - 589769c26a024baaaa1f5d955dd28509 589769c26a024baaaa1f5d955dd28509] 10.0.0.184 "GET /allocations/d2dd762f-88ee-4153-9178-77525581e4d5" status: 200 len: 19 microversion: 1.28 [pid: 7|app: 0|req: 305/606] 10.0.0.184 () {34 vars in 861 bytes} [Fri Jul 17 12:00:20 2026] GET /allocations/d2dd762f-88ee-4153-9178-77525581e4d5 => generated 19 bytes in 9 msecs (HTTP/1.1 200) 8 headers in 295 bytes (1 switches on core 0)
2026-07-17 12:00:20.502 8 INFO placement.requestlog [req-86232798-70f5-48cb-a341-56a5f18b7754 req-2ad08b5f-6bf2-4ac4-beaa-c8cbc8af244f 15a0535e6f20488d8100f2acdedae4f7 5cc3aadc1b384351a4678ec93e74a3eb - - 589769c26a024baaaa1f5d955dd28509 589769c26a024baaaa1f5d955dd28509] 10.0.0.184 "PUT /allocations/d2dd762f-88ee-4153-9178-77525581e4d5" status: 204 len: 0 microversion: 1.36 [pid: 8|app: 0|req: 302/607] 10.0.0.184 () {38 vars in 914 bytes} [Fri Jul 17 12:00:20 2026] PUT /allocations/d2dd762f-88ee-4153-9178-77525581e4d5 => generated 0 bytes in 76 msecs (HTTP/1.1 204) 5 headers in 199 bytes (1 switches on core 0)
2026-07-17 12:00:20.592 7 INFO placement.requestlog [None req-2d282c13-8928-4f30-9d89-04e476c547a4 84b70ea996c14d7eac55c71b58cb228d 5cc3aadc1b384351a4678ec93e74a3eb - - 589769c26a024baaaa1f5d955dd28509 589769c26a024baaaa1f5d955dd28509] 10.0.0.207 "GET /resource_providers/e6459770-a215-498b-bd89-2e5047988abd/aggregates" status: 404 len: 235 microversion: 1.1 [pid: 7|app: 0|req: 306/608] 10.0.0.207 () {32 vars in 816 bytes} [Fri Jul 17 12:00:20 2026] GET /resource_providers/e6459770-a215-498b-bd89-2e5047988abd/aggregates => generated 235 bytes in 164 msecs (HTTP/1.1 404) 5 headers in 202 bytes (1 switches on core 0)
2026-07-17 12:00:20.603 7 INFO placement.requestlog [None req-19bf2935-b630-4090-b723-5af35d5b19d1 84b70ea996c14d7eac55c71b58cb228d 5cc3aadc1b384351a4678ec93e74a3eb - - 589769c26a024baaaa1f5d955dd28509 589769c26a024baaaa1f5d955dd28509] 10.0.0.207 "DELETE /resource_providers/e6459770-a215-498b-bd89-2e5047988abd" status: 404 len: 246 microversion: 1.1 [pid: 7|app: 0|req: 307/609] 10.0.0.207 () {34 vars in 816 bytes} [Fri Jul 17 12:00:20 2026] DELETE /resource_providers/e6459770-a215-498b-bd89-2e5047988abd => generated 246 bytes in 6 msecs (HTTP/1.1 404) 6 headers in 231 bytes (1 switches on core 0)
2026-07-17 12:00:20.627 8 INFO placement.requestlog [None req-9c42fef9-70ae-4e67-acb4-b5ff5f44252d 84b70ea996c14d7eac55c71b58cb228d 5cc3aadc1b384351a4678ec93e74a3eb - - 589769c26a024baaaa1f5d955dd28509 589769c26a024baaaa1f5d955dd28509] 10.0.0.207 "GET /resource_providers/e6459770-a215-498b-bd89-2e5047988abd/aggregates" status: 404 len: 235 microversion: 1.1 [pid: 8|app: 0|req: 303/610] 10.0.0.207 () {32 vars in 816 bytes} [Fri Jul 17 12:00:20 2026] GET /resource_providers/e6459770-a215-498b-bd89-2e5047988abd/aggregates => generated 235 bytes in 124 msecs (HTTP/1.1 404) 5 headers in 202 bytes (1 switches on core 0)
2026-07-17 12:00:20.644 7 INFO placement.requestlog [None req-f44c4fb4-caf5-4d09-a72f-10ffce10f714 84b70ea996c14d7eac55c71b58cb228d 5cc3aadc1b384351a4678ec93e74a3eb - - 589769c26a024baaaa1f5d955dd28509 589769c26a024baaaa1f5d955dd28509] 10.0.0.207 "DELETE /resource_providers/e6459770-a215-498b-bd89-2e5047988abd" status: 404 len: 246 microversion: 1.1 [pid: 7|app: 0|req: 308/611] 10.0.0.207 () {34 vars in 816 bytes} [Fri Jul 17 12:00:20 2026] DELETE /resource_providers/e6459770-a215-498b-bd89-2e5047988abd => generated 246 bytes in 8 msecs (HTTP/1.1 404) 6 headers in 231 bytes (1 switches on core 0)
2026-07-17 12:00:21.210 8 INFO placement.requestlog [None req-691f6f35-551e-4bb1-90d8-11cbff10b9fb 84b70ea996c14d7eac55c71b58cb228d 5cc3aadc1b384351a4678ec93e74a3eb - - 589769c26a024baaaa1f5d955dd28509 589769c26a024baaaa1f5d955dd28509] 10.0.0.207 "GET /resource_providers/31150150-1611-419d-aca8-c53fb05fe1e0/aggregates" status: 404 len: 235 microversion: 1.1 [pid: 8|app: 0|req: 304/612] 10.0.0.207 () {32 vars in 816 bytes} [Fri Jul 17 12:00:21 2026] GET /resource_providers/31150150-1611-419d-aca8-c53fb05fe1e0/aggregates => generated 235 bytes in 9 msecs (HTTP/1.1 404) 5 headers in 202 bytes (1 switches on core 0)
2026-07-17 12:00:21.225 8 INFO placement.requestlog [None req-1d6b0f6a-e582-4a8c-b5f7-b6b7ace5ef32 84b70ea996c14d7eac55c71b58cb228d 5cc3aadc1b384351a4678ec93e74a3eb - - 589769c26a024baaaa1f5d955dd28509 589769c26a024baaaa1f5d955dd28509] 10.0.0.207 "GET /resource_providers/31150150-1611-419d-aca8-c53fb05fe1e0/aggregates" status: 404 len: 235 microversion: 1.1 [pid: 8|app: 0|req: 305/613] 10.0.0.207 () {32 vars in 816 bytes} [Fri Jul 17 12:00:21 2026] GET /resource_providers/31150150-1611-419d-aca8-c53fb05fe1e0/aggregates => generated 235 bytes in 7 msecs (HTTP/1.1 404) 5 headers in 202 bytes (1 switches on core 0)
2026-07-17 12:00:21.230 7 INFO placement.requestlog [None req-70555634-8cef-4e08-954b-a57d36e4b4c9 84b70ea996c14d7eac55c71b58cb228d 5cc3aadc1b384351a4678ec93e74a3eb - - 589769c26a024baaaa1f5d955dd28509 589769c26a024baaaa1f5d955dd28509] 10.0.0.207 "DELETE /resource_providers/31150150-1611-419d-aca8-c53fb05fe1e0" status: 404 len: 246 microversion: 1.1 [pid: 7|app: 0|req: 309/614] 10.0.0.207 () {34 vars in 816 bytes} [Fri Jul 17 12:00:21 2026] DELETE /resource_providers/31150150-1611-419d-aca8-c53fb05fe1e0 => generated 246 bytes in 11 msecs (HTTP/1.1 404) 6 headers in 231 bytes (1 switches on core 0)
2026-07-17 12:00:21.237 8 INFO placement.requestlog [None req-3176ee78-06dc-407a-bc1c-3f593d272e70 84b70ea996c14d7eac55c71b58cb228d 5cc3aadc1b384351a4678ec93e74a3eb - - 589769c26a024baaaa1f5d955dd28509 589769c26a024baaaa1f5d955dd28509] 10.0.0.207 "DELETE /resource_providers/31150150-1611-419d-aca8-c53fb05fe1e0" status: 404 len: 246 microversion: 1.1 [pid: 8|app: 0|req: 306/615] 10.0.0.207 () {34 vars in 816 bytes} [Fri Jul 17 12:00:21 2026] DELETE /resource_providers/31150150-1611-419d-aca8-c53fb05fe1e0 => generated 246 bytes in 7 msecs (HTTP/1.1 404) 6 headers in 231 bytes (1 switches on core 0)
2026-07-17 12:00:22.185 7 INFO placement.requestlog [req-86232798-70f5-48cb-a341-56a5f18b7754 req-bae27389-2589-4ba0-a17f-28e00c80b21b 15a0535e6f20488d8100f2acdedae4f7 5cc3aadc1b384351a4678ec93e74a3eb - - 589769c26a024baaaa1f5d955dd28509 589769c26a024baaaa1f5d955dd28509] 199.204.45.216 "GET /allocations/d2dd762f-88ee-4153-9178-77525581e4d5" status: 200 len: 257 microversion: 1.28 [pid: 7|app: 0|req: 310/616] 199.204.45.216 () {34 vars in 863 bytes} [Fri Jul 17 12:00:22 2026] GET /allocations/d2dd762f-88ee-4153-9178-77525581e4d5 => generated 257 bytes in 13 msecs (HTTP/1.1 200) 8 headers in 296 bytes (1 switches on core 0)
2026-07-17 12:00:22.626 8 INFO placement.requestlog [None req-ae44c144-4792-4e1c-8559-f91cdd7e271f 84b70ea996c14d7eac55c71b58cb228d 5cc3aadc1b384351a4678ec93e74a3eb - - 589769c26a024baaaa1f5d955dd28509 589769c26a024baaaa1f5d955dd28509] 10.0.0.207 "GET /resource_providers/7a8d2729-6dfd-4b3f-97d0-66674a9e44f5/aggregates" status: 404 len: 235 microversion: 1.1 [pid: 8|app: 0|req: 307/617] 10.0.0.207 () {32 vars in 816 bytes} [Fri Jul 17 12:00:22 2026] GET /resource_providers/7a8d2729-6dfd-4b3f-97d0-66674a9e44f5/aggregates => generated 235 bytes in 11 msecs (HTTP/1.1 404) 5 headers in 202 bytes (1 switches on core 0)
2026-07-17 12:00:22.658 7 INFO placement.requestlog [None req-2757bb4d-5001-4799-b30d-d536eeb2121b 84b70ea996c14d7eac55c71b58cb228d 5cc3aadc1b384351a4678ec93e74a3eb - - 589769c26a024baaaa1f5d955dd28509 589769c26a024baaaa1f5d955dd28509] 10.0.0.207 "DELETE /resource_providers/7a8d2729-6dfd-4b3f-97d0-66674a9e44f5" status: 404 len: 246 microversion: 1.1 [pid: 7|app: 0|req: 311/618] 10.0.0.207 () {34 vars in 816 bytes} [Fri Jul 17 12:00:22 2026] DELETE /resource_providers/7a8d2729-6dfd-4b3f-97d0-66674a9e44f5 => generated 246 bytes in 15 msecs (HTTP/1.1 404) 6 headers in 231 bytes (1 switches on core 0)
2026-07-17 12:00:22.675 8 INFO placement.requestlog [None req-0bdc4fbf-3d7e-4786-a727-d14ad82c50ab 84b70ea996c14d7eac55c71b58cb228d 5cc3aadc1b384351a4678ec93e74a3eb - - 589769c26a024baaaa1f5d955dd28509 589769c26a024baaaa1f5d955dd28509] 10.0.0.207 "GET /resource_providers/7a8d2729-6dfd-4b3f-97d0-66674a9e44f5/aggregates" status: 404 len: 235 microversion: 1.1 [pid: 8|app: 0|req: 308/619] 10.0.0.207 () {32 vars in 816 bytes} [Fri Jul 17 12:00:22 2026] GET /resource_providers/7a8d2729-6dfd-4b3f-97d0-66674a9e44f5/aggregates => generated 235 bytes in 14 msecs (HTTP/1.1 404) 5 headers in 202 bytes (1 switches on core 0)
2026-07-17 12:00:22.703 7 INFO placement.requestlog [None req-13c3066a-f2d4-42c0-84fc-9a22a3a6d94b 84b70ea996c14d7eac55c71b58cb228d 5cc3aadc1b384351a4678ec93e74a3eb - - 589769c26a024baaaa1f5d955dd28509 589769c26a024baaaa1f5d955dd28509] 10.0.0.207 "DELETE /resource_providers/7a8d2729-6dfd-4b3f-97d0-66674a9e44f5" status: 404 len: 246 microversion: 1.1 [pid: 7|app: 0|req: 312/620] 10.0.0.207 () {34 vars in 816 bytes} [Fri Jul 17 12:00:22 2026] DELETE /resource_providers/7a8d2729-6dfd-4b3f-97d0-66674a9e44f5 => generated 246 bytes in 14 msecs (HTTP/1.1 404) 6 headers in 231 bytes (1 switches on core 0)
2026-07-17 12:00:23.242 8 INFO placement.requestlog [req-86232798-70f5-48cb-a341-56a5f18b7754 req-6e5167f8-01a5-43a4-a3c8-393dfe3e4a38 15a0535e6f20488d8100f2acdedae4f7 5cc3aadc1b384351a4678ec93e74a3eb - - 589769c26a024baaaa1f5d955dd28509 589769c26a024baaaa1f5d955dd28509] 199.204.45.216 "GET /resource_providers/bd931677-c5a3-4a3a-9e73-b877758c5077/allocations" status: 200 len: 252 microversion: 1.0 [pid: 8|app: 0|req: 309/621] 199.204.45.216 () {32 vars in 857 bytes} [Fri Jul 17 12:00:23 2026] GET /resource_providers/bd931677-c5a3-4a3a-9e73-b877758c5077/allocations => generated 252 bytes in 29 msecs (HTTP/1.1 200) 6 headers in 224 bytes (1 switches on core 0)
2026-07-17 12:00:23.274 7 INFO placement.requestlog [req-86232798-70f5-48cb-a341-56a5f18b7754 req-6ed7a055-177d-41c7-8852-74e7eb1bdc2e 15a0535e6f20488d8100f2acdedae4f7 5cc3aadc1b384351a4678ec93e74a3eb - - 589769c26a024baaaa1f5d955dd28509 589769c26a024baaaa1f5d955dd28509] 199.204.45.216 "GET /allocations/4c181608-c2b1-4fe6-85cf-9574f9a821f4" status: 200 len: 257 microversion: 1.28 [pid: 7|app: 0|req: 313/622] 199.204.45.216 () {34 vars in 863 bytes} [Fri Jul 17 12:00:23 2026] GET /allocations/4c181608-c2b1-4fe6-85cf-9574f9a821f4 => generated 257 bytes in 18 msecs (HTTP/1.1 200) 8 headers in 296 bytes (1 switches on core 0)
2026-07-17 12:00:23.296 8 INFO placement.requestlog [req-86232798-70f5-48cb-a341-56a5f18b7754 req-72f939b8-a0a1-43c3-9350-bbdc7bc73c05 15a0535e6f20488d8100f2acdedae4f7 5cc3aadc1b384351a4678ec93e74a3eb - - 589769c26a024baaaa1f5d955dd28509 589769c26a024baaaa1f5d955dd28509] 199.204.45.216 "GET /allocations/d2dd762f-88ee-4153-9178-77525581e4d5" status: 200 len: 257 microversion: 1.28 [pid: 8|app: 0|req: 310/623] 199.204.45.216 () {34 vars in 863 bytes} [Fri Jul 17 12:00:23 2026] GET /allocations/d2dd762f-88ee-4153-9178-77525581e4d5 => generated 257 bytes in 12 msecs (HTTP/1.1 200) 8 headers in 296 bytes (1 switches on core 0)
2026-07-17 12:00:25.611 8 INFO placement.requestlog [None req-2cd978fe-4c5a-4521-8f53-e2165422d1d5 - - - - - -] 10.0.0.11 "GET /" status: 200 len: 136 microversion: 1.0
2026-07-17 12:00:25.611 7 INFO placement.requestlog [None req-6f84a804-4561-4385-928d-70d55000880a - - - - - -] 10.0.0.11 "GET /" status: 200 len: 136 microversion: 1.0
2026-07-17 12:00:29.016 8 INFO placement.requestlog [req-8f764fc8-9435-4ca6-9ce1-8042bb1a89f8 req-38d7eca1-eaea-4aa6-baf7-1dd64e223944 15a0535e6f20488d8100f2acdedae4f7 5cc3aadc1b384351a4678ec93e74a3eb - - 589769c26a024baaaa1f5d955dd28509 589769c26a024baaaa1f5d955dd28509] 10.0.0.184 "GET /allocation_candidates?limit=1000&resources=DISK_GB%3A1%2CMEMORY_MB%3A512%2CVCPU%3A1&root_required=%21COMPUTE_STATUS_DISABLED" status: 200 len: 2784 microversion: 1.36 [pid: 8|app: 0|req: 312/626] 10.0.0.184 () {34 vars in 1012 bytes} [Fri Jul 17 12:00:28 2026] GET /allocation_candidates?limit=1000&resources=DISK_GB%3A1%2CMEMORY_MB%3A512%2CVCPU%3A1&root_required=%21COMPUTE_STATUS_DISABLED => generated 2784 bytes in 45 msecs (HTTP/1.1 200) 8 headers in 297 bytes (1 switches on core 0)
2026-07-17 12:00:29.054 7 INFO placement.requestlog [req-8f764fc8-9435-4ca6-9ce1-8042bb1a89f8 req-11365095-bb00-44a5-9781-bd02d6184c5e 15a0535e6f20488d8100f2acdedae4f7 5cc3aadc1b384351a4678ec93e74a3eb - - 589769c26a024baaaa1f5d955dd28509 589769c26a024baaaa1f5d955dd28509] 10.0.0.184 "GET /allocations/de91c43c-9369-4982-8a71-5b6b9a8b6653" status: 200 len: 19 microversion: 1.28 [pid: 7|app: 0|req: 315/627] 10.0.0.184 () {34 vars in 861 bytes} [Fri Jul 17 12:00:29 2026] GET /allocations/de91c43c-9369-4982-8a71-5b6b9a8b6653 => generated 19 bytes in 12 msecs (HTTP/1.1 200) 8 headers in 295 bytes (1 switches on core 0)
2026-07-17 12:00:29.131 8 INFO placement.requestlog [req-8f764fc8-9435-4ca6-9ce1-8042bb1a89f8 req-09952979-da1f-41df-aa6d-68cea27bc788 15a0535e6f20488d8100f2acdedae4f7 5cc3aadc1b384351a4678ec93e74a3eb - - 589769c26a024baaaa1f5d955dd28509 589769c26a024baaaa1f5d955dd28509] 10.0.0.184 "PUT /allocations/de91c43c-9369-4982-8a71-5b6b9a8b6653" status: 204 len: 0 microversion: 1.36 [pid: 8|app: 0|req: 313/628] 10.0.0.184 () {38 vars in 914 bytes} [Fri Jul 17 12:00:29 2026] PUT /allocations/de91c43c-9369-4982-8a71-5b6b9a8b6653 => generated 0 bytes in 71 msecs (HTTP/1.1 204) 5 headers in 199 bytes (1 switches on core 0)
2026-07-17 12:00:29.471 7 INFO placement.requestlog [req-bdddc26b-75d6-45d9-9da8-ce5a9a4c692b req-e263b5e6-35ca-42a9-a0ba-0ff8b079fa19 15a0535e6f20488d8100f2acdedae4f7 5cc3aadc1b384351a4678ec93e74a3eb - - 589769c26a024baaaa1f5d955dd28509 589769c26a024baaaa1f5d955dd28509] 10.0.0.184 "GET /allocation_candidates?limit=1000&resources=DISK_GB%3A1%2CMEMORY_MB%3A512%2CVCPU%3A1&root_required=%21COMPUTE_STATUS_DISABLED" status: 200 len: 2784 microversion: 1.36 [pid: 7|app: 0|req: 316/629] 10.0.0.184 () {34 vars in 1012 bytes} [Fri Jul 17 12:00:29 2026] GET /allocation_candidates?limit=1000&resources=DISK_GB%3A1%2CMEMORY_MB%3A512%2CVCPU%3A1&root_required=%21COMPUTE_STATUS_DISABLED => generated 2784 bytes in 62 msecs (HTTP/1.1 200) 8 headers in 297 bytes (1 switches on core 0)
2026-07-17 12:00:29.500 8 INFO placement.requestlog [req-bdddc26b-75d6-45d9-9da8-ce5a9a4c692b req-977230e5-4ab9-4468-8602-61775ed5fc69 15a0535e6f20488d8100f2acdedae4f7 5cc3aadc1b384351a4678ec93e74a3eb - - 589769c26a024baaaa1f5d955dd28509 589769c26a024baaaa1f5d955dd28509] 10.0.0.184 "GET /allocations/092d6982-fe1e-4c95-bb65-da15f974cab0" status: 200 len: 19 microversion: 1.28 [pid: 8|app: 0|req: 314/630] 10.0.0.184 () {34 vars in 861 bytes} [Fri Jul 17 12:00:29 2026] GET /allocations/092d6982-fe1e-4c95-bb65-da15f974cab0 => generated 19 bytes in 9 msecs (HTTP/1.1 200) 8 headers in 295 bytes (1 switches on core 0)
2026-07-17 12:00:29.584 7 INFO placement.requestlog [req-bdddc26b-75d6-45d9-9da8-ce5a9a4c692b req-36e69293-48dc-4fe8-a105-45792bfc4ae7 15a0535e6f20488d8100f2acdedae4f7 5cc3aadc1b384351a4678ec93e74a3eb - - 589769c26a024baaaa1f5d955dd28509 589769c26a024baaaa1f5d955dd28509] 10.0.0.184 "PUT /allocations/092d6982-fe1e-4c95-bb65-da15f974cab0" status: 204 len: 0 microversion: 1.36 [pid: 7|app: 0|req: 317/631] 10.0.0.184 () {38 vars in 914 bytes} [Fri Jul 17 12:00:29 2026] PUT /allocations/092d6982-fe1e-4c95-bb65-da15f974cab0 => generated 0 bytes in 79 msecs (HTTP/1.1 204) 5 headers in 199 bytes (1 switches on core 0)
2026-07-17 12:00:30.627 8 INFO placement.requestlog [req-8f764fc8-9435-4ca6-9ce1-8042bb1a89f8 req-d8ae080b-489e-4d4e-8cf9-02508598620e 15a0535e6f20488d8100f2acdedae4f7 5cc3aadc1b384351a4678ec93e74a3eb - - 589769c26a024baaaa1f5d955dd28509 589769c26a024baaaa1f5d955dd28509] 199.204.45.216 "GET /allocations/de91c43c-9369-4982-8a71-5b6b9a8b6653" status: 200 len: 257 microversion: 1.28 [pid: 8|app: 0|req: 315/632] 199.204.45.216 () {34 vars in 863 bytes} [Fri Jul 17 12:00:30 2026] GET /allocations/de91c43c-9369-4982-8a71-5b6b9a8b6653 => generated 257 bytes in 14 msecs (HTTP/1.1 200) 8 headers in 296 bytes (1 switches on core 0)
2026-07-17 12:00:31.058 7 INFO placement.requestlog [req-bdddc26b-75d6-45d9-9da8-ce5a9a4c692b req-a6db0448-59c2-4d97-88c6-7713b488e404 15a0535e6f20488d8100f2acdedae4f7 5cc3aadc1b384351a4678ec93e74a3eb - - 589769c26a024baaaa1f5d955dd28509 589769c26a024baaaa1f5d955dd28509] 199.204.45.216 "GET /allocations/092d6982-fe1e-4c95-bb65-da15f974cab0" status: 200 len: 257 microversion: 1.28 [pid: 7|app: 0|req: 318/633] 199.204.45.216 () {34 vars in 863 bytes} [Fri Jul 17 12:00:31 2026] GET /allocations/092d6982-fe1e-4c95-bb65-da15f974cab0 => generated 257 bytes in 13 msecs (HTTP/1.1 200) 8 headers in 296 bytes (1 switches on core 0)
2026-07-17 12:00:31.662 8 INFO placement.requestlog [req-8f764fc8-9435-4ca6-9ce1-8042bb1a89f8 req-467e6c07-e9da-4e8a-9005-72ff9981f039 15a0535e6f20488d8100f2acdedae4f7 5cc3aadc1b384351a4678ec93e74a3eb - - 589769c26a024baaaa1f5d955dd28509 589769c26a024baaaa1f5d955dd28509] 199.204.45.216 "GET /resource_providers/bd931677-c5a3-4a3a-9e73-b877758c5077/allocations" status: 200 len: 452 microversion: 1.0 [pid: 8|app: 0|req: 316/634] 199.204.45.216 () {32 vars in 857 bytes} [Fri Jul 17 12:00:31 2026] GET /resource_providers/bd931677-c5a3-4a3a-9e73-b877758c5077/allocations => generated 452 bytes in 12 msecs (HTTP/1.1 200) 6 headers in 224 bytes (1 switches on core 0)
2026-07-17 12:00:31.679 7 INFO placement.requestlog [req-8f764fc8-9435-4ca6-9ce1-8042bb1a89f8 req-fe709b9c-8d51-46ce-b747-894594febe81 15a0535e6f20488d8100f2acdedae4f7 5cc3aadc1b384351a4678ec93e74a3eb - - 589769c26a024baaaa1f5d955dd28509 589769c26a024baaaa1f5d955dd28509] 199.204.45.216 "GET /allocations/092d6982-fe1e-4c95-bb65-da15f974cab0" status: 200 len: 257 microversion: 1.28 [pid: 7|app: 0|req: 319/635] 199.204.45.216 () {34 vars in 863 bytes} [Fri Jul 17 12:00:31 2026] GET /allocations/092d6982-fe1e-4c95-bb65-da15f974cab0 => generated 257 bytes in 12 msecs (HTTP/1.1 200) 8 headers in 296 bytes (1 switches on core 0)
2026-07-17 12:00:31.696 8 INFO placement.requestlog [req-8f764fc8-9435-4ca6-9ce1-8042bb1a89f8 req-8193ce10-b508-43b5-9112-26cafd9fa7e3 15a0535e6f20488d8100f2acdedae4f7 5cc3aadc1b384351a4678ec93e74a3eb - - 589769c26a024baaaa1f5d955dd28509 589769c26a024baaaa1f5d955dd28509] 199.204.45.216 "GET /allocations/4c181608-c2b1-4fe6-85cf-9574f9a821f4" status: 200 len: 257 microversion: 1.28 [pid: 8|app: 0|req: 317/636] 199.204.45.216 () {34 vars in 863 bytes} [Fri Jul 17 12:00:31 2026] GET /allocations/4c181608-c2b1-4fe6-85cf-9574f9a821f4 => generated 257 bytes in 9 msecs (HTTP/1.1 200) 8 headers in 296 bytes (1 switches on core 0)
2026-07-17 12:00:31.707 7 INFO placement.requestlog [req-8f764fc8-9435-4ca6-9ce1-8042bb1a89f8 req-8980c4d2-60b4-447e-b13d-8bd0dea07602 15a0535e6f20488d8100f2acdedae4f7 5cc3aadc1b384351a4678ec93e74a3eb - - 589769c26a024baaaa1f5d955dd28509 589769c26a024baaaa1f5d955dd28509] 199.204.45.216 "GET /allocations/d2dd762f-88ee-4153-9178-77525581e4d5" status: 200 len: 257 microversion: 1.28 [pid: 7|app: 0|req: 320/637] 199.204.45.216 () {34 vars in 863 bytes} [Fri Jul 17 12:00:31 2026] GET /allocations/d2dd762f-88ee-4153-9178-77525581e4d5 => generated 257 bytes in 7 msecs (HTTP/1.1 200) 8 headers in 296 bytes (1 switches on core 0)
2026-07-17 12:00:31.718 8 INFO placement.requestlog [req-8f764fc8-9435-4ca6-9ce1-8042bb1a89f8 req-c9235d84-1f59-4cd0-bf15-c17d68d5014f 15a0535e6f20488d8100f2acdedae4f7 5cc3aadc1b384351a4678ec93e74a3eb - - 589769c26a024baaaa1f5d955dd28509 589769c26a024baaaa1f5d955dd28509] 199.204.45.216 "GET /allocations/de91c43c-9369-4982-8a71-5b6b9a8b6653" status: 200 len: 257 microversion: 1.28 [pid: 8|app: 0|req: 318/638] 199.204.45.216 () {34 vars in 863 bytes} [Fri Jul 17 12:00:31 2026] GET /allocations/de91c43c-9369-4982-8a71-5b6b9a8b6653 => generated 257 bytes in 7 msecs (HTTP/1.1 200) 8 headers in 296 bytes (1 switches on core 0)
2026-07-17 12:00:33.775 7 INFO placement.requestlog [req-bdddc26b-75d6-45d9-9da8-ce5a9a4c692b req-2868fba8-69ab-483b-90f0-370ef62abe3f 15a0535e6f20488d8100f2acdedae4f7 5cc3aadc1b384351a4678ec93e74a3eb - - 589769c26a024baaaa1f5d955dd28509 589769c26a024baaaa1f5d955dd28509] 199.204.45.216 "GET /resource_providers/bd931677-c5a3-4a3a-9e73-b877758c5077/allocations" status: 200 len: 452 microversion: 1.0 [pid: 7|app: 0|req: 321/639] 199.204.45.216 () {32 vars in 857 bytes} [Fri Jul 17 12:00:33 2026] GET /resource_providers/bd931677-c5a3-4a3a-9e73-b877758c5077/allocations => generated 452 bytes in 18 msecs (HTTP/1.1 200) 6 headers in 224 bytes (1 switches on core 0)
2026-07-17 12:00:33.806 8 INFO placement.requestlog [req-bdddc26b-75d6-45d9-9da8-ce5a9a4c692b req-4b3f17b7-9e0d-4cd7-9fe9-725a175b4e6d 15a0535e6f20488d8100f2acdedae4f7 5cc3aadc1b384351a4678ec93e74a3eb - - 589769c26a024baaaa1f5d955dd28509 589769c26a024baaaa1f5d955dd28509] 199.204.45.216 "GET /allocations/092d6982-fe1e-4c95-bb65-da15f974cab0" status: 200 len: 257 microversion: 1.28 [pid: 8|app: 0|req: 319/640] 199.204.45.216 () {34 vars in 863 bytes} [Fri Jul 17 12:00:33 2026] GET /allocations/092d6982-fe1e-4c95-bb65-da15f974cab0 => generated 257 bytes in 22 msecs (HTTP/1.1 200) 8 headers in 296 bytes (1 switches on core 0)
2026-07-17 12:00:33.824 7 INFO placement.requestlog [req-bdddc26b-75d6-45d9-9da8-ce5a9a4c692b req-07d616ab-c948-4bb5-9c75-91e183ff9a09 15a0535e6f20488d8100f2acdedae4f7 5cc3aadc1b384351a4678ec93e74a3eb - - 589769c26a024baaaa1f5d955dd28509 589769c26a024baaaa1f5d955dd28509] 199.204.45.216 "GET /allocations/4c181608-c2b1-4fe6-85cf-9574f9a821f4" status: 200 len: 257 microversion: 1.28 [pid: 7|app: 0|req: 322/641] 199.204.45.216 () {34 vars in 863 bytes} [Fri Jul 17 12:00:33 2026] GET /allocations/4c181608-c2b1-4fe6-85cf-9574f9a821f4 => generated 257 bytes in 10 msecs (HTTP/1.1 200) 8 headers in 296 bytes (1 switches on core 0)
2026-07-17 12:00:33.848 8 INFO placement.requestlog [req-bdddc26b-75d6-45d9-9da8-ce5a9a4c692b req-ac24728e-66c5-46e3-a4d5-a117f50403d8 15a0535e6f20488d8100f2acdedae4f7 5cc3aadc1b384351a4678ec93e74a3eb - - 589769c26a024baaaa1f5d955dd28509 589769c26a024baaaa1f5d955dd28509] 199.204.45.216 "GET /allocations/d2dd762f-88ee-4153-9178-77525581e4d5" status: 200 len: 257 microversion: 1.28 [pid: 8|app: 0|req: 320/642] 199.204.45.216 () {34 vars in 863 bytes} [Fri Jul 17 12:00:33 2026] GET /allocations/d2dd762f-88ee-4153-9178-77525581e4d5 => generated 257 bytes in 18 msecs (HTTP/1.1 200) 8 headers in 296 bytes (1 switches on core 0)
2026-07-17 12:00:33.887 7 INFO placement.requestlog [req-bdddc26b-75d6-45d9-9da8-ce5a9a4c692b req-b9558168-62a7-4276-af76-5e444f75a752 15a0535e6f20488d8100f2acdedae4f7 5cc3aadc1b384351a4678ec93e74a3eb - - 589769c26a024baaaa1f5d955dd28509 589769c26a024baaaa1f5d955dd28509] 199.204.45.216 "GET /allocations/de91c43c-9369-4982-8a71-5b6b9a8b6653" status: 200 len: 257 microversion: 1.28 [pid: 7|app: 0|req: 323/643] 199.204.45.216 () {34 vars in 863 bytes} [Fri Jul 17 12:00:33 2026] GET /allocations/de91c43c-9369-4982-8a71-5b6b9a8b6653 => generated 257 bytes in 33 msecs (HTTP/1.1 200) 8 headers in 296 bytes (1 switches on core 0)
2026-07-17 12:00:35.611 8 INFO placement.requestlog [None req-9fcfaf17-b173-4823-affc-26048520bd69 - - - - - -] 10.0.0.11 "GET /" status: 200 len: 136 microversion: 1.0
2026-07-17 12:00:35.613 7 INFO placement.requestlog [None req-8f292f95-5310-44f3-9f2e-e2a0a0c712fd - - - - - -] 10.0.0.11 "GET /" status: 200 len: 136 microversion: 1.0
2026-07-17 12:00:42.867 8 INFO placement.requestlog [req-918f44d0-8cc4-4e11-8d3d-c24a696acd12 req-16e7cc72-d331-47ad-8b58-5ec31d91e912 15a0535e6f20488d8100f2acdedae4f7 5cc3aadc1b384351a4678ec93e74a3eb - - 589769c26a024baaaa1f5d955dd28509 589769c26a024baaaa1f5d955dd28509] 199.204.45.216 "GET /resource_providers/bd931677-c5a3-4a3a-9e73-b877758c5077/allocations" status: 200 len: 452 microversion: 1.0 [pid: 8|app: 0|req: 322/646] 199.204.45.216 () {32 vars in 857 bytes} [Fri Jul 17 12:00:42 2026] GET /resource_providers/bd931677-c5a3-4a3a-9e73-b877758c5077/allocations => generated 452 bytes in 11 msecs (HTTP/1.1 200) 6 headers in 224 bytes (1 switches on core 0)
2026-07-17 12:00:42.882 7 INFO placement.requestlog [req-918f44d0-8cc4-4e11-8d3d-c24a696acd12 req-28f4874e-ad7b-4463-89da-e8321a4006f5 15a0535e6f20488d8100f2acdedae4f7 5cc3aadc1b384351a4678ec93e74a3eb - - 589769c26a024baaaa1f5d955dd28509 589769c26a024baaaa1f5d955dd28509] 199.204.45.216 "GET /allocations/092d6982-fe1e-4c95-bb65-da15f974cab0" status: 200 len: 257 microversion: 1.28 [pid: 7|app: 0|req: 325/647] 199.204.45.216 () {34 vars in 863 bytes} [Fri Jul 17 12:00:42 2026] GET /allocations/092d6982-fe1e-4c95-bb65-da15f974cab0 => generated 257 bytes in 10 msecs (HTTP/1.1 200) 8 headers in 296 bytes (1 switches on core 0)
2026-07-17 12:00:42.898 8 INFO placement.requestlog [req-918f44d0-8cc4-4e11-8d3d-c24a696acd12 req-6f802d03-0518-4977-93de-9816474697d7 15a0535e6f20488d8100f2acdedae4f7 5cc3aadc1b384351a4678ec93e74a3eb - - 589769c26a024baaaa1f5d955dd28509 589769c26a024baaaa1f5d955dd28509] 199.204.45.216 "GET /allocations/4c181608-c2b1-4fe6-85cf-9574f9a821f4" status: 200 len: 257 microversion: 1.28 [pid: 8|app: 0|req: 323/648] 199.204.45.216 () {34 vars in 863 bytes} [Fri Jul 17 12:00:42 2026] GET /allocations/4c181608-c2b1-4fe6-85cf-9574f9a821f4 => generated 257 bytes in 10 msecs (HTTP/1.1 200) 8 headers in 296 bytes (1 switches on core 0)
2026-07-17 12:00:42.914 7 INFO placement.requestlog [req-918f44d0-8cc4-4e11-8d3d-c24a696acd12 req-0f192c5c-746b-4f72-8433-db6091d2344b 15a0535e6f20488d8100f2acdedae4f7 5cc3aadc1b384351a4678ec93e74a3eb - - 589769c26a024baaaa1f5d955dd28509 589769c26a024baaaa1f5d955dd28509] 199.204.45.216 "GET /allocations/d2dd762f-88ee-4153-9178-77525581e4d5" status: 200 len: 257 microversion: 1.28 [pid: 7|app: 0|req: 326/649] 199.204.45.216 () {34 vars in 863 bytes} [Fri Jul 17 12:00:42 2026] GET /allocations/d2dd762f-88ee-4153-9178-77525581e4d5 => generated 257 bytes in 11 msecs (HTTP/1.1 200) 8 headers in 296 bytes (1 switches on core 0)
2026-07-17 12:00:42.937 8 INFO placement.requestlog [req-918f44d0-8cc4-4e11-8d3d-c24a696acd12 req-bec67613-a37b-4e34-a9a1-8119578c4bbb 15a0535e6f20488d8100f2acdedae4f7 5cc3aadc1b384351a4678ec93e74a3eb - - 589769c26a024baaaa1f5d955dd28509 589769c26a024baaaa1f5d955dd28509] 199.204.45.216 "GET /allocations/de91c43c-9369-4982-8a71-5b6b9a8b6653" status: 200 len: 257 microversion: 1.28 [pid: 8|app: 0|req: 324/650] 199.204.45.216 () {34 vars in 863 bytes} [Fri Jul 17 12:00:42 2026] GET /allocations/de91c43c-9369-4982-8a71-5b6b9a8b6653 => generated 257 bytes in 12 msecs (HTTP/1.1 200) 8 headers in 296 bytes (1 switches on core 0)
2026-07-17 12:00:43.984 7 INFO placement.requestlog [req-918f44d0-8cc4-4e11-8d3d-c24a696acd12 req-554e5f5d-5537-4839-ae59-cafcb709ea87 15a0535e6f20488d8100f2acdedae4f7 5cc3aadc1b384351a4678ec93e74a3eb - - 589769c26a024baaaa1f5d955dd28509 589769c26a024baaaa1f5d955dd28509] 199.204.45.216 "DELETE /allocations/d2dd762f-88ee-4153-9178-77525581e4d5" status: 204 len: 0 microversion: 1.0 [pid: 7|app: 0|req: 327/651] 199.204.45.216 () {34 vars in 841 bytes} [Fri Jul 17 12:00:43 2026] DELETE /allocations/d2dd762f-88ee-4153-9178-77525581e4d5 => generated 0 bytes in 29 msecs (HTTP/1.1 204) 5 headers in 198 bytes (1 switches on core 0)
2026-07-17 12:00:43.986 8 INFO placement.requestlog [req-4ebda1a1-f44c-4198-a994-6056b8e706fd req-645d6367-ea66-4cbe-b2f4-e557095afe47 15a0535e6f20488d8100f2acdedae4f7 5cc3aadc1b384351a4678ec93e74a3eb - - 589769c26a024baaaa1f5d955dd28509 589769c26a024baaaa1f5d955dd28509] 199.204.45.216 "GET /resource_providers/bd931677-c5a3-4a3a-9e73-b877758c5077/allocations" status: 200 len: 352 microversion: 1.0 [pid: 8|app: 0|req: 325/652] 199.204.45.216 () {32 vars in 857 bytes} [Fri Jul 17 12:00:43 2026] GET /resource_providers/bd931677-c5a3-4a3a-9e73-b877758c5077/allocations => generated 352 bytes in 27 msecs (HTTP/1.1 200) 6 headers in 224 bytes (1 switches on core 0)
2026-07-17 12:00:44.009 7 INFO placement.requestlog [req-4ebda1a1-f44c-4198-a994-6056b8e706fd req-07381192-80bb-4c4f-a0c2-f2eb9761f182 15a0535e6f20488d8100f2acdedae4f7 5cc3aadc1b384351a4678ec93e74a3eb - - 589769c26a024baaaa1f5d955dd28509 589769c26a024baaaa1f5d955dd28509] 199.204.45.216 "GET /allocations/092d6982-fe1e-4c95-bb65-da15f974cab0" status: 200 len: 257 microversion: 1.28 [pid: 7|app: 0|req: 328/653] 199.204.45.216 () {34 vars in 863 bytes} [Fri Jul 17 12:00:43 2026] GET /allocations/092d6982-fe1e-4c95-bb65-da15f974cab0 => generated 257 bytes in 10 msecs (HTTP/1.1 200) 8 headers in 296 bytes (1 switches on core 0)
2026-07-17 12:00:44.078 8 INFO placement.requestlog [req-4ebda1a1-f44c-4198-a994-6056b8e706fd req-6df83265-cbf1-4e2a-a55c-1623f1468c8d 15a0535e6f20488d8100f2acdedae4f7 5cc3aadc1b384351a4678ec93e74a3eb - - 589769c26a024baaaa1f5d955dd28509 589769c26a024baaaa1f5d955dd28509] 199.204.45.216 "GET /allocations/4c181608-c2b1-4fe6-85cf-9574f9a821f4" status: 200 len: 257 microversion: 1.28 [pid: 8|app: 0|req: 326/654] 199.204.45.216 () {34 vars in 863 bytes} [Fri Jul 17 12:00:44 2026] GET /allocations/4c181608-c2b1-4fe6-85cf-9574f9a821f4 => generated 257 bytes in 65 msecs (HTTP/1.1 200) 8 headers in 296 bytes (1 switches on core 0)
2026-07-17 12:00:44.125 7 INFO placement.requestlog [req-4ebda1a1-f44c-4198-a994-6056b8e706fd req-17266ffd-a038-45c0-9395-0cd387debb96 15a0535e6f20488d8100f2acdedae4f7 5cc3aadc1b384351a4678ec93e74a3eb - - 589769c26a024baaaa1f5d955dd28509 589769c26a024baaaa1f5d955dd28509] 199.204.45.216 "GET /allocations/de91c43c-9369-4982-8a71-5b6b9a8b6653" status: 200 len: 257 microversion: 1.28 [pid: 7|app: 0|req: 329/655] 199.204.45.216 () {34 vars in 863 bytes} [Fri Jul 17 12:00:44 2026] GET /allocations/de91c43c-9369-4982-8a71-5b6b9a8b6653 => generated 257 bytes in 30 msecs (HTTP/1.1 200) 8 headers in 296 bytes (1 switches on core 0)
2026-07-17 12:00:45.185 8 INFO placement.requestlog [req-4ebda1a1-f44c-4198-a994-6056b8e706fd req-c8e25d90-4092-4542-a8a3-3bb73be74b85 15a0535e6f20488d8100f2acdedae4f7 5cc3aadc1b384351a4678ec93e74a3eb - - 589769c26a024baaaa1f5d955dd28509 589769c26a024baaaa1f5d955dd28509] 199.204.45.216 "DELETE /allocations/4c181608-c2b1-4fe6-85cf-9574f9a821f4" status: 204 len: 0 microversion: 1.0 [pid: 8|app: 0|req: 327/656] 199.204.45.216 () {34 vars in 841 bytes} [Fri Jul 17 12:00:45 2026] DELETE /allocations/4c181608-c2b1-4fe6-85cf-9574f9a821f4 => generated 0 bytes in 24 msecs (HTTP/1.1 204) 5 headers in 198 bytes (1 switches on core 0)
2026-07-17 12:00:45.611 8 INFO placement.requestlog [None req-d088145e-5070-477d-b92b-09b2ae60f208 - - - - - -] 10.0.0.11 "GET /" status: 200 len: 136 microversion: 1.0
2026-07-17 12:00:45.611 7 INFO placement.requestlog [None req-0688ad5a-806f-4753-ac5b-1f83e2670916 - - - - - -] 10.0.0.11 "GET /" status: 200 len: 136 microversion: 1.0
2026-07-17 12:00:46.199 8 INFO placement.requestlog [req-53710801-8ae2-49c6-9b0a-a36b1b08fb08 req-a9ca29be-2ab8-4b4e-ba13-b07b29ee8339 15a0535e6f20488d8100f2acdedae4f7 5cc3aadc1b384351a4678ec93e74a3eb - - 589769c26a024baaaa1f5d955dd28509 589769c26a024baaaa1f5d955dd28509] 199.204.45.216 "GET /resource_providers/bd931677-c5a3-4a3a-9e73-b877758c5077/allocations" status: 200 len: 252 microversion: 1.0 [pid: 8|app: 0|req: 329/659] 199.204.45.216 () {32 vars in 857 bytes} [Fri Jul 17 12:00:46 2026] GET /resource_providers/bd931677-c5a3-4a3a-9e73-b877758c5077/allocations => generated 252 bytes in 20 msecs (HTTP/1.1 200) 6 headers in 224 bytes (1 switches on core 0)
2026-07-17 12:00:46.231 7 INFO placement.requestlog [req-53710801-8ae2-49c6-9b0a-a36b1b08fb08 req-99e9e795-8e7f-4977-9bfe-d5f64d69688a 15a0535e6f20488d8100f2acdedae4f7 5cc3aadc1b384351a4678ec93e74a3eb - - 589769c26a024baaaa1f5d955dd28509 589769c26a024baaaa1f5d955dd28509] 199.204.45.216 "GET /resource_providers/bd931677-c5a3-4a3a-9e73-b877758c5077/allocations" status: 200 len: 252 microversion: 1.0 [pid: 7|app: 0|req: 331/660] 199.204.45.216 () {32 vars in 857 bytes} [Fri Jul 17 12:00:46 2026] GET /resource_providers/bd931677-c5a3-4a3a-9e73-b877758c5077/allocations => generated 252 bytes in 27 msecs (HTTP/1.1 200) 6 headers in 224 bytes (1 switches on core 0)
2026-07-17 12:00:46.250 8 INFO placement.requestlog [req-53710801-8ae2-49c6-9b0a-a36b1b08fb08 req-1e4d7c71-9a75-4ffb-8965-b8a8794bfc10 15a0535e6f20488d8100f2acdedae4f7 5cc3aadc1b384351a4678ec93e74a3eb - - 589769c26a024baaaa1f5d955dd28509 589769c26a024baaaa1f5d955dd28509] 199.204.45.216 "GET /allocations/092d6982-fe1e-4c95-bb65-da15f974cab0" status: 200 len: 257 microversion: 1.28 [pid: 8|app: 0|req: 330/661] 199.204.45.216 () {34 vars in 863 bytes} [Fri Jul 17 12:00:46 2026] GET /allocations/092d6982-fe1e-4c95-bb65-da15f974cab0 => generated 257 bytes in 11 msecs (HTTP/1.1 200) 8 headers in 296 bytes (1 switches on core 0)
2026-07-17 12:00:46.272 7 INFO placement.requestlog [req-53710801-8ae2-49c6-9b0a-a36b1b08fb08 req-9bb5017c-7fbc-4598-8817-627e1bb183bc 15a0535e6f20488d8100f2acdedae4f7 5cc3aadc1b384351a4678ec93e74a3eb - - 589769c26a024baaaa1f5d955dd28509 589769c26a024baaaa1f5d955dd28509] 199.204.45.216 "GET /allocations/de91c43c-9369-4982-8a71-5b6b9a8b6653" status: 200 len: 257 microversion: 1.28 [pid: 7|app: 0|req: 332/662] 199.204.45.216 () {34 vars in 863 bytes} [Fri Jul 17 12:00:46 2026] GET /allocations/de91c43c-9369-4982-8a71-5b6b9a8b6653 => generated 257 bytes in 17 msecs (HTTP/1.1 200) 8 headers in 296 bytes (1 switches on core 0)
2026-07-17 12:00:47.030 8 INFO placement.requestlog [None req-11d7fa18-b9e2-4d78-867d-e645a1709e58 84b70ea996c14d7eac55c71b58cb228d 5cc3aadc1b384351a4678ec93e74a3eb - - 589769c26a024baaaa1f5d955dd28509 589769c26a024baaaa1f5d955dd28509] 10.0.0.207 "GET /resource_providers/ccfa08ae-b665-4bbf-b397-ad49ed86491c/aggregates" status: 404 len: 235 microversion: 1.1 [pid: 8|app: 0|req: 331/663] 10.0.0.207 () {32 vars in 816 bytes} [Fri Jul 17 12:00:47 2026] GET /resource_providers/ccfa08ae-b665-4bbf-b397-ad49ed86491c/aggregates => generated 235 bytes in 7 msecs (HTTP/1.1 404) 5 headers in 202 bytes (1 switches on core 0)
2026-07-17 12:00:47.032 7 INFO placement.requestlog [None req-3428377e-6116-4499-bddd-9c04fabeaf61 84b70ea996c14d7eac55c71b58cb228d 5cc3aadc1b384351a4678ec93e74a3eb - - 589769c26a024baaaa1f5d955dd28509 589769c26a024baaaa1f5d955dd28509] 10.0.0.207 "GET /resource_providers/ccfa08ae-b665-4bbf-b397-ad49ed86491c/aggregates" status: 404 len: 235 microversion: 1.1 [pid: 7|app: 0|req: 333/664] 10.0.0.207 () {32 vars in 816 bytes} [Fri Jul 17 12:00:47 2026] GET /resource_providers/ccfa08ae-b665-4bbf-b397-ad49ed86491c/aggregates => generated 235 bytes in 6 msecs (HTTP/1.1 404) 5 headers in 202 bytes (1 switches on core 0)
2026-07-17 12:00:47.051 8 INFO placement.requestlog [None req-761cb5ba-7f74-430c-a078-8cc391a19d80 84b70ea996c14d7eac55c71b58cb228d 5cc3aadc1b384351a4678ec93e74a3eb - - 589769c26a024baaaa1f5d955dd28509 589769c26a024baaaa1f5d955dd28509] 10.0.0.207 "DELETE /resource_providers/ccfa08ae-b665-4bbf-b397-ad49ed86491c" status: 404 len: 246 microversion: 1.1 [pid: 8|app: 0|req: 332/665] 10.0.0.207 () {34 vars in 816 bytes} [Fri Jul 17 12:00:47 2026] DELETE /resource_providers/ccfa08ae-b665-4bbf-b397-ad49ed86491c => generated 246 bytes in 9 msecs (HTTP/1.1 404) 6 headers in 231 bytes (1 switches on core 0)
2026-07-17 12:00:47.054 7 INFO placement.requestlog [None req-89793e0d-e0c5-4526-baab-9a8dbbc76945 84b70ea996c14d7eac55c71b58cb228d 5cc3aadc1b384351a4678ec93e74a3eb - - 589769c26a024baaaa1f5d955dd28509 589769c26a024baaaa1f5d955dd28509] 10.0.0.207 "DELETE /resource_providers/ccfa08ae-b665-4bbf-b397-ad49ed86491c" status: 404 len: 246 microversion: 1.1 [pid: 7|app: 0|req: 334/666] 10.0.0.207 () {34 vars in 816 bytes} [Fri Jul 17 12:00:47 2026] DELETE /resource_providers/ccfa08ae-b665-4bbf-b397-ad49ed86491c => generated 246 bytes in 8 msecs (HTTP/1.1 404) 6 headers in 231 bytes (1 switches on core 0)
2026-07-17 12:00:47.520 8 INFO placement.requestlog [None req-ff48c3b6-127d-4f7c-80b6-12cf77d0d435 84b70ea996c14d7eac55c71b58cb228d 5cc3aadc1b384351a4678ec93e74a3eb - - 589769c26a024baaaa1f5d955dd28509 589769c26a024baaaa1f5d955dd28509] 10.0.0.207 "GET /resource_providers/17a75aae-ed83-4e13-a38c-8678ad30c69d/aggregates" status: 404 len: 235 microversion: 1.1 [pid: 8|app: 0|req: 333/667] 10.0.0.207 () {32 vars in 816 bytes} [Fri Jul 17 12:00:47 2026] GET /resource_providers/17a75aae-ed83-4e13-a38c-8678ad30c69d/aggregates => generated 235 bytes in 6 msecs (HTTP/1.1 404) 5 headers in 202 bytes (1 switches on core 0)
2026-07-17 12:00:47.527 7 INFO placement.requestlog [None req-609e0314-f5da-4a6b-92bb-c585d6864e80 84b70ea996c14d7eac55c71b58cb228d 5cc3aadc1b384351a4678ec93e74a3eb - - 589769c26a024baaaa1f5d955dd28509 589769c26a024baaaa1f5d955dd28509] 10.0.0.207 "GET /resource_providers/17a75aae-ed83-4e13-a38c-8678ad30c69d/aggregates" status: 404 len: 235 microversion: 1.1 [pid: 7|app: 0|req: 335/668] 10.0.0.207 () {32 vars in 816 bytes} [Fri Jul 17 12:00:47 2026] GET /resource_providers/17a75aae-ed83-4e13-a38c-8678ad30c69d/aggregates => generated 235 bytes in 9 msecs (HTTP/1.1 404) 5 headers in 202 bytes (1 switches on core 0)
