Jul 23 00:52:13.032509 np0000186228 devstack@neutron-api.service[101635]: DEBUG ovsdbapp.backend.ovs_idl.event [None req-0a5d3462-5602-403a-83ad-5721174560ef None None] Matched CREATE: ChassisAgentWriteEvent(events=('create', 'update'), table='Chassis_Private', conditions=None, old_conditions=None), priority=20 to row=Chassis_Private(uuid=7e37018c-7a13-48a0-a814-75bea05c8ae4, chassis=2e1919bb-f932-4f40-838f-ab519ebd1bde, external_ids={'neutron:ovn-bridge': 'br-int', 'neutron:ovn-neutron-agent-id': '9af60e8d-6c5e-55dd-b4c0-8e5d0ac3471b', 'neutron:ovn-neutron-agent-sb-cfg': '0'}, name='a8f6d695-bfaa-42d9-88a2-19b6fc85edf3', nb_cfg=0, nb_cfg_timestamp=0) old= {{(pid=101635) matches /opt/stack/data/venv/lib/python3.12/site-packages/ovsdbapp/backend/ovs_idl/event.py:55}}
Jul 23 00:52:13.033080 np0000186228 devstack@neutron-api.service[101635]: DEBUG ovsdbapp.backend.ovs_idl.event [None req-0a5d3462-5602-403a-83ad-5721174560ef None None] Matched CREATE: ChassisOVNAgentWriteEvent(events=('create', 'update'), table='Chassis_Private', conditions=None, old_conditions=None), priority=20 to row=Chassis_Private(uuid=7e37018c-7a13-48a0-a814-75bea05c8ae4, chassis=2e1919bb-f932-4f40-838f-ab519ebd1bde, external_ids={'neutron:ovn-bridge': 'br-int', 'neutron:ovn-neutron-agent-id': '9af60e8d-6c5e-55dd-b4c0-8e5d0ac3471b', 'neutron:ovn-neutron-agent-sb-cfg': '0'}, name='a8f6d695-bfaa-42d9-88a2-19b6fc85edf3', nb_cfg=0, nb_cfg_timestamp=0) old= {{(pid=101635) matches /opt/stack/data/venv/lib/python3.12/site-packages/ovsdbapp/backend/ovs_idl/event.py:55}}
Jul 23 00:52:13.033473 np0000186228 devstack@neutron-api.service[101635]: DEBUG neutron.plugins.ml2.drivers.ovn.mech_driver.ovsdb.ovsdb_monitor [None req-0a5d3462-5602-403a-83ad-5721174560ef None None] Hash Ring: Node e527a05ed8365b87a50b3ad82f52c84e (host: np0000186228) handling event "create" for row 7e37018c-7a13-48a0-a814-75bea05c8ae4 (table: Chassis_Private) {{(pid=101635) notify /opt/stack/neutron/neutron/plugins/ml2/drivers/ovn/mech_driver/ovsdb/ovsdb_monitor.py:1013}}
Jul 23 00:52:13.035464 np0000186228 devstack@neutron-api.service[101635]: INFO neutron.plugins.ml2.drivers.ovn.mech_driver.mech_driver [None req-0a5d3462-5602-403a-83ad-5721174560ef None None] WorkerService process has finished the post initialization
Jul 23 00:52:13.035816 np0000186228 devstack@neutron-api.service[101635]: DEBUG oslo_concurrency.processutils [None req-0a5d3462-5602-403a-83ad-5721174560ef None None] Running cmd (subprocess): ovsdb-client transact ssl:199.204.45.23:6641 --timeout 180 -p /opt/stack/data/CA/int-ca/private/devstack-cert.key -c /opt/stack/data/CA/int-ca/devstack-cert.crt -C /opt/stack/data/CA/int-ca/ca-chain.pem ["OVN_Northbound", {"op": "wait", "timeout": 0, "table": "Port_Group", "where": [["name", "==", "pvlan_pg_drop"]], "until": "==", "rows": []}, {"op": "insert", "table": "ACL", "row": {"action": "drop", "direction": "to-lport", "match": "outport == @pvlan_pg_drop && ip", "priority": 1010}, "uuid-name": "pvlandroptoport"}, {"op": "insert", "table": "ACL", "row": {"action": "drop", "direction": "from-lport", "match": "inport == @pvlan_pg_drop && ip", "priority": 1010}, "uuid-name": "pvlandropfromport"}, {"op": "insert", "table": "Port_Group", "row": {"name": "pvlan_pg_drop", "acls": ["set", [["named-uuid", "pvlandroptoport"], ["named-uuid", "pvlandropfromport"]]]}}] {{(pid=101635) execute /opt/stack/data/venv/lib/python3.12/site-packages/oslo_concurrency/processutils.py:440}}
Jul 23 00:52:13.051944 np0000186228 devstack@neutron-api.service[101634]: DEBUG oslo_concurrency.processutils [None req-8121b253-138f-4776-bfb4-60f474209648 None None] CMD "ovsdb-client transact ssl:199.204.45.23:6641 --timeout 180 -p /opt/stack/data/CA/int-ca/private/devstack-cert.key -c /opt/stack/data/CA/int-ca/devstack-cert.crt -C /opt/stack/data/CA/int-ca/ca-chain.pem ["OVN_Northbound", {"op": "wait", "timeout": 0, "table": "Port_Group", "where": [["name", "==", "pvlan_pg_drop"]], "until": "==", "rows": []}, {"op": "insert", "table": "ACL", "row": {"action": "drop", "direction": "to-lport", "match": "outport == @pvlan_pg_drop && ip", "priority": 1010}, "uuid-name": "pvlandroptoport"}, {"op": "insert", "table": "ACL", "row": {"action": "drop", "direction": "from-lport", "match": "inport == @pvlan_pg_drop && ip", "priority": 1010}, "uuid-name": "pvlandropfromport"}, {"op": "insert", "table": "Port_Group", "row": {"name": "pvlan_pg_drop", "acls": ["set", [["named-uuid", "pvlandroptoport"], ["named-uuid", "pvlandropfromport"]]]}}]" returned: 0 in 0.033s {{(pid=101634) execute /opt/stack/data/venv/lib/python3.12/site-packages/oslo_concurrency/processutils.py:468}}
Jul 23 00:52:13.055321 np0000186228 devstack@neutron-api.service[101634]: WSGI app 0 (mountpoint='') ready in 7 seconds on interpreter 0x7ea1d66a4668 pid: 101634 (default app)
Jul 23 00:52:13.068065 np0000186228 devstack@neutron-api.service[101637]: DEBUG oslo_concurrency.processutils [None req-9c9baa9b-f027-4ef9-97ed-a3b91d72d5f3 None None] CMD "ovsdb-client transact ssl:199.204.45.23:6641 --timeout 180 -p /opt/stack/data/CA/int-ca/private/devstack-cert.key -c /opt/stack/data/CA/int-ca/devstack-cert.crt -C /opt/stack/data/CA/int-ca/ca-chain.pem ["OVN_Northbound", {"op": "wait", "timeout": 0, "table": "Port_Group", "where": [["name", "==", "pvlan_pg_drop"]], "until": "==", "rows": []}, {"op": "insert", "table": "ACL", "row": {"action": "drop", "direction": "to-lport", "match": "outport == @pvlan_pg_drop && ip", "priority": 1010}, "uuid-name": "pvlandroptoport"}, {"op": "insert", "table": "ACL", "row": {"action": "drop", "direction": "from-lport", "match": "inport == @pvlan_pg_drop && ip", "priority": 1010}, "uuid-name": "pvlandropfromport"}, {"op": "insert", "table": "Port_Group", "row": {"name": "pvlan_pg_drop", "acls": ["set", [["named-uuid", "pvlandroptoport"], ["named-uuid", "pvlandropfromport"]]]}}]" returned: 0 in 0.035s {{(pid=101637) execute /opt/stack/data/venv/lib/python3.12/site-packages/oslo_concurrency/processutils.py:468}}
Jul 23 00:52:13.069534 np0000186228 devstack@neutron-api.service[101635]: DEBUG oslo_concurrency.processutils [None req-0a5d3462-5602-403a-83ad-5721174560ef None None] CMD "ovsdb-client transact ssl:199.204.45.23:6641 --timeout 180 -p /opt/stack/data/CA/int-ca/private/devstack-cert.key -c /opt/stack/data/CA/int-ca/devstack-cert.crt -C /opt/stack/data/CA/int-ca/ca-chain.pem ["OVN_Northbound", {"op": "wait", "timeout": 0, "table": "Port_Group", "where": [["name", "==", "pvlan_pg_drop"]], "until": "==", "rows": []}, {"op": "insert", "table": "ACL", "row": {"action": "drop", "direction": "to-lport", "match": "outport == @pvlan_pg_drop && ip", "priority": 1010}, "uuid-name": "pvlandroptoport"}, {"op": "insert", "table": "ACL", "row": {"action": "drop", "direction": "from-lport", "match": "inport == @pvlan_pg_drop && ip", "priority": 1010}, "uuid-name": "pvlandropfromport"}, {"op": "insert", "table": "Port_Group", "row": {"name": "pvlan_pg_drop", "acls": ["set", [["named-uuid", "pvlandroptoport"], ["named-uuid", "pvlandropfromport"]]]}}]" returned: 0 in 0.033s {{(pid=101635) execute /opt/stack/data/venv/lib/python3.12/site-packages/oslo_concurrency/processutils.py:468}}
Jul 23 00:52:13.071371 np0000186228 devstack@neutron-api.service[101637]: WSGI app 0 (mountpoint='') ready in 7 seconds on interpreter 0x7ea1d66a4668 pid: 101637 (default app)
Jul 23 00:52:13.073008 np0000186228 devstack@neutron-api.service[101635]: WSGI app 0 (mountpoint='') ready in 7 seconds on interpreter 0x7ea1d66a4668 pid: 101635 (default app)
Jul 23 00:52:15.410308 np0000186228 devstack@neutron-api.service[101634]: DEBUG neutron.plugins.ml2.drivers.ovn.mech_driver.ovsdb.ovsdb_monitor [-] Hash Ring: Node 91d1dfb7b6fd55c7a8399a7c7160c914 (host: np0000186228) handling event "update" for row c88022ae-e0e0-4929-951b-c7aa45b7339a (table: Connection) {{(pid=101634) notify /opt/stack/neutron/neutron/plugins/ml2/drivers/ovn/mech_driver/ovsdb/ovsdb_monitor.py:1013}}
Jul 23 00:52:15.414133 np0000186228 devstack@neutron-api.service[101636]: DEBUG neutron.plugins.ml2.drivers.ovn.mech_driver.ovsdb.ovsdb_monitor [-] Hash Ring: Node 2e4d2242d3e050c8a4df281c8ce1bc08 (host: np0000186228) handling event "update" for row c88022ae-e0e0-4929-951b-c7aa45b7339a (table: Connection) {{(pid=101636) notify /opt/stack/neutron/neutron/plugins/ml2/drivers/ovn/mech_driver/ovsdb/ovsdb_monitor.py:1013}}
Jul 23 00:52:17.949666 np0000186228 devstack@neutron-api.service[101634]: DEBUG neutron.plugins.ml2.drivers.ovn.mech_driver.ovsdb.ovsdb_monitor [-] Hash Ring: Node 91d1dfb7b6fd55c7a8399a7c7160c914 (host: np0000186228) handling event "update" for row c88022ae-e0e0-4929-951b-c7aa45b7339a (table: Connection) {{(pid=101634) notify /opt/stack/neutron/neutron/plugins/ml2/drivers/ovn/mech_driver/ovsdb/ovsdb_monitor.py:1013}}
Jul 23 00:52:17.950823 np0000186228 devstack@neutron-api.service[101636]: DEBUG neutron.plugins.ml2.drivers.ovn.mech_driver.ovsdb.ovsdb_monitor [-] Hash Ring: Node 2e4d2242d3e050c8a4df281c8ce1bc08 (host: np0000186228) handling event "update" for row c88022ae-e0e0-4929-951b-c7aa45b7339a (table: Connection) {{(pid=101636) notify /opt/stack/neutron/neutron/plugins/ml2/drivers/ovn/mech_driver/ovsdb/ovsdb_monitor.py:1013}}
Jul 23 00:52:18.954753 np0000186228 devstack@neutron-api.service[101636]: DEBUG neutron.api.wsgi [None req-ebd5516f-9f83-47ae-9473-6ed430d620d6 admin admin] Missing Content-Type {{(pid=101636) get_content_type /opt/stack/neutron/neutron/api/wsgi.py:80}}
Jul 23 00:52:18.955571 np0000186228 devstack@neutron-api.service[101636]: DEBUG neutron.api.wsgi [None req-ebd5516f-9f83-47ae-9473-6ed430d620d6 admin admin] https://199.204.45.23/networking/v2.0/extensions returned with HTTP 200 {{(pid=101636) __call__ /opt/stack/neutron/neutron/api/wsgi.py:540}}
Jul 23 00:52:18.955571 np0000186228 devstack@neutron-api.service[101636]: [pid: 101636|app: 0|req: 2/2] 199.204.45.23 () {64 vars in 1316 bytes} [Thu Jul 23 00:52:18 2026] GET /networking/v2.0/extensions => generated 16171 bytes in 430 msecs (HTTP/1.1 200) 4 headers in 159 bytes (1 switches on core 0)
Jul 23 00:52:19.415426 np0000186228 devstack@neutron-api.service[101634]: DEBUG neutron.api.v2.base [None req-b4687993-fd8c-4dab-8d9a-24a599b8c8d3 admin admin] Request body: {'subnetpool': {'prefixes': ['10.1.0.0/20'], 'default_prefixlen': 26, 'shared': True, 'is_default': True, 'name': 'shared-default-subnetpool-v4'}} {{(pid=101634) prepare_request_body /opt/stack/neutron/neutron/api/v2/base.py:727}}
Jul 23 00:52:19.626402 np0000186228 devstack@neutron-api.service[101634]: DEBUG neutron.policy [None req-b4687993-fd8c-4dab-8d9a-24a599b8c8d3 admin admin] Loaded default policies from ['neutron'] under neutron.policies entry points {{(pid=101634) register_rules /opt/stack/neutron/neutron/policy.py:65}}
Jul 23 00:52:19.781294 np0000186228 devstack@neutron-api.service[101634]: DEBUG neutron_lib.callbacks.manager [None req-b4687993-fd8c-4dab-8d9a-24a599b8c8d3 admin admin] Publish callbacks ['neutron.objects.securitygroup.RbacNeutronDbObjectMixin.validate_rbac_policy_change-1941311282261', 'neutron.objects.address_group.RbacNeutronDbObjectMixin.validate_rbac_policy_change-1941311272347', 'neutron.objects.network.RbacNeutronDbObjectMixin.validate_rbac_policy_change-1941311076968', 'neutron.objects.qos.policy.RbacNeutronDbObjectMixin.validate_rbac_policy_change-1941311160638', 'neutron.objects.subnetpool.RbacNeutronDbObjectMixin.validate_rbac_policy_change-1941311189233', 'neutron.objects.address_scope.RbacNeutronDbObjectMixin.validate_rbac_policy_change-1941311180254', 'neutron.plugins.ml2.plugin.External_net_db_mixin._process_ext_policy_create-209907', 'neutron.plugins.ml2.plugin.NeutronDbPluginV2.validate_network_rbac_policy_change-221071'] for rbac-policy (None), before_create {{(pid=101634) _notify_loop /opt/stack/data/venv/lib/python3.12/site-packages/neutron_lib/callbacks/manager.py:184}}
Jul 23 00:52:19.828702 np0000186228 devstack@neutron-api.service[101634]: DEBUG neutron_lib.callbacks.manager [None req-b4687993-fd8c-4dab-8d9a-24a599b8c8d3 admin admin] Publish callbacks [] for subnetpool (None), before_response {{(pid=101634) _notify_loop /opt/stack/data/venv/lib/python3.12/site-packages/neutron_lib/callbacks/manager.py:184}}
Jul 23 00:52:19.829437 np0000186228 devstack@neutron-api.service[101634]: [pid: 101634|app: 0|req: 1/3] 199.204.45.23 () {68 vars in 1360 bytes} [Thu Jul 23 00:52:19 2026] POST /networking/v2.0/subnetpools => generated 533 bytes in 542 msecs (HTTP/1.1 201) 4 headers in 162 bytes (1 switches on core 0)
Jul 23 00:52:20.167962 np0000186228 devstack@neutron-api.service[101637]: DEBUG neutron.api.v2.base [None req-c8d9bce6-92a2-4b47-8723-677151fd047b admin admin] Request body: {'subnetpool': {'prefixes': ['fd7d:1098:c17d::/56'], 'default_prefixlen': 64, 'shared': True, 'is_default': True, 'name': 'shared-default-subnetpool-v6'}} {{(pid=101637) prepare_request_body /opt/stack/neutron/neutron/api/v2/base.py:727}}
Jul 23 00:52:20.325243 np0000186228 devstack@neutron-api.service[101637]: DEBUG neutron.policy [None req-c8d9bce6-92a2-4b47-8723-677151fd047b admin admin] Loaded default policies from ['neutron'] under neutron.policies entry points {{(pid=101637) register_rules /opt/stack/neutron/neutron/policy.py:65}}
Jul 23 00:52:20.465955 np0000186228 devstack@neutron-api.service[101637]: DEBUG neutron_lib.callbacks.manager [None req-c8d9bce6-92a2-4b47-8723-677151fd047b admin admin] Publish callbacks ['neutron.objects.securitygroup.RbacNeutronDbObjectMixin.validate_rbac_policy_change-1941311088509', 'neutron.objects.address_group.RbacNeutronDbObjectMixin.validate_rbac_policy_change-1941311098469', 'neutron.objects.network.RbacNeutronDbObjectMixin.validate_rbac_policy_change-1941311125177', 'neutron.objects.qos.policy.RbacNeutronDbObjectMixin.validate_rbac_policy_change-1941311111604', 'neutron.objects.subnetpool.RbacNeutronDbObjectMixin.validate_rbac_policy_change-1941311133846', 'neutron.objects.address_scope.RbacNeutronDbObjectMixin.validate_rbac_policy_change-1941311155921', 'neutron.plugins.ml2.plugin.External_net_db_mixin._process_ext_policy_create-78165', 'neutron.plugins.ml2.plugin.NeutronDbPluginV2.validate_network_rbac_policy_change-20725'] for rbac-policy (None), before_create {{(pid=101637) _notify_loop /opt/stack/data/venv/lib/python3.12/site-packages/neutron_lib/callbacks/manager.py:184}}
Jul 23 00:52:20.510755 np0000186228 devstack@neutron-api.service[101637]: DEBUG neutron_lib.callbacks.manager [None req-c8d9bce6-92a2-4b47-8723-677151fd047b admin admin] Publish callbacks [] for subnetpool (None), before_response {{(pid=101637) _notify_loop /opt/stack/data/venv/lib/python3.12/site-packages/neutron_lib/callbacks/manager.py:184}}
Jul 23 00:52:20.511249 np0000186228 devstack@neutron-api.service[101637]: [pid: 101637|app: 0|req: 1/4] 199.204.45.23 () {68 vars in 1360 bytes} [Thu Jul 23 00:52:20 2026] POST /networking/v2.0/subnetpools => generated 543 bytes in 457 msecs (HTTP/1.1 201) 4 headers in 162 bytes (1 switches on core 0)
Jul 23 00:52:20.929217 np0000186228 devstack@neutron-api.service[101635]: DEBUG neutron.api.v2.base [None req-62135e75-e2bf-407f-8d8c-07048acf58f2 admin admin] Request body: {'network': {'name': 'private', 'admin_state_up': True}} {{(pid=101635) prepare_request_body /opt/stack/neutron/neutron/api/v2/base.py:727}}
Jul 23 00:52:20.960835 np0000186228 devstack@neutron-api.service[101635]: DEBUG neutron.pecan_wsgi.hooks.quota_enforcement [None req-62135e75-e2bf-407f-8d8c-07048acf58f2 admin admin] Made reservation on behalf of b7b3b42ba6054fb2b71fa1005fe791b3 for: {'network': 1} {{(pid=101635) before /opt/stack/neutron/neutron/pecan_wsgi/hooks/quota_enforcement.py:66}}
Jul 23 00:52:21.122111 np0000186228 devstack@neutron-api.service[101635]: DEBUG neutron.policy [None req-62135e75-e2bf-407f-8d8c-07048acf58f2 admin admin] Loaded default policies from ['neutron'] under neutron.policies entry points {{(pid=101635) register_rules /opt/stack/neutron/neutron/policy.py:65}}
Jul 23 00:52:21.227476 np0000186228 devstack@neutron-api.service[101635]: DEBUG neutron_lib.callbacks.manager [None req-62135e75-e2bf-407f-8d8c-07048acf58f2 admin admin] Publish callbacks ['neutron.plugins.ml2.plugin.SecurityGroupDbMixin._ensure_default_security_group_handler-30959'] for network (None), before_create {{(pid=101635) _notify_loop /opt/stack/data/venv/lib/python3.12/site-packages/neutron_lib/callbacks/manager.py:184}}
Jul 23 00:52:21.247363 np0000186228 devstack@neutron-api.service[101635]: DEBUG neutron_lib.callbacks.manager [None req-62135e75-e2bf-407f-8d8c-07048acf58f2 admin admin] Publish callbacks [] for security_group (None), before_create {{(pid=101635) _notify_loop /opt/stack/data/venv/lib/python3.12/site-packages/neutron_lib/callbacks/manager.py:184}}
Jul 23 00:52:21.350962 np0000186228 devstack@neutron-api.service[101635]: DEBUG neutron_lib.callbacks.manager [None req-62135e75-e2bf-407f-8d8c-07048acf58f2 admin admin] Publish callbacks ['neutron.plugins.ml2.drivers.ovn.mech_driver.mech_driver.OVNMechanismDriver._create_security_group_precommit-477822'] for security_group (98015ee6-0b0c-4d29-800c-76ccd74d2202), precommit_create {{(pid=101635) _notify_loop /opt/stack/data/venv/lib/python3.12/site-packages/neutron_lib/callbacks/manager.py:184}}
Jul 23 00:52:21.351119 np0000186228 devstack@neutron-api.service[101635]: DEBUG neutron.db.ovn_revision_numbers_db [None req-62135e75-e2bf-407f-8d8c-07048acf58f2 admin admin] create_initial_revision uuid=98015ee6-0b0c-4d29-800c-76ccd74d2202, type=security_groups, rev=-1 {{(pid=101635) create_initial_revision /opt/stack/neutron/neutron/db/ovn_revision_numbers_db.py:98}}
Jul 23 00:52:21.353493 np0000186228 devstack@neutron-api.service[101635]: DEBUG neutron.db.ovn_revision_numbers_db [None req-62135e75-e2bf-407f-8d8c-07048acf58f2 admin admin] create_initial_revision uuid=5c8d8552-e262-4af4-b92c-506f079286d3, type=security_group_rules, rev=-1 {{(pid=101635) create_initial_revision /opt/stack/neutron/neutron/db/ovn_revision_numbers_db.py:98}}
Jul 23 00:52:21.354579 np0000186228 devstack@neutron-api.service[101635]: DEBUG neutron.db.ovn_revision_numbers_db [None req-62135e75-e2bf-407f-8d8c-07048acf58f2 admin admin] create_initial_revision uuid=64f4963c-215a-474b-ab05-b67b6bb340e4, type=security_group_rules, rev=-1 {{(pid=101635) create_initial_revision /opt/stack/neutron/neutron/db/ovn_revision_numbers_db.py:98}}
Jul 23 00:52:21.355643 np0000186228 devstack@neutron-api.service[101635]: DEBUG neutron.db.ovn_revision_numbers_db [None req-62135e75-e2bf-407f-8d8c-07048acf58f2 admin admin] create_initial_revision uuid=8c4555f2-e452-4e0d-b8c9-0e1f37316444, type=security_group_rules, rev=-1 {{(pid=101635) create_initial_revision /opt/stack/neutron/neutron/db/ovn_revision_numbers_db.py:98}}
Jul 23 00:52:21.356712 np0000186228 devstack@neutron-api.service[101635]: DEBUG neutron.db.ovn_revision_numbers_db [None req-62135e75-e2bf-407f-8d8c-07048acf58f2 admin admin] create_initial_revision uuid=92770b26-ce1b-4eb1-97d9-bf6640b1ae35, type=security_group_rules, rev=-1 {{(pid=101635) create_initial_revision /opt/stack/neutron/neutron/db/ovn_revision_numbers_db.py:98}}
Jul 23 00:52:21.362944 np0000186228 devstack@neutron-api.service[101635]: DEBUG neutron_lib.callbacks.manager [None req-62135e75-e2bf-407f-8d8c-07048acf58f2 admin admin] Publish callbacks ['neutron.plugins.ml2.drivers.ovn.mech_driver.mech_driver.OVNMechanismDriver._create_security_group-477764', 'neutron.plugins.ml2.ovo_rpc._ObjectChangeHandler.handle_event-1939636'] for security_group (98015ee6-0b0c-4d29-800c-76ccd74d2202), after_create {{(pid=101635) _notify_loop /opt/stack/data/venv/lib/python3.12/site-packages/neutron_lib/callbacks/manager.py:184}}
Jul 23 00:52:21.363138 np0000186228 devstack@neutron-api.service[101635]: INFO neutron.plugins.ml2.drivers.ovn.mech_driver.ovsdb.extensions.qos [None req-62135e75-e2bf-407f-8d8c-07048acf58f2 admin admin] Starting OVNClientQosExtension
Jul 23 00:52:21.363282 np0000186228 devstack@neutron-api.service[101635]: INFO neutron.plugins.ml2.drivers.ovn.mech_driver.ovsdb.extensions.placement [None req-62135e75-e2bf-407f-8d8c-07048acf58f2 admin admin] Starting OVNClientPlacementExtension
Jul 23 00:52:21.364562 np0000186228 devstack@neutron-api.service[101635]: DEBUG ovsdbapp.backend.ovs_idl.transaction [-] Running txn n=1 command(idx=0): PgAddCommand(_result=None, name=pg_98015ee6_0b0c_4d29_800c_76ccd74d2202, may_exist=False, columns={'acls': [], 'external_ids': {'neutron:security_group_id': '98015ee6-0b0c-4d29-800c-76ccd74d2202'}}) {{(pid=101635) do_commit /opt/stack/data/venv/lib/python3.12/site-packages/ovsdbapp/backend/ovs_idl/transaction.py:89}}
Jul 23 00:52:21.367121 np0000186228 devstack@neutron-api.service[101635]: DEBUG ovsdbapp.backend.ovs_idl.transaction [-] Running txn n=1 command(idx=1): PgAclAddCommand(_result=None, entity=pg_98015ee6_0b0c_4d29_800c_76ccd74d2202, direction=to-lport, priority=1002, match=outport == @pg_98015ee6_0b0c_4d29_800c_76ccd74d2202 && ip4 && ip4.src == $pg_98015ee6_0b0c_4d29_800c_76ccd74d2202_ip4, action=allow-related, log=False, may_exist=True, severity=[], name=[], meter=[], external_ids={'neutron:security_group_rule_id': '5c8d8552-e262-4af4-b92c-506f079286d3'}) {{(pid=101635) do_commit /opt/stack/data/venv/lib/python3.12/site-packages/ovsdbapp/backend/ovs_idl/transaction.py:89}}
Jul 23 00:52:21.367840 np0000186228 devstack@neutron-api.service[101635]: DEBUG ovsdbapp.backend.ovs_idl.transaction [-] Running txn n=1 command(idx=2): PgAclAddCommand(_result=None, entity=pg_98015ee6_0b0c_4d29_800c_76ccd74d2202, direction=from-lport, priority=1002, match=inport == @pg_98015ee6_0b0c_4d29_800c_76ccd74d2202 && ip4, action=allow-related, log=False, may_exist=True, severity=[], name=[], meter=[], external_ids={'neutron:security_group_rule_id': '64f4963c-215a-474b-ab05-b67b6bb340e4'}) {{(pid=101635) do_commit /opt/stack/data/venv/lib/python3.12/site-packages/ovsdbapp/backend/ovs_idl/transaction.py:89}}
Jul 23 00:52:21.368519 np0000186228 devstack@neutron-api.service[101635]: DEBUG ovsdbapp.backend.ovs_idl.transaction [-] Running txn n=1 command(idx=3): PgAclAddCommand(_result=None, entity=pg_98015ee6_0b0c_4d29_800c_76ccd74d2202, direction=to-lport, priority=1002, match=outport == @pg_98015ee6_0b0c_4d29_800c_76ccd74d2202 && ip6 && ip6.src == $pg_98015ee6_0b0c_4d29_800c_76ccd74d2202_ip6, action=allow-related, log=False, may_exist=True, severity=[], name=[], meter=[], external_ids={'neutron:security_group_rule_id': '8c4555f2-e452-4e0d-b8c9-0e1f37316444'}) {{(pid=101635) do_commit /opt/stack/data/venv/lib/python3.12/site-packages/ovsdbapp/backend/ovs_idl/transaction.py:89}}
Jul 23 00:52:21.369083 np0000186228 devstack@neutron-api.service[101635]: DEBUG ovsdbapp.backend.ovs_idl.transaction [-] Running txn n=1 command(idx=4): PgAclAddCommand(_result=None, entity=pg_98015ee6_0b0c_4d29_800c_76ccd74d2202, direction=from-lport, priority=1002, match=inport == @pg_98015ee6_0b0c_4d29_800c_76ccd74d2202 && ip6, action=allow-related, log=False, may_exist=True, severity=[], name=[], meter=[], external_ids={'neutron:security_group_rule_id': '92770b26-ce1b-4eb1-97d9-bf6640b1ae35'}) {{(pid=101635) do_commit /opt/stack/data/venv/lib/python3.12/site-packages/ovsdbapp/backend/ovs_idl/transaction.py:89}}
Jul 23 00:52:21.378165 np0000186228 devstack@neutron-api.service[101636]: DEBUG neutron.plugins.ml2.drivers.ovn.mech_driver.ovsdb.ovsdb_monitor [-] Hash Ring: Node 2e4d2242d3e050c8a4df281c8ce1bc08 (host: np0000186228) handling event "create" for row 4124eb06-966f-49e0-bda5-bbc74edf6857 (table: ACL) {{(pid=101636) notify /opt/stack/neutron/neutron/plugins/ml2/drivers/ovn/mech_driver/ovsdb/ovsdb_monitor.py:1013}}
Jul 23 00:52:21.378606 np0000186228 devstack@neutron-api.service[101636]: DEBUG neutron.plugins.ml2.drivers.ovn.mech_driver.ovsdb.ovsdb_monitor [-] Hash Ring: Node 2e4d2242d3e050c8a4df281c8ce1bc08 (host: np0000186228) handling event "create" for row 4e6f3d78-81a1-4f04-b37f-044caed6278c (table: ACL) {{(pid=101636) notify /opt/stack/neutron/neutron/plugins/ml2/drivers/ovn/mech_driver/ovsdb/ovsdb_monitor.py:1013}}
Jul 23 00:52:21.378689 np0000186228 devstack@neutron-api.service[101636]: DEBUG neutron.plugins.ml2.drivers.ovn.mech_driver.ovsdb.ovsdb_monitor [-] Hash Ring: Node 2e4d2242d3e050c8a4df281c8ce1bc08 (host: np0000186228) handling event "create" for row 68070278-4009-422e-8ec3-59b60a8178e9 (table: ACL) {{(pid=101636) notify /opt/stack/neutron/neutron/plugins/ml2/drivers/ovn/mech_driver/ovsdb/ovsdb_monitor.py:1013}}
Jul 23 00:52:21.378988 np0000186228 devstack@neutron-api.service[101636]: DEBUG neutron.plugins.ml2.drivers.ovn.mech_driver.ovsdb.ovsdb_monitor [-] Hash Ring: Node 2e4d2242d3e050c8a4df281c8ce1bc08 (host: np0000186228) handling event "create" for row bcbc6ffa-0e53-45e2-ba1c-153f037b46de (table: ACL) {{(pid=101636) notify /opt/stack/neutron/neutron/plugins/ml2/drivers/ovn/mech_driver/ovsdb/ovsdb_monitor.py:1013}}
Jul 23 00:52:21.379249 np0000186228 devstack@neutron-api.service[101636]: DEBUG neutron.plugins.ml2.drivers.ovn.mech_driver.ovsdb.ovsdb_monitor [-] Hash Ring: Node 2e4d2242d3e050c8a4df281c8ce1bc08 (host: np0000186228) handling event "create" for row 24214e3f-a53f-4504-bf67-8f10f801b5ea (table: Port_Group) {{(pid=101636) notify /opt/stack/neutron/neutron/plugins/ml2/drivers/ovn/mech_driver/ovsdb/ovsdb_monitor.py:1013}}
Jul 23 00:52:21.379402 np0000186228 devstack@neutron-api.service[101635]: DEBUG neutron.plugins.ml2.drivers.ovn.mech_driver.ovsdb.ovsdb_monitor [-] Hash Ring: Node e527a05ed8365b87a50b3ad82f52c84e (host: np0000186228) handling event "create" for row 68070278-4009-422e-8ec3-59b60a8178e9 (table: ACL) {{(pid=101635) notify /opt/stack/neutron/neutron/plugins/ml2/drivers/ovn/mech_driver/ovsdb/ovsdb_monitor.py:1013}}
Jul 23 00:52:21.381222 np0000186228 devstack@neutron-api.service[101637]: DEBUG neutron.plugins.ml2.drivers.ovn.mech_driver.ovsdb.ovsdb_monitor [-] Hash Ring: Node f831297f504d54f683bec3d380018dd5 (host: np0000186228) handling event "create" for row 4124eb06-966f-49e0-bda5-bbc74edf6857 (table: ACL) {{(pid=101637) notify /opt/stack/neutron/neutron/plugins/ml2/drivers/ovn/mech_driver/ovsdb/ovsdb_monitor.py:1013}}
Jul 23 00:52:21.409253 np0000186228 devstack@neutron-api.service[101635]: INFO neutron.db.ovn_revision_numbers_db [None req-62135e75-e2bf-407f-8d8c-07048acf58f2 admin admin] Successfully bumped revision number for resource 98015ee6-0b0c-4d29-800c-76ccd74d2202 (type: security_groups) to 1
Jul 23 00:52:21.425134 np0000186228 devstack@neutron-api.service[101635]: INFO neutron.db.ovn_revision_numbers_db [None req-62135e75-e2bf-407f-8d8c-07048acf58f2 admin admin] Successfully bumped revision number for resource 5c8d8552-e262-4af4-b92c-506f079286d3 (type: security_group_rules) to 0
Jul 23 00:52:21.437392 np0000186228 devstack@neutron-api.service[101635]: INFO neutron.db.ovn_revision_numbers_db [None req-62135e75-e2bf-407f-8d8c-07048acf58f2 admin admin] Successfully bumped revision number for resource 64f4963c-215a-474b-ab05-b67b6bb340e4 (type: security_group_rules) to 0
Jul 23 00:52:21.450520 np0000186228 devstack@neutron-api.service[101635]: INFO neutron.db.ovn_revision_numbers_db [None req-62135e75-e2bf-407f-8d8c-07048acf58f2 admin admin] Successfully bumped revision number for resource 8c4555f2-e452-4e0d-b8c9-0e1f37316444 (type: security_group_rules) to 0
Jul 23 00:52:21.462057 np0000186228 devstack@neutron-api.service[101635]: INFO neutron.db.ovn_revision_numbers_db [None req-62135e75-e2bf-407f-8d8c-07048acf58f2 admin admin] Successfully bumped revision number for resource 92770b26-ce1b-4eb1-97d9-bf6640b1ae35 (type: security_group_rules) to 0
Jul 23 00:52:21.490489 np0000186228 devstack@neutron-api.service[101635]: DEBUG neutron.api.rpc.handlers.resources_rpc [None req-62135e75-e2bf-407f-8d8c-07048acf58f2 admin admin] Pushing event updated for resources: {'SecurityGroup': ['ID=98015ee6-0b0c-4d29-800c-76ccd74d2202,revision_number=1']} {{(pid=101635) push /opt/stack/neutron/neutron/api/rpc/handlers/resources_rpc.py:237}}
Jul 23 00:52:21.498504 np0000186228 devstack@neutron-api.service[101635]: DEBUG ovsdbapp.backend.ovs_idl.transaction [-] Running txn n=1 command(idx=0): CheckLivenessCommand(_result=None) {{(pid=101635) do_commit /opt/stack/data/venv/lib/python3.12/site-packages/ovsdbapp/backend/ovs_idl/transaction.py:89}}
Jul 23 00:52:21.532729 np0000186228 devstack@neutron-api.service[101637]: DEBUG neutron.plugins.ml2.drivers.ovn.mech_driver.ovsdb.ovsdb_monitor [-] Hash Ring: Node f831297f504d54f683bec3d380018dd5 (host: np0000186228) handling event "update" for row d47203d8-ac98-4013-8692-9c839a7a1a56 (table: NB_Global) {{(pid=101637) notify /opt/stack/neutron/neutron/plugins/ml2/drivers/ovn/mech_driver/ovsdb/ovsdb_monitor.py:1013}}
Jul 23 00:52:21.532977 np0000186228 devstack@neutron-api.service[101636]: DEBUG neutron.plugins.ml2.drivers.ovn.mech_driver.ovsdb.ovsdb_monitor [-] Hash Ring: Node 2e4d2242d3e050c8a4df281c8ce1bc08 (host: np0000186228) handling event "update" for row d47203d8-ac98-4013-8692-9c839a7a1a56 (table: NB_Global) {{(pid=101636) notify /opt/stack/neutron/neutron/plugins/ml2/drivers/ovn/mech_driver/ovsdb/ovsdb_monitor.py:1013}}
Jul 23 00:52:21.535395 np0000186228 devstack@neutron-api.service[101636]: DEBUG neutron.plugins.ml2.drivers.ovn.mech_driver.ovsdb.ovsdb_monitor [-] Hash Ring: Node 2e4d2242d3e050c8a4df281c8ce1bc08 (host: np0000186228) handling event "update" for row d47203d8-ac98-4013-8692-9c839a7a1a56 (table: NB_Global) {{(pid=101636) notify /opt/stack/neutron/neutron/plugins/ml2/drivers/ovn/mech_driver/ovsdb/ovsdb_monitor.py:1013}}
Jul 23 00:52:21.538677 np0000186228 devstack@neutron-api.service[101636]: DEBUG neutron.plugins.ml2.drivers.ovn.mech_driver.ovsdb.ovsdb_monitor [-] Hash Ring: Node 2e4d2242d3e050c8a4df281c8ce1bc08 (host: np0000186228) handling event "update" for row d47203d8-ac98-4013-8692-9c839a7a1a56 (table: NB_Global) {{(pid=101636) notify /opt/stack/neutron/neutron/plugins/ml2/drivers/ovn/mech_driver/ovsdb/ovsdb_monitor.py:1013}}
Jul 23 00:52:21.539147 np0000186228 devstack@neutron-api.service[101637]: DEBUG ovsdbapp.backend.ovs_idl.event [-] Matched UPDATE: ChassisAgentWriteEvent(events=('create', 'update'), table='Chassis_Private', conditions=None, old_conditions=None), priority=20 to row=Chassis_Private(uuid=7e37018c-7a13-48a0-a814-75bea05c8ae4, chassis=2e1919bb-f932-4f40-838f-ab519ebd1bde, external_ids={'neutron:ovn-bridge': 'br-int', 'neutron:ovn-neutron-agent-id': '9af60e8d-6c5e-55dd-b4c0-8e5d0ac3471b', 'neutron:ovn-neutron-agent-sb-cfg': '0'}, name='a8f6d695-bfaa-42d9-88a2-19b6fc85edf3', nb_cfg=1, nb_cfg_timestamp=1784767941532) old=Chassis_Private(uuid=7e37018c-7a13-48a0-a814-75bea05c8ae4, nb_cfg=0, nb_cfg_timestamp=0) {{(pid=101637) matches /opt/stack/data/venv/lib/python3.12/site-packages/ovsdbapp/backend/ovs_idl/event.py:55}}
Jul 23 00:52:21.540371 np0000186228 devstack@neutron-api.service[101634]: DEBUG ovsdbapp.backend.ovs_idl.event [-] Matched UPDATE: ChassisAgentWriteEvent(events=('create', 'update'), table='Chassis_Private', conditions=None, old_conditions=None), priority=20 to row=Chassis_Private(uuid=7e37018c-7a13-48a0-a814-75bea05c8ae4, chassis=2e1919bb-f932-4f40-838f-ab519ebd1bde, external_ids={'neutron:ovn-bridge': 'br-int', 'neutron:ovn-neutron-agent-id': '9af60e8d-6c5e-55dd-b4c0-8e5d0ac3471b', 'neutron:ovn-neutron-agent-sb-cfg': '0'}, name='a8f6d695-bfaa-42d9-88a2-19b6fc85edf3', nb_cfg=1, nb_cfg_timestamp=1784767941532) old=Chassis_Private(uuid=7e37018c-7a13-48a0-a814-75bea05c8ae4, nb_cfg=0, nb_cfg_timestamp=0) {{(pid=101634) matches /opt/stack/data/venv/lib/python3.12/site-packages/ovsdbapp/backend/ovs_idl/event.py:55}}
Jul 23 00:52:21.541572 np0000186228 devstack@neutron-api.service[101635]: DEBUG neutron.api.rpc.callbacks.version_manager [None req-62135e75-e2bf-407f-8d8c-07048acf58f2 admin admin] Tracked resource versions report:
Jul 23 00:52:21.541572 np0000186228 devstack@neutron-api.service[101635]: pushed versions:
Jul 23 00:52:21.541572 np0000186228 devstack@neutron-api.service[101635]: { 'AddressGroup': {'1.2'},
Jul 23 00:52:21.541572 np0000186228 devstack@neutron-api.service[101635]: 'Agent': {'1.1'},
Jul 23 00:52:21.541572 np0000186228 devstack@neutron-api.service[101635]: 'ConntrackHelper': {'1.0'},
Jul 23 00:52:21.541572 np0000186228 devstack@neutron-api.service[101635]: 'LocalIPAssociation': {'1.0'},
Jul 23 00:52:21.541572 np0000186228 devstack@neutron-api.service[101635]: 'Log': {'1.0'},
Jul 23 00:52:21.541572 np0000186228 devstack@neutron-api.service[101635]: 'NDPProxy': {'1.0'},
Jul 23 00:52:21.541572 np0000186228 devstack@neutron-api.service[101635]: 'Network': {'1.3'},
Jul 23 00:52:21.541572 np0000186228 devstack@neutron-api.service[101635]: 'Port': {'1.11'},
Jul 23 00:52:21.541572 np0000186228 devstack@neutron-api.service[101635]: 'PortForwarding': {'1.3'},
Jul 23 00:52:21.541572 np0000186228 devstack@neutron-api.service[101635]: 'QosPolicy': {'1.10'},
Jul 23 00:52:21.541572 np0000186228 devstack@neutron-api.service[101635]: 'SecurityGroup': {'1.6'},
Jul 23 00:52:21.541572 np0000186228 devstack@neutron-api.service[101635]: 'SecurityGroupRule': {'1.3'},
Jul 23 00:52:21.541572 np0000186228 devstack@neutron-api.service[101635]: 'SubPort': {'1.0'},
Jul 23 00:52:21.541572 np0000186228 devstack@neutron-api.service[101635]: 'Subnet': {'1.2'},
Jul 23 00:52:21.541572 np0000186228 devstack@neutron-api.service[101635]: 'Trunk': {'1.1'}}
Jul 23 00:52:21.541572 np0000186228 devstack@neutron-api.service[101635]: consumer versions:
Jul 23 00:52:21.541572 np0000186228 devstack@neutron-api.service[101635]: {}
Jul 23 00:52:21.541572 np0000186228 devstack@neutron-api.service[101635]: {{(pid=101635) report /opt/stack/neutron/neutron/api/rpc/callbacks/version_manager.py:183}}
Jul 23 00:52:21.542255 np0000186228 devstack@neutron-api.service[101636]: DEBUG ovsdbapp.backend.ovs_idl.event [-] Matched UPDATE: ChassisAgentWriteEvent(events=('create', 'update'), table='Chassis_Private', conditions=None, old_conditions=None), priority=20 to row=Chassis_Private(uuid=7e37018c-7a13-48a0-a814-75bea05c8ae4, chassis=2e1919bb-f932-4f40-838f-ab519ebd1bde, external_ids={'neutron:ovn-bridge': 'br-int', 'neutron:ovn-neutron-agent-id': '9af60e8d-6c5e-55dd-b4c0-8e5d0ac3471b', 'neutron:ovn-neutron-agent-sb-cfg': '0'}, name='a8f6d695-bfaa-42d9-88a2-19b6fc85edf3', nb_cfg=1, nb_cfg_timestamp=1784767941532) old=Chassis_Private(uuid=7e37018c-7a13-48a0-a814-75bea05c8ae4, nb_cfg=0, nb_cfg_timestamp=0) {{(pid=101636) matches /opt/stack/data/venv/lib/python3.12/site-packages/ovsdbapp/backend/ovs_idl/event.py:55}}
Jul 23 00:52:21.542722 np0000186228 devstack@neutron-api.service[101637]: DEBUG neutron.plugins.ml2.drivers.ovn.mech_driver.ovsdb.ovsdb_monitor [-] Hash Ring: Node f831297f504d54f683bec3d380018dd5 (host: np0000186228) handling event "update" for row d47203d8-ac98-4013-8692-9c839a7a1a56 (table: NB_Global) {{(pid=101637) notify /opt/stack/neutron/neutron/plugins/ml2/drivers/ovn/mech_driver/ovsdb/ovsdb_monitor.py:1013}}
Jul 23 00:52:21.543766 np0000186228 devstack@neutron-api.service[101637]: DEBUG neutron.plugins.ml2.drivers.ovn.mech_driver.ovsdb.ovsdb_monitor [-] Hash Ring: Node f831297f504d54f683bec3d380018dd5 (host: np0000186228) handling event "update" for row d47203d8-ac98-4013-8692-9c839a7a1a56 (table: NB_Global) {{(pid=101637) notify /opt/stack/neutron/neutron/plugins/ml2/drivers/ovn/mech_driver/ovsdb/ovsdb_monitor.py:1013}}
Jul 23 00:52:21.545425 np0000186228 devstack@neutron-api.service[101637]: DEBUG ovsdbapp.backend.ovs_idl.event [-] Matched UPDATE: ChassisOVNAgentWriteEvent(events=('create', 'update'), table='Chassis_Private', conditions=None, old_conditions=None), priority=20 to row=Chassis_Private(uuid=7e37018c-7a13-48a0-a814-75bea05c8ae4, chassis=2e1919bb-f932-4f40-838f-ab519ebd1bde, external_ids={'neutron:ovn-bridge': 'br-int', 'neutron:ovn-neutron-agent-id': '9af60e8d-6c5e-55dd-b4c0-8e5d0ac3471b', 'neutron:ovn-neutron-agent-sb-cfg': '1'}, name='a8f6d695-bfaa-42d9-88a2-19b6fc85edf3', nb_cfg=1, nb_cfg_timestamp=1784767941532) old=Chassis_Private(uuid=7e37018c-7a13-48a0-a814-75bea05c8ae4, external_ids={'neutron:ovn-bridge': 'br-int', 'neutron:ovn-neutron-agent-id': '9af60e8d-6c5e-55dd-b4c0-8e5d0ac3471b', 'neutron:ovn-neutron-agent-sb-cfg': '0'}) {{(pid=101637) matches /opt/stack/data/venv/lib/python3.12/site-packages/ovsdbapp/backend/ovs_idl/event.py:55}}
Jul 23 00:52:21.545650 np0000186228 devstack@neutron-api.service[101636]: DEBUG neutron.plugins.ml2.drivers.ovn.mech_driver.ovsdb.ovsdb_monitor [-] Hash Ring: Node 2e4d2242d3e050c8a4df281c8ce1bc08 (host: np0000186228) handling event "update" for row d47203d8-ac98-4013-8692-9c839a7a1a56 (table: NB_Global) {{(pid=101636) notify /opt/stack/neutron/neutron/plugins/ml2/drivers/ovn/mech_driver/ovsdb/ovsdb_monitor.py:1013}}
Jul 23 00:52:21.546506 np0000186228 devstack@neutron-api.service[101637]: DEBUG neutron.plugins.ml2.drivers.ovn.mech_driver.ovsdb.ovsdb_monitor [-] Hash Ring: Node f831297f504d54f683bec3d380018dd5 (host: np0000186228) handling event "update" for row d47203d8-ac98-4013-8692-9c839a7a1a56 (table: NB_Global) {{(pid=101637) notify /opt/stack/neutron/neutron/plugins/ml2/drivers/ovn/mech_driver/ovsdb/ovsdb_monitor.py:1013}}
Jul 23 00:52:21.547285 np0000186228 devstack@neutron-api.service[101634]: DEBUG ovsdbapp.backend.ovs_idl.event [-] Matched UPDATE: ChassisOVNAgentWriteEvent(events=('create', 'update'), table='Chassis_Private', conditions=None, old_conditions=None), priority=20 to row=Chassis_Private(uuid=7e37018c-7a13-48a0-a814-75bea05c8ae4, chassis=2e1919bb-f932-4f40-838f-ab519ebd1bde, external_ids={'neutron:ovn-bridge': 'br-int', 'neutron:ovn-neutron-agent-id': '9af60e8d-6c5e-55dd-b4c0-8e5d0ac3471b', 'neutron:ovn-neutron-agent-sb-cfg': '1'}, name='a8f6d695-bfaa-42d9-88a2-19b6fc85edf3', nb_cfg=1, nb_cfg_timestamp=1784767941532) old=Chassis_Private(uuid=7e37018c-7a13-48a0-a814-75bea05c8ae4, external_ids={'neutron:ovn-bridge': 'br-int', 'neutron:ovn-neutron-agent-id': '9af60e8d-6c5e-55dd-b4c0-8e5d0ac3471b', 'neutron:ovn-neutron-agent-sb-cfg': '0'}) {{(pid=101634) matches /opt/stack/data/venv/lib/python3.12/site-packages/ovsdbapp/backend/ovs_idl/event.py:55}}
Jul 23 00:52:21.547637 np0000186228 devstack@neutron-api.service[101636]: DEBUG neutron.common.ovn.hash_ring_manager [-] Allow caching, nodes 4>=4 {{(pid=101636) _wait_startup_before_caching /opt/stack/neutron/neutron/common/ovn/hash_ring_manager.py:71}}
Jul 23 00:52:21.547852 np0000186228 devstack@neutron-api.service[101636]: DEBUG neutron.plugins.ml2.drivers.ovn.mech_driver.ovsdb.ovsdb_monitor [-] Hash Ring: Node 2e4d2242d3e050c8a4df281c8ce1bc08 (host: np0000186228) handling event "update" for row 7e37018c-7a13-48a0-a814-75bea05c8ae4 (table: Chassis_Private) {{(pid=101636) notify /opt/stack/neutron/neutron/plugins/ml2/drivers/ovn/mech_driver/ovsdb/ovsdb_monitor.py:1013}}
Jul 23 00:52:21.549342 np0000186228 devstack@neutron-api.service[101636]: DEBUG ovsdbapp.backend.ovs_idl.event [-] Matched UPDATE: ChassisOVNAgentWriteEvent(events=('create', 'update'), table='Chassis_Private', conditions=None, old_conditions=None), priority=20 to row=Chassis_Private(uuid=7e37018c-7a13-48a0-a814-75bea05c8ae4, chassis=2e1919bb-f932-4f40-838f-ab519ebd1bde, external_ids={'neutron:ovn-bridge': 'br-int', 'neutron:ovn-neutron-agent-id': '9af60e8d-6c5e-55dd-b4c0-8e5d0ac3471b', 'neutron:ovn-neutron-agent-sb-cfg': '1'}, name='a8f6d695-bfaa-42d9-88a2-19b6fc85edf3', nb_cfg=1, nb_cfg_timestamp=1784767941532) old=Chassis_Private(uuid=7e37018c-7a13-48a0-a814-75bea05c8ae4, external_ids={'neutron:ovn-bridge': 'br-int', 'neutron:ovn-neutron-agent-id': '9af60e8d-6c5e-55dd-b4c0-8e5d0ac3471b', 'neutron:ovn-neutron-agent-sb-cfg': '0'}) {{(pid=101636) matches /opt/stack/data/venv/lib/python3.12/site-packages/ovsdbapp/backend/ovs_idl/event.py:55}}
Jul 23 00:52:21.549679 np0000186228 devstack@neutron-api.service[101636]: DEBUG neutron.plugins.ml2.drivers.ovn.mech_driver.ovsdb.ovsdb_monitor [-] Hash Ring: Node 2e4d2242d3e050c8a4df281c8ce1bc08 (host: np0000186228) handling event "update" for row 7e37018c-7a13-48a0-a814-75bea05c8ae4 (table: Chassis_Private) {{(pid=101636) notify /opt/stack/neutron/neutron/plugins/ml2/drivers/ovn/mech_driver/ovsdb/ovsdb_monitor.py:1013}}
Jul 23 00:52:21.549997 np0000186228 devstack@neutron-api.service[101635]: DEBUG ovsdbapp.backend.ovs_idl.event [-] Matched UPDATE: ChassisAgentWriteEvent(events=('create', 'update'), table='Chassis_Private', conditions=None, old_conditions=None), priority=20 to row=Chassis_Private(uuid=7e37018c-7a13-48a0-a814-75bea05c8ae4, chassis=2e1919bb-f932-4f40-838f-ab519ebd1bde, external_ids={'neutron:ovn-bridge': 'br-int', 'neutron:ovn-neutron-agent-id': '9af60e8d-6c5e-55dd-b4c0-8e5d0ac3471b', 'neutron:ovn-neutron-agent-sb-cfg': '0'}, name='a8f6d695-bfaa-42d9-88a2-19b6fc85edf3', nb_cfg=1, nb_cfg_timestamp=1784767941532) old=Chassis_Private(uuid=7e37018c-7a13-48a0-a814-75bea05c8ae4, nb_cfg=0, nb_cfg_timestamp=0) {{(pid=101635) matches /opt/stack/data/venv/lib/python3.12/site-packages/ovsdbapp/backend/ovs_idl/event.py:55}}
Jul 23 00:52:21.551354 np0000186228 devstack@neutron-api.service[101635]: DEBUG neutron.plugins.ml2.drivers.ovn.mech_driver.ovsdb.ovsdb_monitor [-] Hash Ring: Node e527a05ed8365b87a50b3ad82f52c84e (host: np0000186228) handling event "update" for row 7e37018c-7a13-48a0-a814-75bea05c8ae4 (table: Chassis_Private) {{(pid=101635) notify /opt/stack/neutron/neutron/plugins/ml2/drivers/ovn/mech_driver/ovsdb/ovsdb_monitor.py:1013}}
Jul 23 00:52:21.556051 np0000186228 devstack@neutron-api.service[101635]: DEBUG ovsdbapp.backend.ovs_idl.event [-] Matched UPDATE: ChassisOVNAgentWriteEvent(events=('create', 'update'), table='Chassis_Private', conditions=None, old_conditions=None), priority=20 to row=Chassis_Private(uuid=7e37018c-7a13-48a0-a814-75bea05c8ae4, chassis=2e1919bb-f932-4f40-838f-ab519ebd1bde, external_ids={'neutron:ovn-bridge': 'br-int', 'neutron:ovn-neutron-agent-id': '9af60e8d-6c5e-55dd-b4c0-8e5d0ac3471b', 'neutron:ovn-neutron-agent-sb-cfg': '1'}, name='a8f6d695-bfaa-42d9-88a2-19b6fc85edf3', nb_cfg=1, nb_cfg_timestamp=1784767941532) old=Chassis_Private(uuid=7e37018c-7a13-48a0-a814-75bea05c8ae4, external_ids={'neutron:ovn-bridge': 'br-int', 'neutron:ovn-neutron-agent-id': '9af60e8d-6c5e-55dd-b4c0-8e5d0ac3471b', 'neutron:ovn-neutron-agent-sb-cfg': '0'}) {{(pid=101635) matches /opt/stack/data/venv/lib/python3.12/site-packages/ovsdbapp/backend/ovs_idl/event.py:55}}
Jul 23 00:52:21.556832 np0000186228 devstack@neutron-api.service[101635]: DEBUG neutron.plugins.ml2.drivers.ovn.mech_driver.ovsdb.ovsdb_monitor [-] Hash Ring: Node e527a05ed8365b87a50b3ad82f52c84e (host: np0000186228) handling event "update" for row 7e37018c-7a13-48a0-a814-75bea05c8ae4 (table: Chassis_Private) {{(pid=101635) notify /opt/stack/neutron/neutron/plugins/ml2/drivers/ovn/mech_driver/ovsdb/ovsdb_monitor.py:1013}}
Jul 23 00:52:21.612151 np0000186228 devstack@neutron-api.service[101635]: DEBUG neutron.plugins.ml2.drivers.helpers [None req-62135e75-e2bf-407f-8d8c-07048acf58f2 admin admin] geneve segment allocate from pool success with {'geneve_vni': 44072} {{(pid=101635) allocate_partially_specified_segment /opt/stack/neutron/neutron/plugins/ml2/drivers/helpers.py:142}}
Jul 23 00:52:21.624197 np0000186228 devstack@neutron-api.service[101635]: DEBUG neutron_lib.callbacks.manager [None req-62135e75-e2bf-407f-8d8c-07048acf58f2 admin admin] Publish callbacks ['neutron.services.segments.db._add_segment_host_mapping_for_segment-8702089778930', 'neutron.plugins.ml2.plugin.Ml2Plugin._handle_segment_change-809079'] for segment (06a46304-429d-4556-abbb-e84db45e6458), precommit_create {{(pid=101635) _notify_loop /opt/stack/data/venv/lib/python3.12/site-packages/neutron_lib/callbacks/manager.py:184}}
Jul 23 00:52:21.624323 np0000186228 devstack@neutron-api.service[101635]: INFO neutron.db.segments_db [None req-62135e75-e2bf-407f-8d8c-07048acf58f2 admin admin] Added segment 06a46304-429d-4556-abbb-e84db45e6458 of type geneve for network ec2ba33c-7a08-409b-b290-d9730677aca0
Jul 23 00:52:21.664884 np0000186228 devstack@neutron-api.service[101635]: DEBUG neutron_lib.callbacks.manager [None req-62135e75-e2bf-407f-8d8c-07048acf58f2 admin admin] Publish callbacks ['neutron.services.auto_allocate.db._ensure_external_network_default_value_callback-8702088583202'] for network (ec2ba33c-7a08-409b-b290-d9730677aca0), precommit_create {{(pid=101635) _notify_loop /opt/stack/data/venv/lib/python3.12/site-packages/neutron_lib/callbacks/manager.py:184}}
Jul 23 00:52:21.680563 np0000186228 devstack@neutron-api.service[101635]: DEBUG neutron.plugins.ml2.drivers.ovn.mech_driver.mech_driver [None req-62135e75-e2bf-407f-8d8c-07048acf58f2 admin admin] Validating network segment with type geneve, segmentation ID 44072, physical network None {{(pid=101635) _validate_network_segments /opt/stack/neutron/neutron/plugins/ml2/drivers/ovn/mech_driver/mech_driver.py:646}}
Jul 23 00:52:21.680731 np0000186228 devstack@neutron-api.service[101635]: DEBUG neutron.db.ovn_revision_numbers_db [None req-62135e75-e2bf-407f-8d8c-07048acf58f2 admin admin] create_initial_revision uuid=ec2ba33c-7a08-409b-b290-d9730677aca0, type=networks, rev=-1 {{(pid=101635) create_initial_revision /opt/stack/neutron/neutron/db/ovn_revision_numbers_db.py:98}}
Jul 23 00:52:21.701946 np0000186228 devstack@neutron-api.service[101635]: DEBUG neutron_lib.callbacks.manager [None req-62135e75-e2bf-407f-8d8c-07048acf58f2 admin admin] Publish callbacks ['neutron.plugins.ml2.ovo_rpc._ObjectChangeHandler.handle_event-1939633'] for network (ec2ba33c-7a08-409b-b290-d9730677aca0), after_create {{(pid=101635) _notify_loop /opt/stack/data/venv/lib/python3.12/site-packages/neutron_lib/callbacks/manager.py:184}}
Jul 23 00:52:21.753906 np0000186228 devstack@neutron-api.service[101635]: DEBUG neutron.api.rpc.handlers.resources_rpc [None req-62135e75-e2bf-407f-8d8c-07048acf58f2 admin admin] Pushing event updated for resources: {'Network': ['ID=ec2ba33c-7a08-409b-b290-d9730677aca0,revision_number=1']} {{(pid=101635) push /opt/stack/neutron/neutron/api/rpc/handlers/resources_rpc.py:237}}
Jul 23 00:52:21.762861 np0000186228 devstack@neutron-api.service[101635]: DEBUG ovsdbapp.backend.ovs_idl.transaction [-] Running txn n=1 command(idx=0): AddNetworkCommand(_result=None, network_uuid=ec2ba33c-7a08-409b-b290-d9730677aca0, may_exist=True, columns={'external_ids': {'neutron:network_name': 'private', 'neutron:mtu': '1372', 'neutron:revision_number': '1', 'neutron:availability_zone_hints': '', 'neutron:provnet-network-type': 'geneve'}, 'other_config': {'mcast_snoop': 'false', 'mcast_flood_unregistered': 'false', 'vlan-passthru': 'false'}}) {{(pid=101635) do_commit /opt/stack/data/venv/lib/python3.12/site-packages/ovsdbapp/backend/ovs_idl/transaction.py:89}}
Jul 23 00:52:21.763297 np0000186228 devstack@neutron-api.service[101635]: DEBUG neutron.common.ovn.utils [-] OVS persist_uuid supported=True {{(pid=101635) ovs_persist_uuid_supported /opt/stack/neutron/neutron/common/ovn/utils.py:1565}}
Jul 23 00:52:21.766003 np0000186228 devstack@neutron-api.service[101635]: DEBUG neutron.plugins.ml2.drivers.ovn.mech_driver.ovsdb.ovsdb_monitor [-] Hash Ring: Node e527a05ed8365b87a50b3ad82f52c84e (host: np0000186228) handling event "create" for row ec2ba33c-7a08-409b-b290-d9730677aca0 (table: Logical_Switch) {{(pid=101635) notify /opt/stack/neutron/neutron/plugins/ml2/drivers/ovn/mech_driver/ovsdb/ovsdb_monitor.py:1013}}
Jul 23 00:52:21.768601 np0000186228 devstack@neutron-api.service[101636]: DEBUG neutron.plugins.ml2.drivers.ovn.mech_driver.ovsdb.ovsdb_monitor [-] Hash Ring: Node 2e4d2242d3e050c8a4df281c8ce1bc08 (host: np0000186228) handling event "create" for row ec2ba33c-7a08-409b-b290-d9730677aca0 (table: Logical_Switch) {{(pid=101636) notify /opt/stack/neutron/neutron/plugins/ml2/drivers/ovn/mech_driver/ovsdb/ovsdb_monitor.py:1013}}
Jul 23 00:52:21.773700 np0000186228 devstack@neutron-api.service[101636]: DEBUG neutron.plugins.ml2.drivers.ovn.mech_driver.ovsdb.ovsdb_monitor [-] Hash Ring: Node 2e4d2242d3e050c8a4df281c8ce1bc08 (host: np0000186228) handling event "create" for row 0a4fae06-62e3-4c55-91c8-0f72a751ea7c (table: Datapath_Binding) {{(pid=101636) notify /opt/stack/neutron/neutron/plugins/ml2/drivers/ovn/mech_driver/ovsdb/ovsdb_monitor.py:1013}}
Jul 23 00:52:21.783156 np0000186228 devstack@neutron-api.service[101635]: DEBUG neutron.plugins.ml2.drivers.ovn.mech_driver.ovsdb.ovsdb_monitor [-] Hash Ring: Node e527a05ed8365b87a50b3ad82f52c84e (host: np0000186228) handling event "create" for row 0a4fae06-62e3-4c55-91c8-0f72a751ea7c (table: Datapath_Binding) {{(pid=101635) notify /opt/stack/neutron/neutron/plugins/ml2/drivers/ovn/mech_driver/ovsdb/ovsdb_monitor.py:1013}}
Jul 23 00:52:21.804250 np0000186228 devstack@neutron-api.service[101635]: INFO neutron.db.ovn_revision_numbers_db [None req-62135e75-e2bf-407f-8d8c-07048acf58f2 admin admin] Successfully bumped revision number for resource ec2ba33c-7a08-409b-b290-d9730677aca0 (type: networks) to 1
Jul 23 00:52:21.867988 np0000186228 devstack@neutron-api.service[101635]: DEBUG neutron_lib.callbacks.manager [None req-62135e75-e2bf-407f-8d8c-07048acf58f2 admin admin] Publish callbacks ['neutron.plugins.ml2.plugin.SecurityGroupDbMixin._ensure_default_security_group_handler-30959'] for port (None), before_create {{(pid=101635) _notify_loop /opt/stack/data/venv/lib/python3.12/site-packages/neutron_lib/callbacks/manager.py:184}}
Jul 23 00:52:22.147159 np0000186228 devstack@neutron-api.service[101635]: DEBUG neutron_lib.callbacks.manager [None req-62135e75-e2bf-407f-8d8c-07048acf58f2 admin admin] Publish callbacks ['neutron.plugins.ml2.drivers.ovn.mech_driver.mech_driver.OVNMechanismDriver._validate_allowed_address_pairs-489978'] for allowed_address_pair (d7970fc1-c060-4a83-a4f0-d4191d018996), before_create {{(pid=101635) _notify_loop /opt/stack/data/venv/lib/python3.12/site-packages/neutron_lib/callbacks/manager.py:184}}
