2026-07-25 05:46:49.828 7 INFO neutron.db.ovn_revision_numbers_db [None req-326e7803-9138-4efd-bea1-8054f3bffe39 b3c6ad2f764e454da71053f4d3d123ca 553fa1a895974062b980acb7079acfc3 - - default default] Successfully bumped revision number for resource 65967187-cf66-4f12-8cd0-965c813aa307 (type: security_group_rules) to 0
2026-07-25 05:46:49.840 7 INFO neutron.db.ovn_revision_numbers_db [None req-326e7803-9138-4efd-bea1-8054f3bffe39 b3c6ad2f764e454da71053f4d3d123ca 553fa1a895974062b980acb7079acfc3 - - default default] Successfully bumped revision number for resource 92d1af31-b290-4735-9e87-392d001c59d4 (type: security_group_rules) to 0 [pid: 8|app: 0|req: 570/1083] 10.0.0.150 () {28 vars in 591 bytes} [Sat Jul 25 05:46:49 2026] GET /v2.0/floatingips => generated 861 bytes in 49 msecs (HTTP/1.1 200) 4 headers in 157 bytes (1 switches on core 0)
2026-07-25 05:46:49.868 7 INFO neutron.db.ovn_revision_numbers_db [None req-326e7803-9138-4efd-bea1-8054f3bffe39 b3c6ad2f764e454da71053f4d3d123ca 553fa1a895974062b980acb7079acfc3 - - default default] Successfully bumped revision number for resource 961ed1bb-047b-4f3d-8aa9-8580baf18ad9 (type: security_group_rules) to 0 [pid: 8|app: 0|req: 571/1084] 10.0.0.150 () {28 vars in 619 bytes} [Sat Jul 25 05:46:49 2026] GET /v2.0/network-ip-availabilities => generated 1580 bytes in 31 msecs (HTTP/1.1 200) 4 headers in 158 bytes (1 switches on core 0) [pid: 8|app: 0|req: 572/1085] 10.0.0.150 () {28 vars in 581 bytes} [Sat Jul 25 05:46:49 2026] GET /v2.0/agents => generated 1214 bytes in 12 msecs (HTTP/1.1 200) 4 headers in 158 bytes (1 switches on core 0) [pid: 8|app: 0|req: 573/1086] 10.0.0.150 () {28 vars in 583 bytes} [Sat Jul 25 05:46:49 2026] GET /v2.0/subnets => generated 1988 bytes in 30 msecs (HTTP/1.1 200) 4 headers in 158 bytes (1 switches on core 0)
2026-07-25 05:46:49.951 7 INFO neutron.db.segments_db [None req-326e7803-9138-4efd-bea1-8054f3bffe39 b3c6ad2f764e454da71053f4d3d123ca 553fa1a895974062b980acb7079acfc3 - - default default] Added segment 72d18398-e0fa-4cce-b1bb-436c9cbcf492 of type geneve for network a2c1f13f-5e5d-4405-9fd2-849a2dbe6f65 [pid: 8|app: 0|req: 574/1087] 10.0.0.150 () {28 vars in 591 bytes} [Sat Jul 25 05:46:49 2026] GET /v2.0/subnetpools => generated 19 bytes in 8 msecs (HTTP/1.1 200) 4 headers in 156 bytes (1 switches on core 0) [pid: 8|app: 0|req: 575/1088] 10.0.0.150 () {28 vars in 583 bytes} [Sat Jul 25 05:46:49 2026] GET /v2.0/subnets => generated 1988 bytes in 40 msecs (HTTP/1.1 200) 4 headers in 158 bytes (1 switches on core 0) [pid: 8|app: 0|req: 576/1089] 10.0.0.150 () {28 vars in 579 bytes} [Sat Jul 25 05:46:50 2026] GET /v2.0/ports => generated 10596 bytes in 110 msecs (HTTP/1.1 200) 4 headers in 159 bytes (1 switches on core 0)
2026-07-25 05:46:50.153 7 INFO neutron.db.ovn_revision_numbers_db [None req-326e7803-9138-4efd-bea1-8054f3bffe39 b3c6ad2f764e454da71053f4d3d123ca 553fa1a895974062b980acb7079acfc3 - - default default] Successfully bumped revision number for resource a2c1f13f-5e5d-4405-9fd2-849a2dbe6f65 (type: networks) to 1 [pid: 8|app: 0|req: 577/1090] 10.0.0.150 () {28 vars in 599 bytes} [Sat Jul 25 05:46:50 2026] GET /v2.0/security-groups => generated 26068 bytes in 41 msecs (HTTP/1.1 200) 4 headers in 159 bytes (1 switches on core 0)
2026-07-25 05:46:50.324 7 WARNING neutron.scheduler.dhcp_agent_scheduler [None req-326e7803-9138-4efd-bea1-8054f3bffe39 b3c6ad2f764e454da71053f4d3d123ca 553fa1a895974062b980acb7079acfc3 - - default default] No more DHCP agents
2026-07-25 05:46:50.326 7 WARNING neutron.api.rpc.agentnotifiers.dhcp_rpc_agent_api [None req-326e7803-9138-4efd-bea1-8054f3bffe39 b3c6ad2f764e454da71053f4d3d123ca 553fa1a895974062b980acb7079acfc3 - - default default] Unable to schedule network a2c1f13f-5e5d-4405-9fd2-849a2dbe6f65: no agents available; will retry on subsequent port and subnet creation events.
2026-07-25 05:46:50.377 7 INFO neutron.plugins.ml2.drivers.ovn.mech_driver.mech_driver [None req-d6038849-7737-4fc5-855b-4cac808873e6 - - - - - -] OVN reports status down for port: 7d51cea6-1164-464c-a7da-f638b9cbc815
2026-07-25 05:46:50.436 7 INFO neutron.db.ovn_revision_numbers_db [None req-326e7803-9138-4efd-bea1-8054f3bffe39 b3c6ad2f764e454da71053f4d3d123ca 553fa1a895974062b980acb7079acfc3 - - default default] Successfully bumped revision number for resource 7d51cea6-1164-464c-a7da-f638b9cbc815 (type: ports) to 1 [pid: 7|app: 0|req: 514/1091] 10.0.0.208 () {34 vars in 671 bytes} [Sat Jul 25 05:46:49 2026] POST /v2.0/networks => generated 745 bytes in 987 msecs (HTTP/1.1 201) 4 headers in 162 bytes (1 switches on core 0)
2026-07-25 05:46:50.569 8 INFO neutron.db.ovn_revision_numbers_db [None req-f2067627-2153-4e68-a11c-0dc5a618bc2d f891316f4aa64b4f9313333c29a6d09e 75bd6ea3796e4fc0a7ac6f5f5d1f01be - - default default] Successfully bumped revision number for resource f49ecc11-786d-4653-9229-f1bcc2cfc346 (type: security_groups) to 1
2026-07-25 05:46:50.583 8 INFO neutron.db.ovn_revision_numbers_db [None req-f2067627-2153-4e68-a11c-0dc5a618bc2d f891316f4aa64b4f9313333c29a6d09e 75bd6ea3796e4fc0a7ac6f5f5d1f01be - - default default] Successfully bumped revision number for resource 1baf6393-90ef-4071-a677-74261b573ef4 (type: security_group_rules) to 0
2026-07-25 05:46:50.603 8 INFO neutron.db.ovn_revision_numbers_db [None req-f2067627-2153-4e68-a11c-0dc5a618bc2d f891316f4aa64b4f9313333c29a6d09e 75bd6ea3796e4fc0a7ac6f5f5d1f01be - - default default] Successfully bumped revision number for resource 20246609-ae7c-4206-af94-9f39624d1b48 (type: security_group_rules) to 0
2026-07-25 05:46:50.618 8 INFO neutron.db.ovn_revision_numbers_db [None req-f2067627-2153-4e68-a11c-0dc5a618bc2d f891316f4aa64b4f9313333c29a6d09e 75bd6ea3796e4fc0a7ac6f5f5d1f01be - - default default] Successfully bumped revision number for resource 94d36200-d24f-41a7-8152-31faf3dd1993 (type: security_group_rules) to 0
2026-07-25 05:46:50.630 8 INFO neutron.db.ovn_revision_numbers_db [None req-f2067627-2153-4e68-a11c-0dc5a618bc2d f891316f4aa64b4f9313333c29a6d09e 75bd6ea3796e4fc0a7ac6f5f5d1f01be - - default default] Successfully bumped revision number for resource b21a45f2-b2de-4afb-9b26-f0b73879e201 (type: security_group_rules) to 0
2026-07-25 05:46:50.674 7 WARNING neutron.scheduler.dhcp_agent_scheduler [None req-c4c0cdbc-2a4b-4528-b9b2-4f087849cd39 b3c6ad2f764e454da71053f4d3d123ca 553fa1a895974062b980acb7079acfc3 - - default default] No more DHCP agents
2026-07-25 05:46:50.675 7 WARNING neutron.api.rpc.agentnotifiers.dhcp_rpc_agent_api [None req-c4c0cdbc-2a4b-4528-b9b2-4f087849cd39 b3c6ad2f764e454da71053f4d3d123ca 553fa1a895974062b980acb7079acfc3 - - default default] Unable to schedule network a2c1f13f-5e5d-4405-9fd2-849a2dbe6f65: no agents available; will retry on subsequent port and subnet creation events.
2026-07-25 05:46:50.721 8 INFO neutron.db.segments_db [None req-f2067627-2153-4e68-a11c-0dc5a618bc2d f891316f4aa64b4f9313333c29a6d09e 75bd6ea3796e4fc0a7ac6f5f5d1f01be - - default default] Added segment c88c2cc9-a8e8-4b9f-9358-971e730c2cab of type geneve for network 2041388d-8674-43b3-92d4-d0408e6f3748
2026-07-25 05:46:50.864 8 INFO neutron.db.ovn_revision_numbers_db [None req-f2067627-2153-4e68-a11c-0dc5a618bc2d f891316f4aa64b4f9313333c29a6d09e 75bd6ea3796e4fc0a7ac6f5f5d1f01be - - default default] Successfully bumped revision number for resource 2041388d-8674-43b3-92d4-d0408e6f3748 (type: networks) to 1
2026-07-25 05:46:51.040 8 WARNING neutron.scheduler.dhcp_agent_scheduler [None req-f2067627-2153-4e68-a11c-0dc5a618bc2d f891316f4aa64b4f9313333c29a6d09e 75bd6ea3796e4fc0a7ac6f5f5d1f01be - - default default] No more DHCP agents
2026-07-25 05:46:51.041 8 WARNING neutron.api.rpc.agentnotifiers.dhcp_rpc_agent_api [None req-f2067627-2153-4e68-a11c-0dc5a618bc2d f891316f4aa64b4f9313333c29a6d09e 75bd6ea3796e4fc0a7ac6f5f5d1f01be - - default default] Unable to schedule network 2041388d-8674-43b3-92d4-d0408e6f3748: no agents available; will retry on subsequent port and subnet creation events.
2026-07-25 05:46:51.089 7 INFO neutron.plugins.ml2.drivers.ovn.mech_driver.mech_driver [None req-d6038849-7737-4fc5-855b-4cac808873e6 - - - - - -] OVN reports status down for port: 6c26f6ec-1e31-4a55-8193-218db85da1e8
2026-07-25 05:46:51.120 8 INFO neutron.db.ovn_revision_numbers_db [None req-f2067627-2153-4e68-a11c-0dc5a618bc2d f891316f4aa64b4f9313333c29a6d09e 75bd6ea3796e4fc0a7ac6f5f5d1f01be - - default default] Successfully bumped revision number for resource 6c26f6ec-1e31-4a55-8193-218db85da1e8 (type: ports) to 1 [pid: 8|app: 0|req: 578/1092] 10.0.0.208 () {34 vars in 670 bytes} [Sat Jul 25 05:46:50 2026] POST /v2.0/networks => generated 633 bytes in 959 msecs (HTTP/1.1 201) 4 headers in 162 bytes (1 switches on core 0)
2026-07-25 05:46:51.229 7 INFO neutron.db.ovn_revision_numbers_db [None req-6f3fef63-95e5-4a20-bb66-1c16d4caeb07 - - - - - -] Successfully bumped revision number for resource 7d51cea6-1164-464c-a7da-f638b9cbc815 (type: ports) to 2
2026-07-25 05:46:51.262 7 INFO neutron.db.ovn_revision_numbers_db [None req-6f3fef63-95e5-4a20-bb66-1c16d4caeb07 - - - - - -] Successfully bumped revision number for resource 2f0bfca9-cd5a-4d3d-810b-6ac395582b7e (type: subnets) to 0 [pid: 7|app: 0|req: 515/1093] 10.0.0.208 () {34 vars in 669 bytes} [Sat Jul 25 05:46:50 2026] POST /v2.0/subnets => generated 690 bytes in 770 msecs (HTTP/1.1 201) 4 headers in 162 bytes (1 switches on core 0)
2026-07-25 05:46:51.366 7 INFO neutron.db.segments_db [None req-949d3b66-c6f5-4f70-902e-0a613d05040a f891316f4aa64b4f9313333c29a6d09e 75bd6ea3796e4fc0a7ac6f5f5d1f01be - - default default] Added segment ad9be736-8606-4887-a563-14fc4db231ef of type geneve for network f264a3d7-da72-4f68-988a-289506332a32
2026-07-25 05:46:51.381 8 INFO neutron.db.ovn_revision_numbers_db [None req-859bf2f9-2356-4974-8b60-5a0b882e7458 b3c6ad2f764e454da71053f4d3d123ca 553fa1a895974062b980acb7079acfc3 - - default default] Successfully bumped revision number for resource b30b687f-6972-4f82-ae5d-ea30c8dceb54 (type: security_groups) to 1
2026-07-25 05:46:51.399 8 INFO neutron.db.ovn_revision_numbers_db [None req-859bf2f9-2356-4974-8b60-5a0b882e7458 b3c6ad2f764e454da71053f4d3d123ca 553fa1a895974062b980acb7079acfc3 - - default default] Successfully bumped revision number for resource 2da65c25-9030-482c-ab99-4147edc92dda (type: security_group_rules) to 0
2026-07-25 05:46:51.417 8 INFO neutron.db.ovn_revision_numbers_db [None req-859bf2f9-2356-4974-8b60-5a0b882e7458 b3c6ad2f764e454da71053f4d3d123ca 553fa1a895974062b980acb7079acfc3 - - default default] Successfully bumped revision number for resource 721a6529-95aa-478d-912e-21b457bcdc94 (type: security_group_rules) to 0
2026-07-25 05:46:51.433 8 INFO neutron.db.ovn_revision_numbers_db [None req-859bf2f9-2356-4974-8b60-5a0b882e7458 b3c6ad2f764e454da71053f4d3d123ca 553fa1a895974062b980acb7079acfc3 - - default default] Successfully bumped revision number for resource a0d015b1-e5f9-464c-b823-04b708cc0866 (type: security_group_rules) to 0
2026-07-25 05:46:51.444 8 INFO neutron.db.ovn_revision_numbers_db [None req-859bf2f9-2356-4974-8b60-5a0b882e7458 b3c6ad2f764e454da71053f4d3d123ca 553fa1a895974062b980acb7079acfc3 - - default default] Successfully bumped revision number for resource a60c3e2f-1f71-4a04-a8b9-d2d31ef76df7 (type: security_group_rules) to 0
2026-07-25 05:46:51.492 7 INFO neutron.db.ovn_revision_numbers_db [None req-949d3b66-c6f5-4f70-902e-0a613d05040a f891316f4aa64b4f9313333c29a6d09e 75bd6ea3796e4fc0a7ac6f5f5d1f01be - - default default] Successfully bumped revision number for resource f264a3d7-da72-4f68-988a-289506332a32 (type: networks) to 1
2026-07-25 05:46:51.524 8 INFO neutron.db.segments_db [None req-859bf2f9-2356-4974-8b60-5a0b882e7458 b3c6ad2f764e454da71053f4d3d123ca 553fa1a895974062b980acb7079acfc3 - - default default] Added segment 2210cfff-c1f7-4f81-abb2-1c053cbdd294 of type geneve for network 713c77be-d93c-4772-8403-08e52c2a5cdf
2026-07-25 05:46:51.634 8 INFO neutron.db.ovn_revision_numbers_db [None req-859bf2f9-2356-4974-8b60-5a0b882e7458 b3c6ad2f764e454da71053f4d3d123ca 553fa1a895974062b980acb7079acfc3 - - default default] Successfully bumped revision number for resource 713c77be-d93c-4772-8403-08e52c2a5cdf (type: networks) to 1
2026-07-25 05:46:51.671 7 WARNING neutron.scheduler.dhcp_agent_scheduler [None req-949d3b66-c6f5-4f70-902e-0a613d05040a f891316f4aa64b4f9313333c29a6d09e 75bd6ea3796e4fc0a7ac6f5f5d1f01be - - default default] No more DHCP agents
2026-07-25 05:46:51.673 7 WARNING neutron.api.rpc.agentnotifiers.dhcp_rpc_agent_api [None req-949d3b66-c6f5-4f70-902e-0a613d05040a f891316f4aa64b4f9313333c29a6d09e 75bd6ea3796e4fc0a7ac6f5f5d1f01be - - default default] Unable to schedule network f264a3d7-da72-4f68-988a-289506332a32: no agents available; will retry on subsequent port and subnet creation events.
2026-07-25 05:46:51.713 7 INFO neutron.plugins.ml2.drivers.ovn.mech_driver.mech_driver [None req-d6038849-7737-4fc5-855b-4cac808873e6 - - - - - -] OVN reports status down for port: 01d7952e-c0c7-43ae-bc7b-28cc61fa17e2
2026-07-25 05:46:51.762 7 INFO neutron.db.ovn_revision_numbers_db [None req-949d3b66-c6f5-4f70-902e-0a613d05040a f891316f4aa64b4f9313333c29a6d09e 75bd6ea3796e4fc0a7ac6f5f5d1f01be - - default default] Successfully bumped revision number for resource 01d7952e-c0c7-43ae-bc7b-28cc61fa17e2 (type: ports) to 1 [pid: 7|app: 0|req: 516/1094] 10.0.0.208 () {34 vars in 670 bytes} [Sat Jul 25 05:46:51 2026] POST /v2.0/networks => generated 633 bytes in 517 msecs (HTTP/1.1 201) 4 headers in 162 bytes (1 switches on core 0)
2026-07-25 05:46:51.808 8 WARNING neutron.scheduler.dhcp_agent_scheduler [None req-859bf2f9-2356-4974-8b60-5a0b882e7458 b3c6ad2f764e454da71053f4d3d123ca 553fa1a895974062b980acb7079acfc3 - - default default] No more DHCP agents
2026-07-25 05:46:51.809 8 WARNING neutron.api.rpc.agentnotifiers.dhcp_rpc_agent_api [None req-859bf2f9-2356-4974-8b60-5a0b882e7458 b3c6ad2f764e454da71053f4d3d123ca 553fa1a895974062b980acb7079acfc3 - - default default] Unable to schedule network 713c77be-d93c-4772-8403-08e52c2a5cdf: no agents available; will retry on subsequent port and subnet creation events.
2026-07-25 05:46:51.862 7 INFO neutron.plugins.ml2.drivers.ovn.mech_driver.mech_driver [None req-d6038849-7737-4fc5-855b-4cac808873e6 - - - - - -] OVN reports status down for port: e5bf3183-f2a9-4b39-864c-601396d97e9f
2026-07-25 05:46:51.891 8 INFO neutron.db.ovn_revision_numbers_db [None req-859bf2f9-2356-4974-8b60-5a0b882e7458 b3c6ad2f764e454da71053f4d3d123ca 553fa1a895974062b980acb7079acfc3 - - default default] Successfully bumped revision number for resource e5bf3183-f2a9-4b39-864c-601396d97e9f (type: ports) to 1 [pid: 8|app: 0|req: 579/1095] 10.0.0.208 () {34 vars in 671 bytes} [Sat Jul 25 05:46:51 2026] POST /v2.0/networks => generated 751 bytes in 777 msecs (HTTP/1.1 201) 4 headers in 162 bytes (1 switches on core 0)
2026-07-25 05:46:52.111 8 WARNING neutron.scheduler.dhcp_agent_scheduler [None req-e36d7fc3-2620-46be-b3b3-f7615d38db06 f891316f4aa64b4f9313333c29a6d09e 75bd6ea3796e4fc0a7ac6f5f5d1f01be - - default default] No more DHCP agents
2026-07-25 05:46:52.112 8 WARNING neutron.api.rpc.agentnotifiers.dhcp_rpc_agent_api [None req-e36d7fc3-2620-46be-b3b3-f7615d38db06 f891316f4aa64b4f9313333c29a6d09e 75bd6ea3796e4fc0a7ac6f5f5d1f01be - - default default] Unable to schedule network 2041388d-8674-43b3-92d4-d0408e6f3748: no agents available; will retry on subsequent port and subnet creation events.
2026-07-25 05:46:52.137 8 INFO neutron.db.ovn_revision_numbers_db [None req-e36d7fc3-2620-46be-b3b3-f7615d38db06 f891316f4aa64b4f9313333c29a6d09e 75bd6ea3796e4fc0a7ac6f5f5d1f01be - - default default] Successfully bumped revision number for resource 68fbb3a0-9a5f-481a-8d8f-803f056ccadd (type: subnets) to 0 [pid: 8|app: 0|req: 580/1096] 10.0.0.208 () {34 vars in 669 bytes} [Sat Jul 25 05:46:51 2026] POST /v2.0/subnets => generated 646 bytes in 231 msecs (HTTP/1.1 201) 4 headers in 162 bytes (1 switches on core 0)
2026-07-25 05:46:52.287 8 WARNING neutron.scheduler.dhcp_agent_scheduler [None req-a63f6f2b-30c5-4e9d-a0da-a755a1a6ddb1 b3c6ad2f764e454da71053f4d3d123ca 553fa1a895974062b980acb7079acfc3 - - default default] No more DHCP agents
2026-07-25 05:46:52.288 8 WARNING neutron.api.rpc.agentnotifiers.dhcp_rpc_agent_api [None req-a63f6f2b-30c5-4e9d-a0da-a755a1a6ddb1 b3c6ad2f764e454da71053f4d3d123ca 553fa1a895974062b980acb7079acfc3 - - default default] Unable to schedule network 713c77be-d93c-4772-8403-08e52c2a5cdf: no agents available; will retry on subsequent port and subnet creation events.
2026-07-25 05:46:52.289 7 WARNING neutron.scheduler.dhcp_agent_scheduler [None req-f20e6137-2834-45b9-b0bd-093c4cd94c30 b3c6ad2f764e454da71053f4d3d123ca 553fa1a895974062b980acb7079acfc3 - - default default] No more DHCP agents
2026-07-25 05:46:52.290 7 WARNING neutron.api.rpc.agentnotifiers.dhcp_rpc_agent_api [None req-f20e6137-2834-45b9-b0bd-093c4cd94c30 b3c6ad2f764e454da71053f4d3d123ca 553fa1a895974062b980acb7079acfc3 - - default default] Unable to schedule network 29944b43-2182-46ce-9055-3c5349ba25d2: no agents available; will retry on subsequent port and subnet creation events.
2026-07-25 05:46:52.395 7 INFO neutron.plugins.ml2.drivers.ovn.mech_driver.mech_driver [None req-d6038849-7737-4fc5-855b-4cac808873e6 - - - - - -] OVN reports status down for port: bbc78bf9-3d5d-4dc0-b883-8d6747ed70e6
2026-07-25 05:46:52.467 7 INFO neutron.db.ovn_revision_numbers_db [None req-f20e6137-2834-45b9-b0bd-093c4cd94c30 b3c6ad2f764e454da71053f4d3d123ca 553fa1a895974062b980acb7079acfc3 - - default default] Successfully bumped revision number for resource bbc78bf9-3d5d-4dc0-b883-8d6747ed70e6 (type: ports) to 1
2026-07-25 05:46:52.748 8 INFO neutron.db.ovn_revision_numbers_db [None req-052271bf-9dbb-45dc-8d43-47391491ddca - - - - - -] Successfully bumped revision number for resource e5bf3183-f2a9-4b39-864c-601396d97e9f (type: ports) to 2
2026-07-25 05:46:52.781 8 INFO neutron.db.ovn_revision_numbers_db [None req-052271bf-9dbb-45dc-8d43-47391491ddca - - - - - -] Successfully bumped revision number for resource e3651f76-4fa5-465e-ae49-c73c7be5e1dd (type: subnets) to 0 [pid: 8|app: 0|req: 581/1097] 10.0.0.208 () {34 vars in 669 bytes} [Sat Jul 25 05:46:52 2026] POST /v2.0/subnets => generated 695 bytes in 654 msecs (HTTP/1.1 201) 4 headers in 162 bytes (1 switches on core 0)
2026-07-25 05:46:52.990 8 WARNING neutron.scheduler.dhcp_agent_scheduler [None req-0d4ca11d-7aa0-4225-a573-cc3e83d2d26d f891316f4aa64b4f9313333c29a6d09e 75bd6ea3796e4fc0a7ac6f5f5d1f01be - - default default] No more DHCP agents
2026-07-25 05:46:52.991 8 WARNING neutron.api.rpc.agentnotifiers.dhcp_rpc_agent_api [None req-0d4ca11d-7aa0-4225-a573-cc3e83d2d26d f891316f4aa64b4f9313333c29a6d09e 75bd6ea3796e4fc0a7ac6f5f5d1f01be - - default default] Unable to schedule network f264a3d7-da72-4f68-988a-289506332a32: no agents available; will retry on subsequent port and subnet creation events.
2026-07-25 05:46:53.020 8 INFO neutron.db.ovn_revision_numbers_db [None req-0d4ca11d-7aa0-4225-a573-cc3e83d2d26d f891316f4aa64b4f9313333c29a6d09e 75bd6ea3796e4fc0a7ac6f5f5d1f01be - - default default] Successfully bumped revision number for resource 90cb13d0-e702-4945-a880-87bd7a38ab3c (type: subnets) to 0
2026-07-25 05:46:53.023 7 INFO neutron.plugins.ml2.drivers.ovn.mech_driver.ovsdb.commands [None req-8c6188c8-1556-4df1-a692-e0c9a121bbb4 - - - - - -] Schedule LRP lrp-bbc78bf9-3d5d-4dc0-b883-8d6747ed70e6 on gateway 7fd92aa0-904b-4e7c-97c8-3be17e419530 with priority 1
2026-07-25 05:46:53.034 7 INFO neutron.plugins.ml2.drivers.ovn.mech_driver.mech_driver [None req-d6038849-7737-4fc5-855b-4cac808873e6 - - - - - -] OVN reports status up for port: bbc78bf9-3d5d-4dc0-b883-8d6747ed70e6
2026-07-25 05:46:53.059 7 INFO neutron.plugins.ml2.drivers.ovn.mech_driver.ovsdb.ovsdb_monitor [None req-6e081b02-0603-4ec3-a95d-3e5c79464a64 - - - - - -] Router f8053827-bd74-4061-ab50-1efe583b7140 is bound to host instance [pid: 8|app: 0|req: 582/1098] 10.0.0.208 () {34 vars in 669 bytes} [Sat Jul 25 05:46:52 2026] POST /v2.0/subnets => generated 655 bytes in 259 msecs (HTTP/1.1 201) 4 headers in 162 bytes (1 switches on core 0)
2026-07-25 05:46:53.075 7 INFO neutron.plugins.ml2.plugin [None req-d6038849-7737-4fc5-855b-4cac808873e6 - - - - - -] Attempt 1 to provision port bbc78bf9-3d5d-4dc0-b883-8d6747ed70e6
2026-07-25 05:46:53.107 7 INFO neutron.db.ovn_revision_numbers_db [None req-f20e6137-2834-45b9-b0bd-093c4cd94c30 b3c6ad2f764e454da71053f4d3d123ca 553fa1a895974062b980acb7079acfc3 - - default default] Successfully bumped revision number for resource bbc78bf9-3d5d-4dc0-b883-8d6747ed70e6 (type: router_ports) to 1
2026-07-25 05:46:53.296 7 INFO neutron.db.ovn_revision_numbers_db [None req-f20e6137-2834-45b9-b0bd-093c4cd94c30 b3c6ad2f764e454da71053f4d3d123ca 553fa1a895974062b980acb7079acfc3 - - default default] Successfully bumped revision number for resource f8053827-bd74-4061-ab50-1efe583b7140 (type: routers) to 2 [pid: 7|app: 0|req: 517/1099] 10.0.0.208 () {34 vars in 669 bytes} [Sat Jul 25 05:46:51 2026] POST /v2.0/routers => generated 968 bytes in 1558 msecs (HTTP/1.1 201) 4 headers in 162 bytes (1 switches on core 0)
2026-07-25 05:46:53.489 8 WARNING neutron.scheduler.dhcp_agent_scheduler [None req-30a3b087-d645-4ed5-bce3-3a8d4abb5d6b b3c6ad2f764e454da71053f4d3d123ca 553fa1a895974062b980acb7079acfc3 - - default default] No more DHCP agents
2026-07-25 05:46:53.491 8 WARNING neutron.api.rpc.agentnotifiers.dhcp_rpc_agent_api [None req-30a3b087-d645-4ed5-bce3-3a8d4abb5d6b b3c6ad2f764e454da71053f4d3d123ca 553fa1a895974062b980acb7079acfc3 - - default default] Unable to schedule network 29944b43-2182-46ce-9055-3c5349ba25d2: no agents available; will retry on subsequent port and subnet creation events.
2026-07-25 05:46:53.548 7 INFO neutron.db.ovn_revision_numbers_db [None req-1624c6c7-f116-4bd0-ab81-a4fa15ccbb30 f891316f4aa64b4f9313333c29a6d09e 75bd6ea3796e4fc0a7ac6f5f5d1f01be - - default default] Successfully bumped revision number for resource e899d6aa-c4e2-43a9-880d-cd273c114842 (type: routers) to 1 [pid: 7|app: 0|req: 518/1100] 10.0.0.208 () {34 vars in 669 bytes} [Sat Jul 25 05:46:53 2026] POST /v2.0/routers => generated 607 bytes in 234 msecs (HTTP/1.1 201) 4 headers in 162 bytes (1 switches on core 0)
2026-07-25 05:46:53.642 8 INFO neutron.db.ovn_revision_numbers_db [None req-30a3b087-d645-4ed5-bce3-3a8d4abb5d6b b3c6ad2f764e454da71053f4d3d123ca 553fa1a895974062b980acb7079acfc3 - - default default] Successfully bumped revision number for resource 4e84b32f-3e15-4b66-9391-44ae38be9c35 (type: ports) to 1
2026-07-25 05:46:54.290 7 WARNING neutron.scheduler.dhcp_agent_scheduler [None req-59045d79-0ad6-4711-9099-fbc91872c69d b3c6ad2f764e454da71053f4d3d123ca 553fa1a895974062b980acb7079acfc3 - - default default] No more DHCP agents
2026-07-25 05:46:54.291 7 WARNING neutron.api.rpc.agentnotifiers.dhcp_rpc_agent_api [None req-59045d79-0ad6-4711-9099-fbc91872c69d b3c6ad2f764e454da71053f4d3d123ca 553fa1a895974062b980acb7079acfc3 - - default default] Unable to schedule network a2c1f13f-5e5d-4405-9fd2-849a2dbe6f65: no agents available; will retry on subsequent port and subnet creation events.
2026-07-25 05:46:54.318 8 INFO neutron.plugins.ml2.drivers.ovn.mech_driver.ovsdb.commands [None req-a65962f9-8d21-4f0a-a7cc-f643a1d17635 - - - - - -] Schedule LRP lrp-4e84b32f-3e15-4b66-9391-44ae38be9c35 on gateway 7fd92aa0-904b-4e7c-97c8-3be17e419530 with priority 1
2026-07-25 05:46:54.404 8 INFO neutron.db.ovn_revision_numbers_db [None req-30a3b087-d645-4ed5-bce3-3a8d4abb5d6b b3c6ad2f764e454da71053f4d3d123ca 553fa1a895974062b980acb7079acfc3 - - default default] Successfully bumped revision number for resource 4e84b32f-3e15-4b66-9391-44ae38be9c35 (type: router_ports) to 1
2026-07-25 05:46:54.489 8 INFO neutron.db.ovn_revision_numbers_db [None req-30a3b087-d645-4ed5-bce3-3a8d4abb5d6b b3c6ad2f764e454da71053f4d3d123ca 553fa1a895974062b980acb7079acfc3 - - default default] Successfully bumped revision number for resource 03220af8-1968-4ce5-9460-eb58f0065768 (type: routers) to 2 [pid: 8|app: 0|req: 583/1101] 10.0.0.208 () {34 vars in 669 bytes} [Sat Jul 25 05:46:53 2026] POST /v2.0/routers => generated 973 bytes in 1443 msecs (HTTP/1.1 201) 4 headers in 162 bytes (1 switches on core 0)
2026-07-25 05:46:54.642 7 INFO neutron.db.ovn_revision_numbers_db [None req-59045d79-0ad6-4711-9099-fbc91872c69d b3c6ad2f764e454da71053f4d3d123ca 553fa1a895974062b980acb7079acfc3 - - default default] Successfully bumped revision number for resource 57c01083-af6e-4a8a-9646-8616179be4bb (type: ports) to 1
2026-07-25 05:46:54.832 7 INFO neutron.db.ovn_revision_numbers_db [None req-5fc826a7-aab2-4995-be76-d0c4b07d5e13 - - - - - -] Successfully bumped revision number for resource bbc78bf9-3d5d-4dc0-b883-8d6747ed70e6 (type: ports) to 4
2026-07-25 05:46:54.981 8 WARNING neutron.scheduler.dhcp_agent_scheduler [None req-47b0333c-12e4-4cb1-b7f0-58e9df14b36c f891316f4aa64b4f9313333c29a6d09e 75bd6ea3796e4fc0a7ac6f5f5d1f01be - - default default] No more DHCP agents
2026-07-25 05:46:54.983 8 WARNING neutron.api.rpc.agentnotifiers.dhcp_rpc_agent_api [None req-47b0333c-12e4-4cb1-b7f0-58e9df14b36c f891316f4aa64b4f9313333c29a6d09e 75bd6ea3796e4fc0a7ac6f5f5d1f01be - - default default] Unable to schedule network 2041388d-8674-43b3-92d4-d0408e6f3748: no agents available; will retry on subsequent port and subnet creation events.
2026-07-25 05:46:55.057 8 INFO neutron.plugins.ml2.drivers.ovn.mech_driver.mech_driver [None req-6ab8a7f4-2ece-477d-a1b4-a80d32f61776 - - - - - -] OVN reports status down for port: 6eadddc1-b2e6-425c-bf2f-449c97c5f6a5
2026-07-25 05:46:55.160 8 INFO neutron.db.ovn_revision_numbers_db [None req-47b0333c-12e4-4cb1-b7f0-58e9df14b36c f891316f4aa64b4f9313333c29a6d09e 75bd6ea3796e4fc0a7ac6f5f5d1f01be - - default default] Successfully bumped revision number for resource 6eadddc1-b2e6-425c-bf2f-449c97c5f6a5 (type: ports) to 1
2026-07-25 05:46:55.533 7 INFO neutron.db.ovn_revision_numbers_db [None req-5fc826a7-aab2-4995-be76-d0c4b07d5e13 - - - - - -] Successfully bumped revision number for resource bbc78bf9-3d5d-4dc0-b883-8d6747ed70e6 (type: ports) to 5
2026-07-25 05:46:55.538 7 INFO neutron.plugins.ml2.drivers.ovn.mech_driver.mech_driver [None req-d6038849-7737-4fc5-855b-4cac808873e6 - - - - - -] OVN reports status down for port: 4e84b32f-3e15-4b66-9391-44ae38be9c35
2026-07-25 05:46:55.692 7 WARNING neutron.plugins.ml2.drivers.ovn.mech_driver.ovsdb.ovn_client [None req-d6038849-7737-4fc5-855b-4cac808873e6 - - - - - -] Logical_Switch_Port 4e84b32f-3e15-4b66-9391-44ae38be9c35 host information not removed, the port state is up
2026-07-25 05:46:55.692 7 INFO neutron.plugins.ml2.drivers.ovn.mech_driver.mech_driver [None req-d6038849-7737-4fc5-855b-4cac808873e6 - - - - - -] OVN reports status up for port: 4e84b32f-3e15-4b66-9391-44ae38be9c35
2026-07-25 05:46:55.727 7 INFO neutron.plugins.ml2.plugin [None req-d6038849-7737-4fc5-855b-4cac808873e6 - - - - - -] Attempt 1 to provision port 4e84b32f-3e15-4b66-9391-44ae38be9c35
2026-07-25 05:46:55.795 7 INFO neutron.plugins.ml2.drivers.ovn.mech_driver.ovsdb.ovsdb_monitor [None req-5fc826a7-aab2-4995-be76-d0c4b07d5e13 - - - - - -] Router 03220af8-1968-4ce5-9460-eb58f0065768 is bound to host instance
2026-07-25 05:46:56.008 7 WARNING neutron.scheduler.dhcp_agent_scheduler [None req-59045d79-0ad6-4711-9099-fbc91872c69d b3c6ad2f764e454da71053f4d3d123ca 553fa1a895974062b980acb7079acfc3 - - default default] No more DHCP agents
2026-07-25 05:46:56.011 7 WARNING neutron.api.rpc.agentnotifiers.dhcp_rpc_agent_api [None req-59045d79-0ad6-4711-9099-fbc91872c69d b3c6ad2f764e454da71053f4d3d123ca 553fa1a895974062b980acb7079acfc3 - - default default] Unable to schedule network a2c1f13f-5e5d-4405-9fd2-849a2dbe6f65: no agents available; will retry on subsequent port and subnet creation events.
2026-07-25 05:46:56.236 8 INFO neutron.plugins.ml2.drivers.ovn.mech_driver.mech_driver [None req-6ab8a7f4-2ece-477d-a1b4-a80d32f61776 - - - - - -] OVN reports status up for port: 6eadddc1-b2e6-425c-bf2f-449c97c5f6a5
2026-07-25 05:46:56.261 8 INFO neutron.plugins.ml2.plugin [None req-6ab8a7f4-2ece-477d-a1b4-a80d32f61776 - - - - - -] Attempt 1 to provision port 6eadddc1-b2e6-425c-bf2f-449c97c5f6a5
2026-07-25 05:46:56.364 8 WARNING neutron.scheduler.dhcp_agent_scheduler [None req-47b0333c-12e4-4cb1-b7f0-58e9df14b36c f891316f4aa64b4f9313333c29a6d09e 75bd6ea3796e4fc0a7ac6f5f5d1f01be - - default default] No more DHCP agents
2026-07-25 05:46:56.368 8 WARNING neutron.api.rpc.agentnotifiers.dhcp_rpc_agent_api [None req-47b0333c-12e4-4cb1-b7f0-58e9df14b36c f891316f4aa64b4f9313333c29a6d09e 75bd6ea3796e4fc0a7ac6f5f5d1f01be - - default default] Unable to schedule network 2041388d-8674-43b3-92d4-d0408e6f3748: no agents available; will retry on subsequent port and subnet creation events.
2026-07-25 05:46:56.826 8 INFO neutron.db.ovn_revision_numbers_db [None req-47b0333c-12e4-4cb1-b7f0-58e9df14b36c f891316f4aa64b4f9313333c29a6d09e 75bd6ea3796e4fc0a7ac6f5f5d1f01be - - default default] Successfully bumped revision number for resource 6eadddc1-b2e6-425c-bf2f-449c97c5f6a5 (type: router_ports) to 1 [pid: 8|app: 0|req: 584/1102] 10.0.0.208 () {34 vars in 783 bytes} [Sat Jul 25 05:46:54 2026] PUT /v2.0/routers/e899d6aa-c4e2-43a9-880d-cd273c114842/add_router_interface => generated 309 bytes in 2323 msecs (HTTP/1.1 200) 4 headers in 157 bytes (1 switches on core 0)
2026-07-25 05:46:57.040 8 INFO neutron.db.ovn_revision_numbers_db [None req-6ab8a7f4-2ece-477d-a1b4-a80d32f61776 - - - - - -] Successfully bumped revision number for resource 6eadddc1-b2e6-425c-bf2f-449c97c5f6a5 (type: ports) to 2
2026-07-25 05:46:57.234 8 INFO neutron.db.ovn_revision_numbers_db [None req-fa0118de-f613-461a-8c96-717dceafead7 - - - - - -] Successfully bumped revision number for resource 6eadddc1-b2e6-425c-bf2f-449c97c5f6a5 (type: router_ports) to 2
2026-07-25 05:46:57.404 7 INFO neutron.db.ovn_revision_numbers_db [None req-59045d79-0ad6-4711-9099-fbc91872c69d b3c6ad2f764e454da71053f4d3d123ca 553fa1a895974062b980acb7079acfc3 - - default default] Successfully bumped revision number for resource 57c01083-af6e-4a8a-9646-8616179be4bb (type: router_ports) to 1 [pid: 7|app: 0|req: 519/1103] 10.0.0.208 () {34 vars in 783 bytes} [Sat Jul 25 05:46:53 2026] PUT /v2.0/routers/f8053827-bd74-4061-ab50-1efe583b7140/add_router_interface => generated 309 bytes in 3825 msecs (HTTP/1.1 200) 4 headers in 157 bytes (1 switches on core 0)
2026-07-25 05:46:57.494 8 WARNING neutron.scheduler.dhcp_agent_scheduler [None req-bfa41b6a-1a9a-4534-a3f5-e70515596bcf b3c6ad2f764e454da71053f4d3d123ca 553fa1a895974062b980acb7079acfc3 - - default default] No more DHCP agents
2026-07-25 05:46:57.495 8 WARNING neutron.api.rpc.agentnotifiers.dhcp_rpc_agent_api [None req-bfa41b6a-1a9a-4534-a3f5-e70515596bcf b3c6ad2f764e454da71053f4d3d123ca 553fa1a895974062b980acb7079acfc3 - - default default] Unable to schedule network 713c77be-d93c-4772-8403-08e52c2a5cdf: no agents available; will retry on subsequent port and subnet creation events. [pid: 7|app: 0|req: 520/1104] 10.0.0.136 () {34 vars in 990 bytes} [Sat Jul 25 05:46:57 2026] GET /v2.0/ports?device_id=732ad4c5-ed7a-46a1-aefb-d305852ec5b5 => generated 975 bytes in 136 msecs (HTTP/1.1 200) 4 headers in 157 bytes (1 switches on core 0)
2026-07-25 05:46:57.620 8 INFO neutron.db.ovn_revision_numbers_db [None req-bfa41b6a-1a9a-4534-a3f5-e70515596bcf b3c6ad2f764e454da71053f4d3d123ca 553fa1a895974062b980acb7079acfc3 - - default default] Successfully bumped revision number for resource 425106a4-b2a1-44b6-abc9-5b9864a81a08 (type: ports) to 1 [pid: 7|app: 0|req: 521/1105] 10.0.0.208 () {32 vars in 717 bytes} [Sat Jul 25 05:46:57 2026] GET /v2.0/ports/6eadddc1-b2e6-425c-bf2f-449c97c5f6a5 => generated 947 bytes in 138 msecs (HTTP/1.1 200) 4 headers in 157 bytes (1 switches on core 0) [pid: 7|app: 0|req: 522/1106] 10.0.0.136 () {34 vars in 1040 bytes} [Sat Jul 25 05:46:57 2026] GET /v2.0/security-groups?id=73c34732-7f55-4c84-bec4-650e16503a74&fields=id&fields=name => generated 112 bytes in 51 msecs (HTTP/1.1 200) 4 headers in 157 bytes (1 switches on core 0)
2026-07-25 05:46:57.822 7 INFO neutron.db.ovn_revision_numbers_db [None req-71b087c9-9703-42e1-88c5-d5a26e2e1db4 - - - - - -] Successfully bumped revision number for resource 4e84b32f-3e15-4b66-9391-44ae38be9c35 (type: ports) to 4
2026-07-25 05:46:58.159 7 INFO neutron.plugins.ml2.drivers.ovn.mech_driver.mech_driver [None req-d6038849-7737-4fc5-855b-4cac808873e6 - - - - - -] OVN reports status down for port: 57c01083-af6e-4a8a-9646-8616179be4bb
2026-07-25 05:46:58.252 8 WARNING neutron.scheduler.dhcp_agent_scheduler [None req-bfa41b6a-1a9a-4534-a3f5-e70515596bcf b3c6ad2f764e454da71053f4d3d123ca 553fa1a895974062b980acb7079acfc3 - - default default] No more DHCP agents
2026-07-25 05:46:58.253 8 WARNING neutron.api.rpc.agentnotifiers.dhcp_rpc_agent_api [None req-bfa41b6a-1a9a-4534-a3f5-e70515596bcf b3c6ad2f764e454da71053f4d3d123ca 553fa1a895974062b980acb7079acfc3 - - default default] Unable to schedule network 713c77be-d93c-4772-8403-08e52c2a5cdf: no agents available; will retry on subsequent port and subnet creation events.
2026-07-25 05:46:58.387 7 INFO neutron.plugins.ml2.drivers.ovn.mech_driver.mech_driver [None req-d6038849-7737-4fc5-855b-4cac808873e6 - - - - - -] OVN reports status up for port: 57c01083-af6e-4a8a-9646-8616179be4bb
2026-07-25 05:46:58.429 7 INFO neutron.plugins.ml2.plugin [None req-d6038849-7737-4fc5-855b-4cac808873e6 - - - - - -] Attempt 1 to provision port 57c01083-af6e-4a8a-9646-8616179be4bb
2026-07-25 05:46:58.618 7 INFO neutron.db.ovn_revision_numbers_db [None req-71b087c9-9703-42e1-88c5-d5a26e2e1db4 - - - - - -] Successfully bumped revision number for resource 4e84b32f-3e15-4b66-9391-44ae38be9c35 (type: ports) to 5
2026-07-25 05:46:58.666 7 WARNING neutron.scheduler.dhcp_agent_scheduler [None req-ac328dea-25a1-4742-be4a-76a4fe49635d f891316f4aa64b4f9313333c29a6d09e 75bd6ea3796e4fc0a7ac6f5f5d1f01be - - default default] No more DHCP agents
2026-07-25 05:46:58.672 7 WARNING neutron.api.rpc.agentnotifiers.dhcp_rpc_agent_api [None req-ac328dea-25a1-4742-be4a-76a4fe49635d f891316f4aa64b4f9313333c29a6d09e 75bd6ea3796e4fc0a7ac6f5f5d1f01be - - default default] Unable to schedule network f264a3d7-da72-4f68-988a-289506332a32: no agents available; will retry on subsequent port and subnet creation events.
2026-07-25 05:46:58.679 8 INFO neutron.db.ovn_revision_numbers_db [None req-bfa41b6a-1a9a-4534-a3f5-e70515596bcf b3c6ad2f764e454da71053f4d3d123ca 553fa1a895974062b980acb7079acfc3 - - default default] Successfully bumped revision number for resource 425106a4-b2a1-44b6-abc9-5b9864a81a08 (type: router_ports) to 1 [pid: 8|app: 0|req: 585/1107] 10.0.0.208 () {34 vars in 783 bytes} [Sat Jul 25 05:46:56 2026] PUT /v2.0/routers/03220af8-1968-4ce5-9460-eb58f0065768/add_router_interface => generated 309 bytes in 1849 msecs (HTTP/1.1 200) 4 headers in 157 bytes (1 switches on core 0) [pid: 8|app: 0|req: 586/1108] 10.0.0.136 () {34 vars in 990 bytes} [Sat Jul 25 05:46:58 2026] GET /v2.0/ports?device_id=732ad4c5-ed7a-46a1-aefb-d305852ec5b5 => generated 975 bytes in 63 msecs (HTTP/1.1 200) 4 headers in 157 bytes (1 switches on core 0)
2026-07-25 05:46:58.837 8 INFO neutron.db.ovn_revision_numbers_db [None req-4f27afdc-33f1-4be4-bf29-27b94a61be53 4c84269c234e46b0aa02cd574eccd017 3d6465e1e960446c866c63d36c922a1b - - default default] Successfully bumped revision number for resource d0823c8e-33cb-49da-ad59-3896cbb6bb28 (type: security_groups) to 1
2026-07-25 05:46:58.848 8 INFO neutron.db.ovn_revision_numbers_db [None req-4f27afdc-33f1-4be4-bf29-27b94a61be53 4c84269c234e46b0aa02cd574eccd017 3d6465e1e960446c866c63d36c922a1b - - default default] Successfully bumped revision number for resource 1e98ca79-5290-4a5e-a049-d5d966d67f69 (type: security_group_rules) to 0
2026-07-25 05:46:58.856 8 INFO neutron.db.ovn_revision_numbers_db [None req-4f27afdc-33f1-4be4-bf29-27b94a61be53 4c84269c234e46b0aa02cd574eccd017 3d6465e1e960446c866c63d36c922a1b - - default default] Successfully bumped revision number for resource 24b65480-f0d5-46cc-b0e0-f9faf039dca1 (type: security_group_rules) to 0 [pid: 8|app: 0|req: 587/1109] 10.0.0.208 () {34 vars in 685 bytes} [Sat Jul 25 05:46:58 2026] POST /v2.0/security-groups => generated 1660 bytes in 135 msecs (HTTP/1.1 201) 4 headers in 163 bytes (1 switches on core 0) [pid: 8|app: 0|req: 590/1112] 10.0.0.136 () {34 vars in 1040 bytes} [Sat Jul 25 05:46:58 2026] GET /v2.0/security-groups?id=73c34732-7f55-4c84-bec4-650e16503a74&fields=id&fields=name => generated 112 bytes in 27 msecs (HTTP/1.1 200) 4 headers in 157 bytes (1 switches on core 0)
2026-07-25 05:46:58.986 8 INFO neutron.plugins.ml2.drivers.ovn.mech_driver.mech_driver [None req-fa0118de-f613-461a-8c96-717dceafead7 - - - - - -] OVN reports status down for port: 7e7347bb-736c-4222-8da1-8ebaa3d43604
2026-07-25 05:46:59.115 8 INFO neutron.db.ovn_revision_numbers_db [None req-359786ec-8bbe-437e-b252-7130b70ec8a6 4c84269c234e46b0aa02cd574eccd017 3d6465e1e960446c866c63d36c922a1b - - default default] Successfully bumped revision number for resource cf00d193-4588-42dc-b6a1-5bb38f8dc5f0 (type: security_group_rules) to 0
2026-07-25 05:46:59.161 7 INFO neutron.db.ovn_revision_numbers_db [None req-ac328dea-25a1-4742-be4a-76a4fe49635d f891316f4aa64b4f9313333c29a6d09e 75bd6ea3796e4fc0a7ac6f5f5d1f01be - - default default] Successfully bumped revision number for resource 4aab6423-9858-413e-958a-bbc73758bf86 (type: ports) to 1
2026-07-25 05:46:59.184 8 INFO neutron.notifiers.nova [-] Nova event matching ['req-68339c03-78a0-47ec-a5bd-65fd79c5d961'] response: {'server_uuid': '732ad4c5-ed7a-46a1-aefb-d305852ec5b5', 'name': 'network-vif-unplugged', 'status': 'completed', 'tag': '7e7347bb-736c-4222-8da1-8ebaa3d43604', 'code': 200} [pid: 8|app: 0|req: 591/1113] 10.0.0.208 () {34 vars in 695 bytes} [Sat Jul 25 05:46:58 2026] POST /v2.0/security-group-rules => generated 597 bytes in 272 msecs (HTTP/1.1 201) 4 headers in 162 bytes (1 switches on core 0)
2026-07-25 05:46:59.404 8 INFO neutron.db.ovn_revision_numbers_db [None req-1d3a6be1-a033-4968-9e1c-978e7992c990 5275467cd34b4a81ac819a437816a646 4fcbfef783b94393b5d0a5b7e46c0db2 - - default default] Successfully bumped revision number for resource 9636be9f-c9a2-4eee-9327-357f94647c40 (type: security_groups) to 1
2026-07-25 05:46:59.406 8 INFO neutron.db.ovn_revision_numbers_db [None req-fa0118de-f613-461a-8c96-717dceafead7 - - - - - -] Successfully bumped revision number for resource 7e7347bb-736c-4222-8da1-8ebaa3d43604 (type: ports) to 8
2026-07-25 05:46:59.423 8 INFO neutron.db.ovn_revision_numbers_db [None req-1d3a6be1-a033-4968-9e1c-978e7992c990 5275467cd34b4a81ac819a437816a646 4fcbfef783b94393b5d0a5b7e46c0db2 - - default default] Successfully bumped revision number for resource 79575535-690b-49a0-8114-8ab182c5e006 (type: security_group_rules) to 0
2026-07-25 05:46:59.451 8 INFO neutron.db.ovn_revision_numbers_db [None req-1d3a6be1-a033-4968-9e1c-978e7992c990 5275467cd34b4a81ac819a437816a646 4fcbfef783b94393b5d0a5b7e46c0db2 - - default default] Successfully bumped revision number for resource a8493677-a73d-4703-85a6-2be494a489cc (type: security_group_rules) to 0
2026-07-25 05:46:59.503 7 INFO neutron.db.ovn_revision_numbers_db [None req-d6038849-7737-4fc5-855b-4cac808873e6 - - - - - -] Successfully bumped revision number for resource 57c01083-af6e-4a8a-9646-8616179be4bb (type: ports) to 2 [pid: 8|app: 0|req: 592/1114] 10.0.0.208 () {34 vars in 685 bytes} [Sat Jul 25 05:46:59 2026] POST /v2.0/security-groups => generated 1660 bytes in 361 msecs (HTTP/1.1 201) 4 headers in 163 bytes (1 switches on core 0) /var/lib/openstack/lib/python3.12/site-packages/pycadf/identifier.py:70: UserWarning: Invalid uuid: neutron. To ensure interoperability, identifiers should be a valid uuid. warnings.warn(('Invalid uuid: %s. To ensure interoperability, '
2026-07-25 05:46:59.744 8 INFO neutron.db.ovn_revision_numbers_db [None req-f34c58be-c404-4f7c-a921-ccc6be66e152 4c84269c234e46b0aa02cd574eccd017 3d6465e1e960446c866c63d36c922a1b - - default default] Successfully bumped revision number for resource 92fd0e0e-769b-45d3-96de-99e285226e24 (type: security_group_rules) to 0 [pid: 8|app: 0|req: 593/1115] 10.0.0.208 () {34 vars in 695 bytes} [Sat Jul 25 05:46:59 2026] POST /v2.0/security-group-rules => generated 602 bytes in 234 msecs (HTTP/1.1 201) 4 headers in 162 bytes (1 switches on core 0)
2026-07-25 05:46:59.917 7 INFO neutron.db.ovn_revision_numbers_db [None req-535bf355-bf09-4171-a017-864dbd252f69 - - - - - -] Successfully bumped revision number for resource 57c01083-af6e-4a8a-9646-8616179be4bb (type: router_ports) to 2
2026-07-25 05:46:59.918 7 INFO neutron.plugins.ml2.drivers.ovn.mech_driver.mech_driver [None req-535bf355-bf09-4171-a017-864dbd252f69 - - - - - -] OVN reports status down for port: 425106a4-b2a1-44b6-abc9-5b9864a81a08
2026-07-25 05:46:59.954 8 INFO neutron.db.ovn_revision_numbers_db [None req-8172ab3f-ac72-4d94-8dc2-27ee71bfe961 5275467cd34b4a81ac819a437816a646 4fcbfef783b94393b5d0a5b7e46c0db2 - - default default] Successfully bumped revision number for resource 1988b635-3482-4dcb-815e-d5cdf80b37c1 (type: security_group_rules) to 0 [pid: 8|app: 0|req: 594/1116] 10.0.0.208 () {34 vars in 695 bytes} [Sat Jul 25 05:46:59 2026] POST /v2.0/security-group-rules => generated 597 bytes in 204 msecs (HTTP/1.1 201) 4 headers in 162 bytes (1 switches on core 0)
2026-07-25 05:47:00.008 7 INFO neutron.plugins.ml2.drivers.ovn.mech_driver.mech_driver [None req-535bf355-bf09-4171-a017-864dbd252f69 - - - - - -] OVN reports status up for port: 425106a4-b2a1-44b6-abc9-5b9864a81a08
2026-07-25 05:47:00.031 7 INFO neutron.plugins.ml2.plugin [None req-535bf355-bf09-4171-a017-864dbd252f69 - - - - - -] Attempt 1 to provision port 425106a4-b2a1-44b6-abc9-5b9864a81a08
2026-07-25 05:47:00.246 8 WARNING neutron.scheduler.dhcp_agent_scheduler [None req-aa5caeec-2287-4c87-81e5-7f129ecc2fe6 4c84269c234e46b0aa02cd574eccd017 3d6465e1e960446c866c63d36c922a1b - - default default] No more DHCP agents
2026-07-25 05:47:00.247 8 WARNING neutron.api.rpc.agentnotifiers.dhcp_rpc_agent_api [None req-aa5caeec-2287-4c87-81e5-7f129ecc2fe6 4c84269c234e46b0aa02cd574eccd017 3d6465e1e960446c866c63d36c922a1b - - default default] Unable to schedule network 29944b43-2182-46ce-9055-3c5349ba25d2: no agents available; will retry on subsequent port and subnet creation events.
2026-07-25 05:47:00.322 7 WARNING neutron.scheduler.dhcp_agent_scheduler [None req-ac328dea-25a1-4742-be4a-76a4fe49635d f891316f4aa64b4f9313333c29a6d09e 75bd6ea3796e4fc0a7ac6f5f5d1f01be - - default default] No more DHCP agents
2026-07-25 05:47:00.324 7 WARNING neutron.api.rpc.agentnotifiers.dhcp_rpc_agent_api [None req-ac328dea-25a1-4742-be4a-76a4fe49635d f891316f4aa64b4f9313333c29a6d09e 75bd6ea3796e4fc0a7ac6f5f5d1f01be - - default default] Unable to schedule network f264a3d7-da72-4f68-988a-289506332a32: no agents available; will retry on subsequent port and subnet creation events. [pid: 8|app: 0|req: 595/1117] 10.0.0.208 () {34 vars in 676 bytes} [Sat Jul 25 05:46:59 2026] POST /v2.0/floatingips => generated 552 bytes in 574 msecs (HTTP/1.1 201) 4 headers in 162 bytes (1 switches on core 0) [pid: 8|app: 0|req: 596/1118] 10.0.0.136 () {34 vars in 990 bytes} [Sat Jul 25 05:47:00 2026] GET /v2.0/ports?device_id=732ad4c5-ed7a-46a1-aefb-d305852ec5b5 => generated 973 bytes in 31 msecs (HTTP/1.1 200) 4 headers in 157 bytes (1 switches on core 0)
2026-07-25 05:47:00.721 8 INFO neutron.db.ovn_revision_numbers_db [None req-2d1f4893-cfbe-4394-ba2f-5aba07313058 5275467cd34b4a81ac819a437816a646 4fcbfef783b94393b5d0a5b7e46c0db2 - - default default] Successfully bumped revision number for resource a6985d05-04ea-4eb2-855f-5f217411dcd7 (type: security_group_rules) to 0 [pid: 8|app: 0|req: 597/1119] 10.0.0.208 () {34 vars in 695 bytes} [Sat Jul 25 05:47:00 2026] POST /v2.0/security-group-rules => generated 602 bytes in 164 msecs (HTTP/1.1 201) 4 headers in 162 bytes (1 switches on core 0) [pid: 8|app: 0|req: 598/1120] 199.204.45.95 () {34 vars in 993 bytes} [Sat Jul 25 05:47:00 2026] GET /v2.0/ports?device_id=732ad4c5-ed7a-46a1-aefb-d305852ec5b5 => generated 973 bytes in 31 msecs (HTTP/1.1 200) 4 headers in 157 bytes (1 switches on core 0)
2026-07-25 05:47:00.808 7 INFO neutron.db.ovn_revision_numbers_db [None req-ac328dea-25a1-4742-be4a-76a4fe49635d f891316f4aa64b4f9313333c29a6d09e 75bd6ea3796e4fc0a7ac6f5f5d1f01be - - default default] Successfully bumped revision number for resource 4aab6423-9858-413e-958a-bbc73758bf86 (type: router_ports) to 1 [pid: 8|app: 0|req: 599/1121] 10.0.0.136 () {34 vars in 1040 bytes} [Sat Jul 25 05:47:00 2026] GET /v2.0/security-groups?id=73c34732-7f55-4c84-bec4-650e16503a74&fields=id&fields=name => generated 112 bytes in 24 msecs (HTTP/1.1 200) 4 headers in 157 bytes (1 switches on core 0) [pid: 7|app: 0|req: 523/1122] 10.0.0.208 () {34 vars in 783 bytes} [Sat Jul 25 05:46:57 2026] PUT /v2.0/routers/e899d6aa-c4e2-43a9-880d-cd273c114842/add_router_interface => generated 309 bytes in 3087 msecs (HTTP/1.1 200) 4 headers in 157 bytes (1 switches on core 0)
2026-07-25 05:47:00.939 7 INFO neutron.db.ovn_revision_numbers_db [None req-535bf355-bf09-4171-a017-864dbd252f69 - - - - - -] Successfully bumped revision number for resource 425106a4-b2a1-44b6-abc9-5b9864a81a08 (type: ports) to 2
2026-07-25 05:47:01.036 8 WARNING neutron.scheduler.dhcp_agent_scheduler [None req-4d93593e-095d-482e-b8ff-c14e9e063f91 5275467cd34b4a81ac819a437816a646 4fcbfef783b94393b5d0a5b7e46c0db2 - - default default] No more DHCP agents
2026-07-25 05:47:01.037 8 WARNING neutron.api.rpc.agentnotifiers.dhcp_rpc_agent_api [None req-4d93593e-095d-482e-b8ff-c14e9e063f91 5275467cd34b4a81ac819a437816a646 4fcbfef783b94393b5d0a5b7e46c0db2 - - default default] Unable to schedule network 29944b43-2182-46ce-9055-3c5349ba25d2: no agents available; will retry on subsequent port and subnet creation events.
2026-07-25 05:47:01.081 7 INFO neutron_taas.services.taas.taas_plugin [req-f50e63e8-4450-406b-96b0-39adca17509a req-a5fac06e-eff7-451f-9df0-baeb71692508 dd4a83cb65244f77b4737143ee9b221e 34277f7443b64c7fa67cef1217a4f75e - - default default] TaaS: Handle Delete Port: 7e7347bb-736c-4222-8da1-8ebaa3d43604
2026-07-25 05:47:01.087 7 INFO neutron_taas.services.taas.tap_mirror_plugin [req-f50e63e8-4450-406b-96b0-39adca17509a req-a5fac06e-eff7-451f-9df0-baeb71692508 dd4a83cb65244f77b4737143ee9b221e 34277f7443b64c7fa67cef1217a4f75e - - default default] Tap Mirror: Handle Delete Port: 7e7347bb-736c-4222-8da1-8ebaa3d43604
2026-07-25 05:47:01.222 8 INFO neutron.notifiers.nova [-] Nova event matching ['req-61629421-a45a-41f0-a972-ee70c2a678e0'] response: {'server_uuid': '732ad4c5-ed7a-46a1-aefb-d305852ec5b5', 'name': 'network-vif-unplugged', 'status': 'completed', 'tag': '7e7347bb-736c-4222-8da1-8ebaa3d43604', 'code': 200} [pid: 8|app: 0|req: 600/1123] 10.0.0.208 () {34 vars in 676 bytes} [Sat Jul 25 05:47:00 2026] POST /v2.0/floatingips => generated 552 bytes in 430 msecs (HTTP/1.1 201) 4 headers in 162 bytes (1 switches on core 0)
2026-07-25 05:47:01.249 7 INFO neutron.db.ovn_revision_numbers_db [None req-ef172468-0352-4c43-bb6b-b2692fcb193f - - - - - -] Successfully bumped revision number for resource 425106a4-b2a1-44b6-abc9-5b9864a81a08 (type: router_ports) to 2
2026-07-25 05:47:01.250 7 INFO neutron.plugins.ml2.drivers.ovn.mech_driver.mech_driver [None req-ef172468-0352-4c43-bb6b-b2692fcb193f - - - - - -] OVN reports status down for port: 4aab6423-9858-413e-958a-bbc73758bf86 [pid: 8|app: 0|req: 601/1124] 10.0.0.208 () {32 vars in 717 bytes} [Sat Jul 25 05:47:01 2026] GET /v2.0/ports/4aab6423-9858-413e-958a-bbc73758bf86 => generated 953 bytes in 57 msecs (HTTP/1.1 200) 4 headers in 157 bytes (1 switches on core 0) [pid: 8|app: 0|req: 602/1125] 10.0.0.136 () {34 vars in 1098 bytes} [Sat Jul 25 05:47:01 2026] GET /v2.0/security-groups?name=tempest-securitygroup--667148990&fields=id&tenant_id=3d6465e1e960446c866c63d36c922a1b => generated 69 bytes in 21 msecs (HTTP/1.1 200) 4 headers in 156 bytes (1 switches on core 0) [pid: 8|app: 0|req: 603/1126] 10.0.0.208 () {32 vars in 717 bytes} [Sat Jul 25 05:47:01 2026] GET /v2.0/ports/4aab6423-9858-413e-958a-bbc73758bf86 => generated 953 bytes in 57 msecs (HTTP/1.1 200) 4 headers in 157 bytes (1 switches on core 0) /var/lib/openstack/lib/python3.12/site-packages/pycadf/identifier.py:70: UserWarning: Invalid uuid: neutron. To ensure interoperability, identifiers should be a valid uuid. warnings.warn(('Invalid uuid: %s. To ensure interoperability, ' [pid: 8|app: 0|req: 604/1127] 10.0.0.136 () {34 vars in 982 bytes} [Sat Jul 25 05:47:01 2026] GET /v2.0/networks?id=a2c1f13f-5e5d-4405-9fd2-849a2dbe6f65 => generated 675 bytes in 40 msecs (HTTP/1.1 200) 4 headers in 157 bytes (1 switches on core 0)
2026-07-25 05:47:01.424 7 INFO neutron.db.l3_db [req-f50e63e8-4450-406b-96b0-39adca17509a req-a5fac06e-eff7-451f-9df0-baeb71692508 dd4a83cb65244f77b4737143ee9b221e 34277f7443b64c7fa67cef1217a4f75e - - default default] Floating IP 0027c8a7-425a-49ec-9300-fa7bcd279ec1 disassociated. External IP: 10.96.250.209, port: 7e7347bb-736c-4222-8da1-8ebaa3d43604.
2026-07-25 05:47:01.440 7 INFO neutron.plugins.ml2.drivers.ovn.mech_driver.mech_driver [None req-ef172468-0352-4c43-bb6b-b2692fcb193f - - - - - -] OVN reports status up for port: 4aab6423-9858-413e-958a-bbc73758bf86 [pid: 8|app: 0|req: 605/1128] 10.0.0.136 () {34 vars in 965 bytes} [Sat Jul 25 05:47:01 2026] GET /v2.0/quotas/3d6465e1e960446c866c63d36c922a1b => generated 292 bytes in 14 msecs (HTTP/1.1 200) 4 headers in 157 bytes (1 switches on core 0)
