2026-07-25 05:08:27.635 7 INFO neutron.api.extensions [None req-445fca99-7f68-4377-ba5e-7fb728c71d8f - - - - - -] Loaded extension: taas-vlan-filter
2026-07-25 05:08:27.636 8 INFO neutron.api.extensions [None req-af569ada-db7a-47ed-9167-f7541ad775af - - - - - -] Loaded extension: l3-ha
2026-07-25 05:08:27.636 8 INFO neutron.api.extensions [None req-af569ada-db7a-47ed-9167-f7541ad775af - - - - - -] Extension l3-ext-ndp-proxy not supported by any of loaded plugins
2026-07-25 05:08:27.637 8 INFO neutron.api.extensions [None req-af569ada-db7a-47ed-9167-f7541ad775af - - - - - -] Loaded extension: external-gateway-multihoming
2026-07-25 05:08:27.637 8 INFO neutron.api.extensions [None req-af569ada-db7a-47ed-9167-f7541ad775af - - - - - -] Loaded extension: l3-flavors
2026-07-25 05:08:27.637 7 INFO neutron.quota.resource_registry [None req-445fca99-7f68-4377-ba5e-7fb728c71d8f - - - - - -] Creating instance of TrackedResource for resource:network
2026-07-25 05:08:27.638 7 INFO neutron.quota.resource_registry [None req-445fca99-7f68-4377-ba5e-7fb728c71d8f - - - - - -] Creating instance of TrackedResource for resource:subnet
2026-07-25 05:08:27.638 7 INFO neutron.quota.resource_registry [None req-445fca99-7f68-4377-ba5e-7fb728c71d8f - - - - - -] Creating instance of TrackedResource for resource:subnetpool
2026-07-25 05:08:27.638 7 INFO neutron.quota.resource_registry [None req-445fca99-7f68-4377-ba5e-7fb728c71d8f - - - - - -] Creating instance of TrackedResource for resource:port
2026-07-25 05:08:27.638 8 INFO neutron.api.extensions [None req-af569ada-db7a-47ed-9167-f7541ad775af - - - - - -] Extension l3-ndp-proxy not supported by any of loaded plugins
2026-07-25 05:08:27.639 8 INFO neutron.api.extensions [None req-af569ada-db7a-47ed-9167-f7541ad775af - - - - - -] Extension l3-port-ip-change-not-allowed not supported by any of loaded plugins
2026-07-25 05:08:27.641 8 INFO neutron.api.extensions [None req-af569ada-db7a-47ed-9167-f7541ad775af - - - - - -] Extension l3_agent_scheduler not supported by any of loaded plugins
2026-07-25 05:08:27.641 7 INFO neutron.quota.resource_registry [None req-445fca99-7f68-4377-ba5e-7fb728c71d8f - - - - - -] Creating instance of TrackedResource for resource:router
2026-07-25 05:08:27.641 7 INFO neutron.quota.resource_registry [None req-445fca99-7f68-4377-ba5e-7fb728c71d8f - - - - - -] Creating instance of TrackedResource for resource:floatingip
2026-07-25 05:08:27.642 8 INFO neutron.api.extensions [None req-af569ada-db7a-47ed-9167-f7541ad775af - - - - - -] Extension local_ip not supported by any of loaded plugins
2026-07-25 05:08:27.643 8 INFO neutron.api.extensions [None req-af569ada-db7a-47ed-9167-f7541ad775af - - - - - -] Loaded extension: logging
2026-07-25 05:08:27.644 8 INFO neutron.api.extensions [None req-af569ada-db7a-47ed-9167-f7541ad775af - - - - - -] Extension metering not supported by any of loaded plugins
2026-07-25 05:08:27.645 8 INFO neutron.api.extensions [None req-af569ada-db7a-47ed-9167-f7541ad775af - - - - - -] Extension metering_source_and_destination_fields not supported by any of loaded plugins
2026-07-25 05:08:27.645 8 INFO neutron.api.extensions [None req-af569ada-db7a-47ed-9167-f7541ad775af - - - - - -] Loaded extension: multi-provider
2026-07-25 05:08:27.646 8 INFO neutron.api.extensions [None req-af569ada-db7a-47ed-9167-f7541ad775af - - - - - -] Loaded extension: net-mtu
2026-07-25 05:08:27.646 8 INFO neutron.api.extensions [None req-af569ada-db7a-47ed-9167-f7541ad775af - - - - - -] Loaded extension: net-mtu-writable
2026-07-25 05:08:27.646 7 INFO neutron.quota.resource_registry [None req-445fca99-7f68-4377-ba5e-7fb728c71d8f - - - - - -] Creating instance of CountableResource for resource:rbac_policy
2026-07-25 05:08:27.647 8 INFO neutron.api.extensions [None req-af569ada-db7a-47ed-9167-f7541ad775af - - - - - -] Loaded extension: network_availability_zone
2026-07-25 05:08:27.647 7 INFO neutron.quota.resource_registry [None req-445fca99-7f68-4377-ba5e-7fb728c71d8f - - - - - -] Creating instance of TrackedResource for resource:security_group
2026-07-25 05:08:27.647 8 INFO neutron.api.extensions [None req-af569ada-db7a-47ed-9167-f7541ad775af - - - - - -] Extension network_ha not supported by any of loaded plugins
2026-07-25 05:08:27.647 7 INFO neutron.quota.resource_registry [None req-445fca99-7f68-4377-ba5e-7fb728c71d8f - - - - - -] Creating instance of TrackedResource for resource:security_group_rule
2026-07-25 05:08:27.648 8 INFO neutron.api.extensions [None req-af569ada-db7a-47ed-9167-f7541ad775af - - - - - -] Loaded extension: network-ip-availability
2026-07-25 05:08:27.648 7 INFO neutron.quota.resource_registry [None req-445fca99-7f68-4377-ba5e-7fb728c71d8f - - - - - -] Creating instance of TrackedResource for resource:subnetpool
2026-07-25 05:08:27.648 7 WARNING neutron.quota.resource_registry [None req-445fca99-7f68-4377-ba5e-7fb728c71d8f - - - - - -] subnetpool is already registered
2026-07-25 05:08:27.649 8 INFO neutron.api.extensions [None req-af569ada-db7a-47ed-9167-f7541ad775af - - - - - -] Extension network-segment-range not supported by any of loaded plugins
2026-07-25 05:08:27.649 7 INFO neutron.quota.resource_registry [None req-445fca99-7f68-4377-ba5e-7fb728c71d8f - - - - - -] Creating instance of CountableResource for resource:trunk
2026-07-25 05:08:27.649 8 INFO neutron.api.extensions [None req-af569ada-db7a-47ed-9167-f7541ad775af - - - - - -] Loaded extension: pagination
2026-07-25 05:08:27.649 7 INFO neutron.quota.resource_registry [None req-445fca99-7f68-4377-ba5e-7fb728c71d8f - - - - - -] Creating instance of CountableResource for resource:ikepolicy
2026-07-25 05:08:27.650 8 INFO neutron.api.extensions [None req-af569ada-db7a-47ed-9167-f7541ad775af - - - - - -] Loaded extension: port-device-profile
2026-07-25 05:08:27.650 7 INFO neutron.quota.resource_registry [None req-445fca99-7f68-4377-ba5e-7fb728c71d8f - - - - - -] Creating instance of CountableResource for resource:ipsecpolicy
2026-07-25 05:08:27.650 8 INFO neutron.api.extensions [None req-af569ada-db7a-47ed-9167-f7541ad775af - - - - - -] Extension port-hardware-offload-type not supported by any of loaded plugins
2026-07-25 05:08:27.650 7 INFO neutron.quota.resource_registry [None req-445fca99-7f68-4377-ba5e-7fb728c71d8f - - - - - -] Creating instance of CountableResource for resource:endpoint_group
2026-07-25 05:08:27.651 8 INFO neutron.api.extensions [None req-af569ada-db7a-47ed-9167-f7541ad775af - - - - - -] Extension port-hint-ovs-tx-steering not supported by any of loaded plugins
2026-07-25 05:08:27.651 7 INFO neutron.quota.resource_registry [None req-445fca99-7f68-4377-ba5e-7fb728c71d8f - - - - - -] Creating instance of CountableResource for resource:vpnservice
2026-07-25 05:08:27.651 7 INFO neutron.quota.resource_registry [None req-445fca99-7f68-4377-ba5e-7fb728c71d8f - - - - - -] Creating instance of CountableResource for resource:ipsec_site_connection
2026-07-25 05:08:27.651 8 INFO neutron.api.extensions [None req-af569ada-db7a-47ed-9167-f7541ad775af - - - - - -] Extension port-hints not supported by any of loaded plugins
2026-07-25 05:08:27.651 7 INFO neutron.quota.resource_registry [None req-445fca99-7f68-4377-ba5e-7fb728c71d8f - - - - - -] Creating instance of CountableResource for resource:ipsecpolicy
2026-07-25 05:08:27.652 8 INFO neutron.api.extensions [None req-af569ada-db7a-47ed-9167-f7541ad775af - - - - - -] Extension port-mac-override not supported by any of loaded plugins
2026-07-25 05:08:27.652 7 WARNING neutron.quota.resource_registry [None req-445fca99-7f68-4377-ba5e-7fb728c71d8f - - - - - -] ipsecpolicy is already registered
2026-07-25 05:08:27.652 7 INFO neutron.quota.resource_registry [None req-445fca99-7f68-4377-ba5e-7fb728c71d8f - - - - - -] Creating instance of CountableResource for resource:ikepolicy
2026-07-25 05:08:27.652 8 INFO neutron.api.extensions [None req-af569ada-db7a-47ed-9167-f7541ad775af - - - - - -] Loaded extension: port-mac-address-regenerate
2026-07-25 05:08:27.652 7 WARNING neutron.quota.resource_registry [None req-445fca99-7f68-4377-ba5e-7fb728c71d8f - - - - - -] ikepolicy is already registered
2026-07-25 05:08:27.653 8 INFO neutron.api.extensions [None req-af569ada-db7a-47ed-9167-f7541ad775af - - - - - -] Loaded extension: port-numa-affinity-policy
2026-07-25 05:08:27.653 8 INFO neutron.api.extensions [None req-af569ada-db7a-47ed-9167-f7541ad775af - - - - - -] Loaded extension: port-numa-affinity-policy-socket
2026-07-25 05:08:27.654 8 INFO neutron.api.extensions [None req-af569ada-db7a-47ed-9167-f7541ad775af - - - - - -] Loaded extension: port-resource-request
2026-07-25 05:08:27.654 8 INFO neutron.api.extensions [None req-af569ada-db7a-47ed-9167-f7541ad775af - - - - - -] Loaded extension: port-resource-request-groups
2026-07-25 05:08:27.655 8 INFO neutron.api.extensions [None req-af569ada-db7a-47ed-9167-f7541ad775af - - - - - -] Extension port-trusted-vif not supported by any of loaded plugins
2026-07-25 05:08:27.655 8 INFO neutron.api.extensions [None req-af569ada-db7a-47ed-9167-f7541ad775af - - - - - -] Loaded extension: binding
2026-07-25 05:08:27.656 8 INFO neutron.api.extensions [None req-af569ada-db7a-47ed-9167-f7541ad775af - - - - - -] Loaded extension: binding-extended
2026-07-25 05:08:27.656 8 INFO neutron.api.extensions [None req-af569ada-db7a-47ed-9167-f7541ad775af - - - - - -] Loaded extension: port-security
2026-07-25 05:08:27.656 7 INFO neutron.quota.resource_registry [None req-445fca99-7f68-4377-ba5e-7fb728c71d8f - - - - - -] Creating instance of TrackedResource for resource:router
2026-07-25 05:08:27.657 7 WARNING neutron.quota.resource_registry [None req-445fca99-7f68-4377-ba5e-7fb728c71d8f - - - - - -] router is already registered
2026-07-25 05:08:27.657 8 INFO neutron.api.extensions [None req-af569ada-db7a-47ed-9167-f7541ad775af - - - - - -] Loaded extension: project-id
2026-07-25 05:08:27.657 7 INFO neutron.quota.resource_registry [None req-445fca99-7f68-4377-ba5e-7fb728c71d8f - - - - - -] Creating instance of TrackedResource for resource:floatingip
2026-07-25 05:08:27.657 8 INFO neutron.api.extensions [None req-af569ada-db7a-47ed-9167-f7541ad775af - - - - - -] Loaded extension: provider
2026-07-25 05:08:27.657 7 WARNING neutron.quota.resource_registry [None req-445fca99-7f68-4377-ba5e-7fb728c71d8f - - - - - -] floatingip is already registered
2026-07-25 05:08:27.658 8 INFO neutron.api.extensions [None req-af569ada-db7a-47ed-9167-f7541ad775af - - - - - -] Extension qinq not supported by any of loaded plugins
2026-07-25 05:08:27.660 8 INFO neutron.api.extensions [None req-af569ada-db7a-47ed-9167-f7541ad775af - - - - - -] Loaded extension: qos
2026-07-25 05:08:27.661 8 INFO neutron.api.extensions [None req-af569ada-db7a-47ed-9167-f7541ad775af - - - - - -] Loaded extension: qos-bw-limit-direction
2026-07-25 05:08:27.661 7 INFO neutron.quota.resource_registry [None req-445fca99-7f68-4377-ba5e-7fb728c71d8f - - - - - -] Creating instance of CountableResource for resource:rbac_policy
2026-07-25 05:08:27.661 8 INFO neutron.api.extensions [None req-af569ada-db7a-47ed-9167-f7541ad775af - - - - - -] Loaded extension: qos-bw-minimum-ingress
2026-07-25 05:08:27.661 7 WARNING neutron.quota.resource_registry [None req-445fca99-7f68-4377-ba5e-7fb728c71d8f - - - - - -] rbac_policy is already registered
2026-07-25 05:08:27.662 8 INFO neutron.api.extensions [None req-af569ada-db7a-47ed-9167-f7541ad775af - - - - - -] Loaded extension: qos-default
2026-07-25 05:08:27.662 7 INFO neutron.quota.resource_registry [None req-445fca99-7f68-4377-ba5e-7fb728c71d8f - - - - - -] Creating instance of TrackedResource for resource:security_group
2026-07-25 05:08:27.662 7 WARNING neutron.quota.resource_registry [None req-445fca99-7f68-4377-ba5e-7fb728c71d8f - - - - - -] security_group is already registered
2026-07-25 05:08:27.662 8 INFO neutron.api.extensions [None req-af569ada-db7a-47ed-9167-f7541ad775af - - - - - -] Loaded extension: qos-fip
2026-07-25 05:08:27.662 7 INFO neutron.quota.resource_registry [None req-445fca99-7f68-4377-ba5e-7fb728c71d8f - - - - - -] Creating instance of TrackedResource for resource:security_group_rule
2026-07-25 05:08:27.662 7 WARNING neutron.quota.resource_registry [None req-445fca99-7f68-4377-ba5e-7fb728c71d8f - - - - - -] security_group_rule is already registered
2026-07-25 05:08:27.663 8 INFO neutron.api.extensions [None req-af569ada-db7a-47ed-9167-f7541ad775af - - - - - -] Extension qos-fip-network-policy not supported by any of loaded plugins
2026-07-25 05:08:27.663 8 INFO neutron.api.extensions [None req-af569ada-db7a-47ed-9167-f7541ad775af - - - - - -] Loaded extension: qos-gateway-ip
2026-07-25 05:08:27.663 7 INFO neutron.quota.resource_registry [None req-445fca99-7f68-4377-ba5e-7fb728c71d8f - - - - - -] Creating instance of TrackedResource for resource:subnetpool
2026-07-25 05:08:27.663 7 WARNING neutron.quota.resource_registry [None req-445fca99-7f68-4377-ba5e-7fb728c71d8f - - - - - -] subnetpool is already registered
2026-07-25 05:08:27.664 8 INFO neutron.api.extensions [None req-af569ada-db7a-47ed-9167-f7541ad775af - - - - - -] Loaded extension: qos-port-network-policy
2026-07-25 05:08:27.664 7 INFO neutron.quota.resource_registry [None req-445fca99-7f68-4377-ba5e-7fb728c71d8f - - - - - -] Creating instance of CountableResource for resource:trunk
2026-07-25 05:08:27.664 7 WARNING neutron.quota.resource_registry [None req-445fca99-7f68-4377-ba5e-7fb728c71d8f - - - - - -] trunk is already registered
2026-07-25 05:08:27.664 8 INFO neutron.api.extensions [None req-af569ada-db7a-47ed-9167-f7541ad775af - - - - - -] Loaded extension: qos-pps-minimum
2026-07-25 05:08:27.664 7 INFO neutron.quota.resource_registry [None req-445fca99-7f68-4377-ba5e-7fb728c71d8f - - - - - -] Creating instance of CountableResource for resource:ikepolicy
2026-07-25 05:08:27.664 7 WARNING neutron.quota.resource_registry [None req-445fca99-7f68-4377-ba5e-7fb728c71d8f - - - - - -] ikepolicy is already registered
2026-07-25 05:08:27.665 7 INFO neutron.quota.resource_registry [None req-445fca99-7f68-4377-ba5e-7fb728c71d8f - - - - - -] Creating instance of CountableResource for resource:ipsecpolicy
2026-07-25 05:08:27.665 8 INFO neutron.api.extensions [None req-af569ada-db7a-47ed-9167-f7541ad775af - - - - - -] Loaded extension: qos-pps-minimum-rule-alias
2026-07-25 05:08:27.665 7 WARNING neutron.quota.resource_registry [None req-445fca99-7f68-4377-ba5e-7fb728c71d8f - - - - - -] ipsecpolicy is already registered
2026-07-25 05:08:27.665 7 INFO neutron.quota.resource_registry [None req-445fca99-7f68-4377-ba5e-7fb728c71d8f - - - - - -] Creating instance of CountableResource for resource:endpoint_group
2026-07-25 05:08:27.666 8 INFO neutron.api.extensions [None req-af569ada-db7a-47ed-9167-f7541ad775af - - - - - -] Loaded extension: qos-pps
2026-07-25 05:08:27.666 7 WARNING neutron.quota.resource_registry [None req-445fca99-7f68-4377-ba5e-7fb728c71d8f - - - - - -] endpoint_group is already registered
2026-07-25 05:08:27.666 7 INFO neutron.quota.resource_registry [None req-445fca99-7f68-4377-ba5e-7fb728c71d8f - - - - - -] Creating instance of CountableResource for resource:vpnservice
2026-07-25 05:08:27.666 8 INFO neutron.api.extensions [None req-af569ada-db7a-47ed-9167-f7541ad775af - - - - - -] Loaded extension: qos-rule-type-details
2026-07-25 05:08:27.666 7 WARNING neutron.quota.resource_registry [None req-445fca99-7f68-4377-ba5e-7fb728c71d8f - - - - - -] vpnservice is already registered
2026-07-25 05:08:27.666 7 INFO neutron.quota.resource_registry [None req-445fca99-7f68-4377-ba5e-7fb728c71d8f - - - - - -] Creating instance of CountableResource for resource:ipsec_site_connection
2026-07-25 05:08:27.666 8 INFO neutron.api.extensions [None req-af569ada-db7a-47ed-9167-f7541ad775af - - - - - -] Loaded extension: qos-rule-type-filter
2026-07-25 05:08:27.666 7 WARNING neutron.quota.resource_registry [None req-445fca99-7f68-4377-ba5e-7fb728c71d8f - - - - - -] ipsec_site_connection is already registered
2026-07-25 05:08:27.667 7 INFO neutron.quota.resource_registry [None req-445fca99-7f68-4377-ba5e-7fb728c71d8f - - - - - -] Creating instance of CountableResource for resource:ipsecpolicy
2026-07-25 05:08:27.667 7 WARNING neutron.quota.resource_registry [None req-445fca99-7f68-4377-ba5e-7fb728c71d8f - - - - - -] ipsecpolicy is already registered
2026-07-25 05:08:27.667 8 INFO neutron.api.extensions [None req-af569ada-db7a-47ed-9167-f7541ad775af - - - - - -] Loaded extension: qos-rules-alias
2026-07-25 05:08:27.667 7 INFO neutron.quota.resource_registry [None req-445fca99-7f68-4377-ba5e-7fb728c71d8f - - - - - -] Creating instance of CountableResource for resource:ikepolicy
2026-07-25 05:08:27.667 7 WARNING neutron.quota.resource_registry [None req-445fca99-7f68-4377-ba5e-7fb728c71d8f - - - - - -] ikepolicy is already registered
2026-07-25 05:08:27.668 8 INFO neutron.api.extensions [None req-af569ada-db7a-47ed-9167-f7541ad775af - - - - - -] Loaded extension: quota-check-limit
2026-07-25 05:08:27.668 8 INFO neutron.api.extensions [None req-af569ada-db7a-47ed-9167-f7541ad775af - - - - - -] Loaded extension: quota-check-limit-default
2026-07-25 05:08:27.670 8 INFO neutron.api.extensions [None req-af569ada-db7a-47ed-9167-f7541ad775af - - - - - -] Loaded extension: quotas
2026-07-25 05:08:27.671 8 INFO neutron.api.extensions [None req-af569ada-db7a-47ed-9167-f7541ad775af - - - - - -] Loaded extension: quota_details
2026-07-25 05:08:27.673 8 INFO neutron.api.extensions [None req-af569ada-db7a-47ed-9167-f7541ad775af - - - - - -] Loaded extension: rbac-policies
2026-07-25 05:08:27.673 8 INFO neutron.api.extensions [None req-af569ada-db7a-47ed-9167-f7541ad775af - - - - - -] Extension rbac-address-group not supported by any of loaded plugins
2026-07-25 05:08:27.674 8 INFO neutron.api.extensions [None req-af569ada-db7a-47ed-9167-f7541ad775af - - - - - -] Loaded extension: rbac-address-scope
2026-07-25 05:08:27.674 8 INFO neutron.api.extensions [None req-af569ada-db7a-47ed-9167-f7541ad775af - - - - - -] Loaded extension: rbac-security-groups
2026-07-25 05:08:27.675 8 INFO neutron.api.extensions [None req-af569ada-db7a-47ed-9167-f7541ad775af - - - - - -] Extension rbac-subnetpool not supported by any of loaded plugins
2026-07-25 05:08:27.675 8 INFO neutron.api.extensions [None req-af569ada-db7a-47ed-9167-f7541ad775af - - - - - -] Loaded extension: revision-if-match
2026-07-25 05:08:27.676 8 INFO neutron.api.extensions [None req-af569ada-db7a-47ed-9167-f7541ad775af - - - - - -] Loaded extension: standard-attr-revisions
2026-07-25 05:08:27.676 8 INFO neutron.api.extensions [None req-af569ada-db7a-47ed-9167-f7541ad775af - - - - - -] Loaded extension: router_availability_zone
2026-07-25 05:08:27.677 8 INFO neutron.api.extensions [None req-af569ada-db7a-47ed-9167-f7541ad775af - - - - - -] Extension router-service-type not supported by any of loaded plugins
2026-07-25 05:08:27.679 8 INFO neutron.api.extensions [None req-af569ada-db7a-47ed-9167-f7541ad775af - - - - - -] Loaded extension: security-groups-default-rules
2026-07-25 05:08:27.679 8 INFO neutron.api.extensions [None req-af569ada-db7a-47ed-9167-f7541ad775af - - - - - -] Loaded extension: security-groups-normalized-cidr
2026-07-25 05:08:27.680 8 INFO neutron.api.extensions [None req-af569ada-db7a-47ed-9167-f7541ad775af - - - - - -] Extension port-security-groups-filtering not supported by any of loaded plugins
2026-07-25 05:08:27.680 8 INFO neutron.api.extensions [None req-af569ada-db7a-47ed-9167-f7541ad775af - - - - - -] Loaded extension: security-groups-remote-address-group
2026-07-25 05:08:27.681 8 INFO neutron.api.extensions [None req-af569ada-db7a-47ed-9167-f7541ad775af - - - - - -] Loaded extension: security-groups-rules-belongs-to-default-sg
2026-07-25 05:08:27.681 8 INFO neutron.api.extensions [None req-af569ada-db7a-47ed-9167-f7541ad775af - - - - - -] Loaded extension: security-groups-shared-filtering
2026-07-25 05:08:27.685 8 INFO neutron.api.extensions [None req-af569ada-db7a-47ed-9167-f7541ad775af - - - - - -] Loaded extension: security-group
2026-07-25 05:08:27.686 8 INFO neutron.api.extensions [None req-af569ada-db7a-47ed-9167-f7541ad775af - - - - - -] Loaded extension: segment
2026-07-25 05:08:27.687 8 INFO neutron.api.extensions [None req-af569ada-db7a-47ed-9167-f7541ad775af - - - - - -] Loaded extension: segments-peer-subnet-host-routes
2026-07-25 05:08:27.688 8 INFO neutron.api.extensions [None req-af569ada-db7a-47ed-9167-f7541ad775af - - - - - -] Loaded extension: service-type
2026-07-25 05:08:27.688 8 INFO neutron.api.extensions [None req-af569ada-db7a-47ed-9167-f7541ad775af - - - - - -] Loaded extension: sorting
2026-07-25 05:08:27.689 8 INFO neutron.api.extensions [None req-af569ada-db7a-47ed-9167-f7541ad775af - - - - - -] Loaded extension: standard-attr-segment
2026-07-25 05:08:27.689 8 INFO neutron.api.extensions [None req-af569ada-db7a-47ed-9167-f7541ad775af - - - - - -] Loaded extension: standard-attr-description
2026-07-25 05:08:27.690 8 INFO neutron.api.extensions [None req-af569ada-db7a-47ed-9167-f7541ad775af - - - - - -] Loaded extension: stateful-security-group
2026-07-25 05:08:27.690 8 WARNING neutron.api.extensions [None req-af569ada-db7a-47ed-9167-f7541ad775af - - - - - -] Did not find expected name "Stdattrs_common" in /var/lib/openstack/lib/python3.12/site-packages/neutron/extensions/stdattrs_common.py
2026-07-25 05:08:27.691 8 INFO neutron.api.extensions [None req-af569ada-db7a-47ed-9167-f7541ad775af - - - - - -] Loaded extension: subnet-dns-publish-fixed-ip
2026-07-25 05:08:27.691 8 INFO neutron.api.extensions [None req-af569ada-db7a-47ed-9167-f7541ad775af - - - - - -] Loaded extension: subnet-external-network
2026-07-25 05:08:27.692 8 INFO neutron.api.extensions [None req-af569ada-db7a-47ed-9167-f7541ad775af - - - - - -] Extension subnet_onboard not supported by any of loaded plugins
2026-07-25 05:08:27.692 8 INFO neutron.api.extensions [None req-af569ada-db7a-47ed-9167-f7541ad775af - - - - - -] Loaded extension: subnet-segmentid-writable
2026-07-25 05:08:27.693 8 INFO neutron.api.extensions [None req-af569ada-db7a-47ed-9167-f7541ad775af - - - - - -] Loaded extension: subnet-service-types
2026-07-25 05:08:27.693 8 INFO neutron.api.extensions [None req-af569ada-db7a-47ed-9167-f7541ad775af - - - - - -] Loaded extension: subnet_allocation
2026-07-25 05:08:27.694 8 INFO neutron.api.extensions [None req-af569ada-db7a-47ed-9167-f7541ad775af - - - - - -] Loaded extension: subnetpool-prefix-ops
2026-07-25 05:08:27.694 8 INFO neutron.api.extensions [None req-af569ada-db7a-47ed-9167-f7541ad775af - - - - - -] Loaded extension: tag-creation
2026-07-25 05:08:27.695 8 INFO neutron.api.extensions [None req-af569ada-db7a-47ed-9167-f7541ad775af - - - - - -] Extension tag-ports-during-bulk-creation not supported by any of loaded plugins
2026-07-25 05:08:27.700 8 INFO neutron.api.extensions [None req-af569ada-db7a-47ed-9167-f7541ad775af - - - - - -] Loaded extension: standard-attr-tag
2026-07-25 05:08:27.701 8 INFO neutron.api.extensions [None req-af569ada-db7a-47ed-9167-f7541ad775af - - - - - -] Loaded extension: standard-attr-timestamp
2026-07-25 05:08:27.701 8 INFO neutron.api.extensions [None req-af569ada-db7a-47ed-9167-f7541ad775af - - - - - -] Loaded extension: trunk
2026-07-25 05:08:27.702 8 INFO neutron.api.extensions [None req-af569ada-db7a-47ed-9167-f7541ad775af - - - - - -] Loaded extension: trunk-details
2026-07-25 05:08:27.702 8 INFO neutron.api.extensions [None req-af569ada-db7a-47ed-9167-f7541ad775af - - - - - -] Extension uplink-status-propagation not supported by any of loaded plugins
2026-07-25 05:08:27.703 8 INFO neutron.api.extensions [None req-af569ada-db7a-47ed-9167-f7541ad775af - - - - - -] Extension uplink-status-propagation-updatable not supported by any of loaded plugins
2026-07-25 05:08:27.703 7 WARNING keystonemiddleware._common.config [None req-445fca99-7f68-4377-ba5e-7fb728c71d8f - - - - - -] The option "audit_map_file" is not known to keystonemiddleware
2026-07-25 05:08:27.703 8 INFO neutron.api.extensions [None req-af569ada-db7a-47ed-9167-f7541ad775af - - - - - -] Extension vlan-transparent not supported by any of loaded plugins
2026-07-25 05:08:27.704 8 INFO neutron.api.extensions [None req-af569ada-db7a-47ed-9167-f7541ad775af - - - - - -] Loaded extension: vpn-aes-ctr
2026-07-25 05:08:27.706 8 INFO neutron.api.extensions [None req-af569ada-db7a-47ed-9167-f7541ad775af - - - - - -] Loaded extension: vpn-agent-scheduler
2026-07-25 05:08:27.706 8 INFO neutron.api.extensions [None req-af569ada-db7a-47ed-9167-f7541ad775af - - - - - -] Loaded extension: vpn-endpoint-groups
2026-07-25 05:08:27.707 8 INFO neutron.api.extensions [None req-af569ada-db7a-47ed-9167-f7541ad775af - - - - - -] Loaded extension: vpn-flavors
2026-07-25 05:08:27.709 8 INFO neutron.api.extensions [None req-af569ada-db7a-47ed-9167-f7541ad775af - - - - - -] Loaded extension: vpnaas
2026-07-25 05:08:27.709 7 WARNING oslo_config.cfg [None req-445fca99-7f68-4377-ba5e-7fb728c71d8f - - - - - -] Deprecated: Option "auth_uri" from group "keystone_authtoken" is deprecated. Use option "www_authenticate_uri" from group "keystone_authtoken".
2026-07-25 05:08:27.710 8 INFO neutron.api.extensions [None req-af569ada-db7a-47ed-9167-f7541ad775af - - - - - -] Loaded extension: taas
2026-07-25 05:08:27.711 8 INFO neutron.api.extensions [None req-af569ada-db7a-47ed-9167-f7541ad775af - - - - - -] Loaded extension: tap-mirror
2026-07-25 05:08:27.712 8 INFO neutron.api.extensions [None req-af569ada-db7a-47ed-9167-f7541ad775af - - - - - -] Loaded extension: taas-vlan-filter
2026-07-25 05:08:27.714 8 INFO neutron.quota.resource_registry [None req-af569ada-db7a-47ed-9167-f7541ad775af - - - - - -] Creating instance of TrackedResource for resource:network
2026-07-25 05:08:27.714 8 INFO neutron.quota.resource_registry [None req-af569ada-db7a-47ed-9167-f7541ad775af - - - - - -] Creating instance of TrackedResource for resource:subnet
2026-07-25 05:08:27.715 8 INFO neutron.quota.resource_registry [None req-af569ada-db7a-47ed-9167-f7541ad775af - - - - - -] Creating instance of TrackedResource for resource:subnetpool
2026-07-25 05:08:27.715 8 INFO neutron.quota.resource_registry [None req-af569ada-db7a-47ed-9167-f7541ad775af - - - - - -] Creating instance of TrackedResource for resource:port
2026-07-25 05:08:27.718 8 INFO neutron.quota.resource_registry [None req-af569ada-db7a-47ed-9167-f7541ad775af - - - - - -] Creating instance of TrackedResource for resource:router
2026-07-25 05:08:27.718 8 INFO neutron.quota.resource_registry [None req-af569ada-db7a-47ed-9167-f7541ad775af - - - - - -] Creating instance of TrackedResource for resource:floatingip
2026-07-25 05:08:27.723 8 INFO neutron.quota.resource_registry [None req-af569ada-db7a-47ed-9167-f7541ad775af - - - - - -] Creating instance of CountableResource for resource:rbac_policy
2026-07-25 05:08:27.724 8 INFO neutron.quota.resource_registry [None req-af569ada-db7a-47ed-9167-f7541ad775af - - - - - -] Creating instance of TrackedResource for resource:security_group
2026-07-25 05:08:27.724 8 INFO neutron.quota.resource_registry [None req-af569ada-db7a-47ed-9167-f7541ad775af - - - - - -] Creating instance of TrackedResource for resource:security_group_rule
2026-07-25 05:08:27.725 8 INFO neutron.quota.resource_registry [None req-af569ada-db7a-47ed-9167-f7541ad775af - - - - - -] Creating instance of TrackedResource for resource:subnetpool
2026-07-25 05:08:27.725 8 WARNING neutron.quota.resource_registry [None req-af569ada-db7a-47ed-9167-f7541ad775af - - - - - -] subnetpool is already registered
2026-07-25 05:08:27.725 8 INFO neutron.quota.resource_registry [None req-af569ada-db7a-47ed-9167-f7541ad775af - - - - - -] Creating instance of CountableResource for resource:trunk
2026-07-25 05:08:27.726 8 INFO neutron.quota.resource_registry [None req-af569ada-db7a-47ed-9167-f7541ad775af - - - - - -] Creating instance of CountableResource for resource:ikepolicy
2026-07-25 05:08:27.726 8 INFO neutron.quota.resource_registry [None req-af569ada-db7a-47ed-9167-f7541ad775af - - - - - -] Creating instance of CountableResource for resource:ipsecpolicy
2026-07-25 05:08:27.727 8 INFO neutron.quota.resource_registry [None req-af569ada-db7a-47ed-9167-f7541ad775af - - - - - -] Creating instance of CountableResource for resource:endpoint_group
2026-07-25 05:08:27.727 8 INFO neutron.quota.resource_registry [None req-af569ada-db7a-47ed-9167-f7541ad775af - - - - - -] Creating instance of CountableResource for resource:vpnservice
2026-07-25 05:08:27.727 8 INFO neutron.quota.resource_registry [None req-af569ada-db7a-47ed-9167-f7541ad775af - - - - - -] Creating instance of CountableResource for resource:ipsec_site_connection
2026-07-25 05:08:27.728 7 WARNING neutron.plugins.ml2.drivers.ovn.mech_driver.mech_driver [None req-445fca99-7f68-4377-ba5e-7fb728c71d8f - - - - - -] uWSGI must provide a start time using the configuration parameter "start-time %t" in the configuration file
2026-07-25 05:08:27.728 8 INFO neutron.quota.resource_registry [None req-af569ada-db7a-47ed-9167-f7541ad775af - - - - - -] Creating instance of CountableResource for resource:ipsecpolicy
2026-07-25 05:08:27.728 8 WARNING neutron.quota.resource_registry [None req-af569ada-db7a-47ed-9167-f7541ad775af - - - - - -] ipsecpolicy is already registered
2026-07-25 05:08:27.728 8 INFO neutron.quota.resource_registry [None req-af569ada-db7a-47ed-9167-f7541ad775af - - - - - -] Creating instance of CountableResource for resource:ikepolicy
2026-07-25 05:08:27.729 8 WARNING neutron.quota.resource_registry [None req-af569ada-db7a-47ed-9167-f7541ad775af - - - - - -] ikepolicy is already registered
2026-07-25 05:08:27.733 8 INFO neutron.quota.resource_registry [None req-af569ada-db7a-47ed-9167-f7541ad775af - - - - - -] Creating instance of TrackedResource for resource:router
2026-07-25 05:08:27.733 8 WARNING neutron.quota.resource_registry [None req-af569ada-db7a-47ed-9167-f7541ad775af - - - - - -] router is already registered
2026-07-25 05:08:27.733 8 INFO neutron.quota.resource_registry [None req-af569ada-db7a-47ed-9167-f7541ad775af - - - - - -] Creating instance of TrackedResource for resource:floatingip
2026-07-25 05:08:27.734 8 WARNING neutron.quota.resource_registry [None req-af569ada-db7a-47ed-9167-f7541ad775af - - - - - -] floatingip is already registered
2026-07-25 05:08:27.738 8 INFO neutron.quota.resource_registry [None req-af569ada-db7a-47ed-9167-f7541ad775af - - - - - -] Creating instance of CountableResource for resource:rbac_policy
2026-07-25 05:08:27.738 8 WARNING neutron.quota.resource_registry [None req-af569ada-db7a-47ed-9167-f7541ad775af - - - - - -] rbac_policy is already registered
2026-07-25 05:08:27.738 8 INFO neutron.quota.resource_registry [None req-af569ada-db7a-47ed-9167-f7541ad775af - - - - - -] Creating instance of TrackedResource for resource:security_group
2026-07-25 05:08:27.738 8 WARNING neutron.quota.resource_registry [None req-af569ada-db7a-47ed-9167-f7541ad775af - - - - - -] security_group is already registered
2026-07-25 05:08:27.739 8 INFO neutron.quota.resource_registry [None req-af569ada-db7a-47ed-9167-f7541ad775af - - - - - -] Creating instance of TrackedResource for resource:security_group_rule
2026-07-25 05:08:27.739 8 WARNING neutron.quota.resource_registry [None req-af569ada-db7a-47ed-9167-f7541ad775af - - - - - -] security_group_rule is already registered
2026-07-25 05:08:27.740 8 INFO neutron.quota.resource_registry [None req-af569ada-db7a-47ed-9167-f7541ad775af - - - - - -] Creating instance of TrackedResource for resource:subnetpool
2026-07-25 05:08:27.740 8 WARNING neutron.quota.resource_registry [None req-af569ada-db7a-47ed-9167-f7541ad775af - - - - - -] subnetpool is already registered
2026-07-25 05:08:27.740 8 INFO neutron.quota.resource_registry [None req-af569ada-db7a-47ed-9167-f7541ad775af - - - - - -] Creating instance of CountableResource for resource:trunk
2026-07-25 05:08:27.740 8 WARNING neutron.quota.resource_registry [None req-af569ada-db7a-47ed-9167-f7541ad775af - - - - - -] trunk is already registered
2026-07-25 05:08:27.741 8 INFO neutron.quota.resource_registry [None req-af569ada-db7a-47ed-9167-f7541ad775af - - - - - -] Creating instance of CountableResource for resource:ikepolicy
2026-07-25 05:08:27.741 8 WARNING neutron.quota.resource_registry [None req-af569ada-db7a-47ed-9167-f7541ad775af - - - - - -] ikepolicy is already registered
2026-07-25 05:08:27.741 7 INFO neutron.db.ovn_hash_ring_db [None req-445fca99-7f68-4377-ba5e-7fb728c71d8f - - - - - -] Nodes from host "neutron-server-74df655447-hq4ft" and group "mechanism_driver" removed from the Hash Ring created at
2026-07-25 05:08:27+00:00
2026-07-25 05:08:27.741 8 INFO neutron.quota.resource_registry [None req-af569ada-db7a-47ed-9167-f7541ad775af - - - - - -] Creating instance of CountableResource for resource:ipsecpolicy
2026-07-25 05:08:27.741 8 WARNING neutron.quota.resource_registry [None req-af569ada-db7a-47ed-9167-f7541ad775af - - - - - -] ipsecpolicy is already registered
2026-07-25 05:08:27.742 8 INFO neutron.quota.resource_registry [None req-af569ada-db7a-47ed-9167-f7541ad775af - - - - - -] Creating instance of CountableResource for resource:endpoint_group
2026-07-25 05:08:27.742 8 WARNING neutron.quota.resource_registry [None req-af569ada-db7a-47ed-9167-f7541ad775af - - - - - -] endpoint_group is already registered
2026-07-25 05:08:27.742 8 INFO neutron.quota.resource_registry [None req-af569ada-db7a-47ed-9167-f7541ad775af - - - - - -] Creating instance of CountableResource for resource:vpnservice
2026-07-25 05:08:27.742 8 WARNING neutron.quota.resource_registry [None req-af569ada-db7a-47ed-9167-f7541ad775af - - - - - -] vpnservice is already registered
2026-07-25 05:08:27.743 8 INFO neutron.quota.resource_registry [None req-af569ada-db7a-47ed-9167-f7541ad775af - - - - - -] Creating instance of CountableResource for resource:ipsec_site_connection
2026-07-25 05:08:27.743 8 WARNING neutron.quota.resource_registry [None req-af569ada-db7a-47ed-9167-f7541ad775af - - - - - -] ipsec_site_connection is already registered
2026-07-25 05:08:27.743 8 INFO neutron.quota.resource_registry [None req-af569ada-db7a-47ed-9167-f7541ad775af - - - - - -] Creating instance of CountableResource for resource:ipsecpolicy
2026-07-25 05:08:27.743 8 WARNING neutron.quota.resource_registry [None req-af569ada-db7a-47ed-9167-f7541ad775af - - - - - -] ipsecpolicy is already registered
2026-07-25 05:08:27.744 7 INFO neutron.db.ovn_hash_ring_db [None req-445fca99-7f68-4377-ba5e-7fb728c71d8f - - - - - -] Node e70b8d3b6d3255d7b971309efa92d119 from host "neutron-server-74df655447-hq4ft" and group "mechanism_driver" added to the Hash Ring
2026-07-25 05:08:27.744 8 INFO neutron.quota.resource_registry [None req-af569ada-db7a-47ed-9167-f7541ad775af - - - - - -] Creating instance of CountableResource for resource:ikepolicy
2026-07-25 05:08:27.744 8 WARNING neutron.quota.resource_registry [None req-af569ada-db7a-47ed-9167-f7541ad775af - - - - - -] ikepolicy is already registered
2026-07-25 05:08:27.780 8 WARNING keystonemiddleware._common.config [None req-af569ada-db7a-47ed-9167-f7541ad775af - - - - - -] The option "audit_map_file" is not known to keystonemiddleware
2026-07-25 05:08:27.786 8 WARNING oslo_config.cfg [None req-af569ada-db7a-47ed-9167-f7541ad775af - - - - - -] Deprecated: Option "auth_uri" from group "keystone_authtoken" is deprecated. Use option "www_authenticate_uri" from group "keystone_authtoken".
2026-07-25 05:08:27.809 8 WARNING neutron.plugins.ml2.drivers.ovn.mech_driver.mech_driver [None req-af569ada-db7a-47ed-9167-f7541ad775af - - - - - -] uWSGI must provide a start time using the configuration parameter "start-time %t" in the configuration file
2026-07-25 05:08:28.550 8 INFO neutron.db.ovn_hash_ring_db [None req-af569ada-db7a-47ed-9167-f7541ad775af - - - - - -] Nodes from host "neutron-server-74df655447-hq4ft" and group "mechanism_driver" removed from the Hash Ring created at
2026-07-25 05:08:27+00:00
2026-07-25 05:08:28.553 7 INFO neutron.plugins.ml2.drivers.ovn.mech_driver.mech_driver [None req-445fca99-7f68-4377-ba5e-7fb728c71d8f - - - - - -] Hash Ring probing thread for node e70b8d3b6d3255d7b971309efa92d119 has started
2026-07-25 05:08:28.555 7 INFO neutron.plugins.ml2.drivers.ovn.mech_driver.ovsdb.impl_idl_ovn [None req-445fca99-7f68-4377-ba5e-7fb728c71d8f - - - - - -] Getting OvsdbNbOvnIdl for WorkerService with retry
2026-07-25 05:08:28.555 8 INFO neutron.db.ovn_hash_ring_db [None req-af569ada-db7a-47ed-9167-f7541ad775af - - - - - -] Node dcd17a7376ed55f9a2b7b0c186a6af5d from host "neutron-server-74df655447-hq4ft" and group "mechanism_driver" added to the Hash Ring
2026-07-25 05:08:28.588 7 INFO ovsdbapp.backend.ovs_idl.vlog [None req-445fca99-7f68-4377-ba5e-7fb728c71d8f - - - - - -] tcp:10.108.92.77:6641: connecting...
2026-07-25 05:08:28.589 7 INFO ovsdbapp.backend.ovs_idl.vlog [None req-445fca99-7f68-4377-ba5e-7fb728c71d8f - - - - - -] tcp:10.108.92.77:6641: connected
2026-07-25 05:08:28.617 8 INFO neutron.plugins.ml2.drivers.ovn.mech_driver.mech_driver [None req-af569ada-db7a-47ed-9167-f7541ad775af - - - - - -] Hash Ring probing thread for node dcd17a7376ed55f9a2b7b0c186a6af5d has started
2026-07-25 05:08:28.619 8 INFO neutron.plugins.ml2.drivers.ovn.mech_driver.ovsdb.impl_idl_ovn [None req-af569ada-db7a-47ed-9167-f7541ad775af - - - - - -] Getting OvsdbNbOvnIdl for WorkerService with retry
2026-07-25 05:08:28.632 7 INFO neutron.plugins.ml2.drivers.ovn.mech_driver.ovsdb.impl_idl_ovn [None req-445fca99-7f68-4377-ba5e-7fb728c71d8f - - - - - -] Getting OvsdbSbOvnIdl for WorkerService with retry
2026-07-25 05:08:28.657 7 INFO ovsdbapp.backend.ovs_idl.vlog [None req-445fca99-7f68-4377-ba5e-7fb728c71d8f - - - - - -] tcp:10.100.195.210:6642: connecting...
2026-07-25 05:08:28.657 7 INFO ovsdbapp.backend.ovs_idl.vlog [None req-445fca99-7f68-4377-ba5e-7fb728c71d8f - - - - - -] tcp:10.100.195.210:6642: connected
2026-07-25 05:08:28.657 8 INFO ovsdbapp.backend.ovs_idl.vlog [None req-af569ada-db7a-47ed-9167-f7541ad775af - - - - - -] tcp:10.108.92.77:6641: connecting...
2026-07-25 05:08:28.658 8 INFO ovsdbapp.backend.ovs_idl.vlog [None req-af569ada-db7a-47ed-9167-f7541ad775af - - - - - -] tcp:10.108.92.77:6641: connected
2026-07-25 05:08:28.688 7 INFO neutron.plugins.ml2.drivers.ovn.mech_driver.mech_driver [None req-445fca99-7f68-4377-ba5e-7fb728c71d8f - - - - - -] WorkerService process has finished the post initialization
2026-07-25 05:08:28.697 8 INFO neutron.plugins.ml2.drivers.ovn.mech_driver.ovsdb.impl_idl_ovn [None req-af569ada-db7a-47ed-9167-f7541ad775af - - - - - -] Getting OvsdbSbOvnIdl for WorkerService with retry
2026-07-25 05:08:28.708 7 INFO ovsdbapp.backend.ovs_idl.vlog [None req-445fca99-7f68-4377-ba5e-7fb728c71d8f - - - - - -] tcp:10.108.92.77:6641: connecting...
2026-07-25 05:08:28.709 7 INFO ovsdbapp.backend.ovs_idl.vlog [None req-445fca99-7f68-4377-ba5e-7fb728c71d8f - - - - - -] tcp:10.108.92.77:6641: connected
2026-07-25 05:08:28.714 8 INFO ovsdbapp.backend.ovs_idl.vlog [None req-af569ada-db7a-47ed-9167-f7541ad775af - - - - - -] tcp:10.100.195.210:6642: connecting...
2026-07-25 05:08:28.714 8 INFO ovsdbapp.backend.ovs_idl.vlog [None req-af569ada-db7a-47ed-9167-f7541ad775af - - - - - -] tcp:10.100.195.210:6642: connected
2026-07-25 05:08:28.745 8 INFO neutron.plugins.ml2.drivers.ovn.mech_driver.mech_driver [None req-af569ada-db7a-47ed-9167-f7541ad775af - - - - - -] WorkerService process has finished the post initialization
2026-07-25 05:08:28.745 8 INFO neutron.plugins.ml2.drivers.ovn.mech_driver.ovsdb.extensions.qos [-] Starting OVNClientQosExtension
2026-07-25 05:08:28.746 8 INFO neutron.plugins.ml2.drivers.ovn.mech_driver.ovsdb.extensions.placement [-] Starting OVNClientPlacementExtension
2026-07-25 05:08:28.759 7 INFO ovsdbapp.backend.ovs_idl.vlog [None req-445fca99-7f68-4377-ba5e-7fb728c71d8f - - - - - -] tcp:10.108.92.77:6641: connecting...
2026-07-25 05:08:28.759 7 INFO ovsdbapp.backend.ovs_idl.vlog [None req-445fca99-7f68-4377-ba5e-7fb728c71d8f - - - - - -] tcp:10.108.92.77:6641: connected
2026-07-25 05:08:28.767 8 INFO ovsdbapp.backend.ovs_idl.vlog [None req-af569ada-db7a-47ed-9167-f7541ad775af - - - - - -] tcp:10.108.92.77:6641: connecting...
2026-07-25 05:08:28.767 8 INFO ovsdbapp.backend.ovs_idl.vlog [None req-af569ada-db7a-47ed-9167-f7541ad775af - - - - - -] tcp:10.108.92.77:6641: connected WSGI app 0 (mountpoint='') ready in 10 seconds on interpreter 0x7fa2c5c74668 pid: 7 (default app)
2026-07-25 05:08:28.806 8 INFO ovsdbapp.backend.ovs_idl.vlog [None req-af569ada-db7a-47ed-9167-f7541ad775af - - - - - -] tcp:10.108.92.77:6641: connecting...
2026-07-25 05:08:28.807 8 INFO ovsdbapp.backend.ovs_idl.vlog [None req-af569ada-db7a-47ed-9167-f7541ad775af - - - - - -] tcp:10.108.92.77:6641: connected WSGI app 0 (mountpoint='') ready in 10 seconds on interpreter 0x7fa2c5c74668 pid: 8 (default app) /var/lib/openstack/lib/python3.12/site-packages/pycadf/identifier.py:70: UserWarning: Invalid uuid: unknown. To ensure interoperability, identifiers should be a valid uuid. warnings.warn(('Invalid uuid: %s. To ensure interoperability, '
2026-07-25 05:08:38.522 7 INFO neutron.pecan_wsgi.hooks.translation [None req-803c05f4-e494-4e83-9d29-03b4db27c3f7 b3c6ad2f764e454da71053f4d3d123ca 553fa1a895974062b980acb7079acfc3 - - default default] GET failed (client error): The resource could not be found. [pid: 7|app: 0|req: 4/4] 199.204.45.95 () {44 vars in 923 bytes} [Sat Jul 25 05:08:34 2026] GET /v2.0/networks/public => generated 108 bytes in 4406 msecs (HTTP/1.1 404) 4 headers in 164 bytes (1 switches on core 0) /var/lib/openstack/lib/python3.12/site-packages/pycadf/identifier.py:70: UserWarning: Invalid uuid: unknown. To ensure interoperability, identifiers should be a valid uuid. warnings.warn(('Invalid uuid: %s. To ensure interoperability, ' [pid: 8|app: 0|req: 1/5] 199.204.45.95 () {44 vars in 945 bytes} [Sat Jul 25 05:08:38 2026] GET /v2.0/networks?name=public => generated 15 bytes in 369 msecs (HTTP/1.1 200) 4 headers in 156 bytes (1 switches on core 0)
2026-07-25 05:08:43.818 7 INFO neutron.plugins.ml2.drivers.ovn.mech_driver.ovsdb.extensions.qos [None req-cc6f1dc7-3dfe-46eb-a3c1-c4f6b19c5e8c b3c6ad2f764e454da71053f4d3d123ca 553fa1a895974062b980acb7079acfc3 - - default default] Starting OVNClientQosExtension
2026-07-25 05:08:43.819 7 INFO neutron.plugins.ml2.drivers.ovn.mech_driver.ovsdb.extensions.placement [None req-cc6f1dc7-3dfe-46eb-a3c1-c4f6b19c5e8c b3c6ad2f764e454da71053f4d3d123ca 553fa1a895974062b980acb7079acfc3 - - default default] Starting OVNClientPlacementExtension
2026-07-25 05:08:43.890 7 INFO neutron.db.ovn_revision_numbers_db [None req-cc6f1dc7-3dfe-46eb-a3c1-c4f6b19c5e8c b3c6ad2f764e454da71053f4d3d123ca 553fa1a895974062b980acb7079acfc3 - - default default] Successfully bumped revision number for resource 9d3d713f-d0a7-4d90-8b1d-1bb361bca040 (type: security_groups) to 1
2026-07-25 05:08:43.910 7 INFO neutron.db.ovn_revision_numbers_db [None req-cc6f1dc7-3dfe-46eb-a3c1-c4f6b19c5e8c b3c6ad2f764e454da71053f4d3d123ca 553fa1a895974062b980acb7079acfc3 - - default default] Successfully bumped revision number for resource 157e528e-f1ea-45ae-8709-cfd80e5de77c (type: security_group_rules) to 0
2026-07-25 05:08:43.929 7 INFO neutron.db.ovn_revision_numbers_db [None req-cc6f1dc7-3dfe-46eb-a3c1-c4f6b19c5e8c b3c6ad2f764e454da71053f4d3d123ca 553fa1a895974062b980acb7079acfc3 - - default default] Successfully bumped revision number for resource 28129345-2248-4a02-94de-c7f8825d2ad1 (type: security_group_rules) to 0
2026-07-25 05:08:43.962 7 INFO neutron.db.ovn_revision_numbers_db [None req-cc6f1dc7-3dfe-46eb-a3c1-c4f6b19c5e8c b3c6ad2f764e454da71053f4d3d123ca 553fa1a895974062b980acb7079acfc3 - - default default] Successfully bumped revision number for resource 6f7a9f99-b3e6-48a2-9d14-830a4dca6169 (type: security_group_rules) to 0
2026-07-25 05:08:43.974 7 INFO neutron.db.ovn_revision_numbers_db [None req-cc6f1dc7-3dfe-46eb-a3c1-c4f6b19c5e8c b3c6ad2f764e454da71053f4d3d123ca 553fa1a895974062b980acb7079acfc3 - - default default] Successfully bumped revision number for resource a551f43a-08ef-435c-b9b2-281d8d8d0af7 (type: security_group_rules) to 0
2026-07-25 05:08:44.082 7 WARNING neutron.services.revisions.revision_plugin [None req-cc6f1dc7-3dfe-46eb-a3c1-c4f6b19c5e8c b3c6ad2f764e454da71053f4d3d123ca 553fa1a895974062b980acb7079acfc3 - - default default] Could not find related network for resource to bump revision.
2026-07-25 05:08:44.106 7 INFO neutron.db.segments_db [None req-cc6f1dc7-3dfe-46eb-a3c1-c4f6b19c5e8c b3c6ad2f764e454da71053f4d3d123ca 553fa1a895974062b980acb7079acfc3 - - default default] Added segment b16b3fec-c00b-4477-92e1-674b9748e50c of type flat for network 29944b43-2182-46ce-9055-3c5349ba25d2
2026-07-25 05:08:44.269 8 INFO neutron.plugins.ml2.drivers.ovn.mech_driver.mech_driver [-] OVN reports status down for port: provnet-b16b3fec-c00b-4477-92e1-674b9748e50c
2026-07-25 05:08:44.293 7 INFO neutron.db.ovn_revision_numbers_db [None req-cc6f1dc7-3dfe-46eb-a3c1-c4f6b19c5e8c b3c6ad2f764e454da71053f4d3d123ca 553fa1a895974062b980acb7079acfc3 - - default default] Successfully bumped revision number for resource 29944b43-2182-46ce-9055-3c5349ba25d2 (type: networks) to 1
2026-07-25 05:08:44.568 7 WARNING neutron.scheduler.dhcp_agent_scheduler [None req-cc6f1dc7-3dfe-46eb-a3c1-c4f6b19c5e8c b3c6ad2f764e454da71053f4d3d123ca 553fa1a895974062b980acb7079acfc3 - - default default] No more DHCP agents
2026-07-25 05:08:44.570 7 WARNING neutron.api.rpc.agentnotifiers.dhcp_rpc_agent_api [None req-cc6f1dc7-3dfe-46eb-a3c1-c4f6b19c5e8c b3c6ad2f764e454da71053f4d3d123ca 553fa1a895974062b980acb7079acfc3 - - default default] Unable to schedule network 29944b43-2182-46ce-9055-3c5349ba25d2: no agents available; will retry on subsequent port and subnet creation events.
2026-07-25 05:08:44.654 8 INFO neutron.plugins.ml2.drivers.ovn.mech_driver.mech_driver [None req-fee65ec9-8f33-4423-b1d7-ee6e01049a37 - - - - - -] OVN reports status down for port: 23318ace-da40-41c3-ab3c-bc2e1d67ef16
2026-07-25 05:08:44.708 7 INFO neutron.db.ovn_revision_numbers_db [None req-cc6f1dc7-3dfe-46eb-a3c1-c4f6b19c5e8c b3c6ad2f764e454da71053f4d3d123ca 553fa1a895974062b980acb7079acfc3 - - default default] Successfully bumped revision number for resource 23318ace-da40-41c3-ab3c-bc2e1d67ef16 (type: ports) to 1 [pid: 7|app: 0|req: 5/7] 199.204.45.95 () {48 vars in 963 bytes} [Sat Jul 25 05:08:38 2026] POST /v2.0/networks => generated 706 bytes in 6040 msecs (HTTP/1.1 201) 4 headers in 162 bytes (1 switches on core 0)
2026-07-25 05:08:46.355 8 INFO neutron.pecan_wsgi.hooks.translation [None req-7ebf766a-59e5-4e67-83e4-9ff0b3ded004 b3c6ad2f764e454da71053f4d3d123ca 553fa1a895974062b980acb7079acfc3 - - default default] GET failed (client error): The resource could not be found. [pid: 8|app: 0|req: 3/8] 199.204.45.95 () {44 vars in 923 bytes} [Sat Jul 25 05:08:45 2026] GET /v2.0/networks/public => generated 108 bytes in 367 msecs (HTTP/1.1 404) 4 headers in 164 bytes (1 switches on core 0) [pid: 7|app: 0|req: 6/9] 199.204.45.95 () {44 vars in 945 bytes} [Sat Jul 25 05:08:46 2026] GET /v2.0/networks?name=public => generated 715 bytes in 105 msecs (HTTP/1.1 200) 4 headers in 157 bytes (1 switches on core 0)
2026-07-25 05:08:46.500 8 INFO neutron.pecan_wsgi.hooks.translation [None req-4ba7272d-78e2-400e-8208-ad429a869f68 b3c6ad2f764e454da71053f4d3d123ca 553fa1a895974062b980acb7079acfc3 - - default default] GET failed (client error): The resource could not be found. [pid: 8|app: 0|req: 4/10] 199.204.45.95 () {44 vars in 1030 bytes} [Sat Jul 25 05:08:46 2026] GET /v2.0/subnets/public-subnet?network_id=29944b43-2182-46ce-9055-3c5349ba25d2 => generated 113 bytes in 29 msecs (HTTP/1.1 404) 4 headers in 164 bytes (1 switches on core 0) [pid: 7|app: 0|req: 7/11] 199.204.45.95 () {44 vars in 1053 bytes} [Sat Jul 25 05:08:46 2026] GET /v2.0/subnets?name=public-subnet&network_id=29944b43-2182-46ce-9055-3c5349ba25d2 => generated 14 bytes in 27 msecs (HTTP/1.1 200) 4 headers in 156 bytes (1 switches on core 0)
2026-07-25 05:08:46.990 8 WARNING neutron.scheduler.dhcp_agent_scheduler [None req-5540ac90-730b-4a94-b3fd-8faa10714fdb b3c6ad2f764e454da71053f4d3d123ca 553fa1a895974062b980acb7079acfc3 - - default default] No more DHCP agents
2026-07-25 05:08:46.991 8 WARNING neutron.api.rpc.agentnotifiers.dhcp_rpc_agent_api [None req-5540ac90-730b-4a94-b3fd-8faa10714fdb b3c6ad2f764e454da71053f4d3d123ca 553fa1a895974062b980acb7079acfc3 - - default default] Unable to schedule network 29944b43-2182-46ce-9055-3c5349ba25d2: no agents available; will retry on subsequent port and subnet creation events.
2026-07-25 05:08:47.921 8 INFO neutron.db.ovn_revision_numbers_db [None req-e5c0a756-a50b-4a22-8a20-cf89352718de - - - - - -] Successfully bumped revision number for resource 23318ace-da40-41c3-ab3c-bc2e1d67ef16 (type: ports) to 2
2026-07-25 05:08:47.958 8 INFO neutron.db.ovn_revision_numbers_db [None req-e5c0a756-a50b-4a22-8a20-cf89352718de - - - - - -] Successfully bumped revision number for resource ff13cdff-fc3c-476f-b816-e9c657cdee62 (type: subnets) to 0 [pid: 8|app: 0|req: 5/12] 199.204.45.95 () {48 vars in 961 bytes} [Sat Jul 25 05:08:46 2026] POST /v2.0/subnets => generated 664 bytes in 1438 msecs (HTTP/1.1 201) 4 headers in 162 bytes (1 switches on core 0)
