2026-07-25 05:47:32.534 8 INFO neutron_taas.services.taas.taas_plugin [None req-58b6581e-aa2b-4e68-9ff3-c11036171abc 1558e560358a4220b1bf7fecdfa21e00 ea1f754f56634ce4b104335f0f9ddbb7 - - default default] TaaS: Handle Delete Port: e89ce483-80e7-47cb-bf35-f21145ad1454
2026-07-25 05:47:32.537 8 INFO neutron_taas.services.taas.tap_mirror_plugin [None req-58b6581e-aa2b-4e68-9ff3-c11036171abc 1558e560358a4220b1bf7fecdfa21e00 ea1f754f56634ce4b104335f0f9ddbb7 - - default default] Tap Mirror: Handle Delete Port: e89ce483-80e7-47cb-bf35-f21145ad1454
2026-07-25 05:47:32.581 7 INFO neutron.db.segments_db [None req-ea126478-8928-4ad3-8e72-4210741b8652 b3c6ad2f764e454da71053f4d3d123ca 553fa1a895974062b980acb7079acfc3 - - default default] Added segment 9fa6e5d5-d7ed-44fb-809b-2e96bcb795a6 of type geneve for network 896cdafe-c0ac-4cb8-b263-14e3dce2773b
2026-07-25 05:47:32.757 7 INFO neutron.db.ovn_revision_numbers_db [None req-ea126478-8928-4ad3-8e72-4210741b8652 b3c6ad2f764e454da71053f4d3d123ca 553fa1a895974062b980acb7079acfc3 - - default default] Successfully bumped revision number for resource 896cdafe-c0ac-4cb8-b263-14e3dce2773b (type: networks) to 1 [pid: 8|app: 0|req: 734/1366] 10.0.0.208 () {32 vars in 726 bytes} [Sat Jul 25 05:47:32 2026] DELETE /v2.0/networks/1a1b2fab-208d-4d00-aff1-cd244da29c4a => generated 0 bytes in 368 msecs (HTTP/1.1 204) 3 headers in 131 bytes (1 switches on core 0) [pid: 8|app: 0|req: 735/1367] 10.0.0.136 () {34 vars in 990 bytes} [Sat Jul 25 05:47:32 2026] GET /v2.0/ports?device_id=99c52ead-9915-4221-93cc-eeb2a9094169 => generated 12 bytes in 24 msecs (HTTP/1.1 200) 4 headers in 156 bytes (1 switches on core 0)
2026-07-25 05:47:32.939 8 INFO neutron_taas.services.taas.taas_plugin [None req-953330e6-c1d5-4b12-8a38-d84512007198 1558e560358a4220b1bf7fecdfa21e00 ea1f754f56634ce4b104335f0f9ddbb7 - - default default] TaaS: Handle Delete Port: 58066b01-47f6-453e-afd1-c08edf54f7bc
2026-07-25 05:47:32.942 8 INFO neutron_taas.services.taas.tap_mirror_plugin [None req-953330e6-c1d5-4b12-8a38-d84512007198 1558e560358a4220b1bf7fecdfa21e00 ea1f754f56634ce4b104335f0f9ddbb7 - - default default] Tap Mirror: Handle Delete Port: 58066b01-47f6-453e-afd1-c08edf54f7bc
2026-07-25 05:47:32.984 7 WARNING neutron.scheduler.dhcp_agent_scheduler [None req-ea126478-8928-4ad3-8e72-4210741b8652 b3c6ad2f764e454da71053f4d3d123ca 553fa1a895974062b980acb7079acfc3 - - default default] No more DHCP agents
2026-07-25 05:47:32.986 7 WARNING neutron.api.rpc.agentnotifiers.dhcp_rpc_agent_api [None req-ea126478-8928-4ad3-8e72-4210741b8652 b3c6ad2f764e454da71053f4d3d123ca 553fa1a895974062b980acb7079acfc3 - - default default] Unable to schedule network 896cdafe-c0ac-4cb8-b263-14e3dce2773b: no agents available; will retry on subsequent port and subnet creation events.
2026-07-25 05:47:33.070 8 INFO neutron.plugins.ml2.drivers.ovn.mech_driver.mech_driver [None req-d925fc9c-5f71-4514-ac79-acd21dd91976 - - - - - -] OVN reports status down for port: c279f87e-b076-4183-9807-96536df504dc
2026-07-25 05:47:33.116 7 INFO neutron.db.ovn_revision_numbers_db [None req-ea126478-8928-4ad3-8e72-4210741b8652 b3c6ad2f764e454da71053f4d3d123ca 553fa1a895974062b980acb7079acfc3 - - default default] Successfully bumped revision number for resource c279f87e-b076-4183-9807-96536df504dc (type: ports) to 1 [pid: 7|app: 0|req: 633/1368] 10.0.0.208 () {34 vars in 671 bytes} [Sat Jul 25 05:47:32 2026] POST /v2.0/networks => generated 748 bytes in 1029 msecs (HTTP/1.1 201) 4 headers in 162 bytes (1 switches on core 0) [pid: 8|app: 0|req: 736/1369] 10.0.0.208 () {32 vars in 726 bytes} [Sat Jul 25 05:47:32 2026] DELETE /v2.0/networks/33bf3efe-940d-4c16-b49b-bddf5998530c => generated 0 bytes in 444 msecs (HTTP/1.1 204) 3 headers in 131 bytes (1 switches on core 0)
2026-07-25 05:47:33.320 7 WARNING neutron.scheduler.dhcp_agent_scheduler [None req-c69daed1-f501-479a-9719-03cbc4597491 b3c6ad2f764e454da71053f4d3d123ca 553fa1a895974062b980acb7079acfc3 - - default default] No more DHCP agents
2026-07-25 05:47:33.321 7 WARNING neutron.api.rpc.agentnotifiers.dhcp_rpc_agent_api [None req-c69daed1-f501-479a-9719-03cbc4597491 b3c6ad2f764e454da71053f4d3d123ca 553fa1a895974062b980acb7079acfc3 - - default default] Unable to schedule network 896cdafe-c0ac-4cb8-b263-14e3dce2773b: no agents available; will retry on subsequent port and subnet creation events.
2026-07-25 05:47:33.771 8 INFO neutron.db.ovn_revision_numbers_db [None req-0083684c-5fb7-4a4f-b8dc-ecd8ee08c9fc b3c6ad2f764e454da71053f4d3d123ca 553fa1a895974062b980acb7079acfc3 - - default default] Successfully bumped revision number for resource ecced3b4-0130-49d5-bad1-9deb8235abc3 (type: security_groups) to 1
2026-07-25 05:47:33.778 7 INFO neutron.db.ovn_revision_numbers_db [None req-80e6525d-babc-4d92-81b0-7f0e7aba643d - - - - - -] Successfully bumped revision number for resource c279f87e-b076-4183-9807-96536df504dc (type: ports) to 2
2026-07-25 05:47:33.783 8 INFO neutron.db.ovn_revision_numbers_db [None req-0083684c-5fb7-4a4f-b8dc-ecd8ee08c9fc b3c6ad2f764e454da71053f4d3d123ca 553fa1a895974062b980acb7079acfc3 - - default default] Successfully bumped revision number for resource 2c216115-7a46-47ea-a4b6-45a40b281492 (type: security_group_rules) to 0
2026-07-25 05:47:33.793 8 INFO neutron.db.ovn_revision_numbers_db [None req-0083684c-5fb7-4a4f-b8dc-ecd8ee08c9fc b3c6ad2f764e454da71053f4d3d123ca 553fa1a895974062b980acb7079acfc3 - - default default] Successfully bumped revision number for resource 4d11aada-4022-42ab-b161-0ccbd127cbdd (type: security_group_rules) to 0
2026-07-25 05:47:33.804 8 INFO neutron.db.ovn_revision_numbers_db [None req-0083684c-5fb7-4a4f-b8dc-ecd8ee08c9fc b3c6ad2f764e454da71053f4d3d123ca 553fa1a895974062b980acb7079acfc3 - - default default] Successfully bumped revision number for resource af515c88-aa23-4b5c-a050-b2843d1c49fd (type: security_group_rules) to 0
2026-07-25 05:47:33.812 7 INFO neutron.db.ovn_revision_numbers_db [None req-80e6525d-babc-4d92-81b0-7f0e7aba643d - - - - - -] Successfully bumped revision number for resource affc0384-39dd-4e92-bb07-c61590172cec (type: subnets) to 0
2026-07-25 05:47:33.819 8 INFO neutron.db.ovn_revision_numbers_db [None req-0083684c-5fb7-4a4f-b8dc-ecd8ee08c9fc b3c6ad2f764e454da71053f4d3d123ca 553fa1a895974062b980acb7079acfc3 - - default default] Successfully bumped revision number for resource cd3bcefc-464e-47f3-9122-788641a73533 (type: security_group_rules) to 0 [pid: 7|app: 0|req: 634/1370] 10.0.0.208 () {34 vars in 669 bytes} [Sat Jul 25 05:47:33 2026] POST /v2.0/subnets => generated 692 bytes in 680 msecs (HTTP/1.1 201) 4 headers in 162 bytes (1 switches on core 0) [pid: 8|app: 0|req: 737/1371] 10.0.0.208 () {32 vars in 774 bytes} [Sat Jul 25 05:47:33 2026] GET /v2.0/security-groups?tenant_id=3a45366ce808419dbecc4189888a57fb&name=default => generated 2925 bytes in 397 msecs (HTTP/1.1 200) 4 headers in 158 bytes (1 switches on core 0) [pid: 7|app: 0|req: 635/1372] 10.0.0.208 () {32 vars in 774 bytes} [Sat Jul 25 05:47:33 2026] GET /v2.0/security-groups?tenant_id=ea1f754f56634ce4b104335f0f9ddbb7&name=default => generated 2925 bytes in 69 msecs (HTTP/1.1 200) 4 headers in 158 bytes (1 switches on core 0) [pid: 7|app: 0|req: 636/1373] 10.0.0.136 () {34 vars in 990 bytes} [Sat Jul 25 05:47:33 2026] GET /v2.0/ports?device_id=99c52ead-9915-4221-93cc-eeb2a9094169 => generated 12 bytes in 18 msecs (HTTP/1.1 200) 4 headers in 156 bytes (1 switches on core 0) [pid: 7|app: 0|req: 637/1374] 10.0.0.208 () {32 vars in 740 bytes} [Sat Jul 25 05:47:33 2026] DELETE /v2.0/security-groups/ecced3b4-0130-49d5-bad1-9deb8235abc3 => generated 0 bytes in 231 msecs (HTTP/1.1 204) 2 headers in 112 bytes (1 switches on core 0)
2026-07-25 05:47:34.250 8 WARNING neutron.scheduler.dhcp_agent_scheduler [None req-6d833305-bb44-4766-81d1-8d7e76c77fb3 b3c6ad2f764e454da71053f4d3d123ca 553fa1a895974062b980acb7079acfc3 - - default default] No more DHCP agents
2026-07-25 05:47:34.251 8 WARNING neutron.api.rpc.agentnotifiers.dhcp_rpc_agent_api [None req-6d833305-bb44-4766-81d1-8d7e76c77fb3 b3c6ad2f764e454da71053f4d3d123ca 553fa1a895974062b980acb7079acfc3 - - default default] Unable to schedule network 29944b43-2182-46ce-9055-3c5349ba25d2: no agents available; will retry on subsequent port and subnet creation events.
2026-07-25 05:47:34.337 8 INFO neutron.plugins.ml2.drivers.ovn.mech_driver.mech_driver [None req-d925fc9c-5f71-4514-ac79-acd21dd91976 - - - - - -] OVN reports status down for port: a92b968e-282e-41a0-a8b9-a3a4e6c7f351
2026-07-25 05:47:34.379 8 INFO neutron.services.segments.plugin [-] Segment e8204907-e4e2-48e1-ae8f-8e23a6aecbd3 resource provider aggregate not found
2026-07-25 05:47:34.381 8 INFO neutron.services.segments.plugin [-] Segment e8204907-e4e2-48e1-ae8f-8e23a6aecbd3 resource provider aggregate not found
2026-07-25 05:47:34.404 8 INFO neutron.services.segments.plugin [-] Client error retrieving segment e8204907-e4e2-48e1-ae8f-8e23a6aecbd3 resource provider; error: Placement Client Error (4xx): {"errors": [{"status": 404, "title": "Not Found", "detail": "The resource could not be found.\n\n No resource provider with uuid e8204907-e4e2-48e1-ae8f-8e23a6aecbd3 found for delete ", "request_id": "req-57d9a5c1-f340-4630-a939-c6f123768531"}]} [pid: 7|app: 0|req: 638/1375] 10.0.0.208 () {32 vars in 740 bytes} [Sat Jul 25 05:47:34 2026] DELETE /v2.0/security-groups/b50bab06-c17f-4c1d-9b7b-fa90c39df77d => generated 0 bytes in 252 msecs (HTTP/1.1 204) 2 headers in 112 bytes (1 switches on core 0)
2026-07-25 05:47:34.405 8 INFO neutron.services.segments.plugin [-] Client error retrieving segment e8204907-e4e2-48e1-ae8f-8e23a6aecbd3 resource provider; error: Placement Client Error (4xx): {"errors": [{"status": 404, "title": "Not Found", "detail": "The resource could not be found.\n\n No resource provider with uuid e8204907-e4e2-48e1-ae8f-8e23a6aecbd3 found for delete ", "request_id": "req-98eb5738-6f12-470b-8639-63930b94e525"}]}
2026-07-25 05:47:34.435 8 INFO neutron.db.ovn_revision_numbers_db [None req-6d833305-bb44-4766-81d1-8d7e76c77fb3 b3c6ad2f764e454da71053f4d3d123ca 553fa1a895974062b980acb7079acfc3 - - default default] Successfully bumped revision number for resource a92b968e-282e-41a0-a8b9-a3a4e6c7f351 (type: ports) to 1
2026-07-25 05:47:34.443 8 INFO neutron.services.segments.plugin [-] Segment f2b9c9db-bde8-4a19-8f70-6b2aee8e3caf resource provider aggregate not found
2026-07-25 05:47:34.450 8 INFO neutron.services.segments.plugin [-] Segment f2b9c9db-bde8-4a19-8f70-6b2aee8e3caf resource provider aggregate not found
2026-07-25 05:47:34.459 8 INFO neutron.services.segments.plugin [-] Client error retrieving segment f2b9c9db-bde8-4a19-8f70-6b2aee8e3caf resource provider; error: Placement Client Error (4xx): {"errors": [{"status": 404, "title": "Not Found", "detail": "The resource could not be found.\n\n No resource provider with uuid f2b9c9db-bde8-4a19-8f70-6b2aee8e3caf found for delete ", "request_id": "req-c030d50f-3463-44a5-b628-6c10fe6c0ba6"}]}
2026-07-25 05:47:34.477 8 INFO neutron.services.segments.plugin [-] Client error retrieving segment f2b9c9db-bde8-4a19-8f70-6b2aee8e3caf resource provider; error: Placement Client Error (4xx): {"errors": [{"status": 404, "title": "Not Found", "detail": "The resource could not be found.\n\n No resource provider with uuid f2b9c9db-bde8-4a19-8f70-6b2aee8e3caf found for delete ", "request_id": "req-a8599818-1b06-45e2-bfda-53c20eff4e71"}]}
2026-07-25 05:47:35.094 8 INFO neutron.plugins.ml2.drivers.ovn.mech_driver.ovsdb.commands [None req-a65962f9-8d21-4f0a-a7cc-f643a1d17635 - - - - - -] Schedule LRP lrp-a92b968e-282e-41a0-a8b9-a3a4e6c7f351 on gateway 7fd92aa0-904b-4e7c-97c8-3be17e419530 with priority 1
2026-07-25 05:47:35.157 8 INFO neutron.plugins.ml2.drivers.ovn.mech_driver.mech_driver [None req-d925fc9c-5f71-4514-ac79-acd21dd91976 - - - - - -] OVN reports status up for port: a92b968e-282e-41a0-a8b9-a3a4e6c7f351
2026-07-25 05:47:35.187 7 INFO neutron.plugins.ml2.drivers.ovn.mech_driver.ovsdb.ovsdb_monitor [None req-71b087c9-9703-42e1-88c5-d5a26e2e1db4 - - - - - -] Router 0d2f0cc9-2e37-4f66-8c34-7e36d1f55312 is bound to host instance
2026-07-25 05:47:35.195 8 INFO neutron.plugins.ml2.plugin [None req-d925fc9c-5f71-4514-ac79-acd21dd91976 - - - - - -] Attempt 1 to provision port a92b968e-282e-41a0-a8b9-a3a4e6c7f351
2026-07-25 05:47:35.223 8 INFO neutron.db.ovn_revision_numbers_db [None req-6d833305-bb44-4766-81d1-8d7e76c77fb3 b3c6ad2f764e454da71053f4d3d123ca 553fa1a895974062b980acb7079acfc3 - - default default] Successfully bumped revision number for resource a92b968e-282e-41a0-a8b9-a3a4e6c7f351 (type: router_ports) to 1 [pid: 7|app: 0|req: 639/1376] 10.0.0.208 () {32 vars in 740 bytes} [Sat Jul 25 05:47:35 2026] DELETE /v2.0/security-groups/9636be9f-c9a2-4eee-9327-357f94647c40 => generated 0 bytes in 303 msecs (HTTP/1.1 204) 2 headers in 112 bytes (1 switches on core 0)
2026-07-25 05:47:35.335 7 INFO neutron.api.v2.resource [None req-0a5f9eea-4e7a-4c07-9c77-a1f93deac8f1 5275467cd34b4a81ac819a437816a646 4fcbfef783b94393b5d0a5b7e46c0db2 - - default default] show failed (client error): The resource could not be found. [pid: 7|app: 0|req: 640/1377] 10.0.0.208 () {32 vars in 737 bytes} [Sat Jul 25 05:47:35 2026] GET /v2.0/security-groups/9636be9f-c9a2-4eee-9327-357f94647c40 => generated 146 bytes in 23 msecs (HTTP/1.1 404) 4 headers in 164 bytes (1 switches on core 0)
2026-07-25 05:47:35.613 7 INFO neutron_taas.services.taas.taas_plugin [None req-877e4c6d-9d48-455f-8f26-9b66e000f974 5275467cd34b4a81ac819a437816a646 4fcbfef783b94393b5d0a5b7e46c0db2 - - default default] TaaS: Handle Delete Port: c25acc55-e085-4dfb-9aa3-293d6bc22015
2026-07-25 05:47:35.619 7 INFO neutron_taas.services.taas.tap_mirror_plugin [None req-877e4c6d-9d48-455f-8f26-9b66e000f974 5275467cd34b4a81ac819a437816a646 4fcbfef783b94393b5d0a5b7e46c0db2 - - default default] Tap Mirror: Handle Delete Port: c25acc55-e085-4dfb-9aa3-293d6bc22015
2026-07-25 05:47:35.798 8 INFO neutron.db.ovn_revision_numbers_db [None req-6d833305-bb44-4766-81d1-8d7e76c77fb3 b3c6ad2f764e454da71053f4d3d123ca 553fa1a895974062b980acb7079acfc3 - - default default] Successfully bumped revision number for resource 0d2f0cc9-2e37-4f66-8c34-7e36d1f55312 (type: routers) to 2 [pid: 8|app: 0|req: 738/1378] 10.0.0.208 () {34 vars in 669 bytes} [Sat Jul 25 05:47:33 2026] POST /v2.0/routers => generated 970 bytes in 1962 msecs (HTTP/1.1 201) 4 headers in 162 bytes (1 switches on core 0) [pid: 7|app: 0|req: 641/1379] 10.0.0.208 () {32 vars in 732 bytes} [Sat Jul 25 05:47:35 2026] DELETE /v2.0/floatingips/5a1d5edf-0c2d-4bf7-99fc-f994863f30e6 => generated 0 bytes in 667 msecs (HTTP/1.1 204) 2 headers in 112 bytes (1 switches on core 0)
2026-07-25 05:47:36.258 8 WARNING neutron.scheduler.dhcp_agent_scheduler [None req-939466d5-44b2-4fce-82ce-af846e3fc028 b3c6ad2f764e454da71053f4d3d123ca 553fa1a895974062b980acb7079acfc3 - - default default] No more DHCP agents
2026-07-25 05:47:36.259 8 WARNING neutron.api.rpc.agentnotifiers.dhcp_rpc_agent_api [None req-939466d5-44b2-4fce-82ce-af846e3fc028 b3c6ad2f764e454da71053f4d3d123ca 553fa1a895974062b980acb7079acfc3 - - default default] Unable to schedule network 896cdafe-c0ac-4cb8-b263-14e3dce2773b: no agents available; will retry on subsequent port and subnet creation events.
2026-07-25 05:47:36.498 8 INFO neutron.db.ovn_revision_numbers_db [None req-939466d5-44b2-4fce-82ce-af846e3fc028 b3c6ad2f764e454da71053f4d3d123ca 553fa1a895974062b980acb7079acfc3 - - default default] Successfully bumped revision number for resource 721efeb4-3929-47be-98a0-c2b26f65541e (type: ports) to 1
2026-07-25 05:47:36.507 7 INFO neutron.plugins.ml2.drivers.ovn.mech_driver.mech_driver [None req-858ca29e-e14b-497d-9d10-f140e86dce71 - - - - - -] OVN reports status down for port: 721efeb4-3929-47be-98a0-c2b26f65541e
2026-07-25 05:47:36.712 7 INFO neutron_taas.services.taas.taas_plugin [None req-77e25aba-7b94-4c2e-8957-3ca99e3628fa b3c6ad2f764e454da71053f4d3d123ca 553fa1a895974062b980acb7079acfc3 - - default default] TaaS: Handle Delete Port: 425106a4-b2a1-44b6-abc9-5b9864a81a08
2026-07-25 05:47:36.717 7 INFO neutron_taas.services.taas.tap_mirror_plugin [None req-77e25aba-7b94-4c2e-8957-3ca99e3628fa b3c6ad2f764e454da71053f4d3d123ca 553fa1a895974062b980acb7079acfc3 - - default default] Tap Mirror: Handle Delete Port: 425106a4-b2a1-44b6-abc9-5b9864a81a08
2026-07-25 05:47:37.009 7 INFO neutron.db.ovn_revision_numbers_db [None req-16a57b4f-b5cb-4fd4-ac07-db8d53565ee5 - - - - - -] Successfully bumped revision number for resource a92b968e-282e-41a0-a8b9-a3a4e6c7f351 (type: ports) to 4
2026-07-25 05:47:37.078 7 INFO neutron.plugins.ml2.drivers.ovn.mech_driver.mech_driver [None req-858ca29e-e14b-497d-9d10-f140e86dce71 - - - - - -] OVN reports status up for port: 721efeb4-3929-47be-98a0-c2b26f65541e
2026-07-25 05:47:37.131 7 INFO neutron.plugins.ml2.plugin [None req-858ca29e-e14b-497d-9d10-f140e86dce71 - - - - - -] Attempt 1 to provision port 721efeb4-3929-47be-98a0-c2b26f65541e
2026-07-25 05:47:37.132 8 WARNING neutron.scheduler.dhcp_agent_scheduler [None req-939466d5-44b2-4fce-82ce-af846e3fc028 b3c6ad2f764e454da71053f4d3d123ca 553fa1a895974062b980acb7079acfc3 - - default default] No more DHCP agents
2026-07-25 05:47:37.133 8 WARNING neutron.api.rpc.agentnotifiers.dhcp_rpc_agent_api [None req-939466d5-44b2-4fce-82ce-af846e3fc028 b3c6ad2f764e454da71053f4d3d123ca 553fa1a895974062b980acb7079acfc3 - - default default] Unable to schedule network 896cdafe-c0ac-4cb8-b263-14e3dce2773b: no agents available; will retry on subsequent port and subnet creation events.
2026-07-25 05:47:37.649 8 INFO neutron.db.ovn_revision_numbers_db [None req-939466d5-44b2-4fce-82ce-af846e3fc028 b3c6ad2f764e454da71053f4d3d123ca 553fa1a895974062b980acb7079acfc3 - - default default] Successfully bumped revision number for resource 721efeb4-3929-47be-98a0-c2b26f65541e (type: router_ports) to 1 [pid: 8|app: 0|req: 739/1380] 10.0.0.208 () {34 vars in 783 bytes} [Sat Jul 25 05:47:35 2026] PUT /v2.0/routers/0d2f0cc9-2e37-4f66-8c34-7e36d1f55312/add_router_interface => generated 309 bytes in 1812 msecs (HTTP/1.1 200) 4 headers in 157 bytes (1 switches on core 0)
2026-07-25 05:47:38.072 8 INFO neutron.db.ovn_revision_numbers_db [None req-858e8840-e06d-425a-a387-e5e7619fbbb3 d852a71720d44625abce1e9f6581ea7b a15500dd2cbf4ffd867053cdf33815f1 - - default default] Successfully bumped revision number for resource 2abd52fe-fdf2-492c-8d63-f08a7da78681 (type: security_groups) to 1
2026-07-25 05:47:38.085 8 INFO neutron.db.ovn_revision_numbers_db [None req-858e8840-e06d-425a-a387-e5e7619fbbb3 d852a71720d44625abce1e9f6581ea7b a15500dd2cbf4ffd867053cdf33815f1 - - default default] Successfully bumped revision number for resource 2575ac8f-0df9-45be-a8d9-df05e2163202 (type: security_group_rules) to 0
2026-07-25 05:47:38.101 8 INFO neutron.db.ovn_revision_numbers_db [None req-858e8840-e06d-425a-a387-e5e7619fbbb3 d852a71720d44625abce1e9f6581ea7b a15500dd2cbf4ffd867053cdf33815f1 - - default default] Successfully bumped revision number for resource 398fcf28-5943-4778-a3c0-9dc99ee015fc (type: security_group_rules) to 0
2026-07-25 05:47:38.131 8 INFO neutron.db.ovn_revision_numbers_db [None req-858e8840-e06d-425a-a387-e5e7619fbbb3 d852a71720d44625abce1e9f6581ea7b a15500dd2cbf4ffd867053cdf33815f1 - - default default] Successfully bumped revision number for resource 7d1af4b2-272d-40c2-8561-24102502bc53 (type: security_group_rules) to 0
2026-07-25 05:47:38.150 8 INFO neutron.db.ovn_revision_numbers_db [None req-858e8840-e06d-425a-a387-e5e7619fbbb3 d852a71720d44625abce1e9f6581ea7b a15500dd2cbf4ffd867053cdf33815f1 - - default default] Successfully bumped revision number for resource c6dd1e6f-0b08-469c-9e2e-54d5c3cad57a (type: security_group_rules) to 0
2026-07-25 05:47:38.227 8 INFO neutron.db.segments_db [None req-858e8840-e06d-425a-a387-e5e7619fbbb3 d852a71720d44625abce1e9f6581ea7b a15500dd2cbf4ffd867053cdf33815f1 - - default default] Added segment 9f99b7de-5481-41e0-8c65-a65aa54340e5 of type geneve for network ca479466-4353-4fdb-a121-0f7809c4753e
2026-07-25 05:47:38.243 7 INFO neutron.db.ovn_revision_numbers_db [None req-16a57b4f-b5cb-4fd4-ac07-db8d53565ee5 - - - - - -] Successfully bumped revision number for resource a92b968e-282e-41a0-a8b9-a3a4e6c7f351 (type: ports) to 5
2026-07-25 05:47:38.338 8 INFO neutron.db.ovn_revision_numbers_db [None req-858e8840-e06d-425a-a387-e5e7619fbbb3 d852a71720d44625abce1e9f6581ea7b a15500dd2cbf4ffd867053cdf33815f1 - - default default] Successfully bumped revision number for resource ca479466-4353-4fdb-a121-0f7809c4753e (type: networks) to 1
2026-07-25 05:47:38.544 8 WARNING neutron.scheduler.dhcp_agent_scheduler [None req-858e8840-e06d-425a-a387-e5e7619fbbb3 d852a71720d44625abce1e9f6581ea7b a15500dd2cbf4ffd867053cdf33815f1 - - default default] No more DHCP agents
2026-07-25 05:47:38.546 8 WARNING neutron.api.rpc.agentnotifiers.dhcp_rpc_agent_api [None req-858e8840-e06d-425a-a387-e5e7619fbbb3 d852a71720d44625abce1e9f6581ea7b a15500dd2cbf4ffd867053cdf33815f1 - - default default] Unable to schedule network ca479466-4353-4fdb-a121-0f7809c4753e: no agents available; will retry on subsequent port and subnet creation events. [pid: 7|app: 0|req: 642/1381] 10.0.0.208 () {34 vars in 789 bytes} [Sat Jul 25 05:47:36 2026] PUT /v2.0/routers/03220af8-1968-4ce5-9460-eb58f0065768/remove_router_interface => generated 309 bytes in 2610 msecs (HTTP/1.1 200) 4 headers in 157 bytes (1 switches on core 0) /var/lib/openstack/lib/python3.12/site-packages/pycadf/identifier.py:70: UserWarning: Invalid uuid: neutron. To ensure interoperability, identifiers should be a valid uuid. warnings.warn(('Invalid uuid: %s. To ensure interoperability, '
2026-07-25 05:47:38.649 8 INFO neutron.db.ovn_revision_numbers_db [None req-858e8840-e06d-425a-a387-e5e7619fbbb3 d852a71720d44625abce1e9f6581ea7b a15500dd2cbf4ffd867053cdf33815f1 - - default default] Successfully bumped revision number for resource c57daf1a-1c51-4e47-ae58-92d13721d42e (type: ports) to 1
2026-07-25 05:47:38.664 7 INFO neutron.db.ovn_revision_numbers_db [None req-858ca29e-e14b-497d-9d10-f140e86dce71 - - - - - -] Successfully bumped revision number for resource 721efeb4-3929-47be-98a0-c2b26f65541e (type: ports) to 2 [pid: 8|app: 0|req: 740/1382] 10.0.0.208 () {34 vars in 670 bytes} [Sat Jul 25 05:47:37 2026] POST /v2.0/networks => generated 648 bytes in 1011 msecs (HTTP/1.1 201) 4 headers in 162 bytes (1 switches on core 0) [pid: 8|app: 0|req: 741/1383] 10.0.0.136 () {34 vars in 982 bytes} [Sat Jul 25 05:47:38 2026] GET /v2.0/networks?id=896cdafe-c0ac-4cb8-b263-14e3dce2773b => generated 677 bytes in 38 msecs (HTTP/1.1 200) 4 headers in 157 bytes (1 switches on core 0)
2026-07-25 05:47:38.949 7 INFO neutron.db.ovn_revision_numbers_db [None req-84bd6012-afea-420a-9d13-e7ec65b20c36 - - - - - -] Successfully bumped revision number for resource 721efeb4-3929-47be-98a0-c2b26f65541e (type: router_ports) to 2
2026-07-25 05:47:39.029 7 INFO neutron.plugins.ml2.drivers.ovn.mech_driver.mech_driver [None req-84bd6012-afea-420a-9d13-e7ec65b20c36 - - - - - -] OVN reports status down for port: c57daf1a-1c51-4e47-ae58-92d13721d42e
2026-07-25 05:47:39.037 8 WARNING neutron.scheduler.dhcp_agent_scheduler [None req-930c2d79-525a-4ae3-8a26-2dc676584727 d852a71720d44625abce1e9f6581ea7b a15500dd2cbf4ffd867053cdf33815f1 - - default default] No more DHCP agents
2026-07-25 05:47:39.039 8 WARNING neutron.api.rpc.agentnotifiers.dhcp_rpc_agent_api [None req-930c2d79-525a-4ae3-8a26-2dc676584727 d852a71720d44625abce1e9f6581ea7b a15500dd2cbf4ffd867053cdf33815f1 - - default default] Unable to schedule network ca479466-4353-4fdb-a121-0f7809c4753e: no agents available; will retry on subsequent port and subnet creation events.
2026-07-25 05:47:39.099 8 INFO neutron.plugins.ml2.drivers.ovn.mech_driver.mech_driver [None req-d925fc9c-5f71-4514-ac79-acd21dd91976 - - - - - -] OVN reports status down for port: cfdcb229-dc28-4fe6-af3e-b9453deb53f0
2026-07-25 05:47:39.180 8 INFO neutron.db.ovn_revision_numbers_db [None req-930c2d79-525a-4ae3-8a26-2dc676584727 d852a71720d44625abce1e9f6581ea7b a15500dd2cbf4ffd867053cdf33815f1 - - default default] Successfully bumped revision number for resource cfdcb229-dc28-4fe6-af3e-b9453deb53f0 (type: ports) to 1
2026-07-25 05:47:39.194 7 INFO neutron_taas.services.taas.taas_plugin [None req-955cdff4-abc5-457e-8d10-95304f31703a b3c6ad2f764e454da71053f4d3d123ca 553fa1a895974062b980acb7079acfc3 - - default default] TaaS: Handle Delete Port: 4e84b32f-3e15-4b66-9391-44ae38be9c35
2026-07-25 05:47:39.197 7 INFO neutron_taas.services.taas.tap_mirror_plugin [None req-955cdff4-abc5-457e-8d10-95304f31703a b3c6ad2f764e454da71053f4d3d123ca 553fa1a895974062b980acb7079acfc3 - - default default] Tap Mirror: Handle Delete Port: 4e84b32f-3e15-4b66-9391-44ae38be9c35 [pid: 8|app: 0|req: 742/1384] 10.0.0.208 () {34 vars in 665 bytes} [Sat Jul 25 05:47:38 2026] POST /v2.0/ports => generated 779 bytes in 588 msecs (HTTP/1.1 201) 4 headers in 162 bytes (1 switches on core 0) /var/lib/openstack/lib/python3.12/site-packages/pycadf/identifier.py:70: UserWarning: Invalid uuid: neutron. To ensure interoperability, identifiers should be a valid uuid. warnings.warn(('Invalid uuid: %s. To ensure interoperability, ' [pid: 8|app: 0|req: 743/1385] 10.0.0.136 () {34 vars in 965 bytes} [Sat Jul 25 05:47:39 2026] GET /v2.0/quotas/5cb3a3b9508a470eaac44734133c0b35 => generated 292 bytes in 9 msecs (HTTP/1.1 200) 4 headers in 157 bytes (1 switches on core 0)
2026-07-25 05:47:39.421 8 INFO neutron.db.segments_db [None req-d7cf0961-e888-4c19-84e5-e2cea498afaa d852a71720d44625abce1e9f6581ea7b a15500dd2cbf4ffd867053cdf33815f1 - - default default] Added segment 46d9ff58-1bbb-4fe1-a688-031c34014d4c of type geneve for network 91427dab-9637-4fd9-9f3e-54895594f48e
2026-07-25 05:47:39.596 8 INFO neutron.db.ovn_revision_numbers_db [None req-d7cf0961-e888-4c19-84e5-e2cea498afaa d852a71720d44625abce1e9f6581ea7b a15500dd2cbf4ffd867053cdf33815f1 - - default default] Successfully bumped revision number for resource 91427dab-9637-4fd9-9f3e-54895594f48e (type: networks) to 1 [pid: 7|app: 0|req: 643/1386] 10.0.0.208 () {32 vars in 724 bytes} [Sat Jul 25 05:47:38 2026] DELETE /v2.0/routers/03220af8-1968-4ce5-9460-eb58f0065768 => generated 0 bytes in 1061 msecs (HTTP/1.1 204) 2 headers in 112 bytes (1 switches on core 0) [pid: 7|app: 0|req: 644/1387] 10.0.0.136 () {34 vars in 1002 bytes} [Sat Jul 25 05:47:39 2026] GET /v2.0/ports?tenant_id=5cb3a3b9508a470eaac44734133c0b35&fields=id => generated 103 bytes in 82 msecs (HTTP/1.1 200) 4 headers in 157 bytes (1 switches on core 0)
2026-07-25 05:47:39.796 8 WARNING neutron.scheduler.dhcp_agent_scheduler [None req-d7cf0961-e888-4c19-84e5-e2cea498afaa d852a71720d44625abce1e9f6581ea7b a15500dd2cbf4ffd867053cdf33815f1 - - default default] No more DHCP agents
2026-07-25 05:47:39.798 8 WARNING neutron.api.rpc.agentnotifiers.dhcp_rpc_agent_api [None req-d7cf0961-e888-4c19-84e5-e2cea498afaa d852a71720d44625abce1e9f6581ea7b a15500dd2cbf4ffd867053cdf33815f1 - - default default] Unable to schedule network 91427dab-9637-4fd9-9f3e-54895594f48e: no agents available; will retry on subsequent port and subnet creation events.
2026-07-25 05:47:39.847 7 INFO neutron.plugins.ml2.drivers.ovn.mech_driver.mech_driver [None req-84bd6012-afea-420a-9d13-e7ec65b20c36 - - - - - -] OVN reports status down for port: 2537446d-cf32-4c6d-b741-3fedcc44dff5
2026-07-25 05:47:39.897 8 INFO neutron.db.ovn_revision_numbers_db [None req-d7cf0961-e888-4c19-84e5-e2cea498afaa d852a71720d44625abce1e9f6581ea7b a15500dd2cbf4ffd867053cdf33815f1 - - default default] Successfully bumped revision number for resource 2537446d-cf32-4c6d-b741-3fedcc44dff5 (type: ports) to 1 [pid: 8|app: 0|req: 744/1388] 10.0.0.208 () {34 vars in 670 bytes} [Sat Jul 25 05:47:39 2026] POST /v2.0/networks => generated 636 bytes in 611 msecs (HTTP/1.1 201) 4 headers in 162 bytes (1 switches on core 0) [pid: 8|app: 0|req: 745/1389] 10.0.0.136 () {34 vars in 1008 bytes} [Sat Jul 25 05:47:39 2026] GET /v2.0/networks/896cdafe-c0ac-4cb8-b263-14e3dce2773b?fields=segments => generated 14 bytes in 46 msecs (HTTP/1.1 200) 4 headers in 156 bytes (1 switches on core 0) [pid: 7|app: 0|req: 645/1390] 10.0.0.208 () {32 vars in 724 bytes} [Sat Jul 25 05:47:39 2026] DELETE /v2.0/subnets/e3651f76-4fa5-465e-ae49-c73c7be5e1dd => generated 0 bytes in 257 msecs (HTTP/1.1 204) 3 headers in 131 bytes (1 switches on core 0) [pid: 7|app: 0|req: 646/1391] 10.0.0.136 () {34 vars in 1108 bytes} [Sat Jul 25 05:47:40 2026] GET /v2.0/networks/896cdafe-c0ac-4cb8-b263-14e3dce2773b?fields=provider%3Aphysical_network&fields=provider%3Anetwork_type => generated 79 bytes in 44 msecs (HTTP/1.1 200) 4 headers in 156 bytes (1 switches on core 0)
2026-07-25 05:47:40.156 8 WARNING neutron.scheduler.dhcp_agent_scheduler [None req-ddf31255-6278-4444-8b55-df9465c18db3 d852a71720d44625abce1e9f6581ea7b a15500dd2cbf4ffd867053cdf33815f1 - - default default] No more DHCP agents
2026-07-25 05:47:40.157 8 WARNING neutron.api.rpc.agentnotifiers.dhcp_rpc_agent_api [None req-ddf31255-6278-4444-8b55-df9465c18db3 d852a71720d44625abce1e9f6581ea7b a15500dd2cbf4ffd867053cdf33815f1 - - default default] Unable to schedule network 91427dab-9637-4fd9-9f3e-54895594f48e: no agents available; will retry on subsequent port and subnet creation events.
2026-07-25 05:47:40.183 8 INFO neutron.db.ovn_revision_numbers_db [None req-ddf31255-6278-4444-8b55-df9465c18db3 d852a71720d44625abce1e9f6581ea7b a15500dd2cbf4ffd867053cdf33815f1 - - default default] Successfully bumped revision number for resource 99252f69-4eee-4b7d-bb1d-2330021d6279 (type: subnets) to 0
2026-07-25 05:47:40.185 7 INFO neutron_taas.services.taas.taas_plugin [None req-632ad974-2e99-41f8-a22c-da19807fe2dc b3c6ad2f764e454da71053f4d3d123ca 553fa1a895974062b980acb7079acfc3 - - default default] TaaS: Handle Delete Port: e5bf3183-f2a9-4b39-864c-601396d97e9f
2026-07-25 05:47:40.191 7 INFO neutron_taas.services.taas.tap_mirror_plugin [None req-632ad974-2e99-41f8-a22c-da19807fe2dc b3c6ad2f764e454da71053f4d3d123ca 553fa1a895974062b980acb7079acfc3 - - default default] Tap Mirror: Handle Delete Port: e5bf3183-f2a9-4b39-864c-601396d97e9f [pid: 8|app: 0|req: 746/1392] 10.0.0.208 () {34 vars in 669 bytes} [Sat Jul 25 05:47:39 2026] POST /v2.0/subnets => generated 646 bytes in 234 msecs (HTTP/1.1 201) 4 headers in 162 bytes (1 switches on core 0) [pid: 8|app: 0|req: 747/1393] 10.0.0.136 () {34 vars in 990 bytes} [Sat Jul 25 05:47:40 2026] GET /v2.0/ports?device_id=7f9ec431-8303-48a1-9c4e-fae6fd35273e => generated 12 bytes in 20 msecs (HTTP/1.1 200) 4 headers in 156 bytes (1 switches on core 0)
2026-07-25 05:47:40.390 7 INFO neutron.services.segments.plugin [-] Segment 2210cfff-c1f7-4f81-abb2-1c053cbdd294 resource provider aggregate not found
2026-07-25 05:47:40.395 7 INFO neutron.services.segments.plugin [-] Segment 2210cfff-c1f7-4f81-abb2-1c053cbdd294 resource provider aggregate not found
2026-07-25 05:47:40.420 7 INFO neutron.services.segments.plugin [-] Client error retrieving segment 2210cfff-c1f7-4f81-abb2-1c053cbdd294 resource provider; error: Placement Client Error (4xx): {"errors": [{"status": 404, "title": "Not Found", "detail": "The resource could not be found.\n\n No resource provider with uuid 2210cfff-c1f7-4f81-abb2-1c053cbdd294 found for delete ", "request_id": "req-3b84a1c4-2633-4ec9-b96c-c6b046b75847"}]}
2026-07-25 05:47:40.425 7 INFO neutron.services.segments.plugin [-] Client error retrieving segment 2210cfff-c1f7-4f81-abb2-1c053cbdd294 resource provider; error: Placement Client Error (4xx): {"errors": [{"status": 404, "title": "Not Found", "detail": "The resource could not be found.\n\n No resource provider with uuid 2210cfff-c1f7-4f81-abb2-1c053cbdd294 found for delete ", "request_id": "req-2b4ebbe5-a1fd-4a44-be9f-a1f14c977d10"}]} [pid: 7|app: 0|req: 647/1394] 10.0.0.208 () {32 vars in 726 bytes} [Sat Jul 25 05:47:40 2026] DELETE /v2.0/networks/713c77be-d93c-4772-8403-08e52c2a5cdf => generated 0 bytes in 367 msecs (HTTP/1.1 204) 3 headers in 131 bytes (1 switches on core 0)
2026-07-25 05:47:40.563 8 WARNING neutron.scheduler.dhcp_agent_scheduler [None req-7211502a-4e1d-471e-8a10-1b6e8dcb3ba9 d852a71720d44625abce1e9f6581ea7b a15500dd2cbf4ffd867053cdf33815f1 - - default default] No more DHCP agents
2026-07-25 05:47:40.564 8 WARNING neutron.api.rpc.agentnotifiers.dhcp_rpc_agent_api [None req-7211502a-4e1d-471e-8a10-1b6e8dcb3ba9 d852a71720d44625abce1e9f6581ea7b a15500dd2cbf4ffd867053cdf33815f1 - - default default] Unable to schedule network 91427dab-9637-4fd9-9f3e-54895594f48e: no agents available; will retry on subsequent port and subnet creation events. [pid: 7|app: 0|req: 648/1395] 10.0.0.208 () {32 vars in 774 bytes} [Sat Jul 25 05:47:40 2026] GET /v2.0/security-groups?tenant_id=4fcbfef783b94393b5d0a5b7e46c0db2&name=default => generated 2925 bytes in 30 msecs (HTTP/1.1 200) 4 headers in 158 bytes (1 switches on core 0)
2026-07-25 05:47:40.635 8 INFO neutron.plugins.ml2.drivers.ovn.mech_driver.mech_driver [None req-d925fc9c-5f71-4514-ac79-acd21dd91976 - - - - - -] OVN reports status down for port: 7cd1b7b1-28ae-4277-bfc7-3940cc738b63
2026-07-25 05:47:40.697 8 INFO neutron.db.ovn_revision_numbers_db [None req-7211502a-4e1d-471e-8a10-1b6e8dcb3ba9 d852a71720d44625abce1e9f6581ea7b a15500dd2cbf4ffd867053cdf33815f1 - - default default] Successfully bumped revision number for resource 7cd1b7b1-28ae-4277-bfc7-3940cc738b63 (type: ports) to 1 [pid: 8|app: 0|req: 748/1396] 10.0.0.208 () {34 vars in 665 bytes} [Sat Jul 25 05:47:40 2026] POST /v2.0/ports => generated 966 bytes in 541 msecs (HTTP/1.1 201) 4 headers in 162 bytes (1 switches on core 0) /var/lib/openstack/lib/python3.12/site-packages/pycadf/identifier.py:70: UserWarning: Invalid uuid: neutron. To ensure interoperability, identifiers should be a valid uuid. warnings.warn(('Invalid uuid: %s. To ensure interoperability, ' [pid: 7|app: 0|req: 649/1397] 10.0.0.208 () {32 vars in 740 bytes} [Sat Jul 25 05:47:40 2026] DELETE /v2.0/security-groups/b30b687f-6972-4f82-ae5d-ea30c8dceb54 => generated 0 bytes in 246 msecs (HTTP/1.1 204) 2 headers in 112 bytes (1 switches on core 0)
2026-07-25 05:47:40.925 8 INFO neutron_taas.services.taas.taas_plugin [None req-d0d44719-82fb-4e7e-af5a-c737579ebcfe d852a71720d44625abce1e9f6581ea7b a15500dd2cbf4ffd867053cdf33815f1 - - default default] TaaS: Handle Delete Port: 7cd1b7b1-28ae-4277-bfc7-3940cc738b63
2026-07-25 05:47:40.928 8 INFO neutron_taas.services.taas.tap_mirror_plugin [None req-d0d44719-82fb-4e7e-af5a-c737579ebcfe d852a71720d44625abce1e9f6581ea7b a15500dd2cbf4ffd867053cdf33815f1 - - default default] Tap Mirror: Handle Delete Port: 7cd1b7b1-28ae-4277-bfc7-3940cc738b63 [pid: 8|app: 0|req: 749/1398] 10.0.0.208 () {32 vars in 720 bytes} [Sat Jul 25 05:47:40 2026] DELETE /v2.0/ports/7cd1b7b1-28ae-4277-bfc7-3940cc738b63 => generated 0 bytes in 286 msecs (HTTP/1.1 204) 3 headers in 131 bytes (1 switches on core 0)
2026-07-25 05:47:41.093 7 INFO neutron.pecan_wsgi.hooks.translation [None req-f97b89dd-7690-41e7-9307-426bd57bc67b d852a71720d44625abce1e9f6581ea7b a15500dd2cbf4ffd867053cdf33815f1 - - default default] DELETE failed (client error): The resource could not be found. [pid: 7|app: 0|req: 650/1399] 10.0.0.208 () {32 vars in 720 bytes} [Sat Jul 25 05:47:41 2026] DELETE /v2.0/ports/7cd1b7b1-28ae-4277-bfc7-3940cc738b63 => generated 132 bytes in 36 msecs (HTTP/1.1 404) 4 headers in 164 bytes (1 switches on core 0)
2026-07-25 05:47:41.119 8 INFO neutron.pecan_wsgi.hooks.translation [None req-e6f682c3-5743-449c-bc14-d938de005ea2 d852a71720d44625abce1e9f6581ea7b a15500dd2cbf4ffd867053cdf33815f1 - - default default] GET failed (client error): The resource could not be found. [pid: 8|app: 0|req: 750/1400] 10.0.0.208 () {32 vars in 717 bytes} [Sat Jul 25 05:47:41 2026] GET /v2.0/ports/7cd1b7b1-28ae-4277-bfc7-3940cc738b63 => generated 132 bytes in 19 msecs (HTTP/1.1 404) 4 headers in 164 bytes (1 switches on core 0) [pid: 7|app: 0|req: 651/1401] 10.0.0.208 () {32 vars in 724 bytes} [Sat Jul 25 05:47:41 2026] DELETE /v2.0/subnets/99252f69-4eee-4b7d-bb1d-2330021d6279 => generated 0 bytes in 162 msecs (HTTP/1.1 204) 3 headers in 131 bytes (1 switches on core 0) [pid: 8|app: 0|req: 751/1402] 10.0.0.136 () {34 vars in 990 bytes} [Sat Jul 25 05:47:41 2026] GET /v2.0/ports?device_id=7f9ec431-8303-48a1-9c4e-fae6fd35273e => generated 12 bytes in 22 msecs (HTTP/1.1 200) 4 headers in 156 bytes (1 switches on core 0)
2026-07-25 05:47:41.419 7 INFO neutron_taas.services.taas.taas_plugin [None req-48a0fd51-50d5-468c-960f-292b02b87973 d852a71720d44625abce1e9f6581ea7b a15500dd2cbf4ffd867053cdf33815f1 - - default default] TaaS: Handle Delete Port: 2537446d-cf32-4c6d-b741-3fedcc44dff5
2026-07-25 05:47:41.423 7 INFO neutron_taas.services.taas.tap_mirror_plugin [None req-48a0fd51-50d5-468c-960f-292b02b87973 d852a71720d44625abce1e9f6581ea7b a15500dd2cbf4ffd867053cdf33815f1 - - default default] Tap Mirror: Handle Delete Port: 2537446d-cf32-4c6d-b741-3fedcc44dff5 [pid: 7|app: 0|req: 652/1403] 10.0.0.208 () {32 vars in 726 bytes} [Sat Jul 25 05:47:41 2026] DELETE /v2.0/networks/91427dab-9637-4fd9-9f3e-54895594f48e => generated 0 bytes in 377 msecs (HTTP/1.1 204) 3 headers in 131 bytes (1 switches on core 0)
2026-07-25 05:47:41.780 8 INFO neutron.db.segments_db [None req-e77dd6dd-0116-458b-92d2-c8e0863b890f d852a71720d44625abce1e9f6581ea7b a15500dd2cbf4ffd867053cdf33815f1 - - default default] Added segment 35a8a9a7-0db7-46ba-afde-53f46cfd2bc9 of type geneve for network ee52caf5-5b19-4674-b8be-cf9240f5b255
2026-07-25 05:47:41.882 8 INFO neutron.db.ovn_revision_numbers_db [None req-e77dd6dd-0116-458b-92d2-c8e0863b890f d852a71720d44625abce1e9f6581ea7b a15500dd2cbf4ffd867053cdf33815f1 - - default default] Successfully bumped revision number for resource ee52caf5-5b19-4674-b8be-cf9240f5b255 (type: networks) to 1
2026-07-25 05:47:42.059 8 WARNING neutron.scheduler.dhcp_agent_scheduler [None req-e77dd6dd-0116-458b-92d2-c8e0863b890f d852a71720d44625abce1e9f6581ea7b a15500dd2cbf4ffd867053cdf33815f1 - - default default] No more DHCP agents
2026-07-25 05:47:42.061 8 WARNING neutron.api.rpc.agentnotifiers.dhcp_rpc_agent_api [None req-e77dd6dd-0116-458b-92d2-c8e0863b890f d852a71720d44625abce1e9f6581ea7b a15500dd2cbf4ffd867053cdf33815f1 - - default default] Unable to schedule network ee52caf5-5b19-4674-b8be-cf9240f5b255: no agents available; will retry on subsequent port and subnet creation events.
2026-07-25 05:47:42.109 7 INFO neutron.plugins.ml2.drivers.ovn.mech_driver.mech_driver [None req-84bd6012-afea-420a-9d13-e7ec65b20c36 - - - - - -] OVN reports status down for port: 497da3a1-6fad-45e4-8074-a1ebbb3c21a4
2026-07-25 05:47:42.139 8 INFO neutron.db.ovn_revision_numbers_db [None req-e77dd6dd-0116-458b-92d2-c8e0863b890f d852a71720d44625abce1e9f6581ea7b a15500dd2cbf4ffd867053cdf33815f1 - - default default] Successfully bumped revision number for resource 497da3a1-6fad-45e4-8074-a1ebbb3c21a4 (type: ports) to 1 [pid: 8|app: 0|req: 752/1404] 10.0.0.208 () {34 vars in 670 bytes} [Sat Jul 25 05:47:41 2026] POST /v2.0/networks => generated 635 bytes in 483 msecs (HTTP/1.1 201) 4 headers in 162 bytes (1 switches on core 0)
2026-07-25 05:47:42.353 7 WARNING neutron.scheduler.dhcp_agent_scheduler [None req-90920c3c-28d4-4108-abd8-24df45ca2ce6 d852a71720d44625abce1e9f6581ea7b a15500dd2cbf4ffd867053cdf33815f1 - - default default] No more DHCP agents
2026-07-25 05:47:42.355 7 WARNING neutron.api.rpc.agentnotifiers.dhcp_rpc_agent_api [None req-90920c3c-28d4-4108-abd8-24df45ca2ce6 d852a71720d44625abce1e9f6581ea7b a15500dd2cbf4ffd867053cdf33815f1 - - default default] Unable to schedule network ee52caf5-5b19-4674-b8be-cf9240f5b255: no agents available; will retry on subsequent port and subnet creation events. [pid: 8|app: 0|req: 753/1405] 10.0.0.136 () {34 vars in 990 bytes} [Sat Jul 25 05:47:42 2026] GET /v2.0/ports?device_id=7f9ec431-8303-48a1-9c4e-fae6fd35273e => generated 12 bytes in 22 msecs (HTTP/1.1 200) 4 headers in 156 bytes (1 switches on core 0)
2026-07-25 05:47:42.391 7 INFO neutron.db.ovn_revision_numbers_db [None req-90920c3c-28d4-4108-abd8-24df45ca2ce6 d852a71720d44625abce1e9f6581ea7b a15500dd2cbf4ffd867053cdf33815f1 - - default default] Successfully bumped revision number for resource 86687978-1544-499d-a5b3-b54f1eedb57f (type: subnets) to 0 [pid: 7|app: 0|req: 653/1406] 10.0.0.208 () {34 vars in 669 bytes} [Sat Jul 25 05:47:42 2026] POST /v2.0/subnets => generated 646 bytes in 247 msecs (HTTP/1.1 201) 4 headers in 162 bytes (1 switches on core 0)
2026-07-25 05:47:42.446 7 INFO neutron.services.segments.plugin [-] Segment 46d9ff58-1bbb-4fe1-a688-031c34014d4c resource provider aggregate not found
2026-07-25 05:47:42.452 7 INFO neutron.services.segments.plugin [-] Segment 46d9ff58-1bbb-4fe1-a688-031c34014d4c resource provider aggregate not found
2026-07-25 05:47:42.464 7 INFO neutron.services.segments.plugin [-] Client error retrieving segment 46d9ff58-1bbb-4fe1-a688-031c34014d4c resource provider; error: Placement Client Error (4xx): {"errors": [{"status": 404, "title": "Not Found", "detail": "The resource could not be found.\n\n No resource provider with uuid 46d9ff58-1bbb-4fe1-a688-031c34014d4c found for delete ", "request_id": "req-7720c056-0c5e-4b9a-8b87-50bfb598f74b"}]}
2026-07-25 05:47:42.468 7 INFO neutron.services.segments.plugin [-] Client error retrieving segment 46d9ff58-1bbb-4fe1-a688-031c34014d4c resource provider; error: Placement Client Error (4xx): {"errors": [{"status": 404, "title": "Not Found", "detail": "The resource could not be found.\n\n No resource provider with uuid 46d9ff58-1bbb-4fe1-a688-031c34014d4c found for delete ", "request_id": "req-975e549b-70f6-4ddb-98dd-2957ee194dee"}]}
2026-07-25 05:47:42.707 8 WARNING neutron.scheduler.dhcp_agent_scheduler [None req-85ca9e56-038a-40dd-aea4-3d90daeaeeeb d852a71720d44625abce1e9f6581ea7b a15500dd2cbf4ffd867053cdf33815f1 - - default default] No more DHCP agents
2026-07-25 05:47:42.708 8 WARNING neutron.api.rpc.agentnotifiers.dhcp_rpc_agent_api [None req-85ca9e56-038a-40dd-aea4-3d90daeaeeeb d852a71720d44625abce1e9f6581ea7b a15500dd2cbf4ffd867053cdf33815f1 - - default default] Unable to schedule network ee52caf5-5b19-4674-b8be-cf9240f5b255: no agents available; will retry on subsequent port and subnet creation events.
2026-07-25 05:47:42.781 8 INFO neutron.plugins.ml2.drivers.ovn.mech_driver.mech_driver [None req-d925fc9c-5f71-4514-ac79-acd21dd91976 - - - - - -] OVN reports status down for port: 58534e80-33d4-47bc-bd8e-2d255facf48a
2026-07-25 05:47:42.848 8 INFO neutron.db.ovn_revision_numbers_db [None req-85ca9e56-038a-40dd-aea4-3d90daeaeeeb d852a71720d44625abce1e9f6581ea7b a15500dd2cbf4ffd867053cdf33815f1 - - default default] Successfully bumped revision number for resource 58534e80-33d4-47bc-bd8e-2d255facf48a (type: ports) to 1 [pid: 8|app: 0|req: 754/1407] 10.0.0.208 () {34 vars in 665 bytes} [Sat Jul 25 05:47:42 2026] POST /v2.0/ports => generated 920 bytes in 518 msecs (HTTP/1.1 201) 4 headers in 162 bytes (1 switches on core 0)
2026-07-25 05:47:43.085 7 INFO neutron_taas.services.taas.taas_plugin [None req-8cb82159-d091-4d57-a992-50220866ca7a d852a71720d44625abce1e9f6581ea7b a15500dd2cbf4ffd867053cdf33815f1 - - default default] TaaS: Handle Delete Port: 58534e80-33d4-47bc-bd8e-2d255facf48a
2026-07-25 05:47:43.090 7 INFO neutron_taas.services.taas.tap_mirror_plugin [None req-8cb82159-d091-4d57-a992-50220866ca7a d852a71720d44625abce1e9f6581ea7b a15500dd2cbf4ffd867053cdf33815f1 - - default default] Tap Mirror: Handle Delete Port: 58534e80-33d4-47bc-bd8e-2d255facf48a [pid: 7|app: 0|req: 654/1408] 10.0.0.208 () {32 vars in 720 bytes} [Sat Jul 25 05:47:42 2026] DELETE /v2.0/ports/58534e80-33d4-47bc-bd8e-2d255facf48a => generated 0 bytes in 250 msecs (HTTP/1.1 204) 3 headers in 131 bytes (1 switches on core 0)
2026-07-25 05:47:43.223 8 INFO neutron.pecan_wsgi.hooks.translation [None req-658d1acf-7046-4af3-960d-ea27f0cdf3d4 d852a71720d44625abce1e9f6581ea7b a15500dd2cbf4ffd867053cdf33815f1 - - default default] GET failed (client error): The resource could not be found. [pid: 8|app: 0|req: 755/1409] 10.0.0.208 () {32 vars in 717 bytes} [Sat Jul 25 05:47:43 2026] GET /v2.0/ports/58534e80-33d4-47bc-bd8e-2d255facf48a => generated 132 bytes in 16 msecs (HTTP/1.1 404) 4 headers in 164 bytes (1 switches on core 0) [pid: 7|app: 0|req: 655/1410] 10.0.0.208 () {32 vars in 724 bytes} [Sat Jul 25 05:47:43 2026] DELETE /v2.0/subnets/86687978-1544-499d-a5b3-b54f1eedb57f => generated 0 bytes in 172 msecs (HTTP/1.1 204) 3 headers in 131 bytes (1 switches on core 0) [pid: 7|app: 0|req: 656/1411] 10.0.0.136 () {34 vars in 990 bytes} [Sat Jul 25 05:47:43 2026] GET /v2.0/ports?device_id=7f9ec431-8303-48a1-9c4e-fae6fd35273e => generated 12 bytes in 27 msecs (HTTP/1.1 200) 4 headers in 156 bytes (1 switches on core 0)
2026-07-25 05:47:43.570 8 INFO neutron_taas.services.taas.taas_plugin [None req-1af67cc1-2cac-4405-a41f-dc98dcc0f661 d852a71720d44625abce1e9f6581ea7b a15500dd2cbf4ffd867053cdf33815f1 - - default default] TaaS: Handle Delete Port: 497da3a1-6fad-45e4-8074-a1ebbb3c21a4
2026-07-25 05:47:43.572 8 INFO neutron_taas.services.taas.tap_mirror_plugin [None req-1af67cc1-2cac-4405-a41f-dc98dcc0f661 d852a71720d44625abce1e9f6581ea7b a15500dd2cbf4ffd867053cdf33815f1 - - default default] Tap Mirror: Handle Delete Port: 497da3a1-6fad-45e4-8074-a1ebbb3c21a4
2026-07-25 05:47:43.785 8 INFO neutron.services.segments.plugin [-] Segment 35a8a9a7-0db7-46ba-afde-53f46cfd2bc9 resource provider aggregate not found
2026-07-25 05:47:43.790 8 INFO neutron.services.segments.plugin [-] Segment 35a8a9a7-0db7-46ba-afde-53f46cfd2bc9 resource provider aggregate not found
2026-07-25 05:47:43.817 8 INFO neutron.services.segments.plugin [-] Client error retrieving segment 35a8a9a7-0db7-46ba-afde-53f46cfd2bc9 resource provider; error: Placement Client Error (4xx): {"errors": [{"status": 404, "title": "Not Found", "detail": "The resource could not be found.\n\n No resource provider with uuid 35a8a9a7-0db7-46ba-afde-53f46cfd2bc9 found for delete ", "request_id": "req-31281897-8832-44ab-b374-7f087872e661"}]}
2026-07-25 05:47:43.821 8 INFO neutron.services.segments.plugin [-] Client error retrieving segment 35a8a9a7-0db7-46ba-afde-53f46cfd2bc9 resource provider; error: Placement Client Error (4xx): {"errors": [{"status": 404, "title": "Not Found", "detail": "The resource could not be found.\n\n No resource provider with uuid 35a8a9a7-0db7-46ba-afde-53f46cfd2bc9 found for delete ", "request_id": "req-e46348b7-05d3-41f9-acf8-e61bb96b5c18"}]} [pid: 8|app: 0|req: 756/1414] 10.0.0.208 () {32 vars in 726 bytes} [Sat Jul 25 05:47:43 2026] DELETE /v2.0/networks/ee52caf5-5b19-4674-b8be-cf9240f5b255 => generated 0 bytes in 420 msecs (HTTP/1.1 204) 3 headers in 131 bytes (1 switches on core 0)
2026-07-25 05:47:44.037 7 WARNING neutron.scheduler.dhcp_agent_scheduler [None req-896af0c9-a3e0-4050-bd24-5f1887c28742 d852a71720d44625abce1e9f6581ea7b a15500dd2cbf4ffd867053cdf33815f1 - - default default] No more DHCP agents
2026-07-25 05:47:44.038 7 WARNING neutron.api.rpc.agentnotifiers.dhcp_rpc_agent_api [None req-896af0c9-a3e0-4050-bd24-5f1887c28742 d852a71720d44625abce1e9f6581ea7b a15500dd2cbf4ffd867053cdf33815f1 - - default default] Unable to schedule network ca479466-4353-4fdb-a121-0f7809c4753e: no agents available; will retry on subsequent port and subnet creation events.
2026-07-25 05:47:44.082 7 INFO neutron.plugins.ml2.drivers.ovn.mech_driver.mech_driver [None req-84bd6012-afea-420a-9d13-e7ec65b20c36 - - - - - -] OVN reports status down for port: da1946d1-339f-4592-8169-0259657c61e4
2026-07-25 05:47:44.127 7 INFO neutron.db.ovn_revision_numbers_db [None req-896af0c9-a3e0-4050-bd24-5f1887c28742 d852a71720d44625abce1e9f6581ea7b a15500dd2cbf4ffd867053cdf33815f1 - - default default] Successfully bumped revision number for resource da1946d1-339f-4592-8169-0259657c61e4 (type: ports) to 1 [pid: 7|app: 0|req: 659/1415] 10.0.0.208 () {34 vars in 665 bytes} [Sat Jul 25 05:47:43 2026] POST /v2.0/ports => generated 779 bytes in 372 msecs (HTTP/1.1 201) 4 headers in 162 bytes (1 switches on core 0)
2026-07-25 05:47:44.377 7 INFO neutron.plugins.ml2.drivers.ovn.mech_driver.mech_driver [None req-84bd6012-afea-420a-9d13-e7ec65b20c36 - - - - - -] OVN reports status down for port: da1946d1-339f-4592-8169-0259657c61e4
2026-07-25 05:47:44.400 8 INFO neutron.db.ovn_revision_numbers_db [None req-1171d9d9-e463-4cd1-89ed-59fd8024de21 d852a71720d44625abce1e9f6581ea7b a15500dd2cbf4ffd867053cdf33815f1 - - default default] Successfully bumped revision number for resource da1946d1-339f-4592-8169-0259657c61e4 (type: ports) to 2 [pid: 8|app: 0|req: 757/1416] 10.0.0.208 () {34 vars in 737 bytes} [Sat Jul 25 05:47:44 2026] PUT /v2.0/ports/da1946d1-339f-4592-8169-0259657c61e4 => generated 752 bytes in 220 msecs (HTTP/1.1 200) 4 headers in 157 bytes (1 switches on core 0) /var/lib/openstack/lib/python3.12/site-packages/pycadf/identifier.py:70: UserWarning: Invalid uuid: neutron. To ensure interoperability, identifiers should be a valid uuid. warnings.warn(('Invalid uuid: %s. To ensure interoperability, ' /var/lib/openstack/lib/python3.12/site-packages/pycadf/identifier.py:70: UserWarning: Invalid uuid: neutron. To ensure interoperability, identifiers should be a valid uuid. warnings.warn(('Invalid uuid: %s. To ensure interoperability, ' [pid: 7|app: 0|req: 660/1417] 199.204.45.95 () {34 vars in 985 bytes} [Sat Jul 25 05:47:44 2026] GET /v2.0/networks?id=896cdafe-c0ac-4cb8-b263-14e3dce2773b => generated 677 bytes in 65 msecs (HTTP/1.1 200) 4 headers in 157 bytes (1 switches on core 0)
2026-07-25 05:47:44.548 8 INFO neutron_taas.services.taas.taas_plugin [None req-ccc8ff9e-6bb3-4aad-a447-4a50f2cfbb3f d852a71720d44625abce1e9f6581ea7b a15500dd2cbf4ffd867053cdf33815f1 - - default default] TaaS: Handle Delete Port: da1946d1-339f-4592-8169-0259657c61e4
