2026-07-25 05:49:38.050 8 INFO neutron.db.ovn_revision_numbers_db [None req-622e129a-89bc-44b8-a35a-0fc09c5a26d8 05f2a68bc74446e1a616516b7e213bde f984f56b061646d39e94b6e0e153e05b - - default default] Successfully bumped revision number for resource 2c4cd813-5a46-4d78-a360-50401717787a (type: routers) to 2 [pid: 8|app: 0|req: 1176/2323] 10.0.0.208 () {34 vars in 742 bytes} [Sat Jul 25 05:49:37 2026] PUT /v2.0/routers/2c4cd813-5a46-4d78-a360-50401717787a => generated 598 bytes in 300 msecs (HTTP/1.1 200) 4 headers in 157 bytes (1 switches on core 0)
2026-07-25 05:49:38.095 7 INFO neutron.db.segments_db [None req-b29a2672-2374-4dce-b7e6-766750088aae b6d76366ebc146fe9c29a6f465d4f909 f3ec5ac7be6c46ce92620f141f695228 - - default default] Added segment 4d8e9d75-62d3-4846-a9c6-e034690d87d4 of type geneve for network 4f6750d8-61cf-42ba-8ef8-106b4a6dec8f
2026-07-25 05:49:38.210 7 INFO neutron.db.ovn_revision_numbers_db [None req-b29a2672-2374-4dce-b7e6-766750088aae b6d76366ebc146fe9c29a6f465d4f909 f3ec5ac7be6c46ce92620f141f695228 - - default default] Successfully bumped revision number for resource 4f6750d8-61cf-42ba-8ef8-106b4a6dec8f (type: networks) to 1
2026-07-25 05:49:38.389 7 WARNING neutron.scheduler.dhcp_agent_scheduler [None req-b29a2672-2374-4dce-b7e6-766750088aae b6d76366ebc146fe9c29a6f465d4f909 f3ec5ac7be6c46ce92620f141f695228 - - default default] No more DHCP agents
2026-07-25 05:49:38.391 7 WARNING neutron.api.rpc.agentnotifiers.dhcp_rpc_agent_api [None req-b29a2672-2374-4dce-b7e6-766750088aae b6d76366ebc146fe9c29a6f465d4f909 f3ec5ac7be6c46ce92620f141f695228 - - default default] Unable to schedule network 4f6750d8-61cf-42ba-8ef8-106b4a6dec8f: no agents available; will retry on subsequent port and subnet creation events.
2026-07-25 05:49:38.409 8 INFO neutron.db.ovn_revision_numbers_db [None req-0befca80-bef3-453f-a56f-2308c934f254 b3c6ad2f764e454da71053f4d3d123ca 553fa1a895974062b980acb7079acfc3 - - default default] Successfully bumped revision number for resource 635cd27d-5403-462e-a991-8516906a5359 (type: security_groups) to 1
2026-07-25 05:49:38.457 8 INFO neutron.plugins.ml2.drivers.ovn.mech_driver.mech_driver [None req-5530ac2a-518a-406a-8aa0-857db4734d87 - - - - - -] OVN reports status down for port: 358674b1-b695-40fe-bc2b-1032ae541e5d
2026-07-25 05:49:38.459 8 INFO neutron.db.ovn_revision_numbers_db [None req-0befca80-bef3-453f-a56f-2308c934f254 b3c6ad2f764e454da71053f4d3d123ca 553fa1a895974062b980acb7079acfc3 - - default default] Successfully bumped revision number for resource 26ef65a3-2047-434d-9368-e3e37cb988ee (type: security_group_rules) to 0
2026-07-25 05:49:38.493 8 INFO neutron.db.ovn_revision_numbers_db [None req-0befca80-bef3-453f-a56f-2308c934f254 b3c6ad2f764e454da71053f4d3d123ca 553fa1a895974062b980acb7079acfc3 - - default default] Successfully bumped revision number for resource 81e53a66-11ea-43df-9a60-5da02bb43d0d (type: security_group_rules) to 0
2026-07-25 05:49:38.578 7 INFO neutron.db.ovn_revision_numbers_db [None req-b29a2672-2374-4dce-b7e6-766750088aae b6d76366ebc146fe9c29a6f465d4f909 f3ec5ac7be6c46ce92620f141f695228 - - default default] Successfully bumped revision number for resource 358674b1-b695-40fe-bc2b-1032ae541e5d (type: ports) to 1
2026-07-25 05:49:38.626 8 INFO neutron.db.ovn_revision_numbers_db [None req-0befca80-bef3-453f-a56f-2308c934f254 b3c6ad2f764e454da71053f4d3d123ca 553fa1a895974062b980acb7079acfc3 - - default default] Successfully bumped revision number for resource 95185379-0473-46be-9556-abb759e43cfa (type: security_group_rules) to 0
2026-07-25 05:49:38.702 8 INFO neutron.db.ovn_revision_numbers_db [None req-0befca80-bef3-453f-a56f-2308c934f254 b3c6ad2f764e454da71053f4d3d123ca 553fa1a895974062b980acb7079acfc3 - - default default] Successfully bumped revision number for resource bec9d616-caf4-4535-8ca7-765ea57be7f3 (type: security_group_rules) to 0 [pid: 7|app: 0|req: 1148/2324] 10.0.0.208 () {34 vars in 670 bytes} [Sat Jul 25 05:49:37 2026] POST /v2.0/networks => generated 631 bytes in 718 msecs (HTTP/1.1 201) 4 headers in 162 bytes (1 switches on core 0)
2026-07-25 05:49:38.829 8 INFO neutron.db.segments_db [None req-0befca80-bef3-453f-a56f-2308c934f254 b3c6ad2f764e454da71053f4d3d123ca 553fa1a895974062b980acb7079acfc3 - - default default] Added segment a5097540-e0c2-4ae7-807a-6841818cf546 of type geneve for network ba0e1fa6-fe56-4786-b617-d62fb2c91003
2026-07-25 05:49:38.871 7 INFO neutron_taas.services.taas.taas_plugin [None req-ab4531bd-bf13-43ce-bba2-cecf28d7b97d 82deac1bf52947b6bb264b48e5a7084d 2333b2219e584788bf251916d3e20f75 - - default default] TaaS: Handle Delete Port: d2ea90ce-bb42-40eb-8bdf-427729b48d85
2026-07-25 05:49:38.874 7 INFO neutron_taas.services.taas.tap_mirror_plugin [None req-ab4531bd-bf13-43ce-bba2-cecf28d7b97d 82deac1bf52947b6bb264b48e5a7084d 2333b2219e584788bf251916d3e20f75 - - default default] Tap Mirror: Handle Delete Port: d2ea90ce-bb42-40eb-8bdf-427729b48d85
2026-07-25 05:49:39.010 8 INFO neutron.db.ovn_revision_numbers_db [None req-0befca80-bef3-453f-a56f-2308c934f254 b3c6ad2f764e454da71053f4d3d123ca 553fa1a895974062b980acb7079acfc3 - - default default] Successfully bumped revision number for resource ba0e1fa6-fe56-4786-b617-d62fb2c91003 (type: networks) to 1
2026-07-25 05:49:39.155 7 INFO neutron.services.segments.plugin [-] Segment 4245720e-87c3-44ca-ab72-25211313722f resource provider aggregate not found
2026-07-25 05:49:39.164 7 INFO neutron.services.segments.plugin [-] Segment 4245720e-87c3-44ca-ab72-25211313722f resource provider aggregate not found
2026-07-25 05:49:39.173 7 INFO neutron.services.segments.plugin [-] Client error retrieving segment 4245720e-87c3-44ca-ab72-25211313722f resource provider; error: Placement Client Error (4xx): {"errors": [{"status": 404, "title": "Not Found", "detail": "The resource could not be found.\n\n No resource provider with uuid 4245720e-87c3-44ca-ab72-25211313722f found for delete ", "request_id": "req-5f40a616-cdd4-4069-aa0a-2d2613852af5"}]}
2026-07-25 05:49:39.181 7 INFO neutron.services.segments.plugin [-] Client error retrieving segment 4245720e-87c3-44ca-ab72-25211313722f resource provider; error: Placement Client Error (4xx): {"errors": [{"status": 404, "title": "Not Found", "detail": "The resource could not be found.\n\n No resource provider with uuid 4245720e-87c3-44ca-ab72-25211313722f found for delete ", "request_id": "req-44d7d629-50dc-4ea3-8b73-432e4f28bf56"}]}
2026-07-25 05:49:39.214 8 WARNING neutron.scheduler.dhcp_agent_scheduler [None req-0befca80-bef3-453f-a56f-2308c934f254 b3c6ad2f764e454da71053f4d3d123ca 553fa1a895974062b980acb7079acfc3 - - default default] No more DHCP agents
2026-07-25 05:49:39.216 8 WARNING neutron.api.rpc.agentnotifiers.dhcp_rpc_agent_api [None req-0befca80-bef3-453f-a56f-2308c934f254 b3c6ad2f764e454da71053f4d3d123ca 553fa1a895974062b980acb7079acfc3 - - default default] Unable to schedule network ba0e1fa6-fe56-4786-b617-d62fb2c91003: no agents available; will retry on subsequent port and subnet creation events. [pid: 7|app: 0|req: 1149/2325] 10.0.0.208 () {32 vars in 726 bytes} [Sat Jul 25 05:49:38 2026] DELETE /v2.0/networks/f9889c8a-e59a-44b4-90d6-e62022a79090 => generated 0 bytes in 512 msecs (HTTP/1.1 204) 3 headers in 131 bytes (1 switches on core 0) [pid: 7|app: 0|req: 1150/2326] 10.0.0.208 () {32 vars in 736 bytes} [Sat Jul 25 05:49:39 2026] GET /v2.0/ports?device_id=2c4cd813-5a46-4d78-a360-50401717787a => generated 12 bytes in 15 msecs (HTTP/1.1 200) 4 headers in 156 bytes (1 switches on core 0)
2026-07-25 05:49:39.271 7 INFO neutron.plugins.ml2.drivers.ovn.mech_driver.mech_driver [None req-ccca9d07-aaf7-475f-9822-ac88b1eb9700 - - - - - -] OVN reports status down for port: 9d185087-fa71-48f7-b965-9f6a5d759fb8
2026-07-25 05:49:39.297 8 INFO neutron.db.ovn_revision_numbers_db [None req-0befca80-bef3-453f-a56f-2308c934f254 b3c6ad2f764e454da71053f4d3d123ca 553fa1a895974062b980acb7079acfc3 - - default default] Successfully bumped revision number for resource 9d185087-fa71-48f7-b965-9f6a5d759fb8 (type: ports) to 1 [pid: 8|app: 0|req: 1177/2327] 10.0.0.208 () {34 vars in 671 bytes} [Sat Jul 25 05:49:38 2026] POST /v2.0/networks => generated 743 bytes in 1278 msecs (HTTP/1.1 201) 4 headers in 162 bytes (1 switches on core 0)
2026-07-25 05:49:39.453 8 INFO neutron_taas.services.taas.taas_plugin [None req-45a5d207-8ca9-47ba-9623-1d4fa9a413c1 82deac1bf52947b6bb264b48e5a7084d 2333b2219e584788bf251916d3e20f75 - - default default] TaaS: Handle Delete Port: 74913bcc-b63e-40ff-91b4-4cf79a46115f
2026-07-25 05:49:39.459 8 INFO neutron_taas.services.taas.tap_mirror_plugin [None req-45a5d207-8ca9-47ba-9623-1d4fa9a413c1 82deac1bf52947b6bb264b48e5a7084d 2333b2219e584788bf251916d3e20f75 - - default default] Tap Mirror: Handle Delete Port: 74913bcc-b63e-40ff-91b4-4cf79a46115f
2026-07-25 05:49:39.462 7 WARNING neutron.scheduler.dhcp_agent_scheduler [None req-8f103d9e-0222-46b7-8c07-1a6d7203d4a2 b6d76366ebc146fe9c29a6f465d4f909 f3ec5ac7be6c46ce92620f141f695228 - - default default] No more DHCP agents
2026-07-25 05:49:39.463 7 WARNING neutron.api.rpc.agentnotifiers.dhcp_rpc_agent_api [None req-8f103d9e-0222-46b7-8c07-1a6d7203d4a2 b6d76366ebc146fe9c29a6f465d4f909 f3ec5ac7be6c46ce92620f141f695228 - - default default] Unable to schedule network 4f6750d8-61cf-42ba-8ef8-106b4a6dec8f: no agents available; will retry on subsequent port and subnet creation events.
2026-07-25 05:49:39.659 8 INFO neutron.services.segments.plugin [-] Segment 9fdf592b-9d0a-4c94-a4f3-967244f9fe18 resource provider aggregate not found
2026-07-25 05:49:39.674 8 INFO neutron.services.segments.plugin [-] Segment 9fdf592b-9d0a-4c94-a4f3-967244f9fe18 resource provider aggregate not found
2026-07-25 05:49:39.677 8 INFO neutron.services.segments.plugin [-] Client error retrieving segment 9fdf592b-9d0a-4c94-a4f3-967244f9fe18 resource provider; error: Placement Client Error (4xx): {"errors": [{"status": 404, "title": "Not Found", "detail": "The resource could not be found.\n\n No resource provider with uuid 9fdf592b-9d0a-4c94-a4f3-967244f9fe18 found for delete ", "request_id": "req-7b558d80-a325-4c66-bf4e-f2a290f1c676"}]}
2026-07-25 05:49:39.686 8 INFO neutron.services.segments.plugin [-] Client error retrieving segment 9fdf592b-9d0a-4c94-a4f3-967244f9fe18 resource provider; error: Placement Client Error (4xx): {"errors": [{"status": 404, "title": "Not Found", "detail": "The resource could not be found.\n\n No resource provider with uuid 9fdf592b-9d0a-4c94-a4f3-967244f9fe18 found for delete ", "request_id": "req-7a3f1148-ba94-48da-b57a-600991830e5f"}]} [pid: 8|app: 0|req: 1178/2328] 10.0.0.208 () {32 vars in 726 bytes} [Sat Jul 25 05:49:39 2026] DELETE /v2.0/networks/dba30a71-4646-4a88-b55d-30663b8fbd25 => generated 0 bytes in 405 msecs (HTTP/1.1 204) 3 headers in 131 bytes (1 switches on core 0)
2026-07-25 05:49:39.895 7 INFO neutron.db.ovn_revision_numbers_db [None req-d743d139-8fb3-44b7-a821-f4a222d09e94 - - - - - -] Successfully bumped revision number for resource 358674b1-b695-40fe-bc2b-1032ae541e5d (type: ports) to 2
2026-07-25 05:49:39.929 7 INFO neutron.db.ovn_revision_numbers_db [None req-d743d139-8fb3-44b7-a821-f4a222d09e94 - - - - - -] Successfully bumped revision number for resource 15cc7f15-c7f4-4f99-8844-83345685d593 (type: subnets) to 0 [pid: 8|app: 0|req: 1179/2329] 10.0.0.208 () {32 vars in 724 bytes} [Sat Jul 25 05:49:39 2026] DELETE /v2.0/routers/2c4cd813-5a46-4d78-a360-50401717787a => generated 0 bytes in 192 msecs (HTTP/1.1 204) 2 headers in 112 bytes (1 switches on core 0) [pid: 7|app: 0|req: 1151/2330] 10.0.0.208 () {34 vars in 669 bytes} [Sat Jul 25 05:49:39 2026] POST /v2.0/subnets => generated 629 bytes in 710 msecs (HTTP/1.1 201) 4 headers in 162 bytes (1 switches on core 0)
2026-07-25 05:49:40.061 8 WARNING neutron.scheduler.dhcp_agent_scheduler [None req-cf69ec1a-34a3-4fdc-a576-199d1547f32b b3c6ad2f764e454da71053f4d3d123ca 553fa1a895974062b980acb7079acfc3 - - default default] No more DHCP agents
2026-07-25 05:49:40.062 8 WARNING neutron.api.rpc.agentnotifiers.dhcp_rpc_agent_api [None req-cf69ec1a-34a3-4fdc-a576-199d1547f32b b3c6ad2f764e454da71053f4d3d123ca 553fa1a895974062b980acb7079acfc3 - - default default] Unable to schedule network ba0e1fa6-fe56-4786-b617-d62fb2c91003: no agents available; will retry on subsequent port and subnet creation events.
2026-07-25 05:49:40.063 7 INFO neutron_taas.services.taas.taas_plugin [None req-f931f8cf-3af2-4d4e-9678-90eb699c98cb 82deac1bf52947b6bb264b48e5a7084d 2333b2219e584788bf251916d3e20f75 - - default default] TaaS: Handle Delete Port: bdf0c63f-caae-45ad-970c-a381de857704
2026-07-25 05:49:40.066 7 INFO neutron_taas.services.taas.tap_mirror_plugin [None req-f931f8cf-3af2-4d4e-9678-90eb699c98cb 82deac1bf52947b6bb264b48e5a7084d 2333b2219e584788bf251916d3e20f75 - - default default] Tap Mirror: Handle Delete Port: bdf0c63f-caae-45ad-970c-a381de857704 [pid: 7|app: 0|req: 1152/2331] 10.0.0.208 () {32 vars in 726 bytes} [Sat Jul 25 05:49:39 2026] DELETE /v2.0/networks/7c6b83e3-e9d6-44db-b843-1e1eb4f498ae => generated 0 bytes in 330 msecs (HTTP/1.1 204) 3 headers in 131 bytes (1 switches on core 0) [pid: 7|app: 0|req: 1153/2332] 10.0.0.208 () {32 vars in 721 bytes} [Sat Jul 25 05:49:40 2026] GET /v2.0/routers/c15b6695-44f7-4338-82d5-15580cb16896 => generated 583 bytes in 28 msecs (HTTP/1.1 200) 4 headers in 157 bytes (1 switches on core 0)
2026-07-25 05:49:40.423 8 INFO neutron.db.ovn_revision_numbers_db [None req-afe237b3-b28f-4119-9bf6-91e616282280 - - - - - -] Successfully bumped revision number for resource 9d185087-fa71-48f7-b965-9f6a5d759fb8 (type: ports) to 2
2026-07-25 05:49:40.482 8 INFO neutron.db.ovn_revision_numbers_db [None req-afe237b3-b28f-4119-9bf6-91e616282280 - - - - - -] Successfully bumped revision number for resource 6e0a809b-ec91-4156-894a-be6e2f97e1d5 (type: subnets) to 0 [pid: 8|app: 0|req: 1180/2333] 10.0.0.208 () {34 vars in 669 bytes} [Sat Jul 25 05:49:39 2026] POST /v2.0/subnets => generated 687 bytes in 572 msecs (HTTP/1.1 201) 4 headers in 162 bytes (1 switches on core 0)
2026-07-25 05:49:40.624 8 INFO neutron_taas.services.taas.taas_plugin [None req-33265bf7-7729-4c7e-9e8a-12d3deec2061 82deac1bf52947b6bb264b48e5a7084d 2333b2219e584788bf251916d3e20f75 - - default default] TaaS: Handle Delete Port: 5ded3f04-4731-46d9-9ac0-9e01ca363c6e
2026-07-25 05:49:40.627 8 INFO neutron_taas.services.taas.tap_mirror_plugin [None req-33265bf7-7729-4c7e-9e8a-12d3deec2061 82deac1bf52947b6bb264b48e5a7084d 2333b2219e584788bf251916d3e20f75 - - default default] Tap Mirror: Handle Delete Port: 5ded3f04-4731-46d9-9ac0-9e01ca363c6e
2026-07-25 05:49:40.728 7 WARNING neutron.scheduler.dhcp_agent_scheduler [None req-286bcfc9-7133-4dea-9d0a-c6e378244353 b6d76366ebc146fe9c29a6f465d4f909 f3ec5ac7be6c46ce92620f141f695228 - - default default] No more DHCP agents
2026-07-25 05:49:40.730 7 WARNING neutron.api.rpc.agentnotifiers.dhcp_rpc_agent_api [None req-286bcfc9-7133-4dea-9d0a-c6e378244353 b6d76366ebc146fe9c29a6f465d4f909 f3ec5ac7be6c46ce92620f141f695228 - - default default] Unable to schedule network 29944b43-2182-46ce-9055-3c5349ba25d2: no agents available; will retry on subsequent port and subnet creation events.
2026-07-25 05:49:40.819 7 INFO neutron.plugins.ml2.drivers.ovn.mech_driver.mech_driver [None req-ccca9d07-aaf7-475f-9822-ac88b1eb9700 - - - - - -] OVN reports status down for port: 9ebc974f-5895-47e6-86c8-2033c7a3cd71 [pid: 8|app: 0|req: 1181/2334] 10.0.0.208 () {32 vars in 726 bytes} [Sat Jul 25 05:49:40 2026] DELETE /v2.0/networks/0819f541-c879-4c34-b5f0-6d39ab89d10f => generated 0 bytes in 351 msecs (HTTP/1.1 204) 3 headers in 131 bytes (1 switches on core 0)
2026-07-25 05:49:40.894 7 INFO neutron.db.ovn_revision_numbers_db [None req-286bcfc9-7133-4dea-9d0a-c6e378244353 b6d76366ebc146fe9c29a6f465d4f909 f3ec5ac7be6c46ce92620f141f695228 - - default default] Successfully bumped revision number for resource 9ebc974f-5895-47e6-86c8-2033c7a3cd71 (type: ports) to 1
2026-07-25 05:49:41.178 8 INFO neutron.db.ovn_revision_numbers_db [None req-b00db9de-7cc0-43e1-9234-24114db490e4 05f2a68bc74446e1a616516b7e213bde f984f56b061646d39e94b6e0e153e05b - - default default] Successfully bumped revision number for resource c15b6695-44f7-4338-82d5-15580cb16896 (type: routers) to 2 [pid: 8|app: 0|req: 1182/2335] 10.0.0.208 () {34 vars in 742 bytes} [Sat Jul 25 05:49:40 2026] PUT /v2.0/routers/c15b6695-44f7-4338-82d5-15580cb16896 => generated 583 bytes in 327 msecs (HTTP/1.1 200) 4 headers in 157 bytes (1 switches on core 0)
2026-07-25 05:49:41.200 7 INFO neutron.services.segments.plugin [-] Segment 229c0440-75ab-4fcc-9314-7d578146d48d resource provider aggregate not found
2026-07-25 05:49:41.206 7 INFO neutron.services.segments.plugin [-] Segment 229c0440-75ab-4fcc-9314-7d578146d48d resource provider aggregate not found
2026-07-25 05:49:41.223 7 INFO neutron.services.segments.plugin [-] Client error retrieving segment 229c0440-75ab-4fcc-9314-7d578146d48d resource provider; error: Placement Client Error (4xx): {"errors": [{"status": 404, "title": "Not Found", "detail": "The resource could not be found.\n\n No resource provider with uuid 229c0440-75ab-4fcc-9314-7d578146d48d found for delete ", "request_id": "req-2450e30b-20d6-4a3f-b8d6-081deb7361b4"}]}
2026-07-25 05:49:41.234 7 INFO neutron.services.segments.plugin [-] Client error retrieving segment 229c0440-75ab-4fcc-9314-7d578146d48d resource provider; error: Placement Client Error (4xx): {"errors": [{"status": 404, "title": "Not Found", "detail": "The resource could not be found.\n\n No resource provider with uuid 229c0440-75ab-4fcc-9314-7d578146d48d found for delete ", "request_id": "req-96b707d0-f470-4ec7-b229-f720bb46edf5"}]}
2026-07-25 05:49:41.504 7 INFO neutron.plugins.ml2.drivers.ovn.mech_driver.ovsdb.commands [None req-8c6188c8-1556-4df1-a692-e0c9a121bbb4 - - - - - -] Schedule LRP lrp-9ebc974f-5895-47e6-86c8-2033c7a3cd71 on gateway 7fd92aa0-904b-4e7c-97c8-3be17e419530 with priority 1
2026-07-25 05:49:41.527 7 INFO neutron.plugins.ml2.drivers.ovn.mech_driver.mech_driver [None req-ccca9d07-aaf7-475f-9822-ac88b1eb9700 - - - - - -] OVN reports status up for port: 9ebc974f-5895-47e6-86c8-2033c7a3cd71
2026-07-25 05:49:41.556 7 INFO neutron.plugins.ml2.plugin [None req-ccca9d07-aaf7-475f-9822-ac88b1eb9700 - - - - - -] Attempt 1 to provision port 9ebc974f-5895-47e6-86c8-2033c7a3cd71
2026-07-25 05:49:41.574 7 INFO neutron.db.ovn_revision_numbers_db [None req-286bcfc9-7133-4dea-9d0a-c6e378244353 b6d76366ebc146fe9c29a6f465d4f909 f3ec5ac7be6c46ce92620f141f695228 - - default default] Successfully bumped revision number for resource 9ebc974f-5895-47e6-86c8-2033c7a3cd71 (type: router_ports) to 1
2026-07-25 05:49:41.631 8 WARNING neutron.scheduler.dhcp_agent_scheduler [None req-b994d096-a222-47cc-abe0-0db18395bb78 b3c6ad2f764e454da71053f4d3d123ca 553fa1a895974062b980acb7079acfc3 - - default default] No more DHCP agents
2026-07-25 05:49:41.634 8 WARNING neutron.api.rpc.agentnotifiers.dhcp_rpc_agent_api [None req-b994d096-a222-47cc-abe0-0db18395bb78 b3c6ad2f764e454da71053f4d3d123ca 553fa1a895974062b980acb7079acfc3 - - default default] Unable to schedule network 29944b43-2182-46ce-9055-3c5349ba25d2: no agents available; will retry on subsequent port and subnet creation events.
2026-07-25 05:49:41.684 7 INFO neutron.db.ovn_revision_numbers_db [None req-286bcfc9-7133-4dea-9d0a-c6e378244353 b6d76366ebc146fe9c29a6f465d4f909 f3ec5ac7be6c46ce92620f141f695228 - - default default] Successfully bumped revision number for resource 1c5bbf80-efb6-4909-a245-9938d7061b6e (type: routers) to 2
2026-07-25 05:49:41.698 8 INFO neutron.services.segments.plugin [-] Segment e4c825c3-eb9b-42d7-98f1-adbd0470cad6 resource provider aggregate not found
2026-07-25 05:49:41.707 8 INFO neutron.services.segments.plugin [-] Segment e4c825c3-eb9b-42d7-98f1-adbd0470cad6 resource provider aggregate not found [pid: 7|app: 0|req: 1154/2336] 10.0.0.208 () {34 vars in 669 bytes} [Sat Jul 25 05:49:40 2026] POST /v2.0/routers => generated 937 bytes in 1412 msecs (HTTP/1.1 201) 4 headers in 162 bytes (1 switches on core 0)
2026-07-25 05:49:41.717 8 INFO neutron.services.segments.plugin [-] Client error retrieving segment e4c825c3-eb9b-42d7-98f1-adbd0470cad6 resource provider; error: Placement Client Error (4xx): {"errors": [{"status": 404, "title": "Not Found", "detail": "The resource could not be found.\n\n No resource provider with uuid e4c825c3-eb9b-42d7-98f1-adbd0470cad6 found for delete ", "request_id": "req-c060a410-613d-44ff-b898-9bb488ce9ae3"}]}
2026-07-25 05:49:41.723 8 INFO neutron.services.segments.plugin [-] Client error retrieving segment e4c825c3-eb9b-42d7-98f1-adbd0470cad6 resource provider; error: Placement Client Error (4xx): {"errors": [{"status": 404, "title": "Not Found", "detail": "The resource could not be found.\n\n No resource provider with uuid e4c825c3-eb9b-42d7-98f1-adbd0470cad6 found for delete ", "request_id": "req-a1c168cd-cf09-4ab6-a257-67e4706ed777"}]}
2026-07-25 05:49:41.787 8 INFO neutron.db.ovn_revision_numbers_db [None req-b994d096-a222-47cc-abe0-0db18395bb78 b3c6ad2f764e454da71053f4d3d123ca 553fa1a895974062b980acb7079acfc3 - - default default] Successfully bumped revision number for resource 4462bcd4-ae3a-41c8-b866-5851ed493da1 (type: ports) to 1
2026-07-25 05:49:41.851 7 INFO neutron_taas.services.taas.taas_plugin [None req-5da14e00-fd90-4b72-aee7-982250565489 82deac1bf52947b6bb264b48e5a7084d 2333b2219e584788bf251916d3e20f75 - - default default] TaaS: Handle Delete Port: b8a52855-58a8-415f-bc61-3a43dd29ff6a
2026-07-25 05:49:41.854 7 INFO neutron_taas.services.taas.tap_mirror_plugin [None req-5da14e00-fd90-4b72-aee7-982250565489 82deac1bf52947b6bb264b48e5a7084d 2333b2219e584788bf251916d3e20f75 - - default default] Tap Mirror: Handle Delete Port: b8a52855-58a8-415f-bc61-3a43dd29ff6a [pid: 7|app: 0|req: 1155/2337] 10.0.0.208 () {32 vars in 726 bytes} [Sat Jul 25 05:49:41 2026] DELETE /v2.0/networks/be805b81-1fc5-49ec-a3ac-966af6b3bd8d => generated 0 bytes in 346 msecs (HTTP/1.1 204) 3 headers in 131 bytes (1 switches on core 0) [pid: 7|app: 0|req: 1156/2338] 10.0.0.208 () {32 vars in 736 bytes} [Sat Jul 25 05:49:42 2026] GET /v2.0/ports?device_id=c15b6695-44f7-4338-82d5-15580cb16896 => generated 12 bytes in 24 msecs (HTTP/1.1 200) 4 headers in 156 bytes (1 switches on core 0)
2026-07-25 05:49:42.353 8 INFO neutron.plugins.ml2.drivers.ovn.mech_driver.ovsdb.commands [None req-a65962f9-8d21-4f0a-a7cc-f643a1d17635 - - - - - -] Schedule LRP lrp-4462bcd4-ae3a-41c8-b866-5851ed493da1 on gateway 7fd92aa0-904b-4e7c-97c8-3be17e419530 with priority 1
2026-07-25 05:49:42.386 7 INFO neutron.plugins.ml2.drivers.ovn.mech_driver.ovsdb.ovsdb_monitor [None req-cf2c4c9d-d711-40af-b485-05d39df710f3 - - - - - -] Router c145571c-4576-4da2-af2e-65f7e4ae56f1 is bound to host instance
2026-07-25 05:49:42.406 8 INFO neutron.db.ovn_revision_numbers_db [None req-b994d096-a222-47cc-abe0-0db18395bb78 b3c6ad2f764e454da71053f4d3d123ca 553fa1a895974062b980acb7079acfc3 - - default default] Successfully bumped revision number for resource 4462bcd4-ae3a-41c8-b866-5851ed493da1 (type: router_ports) to 1
2026-07-25 05:49:42.504 8 INFO neutron.db.ovn_revision_numbers_db [None req-b994d096-a222-47cc-abe0-0db18395bb78 b3c6ad2f764e454da71053f4d3d123ca 553fa1a895974062b980acb7079acfc3 - - default default] Successfully bumped revision number for resource c145571c-4576-4da2-af2e-65f7e4ae56f1 (type: routers) to 2 [pid: 8|app: 0|req: 1183/2339] 10.0.0.208 () {34 vars in 669 bytes} [Sat Jul 25 05:49:41 2026] POST /v2.0/routers => generated 965 bytes in 1350 msecs (HTTP/1.1 201) 4 headers in 162 bytes (1 switches on core 0) [pid: 8|app: 0|req: 1184/2340] 10.0.0.208 () {32 vars in 724 bytes} [Sat Jul 25 05:49:42 2026] DELETE /v2.0/routers/c15b6695-44f7-4338-82d5-15580cb16896 => generated 0 bytes in 158 msecs (HTTP/1.1 204) 2 headers in 112 bytes (1 switches on core 0)
2026-07-25 05:49:42.704 7 WARNING neutron.scheduler.dhcp_agent_scheduler [None req-780e4b4b-6db0-4a65-8f78-ff3b89755888 b6d76366ebc146fe9c29a6f465d4f909 f3ec5ac7be6c46ce92620f141f695228 - - default default] No more DHCP agents
2026-07-25 05:49:42.706 7 WARNING neutron.api.rpc.agentnotifiers.dhcp_rpc_agent_api [None req-780e4b4b-6db0-4a65-8f78-ff3b89755888 b6d76366ebc146fe9c29a6f465d4f909 f3ec5ac7be6c46ce92620f141f695228 - - default default] Unable to schedule network 4f6750d8-61cf-42ba-8ef8-106b4a6dec8f: no agents available; will retry on subsequent port and subnet creation events.
2026-07-25 05:49:42.925 7 INFO neutron.db.ovn_revision_numbers_db [None req-780e4b4b-6db0-4a65-8f78-ff3b89755888 b6d76366ebc146fe9c29a6f465d4f909 f3ec5ac7be6c46ce92620f141f695228 - - default default] Successfully bumped revision number for resource c0b55f4e-b814-438d-943d-3473cdd58888 (type: ports) to 1
2026-07-25 05:49:43.085 8 WARNING neutron.scheduler.dhcp_agent_scheduler [None req-e116d676-c522-43ae-84da-8be5e7ee6463 b3c6ad2f764e454da71053f4d3d123ca 553fa1a895974062b980acb7079acfc3 - - default default] No more DHCP agents
2026-07-25 05:49:43.086 8 WARNING neutron.api.rpc.agentnotifiers.dhcp_rpc_agent_api [None req-e116d676-c522-43ae-84da-8be5e7ee6463 b3c6ad2f764e454da71053f4d3d123ca 553fa1a895974062b980acb7079acfc3 - - default default] Unable to schedule network ba0e1fa6-fe56-4786-b617-d62fb2c91003: no agents available; will retry on subsequent port and subnet creation events.
2026-07-25 05:49:43.238 8 INFO neutron.db.ovn_revision_numbers_db [None req-e116d676-c522-43ae-84da-8be5e7ee6463 b3c6ad2f764e454da71053f4d3d123ca 553fa1a895974062b980acb7079acfc3 - - default default] Successfully bumped revision number for resource a076a9b6-1840-424c-89e4-8aaef3dd6517 (type: ports) to 1
2026-07-25 05:49:43.261 7 INFO neutron.services.segments.plugin [-] Segment d60cee1a-5950-4bc0-b053-471fd93cc5d9 resource provider aggregate not found
2026-07-25 05:49:43.276 7 INFO neutron.services.segments.plugin [-] Segment d60cee1a-5950-4bc0-b053-471fd93cc5d9 resource provider aggregate not found
2026-07-25 05:49:43.301 7 INFO neutron.services.segments.plugin [-] Client error retrieving segment d60cee1a-5950-4bc0-b053-471fd93cc5d9 resource provider; error: Placement Client Error (4xx): {"errors": [{"status": 404, "title": "Not Found", "detail": "The resource could not be found.\n\n No resource provider with uuid d60cee1a-5950-4bc0-b053-471fd93cc5d9 found for delete ", "request_id": "req-3ec3610e-6859-4faf-89f6-778f23515413"}]}
2026-07-25 05:49:43.302 7 INFO neutron.services.segments.plugin [-] Client error retrieving segment d60cee1a-5950-4bc0-b053-471fd93cc5d9 resource provider; error: Placement Client Error (4xx): {"errors": [{"status": 404, "title": "Not Found", "detail": "The resource could not be found.\n\n No resource provider with uuid d60cee1a-5950-4bc0-b053-471fd93cc5d9 found for delete ", "request_id": "req-fcc5057f-637e-4f6d-990f-2645d23f9a49"}]}
2026-07-25 05:49:43.927 8 WARNING neutron.scheduler.dhcp_agent_scheduler [None req-e116d676-c522-43ae-84da-8be5e7ee6463 b3c6ad2f764e454da71053f4d3d123ca 553fa1a895974062b980acb7079acfc3 - - default default] No more DHCP agents
2026-07-25 05:49:43.930 8 WARNING neutron.api.rpc.agentnotifiers.dhcp_rpc_agent_api [None req-e116d676-c522-43ae-84da-8be5e7ee6463 b3c6ad2f764e454da71053f4d3d123ca 553fa1a895974062b980acb7079acfc3 - - default default] Unable to schedule network ba0e1fa6-fe56-4786-b617-d62fb2c91003: no agents available; will retry on subsequent port and subnet creation events.
2026-07-25 05:49:44.021 7 INFO neutron.db.ovn_revision_numbers_db [None req-8fa1064d-1594-4dc4-af3f-4b1d9a4529b7 - - - - - -] Successfully bumped revision number for resource 4462bcd4-ae3a-41c8-b866-5851ed493da1 (type: ports) to 4
2026-07-25 05:49:44.315 7 WARNING neutron.scheduler.dhcp_agent_scheduler [None req-780e4b4b-6db0-4a65-8f78-ff3b89755888 b6d76366ebc146fe9c29a6f465d4f909 f3ec5ac7be6c46ce92620f141f695228 - - default default] No more DHCP agents
2026-07-25 05:49:44.317 7 WARNING neutron.api.rpc.agentnotifiers.dhcp_rpc_agent_api [None req-780e4b4b-6db0-4a65-8f78-ff3b89755888 b6d76366ebc146fe9c29a6f465d4f909 f3ec5ac7be6c46ce92620f141f695228 - - default default] Unable to schedule network 4f6750d8-61cf-42ba-8ef8-106b4a6dec8f: no agents available; will retry on subsequent port and subnet creation events.
2026-07-25 05:49:44.354 8 INFO neutron.db.ovn_revision_numbers_db [None req-e116d676-c522-43ae-84da-8be5e7ee6463 b3c6ad2f764e454da71053f4d3d123ca 553fa1a895974062b980acb7079acfc3 - - default default] Successfully bumped revision number for resource a076a9b6-1840-424c-89e4-8aaef3dd6517 (type: router_ports) to 1 [pid: 8|app: 0|req: 1185/2341] 10.0.0.208 () {34 vars in 783 bytes} [Sat Jul 25 05:49:42 2026] PUT /v2.0/routers/c145571c-4576-4da2-af2e-65f7e4ae56f1/add_router_interface => generated 309 bytes in 1669 msecs (HTTP/1.1 200) 4 headers in 157 bytes (1 switches on core 0) [pid: 8|app: 0|req: 1186/2342] 10.0.0.208 () {32 vars in 721 bytes} [Sat Jul 25 05:49:44 2026] GET /v2.0/routers/0568711d-71de-4d84-8d1a-bc7503daf9c8 => generated 576 bytes in 38 msecs (HTTP/1.1 200) 4 headers in 157 bytes (1 switches on core 0)
2026-07-25 05:49:44.722 8 INFO neutron.db.ovn_revision_numbers_db [None req-47422795-d8ea-415b-a36f-f924b90f592d b3c6ad2f764e454da71053f4d3d123ca 553fa1a895974062b980acb7079acfc3 - - default default] Successfully bumped revision number for resource 189847ce-d69a-4082-9cfb-3b81e8b470d0 (type: security_groups) to 1
2026-07-25 05:49:44.750 8 INFO neutron.db.ovn_revision_numbers_db [None req-47422795-d8ea-415b-a36f-f924b90f592d b3c6ad2f764e454da71053f4d3d123ca 553fa1a895974062b980acb7079acfc3 - - default default] Successfully bumped revision number for resource 3612af5e-6404-448f-bef8-f08f2dc7a3dc (type: security_group_rules) to 0
2026-07-25 05:49:44.765 8 INFO neutron.db.ovn_revision_numbers_db [None req-47422795-d8ea-415b-a36f-f924b90f592d b3c6ad2f764e454da71053f4d3d123ca 553fa1a895974062b980acb7079acfc3 - - default default] Successfully bumped revision number for resource 6320929f-d401-4e28-b434-43496341aafd (type: security_group_rules) to 0
2026-07-25 05:49:44.794 8 INFO neutron.db.ovn_revision_numbers_db [None req-47422795-d8ea-415b-a36f-f924b90f592d b3c6ad2f764e454da71053f4d3d123ca 553fa1a895974062b980acb7079acfc3 - - default default] Successfully bumped revision number for resource 7332700c-0b97-4eb4-8d9e-d78a3a5ef16f (type: security_group_rules) to 0
2026-07-25 05:49:44.823 8 INFO neutron.db.ovn_revision_numbers_db [None req-47422795-d8ea-415b-a36f-f924b90f592d b3c6ad2f764e454da71053f4d3d123ca 553fa1a895974062b980acb7079acfc3 - - default default] Successfully bumped revision number for resource 95369fea-654c-48e2-9293-57edceccc4dc (type: security_group_rules) to 0
2026-07-25 05:49:44.849 7 INFO neutron.db.ovn_revision_numbers_db [None req-8fa1064d-1594-4dc4-af3f-4b1d9a4529b7 - - - - - -] Successfully bumped revision number for resource 4462bcd4-ae3a-41c8-b866-5851ed493da1 (type: ports) to 5 [pid: 8|app: 0|req: 1187/2343] 10.0.0.208 () {32 vars in 774 bytes} [Sat Jul 25 05:49:44 2026] GET /v2.0/security-groups?tenant_id=9759144d361d4dfca9f0f76e8de8d35a&name=default => generated 2925 bytes in 458 msecs (HTTP/1.1 200) 4 headers in 158 bytes (1 switches on core 0)
2026-07-25 05:49:45.065 7 INFO neutron.db.ovn_revision_numbers_db [None req-780e4b4b-6db0-4a65-8f78-ff3b89755888 b6d76366ebc146fe9c29a6f465d4f909 f3ec5ac7be6c46ce92620f141f695228 - - default default] Successfully bumped revision number for resource c0b55f4e-b814-438d-943d-3473cdd58888 (type: router_ports) to 1 [pid: 7|app: 0|req: 1157/2346] 10.0.0.208 () {34 vars in 783 bytes} [Sat Jul 25 05:49:42 2026] PUT /v2.0/routers/1c5bbf80-efb6-4909-a245-9938d7061b6e/add_router_interface => generated 309 bytes in 2985 msecs (HTTP/1.1 200) 4 headers in 157 bytes (1 switches on core 0) [pid: 8|app: 0|req: 1190/2347] 10.0.0.208 () {34 vars in 742 bytes} [Sat Jul 25 05:49:44 2026] PUT /v2.0/routers/0568711d-71de-4d84-8d1a-bc7503daf9c8 => generated 576 bytes in 250 msecs (HTTP/1.1 200) 4 headers in 157 bytes (1 switches on core 0) [pid: 7|app: 0|req: 1158/2348] 10.0.0.208 () {32 vars in 740 bytes} [Sat Jul 25 05:49:45 2026] DELETE /v2.0/security-groups/189847ce-d69a-4082-9cfb-3b81e8b470d0 => generated 0 bytes in 276 msecs (HTTP/1.1 204) 2 headers in 112 bytes (1 switches on core 0) [pid: 7|app: 0|req: 1159/2349] 10.0.0.208 () {32 vars in 736 bytes} [Sat Jul 25 05:49:45 2026] GET /v2.0/ports?device_id=0568711d-71de-4d84-8d1a-bc7503daf9c8 => generated 12 bytes in 16 msecs (HTTP/1.1 200) 4 headers in 156 bytes (1 switches on core 0) [pid: 7|app: 0|req: 1160/2350] 10.0.0.208 () {32 vars in 724 bytes} [Sat Jul 25 05:49:45 2026] DELETE /v2.0/routers/0568711d-71de-4d84-8d1a-bc7503daf9c8 => generated 0 bytes in 230 msecs (HTTP/1.1 204) 2 headers in 112 bytes (1 switches on core 0)
2026-07-25 05:49:45.758 7 INFO neutron.db.ovn_revision_numbers_db [None req-f971a229-e863-4f7d-9fad-0741de533754 b3c6ad2f764e454da71053f4d3d123ca 553fa1a895974062b980acb7079acfc3 - - default default] Successfully bumped revision number for resource ea0d9d51-f252-4ea9-bc50-a00a8bcb038b (type: security_groups) to 1
2026-07-25 05:49:45.766 8 WARNING neutron.scheduler.dhcp_agent_scheduler [None req-05b6848c-e9f1-402d-a4ea-01bded8e847b - - - - - -] No more DHCP agents
2026-07-25 05:49:45.768 8 WARNING neutron.api.rpc.agentnotifiers.dhcp_rpc_agent_api [None req-05b6848c-e9f1-402d-a4ea-01bded8e847b - - - - - -] Unable to schedule network 29944b43-2182-46ce-9055-3c5349ba25d2: no agents available; will retry on subsequent port and subnet creation events.
2026-07-25 05:49:45.775 7 INFO neutron.db.ovn_revision_numbers_db [None req-f971a229-e863-4f7d-9fad-0741de533754 b3c6ad2f764e454da71053f4d3d123ca 553fa1a895974062b980acb7079acfc3 - - default default] Successfully bumped revision number for resource 0c85d29c-73c6-4004-9c26-9e6c2f1a2390 (type: security_group_rules) to 0
2026-07-25 05:49:45.795 7 INFO neutron.db.ovn_revision_numbers_db [None req-f971a229-e863-4f7d-9fad-0741de533754 b3c6ad2f764e454da71053f4d3d123ca 553fa1a895974062b980acb7079acfc3 - - default default] Successfully bumped revision number for resource 550e4335-c8b5-427c-ba5e-ff97ffb32b15 (type: security_group_rules) to 0
2026-07-25 05:49:45.812 7 INFO neutron.db.ovn_revision_numbers_db [None req-f971a229-e863-4f7d-9fad-0741de533754 b3c6ad2f764e454da71053f4d3d123ca 553fa1a895974062b980acb7079acfc3 - - default default] Successfully bumped revision number for resource 687ae2f2-f573-4d03-b432-be2af25a1c89 (type: security_group_rules) to 0
2026-07-25 05:49:45.829 7 INFO neutron.db.ovn_revision_numbers_db [None req-f971a229-e863-4f7d-9fad-0741de533754 b3c6ad2f764e454da71053f4d3d123ca 553fa1a895974062b980acb7079acfc3 - - default default] Successfully bumped revision number for resource a85cf29f-f7d2-4f72-8e1d-b54206557f35 (type: security_group_rules) to 0
2026-07-25 05:49:45.882 8 INFO neutron.plugins.ml2.drivers.ovn.mech_driver.mech_driver [None req-5530ac2a-518a-406a-8aa0-857db4734d87 - - - - - -] OVN reports status down for port: dc84cf4e-ec35-480b-8a08-09a7d113b262
2026-07-25 05:49:45.916 7 INFO neutron.db.segments_db [None req-f971a229-e863-4f7d-9fad-0741de533754 b3c6ad2f764e454da71053f4d3d123ca 553fa1a895974062b980acb7079acfc3 - - default default] Added segment 2f63ca7e-eeb3-405e-a356-6238726fd1aa of type geneve for network b8fdd584-7ba9-404a-8b72-18bd9caf3ec6
2026-07-25 05:49:45.941 8 INFO neutron.db.ovn_revision_numbers_db [None req-05b6848c-e9f1-402d-a4ea-01bded8e847b - - - - - -] Successfully bumped revision number for resource dc84cf4e-ec35-480b-8a08-09a7d113b262 (type: ports) to 1
2026-07-25 05:49:46.043 7 INFO neutron.db.ovn_revision_numbers_db [None req-f971a229-e863-4f7d-9fad-0741de533754 b3c6ad2f764e454da71053f4d3d123ca 553fa1a895974062b980acb7079acfc3 - - default default] Successfully bumped revision number for resource b8fdd584-7ba9-404a-8b72-18bd9caf3ec6 (type: networks) to 1
2026-07-25 05:49:46.206 7 WARNING neutron.scheduler.dhcp_agent_scheduler [None req-f971a229-e863-4f7d-9fad-0741de533754 b3c6ad2f764e454da71053f4d3d123ca 553fa1a895974062b980acb7079acfc3 - - default default] No more DHCP agents
2026-07-25 05:49:46.207 7 WARNING neutron.api.rpc.agentnotifiers.dhcp_rpc_agent_api [None req-f971a229-e863-4f7d-9fad-0741de533754 b3c6ad2f764e454da71053f4d3d123ca 553fa1a895974062b980acb7079acfc3 - - default default] Unable to schedule network b8fdd584-7ba9-404a-8b72-18bd9caf3ec6: no agents available; will retry on subsequent port and subnet creation events.
2026-07-25 05:49:46.285 8 INFO neutron.db.ovn_revision_numbers_db [None req-05b6848c-e9f1-402d-a4ea-01bded8e847b - - - - - -] Successfully bumped revision number for resource dc84cf4e-ec35-480b-8a08-09a7d113b262 (type: ports) to 3
2026-07-25 05:49:46.302 7 INFO neutron.db.ovn_revision_numbers_db [None req-f971a229-e863-4f7d-9fad-0741de533754 b3c6ad2f764e454da71053f4d3d123ca 553fa1a895974062b980acb7079acfc3 - - default default] Successfully bumped revision number for resource dad906df-dd82-4f1a-bbfd-a59c73d78bbd (type: ports) to 1 [pid: 7|app: 0|req: 1161/2351] 10.0.0.208 () {34 vars in 671 bytes} [Sat Jul 25 05:49:45 2026] POST /v2.0/networks => generated 743 bytes in 748 msecs (HTTP/1.1 201) 4 headers in 162 bytes (1 switches on core 0)
2026-07-25 05:49:46.353 8 INFO neutron.db.segments_db [None req-05b6848c-e9f1-402d-a4ea-01bded8e847b - - - - - -] Added segment db93bd63-401c-4325-8d68-f0726b9cae31 of type geneve for network b0c2b6ac-00ad-47da-9bf2-d1f45448975b
2026-07-25 05:49:46.500 8 INFO neutron.db.ovn_revision_numbers_db [None req-7d550cc6-1638-49df-8131-100c9d0e30e8 - - - - - -] Successfully bumped revision number for resource b0c2b6ac-00ad-47da-9bf2-d1f45448975b (type: networks) to 1
2026-07-25 05:49:46.519 7 INFO neutron.db.ovn_revision_numbers_db [None req-38ff77dc-65a7-4732-a30d-491224508cab b3c6ad2f764e454da71053f4d3d123ca 553fa1a895974062b980acb7079acfc3 - - default default] Successfully bumped revision number for resource d1bde0b6-9aca-4877-8a00-462d2ae9abbf (type: security_groups) to 1
2026-07-25 05:49:46.538 7 INFO neutron.db.ovn_revision_numbers_db [None req-38ff77dc-65a7-4732-a30d-491224508cab b3c6ad2f764e454da71053f4d3d123ca 553fa1a895974062b980acb7079acfc3 - - default default] Successfully bumped revision number for resource d11de683-6e41-44bd-9379-244e290c52b7 (type: security_group_rules) to 0
2026-07-25 05:49:46.553 7 INFO neutron.db.ovn_revision_numbers_db [None req-38ff77dc-65a7-4732-a30d-491224508cab b3c6ad2f764e454da71053f4d3d123ca 553fa1a895974062b980acb7079acfc3 - - default default] Successfully bumped revision number for resource d680cd7e-0afd-46da-83e3-b97dee8d6fd9 (type: security_group_rules) to 0
2026-07-25 05:49:46.572 7 INFO neutron.db.ovn_revision_numbers_db [None req-38ff77dc-65a7-4732-a30d-491224508cab b3c6ad2f764e454da71053f4d3d123ca 553fa1a895974062b980acb7079acfc3 - - default default] Successfully bumped revision number for resource e54f217a-c56a-45ae-9204-ad27c231804d (type: security_group_rules) to 0
2026-07-25 05:49:46.596 7 INFO neutron.db.ovn_revision_numbers_db [None req-38ff77dc-65a7-4732-a30d-491224508cab b3c6ad2f764e454da71053f4d3d123ca 553fa1a895974062b980acb7079acfc3 - - default default] Successfully bumped revision number for resource fc6be46a-290c-4d79-adcc-3fcc8b15a68d (type: security_group_rules) to 0 [pid: 7|app: 0|req: 1162/2352] 10.0.0.208 () {32 vars in 774 bytes} [Sat Jul 25 05:49:46 2026] GET /v2.0/security-groups?tenant_id=002bfc18152d4da0979314271d6e0d7d&name=default => generated 2925 bytes in 284 msecs (HTTP/1.1 200) 4 headers in 158 bytes (1 switches on core 0)
2026-07-25 05:49:46.660 8 WARNING neutron.scheduler.dhcp_agent_scheduler [None req-7d550cc6-1638-49df-8131-100c9d0e30e8 - - - - - -] No more DHCP agents
2026-07-25 05:49:46.661 8 WARNING neutron.api.rpc.agentnotifiers.dhcp_rpc_agent_api [None req-7d550cc6-1638-49df-8131-100c9d0e30e8 - - - - - -] Unable to schedule network b0c2b6ac-00ad-47da-9bf2-d1f45448975b: no agents available; will retry on subsequent port and subnet creation events.
2026-07-25 05:49:46.697 8 INFO neutron.plugins.ml2.drivers.ovn.mech_driver.mech_driver [None req-5530ac2a-518a-406a-8aa0-857db4734d87 - - - - - -] OVN reports status down for port: a5a8f856-d8ca-49b8-b30c-5719c305168d
2026-07-25 05:49:46.758 8 INFO neutron.db.ovn_revision_numbers_db [None req-7d550cc6-1638-49df-8131-100c9d0e30e8 - - - - - -] Successfully bumped revision number for resource a5a8f856-d8ca-49b8-b30c-5719c305168d (type: ports) to 1
2026-07-25 05:49:46.771 7 WARNING neutron.scheduler.dhcp_agent_scheduler [None req-1856b7ad-7987-4fb5-a8c2-5d11f8eddbd9 b3c6ad2f764e454da71053f4d3d123ca 553fa1a895974062b980acb7079acfc3 - - default default] No more DHCP agents
2026-07-25 05:49:46.773 7 WARNING neutron.api.rpc.agentnotifiers.dhcp_rpc_agent_api [None req-1856b7ad-7987-4fb5-a8c2-5d11f8eddbd9 b3c6ad2f764e454da71053f4d3d123ca 553fa1a895974062b980acb7079acfc3 - - default default] Unable to schedule network b8fdd584-7ba9-404a-8b72-18bd9caf3ec6: no agents available; will retry on subsequent port and subnet creation events.
2026-07-25 05:49:46.934 8 WARNING neutron.scheduler.dhcp_agent_scheduler [None req-7d550cc6-1638-49df-8131-100c9d0e30e8 - - - - - -] No more DHCP agents
2026-07-25 05:49:46.935 8 WARNING neutron.api.rpc.agentnotifiers.dhcp_rpc_agent_api [None req-7d550cc6-1638-49df-8131-100c9d0e30e8 - - - - - -] Unable to schedule network b0c2b6ac-00ad-47da-9bf2-d1f45448975b: no agents available; will retry on subsequent port and subnet creation events.
2026-07-25 05:49:46.961 8 INFO neutron.db.ovn_revision_numbers_db [None req-7d550cc6-1638-49df-8131-100c9d0e30e8 - - - - - -] Successfully bumped revision number for resource fa835439-2901-413a-bfc8-441fdcc5a9b8 (type: subnets) to 0
2026-07-25 05:49:47.018 7 WARNING neutron.plugins.ml2.drivers.ovn.mech_driver.ovsdb.ovn_client [None req-ccca9d07-aaf7-475f-9822-ac88b1eb9700 - - - - - -] No hosting information found for port 9ebc974f-5895-47e6-86c8-2033c7a3cd71: RuntimeError: No hosting information found for port 9ebc974f-5895-47e6-86c8-2033c7a3cd71
2026-07-25 05:49:47.019 7 INFO neutron.plugins.ml2.drivers.ovn.mech_driver.mech_driver [None req-ccca9d07-aaf7-475f-9822-ac88b1eb9700 - - - - - -] OVN reports status down for port: 4462bcd4-ae3a-41c8-b866-5851ed493da1
2026-07-25 05:49:47.379 8 WARNING neutron.scheduler.dhcp_agent_scheduler [None req-7d550cc6-1638-49df-8131-100c9d0e30e8 - - - - - -] No more DHCP agents
2026-07-25 05:49:47.381 8 WARNING neutron.api.rpc.agentnotifiers.dhcp_rpc_agent_api [None req-7d550cc6-1638-49df-8131-100c9d0e30e8 - - - - - -] Unable to schedule network b0c2b6ac-00ad-47da-9bf2-d1f45448975b: no agents available; will retry on subsequent port and subnet creation events.
2026-07-25 05:49:47.411 7 INFO neutron.db.ovn_revision_numbers_db [None req-2f7981e3-3594-47f8-996d-414c0337c737 - - - - - -] Successfully bumped revision number for resource dad906df-dd82-4f1a-bbfd-a59c73d78bbd (type: ports) to 2
2026-07-25 05:49:47.494 7 INFO neutron.db.ovn_revision_numbers_db [None req-2f7981e3-3594-47f8-996d-414c0337c737 - - - - - -] Successfully bumped revision number for resource 6d0c9588-9573-44da-b328-1905014cadcf (type: subnets) to 0
2026-07-25 05:49:47.529 8 INFO neutron.db.ovn_revision_numbers_db [None req-7d550cc6-1638-49df-8131-100c9d0e30e8 - - - - - -] Successfully bumped revision number for resource 9d9e5a51-8497-4764-b13c-c9bb8821d29e (type: ports) to 1 [pid: 7|app: 0|req: 1163/2353] 10.0.0.208 () {34 vars in 669 bytes} [Sat Jul 25 05:49:46 2026] POST /v2.0/subnets => generated 687 bytes in 901 msecs (HTTP/1.1 201) 4 headers in 162 bytes (1 switches on core 0)
2026-07-25 05:49:47.573 7 INFO neutron.db.ovn_revision_numbers_db [None req-ccca9d07-aaf7-475f-9822-ac88b1eb9700 - - - - - -] Successfully bumped revision number for resource 4462bcd4-ae3a-41c8-b866-5851ed493da1 (type: ports) to 6
2026-07-25 05:49:47.649 7 WARNING neutron.plugins.ml2.drivers.ovn.mech_driver.ovsdb.ovn_client [None req-a802eff9-77c8-4fe6-b980-69684cfb7b08 - - - - - -] Logical_Switch_Port 4462bcd4-ae3a-41c8-b866-5851ed493da1 host information not removed, the port state is up
2026-07-25 05:49:47.649 7 INFO neutron.plugins.ml2.drivers.ovn.mech_driver.mech_driver [None req-a802eff9-77c8-4fe6-b980-69684cfb7b08 - - - - - -] OVN reports status up for port: 4462bcd4-ae3a-41c8-b866-5851ed493da1
2026-07-25 05:49:47.659 7 INFO neutron.plugins.ml2.plugin [None req-a802eff9-77c8-4fe6-b980-69684cfb7b08 - - - - - -] Attempt 1 to provision port 4462bcd4-ae3a-41c8-b866-5851ed493da1
2026-07-25 05:49:47.948 7 INFO neutron.db.ovn_revision_numbers_db [None req-478d5606-bdaf-4574-8e80-85e970a57c54 b3c6ad2f764e454da71053f4d3d123ca 553fa1a895974062b980acb7079acfc3 - - default default] Successfully bumped revision number for resource 829233b8-36ef-4f5e-9e90-adc1d94cd511 (type: security_groups) to 1
2026-07-25 05:49:47.978 7 INFO neutron.db.ovn_revision_numbers_db [None req-478d5606-bdaf-4574-8e80-85e970a57c54 b3c6ad2f764e454da71053f4d3d123ca 553fa1a895974062b980acb7079acfc3 - - default default] Successfully bumped revision number for resource 5ed478be-67b0-4a31-9053-4d6f97f7c663 (type: security_group_rules) to 0
2026-07-25 05:49:48.007 7 INFO neutron.db.ovn_revision_numbers_db [None req-478d5606-bdaf-4574-8e80-85e970a57c54 b3c6ad2f764e454da71053f4d3d123ca 553fa1a895974062b980acb7079acfc3 - - default default] Successfully bumped revision number for resource 6303473c-29df-4885-8060-dbc631b265d0 (type: security_group_rules) to 0
2026-07-25 05:49:48.031 7 INFO neutron.db.ovn_revision_numbers_db [None req-478d5606-bdaf-4574-8e80-85e970a57c54 b3c6ad2f764e454da71053f4d3d123ca 553fa1a895974062b980acb7079acfc3 - - default default] Successfully bumped revision number for resource efc8a0ff-019b-4fb5-a1ac-c6054b429a64 (type: security_group_rules) to 0
2026-07-25 05:49:48.060 7 INFO neutron.db.ovn_revision_numbers_db [None req-478d5606-bdaf-4574-8e80-85e970a57c54 b3c6ad2f764e454da71053f4d3d123ca 553fa1a895974062b980acb7079acfc3 - - default default] Successfully bumped revision number for resource fc0072ca-db14-4bdc-9168-86bd98cd5c4a (type: security_group_rules) to 0 [pid: 7|app: 0|req: 1164/2354] 10.0.0.208 () {32 vars in 774 bytes} [Sat Jul 25 05:49:47 2026] GET /v2.0/security-groups?tenant_id=f984f56b061646d39e94b6e0e153e05b&name=default => generated 2925 bytes in 606 msecs (HTTP/1.1 200) 4 headers in 158 bytes (1 switches on core 0)
2026-07-25 05:49:48.203 7 INFO neutron.db.ovn_revision_numbers_db [None req-a802eff9-77c8-4fe6-b980-69684cfb7b08 - - - - - -] Successfully bumped revision number for resource 4462bcd4-ae3a-41c8-b866-5851ed493da1 (type: ports) to 7
2026-07-25 05:49:48.203 8 WARNING neutron.scheduler.dhcp_agent_scheduler [None req-7d550cc6-1638-49df-8131-100c9d0e30e8 - - - - - -] No more DHCP agents
2026-07-25 05:49:48.204 8 WARNING neutron.api.rpc.agentnotifiers.dhcp_rpc_agent_api [None req-7d550cc6-1638-49df-8131-100c9d0e30e8 - - - - - -] Unable to schedule network b0c2b6ac-00ad-47da-9bf2-d1f45448975b: no agents available; will retry on subsequent port and subnet creation events.
2026-07-25 05:49:48.378 7 INFO neutron.plugins.ml2.drivers.ovn.mech_driver.mech_driver [None req-6436181b-ae3a-4e92-b9b1-86a667fd931f - - - - - -] OVN reports status down for port: c0b55f4e-b814-438d-943d-3473cdd58888
2026-07-25 05:49:48.483 7 INFO neutron.plugins.ml2.drivers.ovn.mech_driver.mech_driver [None req-6436181b-ae3a-4e92-b9b1-86a667fd931f - - - - - -] OVN reports status down for port: a076a9b6-1840-424c-89e4-8aaef3dd6517 [pid: 7|app: 0|req: 1165/2355] 10.0.0.208 () {32 vars in 740 bytes} [Sat Jul 25 05:49:48 2026] DELETE /v2.0/security-groups/d1bde0b6-9aca-4877-8a00-462d2ae9abbf => generated 0 bytes in 437 msecs (HTTP/1.1 204) 2 headers in 112 bytes (1 switches on core 0)
2026-07-25 05:49:48.582 7 INFO neutron.plugins.ml2.drivers.ovn.mech_driver.mech_driver [None req-6436181b-ae3a-4e92-b9b1-86a667fd931f - - - - - -] OVN reports status up for port: a076a9b6-1840-424c-89e4-8aaef3dd6517
2026-07-25 05:49:48.609 7 INFO neutron.plugins.ml2.plugin [None req-6436181b-ae3a-4e92-b9b1-86a667fd931f - - - - - -] Attempt 1 to provision port a076a9b6-1840-424c-89e4-8aaef3dd6517
2026-07-25 05:49:48.694 8 INFO neutron.db.ovn_revision_numbers_db [None req-7d550cc6-1638-49df-8131-100c9d0e30e8 - - - - - -] Successfully bumped revision number for resource 9d9e5a51-8497-4764-b13c-c9bb8821d29e (type: router_ports) to 1
2026-07-25 05:49:48.927 8 WARNING neutron.scheduler.dhcp_agent_scheduler [None req-7d550cc6-1638-49df-8131-100c9d0e30e8 - - - - - -] No more DHCP agents
2026-07-25 05:49:48.930 8 WARNING neutron.api.rpc.agentnotifiers.dhcp_rpc_agent_api [None req-7d550cc6-1638-49df-8131-100c9d0e30e8 - - - - - -] Unable to schedule network b0c2b6ac-00ad-47da-9bf2-d1f45448975b: no agents available; will retry on subsequent port and subnet creation events.
2026-07-25 05:49:49.026 8 INFO neutron.plugins.ml2.drivers.ovn.mech_driver.mech_driver [None req-5530ac2a-518a-406a-8aa0-857db4734d87 - - - - - -] OVN reports status down for port: e798866c-b1d9-4da9-b377-3099a26c1f4f
2026-07-25 05:49:49.087 8 INFO neutron.db.ovn_revision_numbers_db [None req-7d550cc6-1638-49df-8131-100c9d0e30e8 - - - - - -] Successfully bumped revision number for resource e798866c-b1d9-4da9-b377-3099a26c1f4f (type: ports) to 1
2026-07-25 05:49:49.341 8 INFO neutron.db.ovn_revision_numbers_db [None req-7d550cc6-1638-49df-8131-100c9d0e30e8 - - - - - -] Successfully bumped revision number for resource e798866c-b1d9-4da9-b377-3099a26c1f4f (type: ports) to 3 [pid: 8|app: 0|req: 1191/2356] 10.0.0.208 () {34 vars in 685 bytes} [Sat Jul 25 05:49:45 2026] POST /v2.0/vpn/vpnservices => generated 458 bytes in 4963 msecs (HTTP/1.1 201) 4 headers in 162 bytes (1 switches on core 0)
2026-07-25 05:49:50.172 7 WARNING neutron.scheduler.dhcp_agent_scheduler [None req-4544e163-c270-4317-93b5-850cc552eb6d b3c6ad2f764e454da71053f4d3d123ca 553fa1a895974062b980acb7079acfc3 - - default default] No more DHCP agents
