2026-07-25 05:47:55.786 8 INFO neutron.db.ovn_revision_numbers_db [None req-d01024b5-2333-451d-a818-55a80d8e1837 b3c6ad2f764e454da71053f4d3d123ca 553fa1a895974062b980acb7079acfc3 - - default default] Successfully bumped revision number for resource 5c78d635-3994-4a14-8ed2-8cdc37e268b6 (type: security_group_rules) to 0 [pid: 7|app: 0|req: 706/1513] 10.0.0.208 () {32 vars in 694 bytes} [Sat Jul 25 05:47:55 2026] GET /v2.0/networks?router%3Aexternal=True => generated 753 bytes in 51 msecs (HTTP/1.1 200) 4 headers in 157 bytes (1 switches on core 0)
2026-07-25 05:47:55.812 8 INFO neutron.db.ovn_revision_numbers_db [None req-d01024b5-2333-451d-a818-55a80d8e1837 b3c6ad2f764e454da71053f4d3d123ca 553fa1a895974062b980acb7079acfc3 - - default default] Successfully bumped revision number for resource 94697d7d-9eec-435f-b055-38834ecdcae2 (type: security_group_rules) to 0
2026-07-25 05:47:55.838 8 INFO neutron.db.ovn_revision_numbers_db [None req-d01024b5-2333-451d-a818-55a80d8e1837 b3c6ad2f764e454da71053f4d3d123ca 553fa1a895974062b980acb7079acfc3 - - default default] Successfully bumped revision number for resource f0d457bb-c943-4425-9267-b47b8686e9e1 (type: security_group_rules) to 0
2026-07-25 05:47:55.864 8 INFO neutron.db.ovn_revision_numbers_db [None req-d01024b5-2333-451d-a818-55a80d8e1837 b3c6ad2f764e454da71053f4d3d123ca 553fa1a895974062b980acb7079acfc3 - - default default] Successfully bumped revision number for resource f7d400cd-c9e1-4602-8a38-a7750bac942d (type: security_group_rules) to 0 [pid: 8|app: 0|req: 808/1514] 10.0.0.208 () {32 vars in 774 bytes} [Sat Jul 25 05:47:55 2026] GET /v2.0/security-groups?tenant_id=531790ba3d6a4ef6823b6029e40ee3ff&name=default => generated 2925 bytes in 479 msecs (HTTP/1.1 200) 4 headers in 158 bytes (1 switches on core 0)
2026-07-25 05:47:55.951 8 INFO neutron.db.ovn_revision_numbers_db [None req-6c7e6223-64d0-4da1-b2c0-f0ad5937ca30 - - - - - -] Successfully bumped revision number for resource 8544058e-78ad-4eee-bb84-c0d1a143488d (type: ports) to 4
2026-07-25 05:47:55.961 7 INFO neutron_taas.services.taas.taas_plugin [req-19d377e8-be99-4c7b-8c65-77fa54775d9a req-59195f71-c2b6-4af3-986c-513a240fd8bf 0dd1c2a341c947ff9b1c7ddf6fbf71fa 5cb3a3b9508a470eaac44734133c0b35 - - default default] TaaS: Handle Delete Port: 6d8bffa0-384a-4901-884c-f11e9ce33456
2026-07-25 05:47:55.964 7 INFO neutron_taas.services.taas.tap_mirror_plugin [req-19d377e8-be99-4c7b-8c65-77fa54775d9a req-59195f71-c2b6-4af3-986c-513a240fd8bf 0dd1c2a341c947ff9b1c7ddf6fbf71fa 5cb3a3b9508a470eaac44734133c0b35 - - default default] Tap Mirror: Handle Delete Port: 6d8bffa0-384a-4901-884c-f11e9ce33456 [pid: 8|app: 0|req: 809/1515] 10.0.0.136 () {34 vars in 990 bytes} [Sat Jul 25 05:47:55 2026] GET /v2.0/ports?device_id=7f9ec431-8303-48a1-9c4e-fae6fd35273e => generated 973 bytes in 48 msecs (HTTP/1.1 200) 4 headers in 157 bytes (1 switches on core 0) [pid: 8|app: 0|req: 810/1516] 10.0.0.208 () {32 vars in 784 bytes} [Sat Jul 25 05:47:55 2026] GET /v2.0/subnets?network_id=29944b43-2182-46ce-9055-3c5349ba25d2&cidr=10.100.0.0%2F28 => generated 14 bytes in 38 msecs (HTTP/1.1 200) 4 headers in 156 bytes (1 switches on core 0) [pid: 7|app: 0|req: 707/1517] 199.204.45.95 () {36 vars in 996 bytes} [Sat Jul 25 05:47:55 2026] DELETE /v2.0/ports/6d8bffa0-384a-4901-884c-f11e9ce33456 => generated 0 bytes in 341 msecs (HTTP/1.1 204) 3 headers in 131 bytes (1 switches on core 0)
2026-07-25 05:47:56.171 7 INFO neutron.notifiers.nova [-] Nova event matching ['req-a95996d4-121e-4885-9051-b2483af33341'] response: {'server_uuid': '7f9ec431-8303-48a1-9c4e-fae6fd35273e', 'name': 'network-vif-deleted', 'tag': '6d8bffa0-384a-4901-884c-f11e9ce33456', 'status': 'completed', 'code': 200} [pid: 7|app: 0|req: 708/1518] 10.0.0.136 () {34 vars in 1040 bytes} [Sat Jul 25 05:47:56 2026] GET /v2.0/security-groups?id=59ca232c-74b0-44f6-8932-35409ed7d8e4&fields=id&fields=name => generated 88 bytes in 60 msecs (HTTP/1.1 200) 4 headers in 156 bytes (1 switches on core 0)
2026-07-25 05:47:56.385 7 WARNING neutron.scheduler.dhcp_agent_scheduler [None req-36a3cb7e-95aa-4a75-8ac1-d63412473ef1 3c3d3ce3c51f49ff972d0ab72c38bfe8 b09a6d34dbf74d939cdb8218966f3be6 - - default default] No more DHCP agents
2026-07-25 05:47:56.388 7 WARNING neutron.api.rpc.agentnotifiers.dhcp_rpc_agent_api [None req-36a3cb7e-95aa-4a75-8ac1-d63412473ef1 3c3d3ce3c51f49ff972d0ab72c38bfe8 b09a6d34dbf74d939cdb8218966f3be6 - - default default] Unable to schedule network d754c8fd-49b4-48c8-bfd3-69a173c94bf3: no agents available; will retry on subsequent port and subnet creation events. [pid: 8|app: 0|req: 811/1519] 10.0.0.208 () {32 vars in 740 bytes} [Sat Jul 25 05:47:56 2026] DELETE /v2.0/security-groups/777df729-6940-4318-ba64-d99799cdd11b => generated 0 bytes in 447 msecs (HTTP/1.1 204) 2 headers in 112 bytes (1 switches on core 0)
2026-07-25 05:47:56.539 8 INFO neutron.db.ovn_revision_numbers_db [None req-6c7e6223-64d0-4da1-b2c0-f0ad5937ca30 - - - - - -] Successfully bumped revision number for resource 8544058e-78ad-4eee-bb84-c0d1a143488d (type: ports) to 5
2026-07-25 05:47:56.783 8 INFO neutron.notifiers.nova [-] Nova event matching ['req-08f769df-4a60-4aaa-9bce-66a6925dcce6'] response: {'server_uuid': '7f9ec431-8303-48a1-9c4e-fae6fd35273e', 'name': 'network-vif-unplugged', 'status': 'completed', 'tag': '6d8bffa0-384a-4901-884c-f11e9ce33456', 'code': 200}
2026-07-25 05:47:56.861 7 INFO neutron.db.ovn_revision_numbers_db [None req-f2af8ae8-81ea-4089-8166-686600a2e163 - - - - - -] Successfully bumped revision number for resource cff2ca20-3e86-4273-91af-fd3d1db7c0b0 (type: ports) to 2
2026-07-25 05:47:56.892 7 INFO neutron.db.ovn_revision_numbers_db [None req-f2af8ae8-81ea-4089-8166-686600a2e163 - - - - - -] Successfully bumped revision number for resource 7c799865-a23e-49e6-98da-82296e7a3f9a (type: subnets) to 0 [pid: 7|app: 0|req: 709/1520] 10.0.0.208 () {34 vars in 669 bytes} [Sat Jul 25 05:47:56 2026] POST /v2.0/subnets => generated 657 bytes in 712 msecs (HTTP/1.1 201) 4 headers in 162 bytes (1 switches on core 0) [pid: 7|app: 0|req: 710/1521] 10.0.0.136 () {34 vars in 990 bytes} [Sat Jul 25 05:47:57 2026] GET /v2.0/ports?device_id=7f9ec431-8303-48a1-9c4e-fae6fd35273e => generated 12 bytes in 21 msecs (HTTP/1.1 200) 4 headers in 156 bytes (1 switches on core 0)
2026-07-25 05:47:57.508 8 WARNING neutron.scheduler.dhcp_agent_scheduler [None req-0fac4f0d-ee9f-4867-9b7e-0a687d6fe25d 3c3d3ce3c51f49ff972d0ab72c38bfe8 b09a6d34dbf74d939cdb8218966f3be6 - - default default] No more DHCP agents
2026-07-25 05:47:57.510 8 WARNING neutron.api.rpc.agentnotifiers.dhcp_rpc_agent_api [None req-0fac4f0d-ee9f-4867-9b7e-0a687d6fe25d 3c3d3ce3c51f49ff972d0ab72c38bfe8 b09a6d34dbf74d939cdb8218966f3be6 - - default default] Unable to schedule network d754c8fd-49b4-48c8-bfd3-69a173c94bf3: no agents available; will retry on subsequent port and subnet creation events.
2026-07-25 05:47:57.667 8 INFO neutron.plugins.ml2.drivers.ovn.mech_driver.mech_driver [None req-92ff4e56-d290-47b4-a598-a93416310aa7 - - - - - -] OVN reports status down for port: d8ee3ed3-fc04-49fc-b05d-e3cde9f5fb89
2026-07-25 05:47:57.715 8 INFO neutron.db.ovn_revision_numbers_db [None req-0fac4f0d-ee9f-4867-9b7e-0a687d6fe25d 3c3d3ce3c51f49ff972d0ab72c38bfe8 b09a6d34dbf74d939cdb8218966f3be6 - - default default] Successfully bumped revision number for resource d8ee3ed3-fc04-49fc-b05d-e3cde9f5fb89 (type: ports) to 1
2026-07-25 05:47:58.260 7 INFO neutron.db.ovn_revision_numbers_db [None req-c2166b4a-f096-48de-9ae2-8403d2fd069f fb48a7622d04429fbc702202f7eba227 42ff8fd033fa437cbe51f22fac8c9c4a - - default default] Successfully bumped revision number for resource d87525c6-15f7-40bd-b61c-e360983212a8 (type: security_groups) to 1
2026-07-25 05:47:58.276 7 INFO neutron.db.ovn_revision_numbers_db [None req-c2166b4a-f096-48de-9ae2-8403d2fd069f fb48a7622d04429fbc702202f7eba227 42ff8fd033fa437cbe51f22fac8c9c4a - - default default] Successfully bumped revision number for resource 24001c72-65f1-4b47-b617-a64f2f7d2749 (type: security_group_rules) to 0
2026-07-25 05:47:58.290 7 INFO neutron.db.ovn_revision_numbers_db [None req-c2166b4a-f096-48de-9ae2-8403d2fd069f fb48a7622d04429fbc702202f7eba227 42ff8fd033fa437cbe51f22fac8c9c4a - - default default] Successfully bumped revision number for resource 3250a1ba-252c-437d-8952-71140c250638 (type: security_group_rules) to 0
2026-07-25 05:47:58.302 7 INFO neutron.db.ovn_revision_numbers_db [None req-c2166b4a-f096-48de-9ae2-8403d2fd069f fb48a7622d04429fbc702202f7eba227 42ff8fd033fa437cbe51f22fac8c9c4a - - default default] Successfully bumped revision number for resource 617df9fd-b5e4-4c8d-ba5e-e90d340e3808 (type: security_group_rules) to 0
2026-07-25 05:47:58.313 7 INFO neutron.db.ovn_revision_numbers_db [None req-c2166b4a-f096-48de-9ae2-8403d2fd069f fb48a7622d04429fbc702202f7eba227 42ff8fd033fa437cbe51f22fac8c9c4a - - default default] Successfully bumped revision number for resource d688eb0e-7279-4603-ac34-d92aedc28970 (type: security_group_rules) to 0
2026-07-25 05:47:58.410 7 INFO neutron.db.segments_db [None req-c2166b4a-f096-48de-9ae2-8403d2fd069f fb48a7622d04429fbc702202f7eba227 42ff8fd033fa437cbe51f22fac8c9c4a - - default default] Added segment 6bf4ab34-5f82-4a9b-9a44-545fcb7b93df of type geneve for network 6595886a-7826-4f82-87f2-fee731f565ab
2026-07-25 05:47:58.511 7 INFO neutron.db.segments_db [None req-c2166b4a-f096-48de-9ae2-8403d2fd069f fb48a7622d04429fbc702202f7eba227 42ff8fd033fa437cbe51f22fac8c9c4a - - default default] Added segment ae23c769-1abd-41c0-8000-56bb88e71016 of type geneve for network ec8675c2-b860-49e3-ae15-95de61c2ec52
2026-07-25 05:47:58.520 8 INFO neutron.plugins.ml2.drivers.ovn.mech_driver.mech_driver [None req-92ff4e56-d290-47b4-a598-a93416310aa7 - - - - - -] OVN reports status up for port: d8ee3ed3-fc04-49fc-b05d-e3cde9f5fb89
2026-07-25 05:47:58.551 8 INFO neutron.plugins.ml2.plugin [None req-92ff4e56-d290-47b4-a598-a93416310aa7 - - - - - -] Attempt 1 to provision port d8ee3ed3-fc04-49fc-b05d-e3cde9f5fb89
2026-07-25 05:47:58.623 7 INFO neutron.db.ovn_revision_numbers_db [None req-c2166b4a-f096-48de-9ae2-8403d2fd069f fb48a7622d04429fbc702202f7eba227 42ff8fd033fa437cbe51f22fac8c9c4a - - default default] Successfully bumped revision number for resource 6595886a-7826-4f82-87f2-fee731f565ab (type: networks) to 1
2026-07-25 05:47:58.654 8 WARNING neutron.scheduler.dhcp_agent_scheduler [None req-0fac4f0d-ee9f-4867-9b7e-0a687d6fe25d 3c3d3ce3c51f49ff972d0ab72c38bfe8 b09a6d34dbf74d939cdb8218966f3be6 - - default default] No more DHCP agents
2026-07-25 05:47:58.655 8 WARNING neutron.api.rpc.agentnotifiers.dhcp_rpc_agent_api [None req-0fac4f0d-ee9f-4867-9b7e-0a687d6fe25d 3c3d3ce3c51f49ff972d0ab72c38bfe8 b09a6d34dbf74d939cdb8218966f3be6 - - default default] Unable to schedule network d754c8fd-49b4-48c8-bfd3-69a173c94bf3: no agents available; will retry on subsequent port and subnet creation events.
2026-07-25 05:47:58.799 7 WARNING neutron.scheduler.dhcp_agent_scheduler [None req-c2166b4a-f096-48de-9ae2-8403d2fd069f fb48a7622d04429fbc702202f7eba227 42ff8fd033fa437cbe51f22fac8c9c4a - - default default] No more DHCP agents
2026-07-25 05:47:58.801 7 WARNING neutron.api.rpc.agentnotifiers.dhcp_rpc_agent_api [None req-c2166b4a-f096-48de-9ae2-8403d2fd069f fb48a7622d04429fbc702202f7eba227 42ff8fd033fa437cbe51f22fac8c9c4a - - default default] Unable to schedule network 6595886a-7826-4f82-87f2-fee731f565ab: no agents available; will retry on subsequent port and subnet creation events.
2026-07-25 05:47:58.853 7 INFO neutron.plugins.ml2.drivers.ovn.mech_driver.mech_driver [None req-84bd6012-afea-420a-9d13-e7ec65b20c36 - - - - - -] OVN reports status down for port: e1a50859-c86d-4692-96ed-146e79f61311
2026-07-25 05:47:58.917 7 INFO neutron.db.ovn_revision_numbers_db [None req-c2166b4a-f096-48de-9ae2-8403d2fd069f fb48a7622d04429fbc702202f7eba227 42ff8fd033fa437cbe51f22fac8c9c4a - - default default] Successfully bumped revision number for resource e1a50859-c86d-4692-96ed-146e79f61311 (type: ports) to 1
2026-07-25 05:47:59.039 7 INFO neutron.db.ovn_revision_numbers_db [None req-c2166b4a-f096-48de-9ae2-8403d2fd069f fb48a7622d04429fbc702202f7eba227 42ff8fd033fa437cbe51f22fac8c9c4a - - default default] Successfully bumped revision number for resource ec8675c2-b860-49e3-ae15-95de61c2ec52 (type: networks) to 1
2026-07-25 05:47:59.253 7 WARNING neutron.scheduler.dhcp_agent_scheduler [None req-c2166b4a-f096-48de-9ae2-8403d2fd069f fb48a7622d04429fbc702202f7eba227 42ff8fd033fa437cbe51f22fac8c9c4a - - default default] No more DHCP agents
2026-07-25 05:47:59.254 7 WARNING neutron.api.rpc.agentnotifiers.dhcp_rpc_agent_api [None req-c2166b4a-f096-48de-9ae2-8403d2fd069f fb48a7622d04429fbc702202f7eba227 42ff8fd033fa437cbe51f22fac8c9c4a - - default default] Unable to schedule network ec8675c2-b860-49e3-ae15-95de61c2ec52: no agents available; will retry on subsequent port and subnet creation events.
2026-07-25 05:47:59.299 8 INFO neutron.db.ovn_revision_numbers_db [None req-92ff4e56-d290-47b4-a598-a93416310aa7 - - - - - -] Successfully bumped revision number for resource d8ee3ed3-fc04-49fc-b05d-e3cde9f5fb89 (type: ports) to 2
2026-07-25 05:47:59.327 7 INFO neutron.plugins.ml2.drivers.ovn.mech_driver.mech_driver [None req-84bd6012-afea-420a-9d13-e7ec65b20c36 - - - - - -] OVN reports status down for port: 509ce38b-df04-4a1d-b0e5-b276ad8ee99e
2026-07-25 05:47:59.425 7 INFO neutron.db.ovn_revision_numbers_db [None req-c2166b4a-f096-48de-9ae2-8403d2fd069f fb48a7622d04429fbc702202f7eba227 42ff8fd033fa437cbe51f22fac8c9c4a - - default default] Successfully bumped revision number for resource 509ce38b-df04-4a1d-b0e5-b276ad8ee99e (type: ports) to 1 [pid: 7|app: 0|req: 711/1522] 10.0.0.208 () {34 vars in 670 bytes} [Sat Jul 25 05:47:57 2026] POST /v2.0/networks => generated 1244 bytes in 1668 msecs (HTTP/1.1 201) 4 headers in 163 bytes (1 switches on core 0) [pid: 7|app: 0|req: 712/1523] 10.0.0.136 () {34 vars in 990 bytes} [Sat Jul 25 05:47:59 2026] GET /v2.0/ports?device_id=7f9ec431-8303-48a1-9c4e-fae6fd35273e => generated 12 bytes in 33 msecs (HTTP/1.1 200) 4 headers in 156 bytes (1 switches on core 0)
2026-07-25 05:47:59.541 8 INFO neutron.db.ovn_revision_numbers_db [None req-0fac4f0d-ee9f-4867-9b7e-0a687d6fe25d 3c3d3ce3c51f49ff972d0ab72c38bfe8 b09a6d34dbf74d939cdb8218966f3be6 - - default default] Successfully bumped revision number for resource d8ee3ed3-fc04-49fc-b05d-e3cde9f5fb89 (type: router_ports) to 1 [pid: 8|app: 0|req: 812/1526] 10.0.0.208 () {34 vars in 783 bytes} [Sat Jul 25 05:47:56 2026] PUT /v2.0/routers/977d1a8c-54bf-46ed-af57-49222343696d/add_router_interface => generated 309 bytes in 2648 msecs (HTTP/1.1 200) 4 headers in 157 bytes (1 switches on core 0) [pid: 7|app: 0|req: 715/1527] 10.0.0.208 () {32 vars in 649 bytes} [Sat Jul 25 05:47:59 2026] GET /v2.0/networks => generated 1855 bytes in 65 msecs (HTTP/1.1 200) 4 headers in 158 bytes (1 switches on core 0)
2026-07-25 05:47:59.700 8 INFO neutron.db.ovn_revision_numbers_db [None req-96566fa9-2d60-4963-b678-23019edb0045 - - - - - -] Successfully bumped revision number for resource d8ee3ed3-fc04-49fc-b05d-e3cde9f5fb89 (type: router_ports) to 2 [pid: 8|app: 0|req: 813/1528] 10.0.0.208 () {32 vars in 649 bytes} [Sat Jul 25 05:47:59 2026] GET /v2.0/networks => generated 5083 bytes in 142 msecs (HTTP/1.1 200) 4 headers in 158 bytes (1 switches on core 0)
2026-07-25 05:47:59.758 7 INFO neutron_taas.services.taas.taas_plugin [None req-bd0e0f77-e454-485a-b1e1-b9a3d4f355dc fb48a7622d04429fbc702202f7eba227 42ff8fd033fa437cbe51f22fac8c9c4a - - default default] TaaS: Handle Delete Port: e1a50859-c86d-4692-96ed-146e79f61311
2026-07-25 05:47:59.761 7 INFO neutron_taas.services.taas.tap_mirror_plugin [None req-bd0e0f77-e454-485a-b1e1-b9a3d4f355dc fb48a7622d04429fbc702202f7eba227 42ff8fd033fa437cbe51f22fac8c9c4a - - default default] Tap Mirror: Handle Delete Port: e1a50859-c86d-4692-96ed-146e79f61311 [pid: 8|app: 0|req: 814/1529] 10.0.0.208 () {32 vars in 647 bytes} [Sat Jul 25 05:47:59 2026] GET /v2.0/subnets => generated 2655 bytes in 56 msecs (HTTP/1.1 200) 4 headers in 158 bytes (1 switches on core 0) [pid: 8|app: 0|req: 815/1530] 10.0.0.208 () {32 vars in 647 bytes} [Sat Jul 25 05:47:59 2026] GET /v2.0/routers => generated 1942 bytes in 72 msecs (HTTP/1.1 200) 4 headers in 158 bytes (1 switches on core 0)
2026-07-25 05:47:59.976 7 INFO neutron.services.segments.plugin [-] Segment 6bf4ab34-5f82-4a9b-9a44-545fcb7b93df resource provider aggregate not found
2026-07-25 05:47:59.977 7 INFO neutron.services.segments.plugin [-] Segment 6bf4ab34-5f82-4a9b-9a44-545fcb7b93df resource provider aggregate not found
2026-07-25 05:47:59.998 7 INFO neutron.services.segments.plugin [-] Client error retrieving segment 6bf4ab34-5f82-4a9b-9a44-545fcb7b93df resource provider; error: Placement Client Error (4xx): {"errors": [{"status": 404, "title": "Not Found", "detail": "The resource could not be found.\n\n No resource provider with uuid 6bf4ab34-5f82-4a9b-9a44-545fcb7b93df found for delete ", "request_id": "req-35e845b9-62e2-4794-8b14-6d79b20d1437"}]}
2026-07-25 05:47:59.999 7 INFO neutron.services.segments.plugin [-] Client error retrieving segment 6bf4ab34-5f82-4a9b-9a44-545fcb7b93df resource provider; error: Placement Client Error (4xx): {"errors": [{"status": 404, "title": "Not Found", "detail": "The resource could not be found.\n\n No resource provider with uuid 6bf4ab34-5f82-4a9b-9a44-545fcb7b93df found for delete ", "request_id": "req-1144fea5-23c9-4773-befb-65246ada0d91"}]} [pid: 7|app: 0|req: 716/1531] 10.0.0.208 () {32 vars in 726 bytes} [Sat Jul 25 05:47:59 2026] DELETE /v2.0/networks/6595886a-7826-4f82-87f2-fee731f565ab => generated 0 bytes in 415 msecs (HTTP/1.1 204) 3 headers in 131 bytes (1 switches on core 0)
2026-07-25 05:48:00.138 8 INFO neutron.db.ovn_revision_numbers_db [None req-70e3b043-79b5-488a-88a7-57a7b05edf33 b3c6ad2f764e454da71053f4d3d123ca 553fa1a895974062b980acb7079acfc3 - - default default] Successfully bumped revision number for resource 631476cf-3cfe-4e83-8e56-f4104176b46a (type: security_groups) to 1
2026-07-25 05:48:00.155 8 INFO neutron.db.ovn_revision_numbers_db [None req-70e3b043-79b5-488a-88a7-57a7b05edf33 b3c6ad2f764e454da71053f4d3d123ca 553fa1a895974062b980acb7079acfc3 - - default default] Successfully bumped revision number for resource 10c6b7d1-9a93-4154-aae6-a4e4fe35c2dc (type: security_group_rules) to 0
2026-07-25 05:48:00.168 8 INFO neutron.db.ovn_revision_numbers_db [None req-70e3b043-79b5-488a-88a7-57a7b05edf33 b3c6ad2f764e454da71053f4d3d123ca 553fa1a895974062b980acb7079acfc3 - - default default] Successfully bumped revision number for resource 16f4ec73-ed6b-48ff-811b-0477aea2c48b (type: security_group_rules) to 0
2026-07-25 05:48:00.171 7 INFO neutron.db.ovn_revision_numbers_db [None req-be42ee61-6b0d-43f0-99a9-2ee8bf4d6729 3c3d3ce3c51f49ff972d0ab72c38bfe8 b09a6d34dbf74d939cdb8218966f3be6 - - default default] Successfully bumped revision number for resource 5c28dac1-425a-486f-ab84-0e9d124a6e67 (type: security_groups) to 1
2026-07-25 05:48:00.181 8 INFO neutron.db.ovn_revision_numbers_db [None req-70e3b043-79b5-488a-88a7-57a7b05edf33 b3c6ad2f764e454da71053f4d3d123ca 553fa1a895974062b980acb7079acfc3 - - default default] Successfully bumped revision number for resource 778e5b39-6527-46f5-b7d2-b96ae0cc75a1 (type: security_group_rules) to 0
2026-07-25 05:48:00.185 7 INFO neutron.db.ovn_revision_numbers_db [None req-be42ee61-6b0d-43f0-99a9-2ee8bf4d6729 3c3d3ce3c51f49ff972d0ab72c38bfe8 b09a6d34dbf74d939cdb8218966f3be6 - - default default] Successfully bumped revision number for resource 9cd12cf0-6fad-48d9-a202-a34117444aee (type: security_group_rules) to 0
2026-07-25 05:48:00.192 8 INFO neutron.db.ovn_revision_numbers_db [None req-70e3b043-79b5-488a-88a7-57a7b05edf33 b3c6ad2f764e454da71053f4d3d123ca 553fa1a895974062b980acb7079acfc3 - - default default] Successfully bumped revision number for resource b577156b-3e13-4421-9bf6-59361e8f6436 (type: security_group_rules) to 0
2026-07-25 05:48:00.197 7 INFO neutron.db.ovn_revision_numbers_db [None req-be42ee61-6b0d-43f0-99a9-2ee8bf4d6729 3c3d3ce3c51f49ff972d0ab72c38bfe8 b09a6d34dbf74d939cdb8218966f3be6 - - default default] Successfully bumped revision number for resource d3ba4325-9c0e-4709-b079-4ac7f4c2065d (type: security_group_rules) to 0 [pid: 8|app: 0|req: 816/1532] 10.0.0.208 () {32 vars in 774 bytes} [Sat Jul 25 05:47:59 2026] GET /v2.0/security-groups?tenant_id=db6d08864351490c824ee052fbac7a44&name=default => generated 2925 bytes in 339 msecs (HTTP/1.1 200) 4 headers in 158 bytes (1 switches on core 0) [pid: 7|app: 0|req: 717/1533] 10.0.0.208 () {34 vars in 685 bytes} [Sat Jul 25 05:48:00 2026] POST /v2.0/security-groups => generated 1675 bytes in 209 msecs (HTTP/1.1 201) 4 headers in 163 bytes (1 switches on core 0)
2026-07-25 05:48:00.354 8 INFO neutron_taas.services.taas.taas_plugin [None req-b1417cbe-f4a7-4d3c-abf3-b010167e459f fb48a7622d04429fbc702202f7eba227 42ff8fd033fa437cbe51f22fac8c9c4a - - default default] TaaS: Handle Delete Port: 509ce38b-df04-4a1d-b0e5-b276ad8ee99e
2026-07-25 05:48:00.359 8 INFO neutron_taas.services.taas.tap_mirror_plugin [None req-b1417cbe-f4a7-4d3c-abf3-b010167e459f fb48a7622d04429fbc702202f7eba227 42ff8fd033fa437cbe51f22fac8c9c4a - - default default] Tap Mirror: Handle Delete Port: 509ce38b-df04-4a1d-b0e5-b276ad8ee99e [pid: 7|app: 0|req: 718/1534] 10.0.0.208 () {32 vars in 740 bytes} [Sat Jul 25 05:48:00 2026] DELETE /v2.0/security-groups/631476cf-3cfe-4e83-8e56-f4104176b46a => generated 0 bytes in 282 msecs (HTTP/1.1 204) 2 headers in 112 bytes (1 switches on core 0)
2026-07-25 05:48:00.585 8 INFO neutron.services.segments.plugin [-] Segment ae23c769-1abd-41c0-8000-56bb88e71016 resource provider aggregate not found
2026-07-25 05:48:00.599 8 INFO neutron.services.segments.plugin [-] Segment ae23c769-1abd-41c0-8000-56bb88e71016 resource provider aggregate not found
2026-07-25 05:48:00.610 8 INFO neutron.services.segments.plugin [-] Client error retrieving segment ae23c769-1abd-41c0-8000-56bb88e71016 resource provider; error: Placement Client Error (4xx): {"errors": [{"status": 404, "title": "Not Found", "detail": "The resource could not be found.\n\n No resource provider with uuid ae23c769-1abd-41c0-8000-56bb88e71016 found for delete ", "request_id": "req-cfe5dfe3-7c28-452e-a9a5-d319fb1b480e"}]}
2026-07-25 05:48:00.622 8 INFO neutron.services.segments.plugin [-] Client error retrieving segment ae23c769-1abd-41c0-8000-56bb88e71016 resource provider; error: Placement Client Error (4xx): {"errors": [{"status": 404, "title": "Not Found", "detail": "The resource could not be found.\n\n No resource provider with uuid ae23c769-1abd-41c0-8000-56bb88e71016 found for delete ", "request_id": "req-35da3263-2aa4-454e-87e0-44914b0ac129"}]} [pid: 8|app: 0|req: 817/1535] 10.0.0.208 () {32 vars in 726 bytes} [Sat Jul 25 05:48:00 2026] DELETE /v2.0/networks/ec8675c2-b860-49e3-ae15-95de61c2ec52 => generated 0 bytes in 422 msecs (HTTP/1.1 204) 3 headers in 131 bytes (1 switches on core 0)
2026-07-25 05:48:00.672 7 INFO neutron.db.ovn_revision_numbers_db [None req-898993b2-9ecf-4af0-b249-eb0c504b4941 3c3d3ce3c51f49ff972d0ab72c38bfe8 b09a6d34dbf74d939cdb8218966f3be6 - - default default] Successfully bumped revision number for resource a1af6b23-c027-45ef-bf50-b042b452ff47 (type: security_group_rules) to 0 [pid: 7|app: 0|req: 719/1536] 10.0.0.208 () {34 vars in 695 bytes} [Sat Jul 25 05:48:00 2026] POST /v2.0/security-group-rules => generated 597 bytes in 193 msecs (HTTP/1.1 201) 4 headers in 162 bytes (1 switches on core 0) [pid: 7|app: 0|req: 720/1537] 10.0.0.208 () {32 vars in 649 bytes} [Sat Jul 25 05:48:00 2026] GET /v2.0/networks => generated 651 bytes in 46 msecs (HTTP/1.1 200) 4 headers in 157 bytes (1 switches on core 0)
2026-07-25 05:48:00.891 7 INFO neutron.db.ovn_revision_numbers_db [None req-efb06849-ef75-4a6c-aee7-db4a29ecce74 3c3d3ce3c51f49ff972d0ab72c38bfe8 b09a6d34dbf74d939cdb8218966f3be6 - - default default] Successfully bumped revision number for resource 03f22da6-c3de-417a-9ef5-42b8e0be9dbc (type: security_group_rules) to 0 [pid: 7|app: 0|req: 721/1538] 10.0.0.208 () {34 vars in 695 bytes} [Sat Jul 25 05:48:00 2026] POST /v2.0/security-group-rules => generated 596 bytes in 157 msecs (HTTP/1.1 201) 4 headers in 162 bytes (1 switches on core 0)
2026-07-25 05:48:00.951 8 INFO neutron_taas.services.taas.taas_plugin [None req-a4d3e237-e210-45f9-810c-aa671a02a634 b3c6ad2f764e454da71053f4d3d123ca 553fa1a895974062b980acb7079acfc3 - - default default] TaaS: Handle Delete Port: 721efeb4-3929-47be-98a0-c2b26f65541e
2026-07-25 05:48:00.954 8 INFO neutron_taas.services.taas.tap_mirror_plugin [None req-a4d3e237-e210-45f9-810c-aa671a02a634 b3c6ad2f764e454da71053f4d3d123ca 553fa1a895974062b980acb7079acfc3 - - default default] Tap Mirror: Handle Delete Port: 721efeb4-3929-47be-98a0-c2b26f65541e
2026-07-25 05:48:01.015 7 INFO neutron.db.segments_db [None req-23986d2f-b328-45b9-97b8-6a9043009fa5 fb48a7622d04429fbc702202f7eba227 42ff8fd033fa437cbe51f22fac8c9c4a - - default default] Added segment c9023555-c7c8-4775-ac23-31a30f9d0a6c of type geneve for network 06f4002e-7b7b-40bf-b9db-7c85fd0a8098
2026-07-25 05:48:01.141 7 INFO neutron.db.ovn_revision_numbers_db [None req-23986d2f-b328-45b9-97b8-6a9043009fa5 fb48a7622d04429fbc702202f7eba227 42ff8fd033fa437cbe51f22fac8c9c4a - - default default] Successfully bumped revision number for resource 06f4002e-7b7b-40bf-b9db-7c85fd0a8098 (type: networks) to 1
2026-07-25 05:48:01.335 7 WARNING neutron.scheduler.dhcp_agent_scheduler [None req-23986d2f-b328-45b9-97b8-6a9043009fa5 fb48a7622d04429fbc702202f7eba227 42ff8fd033fa437cbe51f22fac8c9c4a - - default default] No more DHCP agents
2026-07-25 05:48:01.337 7 WARNING neutron.api.rpc.agentnotifiers.dhcp_rpc_agent_api [None req-23986d2f-b328-45b9-97b8-6a9043009fa5 fb48a7622d04429fbc702202f7eba227 42ff8fd033fa437cbe51f22fac8c9c4a - - default default] Unable to schedule network 06f4002e-7b7b-40bf-b9db-7c85fd0a8098: no agents available; will retry on subsequent port and subnet creation events.
2026-07-25 05:48:01.421 7 INFO neutron.db.ovn_revision_numbers_db [None req-23986d2f-b328-45b9-97b8-6a9043009fa5 fb48a7622d04429fbc702202f7eba227 42ff8fd033fa437cbe51f22fac8c9c4a - - default default] Successfully bumped revision number for resource 903eccd8-c977-45b3-87a1-9ee72ae64725 (type: ports) to 1
2026-07-25 05:48:01.432 8 INFO neutron.plugins.ml2.drivers.ovn.mech_driver.mech_driver [None req-96566fa9-2d60-4963-b678-23019edb0045 - - - - - -] OVN reports status down for port: 903eccd8-c977-45b3-87a1-9ee72ae64725 [pid: 7|app: 0|req: 722/1539] 10.0.0.208 () {34 vars in 670 bytes} [Sat Jul 25 05:48:00 2026] POST /v2.0/networks => generated 653 bytes in 543 msecs (HTTP/1.1 201) 4 headers in 162 bytes (1 switches on core 0)
2026-07-25 05:48:01.635 7 INFO neutron.db.ovn_revision_numbers_db [None req-41614c62-268d-4b4e-9bb5-260f0eb275f1 3c3d3ce3c51f49ff972d0ab72c38bfe8 b09a6d34dbf74d939cdb8218966f3be6 - - default default] Successfully bumped revision number for resource 5b231822-3beb-46be-89c5-67413993619b (type: security_group_rules) to 0 [pid: 7|app: 0|req: 723/1540] 10.0.0.208 () {34 vars in 695 bytes} [Sat Jul 25 05:48:01 2026] POST /v2.0/security-group-rules => generated 602 bytes in 207 msecs (HTTP/1.1 201) 4 headers in 162 bytes (1 switches on core 0) [pid: 8|app: 0|req: 818/1541] 10.0.0.208 () {34 vars in 789 bytes} [Sat Jul 25 05:48:00 2026] PUT /v2.0/routers/0d2f0cc9-2e37-4f66-8c34-7e36d1f55312/remove_router_interface => generated 309 bytes in 1076 msecs (HTTP/1.1 200) 4 headers in 157 bytes (1 switches on core 0) /var/lib/openstack/lib/python3.12/site-packages/pycadf/identifier.py:70: UserWarning: Invalid uuid: neutron. To ensure interoperability, identifiers should be a valid uuid. warnings.warn(('Invalid uuid: %s. To ensure interoperability, '
2026-07-25 05:48:01.766 7 INFO neutron.db.segments_db [None req-e3a835df-ee82-4343-9424-bca7ae965dbd fb48a7622d04429fbc702202f7eba227 42ff8fd033fa437cbe51f22fac8c9c4a - - default default] Added segment d835e7d2-98ba-4915-858d-3c563d6a16a9 of type geneve for network f82f07da-6bf3-46a3-8cd5-007ed55fb06b
2026-07-25 05:48:01.876 8 INFO neutron.db.ovn_revision_numbers_db [None req-77cc42d3-ae3d-44cf-80d3-6017c03b016b 3c3d3ce3c51f49ff972d0ab72c38bfe8 b09a6d34dbf74d939cdb8218966f3be6 - - default default] Successfully bumped revision number for resource 68e83675-9a9e-4a37-9d04-83db099bc497 (type: security_group_rules) to 0
2026-07-25 05:48:01.884 7 INFO neutron.db.ovn_revision_numbers_db [None req-e3a835df-ee82-4343-9424-bca7ae965dbd fb48a7622d04429fbc702202f7eba227 42ff8fd033fa437cbe51f22fac8c9c4a - - default default] Successfully bumped revision number for resource f82f07da-6bf3-46a3-8cd5-007ed55fb06b (type: networks) to 1 [pid: 8|app: 0|req: 819/1542] 10.0.0.208 () {34 vars in 695 bytes} [Sat Jul 25 05:48:01 2026] POST /v2.0/security-group-rules => generated 601 bytes in 179 msecs (HTTP/1.1 201) 4 headers in 162 bytes (1 switches on core 0)
2026-07-25 05:48:02.052 7 WARNING neutron.scheduler.dhcp_agent_scheduler [None req-e3a835df-ee82-4343-9424-bca7ae965dbd fb48a7622d04429fbc702202f7eba227 42ff8fd033fa437cbe51f22fac8c9c4a - - default default] No more DHCP agents
2026-07-25 05:48:02.053 7 WARNING neutron.api.rpc.agentnotifiers.dhcp_rpc_agent_api [None req-e3a835df-ee82-4343-9424-bca7ae965dbd fb48a7622d04429fbc702202f7eba227 42ff8fd033fa437cbe51f22fac8c9c4a - - default default] Unable to schedule network f82f07da-6bf3-46a3-8cd5-007ed55fb06b: no agents available; will retry on subsequent port and subnet creation events.
2026-07-25 05:48:02.131 8 INFO neutron.plugins.ml2.drivers.ovn.mech_driver.mech_driver [None req-96566fa9-2d60-4963-b678-23019edb0045 - - - - - -] OVN reports status down for port: 6824fc4e-27c1-460a-a5be-efc09cea0158
2026-07-25 05:48:02.142 7 INFO neutron.db.ovn_revision_numbers_db [None req-e3a835df-ee82-4343-9424-bca7ae965dbd fb48a7622d04429fbc702202f7eba227 42ff8fd033fa437cbe51f22fac8c9c4a - - default default] Successfully bumped revision number for resource 6824fc4e-27c1-460a-a5be-efc09cea0158 (type: ports) to 1 [pid: 7|app: 0|req: 724/1543] 10.0.0.208 () {34 vars in 670 bytes} [Sat Jul 25 05:48:01 2026] POST /v2.0/networks => generated 653 bytes in 494 msecs (HTTP/1.1 201) 4 headers in 162 bytes (1 switches on core 0)
2026-07-25 05:48:02.209 7 INFO neutron.db.securitygroups_db [None req-a0d91792-ea55-44c2-8246-13bfbc18edf4 3c3d3ce3c51f49ff972d0ab72c38bfe8 b09a6d34dbf74d939cdb8218966f3be6 - - default default] Project b09a6d34dbf74d939cdb8218966f3be6 added a security group rule with legacy IPv6 ICMP protocol name icmp, ipv6-icmp should be used instead. It was automatically converted.
2026-07-25 05:48:02.261 8 INFO neutron_taas.services.taas.taas_plugin [None req-10e076c6-4848-4cd0-9aeb-3aed0df297c5 b3c6ad2f764e454da71053f4d3d123ca 553fa1a895974062b980acb7079acfc3 - - default default] TaaS: Handle Delete Port: a92b968e-282e-41a0-a8b9-a3a4e6c7f351
2026-07-25 05:48:02.263 8 INFO neutron_taas.services.taas.tap_mirror_plugin [None req-10e076c6-4848-4cd0-9aeb-3aed0df297c5 b3c6ad2f764e454da71053f4d3d123ca 553fa1a895974062b980acb7079acfc3 - - default default] Tap Mirror: Handle Delete Port: a92b968e-282e-41a0-a8b9-a3a4e6c7f351
2026-07-25 05:48:02.317 7 INFO neutron.db.ovn_revision_numbers_db [None req-a0d91792-ea55-44c2-8246-13bfbc18edf4 3c3d3ce3c51f49ff972d0ab72c38bfe8 b09a6d34dbf74d939cdb8218966f3be6 - - default default] Successfully bumped revision number for resource 41c8ee81-614e-4d7e-8142-42d7ce8b2e2b (type: security_group_rules) to 0 [pid: 7|app: 0|req: 725/1544] 10.0.0.208 () {34 vars in 695 bytes} [Sat Jul 25 05:48:02 2026] POST /v2.0/security-group-rules => generated 607 bytes in 179 msecs (HTTP/1.1 201) 4 headers in 162 bytes (1 switches on core 0) [pid: 8|app: 0|req: 820/1545] 10.0.0.208 () {32 vars in 724 bytes} [Sat Jul 25 05:48:01 2026] DELETE /v2.0/routers/0d2f0cc9-2e37-4f66-8c34-7e36d1f55312 => generated 0 bytes in 747 msecs (HTTP/1.1 204) 2 headers in 112 bytes (1 switches on core 0)
2026-07-25 05:48:02.687 8 INFO neutron.db.securitygroups_db [None req-3134b1c3-0ca9-4311-8671-0ef3f690d5ae 3c3d3ce3c51f49ff972d0ab72c38bfe8 b09a6d34dbf74d939cdb8218966f3be6 - - default default] Project b09a6d34dbf74d939cdb8218966f3be6 added a security group rule with legacy IPv6 ICMP protocol name icmp, ipv6-icmp should be used instead. It was automatically converted.
2026-07-25 05:48:02.813 8 INFO neutron.db.ovn_revision_numbers_db [None req-3134b1c3-0ca9-4311-8671-0ef3f690d5ae 3c3d3ce3c51f49ff972d0ab72c38bfe8 b09a6d34dbf74d939cdb8218966f3be6 - - default default] Successfully bumped revision number for resource e77a495f-a34e-4df2-bc58-614b26fc60c9 (type: security_group_rules) to 0
2026-07-25 05:48:02.819 7 WARNING neutron.scheduler.dhcp_agent_scheduler [None req-7cbb996a-cddb-4118-9151-dfa9fd78d71f fb48a7622d04429fbc702202f7eba227 42ff8fd033fa437cbe51f22fac8c9c4a - - default default] No more DHCP agents
2026-07-25 05:48:02.820 7 WARNING neutron.api.rpc.agentnotifiers.dhcp_rpc_agent_api [None req-7cbb996a-cddb-4118-9151-dfa9fd78d71f fb48a7622d04429fbc702202f7eba227 42ff8fd033fa437cbe51f22fac8c9c4a - - default default] Unable to schedule network 06f4002e-7b7b-40bf-b9db-7c85fd0a8098: no agents available; will retry on subsequent port and subnet creation events. [pid: 8|app: 0|req: 821/1546] 10.0.0.208 () {34 vars in 695 bytes} [Sat Jul 25 05:48:02 2026] POST /v2.0/security-group-rules => generated 606 bytes in 191 msecs (HTTP/1.1 201) 4 headers in 162 bytes (1 switches on core 0)
2026-07-25 05:48:02.890 7 INFO neutron.plugins.ml2.drivers.ovn.mech_driver.mech_driver [None req-84bd6012-afea-420a-9d13-e7ec65b20c36 - - - - - -] OVN reports status down for port: 99a5957a-d21b-4227-b384-a59c5215eedb
2026-07-25 05:48:02.958 7 INFO neutron.db.ovn_revision_numbers_db [None req-7cbb996a-cddb-4118-9151-dfa9fd78d71f fb48a7622d04429fbc702202f7eba227 42ff8fd033fa437cbe51f22fac8c9c4a - - default default] Successfully bumped revision number for resource 99a5957a-d21b-4227-b384-a59c5215eedb (type: ports) to 1
2026-07-25 05:48:03.035 7 WARNING neutron.scheduler.dhcp_agent_scheduler [None req-7cbb996a-cddb-4118-9151-dfa9fd78d71f fb48a7622d04429fbc702202f7eba227 42ff8fd033fa437cbe51f22fac8c9c4a - - default default] No more DHCP agents [pid: 8|app: 0|req: 822/1547] 10.0.0.208 () {32 vars in 724 bytes} [Sat Jul 25 05:48:02 2026] DELETE /v2.0/subnets/affc0384-39dd-4e92-bb07-c61590172cec => generated 0 bytes in 191 msecs (HTTP/1.1 204) 3 headers in 131 bytes (1 switches on core 0)
2026-07-25 05:48:03.036 7 WARNING neutron.api.rpc.agentnotifiers.dhcp_rpc_agent_api [None req-7cbb996a-cddb-4118-9151-dfa9fd78d71f fb48a7622d04429fbc702202f7eba227 42ff8fd033fa437cbe51f22fac8c9c4a - - default default] Unable to schedule network f82f07da-6bf3-46a3-8cd5-007ed55fb06b: no agents available; will retry on subsequent port and subnet creation events.
2026-07-25 05:48:03.088 7 INFO neutron.plugins.ml2.drivers.ovn.mech_driver.mech_driver [None req-84bd6012-afea-420a-9d13-e7ec65b20c36 - - - - - -] OVN reports status down for port: 4107f436-a497-4390-9fb6-447838cc84ea
2026-07-25 05:48:03.153 7 INFO neutron.db.ovn_revision_numbers_db [None req-7cbb996a-cddb-4118-9151-dfa9fd78d71f fb48a7622d04429fbc702202f7eba227 42ff8fd033fa437cbe51f22fac8c9c4a - - default default] Successfully bumped revision number for resource 4107f436-a497-4390-9fb6-447838cc84ea (type: ports) to 1
2026-07-25 05:48:03.170 8 INFO neutron_taas.services.taas.taas_plugin [None req-63c17531-752e-4bb7-b2ed-655b1667ec11 b3c6ad2f764e454da71053f4d3d123ca 553fa1a895974062b980acb7079acfc3 - - default default] TaaS: Handle Delete Port: c279f87e-b076-4183-9807-96536df504dc
2026-07-25 05:48:03.172 8 INFO neutron_taas.services.taas.tap_mirror_plugin [None req-63c17531-752e-4bb7-b2ed-655b1667ec11 b3c6ad2f764e454da71053f4d3d123ca 553fa1a895974062b980acb7079acfc3 - - default default] Tap Mirror: Handle Delete Port: c279f87e-b076-4183-9807-96536df504dc [pid: 7|app: 0|req: 726/1548] 10.0.0.208 () {34 vars in 665 bytes} [Sat Jul 25 05:48:02 2026] POST /v2.0/ports => generated 1506 bytes in 932 msecs (HTTP/1.1 201) 4 headers in 163 bytes (1 switches on core 0)
2026-07-25 05:48:03.368 8 INFO neutron.services.segments.plugin [-] Segment 9fa6e5d5-d7ed-44fb-809b-2e96bcb795a6 resource provider aggregate not found
2026-07-25 05:48:03.375 8 INFO neutron.services.segments.plugin [-] Segment 9fa6e5d5-d7ed-44fb-809b-2e96bcb795a6 resource provider aggregate not found
2026-07-25 05:48:03.391 8 INFO neutron.services.segments.plugin [-] Client error retrieving segment 9fa6e5d5-d7ed-44fb-809b-2e96bcb795a6 resource provider; error: Placement Client Error (4xx): {"errors": [{"status": 404, "title": "Not Found", "detail": "The resource could not be found.\n\n No resource provider with uuid 9fa6e5d5-d7ed-44fb-809b-2e96bcb795a6 found for delete ", "request_id": "req-ce92c090-782b-4468-9491-fff27b98aed1"}]}
2026-07-25 05:48:03.402 8 INFO neutron.services.segments.plugin [-] Client error retrieving segment 9fa6e5d5-d7ed-44fb-809b-2e96bcb795a6 resource provider; error: Placement Client Error (4xx): {"errors": [{"status": 404, "title": "Not Found", "detail": "The resource could not be found.\n\n No resource provider with uuid 9fa6e5d5-d7ed-44fb-809b-2e96bcb795a6 found for delete ", "request_id": "req-da5baf6d-ea5e-406a-a1ee-7de8a6a48987"}]} /var/lib/openstack/lib/python3.12/site-packages/pycadf/identifier.py:70: UserWarning: Invalid uuid: neutron. To ensure interoperability, identifiers should be a valid uuid. warnings.warn(('Invalid uuid: %s. To ensure interoperability, ' [pid: 8|app: 0|req: 823/1549] 10.0.0.208 () {32 vars in 726 bytes} [Sat Jul 25 05:48:03 2026] DELETE /v2.0/networks/896cdafe-c0ac-4cb8-b263-14e3dce2773b => generated 0 bytes in 385 msecs (HTTP/1.1 204) 3 headers in 131 bytes (1 switches on core 0) [pid: 7|app: 0|req: 727/1550] 10.0.0.208 () {32 vars in 649 bytes} [Sat Jul 25 05:48:03 2026] GET /v2.0/networks => generated 1298 bytes in 184 msecs (HTTP/1.1 200) 4 headers in 158 bytes (1 switches on core 0) [pid: 8|app: 0|req: 824/1551] 10.0.0.208 () {32 vars in 643 bytes} [Sat Jul 25 05:48:03 2026] GET /v2.0/ports => generated 3018 bytes in 115 msecs (HTTP/1.1 200) 4 headers in 158 bytes (1 switches on core 0) [pid: 8|app: 0|req: 825/1552] 10.0.0.136 () {34 vars in 1100 bytes} [Sat Jul 25 05:48:03 2026] GET /v2.0/security-groups?name=tempest-secgroup-smoke-1888007703&fields=id&tenant_id=b09a6d34dbf74d939cdb8218966f3be6 => generated 69 bytes in 26 msecs (HTTP/1.1 200) 4 headers in 156 bytes (1 switches on core 0) [pid: 8|app: 0|req: 826/1553] 10.0.0.208 () {32 vars in 774 bytes} [Sat Jul 25 05:48:03 2026] GET /v2.0/security-groups?tenant_id=5cb3a3b9508a470eaac44734133c0b35&name=default => generated 2925 bytes in 24 msecs (HTTP/1.1 200) 4 headers in 158 bytes (1 switches on core 0) [pid: 8|app: 0|req: 827/1554] 10.0.0.136 () {34 vars in 982 bytes} [Sat Jul 25 05:48:03 2026] GET /v2.0/networks?id=d754c8fd-49b4-48c8-bfd3-69a173c94bf3 => generated 661 bytes in 37 msecs (HTTP/1.1 200) 4 headers in 157 bytes (1 switches on core 0)
2026-07-25 05:48:03.664 7 INFO neutron_taas.services.taas.taas_plugin [None req-f1e8a08c-14a8-49c6-b1c1-6d90598be877 fb48a7622d04429fbc702202f7eba227 42ff8fd033fa437cbe51f22fac8c9c4a - - default default] TaaS: Handle Delete Port: 99a5957a-d21b-4227-b384-a59c5215eedb
2026-07-25 05:48:03.667 7 INFO neutron_taas.services.taas.tap_mirror_plugin [None req-f1e8a08c-14a8-49c6-b1c1-6d90598be877 fb48a7622d04429fbc702202f7eba227 42ff8fd033fa437cbe51f22fac8c9c4a - - default default] Tap Mirror: Handle Delete Port: 99a5957a-d21b-4227-b384-a59c5215eedb [pid: 7|app: 0|req: 728/1555] 10.0.0.208 () {32 vars in 720 bytes} [Sat Jul 25 05:48:03 2026] DELETE /v2.0/ports/99a5957a-d21b-4227-b384-a59c5215eedb => generated 0 bytes in 248 msecs (HTTP/1.1 204) 3 headers in 131 bytes (1 switches on core 0) [pid: 7|app: 0|req: 729/1556] 10.0.0.136 () {34 vars in 965 bytes} [Sat Jul 25 05:48:03 2026] GET /v2.0/quotas/b09a6d34dbf74d939cdb8218966f3be6 => generated 292 bytes in 12 msecs (HTTP/1.1 200) 4 headers in 157 bytes (1 switches on core 0) [pid: 8|app: 0|req: 828/1557] 10.0.0.208 () {32 vars in 740 bytes} [Sat Jul 25 05:48:03 2026] DELETE /v2.0/security-groups/59ca232c-74b0-44f6-8932-35409ed7d8e4 => generated 0 bytes in 252 msecs (HTTP/1.1 204) 2 headers in 112 bytes (1 switches on core 0)
2026-07-25 05:48:03.934 7 INFO neutron_taas.services.taas.taas_plugin [None req-5b996536-f855-4ea0-b81f-d3ff4b512a0c fb48a7622d04429fbc702202f7eba227 42ff8fd033fa437cbe51f22fac8c9c4a - - default default] TaaS: Handle Delete Port: 4107f436-a497-4390-9fb6-447838cc84ea
2026-07-25 05:48:03.936 7 INFO neutron_taas.services.taas.tap_mirror_plugin [None req-5b996536-f855-4ea0-b81f-d3ff4b512a0c fb48a7622d04429fbc702202f7eba227 42ff8fd033fa437cbe51f22fac8c9c4a - - default default] Tap Mirror: Handle Delete Port: 4107f436-a497-4390-9fb6-447838cc84ea [pid: 8|app: 0|req: 829/1558] 10.0.0.136 () {34 vars in 1002 bytes} [Sat Jul 25 05:48:03 2026] GET /v2.0/ports?tenant_id=b09a6d34dbf74d939cdb8218966f3be6&fields=id => generated 103 bytes in 84 msecs (HTTP/1.1 200) 4 headers in 157 bytes (1 switches on core 0) [pid: 7|app: 0|req: 730/1559] 10.0.0.208 () {32 vars in 720 bytes} [Sat Jul 25 05:48:03 2026] DELETE /v2.0/ports/4107f436-a497-4390-9fb6-447838cc84ea => generated 0 bytes in 241 msecs (HTTP/1.1 204) 3 headers in 131 bytes (1 switches on core 0) [pid: 8|app: 0|req: 830/1560] 10.0.0.136 () {34 vars in 1008 bytes} [Sat Jul 25 05:48:03 2026] GET /v2.0/networks/d754c8fd-49b4-48c8-bfd3-69a173c94bf3?fields=segments => generated 14 bytes in 73 msecs (HTTP/1.1 200) 4 headers in 156 bytes (1 switches on core 0) [pid: 7|app: 0|req: 731/1561] 10.0.0.208 () {32 vars in 643 bytes} [Sat Jul 25 05:48:04 2026] GET /v2.0/ports => generated 1523 bytes in 52 msecs (HTTP/1.1 200) 4 headers in 158 bytes (1 switches on core 0) [pid: 8|app: 0|req: 831/1562] 10.0.0.136 () {34 vars in 1108 bytes} [Sat Jul 25 05:48:04 2026] GET /v2.0/networks/d754c8fd-49b4-48c8-bfd3-69a173c94bf3?fields=provider%3Aphysical_network&fields=provider%3Anetwork_type => generated 79 bytes in 45 msecs (HTTP/1.1 200) 4 headers in 156 bytes (1 switches on core 0)
2026-07-25 05:48:04.214 7 INFO neutron.db.segments_db [None req-a8152ca1-cb44-4548-bdb4-348325faa562 fb48a7622d04429fbc702202f7eba227 42ff8fd033fa437cbe51f22fac8c9c4a - - default default] Added segment 95853e84-5c8c-4755-9480-67c107761c19 of type geneve for network 8b2cbf89-ed7f-4969-b43e-38cfe7c4efc8 [pid: 8|app: 0|req: 832/1563] 10.0.0.136 () {34 vars in 990 bytes} [Sat Jul 25 05:48:04 2026] GET /v2.0/ports?device_id=4ee16e26-86ed-43ce-bc1a-d2f3b8fa5515 => generated 12 bytes in 22 msecs (HTTP/1.1 200) 4 headers in 156 bytes (1 switches on core 0)
2026-07-25 05:48:04.363 7 INFO neutron.db.ovn_revision_numbers_db [None req-a8152ca1-cb44-4548-bdb4-348325faa562 fb48a7622d04429fbc702202f7eba227 42ff8fd033fa437cbe51f22fac8c9c4a - - default default] Successfully bumped revision number for resource 8b2cbf89-ed7f-4969-b43e-38cfe7c4efc8 (type: networks) to 1
2026-07-25 05:48:04.538 7 WARNING neutron.scheduler.dhcp_agent_scheduler [None req-a8152ca1-cb44-4548-bdb4-348325faa562 fb48a7622d04429fbc702202f7eba227 42ff8fd033fa437cbe51f22fac8c9c4a - - default default] No more DHCP agents
2026-07-25 05:48:04.540 7 WARNING neutron.api.rpc.agentnotifiers.dhcp_rpc_agent_api [None req-a8152ca1-cb44-4548-bdb4-348325faa562 fb48a7622d04429fbc702202f7eba227 42ff8fd033fa437cbe51f22fac8c9c4a - - default default] Unable to schedule network 8b2cbf89-ed7f-4969-b43e-38cfe7c4efc8: no agents available; will retry on subsequent port and subnet creation events.
2026-07-25 05:48:04.607 7 INFO neutron.plugins.ml2.drivers.ovn.mech_driver.mech_driver [None req-84bd6012-afea-420a-9d13-e7ec65b20c36 - - - - - -] OVN reports status down for port: 547e75fb-9cd7-4b16-8099-1313d98b73b3
2026-07-25 05:48:04.672 7 INFO neutron.db.ovn_revision_numbers_db [None req-a8152ca1-cb44-4548-bdb4-348325faa562 fb48a7622d04429fbc702202f7eba227 42ff8fd033fa437cbe51f22fac8c9c4a - - default default] Successfully bumped revision number for resource 547e75fb-9cd7-4b16-8099-1313d98b73b3 (type: ports) to 1 [pid: 7|app: 0|req: 732/1564] 10.0.0.208 () {34 vars in 670 bytes} [Sat Jul 25 05:48:04 2026] POST /v2.0/networks => generated 654 bytes in 609 msecs (HTTP/1.1 201) 4 headers in 162 bytes (1 switches on core 0)
2026-07-25 05:48:04.818 8 INFO neutron.db.segments_db [None req-b0f4abdf-f6bf-4ada-9420-5fcba003d535 fb48a7622d04429fbc702202f7eba227 42ff8fd033fa437cbe51f22fac8c9c4a - - default default] Added segment 53d2bc19-11a6-4b70-99fa-49363967b32c of type geneve for network 6a748a92-a47e-49e9-80ab-af16c565adb9
2026-07-25 05:48:04.944 8 INFO neutron.db.ovn_revision_numbers_db [None req-b0f4abdf-f6bf-4ada-9420-5fcba003d535 fb48a7622d04429fbc702202f7eba227 42ff8fd033fa437cbe51f22fac8c9c4a - - default default] Successfully bumped revision number for resource 6a748a92-a47e-49e9-80ab-af16c565adb9 (type: networks) to 1
2026-07-25 05:48:05.113 8 WARNING neutron.scheduler.dhcp_agent_scheduler [None req-b0f4abdf-f6bf-4ada-9420-5fcba003d535 fb48a7622d04429fbc702202f7eba227 42ff8fd033fa437cbe51f22fac8c9c4a - - default default] No more DHCP agents
2026-07-25 05:48:05.114 8 WARNING neutron.api.rpc.agentnotifiers.dhcp_rpc_agent_api [None req-b0f4abdf-f6bf-4ada-9420-5fcba003d535 fb48a7622d04429fbc702202f7eba227 42ff8fd033fa437cbe51f22fac8c9c4a - - default default] Unable to schedule network 6a748a92-a47e-49e9-80ab-af16c565adb9: no agents available; will retry on subsequent port and subnet creation events.
2026-07-25 05:48:05.174 7 INFO neutron.plugins.ml2.drivers.ovn.mech_driver.mech_driver [None req-84bd6012-afea-420a-9d13-e7ec65b20c36 - - - - - -] OVN reports status down for port: 169b40b2-c506-4b76-a08a-db2e4933f605
2026-07-25 05:48:05.212 8 INFO neutron.db.ovn_revision_numbers_db [None req-b0f4abdf-f6bf-4ada-9420-5fcba003d535 fb48a7622d04429fbc702202f7eba227 42ff8fd033fa437cbe51f22fac8c9c4a - - default default] Successfully bumped revision number for resource 169b40b2-c506-4b76-a08a-db2e4933f605 (type: ports) to 1 [pid: 8|app: 0|req: 833/1565] 10.0.0.208 () {34 vars in 670 bytes} [Sat Jul 25 05:48:04 2026] POST /v2.0/networks => generated 654 bytes in 505 msecs (HTTP/1.1 201) 4 headers in 162 bytes (1 switches on core 0) [pid: 7|app: 0|req: 733/1566] 10.0.0.136 () {34 vars in 990 bytes} [Sat Jul 25 05:48:05 2026] GET /v2.0/ports?device_id=4ee16e26-86ed-43ce-bc1a-d2f3b8fa5515 => generated 12 bytes in 31 msecs (HTTP/1.1 200) 4 headers in 156 bytes (1 switches on core 0)
2026-07-25 05:48:05.979 8 WARNING neutron.scheduler.dhcp_agent_scheduler [None req-0f14a1ee-863f-4aae-aa5b-314966cf7f6b fb48a7622d04429fbc702202f7eba227 42ff8fd033fa437cbe51f22fac8c9c4a - - default default] No more DHCP agents
2026-07-25 05:48:05.980 8 WARNING neutron.api.rpc.agentnotifiers.dhcp_rpc_agent_api [None req-0f14a1ee-863f-4aae-aa5b-314966cf7f6b fb48a7622d04429fbc702202f7eba227 42ff8fd033fa437cbe51f22fac8c9c4a - - default default] Unable to schedule network 8b2cbf89-ed7f-4969-b43e-38cfe7c4efc8: no agents available; will retry on subsequent port and subnet creation events.
2026-07-25 05:48:06.016 8 INFO neutron.db.ovn_revision_numbers_db [None req-0f14a1ee-863f-4aae-aa5b-314966cf7f6b fb48a7622d04429fbc702202f7eba227 42ff8fd033fa437cbe51f22fac8c9c4a - - default default] Successfully bumped revision number for resource 6895acee-f94d-450e-897b-3e824b711131 (type: subnets) to 0
2026-07-25 05:48:06.038 8 WARNING neutron.scheduler.dhcp_agent_scheduler [None req-0f14a1ee-863f-4aae-aa5b-314966cf7f6b fb48a7622d04429fbc702202f7eba227 42ff8fd033fa437cbe51f22fac8c9c4a - - default default] No more DHCP agents
2026-07-25 05:48:06.039 8 WARNING neutron.api.rpc.agentnotifiers.dhcp_rpc_agent_api [None req-0f14a1ee-863f-4aae-aa5b-314966cf7f6b fb48a7622d04429fbc702202f7eba227 42ff8fd033fa437cbe51f22fac8c9c4a - - default default] Unable to schedule network 6a748a92-a47e-49e9-80ab-af16c565adb9: no agents available; will retry on subsequent port and subnet creation events.
2026-07-25 05:48:06.066 8 INFO neutron.db.ovn_revision_numbers_db [None req-0f14a1ee-863f-4aae-aa5b-314966cf7f6b fb48a7622d04429fbc702202f7eba227 42ff8fd033fa437cbe51f22fac8c9c4a - - default default] Successfully bumped revision number for resource 4c0e88c7-6a35-490e-8de4-8de98409998c (type: subnets) to 0 [pid: 8|app: 0|req: 834/1567] 10.0.0.208 () {34 vars in 669 bytes} [Sat Jul 25 05:48:05 2026] POST /v2.0/subnets => generated 1323 bytes in 383 msecs (HTTP/1.1 201) 4 headers in 163 bytes (1 switches on core 0) [pid: 7|app: 0|req: 734/1568] 10.0.0.208 () {32 vars in 647 bytes} [Sat Jul 25 05:48:06 2026] GET /v2.0/subnets => generated 1959 bytes in 33 msecs (HTTP/1.1 200) 4 headers in 158 bytes (1 switches on core 0) [pid: 8|app: 0|req: 835/1569] 10.0.0.208 () {32 vars in 724 bytes} [Sat Jul 25 05:48:06 2026] DELETE /v2.0/subnets/6895acee-f94d-450e-897b-3e824b711131 => generated 0 bytes in 161 msecs (HTTP/1.1 204) 3 headers in 131 bytes (1 switches on core 0) [pid: 7|app: 0|req: 735/1570] 10.0.0.208 () {32 vars in 724 bytes} [Sat Jul 25 05:48:06 2026] DELETE /v2.0/subnets/4c0e88c7-6a35-490e-8de4-8de98409998c => generated 0 bytes in 151 msecs (HTTP/1.1 204) 3 headers in 131 bytes (1 switches on core 0) [pid: 8|app: 0|req: 836/1571] 10.0.0.136 () {34 vars in 990 bytes} [Sat Jul 25 05:48:06 2026] GET /v2.0/ports?device_id=4ee16e26-86ed-43ce-bc1a-d2f3b8fa5515 => generated 12 bytes in 26 msecs (HTTP/1.1 200) 4 headers in 156 bytes (1 switches on core 0) [pid: 7|app: 0|req: 736/1572] 10.0.0.208 () {32 vars in 647 bytes} [Sat Jul 25 05:48:06 2026] GET /v2.0/subnets => generated 649 bytes in 32 msecs (HTTP/1.1 200) 4 headers in 157 bytes (1 switches on core 0)
