+ COMMAND=start + start + for KEYSTONE_WSGI_SCRIPT in keystone-wsgi-public ++ type -p keystone-wsgi-public + cp -a /var/lib/openstack/bin/keystone-wsgi-public /var/www/cgi-bin/keystone/ + '[' -f /etc/apache2/envvars ']' + source /etc/apache2/envvars ++ unset HOME ++ '[' '' '!=' '' ']' ++ SUFFIX= ++ export APACHE_RUN_USER=www-data ++ APACHE_RUN_USER=www-data ++ export APACHE_RUN_GROUP=www-data ++ APACHE_RUN_GROUP=www-data ++ export APACHE_PID_FILE=/var/run/apache2/apache2.pid ++ APACHE_PID_FILE=/var/run/apache2/apache2.pid ++ export APACHE_RUN_DIR=/var/run/apache2 ++ APACHE_RUN_DIR=/var/run/apache2 ++ export APACHE_LOCK_DIR=/var/lock/apache2 ++ APACHE_LOCK_DIR=/var/lock/apache2 ++ export APACHE_LOG_DIR=/var/log/apache2 ++ APACHE_LOG_DIR=/var/log/apache2 ++ export LANG=C ++ LANG=C ++ export LANG + '[' -f /var/run/apache2/apache2.pid ']' + exec apache2 -DFOREGROUND AH00558: apache2: Could not reliably determine the server's fully qualified domain name, using 10.0.0.9. Set the 'ServerName' directive globally to suppress this message AH00558: apache2: Could not reliably determine the server's fully qualified domain name, using 10.0.0.9. Set the 'ServerName' directive globally to suppress this message
[Thu Jul 16 16:03:56.794775 2026] [mpm_event:notice] [pid 1:tid 140678565300096] AH00489: Apache/2.4.58 (Ubuntu) mod_wsgi/5.0.0 Python/3.12 configured -- resuming normal operations
[Thu Jul 16 16:03:56.794927 2026] [core:notice] [pid 1:tid 140678565300096] AH00094: Command line: 'apache2 -D FOREGROUND'
[Thu Jul 16 16:04:58.155332 2026] [wsgi:error] [pid 12:tid 140677927478976] /var/lib/openstack/lib/python3.12/site-packages/oslo_utils/importutils.py:77: EventletDeprecationWarning:
[Thu Jul 16 16:04:58.155381 2026] [wsgi:error] [pid 12:tid 140677927478976] Eventlet is deprecated. It is currently being maintained in bugfix mode, and
[Thu Jul 16 16:04:58.155383 2026] [wsgi:error] [pid 12:tid 140677927478976] we strongly recommend against using it for new projects.
[Thu Jul 16 16:04:58.155384 2026] [wsgi:error] [pid 12:tid 140677927478976]
[Thu Jul 16 16:04:58.155385 2026] [wsgi:error] [pid 12:tid 140677927478976] If you are already using Eventlet, we recommend migrating to a different
[Thu Jul 16 16:04:58.155386 2026] [wsgi:error] [pid 12:tid 140677927478976] framework. For more detail see
[Thu Jul 16 16:04:58.155388 2026] [wsgi:error] [pid 12:tid 140677927478976] https://eventlet.readthedocs.io/en/latest/asyncio/migration.html
[Thu Jul 16 16:04:58.155389 2026] [wsgi:error] [pid 12:tid 140677927478976]
[Thu Jul 16 16:04:58.155390 2026] [wsgi:error] [pid 12:tid 140677927478976] __import__(import_str)
[Thu Jul 16 16:04:58.189408 2026] [wsgi:error] [pid 10:tid 140677927478976] /var/lib/openstack/lib/python3.12/site-packages/oslo_utils/importutils.py:77: EventletDeprecationWarning:
[Thu Jul 16 16:04:58.189452 2026] [wsgi:error] [pid 10:tid 140677927478976] Eventlet is deprecated. It is currently being maintained in bugfix mode, and
[Thu Jul 16 16:04:58.189454 2026] [wsgi:error] [pid 10:tid 140677927478976] we strongly recommend against using it for new projects.
[Thu Jul 16 16:04:58.189455 2026] [wsgi:error] [pid 10:tid 140677927478976]
[Thu Jul 16 16:04:58.189456 2026] [wsgi:error] [pid 10:tid 140677927478976] If you are already using Eventlet, we recommend migrating to a different
[Thu Jul 16 16:04:58.189458 2026] [wsgi:error] [pid 10:tid 140677927478976] framework. For more detail see
[Thu Jul 16 16:04:58.189459 2026] [wsgi:error] [pid 10:tid 140677927478976] https://eventlet.readthedocs.io/en/latest/asyncio/migration.html
[Thu Jul 16 16:04:58.189460 2026] [wsgi:error] [pid 10:tid 140677927478976]
[Thu Jul 16 16:04:58.189461 2026] [wsgi:error] [pid 10:tid 140677927478976] __import__(import_str) 10.0.0.27 - - [16/Jul/2026:16:04:57 +0000] "GET /v3/ HTTP/1.1" 200 248 10.0.0.27 - - [16/Jul/2026:16:04:57 +0000] "GET /v3/ HTTP/1.1" 200 248
[Thu Jul 16 16:05:10.729939 2026] [wsgi:error] [pid 9:tid 140677927478976] /var/lib/openstack/lib/python3.12/site-packages/oslo_utils/importutils.py:77: EventletDeprecationWarning:
[Thu Jul 16 16:05:10.729980 2026] [wsgi:error] [pid 9:tid 140677927478976] Eventlet is deprecated. It is currently being maintained in bugfix mode, and
[Thu Jul 16 16:05:10.729982 2026] [wsgi:error] [pid 9:tid 140677927478976] we strongly recommend against using it for new projects.
[Thu Jul 16 16:05:10.729983 2026] [wsgi:error] [pid 9:tid 140677927478976]
[Thu Jul 16 16:05:10.729984 2026] [wsgi:error] [pid 9:tid 140677927478976] If you are already using Eventlet, we recommend migrating to a different
[Thu Jul 16 16:05:10.729985 2026] [wsgi:error] [pid 9:tid 140677927478976] framework. For more detail see
[Thu Jul 16 16:05:10.729986 2026] [wsgi:error] [pid 9:tid 140677927478976] https://eventlet.readthedocs.io/en/latest/asyncio/migration.html
[Thu Jul 16 16:05:10.729988 2026] [wsgi:error] [pid 9:tid 140677927478976]
[Thu Jul 16 16:05:10.729989 2026] [wsgi:error] [pid 9:tid 140677927478976] __import__(import_str) 10.0.0.40 - - [16/Jul/2026:16:05:09 +0000] "GET / HTTP/1.1" 300 295
[Thu Jul 16 16:05:15.971529 2026] [wsgi:error] [pid 11:tid 140677927478976] /var/lib/openstack/lib/python3.12/site-packages/oslo_utils/importutils.py:77: EventletDeprecationWarning:
[Thu Jul 16 16:05:15.971645 2026] [wsgi:error] [pid 11:tid 140677927478976] Eventlet is deprecated. It is currently being maintained in bugfix mode, and
[Thu Jul 16 16:05:15.971658 2026] [wsgi:error] [pid 11:tid 140677927478976] we strongly recommend against using it for new projects.
[Thu Jul 16 16:05:15.971669 2026] [wsgi:error] [pid 11:tid 140677927478976]
[Thu Jul 16 16:05:15.971679 2026] [wsgi:error] [pid 11:tid 140677927478976] If you are already using Eventlet, we recommend migrating to a different
[Thu Jul 16 16:05:15.971689 2026] [wsgi:error] [pid 11:tid 140677927478976] framework. For more detail see
[Thu Jul 16 16:05:15.971698 2026] [wsgi:error] [pid 11:tid 140677927478976] https://eventlet.readthedocs.io/en/latest/asyncio/migration.html
[Thu Jul 16 16:05:15.971708 2026] [wsgi:error] [pid 11:tid 140677927478976]
[Thu Jul 16 16:05:15.971718 2026] [wsgi:error] [pid 11:tid 140677927478976] __import__(import_str)
[Thu Jul 16 16:05:20.633320 2026] [wsgi:error] [pid 11:tid 140677927478976] [remote 10.0.0.40:38176] 2026-07-16 16:05:20.630 11 WARNING keystone.identity.core [None req-ba1c2e99-618b-4e9f-b482-1fda654454af - - - - - -] Invalid domain name (atmosphere) found in config file name: keystone.exception.DomainNotFound: Could not find domain: atmosphere.
[Thu Jul 16 16:05:20.683855 2026] [wsgi:error] [pid 11:tid 140677927478976] [remote 10.0.0.40:38176] 2026-07-16 16:05:20.683 11 WARNING keystone.common.password_hashing [None req-ba1c2e99-618b-4e9f-b482-1fda654454af - - - - - -] Truncating password to algorithm specific maximum length 72 characters.
[Thu Jul 16 16:05:20.962587 2026] [wsgi:error] [pid 11:tid 140677927478976] [remote 10.0.0.40:38176] 2026-07-16 16:05:20.962 11 WARNING keystone.common.fernet_utils [None req-ba1c2e99-618b-4e9f-b482-1fda654454af - - - - - -] key_repository is world readable: /etc/keystone/fernet-keys/ 10.0.0.40 - - [16/Jul/2026:16:05:15 +0000] "POST /v3/auth/tokens HTTP/1.1" 201 1359
[Thu Jul 16 16:05:21.315906 2026] [wsgi:error] [pid 12:tid 140677927478976] [remote 10.0.0.40:38176] 2026-07-16 16:05:21.312 12 WARNING keystone.identity.core [None req-c7575ed6-dedb-4380-9759-7e6d006d8c83 - - - - - -] Invalid domain name (atmosphere) found in config file name: keystone.exception.DomainNotFound: Could not find domain: atmosphere. 10.0.0.40 - - [16/Jul/2026:16:05:21 +0000] "POST /v3/domains HTTP/1.1" 201 261 10.0.0.169 - - [16/Jul/2026:16:05:33 +0000] "GET / HTTP/1.1" 300 295
[Thu Jul 16 16:05:33.514579 2026] [wsgi:error] [pid 9:tid 140677927478976] [remote 10.0.0.169:58680] 2026-07-16 16:05:33.514 9 WARNING keystone.common.password_hashing [None req-ecfffda5-ce82-46a2-a39f-1318cbfa4ba5 - - - - - -] Truncating password to algorithm specific maximum length 72 characters.
[Thu Jul 16 16:05:33.793452 2026] [wsgi:error] [pid 9:tid 140677927478976] [remote 10.0.0.169:58680] 2026-07-16 16:05:33.793 9 WARNING keystone.common.fernet_utils [None req-ecfffda5-ce82-46a2-a39f-1318cbfa4ba5 - - - - - -] key_repository is world readable: /etc/keystone/fernet-keys/ 10.0.0.169 - - [16/Jul/2026:16:05:33 +0000] "POST /v3/auth/tokens HTTP/1.1" 201 1359 10.0.0.169 - - [16/Jul/2026:16:05:33 +0000] "GET /v3/roles/admin HTTP/1.1" 404 83
[Thu Jul 16 16:05:34.054748 2026] [wsgi:error] [pid 12:tid 140677927478976] [remote 10.0.0.169:58680] 2026-07-16 16:05:34.054 12 WARNING keystone.common.rbac_enforcer.enforcer [None req-5a71e023-1091-4235-a9dd-0606dc9d3eb3 9f5e207236b34b1c9a89352b01d8a35a c63994e459eb45f789650ffbc7b069c9 - - default default] Deprecated policy rules found. Use oslopolicy-policy-generator and oslopolicy-policy-upgrade to detect and resolve deprecated policies in your configuration. 10.0.0.169 - - [16/Jul/2026:16:05:34 +0000] "GET /v3/roles?name=admin HTTP/1.1" 200 389
[Thu Jul 16 16:05:34.670038 2026] [wsgi:error] [pid 10:tid 140677927478976] [remote 10.0.0.169:58680] 2026-07-16 16:05:34.669 10 WARNING keystone.common.rbac_enforcer.enforcer [None req-5174b55d-5272-475c-b648-42e182a41c92 9f5e207236b34b1c9a89352b01d8a35a c63994e459eb45f789650ffbc7b069c9 - - default default] Deprecated policy rules found. Use oslopolicy-policy-generator and oslopolicy-policy-upgrade to detect and resolve deprecated policies in your configuration. 10.0.0.169 - - [16/Jul/2026:16:05:34 +0000] "GET /v3/users/admin-RegionOne HTTP/1.1" 404 93
[Thu Jul 16 16:05:34.811108 2026] [wsgi:error] [pid 9:tid 140677927478976] [remote 10.0.0.169:58680] 2026-07-16 16:05:34.810 9 WARNING keystone.common.rbac_enforcer.enforcer [None req-5acabd08-6f8f-4813-bcd4-9c2c4b15cee4 9f5e207236b34b1c9a89352b01d8a35a c63994e459eb45f789650ffbc7b069c9 - - default default] Deprecated policy rules found. Use oslopolicy-policy-generator and oslopolicy-policy-upgrade to detect and resolve deprecated policies in your configuration. 10.0.0.169 - - [16/Jul/2026:16:05:34 +0000] "GET /v3/users?name=admin-RegionOne HTTP/1.1" 200 422
[Thu Jul 16 16:05:34.979375 2026] [wsgi:error] [pid 11:tid 140677927478976] [remote 10.0.0.169:58680] 2026-07-16 16:05:34.979 11 WARNING keystone.common.rbac_enforcer.enforcer [None req-e45527d4-2234-41a7-ac54-5d44a8f8a383 9f5e207236b34b1c9a89352b01d8a35a c63994e459eb45f789650ffbc7b069c9 - - default default] Deprecated policy rules found. Use oslopolicy-policy-generator and oslopolicy-policy-upgrade to detect and resolve deprecated policies in your configuration. 10.0.0.169 - - [16/Jul/2026:16:05:34 +0000] "GET /v3/domains/default HTTP/1.1" 200 224 10.0.0.169 - - [16/Jul/2026:16:05:34 +0000] "PUT /v3/domains/default/users/9f5e207236b34b1c9a89352b01d8a35a/roles/0621e874ea184b0cbf172e4103d9324a HTTP/1.1" 204 - 10.0.0.27 - - [16/Jul/2026:16:05:45 +0000] "GET / HTTP/1.1" 300 280 10.0.0.27 - - [16/Jul/2026:16:05:46 +0000] "GET /v3 HTTP/1.1" 200 265
[Thu Jul 16 16:05:46.560678 2026] [wsgi:error] [pid 11:tid 140677927478976] [remote 10.0.0.27:54666] 2026-07-16 16:05:46.560 11 WARNING keystone.common.password_hashing [None req-bcc4f20d-ac3a-42fc-b675-3ac713ab6fd2 - - - - - -] Truncating password to algorithm specific maximum length 72 characters.
[Thu Jul 16 16:05:46.841464 2026] [wsgi:error] [pid 11:tid 140677927478976] [remote 10.0.0.27:54666] 2026-07-16 16:05:46.841 11 WARNING keystone.common.fernet_utils [None req-bcc4f20d-ac3a-42fc-b675-3ac713ab6fd2 - - - - - -] key_repository is world readable: /etc/keystone/fernet-keys/ 10.0.0.27 - - [16/Jul/2026:16:05:46 +0000] "POST /v3/auth/tokens HTTP/1.1" 201 1359 10.0.0.27 - - [16/Jul/2026:16:05:46 +0000] "GET / HTTP/1.1" 300 280 10.0.0.27 - - [16/Jul/2026:16:05:46 +0000] "GET /v3/domains/atmosphere HTTP/1.1" 404 90 10.0.0.27 - - [16/Jul/2026:16:05:47 +0000] "GET /v3/domains?name=atmosphere HTTP/1.1" 200 368 10.0.0.27 - - [16/Jul/2026:16:05:47 +0000] "GET /v3/domains/1b40dbdd245e4925bc9a686145a94a55 HTTP/1.1" 200 246 10.0.0.27 - - [16/Jul/2026:16:05:47 +0000] "GET /v3 HTTP/1.1" 200 265
[Thu Jul 16 16:05:47.925391 2026] [wsgi:error] [pid 10:tid 140677927478976] [remote 10.0.0.27:54666] 2026-07-16 16:05:47.924 10 WARNING keystone.common.password_hashing [None req-e629911d-acd8-4977-bd87-6a2d8344b249 - - - - - -] Truncating password to algorithm specific maximum length 72 characters.
[Thu Jul 16 16:05:48.212175 2026] [wsgi:error] [pid 10:tid 140677927478976] [remote 10.0.0.27:54666] 2026-07-16 16:05:48.212 10 WARNING keystone.common.fernet_utils [None req-e629911d-acd8-4977-bd87-6a2d8344b249 - - - - - -] key_repository is world readable: /etc/keystone/fernet-keys/ 10.0.0.27 - - [16/Jul/2026:16:05:47 +0000] "POST /v3/auth/tokens HTTP/1.1" 201 1359 10.0.0.27 - - [16/Jul/2026:16:05:48 +0000] "GET / HTTP/1.1" 300 280 10.0.0.27 - - [16/Jul/2026:16:05:48 +0000] "GET /v3/OS-FEDERATION/identity_providers/atmosphere HTTP/1.1" 404 101 10.0.0.27 - - [16/Jul/2026:16:05:48 +0000] "GET /v3/OS-FEDERATION/identity_providers HTTP/1.1" 200 155 10.0.0.27 - - [16/Jul/2026:16:05:48 +0000] "PUT /v3/OS-FEDERATION/identity_providers/atmosphere HTTP/1.1" 201 340 10.0.0.27 - - [16/Jul/2026:16:05:48 +0000] "GET /v3 HTTP/1.1" 200 265
[Thu Jul 16 16:05:49.006967 2026] [wsgi:error] [pid 11:tid 140677927478976] [remote 10.0.0.27:54654] 2026-07-16 16:05:49.006 11 WARNING keystone.common.password_hashing [None req-200a3009-4d30-42b2-ada8-7e4539608ac7 - - - - - -] Truncating password to algorithm specific maximum length 72 characters.
[Thu Jul 16 16:05:49.279477 2026] [wsgi:error] [pid 11:tid 140677927478976] [remote 10.0.0.27:54654] 2026-07-16 16:05:49.279 11 WARNING keystone.common.fernet_utils [None req-200a3009-4d30-42b2-ada8-7e4539608ac7 - - - - - -] key_repository is world readable: /etc/keystone/fernet-keys/ 10.0.0.27 - - [16/Jul/2026:16:05:48 +0000] "POST /v3/auth/tokens HTTP/1.1" 201 1359 10.0.0.27 - - [16/Jul/2026:16:05:49 +0000] "GET / HTTP/1.1" 300 280 10.0.0.27 - - [16/Jul/2026:16:05:49 +0000] "GET /v3/OS-FEDERATION/mappings/atmosphere-openid HTTP/1.1" 404 98 10.0.0.27 - - [16/Jul/2026:16:05:49 +0000] "GET /v3/OS-FEDERATION/mappings HTTP/1.1" 200 135 10.0.0.27 - - [16/Jul/2026:16:05:49 +0000] "PUT /v3/OS-FEDERATION/mappings/atmosphere-openid HTTP/1.1" 201 356 10.0.0.27 - - [16/Jul/2026:16:05:50 +0000] "GET /v3 HTTP/1.1" 200 265
[Thu Jul 16 16:05:50.157056 2026] [wsgi:error] [pid 10:tid 140677927478976] [remote 10.0.0.27:54666] 2026-07-16 16:05:50.156 10 WARNING keystone.common.password_hashing [None req-a3731343-462a-4010-aa3f-9f2d1013e8ec - - - - - -] Truncating password to algorithm specific maximum length 72 characters.
[Thu Jul 16 16:05:50.438270 2026] [wsgi:error] [pid 10:tid 140677927478976] [remote 10.0.0.27:54666] 2026-07-16 16:05:50.438 10 WARNING keystone.common.fernet_utils [None req-a3731343-462a-4010-aa3f-9f2d1013e8ec - - - - - -] key_repository is world readable: /etc/keystone/fernet-keys/ 10.0.0.27 - - [16/Jul/2026:16:05:50 +0000] "POST /v3/auth/tokens HTTP/1.1" 201 1359 10.0.0.27 - - [16/Jul/2026:16:05:50 +0000] "GET / HTTP/1.1" 300 280 10.0.0.27 - - [16/Jul/2026:16:05:50 +0000] "GET /v3/OS-FEDERATION/identity_providers/atmosphere/protocols/openid?idp_id=atmosphere HTTP/1.1" 404 131 10.0.0.27 - - [16/Jul/2026:16:05:50 +0000] "GET /v3/OS-FEDERATION/identity_providers/atmosphere/protocols HTTP/1.1" 200 167 10.0.0.27 - - [16/Jul/2026:16:05:50 +0000] "PUT /v3/OS-FEDERATION/identity_providers/atmosphere/protocols/openid HTTP/1.1" 201 222 10.0.0.27 - - [16/Jul/2026:16:05:57 +0000] "GET /v3/ HTTP/1.1" 200 248 10.0.0.27 - - [16/Jul/2026:16:05:57 +0000] "GET /v3/ HTTP/1.1" 200 248 10.0.0.27 - - [16/Jul/2026:16:06:57 +0000] "GET /v3/ HTTP/1.1" 200 248 10.0.0.27 - - [16/Jul/2026:16:06:57 +0000] "GET /v3/ HTTP/1.1" 200 248 10.0.0.164 - - [16/Jul/2026:16:07:07 +0000] "GET / HTTP/1.1" 300 295
[Thu Jul 16 16:07:07.962405 2026] [wsgi:error] [pid 11:tid 140677927478976] [remote 10.0.0.164:34536] 2026-07-16 16:07:07.962 11 WARNING keystone.common.password_hashing [None req-b1e20ebe-79d8-44d9-ad5f-89a06ed2ab47 - - - - - -] Truncating password to algorithm specific maximum length 72 characters.
[Thu Jul 16 16:07:08.235229 2026] [wsgi:error] [pid 11:tid 140677927478976] [remote 10.0.0.164:34536] 2026-07-16 16:07:08.235 11 WARNING keystone.common.fernet_utils [None req-b1e20ebe-79d8-44d9-ad5f-89a06ed2ab47 - - - - - -] key_repository is world readable: /etc/keystone/fernet-keys/ 10.0.0.164 - - [16/Jul/2026:16:07:07 +0000] "POST /v3/auth/tokens HTTP/1.1" 201 1359 10.0.0.164 - - [16/Jul/2026:16:07:08 +0000] "GET /v3/services HTTP/1.1" 200 355 10.0.0.164 - - [16/Jul/2026:16:07:11 +0000] "GET / HTTP/1.1" 300 295
[Thu Jul 16 16:07:11.904017 2026] [wsgi:error] [pid 9:tid 140677927478976] [remote 10.0.0.164:55578] 2026-07-16 16:07:11.903 9 WARNING keystone.common.password_hashing [None req-63bfa4f7-e9dc-4c39-844c-bb718fc92e62 - - - - - -] Truncating password to algorithm specific maximum length 72 characters.
[Thu Jul 16 16:07:12.177675 2026] [wsgi:error] [pid 9:tid 140677927478976] [remote 10.0.0.164:55578] 2026-07-16 16:07:12.177 9 WARNING keystone.common.fernet_utils [None req-63bfa4f7-e9dc-4c39-844c-bb718fc92e62 - - - - - -] key_repository is world readable: /etc/keystone/fernet-keys/ 10.0.0.164 - - [16/Jul/2026:16:07:11 +0000] "POST /v3/auth/tokens HTTP/1.1" 201 1359 10.0.0.164 - - [16/Jul/2026:16:07:12 +0000] "GET /v3/services HTTP/1.1" 200 355 10.0.0.164 - - [16/Jul/2026:16:07:15 +0000] "GET / HTTP/1.1" 300 295
[Thu Jul 16 16:07:15.794401 2026] [wsgi:error] [pid 12:tid 140677927478976] [remote 10.0.0.164:55590] 2026-07-16 16:07:15.793 12 WARNING keystone.common.password_hashing [None req-a3c18b26-eb92-4cf8-9ac7-58bef402a6b0 - - - - - -] Truncating password to algorithm specific maximum length 72 characters.
[Thu Jul 16 16:07:16.078712 2026] [wsgi:error] [pid 12:tid 140677927478976] [remote 10.0.0.164:55590] 2026-07-16 16:07:16.078 12 WARNING keystone.common.fernet_utils [None req-a3c18b26-eb92-4cf8-9ac7-58bef402a6b0 - - - - - -] key_repository is world readable: /etc/keystone/fernet-keys/ 10.0.0.164 - - [16/Jul/2026:16:07:15 +0000] "POST /v3/auth/tokens HTTP/1.1" 201 1359 10.0.0.164 - - [16/Jul/2026:16:07:16 +0000] "GET /v3/services HTTP/1.1" 200 355 10.0.0.164 - - [16/Jul/2026:16:07:19 +0000] "GET / HTTP/1.1" 300 295
[Thu Jul 16 16:07:19.671182 2026] [wsgi:error] [pid 10:tid 140677927478976] [remote 10.0.0.164:55594] 2026-07-16 16:07:19.670 10 WARNING keystone.common.password_hashing [None req-d03d5f80-bd33-4669-9b8b-a24e2f375079 - - - - - -] Truncating password to algorithm specific maximum length 72 characters.
[Thu Jul 16 16:07:19.942201 2026] [wsgi:error] [pid 10:tid 140677927478976] [remote 10.0.0.164:55594] 2026-07-16 16:07:19.942 10 WARNING keystone.common.fernet_utils [None req-d03d5f80-bd33-4669-9b8b-a24e2f375079 - - - - - -] key_repository is world readable: /etc/keystone/fernet-keys/ 10.0.0.164 - - [16/Jul/2026:16:07:19 +0000] "POST /v3/auth/tokens HTTP/1.1" 201 1359 10.0.0.164 - - [16/Jul/2026:16:07:20 +0000] "POST /v3/services HTTP/1.1" 201 296 10.0.0.228 - - [16/Jul/2026:16:07:31 +0000] "GET / HTTP/1.1" 300 295
[Thu Jul 16 16:07:31.372096 2026] [wsgi:error] [pid 11:tid 140677927478976] [remote 10.0.0.228:40402] 2026-07-16 16:07:31.371 11 WARNING keystone.common.password_hashing [None req-0cabbdba-6aee-4306-b577-a44b2d803c6e - - - - - -] Truncating password to algorithm specific maximum length 72 characters. 10.0.0.228 - - [16/Jul/2026:16:07:31 +0000] "GET / HTTP/1.1" 300 295
[Thu Jul 16 16:07:31.465382 2026] [wsgi:error] [pid 12:tid 140677927478976] [remote 10.0.0.228:40404] 2026-07-16 16:07:31.465 12 WARNING keystone.common.password_hashing [None req-d7381596-db64-4db8-88d8-b1f2fd794b02 - - - - - -] Truncating password to algorithm specific maximum length 72 characters. 10.0.0.228 - - [16/Jul/2026:16:07:31 +0000] "GET / HTTP/1.1" 300 295
[Thu Jul 16 16:07:31.573985 2026] [wsgi:error] [pid 10:tid 140677927478976] [remote 10.0.0.228:40408] 2026-07-16 16:07:31.573 10 WARNING keystone.common.password_hashing [None req-71c1df39-7735-4952-a01f-bbad6ae0cbef - - - - - -] Truncating password to algorithm specific maximum length 72 characters.
[Thu Jul 16 16:07:31.647955 2026] [wsgi:error] [pid 11:tid 140677927478976] [remote 10.0.0.228:40402] 2026-07-16 16:07:31.647 11 WARNING keystone.common.fernet_utils [None req-0cabbdba-6aee-4306-b577-a44b2d803c6e - - - - - -] key_repository is world readable: /etc/keystone/fernet-keys/ 10.0.0.228 - - [16/Jul/2026:16:07:31 +0000] "POST /v3/auth/tokens HTTP/1.1" 201 1463
[Thu Jul 16 16:07:31.734197 2026] [wsgi:error] [pid 12:tid 140677927478976] [remote 10.0.0.228:40404] 2026-07-16 16:07:31.734 12 WARNING keystone.common.fernet_utils [None req-d7381596-db64-4db8-88d8-b1f2fd794b02 - - - - - -] key_repository is world readable: /etc/keystone/fernet-keys/ 10.0.0.228 - - [16/Jul/2026:16:07:31 +0000] "POST /v3/auth/tokens HTTP/1.1" 201 1463 10.0.0.228 - - [16/Jul/2026:16:07:31 +0000] "GET /v3/services HTTP/1.1" 200 639
[Thu Jul 16 16:07:31.856330 2026] [wsgi:error] [pid 10:tid 140677927478976] [remote 10.0.0.228:40408] 2026-07-16 16:07:31.856 10 WARNING keystone.common.fernet_utils [None req-71c1df39-7735-4952-a01f-bbad6ae0cbef - - - - - -] key_repository is world readable: /etc/keystone/fernet-keys/ 10.0.0.228 - - [16/Jul/2026:16:07:31 +0000] "POST /v3/auth/tokens HTTP/1.1" 201 1463 10.0.0.228 - - [16/Jul/2026:16:07:31 +0000] "GET /v3/services HTTP/1.1" 200 639 10.0.0.228 - - [16/Jul/2026:16:07:31 +0000] "GET /v3/services HTTP/1.1" 200 639 10.0.0.228 - - [16/Jul/2026:16:07:33 +0000] "GET / HTTP/1.1" 300 295
[Thu Jul 16 16:07:33.353855 2026] [wsgi:error] [pid 10:tid 140677927478976] [remote 10.0.0.228:40420] 2026-07-16 16:07:33.353 10 WARNING keystone.common.password_hashing [None req-6920945e-abbc-4ba7-9917-89a592dfdd92 - - - - - -] Truncating password to algorithm specific maximum length 72 characters. 10.0.0.228 - - [16/Jul/2026:16:07:33 +0000] "GET / HTTP/1.1" 300 295
[Thu Jul 16 16:07:33.470268 2026] [wsgi:error] [pid 11:tid 140677927478976] [remote 10.0.0.228:40436] 2026-07-16 16:07:33.470 11 WARNING keystone.common.password_hashing [None req-f4bd9e24-bb2e-45a7-b94b-7ff58094b900 - - - - - -] Truncating password to algorithm specific maximum length 72 characters. 10.0.0.228 - - [16/Jul/2026:16:07:33 +0000] "GET / HTTP/1.1" 300 295
[Thu Jul 16 16:07:33.623533 2026] [wsgi:error] [pid 9:tid 140677927478976] [remote 10.0.0.228:40448] 2026-07-16 16:07:33.623 9 WARNING keystone.common.password_hashing [None req-f3a0ddd7-7f71-4262-932b-61d31d442615 - - - - - -] Truncating password to algorithm specific maximum length 72 characters.
[Thu Jul 16 16:07:33.623987 2026] [wsgi:error] [pid 10:tid 140677927478976] [remote 10.0.0.228:40420] 2026-07-16 16:07:33.623 10 WARNING keystone.common.fernet_utils [None req-6920945e-abbc-4ba7-9917-89a592dfdd92 - - - - - -] key_repository is world readable: /etc/keystone/fernet-keys/ 10.0.0.228 - - [16/Jul/2026:16:07:33 +0000] "POST /v3/auth/tokens HTTP/1.1" 201 1463 10.0.0.228 - - [16/Jul/2026:16:07:33 +0000] "GET /v3/endpoints HTTP/1.1" 200 1226
[Thu Jul 16 16:07:33.751102 2026] [wsgi:error] [pid 11:tid 140677927478976] [remote 10.0.0.228:40436] 2026-07-16 16:07:33.750 11 WARNING keystone.common.fernet_utils [None req-f4bd9e24-bb2e-45a7-b94b-7ff58094b900 - - - - - -] key_repository is world readable: /etc/keystone/fernet-keys/ 10.0.0.228 - - [16/Jul/2026:16:07:33 +0000] "GET /v3/services/53bc5558c09d40319c8f6661d92643f6 HTTP/1.1" 200 233 10.0.0.228 - - [16/Jul/2026:16:07:33 +0000] "POST /v3/auth/tokens HTTP/1.1" 201 1463 10.0.0.228 - - [16/Jul/2026:16:07:33 +0000] "GET /v3/services/53bc5558c09d40319c8f6661d92643f6 HTTP/1.1" 200 233 10.0.0.228 - - [16/Jul/2026:16:07:33 +0000] "GET /v3/services/53bc5558c09d40319c8f6661d92643f6 HTTP/1.1" 200 233 10.0.0.228 - - [16/Jul/2026:16:07:33 +0000] "GET /v3/endpoints HTTP/1.1" 200 1226 10.0.0.228 - - [16/Jul/2026:16:07:33 +0000] "GET /v3/services/53bc5558c09d40319c8f6661d92643f6 HTTP/1.1" 200 233
[Thu Jul 16 16:07:33.898888 2026] [wsgi:error] [pid 9:tid 140677927478976] [remote 10.0.0.228:40448] 2026-07-16 16:07:33.898 9 WARNING keystone.common.fernet_utils [None req-f3a0ddd7-7f71-4262-932b-61d31d442615 - - - - - -] key_repository is world readable: /etc/keystone/fernet-keys/ 10.0.0.228 - - [16/Jul/2026:16:07:33 +0000] "POST /v3/auth/tokens HTTP/1.1" 201 1463 10.0.0.228 - - [16/Jul/2026:16:07:33 +0000] "GET /v3/services/53bc5558c09d40319c8f6661d92643f6 HTTP/1.1" 200 233 10.0.0.228 - - [16/Jul/2026:16:07:33 +0000] "GET /v3/services/53bc5558c09d40319c8f6661d92643f6 HTTP/1.1" 200 233 10.0.0.228 - - [16/Jul/2026:16:07:34 +0000] "GET /v3/endpoints HTTP/1.1" 200 1226 10.0.0.228 - - [16/Jul/2026:16:07:34 +0000] "GET /v3/services/53bc5558c09d40319c8f6661d92643f6 HTTP/1.1" 200 233 10.0.0.228 - - [16/Jul/2026:16:07:34 +0000] "GET /v3/services/53bc5558c09d40319c8f6661d92643f6 HTTP/1.1" 200 233 10.0.0.228 - - [16/Jul/2026:16:07:34 +0000] "GET /v3/services/53bc5558c09d40319c8f6661d92643f6 HTTP/1.1" 200 233 10.0.0.228 - - [16/Jul/2026:16:07:35 +0000] "GET / HTTP/1.1" 300 295
[Thu Jul 16 16:07:35.260940 2026] [wsgi:error] [pid 9:tid 140677927478976] [remote 10.0.0.228:40452] 2026-07-16 16:07:35.260 9 WARNING keystone.common.password_hashing [None req-3240af6e-c193-42ec-9cc6-699ac602b14b - - - - - -] Truncating password to algorithm specific maximum length 72 characters. 10.0.0.228 - - [16/Jul/2026:16:07:35 +0000] "GET / HTTP/1.1" 300 295
[Thu Jul 16 16:07:35.451956 2026] [wsgi:error] [pid 11:tid 140677927478976] [remote 10.0.0.228:40464] 2026-07-16 16:07:35.451 11 WARNING keystone.common.password_hashing [None req-f36b6833-4ca4-42a9-8912-3fd757e5f913 - - - - - -] Truncating password to algorithm specific maximum length 72 characters. 10.0.0.228 - - [16/Jul/2026:16:07:35 +0000] "GET / HTTP/1.1" 300 295
[Thu Jul 16 16:07:35.539986 2026] [wsgi:error] [pid 9:tid 140677927478976] [remote 10.0.0.228:40452] 2026-07-16 16:07:35.539 9 WARNING keystone.common.fernet_utils [None req-3240af6e-c193-42ec-9cc6-699ac602b14b - - - - - -] key_repository is world readable: /etc/keystone/fernet-keys/
[Thu Jul 16 16:07:35.546672 2026] [wsgi:error] [pid 10:tid 140677927478976] [remote 10.0.0.228:40474] 2026-07-16 16:07:35.546 10 WARNING keystone.common.password_hashing [None req-011fa8e9-9637-4737-b78b-ae1cd3baf132 - - - - - -] Truncating password to algorithm specific maximum length 72 characters. 10.0.0.228 - - [16/Jul/2026:16:07:35 +0000] "POST /v3/auth/tokens HTTP/1.1" 201 1463 10.0.0.228 - - [16/Jul/2026:16:07:35 +0000] "GET /v3/services/43fa36b039dc4ae1849d8fbe00ab7632 HTTP/1.1" 200 296 10.0.0.228 - - [16/Jul/2026:16:07:35 +0000] "GET /v3/regions/RegionOne HTTP/1.1" 200 173 10.0.0.228 - - [16/Jul/2026:16:07:35 +0000] "POST /v3/endpoints HTTP/1.1" 201 383
[Thu Jul 16 16:07:35.729432 2026] [wsgi:error] [pid 11:tid 140677927478976] [remote 10.0.0.228:40464] 2026-07-16 16:07:35.729 11 WARNING keystone.common.fernet_utils [None req-f36b6833-4ca4-42a9-8912-3fd757e5f913 - - - - - -] key_repository is world readable: /etc/keystone/fernet-keys/ 10.0.0.228 - - [16/Jul/2026:16:07:35 +0000] "POST /v3/auth/tokens HTTP/1.1" 201 1643
[Thu Jul 16 16:07:35.826390 2026] [wsgi:error] [pid 10:tid 140677927478976] [remote 10.0.0.228:40474] 2026-07-16 16:07:35.826 10 WARNING keystone.common.fernet_utils [None req-011fa8e9-9637-4737-b78b-ae1cd3baf132 - - - - - -] key_repository is world readable: /etc/keystone/fernet-keys/ 10.0.0.228 - - [16/Jul/2026:16:07:35 +0000] "POST /v3/auth/tokens HTTP/1.1" 201 1643 10.0.0.228 - - [16/Jul/2026:16:07:35 +0000] "GET /v3/services/43fa36b039dc4ae1849d8fbe00ab7632 HTTP/1.1" 200 296 10.0.0.228 - - [16/Jul/2026:16:07:35 +0000] "GET /v3/regions/RegionOne HTTP/1.1" 200 173 10.0.0.228 - - [16/Jul/2026:16:07:35 +0000] "GET /v3/services/43fa36b039dc4ae1849d8fbe00ab7632 HTTP/1.1" 200 296 10.0.0.228 - - [16/Jul/2026:16:07:35 +0000] "GET /v3/regions/RegionOne HTTP/1.1" 200 173 10.0.0.228 - - [16/Jul/2026:16:07:35 +0000] "POST /v3/endpoints HTTP/1.1" 201 380 10.0.0.228 - - [16/Jul/2026:16:07:35 +0000] "POST /v3/endpoints HTTP/1.1" 201 369 10.0.0.228 - - [16/Jul/2026:16:07:37 +0000] "GET / HTTP/1.1" 300 295
[Thu Jul 16 16:07:37.228700 2026] [wsgi:error] [pid 9:tid 140677927478976] [remote 10.0.0.228:40486] 2026-07-16 16:07:37.228 9 WARNING keystone.common.password_hashing [None req-531428e9-5f6d-4566-926c-8ec447040425 - - - - - -] Truncating password to algorithm specific maximum length 72 characters. 10.0.0.228 - - [16/Jul/2026:16:07:37 +0000] "GET / HTTP/1.1" 300 295
[Thu Jul 16 16:07:37.488272 2026] [wsgi:error] [pid 11:tid 140677927478976] [remote 10.0.0.228:40492] 2026-07-16 16:07:37.487 11 WARNING keystone.common.password_hashing [None req-e1868f73-477f-47de-b4bb-adfd05df2595 - - - - - -] Truncating password to algorithm specific maximum length 72 characters.
[Thu Jul 16 16:07:37.507794 2026] [wsgi:error] [pid 9:tid 140677927478976] [remote 10.0.0.228:40486] 2026-07-16 16:07:37.507 9 WARNING keystone.common.fernet_utils [None req-531428e9-5f6d-4566-926c-8ec447040425 - - - - - -] key_repository is world readable: /etc/keystone/fernet-keys/ 10.0.0.228 - - [16/Jul/2026:16:07:37 +0000] "GET / HTTP/1.1" 300 295 10.0.0.228 - - [16/Jul/2026:16:07:37 +0000] "POST /v3/auth/tokens HTTP/1.1" 201 1990
[Thu Jul 16 16:07:37.544627 2026] [wsgi:error] [pid 12:tid 140677927478976] [remote 10.0.0.228:40506] 2026-07-16 16:07:37.544 12 WARNING keystone.common.password_hashing [None req-784f1fca-f4ab-493b-9637-80c8ab345f52 - - - - - -] Truncating password to algorithm specific maximum length 72 characters. 10.0.0.228 - - [16/Jul/2026:16:07:37 +0000] "GET /v3/endpoints/f28492989550448c8811bb85f294dc5b HTTP/1.1" 200 383 10.0.0.228 - - [16/Jul/2026:16:07:37 +0000] "GET /v3/services/43fa36b039dc4ae1849d8fbe00ab7632 HTTP/1.1" 200 296
[Thu Jul 16 16:07:37.760833 2026] [wsgi:error] [pid 11:tid 140677927478976] [remote 10.0.0.228:40492] 2026-07-16 16:07:37.760 11 WARNING keystone.common.fernet_utils [None req-e1868f73-477f-47de-b4bb-adfd05df2595 - - - - - -] key_repository is world readable: /etc/keystone/fernet-keys/ 10.0.0.228 - - [16/Jul/2026:16:07:37 +0000] "POST /v3/auth/tokens HTTP/1.1" 201 1990
[Thu Jul 16 16:07:37.831599 2026] [wsgi:error] [pid 12:tid 140677927478976] [remote 10.0.0.228:40506] 2026-07-16 16:07:37.831 12 WARNING keystone.common.fernet_utils [None req-784f1fca-f4ab-493b-9637-80c8ab345f52 - - - - - -] key_repository is world readable: /etc/keystone/fernet-keys/ 10.0.0.228 - - [16/Jul/2026:16:07:37 +0000] "POST /v3/auth/tokens HTTP/1.1" 201 1990 10.0.0.228 - - [16/Jul/2026:16:07:37 +0000] "GET /v3/endpoints/09031f3d9c084057818e480a142cbcc4 HTTP/1.1" 200 369 10.0.0.228 - - [16/Jul/2026:16:07:37 +0000] "GET /v3/services/43fa36b039dc4ae1849d8fbe00ab7632 HTTP/1.1" 200 296 10.0.0.228 - - [16/Jul/2026:16:07:37 +0000] "GET /v3/endpoints/0433c42b24b34fd2b247d464e39bd6dd HTTP/1.1" 200 380 10.0.0.228 - - [16/Jul/2026:16:07:37 +0000] "GET /v3/services/43fa36b039dc4ae1849d8fbe00ab7632 HTTP/1.1" 200 296 10.0.0.54 - - [16/Jul/2026:16:07:49 +0000] "GET / HTTP/1.1" 300 295
[Thu Jul 16 16:07:49.436249 2026] [wsgi:error] [pid 9:tid 140677927478976] [remote 10.0.0.54:47204] 2026-07-16 16:07:49.436 9 WARNING keystone.common.password_hashing [None req-f1e086a4-13bc-4931-923f-f50ce826c364 - - - - - -] Truncating password to algorithm specific maximum length 72 characters.
[Thu Jul 16 16:07:49.712607 2026] [wsgi:error] [pid 9:tid 140677927478976] [remote 10.0.0.54:47204] 2026-07-16 16:07:49.712 9 WARNING keystone.common.fernet_utils [None req-f1e086a4-13bc-4931-923f-f50ce826c364 - - - - - -] key_repository is world readable: /etc/keystone/fernet-keys/ 10.0.0.54 - - [16/Jul/2026:16:07:49 +0000] "POST /v3/auth/tokens HTTP/1.1" 201 1990 10.0.0.54 - - [16/Jul/2026:16:07:49 +0000] "POST /v3/domains HTTP/1.1" 201 284 10.0.0.54 - - [16/Jul/2026:16:07:51 +0000] "GET / HTTP/1.1" 300 295
[Thu Jul 16 16:07:51.361897 2026] [wsgi:error] [pid 10:tid 140677927478976] [remote 10.0.0.54:40128] 2026-07-16 16:07:51.361 10 WARNING keystone.common.password_hashing [None req-185f4cc4-2a84-4c2c-b026-2ae98529486f - - - - - -] Truncating password to algorithm specific maximum length 72 characters.
[Thu Jul 16 16:07:51.636782 2026] [wsgi:error] [pid 10:tid 140677927478976] [remote 10.0.0.54:40128] 2026-07-16 16:07:51.636 10 WARNING keystone.common.fernet_utils [None req-185f4cc4-2a84-4c2c-b026-2ae98529486f - - - - - -] key_repository is world readable: /etc/keystone/fernet-keys/ 10.0.0.54 - - [16/Jul/2026:16:07:51 +0000] "POST /v3/auth/tokens HTTP/1.1" 201 1990
[Thu Jul 16 16:07:51.830963 2026] [wsgi:error] [pid 9:tid 140677927478976] [remote 10.0.0.54:40128] 2026-07-16 16:07:51.817 9 ERROR keystone.server.flask.application [None req-8d41236f-7b4f-4b61-8a0d-fe2dfe019ceb 9f5e207236b34b1c9a89352b01d8a35a c63994e459eb45f789650ffbc7b069c9 - - default default] Conflict occurred attempting to store project - it is not permitted to have two projects acting as domains with the same name: service.: keystone.exception.Conflict: Conflict occurred attempting to store project - it is not permitted to have two projects acting as domains with the same name: service.
[Thu Jul 16 16:07:51.830989 2026] [wsgi:error] [pid 9:tid 140677927478976] [remote 10.0.0.54:40128] 2026-07-16 16:07:51.817 9 ERROR keystone.server.flask.application
Traceback (most recent call last):
[Thu Jul 16 16:07:51.830991 2026] [wsgi:error] [pid 9:tid 140677927478976] [remote 10.0.0.54:40128] 2026-07-16 16:07:51.817 9 ERROR keystone.server.flask.application
File "/var/lib/openstack/lib/python3.12/site-packages/sqlalchemy/engine/base.py", line 1969, in _exec_single_context
[Thu Jul 16 16:07:51.830993 2026] [wsgi:error] [pid 9:tid 140677927478976] [remote 10.0.0.54:40128] 2026-07-16 16:07:51.817 9 ERROR keystone.server.flask.application self.dialect.do_execute(
[Thu Jul 16 16:07:51.830994 2026] [wsgi:error] [pid 9:tid 140677927478976] [remote 10.0.0.54:40128] 2026-07-16 16:07:51.817 9 ERROR keystone.server.flask.application
File "/var/lib/openstack/lib/python3.12/site-packages/sqlalchemy/engine/default.py", line 952, in do_execute
[Thu Jul 16 16:07:51.830996 2026] [wsgi:error] [pid 9:tid 140677927478976] [remote 10.0.0.54:40128] 2026-07-16 16:07:51.817 9 ERROR keystone.server.flask.application cursor.execute(statement, parameters)
[Thu Jul 16 16:07:51.830998 2026] [wsgi:error] [pid 9:tid 140677927478976] [remote 10.0.0.54:40128] 2026-07-16 16:07:51.817 9 ERROR keystone.server.flask.application
File "/var/lib/openstack/lib/python3.12/site-packages/pymysql/cursors.py", line 159, in execute
[Thu Jul 16 16:07:51.831000 2026] [wsgi:error] [pid 9:tid 140677927478976] [remote 10.0.0.54:40128] 2026-07-16 16:07:51.817 9 ERROR keystone.server.flask.application result = self._query(query)
[Thu Jul 16 16:07:51.831001 2026] [wsgi:error] [pid 9:tid 140677927478976] [remote 10.0.0.54:40128] 2026-07-16 16:07:51.817 9 ERROR keystone.server.flask.application ^^^^^^^^^^^^^^^^^^
[Thu Jul 16 16:07:51.831003 2026] [wsgi:error] [pid 9:tid 140677927478976] [remote 10.0.0.54:40128] 2026-07-16 16:07:51.817 9 ERROR keystone.server.flask.application
File "/var/lib/openstack/lib/python3.12/site-packages/pymysql/cursors.py", line 330, in _query
[Thu Jul 16 16:07:51.831005 2026] [wsgi:error] [pid 9:tid 140677927478976] [remote 10.0.0.54:40128] 2026-07-16 16:07:51.817 9 ERROR keystone.server.flask.application conn.query(q)
[Thu Jul 16 16:07:51.831006 2026] [wsgi:error] [pid 9:tid 140677927478976] [remote 10.0.0.54:40128] 2026-07-16 16:07:51.817 9 ERROR keystone.server.flask.application
File "/var/lib/openstack/lib/python3.12/site-packages/pymysql/connections.py", line 582, in query
[Thu Jul 16 16:07:51.831007 2026] [wsgi:error] [pid 9:tid 140677927478976] [remote 10.0.0.54:40128] 2026-07-16 16:07:51.817 9 ERROR keystone.server.flask.application self._affected_rows = self._read_query_result(unbuffered=unbuffered)
[Thu Jul 16 16:07:51.831009 2026] [wsgi:error] [pid 9:tid 140677927478976] [remote 10.0.0.54:40128] 2026-07-16 16:07:51.817 9 ERROR keystone.server.flask.application ^^^^^^^^^^^^^^^^^^^^^^^^^^^^^^^^^^^^^^^^^^^^^^
[Thu Jul 16 16:07:51.831011 2026] [wsgi:error] [pid 9:tid 140677927478976] [remote 10.0.0.54:40128] 2026-07-16 16:07:51.817 9 ERROR keystone.server.flask.application
File "/var/lib/openstack/lib/python3.12/site-packages/pymysql/connections.py", line 847, in _read_query_result
[Thu Jul 16 16:07:51.831013 2026] [wsgi:error] [pid 9:tid 140677927478976] [remote 10.0.0.54:40128] 2026-07-16 16:07:51.817 9 ERROR keystone.server.flask.application result.read()
[Thu Jul 16 16:07:51.831014 2026] [wsgi:error] [pid 9:tid 140677927478976] [remote 10.0.0.54:40128] 2026-07-16 16:07:51.817 9 ERROR keystone.server.flask.application
File "/var/lib/openstack/lib/python3.12/site-packages/pymysql/connections.py", line 1245, in read
[Thu Jul 16 16:07:51.831017 2026] [wsgi:error] [pid 9:tid 140677927478976] [remote 10.0.0.54:40128] 2026-07-16 16:07:51.817 9 ERROR keystone.server.flask.application first_packet = self.connection._read_packet()
[Thu Jul 16 16:07:51.831018 2026] [wsgi:error] [pid 9:tid 140677927478976] [remote 10.0.0.54:40128] 2026-07-16 16:07:51.817 9 ERROR keystone.server.flask.application ^^^^^^^^^^^^^^^^^^^^^^^^^^^^^^
[Thu Jul 16 16:07:51.831019 2026] [wsgi:error] [pid 9:tid 140677927478976] [remote 10.0.0.54:40128] 2026-07-16 16:07:51.817 9 ERROR keystone.server.flask.application
File "/var/lib/openstack/lib/python3.12/site-packages/pymysql/connections.py", line 803, in _read_packet
[Thu Jul 16 16:07:51.831021 2026] [wsgi:error] [pid 9:tid 140677927478976] [remote 10.0.0.54:40128] 2026-07-16 16:07:51.817 9 ERROR keystone.server.flask.application packet.raise_for_error()
[Thu Jul 16 16:07:51.831022 2026] [wsgi:error] [pid 9:tid 140677927478976] [remote 10.0.0.54:40128] 2026-07-16 16:07:51.817 9 ERROR keystone.server.flask.application
File "/var/lib/openstack/lib/python3.12/site-packages/pymysql/protocol.py", line 219, in raise_for_error
[Thu Jul 16 16:07:51.831024 2026] [wsgi:error] [pid 9:tid 140677927478976] [remote 10.0.0.54:40128] 2026-07-16 16:07:51.817 9 ERROR keystone.server.flask.application err.raise_mysql_exception(self._data)
[Thu Jul 16 16:07:51.831025 2026] [wsgi:error] [pid 9:tid 140677927478976] [remote 10.0.0.54:40128] 2026-07-16 16:07:51.817 9 ERROR keystone.server.flask.application
File "/var/lib/openstack/lib/python3.12/site-packages/pymysql/err.py", line 154, in raise_mysql_exception
[Thu Jul 16 16:07:51.831032 2026] [wsgi:error] [pid 9:tid 140677927478976] [remote 10.0.0.54:40128] 2026-07-16 16:07:51.817 9 ERROR keystone.server.flask.application raise errorclass(errno, errval, sqlstate=sqlstate)
[Thu Jul 16 16:07:51.831033 2026] [wsgi:error] [pid 9:tid 140677927478976] [remote 10.0.0.54:40128] 2026-07-16 16:07:51.817 9 ERROR keystone.server.flask.application pymysql.err.IntegrityError: (1062, "Duplicate entry '<>-service' for key 'project.ixu_project_name_domain_id'")
[Thu Jul 16 16:07:51.831035 2026] [wsgi:error] [pid 9:tid 140677927478976] [remote 10.0.0.54:40128] 2026-07-16 16:07:51.817 9 ERROR keystone.server.flask.application
[Thu Jul 16 16:07:51.831037 2026] [wsgi:error] [pid 9:tid 140677927478976] [remote 10.0.0.54:40128] 2026-07-16 16:07:51.817 9 ERROR keystone.server.flask.application The above exception was the direct cause of the following exception:
[Thu Jul 16 16:07:51.831038 2026] [wsgi:error] [pid 9:tid 140677927478976] [remote 10.0.0.54:40128] 2026-07-16 16:07:51.817 9 ERROR keystone.server.flask.application
[Thu Jul 16 16:07:51.831040 2026] [wsgi:error] [pid 9:tid 140677927478976] [remote 10.0.0.54:40128] 2026-07-16 16:07:51.817 9 ERROR keystone.server.flask.application
Traceback (most recent call last):
[Thu Jul 16 16:07:51.831041 2026] [wsgi:error] [pid 9:tid 140677927478976] [remote 10.0.0.54:40128] 2026-07-16 16:07:51.817 9 ERROR keystone.server.flask.application
File "/var/lib/openstack/lib/python3.12/site-packages/keystone/common/sql/core.py", line 575, in wrapper
[Thu Jul 16 16:07:51.831043 2026] [wsgi:error] [pid 9:tid 140677927478976] [remote 10.0.0.54:40128] 2026-07-16 16:07:51.817 9 ERROR keystone.server.flask.application return method(*args, **kwargs)
[Thu Jul 16 16:07:51.831044 2026] [wsgi:error] [pid 9:tid 140677927478976] [remote 10.0.0.54:40128] 2026-07-16 16:07:51.817 9 ERROR keystone.server.flask.application ^^^^^^^^^^^^^^^^^^^^^^^
[Thu Jul 16 16:07:51.831046 2026] [wsgi:error] [pid 9:tid 140677927478976] [remote 10.0.0.54:40128] 2026-07-16 16:07:51.817 9 ERROR keystone.server.flask.application
File "/var/lib/openstack/lib/python3.12/site-packages/keystone/resource/backends/sql.py", line 278, in create_project
[Thu Jul 16 16:07:51.831047 2026] [wsgi:error] [pid 9:tid 140677927478976] [remote 10.0.0.54:40128] 2026-07-16 16:07:51.817 9 ERROR keystone.server.flask.application with sql.session_for_write() as session:
[Thu Jul 16 16:07:51.831049 2026] [wsgi:error] [pid 9:tid 140677927478976] [remote 10.0.0.54:40128] 2026-07-16 16:07:51.817 9 ERROR keystone.server.flask.application
File "/usr/lib/python3.12/contextlib.py", line 144, in __exit__
[Thu Jul 16 16:07:51.831051 2026] [wsgi:error] [pid 9:tid 140677927478976] [remote 10.0.0.54:40128] 2026-07-16 16:07:51.817 9 ERROR keystone.server.flask.application next(self.gen)
[Thu Jul 16 16:07:51.831053 2026] [wsgi:error] [pid 9:tid 140677927478976] [remote 10.0.0.54:40128] 2026-07-16 16:07:51.817 9 ERROR keystone.server.flask.application
File "/var/lib/openstack/lib/python3.12/site-packages/oslo_db/sqlalchemy/enginefacade.py", line 1175, in _transaction_scope
[Thu Jul 16 16:07:51.831055 2026] [wsgi:error] [pid 9:tid 140677927478976] [remote 10.0.0.54:40128] 2026-07-16 16:07:51.817 9 ERROR keystone.server.flask.application with current._produce_block(
[Thu Jul 16 16:07:51.831056 2026] [wsgi:error] [pid 9:tid 140677927478976] [remote 10.0.0.54:40128] 2026-07-16 16:07:51.817 9 ERROR keystone.server.flask.application
File "/usr/lib/python3.12/contextlib.py", line 144, in __exit__
[Thu Jul 16 16:07:51.831058 2026] [wsgi:error] [pid 9:tid 140677927478976] [remote 10.0.0.54:40128] 2026-07-16 16:07:51.817 9 ERROR keystone.server.flask.application next(self.gen)
[Thu Jul 16 16:07:51.831060 2026] [wsgi:error] [pid 9:tid 140677927478976] [remote 10.0.0.54:40128] 2026-07-16 16:07:51.817 9 ERROR keystone.server.flask.application
File "/var/lib/openstack/lib/python3.12/site-packages/oslo_db/sqlalchemy/enginefacade.py", line 837, in _session
[Thu Jul 16 16:07:51.831062 2026] [wsgi:error] [pid 9:tid 140677927478976] [remote 10.0.0.54:40128] 2026-07-16 16:07:51.817 9 ERROR keystone.server.flask.application with excutils.save_and_reraise_exception():
[Thu Jul 16 16:07:51.831064 2026] [wsgi:error] [pid 9:tid 140677927478976] [remote 10.0.0.54:40128] 2026-07-16 16:07:51.817 9 ERROR keystone.server.flask.application
File "/var/lib/openstack/lib/python3.12/site-packages/oslo_utils/excutils.py", line 266, in __exit__
[Thu Jul 16 16:07:51.831066 2026] [wsgi:error] [pid 9:tid 140677927478976] [remote 10.0.0.54:40128] 2026-07-16 16:07:51.817 9 ERROR keystone.server.flask.application self.force_reraise()
[Thu Jul 16 16:07:51.831067 2026] [wsgi:error] [pid 9:tid 140677927478976] [remote 10.0.0.54:40128] 2026-07-16 16:07:51.817 9 ERROR keystone.server.flask.application
File "/var/lib/openstack/lib/python3.12/site-packages/oslo_utils/excutils.py", line 232, in force_reraise
[Thu Jul 16 16:07:51.831069 2026] [wsgi:error] [pid 9:tid 140677927478976] [remote 10.0.0.54:40128] 2026-07-16 16:07:51.817 9 ERROR keystone.server.flask.application raise self.value
[Thu Jul 16 16:07:51.831071 2026] [wsgi:error] [pid 9:tid 140677927478976] [remote 10.0.0.54:40128] 2026-07-16 16:07:51.817 9 ERROR keystone.server.flask.application
File "/var/lib/openstack/lib/python3.12/site-packages/oslo_db/sqlalchemy/enginefacade.py", line 835, in _session
[Thu Jul 16 16:07:51.831073 2026] [wsgi:error] [pid 9:tid 140677927478976] [remote 10.0.0.54:40128] 2026-07-16 16:07:51.817 9 ERROR keystone.server.flask.application self._end_session_transaction(self.session)
[Thu Jul 16 16:07:51.831076 2026] [wsgi:error] [pid 9:tid 140677927478976] [remote 10.0.0.54:40128] 2026-07-16 16:07:51.817 9 ERROR keystone.server.flask.application
File "/var/lib/openstack/lib/python3.12/site-packages/oslo_db/sqlalchemy/enginefacade.py", line 748, in _end_session_transaction
[Thu Jul 16 16:07:51.831079 2026] [wsgi:error] [pid 9:tid 140677927478976] [remote 10.0.0.54:40128] 2026-07-16 16:07:51.817 9 ERROR keystone.server.flask.application session.commit()
[Thu Jul 16 16:07:51.831081 2026] [wsgi:error] [pid 9:tid 140677927478976] [remote 10.0.0.54:40128] 2026-07-16 16:07:51.817 9 ERROR keystone.server.flask.application
File "/var/lib/openstack/lib/python3.12/site-packages/sqlalchemy/orm/session.py", line 2034, in commit
[Thu Jul 16 16:07:51.831084 2026] [wsgi:error] [pid 9:tid 140677927478976] [remote 10.0.0.54:40128] 2026-07-16 16:07:51.817 9 ERROR keystone.server.flask.application trans.commit(_to_root=True)
[Thu Jul 16 16:07:51.831087 2026] [wsgi:error] [pid 9:tid 140677927478976] [remote 10.0.0.54:40128] 2026-07-16 16:07:51.817 9 ERROR keystone.server.flask.application File "", line 2, in commit
[Thu Jul 16 16:07:51.831090 2026] [wsgi:error] [pid 9:tid 140677927478976] [remote 10.0.0.54:40128] 2026-07-16 16:07:51.817 9 ERROR keystone.server.flask.application
File "/var/lib/openstack/lib/python3.12/site-packages/sqlalchemy/orm/state_changes.py", line 137, in _go
[Thu Jul 16 16:07:51.831093 2026] [wsgi:error] [pid 9:tid 140677927478976] [remote 10.0.0.54:40128] 2026-07-16 16:07:51.817 9 ERROR keystone.server.flask.application ret_value = fn(self, *arg, **kw)
[Thu Jul 16 16:07:51.831097 2026] [wsgi:error] [pid 9:tid 140677927478976] [remote 10.0.0.54:40128] 2026-07-16 16:07:51.817 9 ERROR keystone.server.flask.application ^^^^^^^^^^^^^^^^^^^^
[Thu Jul 16 16:07:51.831099 2026] [wsgi:error] [pid 9:tid 140677927478976] [remote 10.0.0.54:40128] 2026-07-16 16:07:51.817 9 ERROR keystone.server.flask.application
File "/var/lib/openstack/lib/python3.12/site-packages/sqlalchemy/orm/session.py", line 1315, in commit
[Thu Jul 16 16:07:51.831102 2026] [wsgi:error] [pid 9:tid 140677927478976] [remote 10.0.0.54:40128] 2026-07-16 16:07:51.817 9 ERROR keystone.server.flask.application self._prepare_impl()
[Thu Jul 16 16:07:51.831104 2026] [wsgi:error] [pid 9:tid 140677927478976] [remote 10.0.0.54:40128] 2026-07-16 16:07:51.817 9 ERROR keystone.server.flask.application File "", line 2, in _prepare_impl
[Thu Jul 16 16:07:51.831106 2026] [wsgi:error] [pid 9:tid 140677927478976] [remote 10.0.0.54:40128] 2026-07-16 16:07:51.817 9 ERROR keystone.server.flask.application
File "/var/lib/openstack/lib/python3.12/site-packages/sqlalchemy/orm/state_changes.py", line 137, in _go
[Thu Jul 16 16:07:51.831109 2026] [wsgi:error] [pid 9:tid 140677927478976] [remote 10.0.0.54:40128] 2026-07-16 16:07:51.817 9 ERROR keystone.server.flask.application ret_value = fn(self, *arg, **kw)
[Thu Jul 16 16:07:51.831111 2026] [wsgi:error] [pid 9:tid 140677927478976] [remote 10.0.0.54:40128] 2026-07-16 16:07:51.817 9 ERROR keystone.server.flask.application ^^^^^^^^^^^^^^^^^^^^
[Thu Jul 16 16:07:51.831114 2026] [wsgi:error] [pid 9:tid 140677927478976] [remote 10.0.0.54:40128] 2026-07-16 16:07:51.817 9 ERROR keystone.server.flask.application
File "/var/lib/openstack/lib/python3.12/site-packages/sqlalchemy/orm/session.py", line 1290, in _prepare_impl
[Thu Jul 16 16:07:51.831115 2026] [wsgi:error] [pid 9:tid 140677927478976] [remote 10.0.0.54:40128] 2026-07-16 16:07:51.817 9 ERROR keystone.server.flask.application self.session.flush()
[Thu Jul 16 16:07:51.831117 2026] [wsgi:error] [pid 9:tid 140677927478976] [remote 10.0.0.54:40128] 2026-07-16 16:07:51.817 9 ERROR keystone.server.flask.application
File "/var/lib/openstack/lib/python3.12/site-packages/sqlalchemy/orm/session.py", line 4352, in flush
[Thu Jul 16 16:07:51.831119 2026] [wsgi:error] [pid 9:tid 140677927478976] [remote 10.0.0.54:40128] 2026-07-16 16:07:51.817 9 ERROR keystone.server.flask.application self._flush(objects)
[Thu Jul 16 16:07:51.831121 2026] [wsgi:error] [pid 9:tid 140677927478976] [remote 10.0.0.54:40128] 2026-07-16 16:07:51.817 9 ERROR keystone.server.flask.application
File "/var/lib/openstack/lib/python3.12/site-packages/sqlalchemy/orm/session.py", line 4487, in _flush
[Thu Jul 16 16:07:51.831124 2026] [wsgi:error] [pid 9:tid 140677927478976] [remote 10.0.0.54:40128] 2026-07-16 16:07:51.817 9 ERROR keystone.server.flask.application with util.safe_reraise():
[Thu Jul 16 16:07:51.831126 2026] [wsgi:error] [pid 9:tid 140677927478976] [remote 10.0.0.54:40128] 2026-07-16 16:07:51.817 9 ERROR keystone.server.flask.application
File "/var/lib/openstack/lib/python3.12/site-packages/sqlalchemy/util/langhelpers.py", line 122, in __exit__
[Thu Jul 16 16:07:51.831129 2026] [wsgi:error] [pid 9:tid 140677927478976] [remote 10.0.0.54:40128] 2026-07-16 16:07:51.817 9 ERROR keystone.server.flask.application raise exc_value.with_traceback(exc_tb)
[Thu Jul 16 16:07:51.831131 2026] [wsgi:error] [pid 9:tid 140677927478976] [remote 10.0.0.54:40128] 2026-07-16 16:07:51.817 9 ERROR keystone.server.flask.application
File "/var/lib/openstack/lib/python3.12/site-packages/sqlalchemy/orm/session.py", line 4448, in _flush
[Thu Jul 16 16:07:51.831133 2026] [wsgi:error] [pid 9:tid 140677927478976] [remote 10.0.0.54:40128] 2026-07-16 16:07:51.817 9 ERROR keystone.server.flask.application flush_context.execute()
[Thu Jul 16 16:07:51.831136 2026] [wsgi:error] [pid 9:tid 140677927478976] [remote 10.0.0.54:40128] 2026-07-16 16:07:51.817 9 ERROR keystone.server.flask.application
File "/var/lib/openstack/lib/python3.12/site-packages/sqlalchemy/orm/unitofwork.py", line 465, in execute
[Thu Jul 16 16:07:51.831138 2026] [wsgi:error] [pid 9:tid 140677927478976] [remote 10.0.0.54:40128] 2026-07-16 16:07:51.817 9 ERROR keystone.server.flask.application rec.execute(self)
