+ COMMAND=start + start + for KEYSTONE_WSGI_SCRIPT in keystone-wsgi-public ++ type -p keystone-wsgi-public + cp -a /var/lib/openstack/bin/keystone-wsgi-public /var/www/cgi-bin/keystone/ + '[' -f /etc/apache2/envvars ']' + source /etc/apache2/envvars ++ unset HOME ++ '[' '' '!=' '' ']' ++ SUFFIX= ++ export APACHE_RUN_USER=www-data ++ APACHE_RUN_USER=www-data ++ export APACHE_RUN_GROUP=www-data ++ APACHE_RUN_GROUP=www-data ++ export APACHE_PID_FILE=/var/run/apache2/apache2.pid ++ APACHE_PID_FILE=/var/run/apache2/apache2.pid ++ export APACHE_RUN_DIR=/var/run/apache2 ++ APACHE_RUN_DIR=/var/run/apache2 ++ export APACHE_LOCK_DIR=/var/lock/apache2 ++ APACHE_LOCK_DIR=/var/lock/apache2 ++ export APACHE_LOG_DIR=/var/log/apache2 ++ APACHE_LOG_DIR=/var/log/apache2 ++ export LANG=C ++ LANG=C ++ export LANG + '[' -f /var/run/apache2/apache2.pid ']' + exec apache2 -DFOREGROUND AH00558: apache2: Could not reliably determine the server's fully qualified domain name, using 10.0.0.124. Set the 'ServerName' directive globally to suppress this message AH00558: apache2: Could not reliably determine the server's fully qualified domain name, using 10.0.0.124. Set the 'ServerName' directive globally to suppress this message
[Mon Jul 13 23:36:08.679863 2026] [mpm_event:notice] [pid 1:tid 140400884930432] AH00489: Apache/2.4.58 (Ubuntu) mod_wsgi/5.0.0 Python/3.12 configured -- resuming normal operations
[Mon Jul 13 23:36:08.679951 2026] [core:notice] [pid 1:tid 140400884930432] AH00094: Command line: 'apache2 -D FOREGROUND'
[Mon Jul 13 23:37:11.609854 2026] [wsgi:error] [pid 10:tid 140400247109312] /var/lib/openstack/lib/python3.12/site-packages/oslo_utils/importutils.py:77: EventletDeprecationWarning:
[Mon Jul 13 23:37:11.609909 2026] [wsgi:error] [pid 10:tid 140400247109312] Eventlet is deprecated. It is currently being maintained in bugfix mode, and
[Mon Jul 13 23:37:11.609912 2026] [wsgi:error] [pid 10:tid 140400247109312] we strongly recommend against using it for new projects.
[Mon Jul 13 23:37:11.609913 2026] [wsgi:error] [pid 10:tid 140400247109312]
[Mon Jul 13 23:37:11.609914 2026] [wsgi:error] [pid 10:tid 140400247109312] If you are already using Eventlet, we recommend migrating to a different
[Mon Jul 13 23:37:11.609915 2026] [wsgi:error] [pid 10:tid 140400247109312] framework. For more detail see
[Mon Jul 13 23:37:11.609916 2026] [wsgi:error] [pid 10:tid 140400247109312] https://eventlet.readthedocs.io/en/latest/asyncio/migration.html
[Mon Jul 13 23:37:11.609918 2026] [wsgi:error] [pid 10:tid 140400247109312]
[Mon Jul 13 23:37:11.609919 2026] [wsgi:error] [pid 10:tid 140400247109312] __import__(import_str)
[Mon Jul 13 23:37:11.640518 2026] [wsgi:error] [pid 9:tid 140400247109312] /var/lib/openstack/lib/python3.12/site-packages/oslo_utils/importutils.py:77: EventletDeprecationWarning:
[Mon Jul 13 23:37:11.640611 2026] [wsgi:error] [pid 9:tid 140400247109312] Eventlet is deprecated. It is currently being maintained in bugfix mode, and
[Mon Jul 13 23:37:11.640624 2026] [wsgi:error] [pid 9:tid 140400247109312] we strongly recommend against using it for new projects.
[Mon Jul 13 23:37:11.640638 2026] [wsgi:error] [pid 9:tid 140400247109312]
[Mon Jul 13 23:37:11.640650 2026] [wsgi:error] [pid 9:tid 140400247109312] If you are already using Eventlet, we recommend migrating to a different
[Mon Jul 13 23:37:11.640662 2026] [wsgi:error] [pid 9:tid 140400247109312] framework. For more detail see
[Mon Jul 13 23:37:11.640673 2026] [wsgi:error] [pid 9:tid 140400247109312] https://eventlet.readthedocs.io/en/latest/asyncio/migration.html
[Mon Jul 13 23:37:11.640683 2026] [wsgi:error] [pid 9:tid 140400247109312]
[Mon Jul 13 23:37:11.640692 2026] [wsgi:error] [pid 9:tid 140400247109312] __import__(import_str) 10.0.0.131 - - [13/Jul/2026:23:37:10 +0000] "GET /v3/ HTTP/1.1" 200 250 10.0.0.131 - - [13/Jul/2026:23:37:10 +0000] "GET /v3/ HTTP/1.1" 200 250
[Mon Jul 13 23:37:23.995332 2026] [wsgi:error] [pid 12:tid 140400247109312] /var/lib/openstack/lib/python3.12/site-packages/oslo_utils/importutils.py:77: EventletDeprecationWarning:
[Mon Jul 13 23:37:23.995399 2026] [wsgi:error] [pid 12:tid 140400247109312] Eventlet is deprecated. It is currently being maintained in bugfix mode, and
[Mon Jul 13 23:37:23.995401 2026] [wsgi:error] [pid 12:tid 140400247109312] we strongly recommend against using it for new projects.
[Mon Jul 13 23:37:23.995402 2026] [wsgi:error] [pid 12:tid 140400247109312]
[Mon Jul 13 23:37:23.995403 2026] [wsgi:error] [pid 12:tid 140400247109312] If you are already using Eventlet, we recommend migrating to a different
[Mon Jul 13 23:37:23.995405 2026] [wsgi:error] [pid 12:tid 140400247109312] framework. For more detail see
[Mon Jul 13 23:37:23.995406 2026] [wsgi:error] [pid 12:tid 140400247109312] https://eventlet.readthedocs.io/en/latest/asyncio/migration.html
[Mon Jul 13 23:37:23.995407 2026] [wsgi:error] [pid 12:tid 140400247109312]
[Mon Jul 13 23:37:23.995408 2026] [wsgi:error] [pid 12:tid 140400247109312] __import__(import_str) 10.0.0.176 - - [13/Jul/2026:23:37:23 +0000] "GET / HTTP/1.1" 300 295
[Mon Jul 13 23:37:29.439373 2026] [wsgi:error] [pid 11:tid 140400247109312] /var/lib/openstack/lib/python3.12/site-packages/oslo_utils/importutils.py:77: EventletDeprecationWarning:
[Mon Jul 13 23:37:29.439413 2026] [wsgi:error] [pid 11:tid 140400247109312] Eventlet is deprecated. It is currently being maintained in bugfix mode, and
[Mon Jul 13 23:37:29.439415 2026] [wsgi:error] [pid 11:tid 140400247109312] we strongly recommend against using it for new projects.
[Mon Jul 13 23:37:29.439416 2026] [wsgi:error] [pid 11:tid 140400247109312]
[Mon Jul 13 23:37:29.439417 2026] [wsgi:error] [pid 11:tid 140400247109312] If you are already using Eventlet, we recommend migrating to a different
[Mon Jul 13 23:37:29.439418 2026] [wsgi:error] [pid 11:tid 140400247109312] framework. For more detail see
[Mon Jul 13 23:37:29.439420 2026] [wsgi:error] [pid 11:tid 140400247109312] https://eventlet.readthedocs.io/en/latest/asyncio/migration.html
[Mon Jul 13 23:37:29.439421 2026] [wsgi:error] [pid 11:tid 140400247109312]
[Mon Jul 13 23:37:29.439422 2026] [wsgi:error] [pid 11:tid 140400247109312] __import__(import_str)
[Mon Jul 13 23:37:34.117698 2026] [wsgi:error] [pid 11:tid 140400247109312] [remote 10.0.0.176:58370] 2026-07-13 23:37:34.114 11 WARNING keystone.identity.core [None req-37a41f00-20ed-433f-977f-524a4978d1da - - - - - -] Invalid domain name (atmosphere) found in config file name: keystone.exception.DomainNotFound: Could not find domain: atmosphere.
[Mon Jul 13 23:37:34.178603 2026] [wsgi:error] [pid 11:tid 140400247109312] [remote 10.0.0.176:58370] 2026-07-13 23:37:34.178 11 WARNING keystone.common.password_hashing [None req-37a41f00-20ed-433f-977f-524a4978d1da - - - - - -] Truncating password to algorithm specific maximum length 72 characters.
[Mon Jul 13 23:37:34.464271 2026] [wsgi:error] [pid 11:tid 140400247109312] [remote 10.0.0.176:58370] 2026-07-13 23:37:34.464 11 WARNING keystone.common.fernet_utils [None req-37a41f00-20ed-433f-977f-524a4978d1da - - - - - -] key_repository is world readable: /etc/keystone/fernet-keys/ 10.0.0.176 - - [13/Jul/2026:23:37:28 +0000] "POST /v3/auth/tokens HTTP/1.1" 201 1360
[Mon Jul 13 23:37:34.853451 2026] [wsgi:error] [pid 10:tid 140400247109312] [remote 10.0.0.176:58370] 2026-07-13 23:37:34.849 10 WARNING keystone.identity.core [None req-55bc80ff-a940-4e57-81c3-c85b51720001 - - - - - -] Invalid domain name (atmosphere) found in config file name: keystone.exception.DomainNotFound: Could not find domain: atmosphere. 10.0.0.176 - - [13/Jul/2026:23:37:34 +0000] "POST /v3/domains HTTP/1.1" 201 261 10.0.0.253 - - [13/Jul/2026:23:37:46 +0000] "GET / HTTP/1.1" 300 295
[Mon Jul 13 23:37:46.597465 2026] [wsgi:error] [pid 12:tid 140400247109312] [remote 10.0.0.253:47116] 2026-07-13 23:37:46.596 12 WARNING keystone.common.password_hashing [None req-c18bb3c7-03d7-4c62-91f9-4a66cabec124 - - - - - -] Truncating password to algorithm specific maximum length 72 characters.
[Mon Jul 13 23:37:46.873371 2026] [wsgi:error] [pid 12:tid 140400247109312] [remote 10.0.0.253:47116] 2026-07-13 23:37:46.872 12 WARNING keystone.common.fernet_utils [None req-c18bb3c7-03d7-4c62-91f9-4a66cabec124 - - - - - -] key_repository is world readable: /etc/keystone/fernet-keys/ 10.0.0.253 - - [13/Jul/2026:23:37:46 +0000] "POST /v3/auth/tokens HTTP/1.1" 201 1360 10.0.0.253 - - [13/Jul/2026:23:37:47 +0000] "GET /v3/roles/admin HTTP/1.1" 404 83
[Mon Jul 13 23:37:47.134456 2026] [wsgi:error] [pid 10:tid 140400247109312] [remote 10.0.0.253:47116] 2026-07-13 23:37:47.134 10 WARNING keystone.common.rbac_enforcer.enforcer [None req-47ce21f3-0864-4ef6-badc-f60e20595ae8 f1cd95796fba4bc1a8159fc7bfcfa847 39d4ad338ccb47198d5b00974e1083f7 - - default default] Deprecated policy rules found. Use oslopolicy-policy-generator and oslopolicy-policy-upgrade to detect and resolve deprecated policies in your configuration. 10.0.0.253 - - [13/Jul/2026:23:37:47 +0000] "GET /v3/roles?name=admin HTTP/1.1" 200 389
[Mon Jul 13 23:37:47.612743 2026] [wsgi:error] [pid 9:tid 140400247109312] [remote 10.0.0.253:47116] 2026-07-13 23:37:47.612 9 WARNING keystone.common.rbac_enforcer.enforcer [None req-33966315-c95d-4e8c-86ba-807282e1f518 f1cd95796fba4bc1a8159fc7bfcfa847 39d4ad338ccb47198d5b00974e1083f7 - - default default] Deprecated policy rules found. Use oslopolicy-policy-generator and oslopolicy-policy-upgrade to detect and resolve deprecated policies in your configuration. 10.0.0.253 - - [13/Jul/2026:23:37:47 +0000] "GET /v3/users/admin-RegionOne HTTP/1.1" 404 93
[Mon Jul 13 23:37:47.872532 2026] [wsgi:error] [pid 12:tid 140400247109312] [remote 10.0.0.253:47116] 2026-07-13 23:37:47.872 12 WARNING keystone.common.rbac_enforcer.enforcer [None req-c1bb1724-ec60-4d79-b3a7-5cb39e8c2530 f1cd95796fba4bc1a8159fc7bfcfa847 39d4ad338ccb47198d5b00974e1083f7 - - default default] Deprecated policy rules found. Use oslopolicy-policy-generator and oslopolicy-policy-upgrade to detect and resolve deprecated policies in your configuration. 10.0.0.253 - - [13/Jul/2026:23:37:47 +0000] "GET /v3/users?name=admin-RegionOne HTTP/1.1" 200 422
[Mon Jul 13 23:37:48.087426 2026] [wsgi:error] [pid 11:tid 140400247109312] [remote 10.0.0.253:47116] 2026-07-13 23:37:48.087 11 WARNING keystone.common.rbac_enforcer.enforcer [None req-89afcf65-c7dd-4598-9f9f-aaeab86c84c5 f1cd95796fba4bc1a8159fc7bfcfa847 39d4ad338ccb47198d5b00974e1083f7 - - default default] Deprecated policy rules found. Use oslopolicy-policy-generator and oslopolicy-policy-upgrade to detect and resolve deprecated policies in your configuration. 10.0.0.253 - - [13/Jul/2026:23:37:47 +0000] "GET /v3/domains/default HTTP/1.1" 200 224 10.0.0.253 - - [13/Jul/2026:23:37:48 +0000] "PUT /v3/domains/default/users/f1cd95796fba4bc1a8159fc7bfcfa847/roles/5d1a63de3ad64a8ba679765ec5ff0f61 HTTP/1.1" 204 - 10.0.0.131 - - [13/Jul/2026:23:37:58 +0000] "GET / HTTP/1.1" 300 281 10.0.0.131 - - [13/Jul/2026:23:37:59 +0000] "GET /v3 HTTP/1.1" 200 266
[Mon Jul 13 23:37:59.742361 2026] [wsgi:error] [pid 11:tid 140400247109312] [remote 10.0.0.131:36610] 2026-07-13 23:37:59.741 11 WARNING keystone.common.password_hashing [None req-ead3f0d7-36a2-4817-855d-6a898d995131 - - - - - -] Truncating password to algorithm specific maximum length 72 characters.
[Mon Jul 13 23:38:00.030976 2026] [wsgi:error] [pid 11:tid 140400247109312] [remote 10.0.0.131:36610] 2026-07-13 23:38:00.030 11 WARNING keystone.common.fernet_utils [None req-ead3f0d7-36a2-4817-855d-6a898d995131 - - - - - -] key_repository is world readable: /etc/keystone/fernet-keys/ 10.0.0.131 - - [13/Jul/2026:23:37:59 +0000] "POST /v3/auth/tokens HTTP/1.1" 201 1360 10.0.0.131 - - [13/Jul/2026:23:38:00 +0000] "GET / HTTP/1.1" 300 281 10.0.0.131 - - [13/Jul/2026:23:38:00 +0000] "GET /v3/domains/atmosphere HTTP/1.1" 404 90 10.0.0.131 - - [13/Jul/2026:23:38:00 +0000] "GET /v3/domains?name=atmosphere HTTP/1.1" 200 370 10.0.0.131 - - [13/Jul/2026:23:38:00 +0000] "GET /v3/domains/f71a878e658343a19196381603c64359 HTTP/1.1" 200 247 10.0.0.131 - - [13/Jul/2026:23:38:01 +0000] "GET /v3 HTTP/1.1" 200 266
[Mon Jul 13 23:38:01.206090 2026] [wsgi:error] [pid 9:tid 140400247109312] [remote 10.0.0.131:36610] 2026-07-13 23:38:01.205 9 WARNING keystone.common.password_hashing [None req-2e830236-45a2-41d3-a916-b8fe86ab36da - - - - - -] Truncating password to algorithm specific maximum length 72 characters.
[Mon Jul 13 23:38:01.477274 2026] [wsgi:error] [pid 9:tid 140400247109312] [remote 10.0.0.131:36610] 2026-07-13 23:38:01.477 9 WARNING keystone.common.fernet_utils [None req-2e830236-45a2-41d3-a916-b8fe86ab36da - - - - - -] key_repository is world readable: /etc/keystone/fernet-keys/ 10.0.0.131 - - [13/Jul/2026:23:38:01 +0000] "POST /v3/auth/tokens HTTP/1.1" 201 1360 10.0.0.131 - - [13/Jul/2026:23:38:01 +0000] "GET / HTTP/1.1" 300 281 10.0.0.131 - - [13/Jul/2026:23:38:01 +0000] "GET /v3/OS-FEDERATION/identity_providers/atmosphere HTTP/1.1" 404 101 10.0.0.131 - - [13/Jul/2026:23:38:01 +0000] "GET /v3/OS-FEDERATION/identity_providers HTTP/1.1" 200 156 10.0.0.131 - - [13/Jul/2026:23:38:01 +0000] "PUT /v3/OS-FEDERATION/identity_providers/atmosphere HTTP/1.1" 201 342 10.0.0.131 - - [13/Jul/2026:23:38:02 +0000] "GET /v3 HTTP/1.1" 200 266
[Mon Jul 13 23:38:02.220204 2026] [wsgi:error] [pid 11:tid 140400247109312] [remote 10.0.0.131:36610] 2026-07-13 23:38:02.220 11 WARNING keystone.common.password_hashing [None req-9a7d18fb-9b53-46b7-b67a-4fa302cc6923 - - - - - -] Truncating password to algorithm specific maximum length 72 characters.
[Mon Jul 13 23:38:02.511227 2026] [wsgi:error] [pid 11:tid 140400247109312] [remote 10.0.0.131:36610] 2026-07-13 23:38:02.510 11 WARNING keystone.common.fernet_utils [None req-9a7d18fb-9b53-46b7-b67a-4fa302cc6923 - - - - - -] key_repository is world readable: /etc/keystone/fernet-keys/ 10.0.0.131 - - [13/Jul/2026:23:38:02 +0000] "POST /v3/auth/tokens HTTP/1.1" 201 1360 10.0.0.131 - - [13/Jul/2026:23:38:02 +0000] "GET / HTTP/1.1" 300 281 10.0.0.131 - - [13/Jul/2026:23:38:02 +0000] "GET /v3/OS-FEDERATION/mappings/atmosphere-openid HTTP/1.1" 404 98 10.0.0.131 - - [13/Jul/2026:23:38:02 +0000] "GET /v3/OS-FEDERATION/mappings HTTP/1.1" 200 136 10.0.0.131 - - [13/Jul/2026:23:38:02 +0000] "PUT /v3/OS-FEDERATION/mappings/atmosphere-openid HTTP/1.1" 201 357 10.0.0.131 - - [13/Jul/2026:23:38:03 +0000] "GET /v3 HTTP/1.1" 200 266
[Mon Jul 13 23:38:03.242711 2026] [wsgi:error] [pid 9:tid 140400247109312] [remote 10.0.0.131:34270] 2026-07-13 23:38:03.242 9 WARNING keystone.common.password_hashing [None req-944e650c-13f0-40ea-a1f6-ff9205a8dd2f - - - - - -] Truncating password to algorithm specific maximum length 72 characters.
[Mon Jul 13 23:38:03.516263 2026] [wsgi:error] [pid 9:tid 140400247109312] [remote 10.0.0.131:34270] 2026-07-13 23:38:03.516 9 WARNING keystone.common.fernet_utils [None req-944e650c-13f0-40ea-a1f6-ff9205a8dd2f - - - - - -] key_repository is world readable: /etc/keystone/fernet-keys/ 10.0.0.131 - - [13/Jul/2026:23:38:03 +0000] "POST /v3/auth/tokens HTTP/1.1" 201 1360 10.0.0.131 - - [13/Jul/2026:23:38:03 +0000] "GET / HTTP/1.1" 300 281 10.0.0.131 - - [13/Jul/2026:23:38:03 +0000] "GET /v3/OS-FEDERATION/identity_providers/atmosphere/protocols/openid?idp_id=atmosphere HTTP/1.1" 404 131 10.0.0.131 - - [13/Jul/2026:23:38:03 +0000] "GET /v3/OS-FEDERATION/identity_providers/atmosphere/protocols HTTP/1.1" 200 168 10.0.0.131 - - [13/Jul/2026:23:38:03 +0000] "PUT /v3/OS-FEDERATION/identity_providers/atmosphere/protocols/openid HTTP/1.1" 201 224 10.0.0.131 - - [13/Jul/2026:23:38:10 +0000] "GET /v3/ HTTP/1.1" 200 250 10.0.0.131 - - [13/Jul/2026:23:38:10 +0000] "GET /v3/ HTTP/1.1" 200 250 10.0.0.131 - - [13/Jul/2026:23:39:10 +0000] "GET /v3/ HTTP/1.1" 200 250 10.0.0.131 - - [13/Jul/2026:23:39:10 +0000] "GET /v3/ HTTP/1.1" 200 250 10.0.0.100 - - [13/Jul/2026:23:39:22 +0000] "GET / HTTP/1.1" 300 295
[Mon Jul 13 23:39:22.074870 2026] [wsgi:error] [pid 11:tid 140400247109312] [remote 10.0.0.100:50364] 2026-07-13 23:39:22.074 11 WARNING keystone.common.password_hashing [None req-3e44fbab-8be6-4043-b618-e4acc0e975a0 - - - - - -] Truncating password to algorithm specific maximum length 72 characters.
[Mon Jul 13 23:39:22.349391 2026] [wsgi:error] [pid 11:tid 140400247109312] [remote 10.0.0.100:50364] 2026-07-13 23:39:22.349 11 WARNING keystone.common.fernet_utils [None req-3e44fbab-8be6-4043-b618-e4acc0e975a0 - - - - - -] key_repository is world readable: /etc/keystone/fernet-keys/ 10.0.0.100 - - [13/Jul/2026:23:39:22 +0000] "POST /v3/auth/tokens HTTP/1.1" 201 1360 10.0.0.100 - - [13/Jul/2026:23:39:22 +0000] "GET /v3/services HTTP/1.1" 200 355 10.0.0.100 - - [13/Jul/2026:23:39:26 +0000] "GET / HTTP/1.1" 300 295
[Mon Jul 13 23:39:26.047212 2026] [wsgi:error] [pid 12:tid 140400247109312] [remote 10.0.0.100:50366] 2026-07-13 23:39:26.047 12 WARNING keystone.common.password_hashing [None req-a3fce161-b82c-4c64-99f1-049f3759c421 - - - - - -] Truncating password to algorithm specific maximum length 72 characters.
[Mon Jul 13 23:39:26.315969 2026] [wsgi:error] [pid 12:tid 140400247109312] [remote 10.0.0.100:50366] 2026-07-13 23:39:26.315 12 WARNING keystone.common.fernet_utils [None req-a3fce161-b82c-4c64-99f1-049f3759c421 - - - - - -] key_repository is world readable: /etc/keystone/fernet-keys/ 10.0.0.100 - - [13/Jul/2026:23:39:26 +0000] "POST /v3/auth/tokens HTTP/1.1" 201 1360 10.0.0.100 - - [13/Jul/2026:23:39:26 +0000] "GET /v3/services HTTP/1.1" 200 355 10.0.0.100 - - [13/Jul/2026:23:39:30 +0000] "GET / HTTP/1.1" 300 295
[Mon Jul 13 23:39:30.062398 2026] [wsgi:error] [pid 10:tid 140400247109312] [remote 10.0.0.100:58608] 2026-07-13 23:39:30.061 10 WARNING keystone.common.password_hashing [None req-b87117c0-0431-4583-85dc-e5ceaf58b748 - - - - - -] Truncating password to algorithm specific maximum length 72 characters.
[Mon Jul 13 23:39:30.335496 2026] [wsgi:error] [pid 10:tid 140400247109312] [remote 10.0.0.100:58608] 2026-07-13 23:39:30.335 10 WARNING keystone.common.fernet_utils [None req-b87117c0-0431-4583-85dc-e5ceaf58b748 - - - - - -] key_repository is world readable: /etc/keystone/fernet-keys/ 10.0.0.100 - - [13/Jul/2026:23:39:30 +0000] "POST /v3/auth/tokens HTTP/1.1" 201 1360 10.0.0.100 - - [13/Jul/2026:23:39:30 +0000] "GET /v3/services HTTP/1.1" 200 355 10.0.0.100 - - [13/Jul/2026:23:39:34 +0000] "GET / HTTP/1.1" 300 295
[Mon Jul 13 23:39:34.318359 2026] [wsgi:error] [pid 9:tid 140400247109312] [remote 10.0.0.100:58614] 2026-07-13 23:39:34.318 9 WARNING keystone.common.password_hashing [None req-c7cb7088-9491-40b1-910a-52b6d771c13b - - - - - -] Truncating password to algorithm specific maximum length 72 characters.
[Mon Jul 13 23:39:34.586838 2026] [wsgi:error] [pid 9:tid 140400247109312] [remote 10.0.0.100:58614] 2026-07-13 23:39:34.586 9 WARNING keystone.common.fernet_utils [None req-c7cb7088-9491-40b1-910a-52b6d771c13b - - - - - -] key_repository is world readable: /etc/keystone/fernet-keys/ 10.0.0.100 - - [13/Jul/2026:23:39:34 +0000] "POST /v3/auth/tokens HTTP/1.1" 201 1360 10.0.0.100 - - [13/Jul/2026:23:39:34 +0000] "POST /v3/services HTTP/1.1" 201 296 10.0.0.121 - - [13/Jul/2026:23:39:45 +0000] "GET / HTTP/1.1" 300 295
[Mon Jul 13 23:39:45.432987 2026] [wsgi:error] [pid 11:tid 140400247109312] [remote 10.0.0.121:36888] 2026-07-13 23:39:45.432 11 WARNING keystone.common.password_hashing [None req-728aa5be-ef8a-4559-ba5e-b74fa8a65132 - - - - - -] Truncating password to algorithm specific maximum length 72 characters. 10.0.0.121 - - [13/Jul/2026:23:39:45 +0000] "GET / HTTP/1.1" 300 295
[Mon Jul 13 23:39:45.583444 2026] [wsgi:error] [pid 10:tid 140400247109312] [remote 10.0.0.121:36898] 2026-07-13 23:39:45.583 10 WARNING keystone.common.password_hashing [None req-a9d3c9b1-f519-4b65-88b4-f65b1fa27635 - - - - - -] Truncating password to algorithm specific maximum length 72 characters. 10.0.0.121 - - [13/Jul/2026:23:39:45 +0000] "GET / HTTP/1.1" 300 295
[Mon Jul 13 23:39:45.634556 2026] [wsgi:error] [pid 9:tid 140400247109312] [remote 10.0.0.121:36904] 2026-07-13 23:39:45.634 9 WARNING keystone.common.password_hashing [None req-1f0df0af-1c57-41c9-a6d4-228581e429c3 - - - - - -] Truncating password to algorithm specific maximum length 72 characters.
[Mon Jul 13 23:39:45.736918 2026] [wsgi:error] [pid 11:tid 140400247109312] [remote 10.0.0.121:36888] 2026-07-13 23:39:45.736 11 WARNING keystone.common.fernet_utils [None req-728aa5be-ef8a-4559-ba5e-b74fa8a65132 - - - - - -] key_repository is world readable: /etc/keystone/fernet-keys/ 10.0.0.121 - - [13/Jul/2026:23:39:45 +0000] "POST /v3/auth/tokens HTTP/1.1" 201 1464
[Mon Jul 13 23:39:45.858973 2026] [wsgi:error] [pid 10:tid 140400247109312] [remote 10.0.0.121:36898] 2026-07-13 23:39:45.858 10 WARNING keystone.common.fernet_utils [None req-a9d3c9b1-f519-4b65-88b4-f65b1fa27635 - - - - - -] key_repository is world readable: /etc/keystone/fernet-keys/ 10.0.0.121 - - [13/Jul/2026:23:39:45 +0000] "POST /v3/auth/tokens HTTP/1.1" 201 1464 10.0.0.121 - - [13/Jul/2026:23:39:45 +0000] "GET /v3/services HTTP/1.1" 200 639
[Mon Jul 13 23:39:45.923625 2026] [wsgi:error] [pid 9:tid 140400247109312] [remote 10.0.0.121:36904] 2026-07-13 23:39:45.923 9 WARNING keystone.common.fernet_utils [None req-1f0df0af-1c57-41c9-a6d4-228581e429c3 - - - - - -] key_repository is world readable: /etc/keystone/fernet-keys/ 10.0.0.121 - - [13/Jul/2026:23:39:45 +0000] "POST /v3/auth/tokens HTTP/1.1" 201 1464 10.0.0.121 - - [13/Jul/2026:23:39:45 +0000] "GET /v3/services HTTP/1.1" 200 639 10.0.0.121 - - [13/Jul/2026:23:39:46 +0000] "GET /v3/services HTTP/1.1" 200 639 10.0.0.121 - - [13/Jul/2026:23:39:47 +0000] "GET / HTTP/1.1" 300 295
[Mon Jul 13 23:39:47.603528 2026] [wsgi:error] [pid 9:tid 140400247109312] [remote 10.0.0.121:36918] 2026-07-13 23:39:47.603 9 WARNING keystone.common.password_hashing [None req-6b9a92cf-ed4f-475c-a184-0579677dde55 - - - - - -] Truncating password to algorithm specific maximum length 72 characters. 10.0.0.121 - - [13/Jul/2026:23:39:47 +0000] "GET / HTTP/1.1" 300 295
[Mon Jul 13 23:39:47.652174 2026] [wsgi:error] [pid 10:tid 140400247109312] [remote 10.0.0.121:36924] 2026-07-13 23:39:47.651 10 WARNING keystone.common.password_hashing [None req-9c97f731-9a96-4c9b-b707-d347e0cfe8f8 - - - - - -] Truncating password to algorithm specific maximum length 72 characters.
[Mon Jul 13 23:39:47.889837 2026] [wsgi:error] [pid 9:tid 140400247109312] [remote 10.0.0.121:36918] 2026-07-13 23:39:47.889 9 WARNING keystone.common.fernet_utils [None req-6b9a92cf-ed4f-475c-a184-0579677dde55 - - - - - -] key_repository is world readable: /etc/keystone/fernet-keys/ 10.0.0.121 - - [13/Jul/2026:23:39:47 +0000] "POST /v3/auth/tokens HTTP/1.1" 201 1464
[Mon Jul 13 23:39:47.938024 2026] [wsgi:error] [pid 10:tid 140400247109312] [remote 10.0.0.121:36924] 2026-07-13 23:39:47.937 10 WARNING keystone.common.fernet_utils [None req-9c97f731-9a96-4c9b-b707-d347e0cfe8f8 - - - - - -] key_repository is world readable: /etc/keystone/fernet-keys/ 10.0.0.121 - - [13/Jul/2026:23:39:47 +0000] "POST /v3/auth/tokens HTTP/1.1" 201 1464 10.0.0.121 - - [13/Jul/2026:23:39:47 +0000] "GET / HTTP/1.1" 300 295
[Mon Jul 13 23:39:47.977824 2026] [wsgi:error] [pid 11:tid 140400247109312] [remote 10.0.0.121:36926] 2026-07-13 23:39:47.977 11 WARNING keystone.common.password_hashing [None req-2abb7b49-f53d-447d-9eb6-41560e3fc9cc - - - - - -] Truncating password to algorithm specific maximum length 72 characters. 10.0.0.121 - - [13/Jul/2026:23:39:47 +0000] "GET /v3/endpoints HTTP/1.1" 200 1227 10.0.0.121 - - [13/Jul/2026:23:39:48 +0000] "GET /v3/services/fd4cb238a1c94656928899cd893a1c66 HTTP/1.1" 200 233 10.0.0.121 - - [13/Jul/2026:23:39:48 +0000] "GET /v3/endpoints HTTP/1.1" 200 1227 10.0.0.121 - - [13/Jul/2026:23:39:48 +0000] "GET /v3/services/fd4cb238a1c94656928899cd893a1c66 HTTP/1.1" 200 233 10.0.0.121 - - [13/Jul/2026:23:39:48 +0000] "GET /v3/services/fd4cb238a1c94656928899cd893a1c66 HTTP/1.1" 200 233 10.0.0.121 - - [13/Jul/2026:23:39:48 +0000] "GET /v3/services/fd4cb238a1c94656928899cd893a1c66 HTTP/1.1" 200 233 10.0.0.121 - - [13/Jul/2026:23:39:48 +0000] "GET /v3/services/fd4cb238a1c94656928899cd893a1c66 HTTP/1.1" 200 233 10.0.0.121 - - [13/Jul/2026:23:39:48 +0000] "GET /v3/services/fd4cb238a1c94656928899cd893a1c66 HTTP/1.1" 200 233
[Mon Jul 13 23:39:48.256304 2026] [wsgi:error] [pid 11:tid 140400247109312] [remote 10.0.0.121:36926] 2026-07-13 23:39:48.256 11 WARNING keystone.common.fernet_utils [None req-2abb7b49-f53d-447d-9eb6-41560e3fc9cc - - - - - -] key_repository is world readable: /etc/keystone/fernet-keys/ 10.0.0.121 - - [13/Jul/2026:23:39:47 +0000] "POST /v3/auth/tokens HTTP/1.1" 201 1464 10.0.0.121 - - [13/Jul/2026:23:39:48 +0000] "GET /v3/endpoints HTTP/1.1" 200 1227 10.0.0.121 - - [13/Jul/2026:23:39:48 +0000] "GET /v3/services/fd4cb238a1c94656928899cd893a1c66 HTTP/1.1" 200 233 10.0.0.121 - - [13/Jul/2026:23:39:48 +0000] "GET /v3/services/fd4cb238a1c94656928899cd893a1c66 HTTP/1.1" 200 233 10.0.0.121 - - [13/Jul/2026:23:39:48 +0000] "GET /v3/services/fd4cb238a1c94656928899cd893a1c66 HTTP/1.1" 200 233 10.0.0.121 - - [13/Jul/2026:23:39:49 +0000] "GET / HTTP/1.1" 300 295
[Mon Jul 13 23:39:49.986561 2026] [wsgi:error] [pid 9:tid 140400247109312] [remote 10.0.0.121:57622] 2026-07-13 23:39:49.986 9 WARNING keystone.common.password_hashing [None req-de03aa7c-413d-4050-a8b7-00d14863b1eb - - - - - -] Truncating password to algorithm specific maximum length 72 characters. 10.0.0.121 - - [13/Jul/2026:23:39:50 +0000] "GET / HTTP/1.1" 300 295
[Mon Jul 13 23:39:50.028678 2026] [wsgi:error] [pid 11:tid 140400247109312] [remote 10.0.0.121:57632] 2026-07-13 23:39:50.028 11 WARNING keystone.common.password_hashing [None req-1de22e76-e570-435a-892d-bbf0c2eb8acd - - - - - -] Truncating password to algorithm specific maximum length 72 characters. 10.0.0.121 - - [13/Jul/2026:23:39:50 +0000] "GET / HTTP/1.1" 300 295
[Mon Jul 13 23:39:50.211088 2026] [wsgi:error] [pid 10:tid 140400247109312] [remote 10.0.0.121:57646] 2026-07-13 23:39:50.210 10 WARNING keystone.common.password_hashing [None req-8f372148-3eb4-4bed-a524-88bb22a83485 - - - - - -] Truncating password to algorithm specific maximum length 72 characters.
[Mon Jul 13 23:39:50.255139 2026] [wsgi:error] [pid 9:tid 140400247109312] [remote 10.0.0.121:57622] 2026-07-13 23:39:50.254 9 WARNING keystone.common.fernet_utils [None req-de03aa7c-413d-4050-a8b7-00d14863b1eb - - - - - -] key_repository is world readable: /etc/keystone/fernet-keys/ 10.0.0.121 - - [13/Jul/2026:23:39:49 +0000] "POST /v3/auth/tokens HTTP/1.1" 201 1464
[Mon Jul 13 23:39:50.302480 2026] [wsgi:error] [pid 11:tid 140400247109312] [remote 10.0.0.121:57632] 2026-07-13 23:39:50.302 11 WARNING keystone.common.fernet_utils [None req-1de22e76-e570-435a-892d-bbf0c2eb8acd - - - - - -] key_repository is world readable: /etc/keystone/fernet-keys/ 10.0.0.121 - - [13/Jul/2026:23:39:50 +0000] "POST /v3/auth/tokens HTTP/1.1" 201 1464 10.0.0.121 - - [13/Jul/2026:23:39:50 +0000] "GET /v3/services/506575158baa42089a66887b8af618c4 HTTP/1.1" 200 296 10.0.0.121 - - [13/Jul/2026:23:39:50 +0000] "GET /v3/regions/RegionOne HTTP/1.1" 200 173 10.0.0.121 - - [13/Jul/2026:23:39:50 +0000] "GET /v3/services/506575158baa42089a66887b8af618c4 HTTP/1.1" 200 296 10.0.0.121 - - [13/Jul/2026:23:39:50 +0000] "GET /v3/regions/RegionOne HTTP/1.1" 200 173
[Mon Jul 13 23:39:50.500143 2026] [wsgi:error] [pid 10:tid 140400247109312] [remote 10.0.0.121:57646] 2026-07-13 23:39:50.499 10 WARNING keystone.common.fernet_utils [None req-8f372148-3eb4-4bed-a524-88bb22a83485 - - - - - -] key_repository is world readable: /etc/keystone/fernet-keys/ 10.0.0.121 - - [13/Jul/2026:23:39:50 +0000] "POST /v3/auth/tokens HTTP/1.1" 201 1464 10.0.0.121 - - [13/Jul/2026:23:39:50 +0000] "POST /v3/endpoints HTTP/1.1" 201 380 10.0.0.121 - - [13/Jul/2026:23:39:50 +0000] "POST /v3/endpoints HTTP/1.1" 201 383 10.0.0.121 - - [13/Jul/2026:23:39:50 +0000] "GET /v3/services/506575158baa42089a66887b8af618c4 HTTP/1.1" 200 296 10.0.0.121 - - [13/Jul/2026:23:39:50 +0000] "GET /v3/regions/RegionOne HTTP/1.1" 200 173 10.0.0.121 - - [13/Jul/2026:23:39:50 +0000] "POST /v3/endpoints HTTP/1.1" 201 370 10.0.0.121 - - [13/Jul/2026:23:39:52 +0000] "GET / HTTP/1.1" 300 295
[Mon Jul 13 23:39:52.167185 2026] [wsgi:error] [pid 9:tid 140400247109312] [remote 10.0.0.121:57660] 2026-07-13 23:39:52.166 9 WARNING keystone.common.password_hashing [None req-3f4160c3-15a2-47eb-9fc2-ce9d1ecd0efa - - - - - -] Truncating password to algorithm specific maximum length 72 characters. 10.0.0.121 - - [13/Jul/2026:23:39:52 +0000] "GET / HTTP/1.1" 300 295
[Mon Jul 13 23:39:52.199329 2026] [wsgi:error] [pid 11:tid 140400247109312] [remote 10.0.0.121:57674] 2026-07-13 23:39:52.199 11 WARNING keystone.common.password_hashing [None req-02fe4454-e0d9-48ca-9a52-7f0b42566d63 - - - - - -] Truncating password to algorithm specific maximum length 72 characters. 10.0.0.121 - - [13/Jul/2026:23:39:52 +0000] "GET / HTTP/1.1" 300 295
[Mon Jul 13 23:39:52.363241 2026] [wsgi:error] [pid 10:tid 140400247109312] [remote 10.0.0.121:57686] 2026-07-13 23:39:52.362 10 WARNING keystone.common.password_hashing [None req-bec2e7be-4383-4957-8d3b-fd864b896efd - - - - - -] Truncating password to algorithm specific maximum length 72 characters.
[Mon Jul 13 23:39:52.443053 2026] [wsgi:error] [pid 9:tid 140400247109312] [remote 10.0.0.121:57660] 2026-07-13 23:39:52.442 9 WARNING keystone.common.fernet_utils [None req-3f4160c3-15a2-47eb-9fc2-ce9d1ecd0efa - - - - - -] key_repository is world readable: /etc/keystone/fernet-keys/ 10.0.0.121 - - [13/Jul/2026:23:39:52 +0000] "POST /v3/auth/tokens HTTP/1.1" 201 1992
[Mon Jul 13 23:39:52.475684 2026] [wsgi:error] [pid 11:tid 140400247109312] [remote 10.0.0.121:57674] 2026-07-13 23:39:52.475 11 WARNING keystone.common.fernet_utils [None req-02fe4454-e0d9-48ca-9a52-7f0b42566d63 - - - - - -] key_repository is world readable: /etc/keystone/fernet-keys/ 10.0.0.121 - - [13/Jul/2026:23:39:52 +0000] "POST /v3/auth/tokens HTTP/1.1" 201 1992 10.0.0.121 - - [13/Jul/2026:23:39:52 +0000] "GET /v3/endpoints/90def0bf5046468e95306dfe61e24d37 HTTP/1.1" 200 370 10.0.0.121 - - [13/Jul/2026:23:39:52 +0000] "GET /v3/services/506575158baa42089a66887b8af618c4 HTTP/1.1" 200 296 10.0.0.121 - - [13/Jul/2026:23:39:52 +0000] "GET /v3/endpoints/cfec952cf5ed42ff893a710b2c68988b HTTP/1.1" 200 380 10.0.0.121 - - [13/Jul/2026:23:39:52 +0000] "GET /v3/services/506575158baa42089a66887b8af618c4 HTTP/1.1" 200 296
[Mon Jul 13 23:39:52.646462 2026] [wsgi:error] [pid 10:tid 140400247109312] [remote 10.0.0.121:57686] 2026-07-13 23:39:52.646 10 WARNING keystone.common.fernet_utils [None req-bec2e7be-4383-4957-8d3b-fd864b896efd - - - - - -] key_repository is world readable: /etc/keystone/fernet-keys/ 10.0.0.121 - - [13/Jul/2026:23:39:52 +0000] "POST /v3/auth/tokens HTTP/1.1" 201 1992 10.0.0.121 - - [13/Jul/2026:23:39:52 +0000] "GET /v3/endpoints/8c621cf9e4074fe6a240bafc828d37ed HTTP/1.1" 200 383 10.0.0.121 - - [13/Jul/2026:23:39:52 +0000] "GET /v3/services/506575158baa42089a66887b8af618c4 HTTP/1.1" 200 296 10.0.0.224 - - [13/Jul/2026:23:40:05 +0000] "GET / HTTP/1.1" 300 295
[Mon Jul 13 23:40:05.495689 2026] [wsgi:error] [pid 10:tid 140400247109312] [remote 10.0.0.224:45588] 2026-07-13 23:40:05.495 10 WARNING keystone.common.password_hashing [None req-5891ce46-6f99-4744-b3ed-7028caa08c87 - - - - - -] Truncating password to algorithm specific maximum length 72 characters.
[Mon Jul 13 23:40:05.775828 2026] [wsgi:error] [pid 10:tid 140400247109312] [remote 10.0.0.224:45588] 2026-07-13 23:40:05.775 10 WARNING keystone.common.fernet_utils [None req-5891ce46-6f99-4744-b3ed-7028caa08c87 - - - - - -] key_repository is world readable: /etc/keystone/fernet-keys/ 10.0.0.224 - - [13/Jul/2026:23:40:05 +0000] "POST /v3/auth/tokens HTTP/1.1" 201 1992 10.0.0.224 - - [13/Jul/2026:23:40:05 +0000] "POST /v3/domains HTTP/1.1" 201 284 10.0.0.224 - - [13/Jul/2026:23:40:07 +0000] "GET / HTTP/1.1" 300 295
[Mon Jul 13 23:40:07.618745 2026] [wsgi:error] [pid 12:tid 140400247109312] [remote 10.0.0.224:45600] 2026-07-13 23:40:07.618 12 WARNING keystone.common.password_hashing [None req-ceb870cc-eac3-489a-b35d-6112c6bedfdd - - - - - -] Truncating password to algorithm specific maximum length 72 characters.
[Mon Jul 13 23:40:07.894108 2026] [wsgi:error] [pid 12:tid 140400247109312] [remote 10.0.0.224:45600] 2026-07-13 23:40:07.893 12 WARNING keystone.common.fernet_utils [None req-ceb870cc-eac3-489a-b35d-6112c6bedfdd - - - - - -] key_repository is world readable: /etc/keystone/fernet-keys/ 10.0.0.224 - - [13/Jul/2026:23:40:07 +0000] "POST /v3/auth/tokens HTTP/1.1" 201 1992
[Mon Jul 13 23:40:08.079181 2026] [wsgi:error] [pid 10:tid 140400247109312] [remote 10.0.0.224:45600] 2026-07-13 23:40:08.066 10 ERROR keystone.server.flask.application [None req-09346861-e4b9-4241-9eb7-6743f2816aed f1cd95796fba4bc1a8159fc7bfcfa847 39d4ad338ccb47198d5b00974e1083f7 - - default default] Conflict occurred attempting to store project - it is not permitted to have two projects acting as domains with the same name: service.: keystone.exception.Conflict: Conflict occurred attempting to store project - it is not permitted to have two projects acting as domains with the same name: service.
[Mon Jul 13 23:40:08.079213 2026] [wsgi:error] [pid 10:tid 140400247109312] [remote 10.0.0.224:45600] 2026-07-13 23:40:08.066 10 ERROR keystone.server.flask.application
Traceback (most recent call last):
[Mon Jul 13 23:40:08.079216 2026] [wsgi:error] [pid 10:tid 140400247109312] [remote 10.0.0.224:45600] 2026-07-13 23:40:08.066 10 ERROR keystone.server.flask.application
File "/var/lib/openstack/lib/python3.12/site-packages/sqlalchemy/engine/base.py", line 1969, in _exec_single_context
[Mon Jul 13 23:40:08.079218 2026] [wsgi:error] [pid 10:tid 140400247109312] [remote 10.0.0.224:45600] 2026-07-13 23:40:08.066 10 ERROR keystone.server.flask.application self.dialect.do_execute(
[Mon Jul 13 23:40:08.079220 2026] [wsgi:error] [pid 10:tid 140400247109312] [remote 10.0.0.224:45600] 2026-07-13 23:40:08.066 10 ERROR keystone.server.flask.application
File "/var/lib/openstack/lib/python3.12/site-packages/sqlalchemy/engine/default.py", line 952, in do_execute
[Mon Jul 13 23:40:08.079222 2026] [wsgi:error] [pid 10:tid 140400247109312] [remote 10.0.0.224:45600] 2026-07-13 23:40:08.066 10 ERROR keystone.server.flask.application cursor.execute(statement, parameters)
[Mon Jul 13 23:40:08.079224 2026] [wsgi:error] [pid 10:tid 140400247109312] [remote 10.0.0.224:45600] 2026-07-13 23:40:08.066 10 ERROR keystone.server.flask.application
File "/var/lib/openstack/lib/python3.12/site-packages/pymysql/cursors.py", line 159, in execute
[Mon Jul 13 23:40:08.079225 2026] [wsgi:error] [pid 10:tid 140400247109312] [remote 10.0.0.224:45600] 2026-07-13 23:40:08.066 10 ERROR keystone.server.flask.application result = self._query(query)
[Mon Jul 13 23:40:08.079227 2026] [wsgi:error] [pid 10:tid 140400247109312] [remote 10.0.0.224:45600] 2026-07-13 23:40:08.066 10 ERROR keystone.server.flask.application ^^^^^^^^^^^^^^^^^^
[Mon Jul 13 23:40:08.079229 2026] [wsgi:error] [pid 10:tid 140400247109312] [remote 10.0.0.224:45600] 2026-07-13 23:40:08.066 10 ERROR keystone.server.flask.application
File "/var/lib/openstack/lib/python3.12/site-packages/pymysql/cursors.py", line 330, in _query
[Mon Jul 13 23:40:08.079231 2026] [wsgi:error] [pid 10:tid 140400247109312] [remote 10.0.0.224:45600] 2026-07-13 23:40:08.066 10 ERROR keystone.server.flask.application conn.query(q)
[Mon Jul 13 23:40:08.079233 2026] [wsgi:error] [pid 10:tid 140400247109312] [remote 10.0.0.224:45600] 2026-07-13 23:40:08.066 10 ERROR keystone.server.flask.application
File "/var/lib/openstack/lib/python3.12/site-packages/pymysql/connections.py", line 582, in query
[Mon Jul 13 23:40:08.079247 2026] [wsgi:error] [pid 10:tid 140400247109312] [remote 10.0.0.224:45600] 2026-07-13 23:40:08.066 10 ERROR keystone.server.flask.application self._affected_rows = self._read_query_result(unbuffered=unbuffered)
[Mon Jul 13 23:40:08.079249 2026] [wsgi:error] [pid 10:tid 140400247109312] [remote 10.0.0.224:45600] 2026-07-13 23:40:08.066 10 ERROR keystone.server.flask.application ^^^^^^^^^^^^^^^^^^^^^^^^^^^^^^^^^^^^^^^^^^^^^^
[Mon Jul 13 23:40:08.079251 2026] [wsgi:error] [pid 10:tid 140400247109312] [remote 10.0.0.224:45600] 2026-07-13 23:40:08.066 10 ERROR keystone.server.flask.application
File "/var/lib/openstack/lib/python3.12/site-packages/pymysql/connections.py", line 847, in _read_query_result
[Mon Jul 13 23:40:08.079253 2026] [wsgi:error] [pid 10:tid 140400247109312] [remote 10.0.0.224:45600] 2026-07-13 23:40:08.066 10 ERROR keystone.server.flask.application result.read()
[Mon Jul 13 23:40:08.079257 2026] [wsgi:error] [pid 10:tid 140400247109312] [remote 10.0.0.224:45600] 2026-07-13 23:40:08.066 10 ERROR keystone.server.flask.application
File "/var/lib/openstack/lib/python3.12/site-packages/pymysql/connections.py", line 1245, in read
[Mon Jul 13 23:40:08.079258 2026] [wsgi:error] [pid 10:tid 140400247109312] [remote 10.0.0.224:45600] 2026-07-13 23:40:08.066 10 ERROR keystone.server.flask.application first_packet = self.connection._read_packet()
[Mon Jul 13 23:40:08.079260 2026] [wsgi:error] [pid 10:tid 140400247109312] [remote 10.0.0.224:45600] 2026-07-13 23:40:08.066 10 ERROR keystone.server.flask.application ^^^^^^^^^^^^^^^^^^^^^^^^^^^^^^
[Mon Jul 13 23:40:08.079262 2026] [wsgi:error] [pid 10:tid 140400247109312] [remote 10.0.0.224:45600] 2026-07-13 23:40:08.066 10 ERROR keystone.server.flask.application
File "/var/lib/openstack/lib/python3.12/site-packages/pymysql/connections.py", line 803, in _read_packet
[Mon Jul 13 23:40:08.079264 2026] [wsgi:error] [pid 10:tid 140400247109312] [remote 10.0.0.224:45600] 2026-07-13 23:40:08.066 10 ERROR keystone.server.flask.application packet.raise_for_error()
[Mon Jul 13 23:40:08.079265 2026] [wsgi:error] [pid 10:tid 140400247109312] [remote 10.0.0.224:45600] 2026-07-13 23:40:08.066 10 ERROR keystone.server.flask.application
File "/var/lib/openstack/lib/python3.12/site-packages/pymysql/protocol.py", line 219, in raise_for_error
[Mon Jul 13 23:40:08.079267 2026] [wsgi:error] [pid 10:tid 140400247109312] [remote 10.0.0.224:45600] 2026-07-13 23:40:08.066 10 ERROR keystone.server.flask.application err.raise_mysql_exception(self._data)
[Mon Jul 13 23:40:08.079269 2026] [wsgi:error] [pid 10:tid 140400247109312] [remote 10.0.0.224:45600] 2026-07-13 23:40:08.066 10 ERROR keystone.server.flask.application
File "/var/lib/openstack/lib/python3.12/site-packages/pymysql/err.py", line 154, in raise_mysql_exception
[Mon Jul 13 23:40:08.079270 2026] [wsgi:error] [pid 10:tid 140400247109312] [remote 10.0.0.224:45600] 2026-07-13 23:40:08.066 10 ERROR keystone.server.flask.application raise errorclass(errno, errval, sqlstate=sqlstate)
[Mon Jul 13 23:40:08.079272 2026] [wsgi:error] [pid 10:tid 140400247109312] [remote 10.0.0.224:45600] 2026-07-13 23:40:08.066 10 ERROR keystone.server.flask.application pymysql.err.IntegrityError: (1062, "Duplicate entry '<>-service' for key 'project.ixu_project_name_domain_id'")
[Mon Jul 13 23:40:08.079273 2026] [wsgi:error] [pid 10:tid 140400247109312] [remote 10.0.0.224:45600] 2026-07-13 23:40:08.066 10 ERROR keystone.server.flask.application
[Mon Jul 13 23:40:08.079275 2026] [wsgi:error] [pid 10:tid 140400247109312] [remote 10.0.0.224:45600] 2026-07-13 23:40:08.066 10 ERROR keystone.server.flask.application The above exception was the direct cause of the following exception:
[Mon Jul 13 23:40:08.079276 2026] [wsgi:error] [pid 10:tid 140400247109312] [remote 10.0.0.224:45600] 2026-07-13 23:40:08.066 10 ERROR keystone.server.flask.application
[Mon Jul 13 23:40:08.079278 2026] [wsgi:error] [pid 10:tid 140400247109312] [remote 10.0.0.224:45600] 2026-07-13 23:40:08.066 10 ERROR keystone.server.flask.application
Traceback (most recent call last):
[Mon Jul 13 23:40:08.079279 2026] [wsgi:error] [pid 10:tid 140400247109312] [remote 10.0.0.224:45600] 2026-07-13 23:40:08.066 10 ERROR keystone.server.flask.application
File "/var/lib/openstack/lib/python3.12/site-packages/keystone/common/sql/core.py", line 575, in wrapper
[Mon Jul 13 23:40:08.079281 2026] [wsgi:error] [pid 10:tid 140400247109312] [remote 10.0.0.224:45600] 2026-07-13 23:40:08.066 10 ERROR keystone.server.flask.application return method(*args, **kwargs)
[Mon Jul 13 23:40:08.079283 2026] [wsgi:error] [pid 10:tid 140400247109312] [remote 10.0.0.224:45600] 2026-07-13 23:40:08.066 10 ERROR keystone.server.flask.application ^^^^^^^^^^^^^^^^^^^^^^^
[Mon Jul 13 23:40:08.079295 2026] [wsgi:error] [pid 10:tid 140400247109312] [remote 10.0.0.224:45600] 2026-07-13 23:40:08.066 10 ERROR keystone.server.flask.application
File "/var/lib/openstack/lib/python3.12/site-packages/keystone/resource/backends/sql.py", line 278, in create_project
[Mon Jul 13 23:40:08.079296 2026] [wsgi:error] [pid 10:tid 140400247109312] [remote 10.0.0.224:45600] 2026-07-13 23:40:08.066 10 ERROR keystone.server.flask.application with sql.session_for_write() as session:
[Mon Jul 13 23:40:08.079298 2026] [wsgi:error] [pid 10:tid 140400247109312] [remote 10.0.0.224:45600] 2026-07-13 23:40:08.066 10 ERROR keystone.server.flask.application
File "/usr/lib/python3.12/contextlib.py", line 144, in __exit__
[Mon Jul 13 23:40:08.079300 2026] [wsgi:error] [pid 10:tid 140400247109312] [remote 10.0.0.224:45600] 2026-07-13 23:40:08.066 10 ERROR keystone.server.flask.application next(self.gen)
[Mon Jul 13 23:40:08.079301 2026] [wsgi:error] [pid 10:tid 140400247109312] [remote 10.0.0.224:45600] 2026-07-13 23:40:08.066 10 ERROR keystone.server.flask.application
File "/var/lib/openstack/lib/python3.12/site-packages/oslo_db/sqlalchemy/enginefacade.py", line 1175, in _transaction_scope
[Mon Jul 13 23:40:08.079303 2026] [wsgi:error] [pid 10:tid 140400247109312] [remote 10.0.0.224:45600] 2026-07-13 23:40:08.066 10 ERROR keystone.server.flask.application with current._produce_block(
[Mon Jul 13 23:40:08.079305 2026] [wsgi:error] [pid 10:tid 140400247109312] [remote 10.0.0.224:45600] 2026-07-13 23:40:08.066 10 ERROR keystone.server.flask.application
File "/usr/lib/python3.12/contextlib.py", line 144, in __exit__
[Mon Jul 13 23:40:08.079307 2026] [wsgi:error] [pid 10:tid 140400247109312] [remote 10.0.0.224:45600] 2026-07-13 23:40:08.066 10 ERROR keystone.server.flask.application next(self.gen)
[Mon Jul 13 23:40:08.079308 2026] [wsgi:error] [pid 10:tid 140400247109312] [remote 10.0.0.224:45600] 2026-07-13 23:40:08.066 10 ERROR keystone.server.flask.application
File "/var/lib/openstack/lib/python3.12/site-packages/oslo_db/sqlalchemy/enginefacade.py", line 837, in _session
[Mon Jul 13 23:40:08.079310 2026] [wsgi:error] [pid 10:tid 140400247109312] [remote 10.0.0.224:45600] 2026-07-13 23:40:08.066 10 ERROR keystone.server.flask.application with excutils.save_and_reraise_exception():
[Mon Jul 13 23:40:08.079312 2026] [wsgi:error] [pid 10:tid 140400247109312] [remote 10.0.0.224:45600] 2026-07-13 23:40:08.066 10 ERROR keystone.server.flask.application
File "/var/lib/openstack/lib/python3.12/site-packages/oslo_utils/excutils.py", line 266, in __exit__
[Mon Jul 13 23:40:08.079314 2026] [wsgi:error] [pid 10:tid 140400247109312] [remote 10.0.0.224:45600] 2026-07-13 23:40:08.066 10 ERROR keystone.server.flask.application self.force_reraise()
[Mon Jul 13 23:40:08.079315 2026] [wsgi:error] [pid 10:tid 140400247109312] [remote 10.0.0.224:45600] 2026-07-13 23:40:08.066 10 ERROR keystone.server.flask.application
File "/var/lib/openstack/lib/python3.12/site-packages/oslo_utils/excutils.py", line 232, in force_reraise
[Mon Jul 13 23:40:08.079317 2026] [wsgi:error] [pid 10:tid 140400247109312] [remote 10.0.0.224:45600] 2026-07-13 23:40:08.066 10 ERROR keystone.server.flask.application raise self.value
[Mon Jul 13 23:40:08.079319 2026] [wsgi:error] [pid 10:tid 140400247109312] [remote 10.0.0.224:45600] 2026-07-13 23:40:08.066 10 ERROR keystone.server.flask.application
File "/var/lib/openstack/lib/python3.12/site-packages/oslo_db/sqlalchemy/enginefacade.py", line 835, in _session
[Mon Jul 13 23:40:08.079321 2026] [wsgi:error] [pid 10:tid 140400247109312] [remote 10.0.0.224:45600] 2026-07-13 23:40:08.066 10 ERROR keystone.server.flask.application self._end_session_transaction(self.session)
[Mon Jul 13 23:40:08.079323 2026] [wsgi:error] [pid 10:tid 140400247109312] [remote 10.0.0.224:45600] 2026-07-13 23:40:08.066 10 ERROR keystone.server.flask.application
File "/var/lib/openstack/lib/python3.12/site-packages/oslo_db/sqlalchemy/enginefacade.py", line 748, in _end_session_transaction
[Mon Jul 13 23:40:08.079327 2026] [wsgi:error] [pid 10:tid 140400247109312] [remote 10.0.0.224:45600] 2026-07-13 23:40:08.066 10 ERROR keystone.server.flask.application session.commit()
[Mon Jul 13 23:40:08.079332 2026] [wsgi:error] [pid 10:tid 140400247109312] [remote 10.0.0.224:45600] 2026-07-13 23:40:08.066 10 ERROR keystone.server.flask.application
File "/var/lib/openstack/lib/python3.12/site-packages/sqlalchemy/orm/session.py", line 2034, in commit
[Mon Jul 13 23:40:08.079334 2026] [wsgi:error] [pid 10:tid 140400247109312] [remote 10.0.0.224:45600] 2026-07-13 23:40:08.066 10 ERROR keystone.server.flask.application trans.commit(_to_root=True)
[Mon Jul 13 23:40:08.079335 2026] [wsgi:error] [pid 10:tid 140400247109312] [remote 10.0.0.224:45600] 2026-07-13 23:40:08.066 10 ERROR keystone.server.flask.application File "", line 2, in commit
[Mon Jul 13 23:40:08.079339 2026] [wsgi:error] [pid 10:tid 140400247109312] [remote 10.0.0.224:45600] 2026-07-13 23:40:08.066 10 ERROR keystone.server.flask.application
File "/var/lib/openstack/lib/python3.12/site-packages/sqlalchemy/orm/state_changes.py", line 137, in _go
[Mon Jul 13 23:40:08.079341 2026] [wsgi:error] [pid 10:tid 140400247109312] [remote 10.0.0.224:45600] 2026-07-13 23:40:08.066 10 ERROR keystone.server.flask.application ret_value = fn(self, *arg, **kw)
[Mon Jul 13 23:40:08.079345 2026] [wsgi:error] [pid 10:tid 140400247109312] [remote 10.0.0.224:45600] 2026-07-13 23:40:08.066 10 ERROR keystone.server.flask.application ^^^^^^^^^^^^^^^^^^^^
[Mon Jul 13 23:40:08.079348 2026] [wsgi:error] [pid 10:tid 140400247109312] [remote 10.0.0.224:45600] 2026-07-13 23:40:08.066 10 ERROR keystone.server.flask.application
File "/var/lib/openstack/lib/python3.12/site-packages/sqlalchemy/orm/session.py", line 1315, in commit
[Mon Jul 13 23:40:08.079351 2026] [wsgi:error] [pid 10:tid 140400247109312] [remote 10.0.0.224:45600] 2026-07-13 23:40:08.066 10 ERROR keystone.server.flask.application self._prepare_impl()
[Mon Jul 13 23:40:08.079354 2026] [wsgi:error] [pid 10:tid 140400247109312] [remote 10.0.0.224:45600] 2026-07-13 23:40:08.066 10 ERROR keystone.server.flask.application File "", line 2, in _prepare_impl
[Mon Jul 13 23:40:08.079357 2026] [wsgi:error] [pid 10:tid 140400247109312] [remote 10.0.0.224:45600] 2026-07-13 23:40:08.066 10 ERROR keystone.server.flask.application
File "/var/lib/openstack/lib/python3.12/site-packages/sqlalchemy/orm/state_changes.py", line 137, in _go
[Mon Jul 13 23:40:08.079360 2026] [wsgi:error] [pid 10:tid 140400247109312] [remote 10.0.0.224:45600] 2026-07-13 23:40:08.066 10 ERROR keystone.server.flask.application ret_value = fn(self, *arg, **kw)
[Mon Jul 13 23:40:08.079362 2026] [wsgi:error] [pid 10:tid 140400247109312] [remote 10.0.0.224:45600] 2026-07-13 23:40:08.066 10 ERROR keystone.server.flask.application ^^^^^^^^^^^^^^^^^^^^
[Mon Jul 13 23:40:08.079366 2026] [wsgi:error] [pid 10:tid 140400247109312] [remote 10.0.0.224:45600] 2026-07-13 23:40:08.066 10 ERROR keystone.server.flask.application
File "/var/lib/openstack/lib/python3.12/site-packages/sqlalchemy/orm/session.py", line 1290, in _prepare_impl
[Mon Jul 13 23:40:08.079368 2026] [wsgi:error] [pid 10:tid 140400247109312] [remote 10.0.0.224:45600] 2026-07-13 23:40:08.066 10 ERROR keystone.server.flask.application self.session.flush()
[Mon Jul 13 23:40:08.079370 2026] [wsgi:error] [pid 10:tid 140400247109312] [remote 10.0.0.224:45600] 2026-07-13 23:40:08.066 10 ERROR keystone.server.flask.application
File "/var/lib/openstack/lib/python3.12/site-packages/sqlalchemy/orm/session.py", line 4352, in flush
[Mon Jul 13 23:40:08.079372 2026] [wsgi:error] [pid 10:tid 140400247109312] [remote 10.0.0.224:45600] 2026-07-13 23:40:08.066 10 ERROR keystone.server.flask.application self._flush(objects)
[Mon Jul 13 23:40:08.079375 2026] [wsgi:error] [pid 10:tid 140400247109312] [remote 10.0.0.224:45600] 2026-07-13 23:40:08.066 10 ERROR keystone.server.flask.application
File "/var/lib/openstack/lib/python3.12/site-packages/sqlalchemy/orm/session.py", line 4487, in _flush
[Mon Jul 13 23:40:08.079379 2026] [wsgi:error] [pid 10:tid 140400247109312] [remote 10.0.0.224:45600] 2026-07-13 23:40:08.066 10 ERROR keystone.server.flask.application with util.safe_reraise():
[Mon Jul 13 23:40:08.079382 2026] [wsgi:error] [pid 10:tid 140400247109312] [remote 10.0.0.224:45600] 2026-07-13 23:40:08.066 10 ERROR keystone.server.flask.application
File "/var/lib/openstack/lib/python3.12/site-packages/sqlalchemy/util/langhelpers.py", line 122, in __exit__
[Mon Jul 13 23:40:08.079384 2026] [wsgi:error] [pid 10:tid 140400247109312] [remote 10.0.0.224:45600] 2026-07-13 23:40:08.066 10 ERROR keystone.server.flask.application raise exc_value.with_traceback(exc_tb)
[Mon Jul 13 23:40:08.079387 2026] [wsgi:error] [pid 10:tid 140400247109312] [remote 10.0.0.224:45600] 2026-07-13 23:40:08.066 10 ERROR keystone.server.flask.application
File "/var/lib/openstack/lib/python3.12/site-packages/sqlalchemy/orm/session.py", line 4448, in _flush
[Mon Jul 13 23:40:08.079389 2026] [wsgi:error] [pid 10:tid 140400247109312] [remote 10.0.0.224:45600] 2026-07-13 23:40:08.066 10 ERROR keystone.server.flask.application flush_context.execute()
[Mon Jul 13 23:40:08.079392 2026] [wsgi:error] [pid 10:tid 140400247109312] [remote 10.0.0.224:45600] 2026-07-13 23:40:08.066 10 ERROR keystone.server.flask.application
